190.171.149.90 - - [19/May/2022:14:37:01 -0300] "GET /cormun/servlet/hlogin HTTP/1.1" 200 1749
190.171.149.90 - - [19/May/2022:14:37:01 -0300] "GET /cormun/servlet/trpermisosgoce? HTTP/1.1" 200 6029
190.171.149.90 - - [19/May/2022:14:37:04 -0300] "POST /cormun/servlet/hlogin?0a585d34fee7741b6917085b2465c780,gx-no-cache=1652981034603 HTTP/1.1" 200 90
190.171.149.90 - - [19/May/2022:14:37:04 -0300] "GET /cormun/servlet/hpexe_link HTTP/1.1" 200 961
190.171.149.90 - - [19/May/2022:14:37:04 -0300] "GET /cormun/servlet/trpermisosgoce HTTP/1.1" 200 11309
190.171.149.90 - - [19/May/2022:14:37:04 -0300] "GET /cormun/servlet/trpermisosgoce HTTP/1.1" 200 11305
190.171.149.90 - - [19/May/2022:14:37:11 -0300] "GET /cormun/servlet/apermisogoceprn?15805214,P,20220517140009,PU HTTP/1.1" 200 1652
190.171.149.90 - - [19/May/2022:14:37:59 -0300] "GET /cormun/servlet/permisogoce?INS,0,,, HTTP/1.1" 200 6816
190.171.149.90 - - [19/May/2022:14:37:59 -0300] "GET /cormun/static/gxcfg.js?20201215124560 HTTP/1.1" 200 953
190.171.149.90 - - [19/May/2022:14:37:59 -0300] "GET /cormun/static/permisogoce.js?20201215124939 HTTP/1.1" 200 27919
190.171.149.90 - - [19/May/2022:14:37:59 -0300] "GET /cormun/servlet/permisogoce?INS,0,,, HTTP/1.1" 200 6816
190.171.149.90 - - [19/May/2022:14:38:09 -0300] "GET /cormun/servlet/permisogoce?68933a788cc6bba32822ec3d1bc318a014131f9f0ff1df8021f70801926dbefe25173b4c09c591d08dfac8fca52e1ce85a3e4d436c87b5283aa79997c10df425,gx-no-cache=1652981099291 HTTP/1.1" 200 80
190.171.149.90 - - [19/May/2022:14:38:10 -0300] "GET /cormun/static/menuarrow.gif HTTP/1.1" 404 1015
190.171.149.90 - - [19/May/2022:14:38:15 -0300] "GET /cormun/servlet/permisogoce?68933a788cc6bba32822ec3d1bc318a003bea6cd536de19800d7bf053cb22ecb27bd3fc3c990e4e88a78e026a768a26ea333f63bab9ee507dfd9e2af3de8ad09,gx-no-cache=1652981105865 HTTP/1.1" 200 48
190.171.149.90 - - [19/May/2022:14:38:17 -0300] "POST /cormun/servlet/permisogoce?0a585d34fee7741b6917085b2465c780,INS,0,,,,gx-no-cache=1652981107088 HTTP/1.1" 200 93
190.171.149.90 - - [19/May/2022:14:38:17 -0300] "GET /cormun/servlet/hpexe_return? HTTP/1.1" 200 1014
190.171.149.90 - - [19/May/2022:14:38:17 -0300] "GET /cormun/servlet/trpermisosgoce HTTP/1.1" 200 11523
190.171.149.90 - - [19/May/2022:14:38:17 -0300] "GET /cormun/servlet/trpermisosgoce HTTP/1.1" 200 11522
190.171.149.90 - - [19/May/2022:14:38:20 -0300] "GET /cormun/servlet/apermisogoceprn?17477265,P,20220519132156,PU HTTP/1.1" 200 1649
176.111.173.223 - - [19/May/2022:14:39:26 -0300] "CONNECT www.google.com:443 HTTP/1.1" 400 -
190.171.141.90 - - [19/May/2022:14:42:48 -0300] "POST /cormun/servlet/trpermisosgoce?36335e1a30005e823421422bbdba9688,,gx-no-cache=1652981375126 HTTP/1.1" 440 972
190.171.141.90 - - [19/May/2022:14:42:49 -0300] "GET /cormun/servlet/trpermisosgoce? HTTP/1.1" 200 18990
190.171.141.90 - - [19/May/2022:14:42:50 -0300] "GET /cormun/servlet/trpermisosgoce? HTTP/1.1" 200 19007
207.46.13.88 - - [19/May/2022:14:44:17 -0300] "GET /cormun/servlet/hpexe_link HTTP/1.1" 200 929
157.55.39.234 - - [19/May/2022:14:44:44 -0300] "GET /cormun/servlet/trsolicitudot HTTP/1.1" 200 7750
157.55.39.20 - - [19/May/2022:14:44:45 -0300] "GET /cormun/servlet/hpexe_return HTTP/1.1" 200 971
191.125.42.5 - - [19/May/2022:14:48:10 -0300] "GET /cormun/servlet/hlogin HTTP/1.1" 200 1728
191.125.42.5 - - [19/May/2022:14:48:14 -0300] "POST /cormun/servlet/hlogin?72faa0e92994109c6e49a18b0c50bdd9,gx-no-cache=1652981703797 HTTP/1.1" 200 90
191.125.42.5 - - [19/May/2022:14:48:15 -0300] "GET /cormun/servlet/hpexe_link HTTP/1.1" 200 950
191.125.42.5 - - [19/May/2022:14:48:15 -0300] "GET /cormun/servlet/hhome HTTP/1.1" 200 3868
191.125.42.5 - - [19/May/2022:14:48:16 -0300] "GET /cormun/servlet/hhome HTTP/1.1" 200 3864
191.125.42.5 - - [19/May/2022:14:48:46 -0300] "GET /cormun/servlet/trrenuncias? HTTP/1.1" 200 7536
191.125.42.5 - - [19/May/2022:14:48:46 -0300] "GET /cormun/static/gxui/gxui-all.css?120300 HTTP/1.1" 200 2179
191.125.42.5 - - [19/May/2022:14:48:46 -0300] "GET /cormun/static/gxcfg.js?2020121674068 HTTP/1.1" 200 953
191.125.42.5 - - [19/May/2022:14:48:47 -0300] "GET /cormun/static/trrenuncias.js?2020121674514 HTTP/1.1" 200 31925
191.125.42.5 - - [19/May/2022:14:48:48 -0300] "GET /cormun/static/Shared/ext/resources/css/ext-all.css?215870 HTTP/1.1" 200 416045
191.125.42.5 - - [19/May/2022:14:48:49 -0300] "GET /cormun//static/Resources/PXToolsGridUpdate.png HTTP/1.1" 200 470
191.125.42.5 - - [19/May/2022:14:48:49 -0300] "GET /cormun/servlet/trrenuncias? HTTP/1.1" 200 7536
191.125.42.5 - - [19/May/2022:14:48:49 -0300] "GET /cormun//static/Resources/PXToolsActionPrint.png HTTP/1.1" 200 404
191.125.42.5 - - [19/May/2022:14:48:50 -0300] "GET /cormun//static/Resources/PXToolsHeaderFavorites.png HTTP/1.1" 200 1414
191.125.42.5 - - [19/May/2022:14:48:50 -0300] "GET /cormun//static/Resources/PXTools/ActionInsert.png HTTP/1.1" 200 1482
191.125.42.5 - - [19/May/2022:14:48:50 -0300] "GET /cormun//static/Resources/PXToolsHeaderHelp.png HTTP/1.1" 200 1333
191.125.42.5 - - [19/May/2022:14:48:50 -0300] "GET /cormun//static/Resources/PXToolsGridDelete.png HTTP/1.1" 200 538
191.125.42.5 - - [19/May/2022:14:48:55 -0300] "GET /cormun/static/menuarrow.gif HTTP/1.1" 404 1015
190.171.141.90 - - [19/May/2022:14:49:02 -0300] "GET /cormun/servlet/trlicencias? HTTP/1.1" 200 15011
190.171.141.90 - - [19/May/2022:14:49:03 -0300] "GET /cormun/servlet/trlicencias? HTTP/1.1" 200 14994
191.125.42.5 - - [19/May/2022:14:49:17 -0300] "GET /cormun/servlet/renuncias?INS,0, HTTP/1.1" 200 6115
191.125.42.5 - - [19/May/2022:14:49:17 -0300] "GET /cormun/static/gxcfg.js?20201215175974 HTTP/1.1" 200 953
191.125.42.5 - - [19/May/2022:14:49:17 -0300] "GET /cormun/static/renuncias.js?2020121518254 HTTP/1.1" 200 16029
191.125.42.5 - - [19/May/2022:14:49:17 -0300] "GET /cormun/servlet/renuncias?INS,0, HTTP/1.1" 200 6116
191.125.42.5 - - [19/May/2022:14:49:22 -0300] "GET /cormun/servlet/renuncias?7958444c4944e0e054ac13a0ae7318b433f05e371c889bf521fc9a4e421a514bc4fe4940a587f8eef7a42ec338a5cb8e,gx-no-cache=1652981771745 HTTP/1.1" 200 33
191.125.42.5 - - [19/May/2022:14:49:39 -0300] "GET /cormun/servlet/renuncias?7958444c4944e0e054ac13a0ae7318b44c4cf7c270a0e06c468a3883af16f32eea8e2a480ae8c9893d89517a5c95064a,gx-no-cache=1652981788382 HTTP/1.1" 200 70
191.125.42.5 - - [19/May/2022:14:50:09 -0300] "POST /cormun/servlet/renuncias?72faa0e92994109c6e49a18b0c50bdd9,INS,0,,gx-no-cache=1652981818079 HTTP/1.1" 200 93
191.125.42.5 - - [19/May/2022:14:50:09 -0300] "GET /cormun/servlet/hpexe_return? HTTP/1.1" 200 1003
191.125.42.5 - - [19/May/2022:14:50:09 -0300] "GET /cormun/static/gxcfg.js?201991422392976 HTTP/1.1" 200 953
191.125.42.5 - - [19/May/2022:14:50:09 -0300] "GET /cormun/static/hpexe_return.js?201991422392984 HTTP/1.1" 200 1633
191.125.42.5 - - [19/May/2022:14:50:09 -0300] "GET /cormun/servlet/trrenuncias HTTP/1.1" 200 7797
191.125.42.5 - - [19/May/2022:14:50:10 -0300] "GET /cormun/servlet/trrenuncias HTTP/1.1" 200 7793
190.171.142.10 - - [19/May/2022:14:52:46 -0300] "GET /cormun/servlet/hlogin HTTP/1.1" 200 1724
191.125.42.5 - - [19/May/2022:14:57:20 -0300] "GET /cormun/servlet/renuncias?INS,0, HTTP/1.1" 200 6116
191.125.42.5 - - [19/May/2022:14:57:21 -0300] "GET /cormun/servlet/renuncias?INS,0, HTTP/1.1" 200 6116
191.125.42.5 - - [19/May/2022:14:57:22 -0300] "GET /cormun/servlet/trrenuncias? HTTP/1.1" 200 7793
191.125.42.5 - - [19/May/2022:14:57:23 -0300] "GET /cormun/servlet/trrenuncias? HTTP/1.1" 200 7793
191.125.42.5 - - [19/May/2022:14:57:23 -0300] "GET /cormun/servlet/hhome HTTP/1.1" 200 3868
191.125.42.5 - - [19/May/2022:14:57:24 -0300] "GET /cormun/servlet/hhome HTTP/1.1" 200 3864
191.125.42.5 - - [19/May/2022:14:57:24 -0300] "GET /cormun/servlet/hlogin HTTP/1.1" 200 1728
186.103.159.189 - - [19/May/2022:15:01:39 -0300] "GET /cormun/servlet/hlogin HTTP/1.1" 200 1727
186.103.159.189 - - [19/May/2022:15:01:39 -0300] "GET /cormun/servlet/hlogin HTTP/1.1" 200 1737
186.103.159.189 - - [19/May/2022:15:01:53 -0300] "POST /cormun/servlet/hlogin?7d9d47b9f27f594839a64ea3b19888c3,gx-no-cache=1652982521939 HTTP/1.1" 200 90
186.103.159.189 - - [19/May/2022:15:01:53 -0300] "GET /cormun/servlet/hpexe_link HTTP/1.1" 200 952
186.103.159.189 - - [19/May/2022:15:01:53 -0300] "GET /cormun/servlet/hhome HTTP/1.1" 200 4002
186.103.159.189 - - [19/May/2022:15:01:54 -0300] "GET /cormun/servlet/hhome HTTP/1.1" 200 3999
181.212.43.89 - - [19/May/2022:15:03:44 -0300] "GET /cormun/servlet/hlogin HTTP/1.1" 200 1728
181.212.43.89 - - [19/May/2022:15:03:58 -0300] "POST /cormun/servlet/hlogin?ca639636c749bf73b67f04e7a90f2e03,gx-no-cache=1652982648209 HTTP/1.1" 200 90
181.212.43.89 - - [19/May/2022:15:03:58 -0300] "GET /cormun/servlet/hpexe_link HTTP/1.1" 200 952
181.212.43.89 - - [19/May/2022:15:03:58 -0300] "GET /cormun/servlet/hhome HTTP/1.1" 200 4003
181.212.43.89 - - [19/May/2022:15:03:59 -0300] "GET /cormun/servlet/hhome HTTP/1.1" 200 3999
181.212.43.89 - - [19/May/2022:15:05:11 -0300] "GET /cormun/servlet/trlicencias? HTTP/1.1" 200 14396
181.212.43.89 - - [19/May/2022:15:05:12 -0300] "GET /cormun/servlet/trlicencias? HTTP/1.1" 200 14390
181.212.43.89 - - [19/May/2022:15:05:17 -0300] "GET /cormun/servlet/trsolicitudot? HTTP/1.1" 200 8628
181.212.43.89 - - [19/May/2022:15:05:18 -0300] "GET /cormun/servlet/trsolicitudot? HTTP/1.1" 200 8628
181.212.43.89 - - [19/May/2022:15:05:21 -0300] "GET /cormun/servlet/solicitudot?INS,0,0,false, HTTP/1.1" 200 15735
181.212.43.89 - - [19/May/2022:15:05:22 -0300] "GET /cormun/servlet/solicitudot?INS,0,0,false, HTTP/1.1" 200 15742
190.171.141.82 - - [19/May/2022:15:06:23 -0300] "POST /cormun/servlet/trlicencias?2970a4c2cce324219e54335ba78e5a61,gx-no-cache=1652982793030 HTTP/1.1" 440 972
190.171.141.82 - - [19/May/2022:15:06:25 -0300] "GET /cormun/servlet/trlicencias HTTP/1.1" 200 7230
190.171.141.82 - - [19/May/2022:15:06:25 -0300] "GET /cormun/servlet/hlogin HTTP/1.1" 200 1733
190.171.141.82 - - [19/May/2022:15:06:25 -0300] "GET /cormun/servlet/trlicencias HTTP/1.1" 200 7230
190.171.141.82 - - [19/May/2022:15:06:36 -0300] "POST /cormun/servlet/hlogin?77ce9e6ba487c60a1d7c208a3312f795,gx-no-cache=1652982806031 HTTP/1.1" 200 90
190.171.141.82 - - [19/May/2022:15:06:36 -0300] "GET /cormun/servlet/hpexe_link HTTP/1.1" 200 949
190.171.141.82 - - [19/May/2022:15:06:36 -0300] "GET /cormun/servlet/trlicencias HTTP/1.1" 200 13081
190.171.141.82 - - [19/May/2022:15:06:37 -0300] "GET /cormun/servlet/trlicencias HTTP/1.1" 200 13103
190.171.141.90 - - [19/May/2022:15:09:05 -0300] "POST /cormun/servlet/trlicencias?a962db120e33610ab29a168a3036b865,,gx-no-cache=1652982952445 HTTP/1.1" 200 12798
200.54.237.82 - - [19/May/2022:15:09:10 -0300] "POST /cormun/servlet/hlogin?ea421405c6dd1aaf3231e4d6b03baa8a,gx-no-cache=1652982960181 HTTP/1.1" 440 972
200.54.237.82 - - [19/May/2022:15:09:17 -0300] "POST /cormun/servlet/hlogin?ea421405c6dd1aaf3231e4d6b03baa8a,gx-no-cache=1652982966523 HTTP/1.1" 440 972
200.54.237.82 - - [19/May/2022:15:09:19 -0300] "GET /cormun/servlet/hlogin HTTP/1.1" 200 1743
200.54.237.82 - - [19/May/2022:15:09:22 -0300] "POST /cormun/servlet/hlogin?b1b99743428d04b14ed176e6438eb250,gx-no-cache=1652982971933 HTTP/1.1" 200 90
200.54.237.82 - - [19/May/2022:15:09:22 -0300] "GET /cormun/servlet/hpexe_link HTTP/1.1" 200 956
200.54.237.82 - - [19/May/2022:15:09:23 -0300] "GET /cormun/servlet/hhome HTTP/1.1" 200 4340
200.54.237.82 - - [19/May/2022:15:09:23 -0300] "GET /cormun/static/gxcfg.js?20201215495537 HTTP/1.1" 200 953
200.54.237.82 - - [19/May/2022:15:09:23 -0300] "GET /cormun/static/hhome.js?20201215495544 HTTP/1.1" 200 777
200.54.237.82 - - [19/May/2022:15:09:23 -0300] "GET /cormun/servlet/hhome HTTP/1.1" 200 4336
191.125.42.5 - - [19/May/2022:15:09:24 -0300] "GET /cormun/servlet/hlogin HTTP/1.1" 200 1728
200.54.237.82 - - [19/May/2022:15:09:32 -0300] "GET /cormun/servlet/trlicencias? HTTP/1.1" 200 11194
200.54.237.82 - - [19/May/2022:15:09:32 -0300] "GET /cormun/servlet/trlicencias? HTTP/1.1" 200 11187
191.125.42.5 - - [19/May/2022:15:09:35 -0300] "POST /cormun/servlet/hlogin?72faa0e92994109c6e49a18b0c50bdd9,gx-no-cache=1652982984606 HTTP/1.1" 200 90
191.125.42.5 - - [19/May/2022:15:09:35 -0300] "GET /cormun/servlet/hpexe_link HTTP/1.1" 200 950
191.125.42.5 - - [19/May/2022:15:09:35 -0300] "GET /cormun/servlet/hhome HTTP/1.1" 200 3868
191.125.42.5 - - [19/May/2022:15:09:36 -0300] "GET /cormun/servlet/hhome HTTP/1.1" 200 3864
191.125.42.5 - - [19/May/2022:15:10:13 -0300] "GET /cormun/servlet/trsolicitudot? HTTP/1.1" 200 7078
191.125.42.5 - - [19/May/2022:15:10:14 -0300] "GET /cormun/servlet/trsolicitudot? HTTP/1.1" 200 7077
191.125.42.5 - - [19/May/2022:15:10:50 -0300] "GET /cormun/servlet/solicitudot?INS,0,0,false, HTTP/1.1" 200 15595
191.125.42.5 - - [19/May/2022:15:10:51 -0300] "GET /cormun/servlet/solicitudot?INS,0,0,false, HTTP/1.1" 200 15602
191.125.42.5 - - [19/May/2022:15:11:05 -0300] "POST /cormun/servlet/solicitudot?gx-no-cache=1652983074735 HTTP/1.1" 200 3858
191.125.42.5 - - [19/May/2022:15:11:06 -0300] "POST /cormun/servlet/solicitudot?72faa0e92994109c6e49a18b0c50bdd9,INS,0,0,false,,gx-no-cache=1652983075284 HTTP/1.1" 200 12395
191.125.42.5 - - [19/May/2022:15:11:08 -0300] "GET /cormun/servlet/solicitudot?22f4f1d476d0ba421ae081e6f13886419d775af91cdadd1d9f68d02dda9231afbec4746e12e56df962058de9109e43f2,gx-no-cache=1652983077809 HTTP/1.1" 200 30
157.55.39.20 - - [19/May/2022:15:12:18 -0300] "GET /cormun/servlet/hpexe_return HTTP/1.1" 200 975
199.195.249.217 - - [19/May/2022:15:16:01 -0300] "GET /manager/html HTTP/1.1" 401 2474
181.212.43.89 - - [19/May/2022:15:16:05 -0300] "GET /cormun/servlet/trautorizarpermisogoce? HTTP/1.1" 200 5933
191.125.42.5 - - [19/May/2022:15:16:05 -0300] "GET /cormun/servlet/solicitudot?22f4f1d476d0ba421ae081e6f1388641f368207e78e4c1e6d008eb5db21a98b9276f10271bd8872076d48171532b47598d7b9cca3a745219aaf886f9538deefe,gx-no-cache=1652983374212 HTTP/1.1" 200 30
191.125.42.5 - - [19/May/2022:15:16:07 -0300] "GET /cormun/servlet/solicitudot?22f4f1d476d0ba421ae081e6f13886418d5e86ea50790da20bea2a5b868c0346,gx-no-cache=1652983376519 HTTP/1.1" 200 53
181.212.43.89 - - [19/May/2022:15:16:08 -0300] "GET /cormun/servlet/hlogin HTTP/1.1" 200 1750
181.212.43.89 - - [19/May/2022:15:16:08 -0300] "GET /cormun/servlet/trautorizarpermisogoce? HTTP/1.1" 200 5930
181.212.43.89 - - [19/May/2022:15:16:15 -0300] "POST /cormun/servlet/hlogin?9b758ace383f9c74140d3ec56f08d857,gx-no-cache=1652983386157 HTTP/1.1" 200 456
191.125.42.5 - - [19/May/2022:15:16:19 -0300] "POST /cormun/servlet/solicitudot?gx-no-cache=1652983389087 HTTP/1.1" 200 297
191.125.42.5 - - [19/May/2022:15:16:19 -0300] "GET /cormun/servlet/solicitudot?22f4f1d476d0ba421ae081e6f13886414a6edabeae14d30f94384ae1b76746378dc4f83da76f86b49db3c9a80cfbdaf01e2cb25fe09cb46d2cb6381e2dbf2d54009714f304cfff8e4d90a75086ad1aedad07b905986f200c4698ed9e7a9a0822baba7025650574681cc2d3e64eed267d416492f123f3335b28e1d59165e9f7fe5257a35d66a607837d32524610d4924fac713c92ade5c2e168a8fc28b2b46ed5fbb65e1fa270c73d5c709ef93616e88c159fc4aa1ad41542bf3c0edf78b33a97f91d3324a66ec9bb2efe92de185c94052d2dd44cb443199332e2d81d3b9a7af7d9e52e1e598f6f6d8d857ee3d425040b9cec2e59e9851d784b68e2aa6267ee752eec8bca839aa540ef8baa61d290c447be7bd1c68c9de55e3f1871e2abfe98954026cfbf1e5549114ae9799b56c2291481b39fcb91630411d8b788c5294e081753bf8b00ddf7b1ac14d885a7178e6a3e4831f9abb9afba70e83c283916c5748c669c3c455667175d6616e43b531d620a936718fd1194b0c2ea5add57bee60b13bca1e83195ef1564f7be8ac4755ff600,gx-no-cache=1652983389245 HTTP/1.1" 200 30
191.125.42.5 - - [19/May/2022:15:16:19 -0300] "POST /cormun/servlet/solicitudot?gx-no-cache=1652983389324 HTTP/1.1" 200 30
191.125.42.5 - - [19/May/2022:15:16:20 -0300] "POST /cormun/servlet/solicitudot?gx-no-cache=1652983389421 HTTP/1.1" 200 1453
181.212.43.89 - - [19/May/2022:15:16:20 -0300] "POST /cormun/servlet/hlogin?9b758ace383f9c74140d3ec56f08d857,gx-no-cache=1652983391546 HTTP/1.1" 200 90
181.212.43.89 - - [19/May/2022:15:16:20 -0300] "GET /cormun/servlet/hpexe_link HTTP/1.1" 200 963
181.212.43.89 - - [19/May/2022:15:16:21 -0300] "GET /cormun/servlet/trautorizarpermisogoce HTTP/1.1" 200 6894
191.125.42.5 - - [19/May/2022:15:16:21 -0300] "POST /cormun/servlet/solicitudot?gx-no-cache=1652983390648 HTTP/1.1" 200 38
181.212.43.89 - - [19/May/2022:15:16:22 -0300] "GET /cormun/servlet/trautorizarpermisogoce HTTP/1.1" 200 6892
181.212.43.89 - - [19/May/2022:15:16:26 -0300] "GET /cormun/servlet/trautorizarsolicitud? HTTP/1.1" 200 10954
181.212.43.89 - - [19/May/2022:15:16:28 -0300] "GET /cormun/servlet/trautorizarsolicitud? HTTP/1.1" 200 10954
181.212.43.89 - - [19/May/2022:15:16:42 -0300] "GET /cormun/servlet/trautorizarsolicitud? HTTP/1.1" 200 10954
181.212.43.89 - - [19/May/2022:15:16:44 -0300] "GET /cormun/servlet/trautorizarsolicitud? HTTP/1.1" 200 10954
199.195.249.217 - - [19/May/2022:15:16:55 -0300] "GET /is_test HTTP/1.1" 404 975
181.212.43.89 - - [19/May/2022:15:16:55 -0300] "POST /cormun/servlet/trautorizarsolicitud?9b758ace383f9c74140d3ec56f08d857,,gx-no-cache=1652983426741 HTTP/1.1" 200 116
181.212.43.89 - - [19/May/2022:15:16:56 -0300] "GET /cormun/servlet/solicitudotlog?INS,2022,18672,0,REC, HTTP/1.1" 200 6053
181.212.43.89 - - [19/May/2022:15:16:56 -0300] "GET /cormun/static/gxcfg.js?2020121572485 HTTP/1.1" 200 953
199.195.249.217 - - [19/May/2022:15:16:56 -0300] "GET /manager/html HTTP/1.1" 401 2474
181.212.43.89 - - [19/May/2022:15:16:56 -0300] "GET /cormun/static/solicitudotlog.js?2020121572497 HTTP/1.1" 200 8934
199.195.249.217 - - [19/May/2022:15:16:56 -0300] "GET /manager/html HTTP/1.1" 401 2474
199.195.249.217 - - [19/May/2022:15:16:57 -0300] "GET /manager/html HTTP/1.1" 401 2474
199.195.249.217 - - [19/May/2022:15:16:57 -0300] "GET /manager/html HTTP/1.1" 401 2474
181.212.43.89 - - [19/May/2022:15:16:57 -0300] "GET /cormun/servlet/solicitudotlog?INS,2022,18672,0,REC, HTTP/1.1" 200 6053
199.195.249.217 - - [19/May/2022:15:16:57 -0300] "GET /manager/html HTTP/1.1" 401 2474
181.212.43.89 - - [19/May/2022:15:16:58 -0300] "GET /cormun/servlet/solicitudotlog?7df7455b29ae2fcf9ac9dbe1c56661fb797e52be0da35c40892e117c788eee4df073f7ed82fc18af7a392c6630a3d487a0724eff970eb38b2e514cd39a3f82557a68dea44bab2a046cdf0168d041be11d88afd4103183dd5b58ce6a724935a18ab1fb4decae97cdb2caf8d887e4973a73b71d5565ba7687ee6f2990f2b42fafe97a8edc571f71437f7606829621e3d0b84c4cd0ab18fc7975d1c6af510932d04,gx-no-cache=1652983429245 HTTP/1.1" 200 94
199.195.249.217 - - [19/May/2022:15:16:58 -0300] "GET /manager/html HTTP/1.1" 401 2474
199.195.249.217 - - [19/May/2022:15:16:58 -0300] "GET /manager/html HTTP/1.1" 401 2474
199.195.249.217 - - [19/May/2022:15:16:59 -0300] "GET /manager/html HTTP/1.1" 401 2474
199.195.249.217 - - [19/May/2022:15:16:59 -0300] "GET /manager/html HTTP/1.1" 401 2474
199.195.249.217 - - [19/May/2022:15:17:00 -0300] "GET /manager/html HTTP/1.1" 401 2474
199.195.249.217 - - [19/May/2022:15:17:00 -0300] "GET /manager/html HTTP/1.1" 401 2474
199.195.249.217 - - [19/May/2022:15:17:00 -0300] "GET /manager/html HTTP/1.1" 401 2474
199.195.249.217 - - [19/May/2022:15:17:01 -0300] "GET /manager/html HTTP/1.1" 401 2474
199.195.249.217 - - [19/May/2022:15:17:01 -0300] "GET /manager/html HTTP/1.1" 401 2474
199.195.249.217 - - [19/May/2022:15:17:01 -0300] "GET /manager/html HTTP/1.1" 401 2474
199.195.249.217 - - [19/May/2022:15:17:02 -0300] "GET /manager/html HTTP/1.1" 401 2474
199.195.249.217 - - [19/May/2022:15:17:02 -0300] "GET /manager/html HTTP/1.1" 401 2474
199.195.249.217 - - [19/May/2022:15:17:02 -0300] "GET /manager/html HTTP/1.1" 401 2474
199.195.249.217 - - [19/May/2022:15:17:03 -0300] "GET /manager/html HTTP/1.1" 401 2474
199.195.249.217 - - [19/May/2022:15:17:03 -0300] "GET /manager/html HTTP/1.1" 401 2474
199.195.249.217 - - [19/May/2022:15:17:03 -0300] "GET /manager/html HTTP/1.1" 401 2474
181.212.43.89 - - [19/May/2022:15:17:03 -0300] "GET /cormun/servlet/trsolicitudot? HTTP/1.1" 200 8628
199.195.249.217 - - [19/May/2022:15:17:04 -0300] "GET /manager/html HTTP/1.1" 401 2474
199.195.249.217 - - [19/May/2022:15:17:04 -0300] "GET /manager/html HTTP/1.1" 401 2474
199.195.249.217 - - [19/May/2022:15:17:04 -0300] "GET /manager/html HTTP/1.1" 401 2474
181.212.43.89 - - [19/May/2022:15:17:04 -0300] "GET /cormun/servlet/trsolicitudot? HTTP/1.1" 200 8628
199.195.249.217 - - [19/May/2022:15:17:05 -0300] "GET /manager/html HTTP/1.1" 401 2474
199.195.249.217 - - [19/May/2022:15:17:05 -0300] "GET /manager/html HTTP/1.1" 401 2474
199.195.249.217 - - [19/May/2022:15:17:05 -0300] "GET /manager/html HTTP/1.1" 401 2474
199.195.249.217 - - [19/May/2022:15:17:05 -0300] "GET /manager/html HTTP/1.1" 401 2474
199.195.249.217 - - [19/May/2022:15:17:06 -0300] "GET /manager/html HTTP/1.1" 401 2474
199.195.249.217 - - [19/May/2022:15:17:06 -0300] "GET /manager/html HTTP/1.1" 401 2474
199.195.249.217 - - [19/May/2022:15:17:06 -0300] "GET /manager/html HTTP/1.1" 401 2474
199.195.249.217 - - [19/May/2022:15:17:07 -0300] "GET /manager/html HTTP/1.1" 401 2474
199.195.249.217 - - [19/May/2022:15:17:07 -0300] "GET /manager/html HTTP/1.1" 401 2474
199.195.249.217 - - [19/May/2022:15:17:07 -0300] "GET /manager/html HTTP/1.1" 401 2474
199.195.249.217 - - [19/May/2022:15:17:08 -0300] "GET /manager/html HTTP/1.1" 401 2474
199.195.249.217 - - [19/May/2022:15:17:08 -0300] "GET /manager/html HTTP/1.1" 401 2474
199.195.249.217 - - [19/May/2022:15:17:08 -0300] "GET /manager/html HTTP/1.1" 401 2474
199.195.249.217 - - [19/May/2022:15:17:08 -0300] "GET /manager/html HTTP/1.1" 401 2474
199.195.249.217 - - [19/May/2022:15:17:09 -0300] "GET /manager/html HTTP/1.1" 401 2474
199.195.249.217 - - [19/May/2022:15:17:09 -0300] "GET /manager/html HTTP/1.1" 401 2474
199.195.249.217 - - [19/May/2022:15:17:09 -0300] "GET /manager/html HTTP/1.1" 401 2474
199.195.249.217 - - [19/May/2022:15:17:10 -0300] "GET /manager/html HTTP/1.1" 401 2474
191.125.42.5 - - [19/May/2022:15:17:16 -0300] "GET /cormun/servlet/solicitudot?22f4f1d476d0ba421ae081e6f1388641ab18adfd40cd6da581f98a63b0ce8011ffe9ae1817a65c220b21fdc8648a91d1f2d6a375954f1a976a846783172d9515688a8867f2e0fddc9cfa89b882529d9ca2cd7a0a331d4c01b7ed1c9b93c5f08b5d53844ed6eeeae51cf970b46b89981f,gx-no-cache=1652983446052 HTTP/1.1" 200 110
191.125.42.5 - - [19/May/2022:15:17:17 -0300] "POST /cormun/servlet/solicitudot?gx-no-cache=1652983446283 HTTP/1.1" 200 97
181.212.43.89 - - [19/May/2022:15:17:19 -0300] "POST /cormun/servlet/solicitudotlog?9b758ace383f9c74140d3ec56f08d857,INS,2022,18672,0,REC,,gx-no-cache=1652983450711 HTTP/1.1" 200 93
181.212.43.89 - - [19/May/2022:15:17:19 -0300] "GET /cormun/servlet/hpexe_return? HTTP/1.1" 200 1028
181.212.43.89 - - [19/May/2022:15:17:20 -0300] "GET /cormun/servlet/trautorizarsolicitud HTTP/1.1" 200 10609
181.212.43.89 - - [19/May/2022:15:17:21 -0300] "GET /cormun/servlet/trautorizarsolicitud HTTP/1.1" 200 10604
191.125.42.5 - - [19/May/2022:15:17:22 -0300] "GET /cormun/servlet/solicitudot?22f4f1d476d0ba421ae081e6f1388641764331a28b8a83554cae4d460b691af520bb2d82eea559432f822411c3b6b04f11fee3644ae171d283a5afcf09e47a64bc53457c0375ff02e032c5fb2456cd9a3b18baad4c91f58bf2ba4129c7d17655a9b8f0d09ba97dcf07e1a92d252d9974,gx-no-cache=1652983451396 HTTP/1.1" 200 29
191.125.42.5 - - [19/May/2022:15:17:22 -0300] "GET /cormun/static/menuarrow.gif HTTP/1.1" 404 1015
191.125.42.5 - - [19/May/2022:15:17:25 -0300] "GET /cormun/servlet/solicitudot?22f4f1d476d0ba421ae081e6f1388641ab662bc844c60c7eb408510cace44436236b6eeec39ec8bfe9b474b110e2f045,gx-no-cache=1652983454476 HTTP/1.1" 200 30
181.212.43.89 - - [19/May/2022:15:17:30 -0300] "GET /cormun/servlet/trautorizarsolicitud? HTTP/1.1" 200 10604
181.212.43.89 - - [19/May/2022:15:17:32 -0300] "GET /cormun/servlet/trautorizarsolicitud? HTTP/1.1" 200 10605
191.125.42.5 - - [19/May/2022:15:17:32 -0300] "POST /cormun/servlet/solicitudot?gx-no-cache=1652983461749 HTTP/1.1" 200 30
191.125.42.5 - - [19/May/2022:15:17:32 -0300] "POST /cormun/servlet/solicitudot?72faa0e92994109c6e49a18b0c50bdd9,INS,0,0,false,,gx-no-cache=1652983461920 HTTP/1.1" 200 93
191.125.42.5 - - [19/May/2022:15:17:33 -0300] "GET /cormun/servlet/hpexe_return? HTTP/1.1" 200 1008
191.125.42.5 - - [19/May/2022:15:17:33 -0300] "GET /cormun/servlet/trsolicitudot HTTP/1.1" 200 8497
191.125.42.5 - - [19/May/2022:15:17:33 -0300] "GET /cormun//static/Resources/PXToolsActionView.png HTTP/1.1" 200 398
191.125.42.5 - - [19/May/2022:15:17:33 -0300] "GET /cormun/servlet/trsolicitudot HTTP/1.1" 200 8493
191.125.42.5 - - [19/May/2022:15:17:34 -0300] "GET /cormun//static/Resources/PXToolsRemoveAllAction.png HTTP/1.1" 200 487
190.171.149.90 - - [19/May/2022:15:17:42 -0300] "GET /cormun/servlet/permisogoce?INS,0,,, HTTP/1.1" 200 6029
190.171.149.90 - - [19/May/2022:15:17:42 -0300] "GET /cormun/static/gxcfg.js?20201215124560 HTTP/1.1" 200 953
190.171.149.90 - - [19/May/2022:15:17:42 -0300] "GET /cormun/static/permisogoce.js?20201215124939 HTTP/1.1" 200 27919
190.171.149.90 - - [19/May/2022:15:17:42 -0300] "GET /cormun/servlet/hlogin HTTP/1.1" 200 1750
190.171.149.90 - - [19/May/2022:15:17:42 -0300] "GET /cormun/servlet/permisogoce?INS,0,,, HTTP/1.1" 200 6024
181.212.43.89 - - [19/May/2022:15:17:43 -0300] "POST /cormun/servlet/trsolicitudot?ca639636c749bf73b67f04e7a90f2e03,,gx-no-cache=1652983473023 HTTP/1.1" 200 6264
190.171.149.90 - - [19/May/2022:15:17:45 -0300] "POST /cormun/servlet/hlogin?8a59389802adb855cd730e47d91809cd,gx-no-cache=1652983475956 HTTP/1.1" 200 90
190.171.149.90 - - [19/May/2022:15:17:45 -0300] "GET /cormun/servlet/hpexe_link HTTP/1.1" 200 965
190.171.149.90 - - [19/May/2022:15:17:45 -0300] "GET /cormun/servlet/permisogoce?INS,0,,, HTTP/1.1" 200 6643
190.171.149.90 - - [19/May/2022:15:17:46 -0300] "GET /cormun/servlet/permisogoce?INS,0,,, HTTP/1.1" 200 6641
190.171.149.90 - - [19/May/2022:15:18:02 -0300] "GET /cormun/servlet/permisogoce?8fe079907669c2c44ee1bba42bdf4d8760b0d51a92358f01874db5587604d157c5418a20b94959b0a0563b3b38184843b16a3f0fc3750bec49e642933782b560,gx-no-cache=1652983492283 HTTP/1.1" 200 79
181.212.43.89 - - [19/May/2022:15:18:03 -0300] "POST /cormun/servlet/trsolicitudot?ca639636c749bf73b67f04e7a90f2e03,,gx-no-cache=1652983493154 HTTP/1.1" 200 112
190.171.149.90 - - [19/May/2022:15:18:03 -0300] "GET /cormun/static/menuarrow.gif HTTP/1.1" 404 1015
181.212.43.89 - - [19/May/2022:15:18:03 -0300] "GET /cormun/servlet/solicitudot?UPD,2022,18672,false, HTTP/1.1" 200 16386
181.212.43.89 - - [19/May/2022:15:18:04 -0300] "GET /cormun/servlet/solicitudot?UPD,2022,18672,false, HTTP/1.1" 200 16397
181.212.43.89 - - [19/May/2022:15:18:05 -0300] "POST /cormun/servlet/solicitudot?gx-no-cache=1652983494850 HTTP/1.1" 200 3942
181.212.43.89 - - [19/May/2022:15:18:05 -0300] "POST /cormun/servlet/solicitudot?ca639636c749bf73b67f04e7a90f2e03,UPD,2022,18672,false,,gx-no-cache=1652983494994 HTTP/1.1" 200 12548
181.212.43.89 - - [19/May/2022:15:18:05 -0300] "GET /cormun/servlet/solicitudot?b8ae892a2d9b5ff1ea57157874f73393d3c4b376ae2abc9e33049f45f3fc940b586fc683102a55808e806559e5cc8243,gx-no-cache=1652983495202 HTTP/1.1" 200 30
181.212.43.89 - - [19/May/2022:15:18:05 -0300] "GET /cormun/servlet/solicitudot?b8ae892a2d9b5ff1ea57157874f73393d1fdbad4ccac27d28373c55ebb9e8cc5538490d741cf5b9ca279e3fa4a90af8c5cc7a069b94c23f2d53d99feae2ff035,gx-no-cache=1652983495240 HTTP/1.1" 200 30
181.212.43.89 - - [19/May/2022:15:18:05 -0300] "GET /cormun/servlet/solicitudot?b8ae892a2d9b5ff1ea57157874f7339354149f881ffd23d4102671d336f4d9ef9624f083ffc1ad8873cb573fc84791aef8056677fd962d0c18d3a1c44965f6d7,gx-no-cache=1652983495263 HTTP/1.1" 200 53
181.212.43.89 - - [19/May/2022:15:18:05 -0300] "POST /cormun/servlet/solicitudot?gx-no-cache=1652983495292 HTTP/1.1" 200 297
181.212.43.89 - - [19/May/2022:15:18:05 -0300] "GET /cormun/servlet/solicitudot?b8ae892a2d9b5ff1ea57157874f7339397da178cfe97ecfe89b8c385b2f6845c1ad7daf16e2bc3e87256ee8155f4d03ab314e766a50fbdf1ec912fef9e3784eed595b8759dc2beef38cc49ed157540ffefc63a161036f2b60cc8faaa42dc7ab092023a3c3c96908fefd3d17a5cfdc299bd3d678dcbd7bb74d3a66419651956b7297440b12f850f25261a788b1220076d354cc30540bf50e5f0613fb0d86d4c49e6a8b24b5870acc100b93681b292320fa2302f3801a338d382b34bcdccfd6fbe76b6c08f975e1100ac72619021227baebc1f64821b2fcb093ee209f3a296e71bc7fc25e5a6202f975121b7a684e2d2a09ef0b039067d06eac089c9b4e7e96277866b1d040552f23c76e904345210cfd1d1e2c111060f9008c7218554372f61cbeaae75d37c55917012f4e853771a1c42bfe25d87d23e467f881b468d8da660ad0d078d2e8db9720d73a1abdc76dffb98b7b27c5f9aae03c3320c3ec04455bd1cc1c1e891462b2d874f03fae925eb31ae7b849f798d93f35a2f3046a41f76c6c05cc7a069b94c23f2d53d99feae2ff035,gx-no-cache=1652983495328 HTTP/1.1" 200 30
181.212.43.89 - - [19/May/2022:15:18:05 -0300] "POST /cormun/servlet/solicitudot?gx-no-cache=1652983495354 HTTP/1.1" 200 30
181.212.43.89 - - [19/May/2022:15:18:05 -0300] "POST /cormun/servlet/solicitudot?gx-no-cache=1652983495387 HTTP/1.1" 200 1452
181.212.43.89 - - [19/May/2022:15:18:05 -0300] "POST /cormun/servlet/solicitudot?gx-no-cache=1652983495423 HTTP/1.1" 200 41
190.171.149.90 - - [19/May/2022:15:18:08 -0300] "GET /cormun/servlet/permisogoce?8fe079907669c2c44ee1bba42bdf4d87d5ab6ed66718680e589277cecb54ab47e41566cc9957937b9f05960983a980ec2498234328fac9ae70b6744f91354566,gx-no-cache=1652983499064 HTTP/1.1" 200 47
181.212.43.89 - - [19/May/2022:15:18:09 -0300] "GET /cormun/servlet/solicitudot?b8ae892a2d9b5ff1ea57157874f733930ad5dae5bdf124aba7c0bab79955bcde81076a86bea3e05b2c3836b99f8dc83adff930432e0b5c0a4f0d67b553375ae57308e0232e9b1ba0d2757dbc4eccd688a7455c88c59b844526772f76e1d73de680d61a534733db85d2ddabd6b2e0ad3e,gx-no-cache=1652983499503 HTTP/1.1" 200 110
181.212.43.89 - - [19/May/2022:15:18:09 -0300] "POST /cormun/servlet/solicitudot?gx-no-cache=1652983499544 HTTP/1.1" 200 64
190.171.149.90 - - [19/May/2022:15:18:10 -0300] "POST /cormun/servlet/permisogoce?8a59389802adb855cd730e47d91809cd,INS,0,,,,gx-no-cache=1652983500193 HTTP/1.1" 200 93
190.171.149.90 - - [19/May/2022:15:18:10 -0300] "GET /cormun/servlet/hpexe_return? HTTP/1.1" 200 1008
190.171.149.90 - - [19/May/2022:15:18:10 -0300] "GET /cormun/servlet/hhome HTTP/1.1" 200 3951
190.171.149.90 - - [19/May/2022:15:18:10 -0300] "GET /cormun/servlet/hhome HTTP/1.1" 200 3945
181.212.43.89 - - [19/May/2022:15:18:14 -0300] "POST /cormun/servlet/solicitudot?gx-no-cache=1652983504145 HTTP/1.1" 200 72
190.171.149.90 - - [19/May/2022:15:18:15 -0300] "GET /cormun/servlet/trpermisosgoce? HTTP/1.1" 200 11919
190.171.149.90 - - [19/May/2022:15:18:16 -0300] "GET /cormun/servlet/trpermisosgoce? HTTP/1.1" 200 11917
181.212.43.89 - - [19/May/2022:15:18:21 -0300] "GET /cormun/servlet/solicitudot?b8ae892a2d9b5ff1ea57157874f73393ebce8f88b7dfb0f393441f77735f45491626a36a382a4138d82e3d408fb87ffe9ce3857ef4b64b0568f4b446dd8491e7e9fceea87df0a39aeb26017abc9a36a2d1d391c5d8e77c508a4d294a4d03d1d2e69ea049f912beb31df135eadf690b43,gx-no-cache=1652983510871 HTTP/1.1" 200 29
181.212.43.89 - - [19/May/2022:15:18:21 -0300] "GET /cormun/static/menuarrow.gif HTTP/1.1" 404 1015
190.171.149.90 - - [19/May/2022:15:18:22 -0300] "GET /cormun/servlet/apermisogoceprn?18040152,P,20220519140142,PU HTTP/1.1" 200 1657
181.212.43.89 - - [19/May/2022:15:18:26 -0300] "GET /cormun/servlet/solicitudot?b8ae892a2d9b5ff1ea57157874f73393f12f57060e745be0b16c5a6daac8ca559c13104b0721c2b8d8451f567c072891,gx-no-cache=1652983516032 HTTP/1.1" 200 30
181.212.43.89 - - [19/May/2022:15:18:26 -0300] "POST /cormun/servlet/solicitudot?gx-no-cache=1652983516120 HTTP/1.1" 200 30
181.212.43.89 - - [19/May/2022:15:18:40 -0300] "POST /cormun/servlet/solicitudot?ca639636c749bf73b67f04e7a90f2e03,UPD,2022,18672,false,,gx-no-cache=1652983529676 HTTP/1.1" 200 93
181.212.43.89 - - [19/May/2022:15:18:40 -0300] "GET /cormun/servlet/hpexe_return? HTTP/1.1" 200 1016
181.212.43.89 - - [19/May/2022:15:18:40 -0300] "GET /cormun/servlet/trsolicitudot? HTTP/1.1" 200 9117
181.212.43.89 - - [19/May/2022:15:18:41 -0300] "GET /cormun/servlet/trsolicitudot? HTTP/1.1" 200 9113
181.212.43.89 - - [19/May/2022:15:18:55 -0300] "POST /cormun/servlet/trsolicitudot?ca639636c749bf73b67f04e7a90f2e03,,gx-no-cache=1652983545563 HTTP/1.1" 200 112
190.171.149.90 - - [19/May/2022:15:18:56 -0300] "GET /cormun/servlet/permisogoce?INS,0,,, HTTP/1.1" 200 6812
181.212.43.89 - - [19/May/2022:15:18:56 -0300] "GET /cormun/servlet/solicitudot?UPD,2022,18672,false, HTTP/1.1" 200 16423
190.171.149.90 - - [19/May/2022:15:18:56 -0300] "GET /cormun/servlet/permisogoce?INS,0,,, HTTP/1.1" 200 6812
181.212.43.89 - - [19/May/2022:15:18:56 -0300] "GET /cormun/servlet/solicitudot?UPD,2022,18672,false, HTTP/1.1" 200 16435
181.212.43.89 - - [19/May/2022:15:18:57 -0300] "POST /cormun/servlet/solicitudot?gx-no-cache=1652983546946 HTTP/1.1" 200 3942
181.212.43.89 - - [19/May/2022:15:18:57 -0300] "POST /cormun/servlet/solicitudot?ca639636c749bf73b67f04e7a90f2e03,UPD,2022,18672,false,,gx-no-cache=1652983547094 HTTP/1.1" 200 12578
181.212.43.89 - - [19/May/2022:15:18:57 -0300] "GET /cormun/servlet/solicitudot?b8ae892a2d9b5ff1ea57157874f73393d3c4b376ae2abc9e33049f45f3fc940b586fc683102a55808e806559e5cc8243,gx-no-cache=1652983547302 HTTP/1.1" 200 30
181.212.43.89 - - [19/May/2022:15:18:57 -0300] "GET /cormun/servlet/solicitudot?b8ae892a2d9b5ff1ea57157874f73393d1fdbad4ccac27d28373c55ebb9e8cc5538490d741cf5b9ca279e3fa4a90af8c5cc7a069b94c23f2d53d99feae2ff035,gx-no-cache=1652983547344 HTTP/1.1" 200 30
181.212.43.89 - - [19/May/2022:15:18:57 -0300] "GET /cormun/servlet/solicitudot?b8ae892a2d9b5ff1ea57157874f7339354149f881ffd23d4102671d336f4d9ef9624f083ffc1ad8873cb573fc84791aef8056677fd962d0c18d3a1c44965f6d7,gx-no-cache=1652983547368 HTTP/1.1" 200 53
181.212.43.89 - - [19/May/2022:15:18:57 -0300] "POST /cormun/servlet/solicitudot?gx-no-cache=1652983547397 HTTP/1.1" 200 297
181.212.43.89 - - [19/May/2022:15:18:57 -0300] "GET /cormun/servlet/solicitudot?b8ae892a2d9b5ff1ea57157874f7339397da178cfe97ecfe89b8c385b2f6845c1ad7daf16e2bc3e87256ee8155f4d03ab314e766a50fbdf1ec912fef9e3784eed595b8759dc2beef38cc49ed157540ffefc63a161036f2b60cc8faaa42dc7ab092023a3c3c96908fefd3d17a5cfdc299bd3d678dcbd7bb74d3a66419651956b7297440b12f850f25261a788b1220076d354cc30540bf50e5f0613fb0d86d4c49e6a8b24b5870acc100b93681b292320fa2302f3801a338d382b34bcdccfd6fbe76b6c08f975e1100ac72619021227baebc1f64821b2fcb093ee209f3a296e71bc7fc25e5a6202f975121b7a684e2d2a09ef0b039067d06eac089c9b4e7e96277866b1d040552f23c76e904345210cfd1d1e2c111060f9008c7218554372f61cbeaae75d37c55917012f4e853771a1c42bfe25d87d23e467f881b468d8da660ad0d078d2e8db9720d73a1abdc76dffb98b7b27c5f9aae03c3320c3ec04455bd1cc1c1e891462b2d874f03fae925eb31ae7b849f798d93f35a2f3046a41f76c6c05cc7a069b94c23f2d53d99feae2ff035,gx-no-cache=1652983547432 HTTP/1.1" 200 30
181.212.43.89 - - [19/May/2022:15:18:57 -0300] "POST /cormun/servlet/solicitudot?gx-no-cache=1652983547501 HTTP/1.1" 200 30
181.212.43.89 - - [19/May/2022:15:18:57 -0300] "POST /cormun/servlet/solicitudot?gx-no-cache=1652983547548 HTTP/1.1" 200 1453
181.212.43.89 - - [19/May/2022:15:18:57 -0300] "POST /cormun/servlet/solicitudot?gx-no-cache=1652983547589 HTTP/1.1" 200 41
190.171.149.90 - - [19/May/2022:15:19:03 -0300] "GET /cormun/servlet/permisogoce?8fe079907669c2c44ee1bba42bdf4d871a0da3f882141657656d5765d114ff18c5418a20b94959b0a0563b3b38184843b16a3f0fc3750bec49e642933782b560,gx-no-cache=1652983553866 HTTP/1.1" 200 88
190.171.149.90 - - [19/May/2022:15:19:05 -0300] "GET /cormun/static/menuarrow.gif HTTP/1.1" 404 1015
191.125.42.5 - - [19/May/2022:15:19:10 -0300] "POST /cormun/servlet/trsolicitudot?72faa0e92994109c6e49a18b0c50bdd9,gx-no-cache=1652983559520 HTTP/1.1" 200 5961
191.125.42.5 - - [19/May/2022:15:19:10 -0300] "GET /cormun/static/Shared/jqueryui/images/ui-bg_highlight-soft_100_c6c2c8_1x100.png HTTP/1.1" 404 1117
191.125.42.5 - - [19/May/2022:15:19:10 -0300] "GET /cormun/static/Shared/jqueryui/images/ui-icons_82798d_256x240.png HTTP/1.1" 404 1089
191.125.42.5 - - [19/May/2022:15:19:11 -0300] "GET /cormun/static/Shared/jqueryui/images/ui-bg_flat_55_fafafa_40x100.png HTTP/1.1" 404 1097
191.125.42.5 - - [19/May/2022:15:19:11 -0300] "GET /cormun/static/Shared/jqueryui/images/ui-icons_8d78a5_256x240.png HTTP/1.1" 404 1089
190.171.149.90 - - [19/May/2022:15:19:12 -0300] "GET /cormun/servlet/permisogoce?8fe079907669c2c44ee1bba42bdf4d876b0ecde86c20c68e6e28712c286969510500f0beba158b11907f165511daf93e8ceee62de045edd9e67002e9dbaac926,gx-no-cache=1652983562852 HTTP/1.1" 200 47
190.171.149.90 - - [19/May/2022:15:19:14 -0300] "POST /cormun/servlet/permisogoce?8a59389802adb855cd730e47d91809cd,INS,0,,,,gx-no-cache=1652983564108 HTTP/1.1" 200 93
190.171.149.90 - - [19/May/2022:15:19:14 -0300] "GET /cormun/servlet/hpexe_return? HTTP/1.1" 200 1011
190.171.149.90 - - [19/May/2022:15:19:14 -0300] "GET /cormun/servlet/trpermisosgoce HTTP/1.1" 200 12197
190.171.149.90 - - [19/May/2022:15:19:14 -0300] "GET /cormun/servlet/trpermisosgoce HTTP/1.1" 200 12192
191.125.42.5 - - [19/May/2022:15:19:16 -0300] "POST /cormun/servlet/trsolicitudot?72faa0e92994109c6e49a18b0c50bdd9,gx-no-cache=1652983565604 HTTP/1.1" 200 5962
181.212.43.89 - - [19/May/2022:15:19:19 -0300] "GET /cormun/servlet/solicitudot?b8ae892a2d9b5ff1ea57157874f733930ad5dae5bdf124aba7c0bab79955bcde81076a86bea3e05b2c3836b99f8dc83adff930432e0b5c0a4f0d67b553375ae57308e0232e9b1ba0d2757dbc4eccd688a7455c88c59b844526772f76e1d73de680d61a534733db85d2ddabd6b2e0ad3e,gx-no-cache=1652983569021 HTTP/1.1" 200 110
181.212.43.89 - - [19/May/2022:15:19:19 -0300] "POST /cormun/servlet/solicitudot?gx-no-cache=1652983569054 HTTP/1.1" 200 67
181.212.43.89 - - [19/May/2022:15:19:19 -0300] "GET /cormun/servlet/solicitudot?b8ae892a2d9b5ff1ea57157874f73393ebce8f88b7dfb0f393441f77735f45491626a36a382a4138d82e3d408fb87ffe9ce3857ef4b64b0568f4b446dd8491e7e9fceea87df0a39aeb26017abc9a36a2d1d391c5d8e77c508a4d294a4d03d1d2e69ea049f912beb31df135eadf690b43,gx-no-cache=1652983569084 HTTP/1.1" 200 29
181.212.43.89 - - [19/May/2022:15:19:19 -0300] "GET /cormun/servlet/solicitudot?b8ae892a2d9b5ff1ea57157874f73393f12f57060e745be0b16c5a6daac8ca559c13104b0721c2b8d8451f567c072891,gx-no-cache=1652983569106 HTTP/1.1" 200 30
181.212.43.89 - - [19/May/2022:15:19:19 -0300] "POST /cormun/servlet/solicitudot?gx-no-cache=1652983569130 HTTP/1.1" 200 30
181.212.43.89 - - [19/May/2022:15:19:19 -0300] "POST /cormun/servlet/solicitudot?ca639636c749bf73b67f04e7a90f2e03,UPD,2022,18672,false,,gx-no-cache=1652983569157 HTTP/1.1" 200 93
181.212.43.89 - - [19/May/2022:15:19:19 -0300] "GET /cormun/servlet/hpexe_return? HTTP/1.1" 200 1016
190.171.149.90 - - [19/May/2022:15:19:19 -0300] "GET /cormun/servlet/apermisogoceprn?12158284,P,20220519140253,PU HTTP/1.1" 200 1650
181.212.43.89 - - [19/May/2022:15:19:20 -0300] "GET /cormun/servlet/trsolicitudot HTTP/1.1" 200 9117
181.212.43.89 - - [19/May/2022:15:19:20 -0300] "GET /cormun/servlet/trsolicitudot HTTP/1.1" 200 9113
190.171.149.90 - - [19/May/2022:15:19:29 -0300] "GET /cormun/servlet/permisogoce?INS,0,,, HTTP/1.1" 200 6813
190.171.149.90 - - [19/May/2022:15:19:29 -0300] "GET /cormun/servlet/permisogoce?INS,0,,, HTTP/1.1" 200 6812
181.212.43.89 - - [19/May/2022:15:19:35 -0300] "POST /cormun/servlet/trsolicitudot?ca639636c749bf73b67f04e7a90f2e03,gx-no-cache=1652983585435 HTTP/1.1" 200 5810
181.212.43.89 - - [19/May/2022:15:19:36 -0300] "GET /cormun/static/Shared/jqueryui/images/ui-bg_highlight-soft_100_c6c2c8_1x100.png HTTP/1.1" 404 1117
181.212.43.89 - - [19/May/2022:15:19:36 -0300] "GET /cormun/static/Shared/jqueryui/images/ui-icons_82798d_256x240.png HTTP/1.1" 404 1089
181.212.43.89 - - [19/May/2022:15:19:36 -0300] "GET /cormun/static/Shared/jqueryui/images/ui-icons_8d78a5_256x240.png HTTP/1.1" 404 1089
181.212.43.89 - - [19/May/2022:15:19:36 -0300] "GET /cormun/static/Shared/jqueryui/images/ui-bg_flat_55_fafafa_40x100.png HTTP/1.1" 404 1097
181.212.43.89 - - [19/May/2022:15:19:36 -0300] "POST /cormun/servlet/trsolicitudot?ca639636c749bf73b67f04e7a90f2e03,gx-no-cache=1652983585768 HTTP/1.1" 200 5754
190.171.149.90 - - [19/May/2022:15:19:38 -0300] "GET /cormun/servlet/permisogoce?8fe079907669c2c44ee1bba42bdf4d871a0da3f882141657656d5765d114ff18c5418a20b94959b0a0563b3b38184843b16a3f0fc3750bec49e642933782b560,gx-no-cache=1652983588411 HTTP/1.1" 200 88
190.171.149.90 - - [19/May/2022:15:19:39 -0300] "GET /cormun/static/menuarrow.gif HTTP/1.1" 404 1015
190.171.149.90 - - [19/May/2022:15:19:44 -0300] "GET /cormun/servlet/permisogoce?8fe079907669c2c44ee1bba42bdf4d876b0ecde86c20c68e6e28712c28696951b61323e999dd43ba74313264879152e78ceee62de045edd9e67002e9dbaac926,gx-no-cache=1652983594865 HTTP/1.1" 200 48
190.171.149.90 - - [19/May/2022:15:19:49 -0300] "POST /cormun/servlet/permisogoce?8a59389802adb855cd730e47d91809cd,INS,0,,,,gx-no-cache=1652983599261 HTTP/1.1" 200 93
190.171.149.90 - - [19/May/2022:15:19:49 -0300] "GET /cormun/servlet/hpexe_return? HTTP/1.1" 200 1011
190.171.149.90 - - [19/May/2022:15:19:49 -0300] "GET /cormun/servlet/trpermisosgoce HTTP/1.1" 200 12395
190.171.149.90 - - [19/May/2022:15:19:49 -0300] "GET /cormun/servlet/trpermisosgoce HTTP/1.1" 200 12391
190.171.149.90 - - [19/May/2022:15:19:57 -0300] "GET /cormun/servlet/apermisogoceprn?12158284,P,20220519140326,PU HTTP/1.1" 200 1652
190.171.143.82 - - [19/May/2022:15:21:44 -0300] "GET /cormun/servlet/trlicencias? HTTP/1.1" 200 7241
190.171.143.82 - - [19/May/2022:15:21:47 -0300] "GET /cormun/servlet/hlogin HTTP/1.1" 200 1744
190.171.143.82 - - [19/May/2022:15:21:47 -0300] "GET /cormun/servlet/trlicencias? HTTP/1.1" 200 7241
190.171.149.90 - - [19/May/2022:15:21:51 -0300] "GET /cormun/servlet/permisogoce?INS,0,,, HTTP/1.1" 200 6812
190.171.143.82 - - [19/May/2022:15:21:51 -0300] "POST /cormun/servlet/hlogin?92dff9edd043a5b1c03e81de771c8c52,gx-no-cache=1652983719955 HTTP/1.1" 200 90
190.171.143.82 - - [19/May/2022:15:21:51 -0300] "GET /cormun/servlet/hpexe_link HTTP/1.1" 200 959
190.171.149.90 - - [19/May/2022:15:21:51 -0300] "GET /cormun/servlet/permisogoce?INS,0,,, HTTP/1.1" 200 6812
190.171.143.82 - - [19/May/2022:15:21:51 -0300] "GET /cormun/servlet/trlicencias HTTP/1.1" 200 10710
190.171.143.82 - - [19/May/2022:15:21:53 -0300] "GET /cormun/servlet/trlicencias HTTP/1.1" 200 10708
190.171.149.90 - - [19/May/2022:15:21:57 -0300] "GET /cormun/servlet/permisogoce?8fe079907669c2c44ee1bba42bdf4d8760b0d51a92358f01874db5587604d157c5418a20b94959b0a0563b3b38184843b16a3f0fc3750bec49e642933782b560,gx-no-cache=1652983727633 HTTP/1.1" 200 81
190.171.143.82 - - [19/May/2022:15:21:58 -0300] "POST /cormun/servlet/trlicencias?92dff9edd043a5b1c03e81de771c8c52,gx-no-cache=1652983727050 HTTP/1.1" 200 8075
190.171.149.90 - - [19/May/2022:15:22:01 -0300] "POST /cormun/servlet/permisogoce?8a59389802adb855cd730e47d91809cd,INS,0,,,,gx-no-cache=1652983731757 HTTP/1.1" 200 93
190.171.149.90 - - [19/May/2022:15:22:01 -0300] "GET /cormun/servlet/hpexe_return? HTTP/1.1" 200 1011
190.171.149.90 - - [19/May/2022:15:22:01 -0300] "GET /cormun/servlet/trpermisosgoce HTTP/1.1" 200 12395
190.171.149.90 - - [19/May/2022:15:22:02 -0300] "GET /cormun/servlet/trpermisosgoce HTTP/1.1" 200 12390
190.171.143.82 - - [19/May/2022:15:22:11 -0300] "GET /cormun/servlet/trinasistencia? HTTP/1.1" 200 8129
190.171.143.82 - - [19/May/2022:15:22:12 -0300] "GET /cormun/servlet/trinasistencia? HTTP/1.1" 200 8127
190.171.143.82 - - [19/May/2022:15:22:24 -0300] "GET /cormun/servlet/inasistencia?INS,0, HTTP/1.1" 200 7223
190.171.143.82 - - [19/May/2022:15:22:24 -0300] "GET /cormun/static/gxcfg.js?20201215191318 HTTP/1.1" 200 953
190.171.143.82 - - [19/May/2022:15:22:24 -0300] "GET /cormun/static/inasistencia.js?20201215191737 HTTP/1.1" 200 27079
190.171.143.82 - - [19/May/2022:15:22:26 -0300] "GET /cormun/servlet/inasistencia?INS,0, HTTP/1.1" 200 7224
190.171.143.82 - - [19/May/2022:15:22:28 -0300] "GET /cormun/servlet/trinasistencia? HTTP/1.1" 200 8129
190.171.143.82 - - [19/May/2022:15:22:30 -0300] "GET /cormun/servlet/trinasistencia? HTTP/1.1" 200 8127
181.212.43.89 - - [19/May/2022:15:22:44 -0300] "GET /cormun/servlet/trautorizarsolicitud? HTTP/1.1" 200 10980
181.212.43.89 - - [19/May/2022:15:22:45 -0300] "GET /cormun/servlet/trautorizarsolicitud? HTTP/1.1" 200 10981
181.212.43.89 - - [19/May/2022:15:22:54 -0300] "GET /cormun/servlet/trautorizarsolicitud? HTTP/1.1" 200 10980
181.212.43.89 - - [19/May/2022:15:22:55 -0300] "GET /cormun/servlet/trautorizarsolicitud? HTTP/1.1" 200 10981
181.212.43.89 - - [19/May/2022:15:23:51 -0300] "GET /cormun/servlet/treventos?2022,18672, HTTP/1.1" 200 8854
181.212.43.89 - - [19/May/2022:15:23:51 -0300] "GET /cormun/static/gxcfg.js?20201215584657 HTTP/1.1" 200 953
181.212.43.89 - - [19/May/2022:15:23:51 -0300] "GET /cormun/static/treventos.js?2020121558506 HTTP/1.1" 200 16064
181.212.43.89 - - [19/May/2022:15:23:52 -0300] "GET /cormun/servlet/treventos?2022,18672, HTTP/1.1" 200 8859
181.212.43.89 - - [19/May/2022:15:23:53 -0300] "POST /cormun/servlet/acontrolpreferencessavestate?None,HPIZARRO,true HTTP/1.1" 200 35
181.212.43.89 - - [19/May/2022:15:23:56 -0300] "GET /cormun/servlet/trautorizarsolicitud? HTTP/1.1" 200 10982
181.212.43.89 - - [19/May/2022:15:23:56 -0300] "GET /cormun/servlet/trautorizarsolicitud? HTTP/1.1" 200 10982
181.212.43.89 - - [19/May/2022:15:24:10 -0300] "GET /cormun/servlet/treventos?2022,18672, HTTP/1.1" 200 8856
181.212.43.89 - - [19/May/2022:15:24:11 -0300] "GET /cormun/servlet/treventos?2022,18672, HTTP/1.1" 200 8861
181.212.43.89 - - [19/May/2022:15:24:24 -0300] "GET /cormun/servlet/trautorizarsolicitud? HTTP/1.1" 200 10982
181.212.43.89 - - [19/May/2022:15:24:25 -0300] "GET /cormun/servlet/trautorizarsolicitud? HTTP/1.1" 200 10982
181.212.43.89 - - [19/May/2022:15:24:37 -0300] "GET /cormun/servlet/veautorizarsolicitud?2022,18672,, HTTP/1.1" 200 8631
181.212.43.89 - - [19/May/2022:15:24:37 -0300] "GET /cormun/static/gxcfg.js?201991422424023 HTTP/1.1" 200 953
181.212.43.89 - - [19/May/2022:15:24:37 -0300] "GET /cormun/pexe_scrolldiv.js HTTP/1.1" 404 1009
181.212.43.89 - - [19/May/2022:15:24:37 -0300] "GET /cormun/static/veautorizarsolicitud.js?201991422424092 HTTP/1.1" 200 6140
181.212.43.89 - - [19/May/2022:15:24:37 -0300] "GET /cormun/static/hwcviewtabs.js?201991422154026 HTTP/1.1" 200 1074
181.212.43.89 - - [19/May/2022:15:24:37 -0300] "GET /cormun/static/hpexe_tabsview.js?2020121447381 HTTP/1.1" 200 1661
181.212.43.89 - - [19/May/2022:15:24:37 -0300] "GET /cormun/static/Resources/PXToolsTabFirstSelected.png HTTP/1.1" 200 1270
181.212.43.89 - - [19/May/2022:15:24:37 -0300] "GET /cormun/static/Resources/PXToolsTabLastUnselected.png HTTP/1.1" 200 1297
181.212.43.89 - - [19/May/2022:15:24:37 -0300] "GET /cormun/static/Resources/PXToolsTabPrevious.gif HTTP/1.1" 200 172
181.212.43.89 - - [19/May/2022:15:24:37 -0300] "GET /cormun/static/Resources/PXToolsTabNext.gif HTTP/1.1" 200 168
181.212.43.89 - - [19/May/2022:15:24:38 -0300] "GET /cormun/static/tbautorizarsolicitud01.js?201991419252835 HTTP/1.1" 200 30580
181.212.43.89 - - [19/May/2022:15:24:38 -0300] "GET /cormun/static/calendar-system.css HTTP/1.1" 200 5572
181.212.43.89 - - [19/May/2022:15:24:38 -0300] "GET /cormun/static/Resources/PXToolsTabBackUnselected.png HTTP/1.1" 200 1175
181.212.43.89 - - [19/May/2022:15:24:38 -0300] "GET /cormun/static/Resources/PXToolsTabBackSelected.png HTTP/1.1" 200 1157
181.212.43.89 - - [19/May/2022:15:24:38 -0300] "GET /cormun/static/Resources/PXToolsTabSelectedUnselected.png HTTP/1.1" 200 1451
181.212.43.89 - - [19/May/2022:15:24:38 -0300] "GET /cormun/static/Resources/PXToolsTabUnselectedUnselected.png HTTP/1.1" 200 1470
181.212.43.89 - - [19/May/2022:15:24:38 -0300] "GET /cormun/servlet/veautorizarsolicitud?2022,18672,, HTTP/1.1" 200 8629
181.212.43.89 - - [19/May/2022:15:24:48 -0300] "GET /cormun/servlet/trautorizarsolicitud? HTTP/1.1" 200 10982
181.212.43.89 - - [19/May/2022:15:24:49 -0300] "GET /cormun/servlet/trautorizarsolicitud? HTTP/1.1" 200 10982
181.212.43.89 - - [19/May/2022:15:24:55 -0300] "POST /cormun/servlet/trautorizarsolicitud?9b758ace383f9c74140d3ec56f08d857,,gx-no-cache=1652983906271 HTTP/1.1" 200 7902
181.212.43.89 - - [19/May/2022:15:24:55 -0300] "GET /cormun/static/Shared/jqueryui/images/ui-icons_82798d_256x240.png HTTP/1.1" 404 1089
181.212.43.89 - - [19/May/2022:15:24:55 -0300] "GET /cormun/static/Shared/jqueryui/images/ui-bg_highlight-soft_100_c6c2c8_1x100.png HTTP/1.1" 404 1117
181.212.43.89 - - [19/May/2022:15:24:55 -0300] "GET /cormun/static/Shared/jqueryui/images/ui-bg_flat_55_fafafa_40x100.png HTTP/1.1" 404 1097
181.212.43.89 - - [19/May/2022:15:24:55 -0300] "GET /cormun/static/Shared/jqueryui/images/ui-icons_8d78a5_256x240.png HTTP/1.1" 404 1089
181.212.43.89 - - [19/May/2022:15:24:55 -0300] "POST /cormun/servlet/trautorizarsolicitud?9b758ace383f9c74140d3ec56f08d857,,gx-no-cache=1652983906737 HTTP/1.1" 200 7846
45.79.156.33 - - [19/May/2022:15:28:24 -0300] "GET / HTTP/1.1" 200 11217
45.79.156.33 - - [19/May/2022:15:28:24 -0300] "GET /favicon.ico HTTP/1.1" 200 21630
190.171.141.90 - - [19/May/2022:15:28:39 -0300] "GET /cormun/servlet/trlicencias? HTTP/1.1" 200 14997
190.171.141.90 - - [19/May/2022:15:28:40 -0300] "GET /cormun/servlet/trlicencias? HTTP/1.1" 200 14991
190.171.141.90 - - [19/May/2022:15:30:42 -0300] "GET /cormun/servlet/trpermisosgoce? HTTP/1.1" 200 19032
190.171.141.90 - - [19/May/2022:15:30:43 -0300] "GET /cormun/servlet/trpermisosgoce? HTTP/1.1" 200 18990
190.171.141.90 - - [19/May/2022:15:30:53 -0300] "GET /cormun/static/menuarrow.gif HTTP/1.1" 404 1015
157.55.39.20 - - [19/May/2022:15:31:00 -0300] "GET /cormun/servlet/hpexe_return HTTP/1.1" 200 966
190.171.141.90 - - [19/May/2022:15:31:00 -0300] "POST /cormun/servlet/trpermisosgoce?a962db120e33610ab29a168a3036b865,,gx-no-cache=1652984266796 HTTP/1.1" 200 5052
190.171.141.90 - - [19/May/2022:15:31:09 -0300] "GET /cormun/servlet/permisogoce?INS,0,,, HTTP/1.1" 200 6838
190.171.141.90 - - [19/May/2022:15:31:09 -0300] "GET /cormun/servlet/permisogoce?INS,0,,, HTTP/1.1" 200 6838
190.171.141.90 - - [19/May/2022:15:31:12 -0300] "GET /cormun/servlet/prfichaempleado?,MD,,gxPopupLevel%3D0%3B HTTP/1.1" 200 9273
40.77.167.65 - - [19/May/2022:15:31:17 -0300] "GET /cormun/servlet/hhome HTTP/1.1" 200 3312
