200.86.45.108 - - [16/May/2022:09:59:04 -0300] "GET /cormun/static/hpexe_messagegenexuscomponent.js?2020121447173 HTTP/1.1" 200 587
200.86.45.108 - - [16/May/2022:09:59:04 -0300] "GET /cormun/static/cmcontrolpreferences.js?20199141926336 HTTP/1.1" 200 1375
200.86.45.108 - - [16/May/2022:09:59:04 -0300] "GET /cormun/static/SmoothNavMenu/resources/ddsmoothmenu.js HTTP/1.1" 200 12712
200.86.45.108 - - [16/May/2022:09:59:04 -0300] "GET /cormun/static/SmoothNavMenu/resources/SmoothNavMenuRender.js HTTP/1.1" 200 5951
200.86.45.108 - - [16/May/2022:09:59:04 -0300] "GET /cormun/static/scaMessage/js/jquery.pnotify.min.js HTTP/1.1" 200 13038
200.86.45.108 - - [16/May/2022:09:59:04 -0300] "GET /cormun/static/scaMessage/scaMessageRender.js HTTP/1.1" 200 11977
200.86.45.108 - - [16/May/2022:09:59:04 -0300] "GET /cormun/static/hmpwkw03.js?20201215501896 HTTP/1.1" 200 3973
200.86.45.108 - - [16/May/2022:09:59:04 -0300] "GET /cormun/static/Shared/jqueryui/jquery-ui.min.js HTTP/1.1" 200 240427
200.86.45.108 - - [16/May/2022:09:59:04 -0300] "GET /cormun/static/Shared/jquery/jquery-1.4.2.min.js HTTP/1.1" 200 72174
200.86.45.108 - - [16/May/2022:09:59:04 -0300] "GET /cormun/static/Resources/ImgHome.png HTTP/1.1" 200 1364
200.86.45.108 - - [16/May/2022:09:59:04 -0300] "GET /cormun/static/Resources/ImgLogin.png HTTP/1.1" 200 1432
200.86.45.108 - - [16/May/2022:09:59:04 -0300] "GET /cormun/static/Resources/PXToolsDataTitle.png HTTP/1.1" 200 1173
200.86.45.108 - - [16/May/2022:09:59:04 -0300] "GET /cormun/static/Resources/Llave.png HTTP/1.1" 200 1395
200.86.45.108 - - [16/May/2022:09:59:04 -0300] "GET /cormun/static/Resources/Logo2019_Small.png HTTP/1.1" 200 10855
200.86.45.108 - - [16/May/2022:09:59:04 -0300] "GET /cormun/static/Shared/jquery/jquery-1.10.2.min.js HTTP/1.1" 200 273199
200.86.45.108 - - [16/May/2022:09:59:04 -0300] "GET /cormun/static/Shared/ext/ext-all.js HTTP/1.1" 200 1289687
200.86.45.108 - - [16/May/2022:09:59:05 -0300] "GET /cormun/servlet/hhome HTTP/1.1" 200 3974
200.86.45.108 - - [16/May/2022:09:59:05 -0300] "GET /cormun/static/SmoothNavMenu/resources/images/down.gif HTTP/1.1" 200 854
200.86.45.108 - - [16/May/2022:09:59:09 -0300] "GET /cormun/servlet/trlicencias? HTTP/1.1" 200 16586
200.86.45.108 - - [16/May/2022:09:59:09 -0300] "GET /cormun/static/gxui/gxui-all.css?120300 HTTP/1.1" 200 2179
200.86.45.108 - - [16/May/2022:09:59:09 -0300] "GET /cormun/static/calendar-system.css?85620 HTTP/1.1" 200 5572
200.86.45.108 - - [16/May/2022:09:59:09 -0300] "GET /cormun/static/gxcfg.js?2020121613995 HTTP/1.1" 200 953
200.86.45.108 - - [16/May/2022:09:59:09 -0300] "GET /cormun/static/calendar-setup.js?85251 HTTP/1.1" 200 2588
200.86.45.108 - - [16/May/2022:09:59:09 -0300] "GET /cormun/static/calendar-es.js?85251 HTTP/1.1" 200 1901
200.86.45.108 - - [16/May/2022:09:59:09 -0300] "GET /cormun/static/calendar.js?85251 HTTP/1.1" 200 26246
200.86.45.108 - - [16/May/2022:09:59:10 -0300] "GET /cormun/static/gxdec.js?85251 HTTP/1.1" 200 19579
200.86.45.108 - - [16/May/2022:09:59:10 -0300] "GET /cormun/static/trlicencias.js?202012162481 HTTP/1.1" 200 41883
200.86.45.108 - - [16/May/2022:09:59:10 -0300] "GET /cormun/static/Shared/ext/resources/css/ext-all.css?215870 HTTP/1.1" 200 416045
200.86.45.108 - - [16/May/2022:09:59:10 -0300] "GET /cormun/static/Resources/PXTools/calendar.png HTTP/1.1" 200 1306
200.86.45.108 - - [16/May/2022:09:59:10 -0300] "GET /cormun/static/Resources/PXToolsDataSearch.png HTTP/1.1" 200 435
200.86.45.108 - - [16/May/2022:09:59:10 -0300] "GET /cormun/static/Resources/PXToolsGridFirstDisabled.gif HTTP/1.1" 200 100
200.86.45.108 - - [16/May/2022:09:59:10 -0300] "GET /cormun/static/Resources/PXToolsGridLastDisabled.gif HTTP/1.1" 200 98
200.86.45.108 - - [16/May/2022:09:59:10 -0300] "GET /cormun/static/Resources/PXToolsAddAllAction.png HTTP/1.1" 200 495
200.86.45.108 - - [16/May/2022:09:59:10 -0300] "GET /cormun/static/Resources/PXToolsGridPage.gif HTTP/1.1" 200 725
200.86.45.108 - - [16/May/2022:09:59:10 -0300] "GET /cormun/static/Resources/PXToolsActionExcel.png HTTP/1.1" 200 727
200.86.45.108 - - [16/May/2022:09:59:10 -0300] "GET /cormun/static/Resources/PXToolsGridNextDisabled.gif HTTP/1.1" 200 90
200.86.45.108 - - [16/May/2022:09:59:10 -0300] "GET /cormun/static/Resources/PXToolsGridPreviousDisabled.gif HTTP/1.1" 200 90
200.86.45.108 - - [16/May/2022:09:59:11 -0300] "GET /cormun/static/Resources/desc.gif HTTP/1.1" 200 65
200.86.45.108 - - [16/May/2022:09:59:11 -0300] "GET /cormun/static/Resources/asc.gif HTTP/1.1" 200 67
200.86.45.108 - - [16/May/2022:09:59:11 -0300] "GET /cormun//static/Resources/PXToolsGridDisplay.png HTTP/1.1" 200 525
200.86.45.108 - - [16/May/2022:09:59:11 -0300] "GET /cormun//static/Resources/PXToolsActionDisabled.gif HTTP/1.1" 200 53
200.86.45.108 - - [16/May/2022:09:59:11 -0300] "GET /cormun//static/Resources/PXTools/ActionInsert.png HTTP/1.1" 200 1482
200.86.45.108 - - [16/May/2022:09:59:11 -0300] "GET /cormun//static/Resources/PXToolsActionPrint.png HTTP/1.1" 200 404
200.86.45.108 - - [16/May/2022:09:59:11 -0300] "GET /cormun//static/Resources/PXToolsHeaderHelp.png HTTP/1.1" 200 1333
200.86.45.108 - - [16/May/2022:09:59:11 -0300] "GET /cormun//static/Resources/PXToolsHeaderFavorites.png HTTP/1.1" 200 1414
200.86.45.108 - - [16/May/2022:09:59:11 -0300] "GET /cormun/servlet/trlicencias? HTTP/1.1" 200 16618
200.86.45.108 - - [16/May/2022:09:59:11 -0300] "GET /cormun/static/Shared/ext/resources/themes/images/default/panel/bg-headersPanel.png HTTP/1.1" 200 255
200.86.45.108 - - [16/May/2022:09:59:11 -0300] "GET /cormun/static/Shared/ext/resources/themes/images/default/tools/tool-sprites.gif HTTP/1.1" 200 5434
200.86.45.108 - - [16/May/2022:09:59:18 -0300] "GET /cormun/static/menuarrow.gif HTTP/1.1" 404 1015
200.86.45.108 - - [16/May/2022:09:59:23 -0300] "POST /cormun/servlet/trlicencias?81002d9595399427c5ba35e3cd5415a1,,gx-no-cache=1652705176565 HTTP/1.1" 200 16700
200.86.45.108 - - [16/May/2022:09:59:43 -0300] "POST /cormun/servlet/trlicencias?81002d9595399427c5ba35e3cd5415a1,,gx-no-cache=1652705197098 HTTP/1.1" 200 101
200.86.45.108 - - [16/May/2022:09:59:44 -0300] "GET /cormun/Licencias-8546.xls HTTP/1.1" 200 18432
192.168.10.96 - - [16/May/2022:10:00:26 -0300] "POST /cormun/servlet/trsolicitudgral?21e390c117fe7484cd4b0b3d6281a4aa,,gx-no-cache=1652705068314 HTTP/1.1" 200 6654
192.168.10.96 - - [16/May/2022:10:00:26 -0300] "POST /cormun/servlet/trsolicitudgral?21e390c117fe7484cd4b0b3d6281a4aa,,gx-no-cache=1652705068516 HTTP/1.1" 200 6654
192.168.10.96 - - [16/May/2022:10:00:26 -0300] "POST /cormun/servlet/trsolicitudgral?21e390c117fe7484cd4b0b3d6281a4aa,,gx-no-cache=1652705068903 HTTP/1.1" 200 6654
192.168.10.96 - - [16/May/2022:10:00:27 -0300] "POST /cormun/servlet/trsolicitudgral?21e390c117fe7484cd4b0b3d6281a4aa,,gx-no-cache=1652705069125 HTTP/1.1" 200 6654
192.168.10.96 - - [16/May/2022:10:00:27 -0300] "POST /cormun/servlet/trsolicitudgral?21e390c117fe7484cd4b0b3d6281a4aa,,gx-no-cache=1652705069294 HTTP/1.1" 200 6653
192.168.10.96 - - [16/May/2022:10:00:28 -0300] "POST /cormun/servlet/trsolicitudgral?21e390c117fe7484cd4b0b3d6281a4aa,,gx-no-cache=1652705070166 HTTP/1.1" 200 6653
192.168.10.96 - - [16/May/2022:10:00:28 -0300] "POST /cormun/servlet/trsolicitudgral?21e390c117fe7484cd4b0b3d6281a4aa,,gx-no-cache=1652705070405 HTTP/1.1" 200 6653
192.168.10.96 - - [16/May/2022:10:00:34 -0300] "POST /cormun/servlet/trsolicitudgral?21e390c117fe7484cd4b0b3d6281a4aa,,gx-no-cache=1652705076183 HTTP/1.1" 200 13902
190.171.143.82 - - [16/May/2022:10:00:56 -0300] "GET /cormun/servlet/hlogin HTTP/1.1" 200 1732
190.171.143.82 - - [16/May/2022:10:00:59 -0300] "POST /cormun/servlet/hlogin?70aa71829a85922a4852a943577ebcc2,gx-no-cache=1652705274331 HTTP/1.1" 200 90
190.171.143.82 - - [16/May/2022:10:00:59 -0300] "GET /cormun/servlet/hpexe_link HTTP/1.1" 200 960
190.171.143.82 - - [16/May/2022:10:01:00 -0300] "GET /cormun/servlet/hhome HTTP/1.1" 200 4362
190.171.143.82 - - [16/May/2022:10:01:07 -0300] "GET /cormun/servlet/hhome HTTP/1.1" 200 4360
190.171.142.10 - - [16/May/2022:10:01:21 -0300] "GET /cormun/servlet/hlogin HTTP/1.1" 200 1724
190.171.143.82 - - [16/May/2022:10:01:21 -0300] "GET /cormun/servlet/trpermisosgoce? HTTP/1.1" 200 11355
190.171.142.10 - - [16/May/2022:10:01:22 -0300] "GET /cormun/servlet/hlogin HTTP/1.1" 200 1734
190.171.143.82 - - [16/May/2022:10:01:23 -0300] "GET /cormun/servlet/trpermisosgoce? HTTP/1.1" 200 11353
190.171.143.82 - - [16/May/2022:10:01:28 -0300] "POST /cormun/servlet/trpermisosgoce?70aa71829a85922a4852a943577ebcc2,,gx-no-cache=1652705302580 HTTP/1.1" 200 8542
190.171.143.82 - - [16/May/2022:10:01:33 -0300] "GET /cormun/servlet/trpermisosadjuntos?17134240,20220512074439,P, HTTP/1.1" 200 6680
190.171.143.82 - - [16/May/2022:10:01:35 -0300] "GET /cormun/servlet/trpermisosadjuntos?17134240,20220512074439,P, HTTP/1.1" 200 6680
190.171.143.82 - - [16/May/2022:10:01:37 -0300] "GET /cormun/servlet/trpermisosgoce? HTTP/1.1" 200 11355
190.171.143.82 - - [16/May/2022:10:01:39 -0300] "GET /cormun/servlet/trpermisosgoce? HTTP/1.1" 200 11353
190.171.143.82 - - [16/May/2022:10:01:43 -0300] "GET /cormun/servlet/permisogoce?UPD,17134240,P,20220512074439, HTTP/1.1" 200 7309
191.125.182.183 - - [16/May/2022:10:01:44 -0300] "GET /cormun/servlet/hlogin HTTP/1.1" 200 1722
191.125.182.183 - - [16/May/2022:10:01:45 -0300] "GET /cormun/static/gxcfg.js?201910216285969 HTTP/1.1" 304 -
191.125.182.183 - - [16/May/2022:10:01:45 -0300] "GET /cormun/static/messages.spa.js?85251 HTTP/1.1" 304 -
190.171.143.82 - - [16/May/2022:10:01:45 -0300] "GET /cormun/servlet/permisogoce?UPD,17134240,P,20220512074439, HTTP/1.1" 200 7310
191.125.182.183 - - [16/May/2022:10:01:45 -0300] "GET /cormun/servlet/hlogin HTTP/1.1" 200 1731
190.171.143.82 - - [16/May/2022:10:01:45 -0300] "GET /cormun/servlet/permisogoce?4226ef055ab8b3f444e48eb18a8cab74a1a81da1cf2056f9d5cb044d91908f0cfe8386a62d53ab1fd3e17c95b3130afcdac7f322534d069c21b1aefecf420460,gx-no-cache=1652705320314 HTTP/1.1" 200 80
190.171.142.10 - - [16/May/2022:10:01:46 -0300] "GET /cormun/servlet/hlogin HTTP/1.1" 200 1732
190.171.142.10 - - [16/May/2022:10:01:47 -0300] "GET /cormun/servlet/hlogin HTTP/1.1" 200 1742
190.171.143.82 - - [16/May/2022:10:01:47 -0300] "GET /cormun/servlet/trpermisosgoce? HTTP/1.1" 200 11355
190.171.143.82 - - [16/May/2022:10:01:49 -0300] "GET /cormun/servlet/trpermisosgoce? HTTP/1.1" 200 11353
190.171.143.82 - - [16/May/2022:10:01:53 -0300] "GET /cormun/servlet/trpermisosadjuntos?17134240,20220512074439,P, HTTP/1.1" 200 6680
191.125.182.183 - - [16/May/2022:10:01:54 -0300] "POST /cormun/servlet/hlogin?df4dcc387b5ca41ed4246589cea6996e,gx-no-cache=1652705331084 HTTP/1.1" 200 90
190.171.143.82 - - [16/May/2022:10:01:54 -0300] "GET /cormun/servlet/trpermisosadjuntos?17134240,20220512074439,P, HTTP/1.1" 200 6680
191.125.182.183 - - [16/May/2022:10:01:54 -0300] "GET /cormun/servlet/hpexe_link HTTP/1.1" 200 950
191.125.182.183 - - [16/May/2022:10:01:54 -0300] "GET /cormun/static/gxcfg.js?201991422392958 HTTP/1.1" 304 -
191.125.182.183 - - [16/May/2022:10:01:54 -0300] "GET /cormun/servlet/hhome HTTP/1.1" 200 4293
191.125.182.183 - - [16/May/2022:10:01:54 -0300] "GET /cormun/static/gxcfg.js?20201215495537 HTTP/1.1" 304 -
191.125.182.183 - - [16/May/2022:10:01:55 -0300] "GET /cormun/servlet/hhome HTTP/1.1" 200 4290
190.171.143.82 - - [16/May/2022:10:01:55 -0300] "GET /cormun/servlet/permisosadjuntos?INS,17134240,P,20220512074439,, HTTP/1.1" 200 6011
190.171.143.82 - - [16/May/2022:10:01:56 -0300] "GET /cormun/static/about:blank HTTP/1.1" 404 1011
190.171.143.82 - - [16/May/2022:10:01:57 -0300] "GET /cormun/servlet/permisosadjuntos?INS,17134240,P,20220512074439,, HTTP/1.1" 200 6001
191.125.182.183 - - [16/May/2022:10:02:01 -0300] "GET /cormun/servlet/trpermisosgoce? HTTP/1.1" 200 8838
191.125.182.183 - - [16/May/2022:10:02:02 -0300] "GET /cormun/servlet/trpermisosgoce? HTTP/1.1" 200 8836
191.125.182.183 - - [16/May/2022:10:02:04 -0300] "GET /cormun/servlet/permisogoce?INS,0,,, HTTP/1.1" 200 7183
191.125.182.183 - - [16/May/2022:10:02:05 -0300] "GET /cormun/servlet/permisogoce?INS,0,,, HTTP/1.1" 200 7183
190.171.142.10 - - [16/May/2022:10:02:08 -0300] "POST /cormun/servlet/hlogin?81bb29bf9e5b6ad9e96daf6a566f889e,gx-no-cache=1652705342498 HTTP/1.1" 200 90
190.171.143.82 - - [16/May/2022:10:02:08 -0300] "POST /cormun/servlet/permisosadjuntos?70aa71829a85922a4852a943577ebcc2,INS,17134240,P,20220512074439,, HTTP/1.1" 200 116
190.171.142.10 - - [16/May/2022:10:02:08 -0300] "GET /cormun/servlet/hpexe_link HTTP/1.1" 200 959
190.171.143.82 - - [16/May/2022:10:02:08 -0300] "GET /cormun/servlet/hpexe_return? HTTP/1.1" 200 1046
190.171.143.82 - - [16/May/2022:10:02:08 -0300] "GET /cormun/servlet/trpermisosadjuntos?17134240,20220512074439,P, HTTP/1.1" 200 7207
190.171.142.10 - - [16/May/2022:10:02:08 -0300] "GET /cormun/servlet/hhome HTTP/1.1" 200 3991
190.171.142.10 - - [16/May/2022:10:02:09 -0300] "GET /cormun/servlet/hhome HTTP/1.1" 200 3987
190.171.143.82 - - [16/May/2022:10:02:10 -0300] "GET /cormun/servlet/trpermisosadjuntos?17134240,20220512074439,P, HTTP/1.1" 200 7204
190.171.143.82 - - [16/May/2022:10:02:11 -0300] "GET /cormun/PublicTempStorage/dennis_toro_1_dennis_toro2956284.pdf HTTP/1.1" 200 212591
190.171.142.10 - - [16/May/2022:10:02:16 -0300] "GET /cormun/servlet/trsolicitudot? HTTP/1.1" 200 7217
190.171.142.10 - - [16/May/2022:10:02:16 -0300] "GET /cormun/servlet/trsolicitudot? HTTP/1.1" 200 7216
190.171.143.82 - - [16/May/2022:10:02:17 -0300] "GET /cormun/servlet/trpermisosadjuntos?17134240,20220512074439,P, HTTP/1.1" 200 7207
190.171.143.82 - - [16/May/2022:10:02:19 -0300] "GET /cormun/servlet/trpermisosadjuntos?17134240,20220512074439,P, HTTP/1.1" 200 7203
190.171.142.10 - - [16/May/2022:10:02:22 -0300] "POST /cormun/servlet/trsolicitudot?81bb29bf9e5b6ad9e96daf6a566f889e,,gx-no-cache=1652705357291 HTTP/1.1" 200 9842
190.171.143.82 - - [16/May/2022:10:02:24 -0300] "GET /cormun/servlet/trpermisosgoce? HTTP/1.1" 200 11354
190.171.143.82 - - [16/May/2022:10:02:26 -0300] "GET /cormun/servlet/trpermisosgoce? HTTP/1.1" 200 11353
191.125.182.183 - - [16/May/2022:10:02:27 -0300] "GET /cormun/servlet/permisogoce?bee2432e09381dad69602303881c4b58586cb6386006ebcfcc0b13b563a44327717801c30933eff34ed426571dc9091931b7eaf791cbce9f074e2566e94faca4,gx-no-cache=1652705364285 HTTP/1.1" 200 82
191.125.182.183 - - [16/May/2022:10:02:27 -0300] "GET /cormun/static/menuarrow.gif HTTP/1.1" 404 1015
190.171.142.10 - - [16/May/2022:10:02:32 -0300] "POST /cormun/servlet/trsolicitudot?81bb29bf9e5b6ad9e96daf6a566f889e,,gx-no-cache=1652705366980 HTTP/1.1" 200 107
190.171.142.10 - - [16/May/2022:10:02:32 -0300] "GET /cormun/servlet/trsolicitudadjuntos?2022,18632, HTTP/1.1" 200 9952
190.171.142.10 - - [16/May/2022:10:02:32 -0300] "GET /cormun/static/gxcfg.js?20201215574222 HTTP/1.1" 200 953
190.171.142.10 - - [16/May/2022:10:02:32 -0300] "GET /cormun/static/Resources/PXToolsGridNew.png HTTP/1.1" 200 427
190.171.142.10 - - [16/May/2022:10:02:32 -0300] "GET /cormun/static/trsolicitudadjuntos.js?20201215574932 HTTP/1.1" 200 17922
190.171.142.10 - - [16/May/2022:10:02:33 -0300] "GET /cormun/servlet/trsolicitudadjuntos?2022,18632, HTTP/1.1" 200 9962
190.171.143.82 - - [16/May/2022:10:02:34 -0300] "POST /cormun/servlet/trpermisosgoce?70aa71829a85922a4852a943577ebcc2,,gx-no-cache=1652705368746 HTTP/1.1" 200 8563
190.171.142.10 - - [16/May/2022:10:02:37 -0300] "GET /cormun/PublicTempStorage/cedula_identidad6310734.pdf HTTP/1.1" 200 137570
191.125.182.183 - - [16/May/2022:10:02:39 -0300] "GET /cormun/servlet/permisogoce?bee2432e09381dad69602303881c4b58dc5ee27a243242337b389a08951b439dbfd74a5e3dd96eb9f5d48ef343a9841e88f564ce5814370d88c9a49c2dc73159,gx-no-cache=1652705376634 HTTP/1.1" 200 47
191.125.182.183 - - [16/May/2022:10:02:44 -0300] "POST /cormun/servlet/permisogoce?df4dcc387b5ca41ed4246589cea6996e,INS,0,,,,gx-no-cache=1652705380967 HTTP/1.1" 200 93
191.125.182.183 - - [16/May/2022:10:02:44 -0300] "GET /cormun/servlet/hpexe_return? HTTP/1.1" 200 1009
191.125.182.183 - - [16/May/2022:10:02:44 -0300] "GET /cormun/static/gxcfg.js?201991422392976 HTTP/1.1" 304 -
191.125.182.183 - - [16/May/2022:10:02:44 -0300] "GET /cormun/servlet/trpermisosgoce HTTP/1.1" 200 9106
191.125.182.183 - - [16/May/2022:10:02:45 -0300] "GET /cormun/servlet/trpermisosgoce HTTP/1.1" 200 9101
190.171.143.82 - - [16/May/2022:10:02:46 -0300] "POST /cormun/servlet/trpermisosgoce?70aa71829a85922a4852a943577ebcc2,,gx-no-cache=1652705380674 HTTP/1.1" 200 8579
190.171.143.82 - - [16/May/2022:10:02:46 -0300] "GET /cormun/static/Shared/jqueryui/images/ui-bg_highlight-soft_100_c6c2c8_1x100.png HTTP/1.1" 404 1117
190.171.143.82 - - [16/May/2022:10:02:46 -0300] "GET /cormun/static/Shared/jqueryui/images/ui-icons_82798d_256x240.png HTTP/1.1" 404 1089
190.171.143.82 - - [16/May/2022:10:02:46 -0300] "GET /cormun/static/Shared/jqueryui/images/ui-icons_8d78a5_256x240.png HTTP/1.1" 404 1089
190.171.143.82 - - [16/May/2022:10:02:46 -0300] "GET /cormun/static/Shared/jqueryui/images/ui-bg_flat_55_fafafa_40x100.png HTTP/1.1" 404 1097
191.125.182.183 - - [16/May/2022:10:02:53 -0300] "GET /cormun/servlet/trpermisosadjuntos?19265400,20220516084606,P, HTTP/1.1" 200 6610
191.125.182.183 - - [16/May/2022:10:02:53 -0300] "GET /cormun/servlet/trpermisosadjuntos?19265400,20220516084606,P, HTTP/1.1" 200 6611
191.125.182.183 - - [16/May/2022:10:02:55 -0300] "GET /cormun/servlet/permisosadjuntos?INS,19265400,P,20220516084606,, HTTP/1.1" 200 5934
191.125.182.183 - - [16/May/2022:10:02:55 -0300] "GET /cormun/static/about:blank HTTP/1.1" 404 1011
191.125.182.183 - - [16/May/2022:10:02:55 -0300] "GET /cormun/servlet/permisosadjuntos?INS,19265400,P,20220516084606,, HTTP/1.1" 200 5924
191.125.182.183 - - [16/May/2022:10:03:03 -0300] "POST /cormun/servlet/permisosadjuntos?df4dcc387b5ca41ed4246589cea6996e,INS,19265400,P,20220516084606,, HTTP/1.1" 200 116
191.125.182.183 - - [16/May/2022:10:03:03 -0300] "GET /cormun/servlet/hpexe_return? HTTP/1.1" 200 1037
191.125.182.183 - - [16/May/2022:10:03:03 -0300] "GET /cormun/servlet/trpermisosadjuntos?19265400,20220516084606,P, HTTP/1.1" 200 7096
191.125.182.183 - - [16/May/2022:10:03:04 -0300] "GET /cormun/servlet/trpermisosadjuntos?19265400,20220516084606,P, HTTP/1.1" 200 7094
191.125.182.183 - - [16/May/2022:10:03:06 -0300] "POST /cormun/servlet/trpermisosadjuntos?df4dcc387b5ca41ed4246589cea6996e,19265400,20220516084606,P,,gx-no-cache=1652705402984 HTTP/1.1" 200 90
191.125.182.183 - - [16/May/2022:10:03:06 -0300] "GET /cormun/servlet/hpexe_link HTTP/1.1" 200 983
191.125.182.183 - - [16/May/2022:10:03:06 -0300] "GET /cormun/servlet/trpermisosgoce HTTP/1.1" 200 9102
191.125.182.183 - - [16/May/2022:10:03:07 -0300] "GET /cormun/servlet/trpermisosgoce HTTP/1.1" 200 9101
191.125.182.183 - - [16/May/2022:10:03:13 -0300] "POST /cormun/servlet/trpermisosgoce?df4dcc387b5ca41ed4246589cea6996e,gx-no-cache=1652705409908 HTTP/1.1" 200 6317
191.125.182.183 - - [16/May/2022:10:03:13 -0300] "GET /cormun/static/Shared/jqueryui/images/ui-icons_82798d_256x240.png HTTP/1.1" 404 1089
191.125.182.183 - - [16/May/2022:10:03:13 -0300] "GET /cormun/static/Shared/jqueryui/images/ui-bg_highlight-soft_100_c6c2c8_1x100.png HTTP/1.1" 404 1117
191.125.182.183 - - [16/May/2022:10:03:13 -0300] "GET /cormun/static/Shared/jqueryui/images/ui-icons_8d78a5_256x240.png HTTP/1.1" 404 1089
191.125.182.183 - - [16/May/2022:10:03:13 -0300] "GET /cormun/static/Shared/jqueryui/images/ui-bg_flat_55_fafafa_40x100.png HTTP/1.1" 404 1097
191.125.182.183 - - [16/May/2022:10:03:30 -0300] "POST /cormun/servlet/trpermisosgoce?df4dcc387b5ca41ed4246589cea6996e,gx-no-cache=1652705427446 HTTP/1.1" 200 6315
190.171.141.90 - - [16/May/2022:10:03:32 -0300] "GET /cormun/servlet/trsolicitudot? HTTP/1.1" 200 7774
191.125.182.183 - - [16/May/2022:10:03:33 -0300] "GET /cormun/servlet/apermisogoceprn?19265400,P,20220516084606,PU HTTP/1.1" 200 1659
190.171.141.90 - - [16/May/2022:10:03:33 -0300] "GET /cormun/servlet/hlogin HTTP/1.1" 200 1749
190.171.141.90 - - [16/May/2022:10:03:33 -0300] "GET /cormun/servlet/trsolicitudot? HTTP/1.1" 200 7771
190.171.142.10 - - [16/May/2022:10:03:34 -0300] "GET /cormun/PublicTempStorage/ense%F1anza_media_fda._pinto6810768.pdf HTTP/1.1" 200 54787
190.171.141.90 - - [16/May/2022:10:03:42 -0300] "POST /cormun/servlet/hlogin?148ac687931f2c357f060da2c0099c7e,gx-no-cache=1652705435246 HTTP/1.1" 200 453
190.171.141.90 - - [16/May/2022:10:03:50 -0300] "POST /cormun/servlet/hlogin?148ac687931f2c357f060da2c0099c7e,gx-no-cache=1652705443219 HTTP/1.1" 200 90
190.171.141.90 - - [16/May/2022:10:03:50 -0300] "GET /cormun/servlet/hpexe_link HTTP/1.1" 200 965
190.171.141.90 - - [16/May/2022:10:03:50 -0300] "GET /cormun/servlet/trsolicitudot HTTP/1.1" 200 7021
190.171.141.90 - - [16/May/2022:10:03:51 -0300] "GET /cormun/servlet/trsolicitudot HTTP/1.1" 200 7020
190.171.141.90 - - [16/May/2022:10:04:11 -0300] "POST /cormun/servlet/trsolicitudot?148ac687931f2c357f060da2c0099c7e,gx-no-cache=1652705463799 HTTP/1.1" 200 5558
181.212.42.153 - - [16/May/2022:10:04:19 -0300] "GET /cormun/servlet/trlicencias? HTTP/1.1" 200 7249
181.212.42.153 - - [16/May/2022:10:04:19 -0300] "GET /cormun/servlet/hlogin HTTP/1.1" 200 1747
181.212.42.153 - - [16/May/2022:10:04:19 -0300] "GET /cormun/servlet/trlicencias? HTTP/1.1" 200 7244
181.212.42.153 - - [16/May/2022:10:04:24 -0300] "POST /cormun/servlet/hlogin?87085ff865c2e8e9ef0e10c3b1835804,gx-no-cache=1652705552431 HTTP/1.1" 200 90
181.212.42.153 - - [16/May/2022:10:04:24 -0300] "GET /cormun/servlet/hpexe_link HTTP/1.1" 200 958
181.212.42.153 - - [16/May/2022:10:04:24 -0300] "GET /cormun/servlet/trlicencias HTTP/1.1" 200 12045
181.212.42.153 - - [16/May/2022:10:04:24 -0300] "GET /cormun/servlet/trlicencias HTTP/1.1" 200 12038
190.171.142.10 - - [16/May/2022:10:04:35 -0300] "GET /cormun/PublicTempStorage/cert._afiliacion_afp7037547.pdf HTTP/1.1" 200 76302
190.171.142.10 - - [16/May/2022:10:04:59 -0300] "GET /cormun/PublicTempStorage/cert._fonasa8268140.pdf HTTP/1.1" 200 72181
190.171.142.10 - - [16/May/2022:10:05:21 -0300] "GET /cormun/PublicTempStorage/cert._antecedentes7710464.pdf HTTP/1.1" 200 34200
190.171.142.10 - - [16/May/2022:10:05:46 -0300] "GET /cormun/PublicTempStorage/curriculum_vitae4633534.pdf HTTP/1.1" 200 114539
190.171.142.10 - - [16/May/2022:10:07:11 -0300] "GET /cormun/servlet/hlogin HTTP/1.1" 200 1724
190.171.142.10 - - [16/May/2022:10:07:20 -0300] "POST /cormun/servlet/hlogin?b4642b4553a4fe58f91445b31528278d,gx-no-cache=1652705655014 HTTP/1.1" 200 90
190.171.142.10 - - [16/May/2022:10:07:21 -0300] "GET /cormun/servlet/hpexe_link HTTP/1.1" 200 952
190.171.142.10 - - [16/May/2022:10:07:21 -0300] "GET /cormun/servlet/hhome HTTP/1.1" 200 3985
190.171.142.10 - - [16/May/2022:10:07:24 -0300] "GET /cormun/servlet/hhome HTTP/1.1" 200 3981
190.171.142.10 - - [16/May/2022:10:07:27 -0300] "GET /cormun/servlet/trlicencias? HTTP/1.1" 200 16548
190.171.142.10 - - [16/May/2022:10:07:27 -0300] "GET /cormun/servlet/trlicencias? HTTP/1.1" 200 16535
190.171.143.82 - - [16/May/2022:10:09:08 -0300] "GET /cormun/servlet/trinasistencia? HTTP/1.1" 200 8138
190.171.143.82 - - [16/May/2022:10:09:10 -0300] "GET /cormun/servlet/trinasistencia? HTTP/1.1" 200 8138
190.171.143.82 - - [16/May/2022:10:09:16 -0300] "GET /cormun/servlet/trpermisosingoceadjunto?542,19358822, HTTP/1.1" 200 6466
190.171.143.82 - - [16/May/2022:10:09:16 -0300] "GET /cormun/static/gxcfg.js?201991422454751 HTTP/1.1" 200 953
190.171.143.82 - - [16/May/2022:10:09:16 -0300] "GET /cormun/static/trpermisosingoceadjunto.js?201991422455053 HTTP/1.1" 200 16925
190.171.143.82 - - [16/May/2022:10:09:17 -0300] "GET /cormun/servlet/trpermisosingoceadjunto?542,19358822, HTTP/1.1" 200 6466
190.171.143.82 - - [16/May/2022:10:09:19 -0300] "GET /cormun/servlet/permisosingoceadjunto?INS,542,, HTTP/1.1" 200 5784
190.171.143.82 - - [16/May/2022:10:09:19 -0300] "GET /cormun/static/gxcfg.js?20201215152332 HTTP/1.1" 200 953
190.171.143.82 - - [16/May/2022:10:09:19 -0300] "GET /cormun/static/permisosingoceadjunto.js?20201215152375 HTTP/1.1" 200 6883
190.171.143.82 - - [16/May/2022:10:09:20 -0300] "GET /cormun/static/about:blank HTTP/1.1" 404 1011
190.171.143.82 - - [16/May/2022:10:09:20 -0300] "GET /cormun/servlet/permisosingoceadjunto?INS,542,, HTTP/1.1" 200 5769
190.171.143.82 - - [16/May/2022:10:09:21 -0300] "GET /cormun/servlet/permisosingoceadjunto?1b4b3e4612884dcb03a36b3cd9bd0e3a2b07f59fc65fe638239f4667f926dc0c,gx-no-cache=1652705775698 HTTP/1.1" 200 26
190.171.143.82 - - [16/May/2022:10:09:26 -0300] "POST /cormun/servlet/permisosingoceadjunto?70aa71829a85922a4852a943577ebcc2,INS,542,, HTTP/1.1" 200 116
190.171.143.82 - - [16/May/2022:10:09:26 -0300] "GET /cormun/servlet/hpexe_return? HTTP/1.1" 200 1035
190.171.143.82 - - [16/May/2022:10:09:27 -0300] "GET /cormun/servlet/trpermisosingoceadjunto?542,19358822, HTTP/1.1" 200 6913
190.171.143.82 - - [16/May/2022:10:09:28 -0300] "GET /cormun/servlet/trpermisosingoceadjunto?542,19358822, HTTP/1.1" 200 6910
190.171.143.82 - - [16/May/2022:10:09:32 -0300] "GET /cormun/servlet/trinasistencia? HTTP/1.1" 200 8139
190.171.143.82 - - [16/May/2022:10:09:34 -0300] "GET /cormun/servlet/trinasistencia? HTTP/1.1" 200 8138
190.171.143.82 - - [16/May/2022:10:09:37 -0300] "POST /cormun/servlet/trinasistencia?70aa71829a85922a4852a943577ebcc2,,gx-no-cache=1652705791465 HTTP/1.1" 200 5340
190.171.143.82 - - [16/May/2022:10:09:40 -0300] "POST /cormun/servlet/trinasistencia?70aa71829a85922a4852a943577ebcc2,,gx-no-cache=1652705794627 HTTP/1.1" 200 5362
190.171.143.82 - - [16/May/2022:10:09:40 -0300] "GET /cormun/static/Shared/jqueryui/images/ui-bg_highlight-soft_100_c6c2c8_1x100.png HTTP/1.1" 404 1117
190.171.143.82 - - [16/May/2022:10:09:40 -0300] "GET /cormun/static/Shared/jqueryui/images/ui-icons_82798d_256x240.png HTTP/1.1" 404 1089
190.171.143.82 - - [16/May/2022:10:09:40 -0300] "GET /cormun/static/Shared/jqueryui/images/ui-bg_flat_55_fafafa_40x100.png HTTP/1.1" 404 1097
190.171.143.82 - - [16/May/2022:10:09:40 -0300] "GET /cormun/static/Shared/jqueryui/images/ui-icons_8d78a5_256x240.png HTTP/1.1" 404 1089
190.171.143.82 - - [16/May/2022:10:09:48 -0300] "GET /cormun/servlet/trpermisosgoce? HTTP/1.1" 200 11348
190.171.143.82 - - [16/May/2022:10:09:51 -0300] "GET /cormun/servlet/trpermisosgoce? HTTP/1.1" 200 11348
190.171.143.82 - - [16/May/2022:10:10:00 -0300] "GET /cormun/servlet/trpermisosadjuntos?8062613,20220513080637,P, HTTP/1.1" 200 6691
190.171.143.82 - - [16/May/2022:10:10:02 -0300] "GET /cormun/servlet/trpermisosadjuntos?8062613,20220513080637,P, HTTP/1.1" 200 6691
190.171.143.82 - - [16/May/2022:10:10:03 -0300] "GET /cormun/servlet/permisosadjuntos?INS,8062613,P,20220513080637,, HTTP/1.1" 200 6019
190.171.143.82 - - [16/May/2022:10:10:04 -0300] "GET /cormun/static/about:blank HTTP/1.1" 404 1011
190.171.143.82 - - [16/May/2022:10:10:05 -0300] "GET /cormun/servlet/permisosadjuntos?INS,8062613,P,20220513080637,, HTTP/1.1" 200 6009
190.171.143.82 - - [16/May/2022:10:10:13 -0300] "POST /cormun/servlet/permisosadjuntos?70aa71829a85922a4852a943577ebcc2,INS,8062613,P,20220513080637,, HTTP/1.1" 200 116
190.171.143.82 - - [16/May/2022:10:10:13 -0300] "GET /cormun/servlet/hpexe_return? HTTP/1.1" 200 1045
190.171.143.82 - - [16/May/2022:10:10:13 -0300] "GET /cormun/servlet/trpermisosadjuntos?8062613,20220513080637,P, HTTP/1.1" 200 7223
190.171.143.82 - - [16/May/2022:10:10:14 -0300] "GET /cormun/servlet/trpermisosadjuntos?8062613,20220513080637,P, HTTP/1.1" 200 7217
190.171.141.90 - - [16/May/2022:10:10:19 -0300] "GET /cormun/servlet/trpermisosgoce? HTTP/1.1" 200 18989
190.171.141.90 - - [16/May/2022:10:10:20 -0300] "GET /cormun/servlet/trpermisosgoce? HTTP/1.1" 200 18988
190.171.143.82 - - [16/May/2022:10:10:20 -0300] "GET /cormun/servlet/trpermisosgoce? HTTP/1.1" 200 11355
190.171.143.82 - - [16/May/2022:10:10:21 -0300] "GET /cormun/servlet/trpermisosgoce? HTTP/1.1" 200 11348
190.171.143.82 - - [16/May/2022:10:10:24 -0300] "POST /cormun/servlet/trpermisosgoce?70aa71829a85922a4852a943577ebcc2,,gx-no-cache=1652705838608 HTTP/1.1" 200 8551
190.171.141.90 - - [16/May/2022:10:10:26 -0300] "GET /cormun/static/menuarrow.gif HTTP/1.1" 404 1015
190.171.143.82 - - [16/May/2022:10:10:29 -0300] "POST /cormun/servlet/trpermisosgoce?70aa71829a85922a4852a943577ebcc2,,gx-no-cache=1652705843859 HTTP/1.1" 200 8563
190.171.143.82 - - [16/May/2022:10:10:29 -0300] "GET /cormun/static/Shared/jqueryui/images/ui-bg_highlight-soft_100_c6c2c8_1x100.png HTTP/1.1" 404 1117
190.171.143.82 - - [16/May/2022:10:10:29 -0300] "GET /cormun/static/Shared/jqueryui/images/ui-icons_82798d_256x240.png HTTP/1.1" 404 1089
190.171.143.82 - - [16/May/2022:10:10:29 -0300] "GET /cormun/static/Shared/jqueryui/images/ui-bg_flat_55_fafafa_40x100.png HTTP/1.1" 404 1097
190.171.143.82 - - [16/May/2022:10:10:29 -0300] "GET /cormun/static/Shared/jqueryui/images/ui-icons_8d78a5_256x240.png HTTP/1.1" 404 1089
190.171.143.82 - - [16/May/2022:10:10:34 -0300] "GET /cormun/servlet/permisogoce?DSP,8062613,P,20220513080637, HTTP/1.1" 200 7115
190.171.143.82 - - [16/May/2022:10:10:35 -0300] "GET /cormun/servlet/permisogoce?DSP,8062613,P,20220513080637, HTTP/1.1" 200 7116
190.171.141.90 - - [16/May/2022:10:10:37 -0300] "POST /cormun/servlet/trpermisosgoce?148ac687931f2c357f060da2c0099c7e,,gx-no-cache=1652705849554 HTTP/1.1" 200 16364
190.171.143.82 - - [16/May/2022:10:10:40 -0300] "GET /cormun/servlet/trpermisosgoce? HTTP/1.1" 200 11351
190.171.143.82 - - [16/May/2022:10:10:42 -0300] "GET /cormun/servlet/trpermisosgoce? HTTP/1.1" 200 11346
190.171.142.50 - - [16/May/2022:10:13:19 -0300] "GET /cormun/servlet/hlogin HTTP/1.1" 200 1729
190.171.142.50 - - [16/May/2022:10:13:20 -0300] "GET /cormun/servlet/hlogin HTTP/1.1" 200 1739
190.171.142.50 - - [16/May/2022:10:13:26 -0300] "POST /cormun/servlet/hlogin?251f483a94dac1ad0ad94833719e6256,gx-no-cache=1652708370954 HTTP/1.1" 200 90
190.171.142.50 - - [16/May/2022:10:13:26 -0300] "GET /cormun/servlet/hpexe_link HTTP/1.1" 200 954
190.171.142.50 - - [16/May/2022:10:13:26 -0300] "GET /cormun/servlet/hhome HTTP/1.1" 200 3944
190.171.142.50 - - [16/May/2022:10:13:26 -0300] "GET /cormun/servlet/hhome HTTP/1.1" 200 3940
190.171.142.50 - - [16/May/2022:10:13:29 -0300] "GET /cormun/servlet/trlicencias? HTTP/1.1" 200 12775
190.171.142.50 - - [16/May/2022:10:13:29 -0300] "GET /cormun/servlet/trlicencias? HTTP/1.1" 200 12774
190.171.141.90 - - [16/May/2022:10:14:41 -0300] "POST /cormun/servlet/trpermisosgoce?148ac687931f2c357f060da2c0099c7e,,gx-no-cache=1652706093599 HTTP/1.1" 200 5050
190.171.141.90 - - [16/May/2022:10:14:56 -0300] "POST /cormun/servlet/trpermisosgoce?148ac687931f2c357f060da2c0099c7e,,gx-no-cache=1652706109426 HTTP/1.1" 200 5562
190.171.142.50 - - [16/May/2022:10:15:09 -0300] "GET /cormun/servlet/trsolicitudot? HTTP/1.1" 200 7159
190.171.142.50 - - [16/May/2022:10:15:09 -0300] "GET /cormun/servlet/trsolicitudot? HTTP/1.1" 200 7160
190.171.142.50 - - [16/May/2022:10:15:14 -0300] "GET /cormun/servlet/solicitudot?INS,0,0,false, HTTP/1.1" 200 15673
190.171.142.50 - - [16/May/2022:10:15:15 -0300] "GET /cormun/servlet/solicitudot?INS,0,0,false, HTTP/1.1" 200 15680
190.171.154.42 - - [16/May/2022:10:16:27 -0300] "GET /cormun/servlet/hlogin HTTP/1.1" 200 1732
190.171.154.42 - - [16/May/2022:10:16:30 -0300] "GET /cormun/servlet/hlogin HTTP/1.1" 200 1743
190.171.154.42 - - [16/May/2022:10:16:31 -0300] "GET /favicon.ico HTTP/1.1" 200 21630
190.171.154.42 - - [16/May/2022:10:16:40 -0300] "POST /cormun/servlet/hlogin?a74a846b307b9db657727eee269abd67,gx-no-cache=1652706209451 HTTP/1.1" 200 90
190.171.154.42 - - [16/May/2022:10:16:40 -0300] "GET /cormun/servlet/hpexe_link HTTP/1.1" 200 956
190.171.154.42 - - [16/May/2022:10:16:41 -0300] "GET /cormun/servlet/hhome HTTP/1.1" 200 4178
190.171.154.42 - - [16/May/2022:10:16:44 -0300] "GET /cormun/servlet/hhome HTTP/1.1" 200 4174
190.171.141.90 - - [16/May/2022:10:16:50 -0300] "POST /cormun/servlet/trpermisosgoce?148ac687931f2c357f060da2c0099c7e,,gx-no-cache=1652706223426 HTTP/1.1" 200 5379
190.171.154.42 - - [16/May/2022:10:16:59 -0300] "GET /cormun/servlet/trlicencias? HTTP/1.1" 200 12518
190.171.154.42 - - [16/May/2022:10:17:02 -0300] "GET /cormun/servlet/trlicencias? HTTP/1.1" 200 12538
190.171.154.42 - - [16/May/2022:10:17:06 -0300] "POST /cormun/servlet/trlicencias?a74a846b307b9db657727eee269abd67,,gx-no-cache=1652706235866 HTTP/1.1" 200 10321
190.171.141.90 - - [16/May/2022:10:17:12 -0300] "GET /cormun/servlet/permisogoce?INS,0,,, HTTP/1.1" 200 6841
190.171.141.90 - - [16/May/2022:10:17:13 -0300] "GET /cormun/servlet/permisogoce?INS,0,,, HTTP/1.1" 200 6839
190.171.141.90 - - [16/May/2022:10:17:15 -0300] "GET /cormun/servlet/prfichaempleado?,MD,,gxPopupLevel%3D0%3B HTTP/1.1" 200 9271
190.171.141.90 - - [16/May/2022:10:17:21 -0300] "POST /cormun/servlet/prfichaempleado?148ac687931f2c357f060da2c0099c7e,,MD,,gxPopupLevel%3D0%3B,gx-no-cache=1652706254476 HTTP/1.1" 200 4474
181.212.42.153 - - [16/May/2022:10:17:42 -0300] "GET /cormun/servlet/trpermisosgoce? HTTP/1.1" 200 12340
181.212.42.153 - - [16/May/2022:10:17:42 -0300] "GET /cormun/servlet/trpermisosgoce? HTTP/1.1" 200 12341
181.212.42.153 - - [16/May/2022:10:17:44 -0300] "GET /cormun/servlet/permisogoce?INS,0,,, HTTP/1.1" 200 6830
181.212.42.153 - - [16/May/2022:10:17:45 -0300] "GET /cormun/servlet/permisogoce?INS,0,,, HTTP/1.1" 200 6830
181.212.42.153 - - [16/May/2022:10:17:50 -0300] "GET /cormun/servlet/permisogoce?cd4212371cb489404d4e5a5896e92a8e9fe6a9daf0229715074e421e2645741ff5f259b6d15aa3ebc2e3981ead9d987c2c9f221f82b63e3fa29f8a6ded47d70c,gx-no-cache=1652706358668 HTTP/1.1" 200 77
181.212.42.153 - - [16/May/2022:10:17:52 -0300] "GET /cormun/static/menuarrow.gif HTTP/1.1" 404 1015
190.171.141.90 - - [16/May/2022:10:17:54 -0300] "GET /cormun/servlet/permisogoce?f990b251cb0e97f45e478125a9b99b67fbdb27e54333674a6927d2a59d0762af8a51b51cde157174cb95e84d329a83b3691f8e1b1b4034eefa4964005ccd08e8,gx-no-cache=1652706287091 HTTP/1.1" 200 79
190.171.141.90 - - [16/May/2022:10:17:54 -0300] "GET /cormun/static/menuarrow.gif HTTP/1.1" 404 1015
181.212.42.153 - - [16/May/2022:10:17:55 -0300] "GET /cormun/servlet/permisogoce?cd4212371cb489404d4e5a5896e92a8eef49c75c248465bd41895c94101c5002bec40beaacfccd5f3c701e3772478c590c15d0c3f9a81ccec656b4237419a4ec,gx-no-cache=1652706363833 HTTP/1.1" 200 46
181.212.42.153 - - [16/May/2022:10:17:56 -0300] "POST /cormun/servlet/permisogoce?87085ff865c2e8e9ef0e10c3b1835804,INS,0,,,,gx-no-cache=1652706364885 HTTP/1.1" 200 93
181.212.42.153 - - [16/May/2022:10:17:56 -0300] "GET /cormun/servlet/hpexe_return? HTTP/1.1" 200 1013
181.212.42.153 - - [16/May/2022:10:17:57 -0300] "GET /cormun/servlet/trpermisosgoce HTTP/1.1" 200 12588
181.212.42.153 - - [16/May/2022:10:17:57 -0300] "GET /cormun/servlet/trpermisosgoce HTTP/1.1" 200 12583
181.212.42.153 - - [16/May/2022:10:17:59 -0300] "GET /cormun/servlet/apermisogoceprn?16884606,P,20220516090147,PU HTTP/1.1" 200 1646
190.171.141.90 - - [16/May/2022:10:18:08 -0300] "GET /cormun/servlet/permisogoce?f990b251cb0e97f45e478125a9b99b67260c39efb11be405b4516a34a839abce6745710ecf1cdf4489eb4075a13c486e7d0cabbe6de4b3ce1a1c4f76c5e68c56,gx-no-cache=1652706301370 HTTP/1.1" 200 129
190.171.141.90 - - [16/May/2022:10:18:08 -0300] "GET /cormun/static/Shared/jqueryui/images/ui-icons_82798d_256x240.png HTTP/1.1" 404 1089
190.171.141.90 - - [16/May/2022:10:18:08 -0300] "GET /cormun/static/Shared/jqueryui/images/ui-bg_highlight-soft_100_c6c2c8_1x100.png HTTP/1.1" 404 1117
190.171.141.90 - - [16/May/2022:10:18:08 -0300] "GET /cormun/static/Shared/jqueryui/images/ui-icons_ebccce_256x240.png HTTP/1.1" 404 1089
190.171.141.90 - - [16/May/2022:10:18:08 -0300] "GET /cormun/static/Shared/jqueryui/images/ui-bg_flat_55_994d53_40x100.png HTTP/1.1" 404 1097
190.171.141.90 - - [16/May/2022:10:18:08 -0300] "POST /cormun/servlet/permisogoce?148ac687931f2c357f060da2c0099c7e,INS,0,,,,gx-no-cache=1652706301404 HTTP/1.1" 200 4484
190.171.141.90 - - [16/May/2022:10:18:14 -0300] "GET /cormun/servlet/permisogoce?f990b251cb0e97f45e478125a9b99b67260c39efb11be405b4516a34a839abce51b755a8a40af0cd6979ad53835f48dc9418513fab1c9bdc25231d0658159222,gx-no-cache=1652706306906 HTTP/1.1" 200 48
190.171.141.90 - - [16/May/2022:10:18:14 -0300] "POST /cormun/servlet/permisogoce?148ac687931f2c357f060da2c0099c7e,INS,0,,,,gx-no-cache=1652706306928 HTTP/1.1" 200 93
190.171.141.90 - - [16/May/2022:10:18:14 -0300] "GET /cormun/servlet/hpexe_return? HTTP/1.1" 200 1017
190.171.141.90 - - [16/May/2022:10:18:14 -0300] "GET /cormun/servlet/trpermisosgoce? HTTP/1.1" 200 8294
190.171.141.90 - - [16/May/2022:10:18:15 -0300] "GET /cormun/servlet/trpermisosgoce? HTTP/1.1" 200 8290
192.168.10.96 - - [16/May/2022:10:18:34 -0300] "GET /cormun/servlet/trsolicitudgral? HTTP/1.1" 200 16975
192.168.10.96 - - [16/May/2022:10:18:34 -0300] "GET /cormun/servlet/trsolicitudgral? HTTP/1.1" 200 16975
190.171.141.106 - - [16/May/2022:10:18:38 -0300] "GET /cormun/servlet/hhome HTTP/1.1" 200 3321
190.171.141.106 - - [16/May/2022:10:18:39 -0300] "GET /cormun/servlet/hhome HTTP/1.1" 200 3330
190.171.141.106 - - [16/May/2022:10:18:39 -0300] "GET /cormun/servlet/hlogin HTTP/1.1" 200 1736
190.171.142.50 - - [16/May/2022:10:18:40 -0300] "POST /cormun/servlet/solicitudot?gx-no-cache=1652708684535 HTTP/1.1" 200 3957
190.171.142.50 - - [16/May/2022:10:18:40 -0300] "POST /cormun/servlet/solicitudot?251f483a94dac1ad0ad94833719e6256,INS,0,0,false,,gx-no-cache=1652708684704 HTTP/1.1" 200 12487
190.171.141.106 - - [16/May/2022:10:18:43 -0300] "POST /cormun/servlet/hlogin?2c10b1b1ccc0795fb0b0c5c9604b0806,gx-no-cache=1652702836945 HTTP/1.1" 200 90
190.171.141.106 - - [16/May/2022:10:18:44 -0300] "GET /cormun/servlet/hpexe_link HTTP/1.1" 200 951
190.171.141.106 - - [16/May/2022:10:18:44 -0300] "GET /cormun/servlet/hhome HTTP/1.1" 200 4259
190.171.141.106 - - [16/May/2022:10:18:44 -0300] "GET /cormun/servlet/hhome HTTP/1.1" 200 4256
190.171.141.106 - - [16/May/2022:10:18:48 -0300] "GET /cormun/servlet/trlicencias? HTTP/1.1" 200 15086
190.171.141.106 - - [16/May/2022:10:18:48 -0300] "GET /cormun/servlet/trlicencias? HTTP/1.1" 200 15083
181.212.42.153 - - [16/May/2022:10:18:50 -0300] "GET /cormun/servlet/trlicencias? HTTP/1.1" 200 12047
181.212.42.153 - - [16/May/2022:10:18:51 -0300] "GET /cormun/servlet/trlicencias? HTTP/1.1" 200 12046
190.171.141.106 - - [16/May/2022:10:18:52 -0300] "GET /cormun/servlet/licenciaspermisos?INS,0,,, HTTP/1.1" 200 7866
190.171.141.106 - - [16/May/2022:10:18:52 -0300] "GET /cormun/static/gxcfg.js?202012153173 HTTP/1.1" 200 953
190.171.141.106 - - [16/May/2022:10:18:52 -0300] "GET /cormun/static/licenciaspermisos.js?2020121532136 HTTP/1.1" 200 38824
190.171.141.106 - - [16/May/2022:10:18:52 -0300] "GET /cormun/servlet/licenciaspermisos?INS,0,,, HTTP/1.1" 200 7874
190.171.142.50 - - [16/May/2022:10:18:58 -0300] "GET /cormun/servlet/solicitudot?60501b0ef3a40da83a1fc8683552f4517c354d8853aab3eb02e4c729c2fa1cef2454cd5adcab6785bd69309149697d30,gx-no-cache=1652708702974 HTTP/1.1" 200 30
190.171.142.50 - - [16/May/2022:10:18:58 -0300] "GET /cormun/servlet/solicitudot?60501b0ef3a40da83a1fc8683552f4510dc5d6dbcc4dc5549e3d3d30e02922d6b0c1a071a1b249f9d82faecca75e2e03023fbaf2a6c362ee228e58db0596a2c3,gx-no-cache=1652708702999 HTTP/1.1" 200 30
190.171.142.50 - - [16/May/2022:10:18:58 -0300] "GET /cormun/servlet/solicitudot?60501b0ef3a40da83a1fc8683552f45178d52a7f40c2b42b48b9088f8ca4aac1,gx-no-cache=1652708703018 HTTP/1.1" 200 53
190.171.142.50 - - [16/May/2022:10:18:58 -0300] "POST /cormun/servlet/solicitudot?gx-no-cache=1652708703038 HTTP/1.1" 200 240
190.171.142.50 - - [16/May/2022:10:18:58 -0300] "GET /cormun/servlet/solicitudot?60501b0ef3a40da83a1fc8683552f451c0fb7a0268075f0bb2717340440975e750e2e7daca6f12d097a709cdecdb458029ff06947ee3dbb4b8cb87a964bfa15895f1cebd8c8ad3efb748616e1ebb4423cc4086b7c59466ffee68c94e40472b54b8d19e5e7be3918f2e7e17bdd561576b0687c69c1ead4279a5ade84432d2c18817440d7e7532e3f9ae1a521fee9ec3af70b677abc0917b97772bdf994ad7448a2d758aab3dc006922e79c0aed793b8c994c8739efb86a51f621c2a0607acad216408779a792dc0b044c7951cdb9a3f8a06ea89726cabf5b65ac70e87ab182f058b51a345f7ec8de938f8f035fb133763f266cf6668210d33fd1148c165ca6ac3b7a621c90df0dd1513fd004c0882adfb4fa11ddf40026d1f477282b3db68b1bd06d870396eeeb36d165afba55daadaf138c0ad19c7e21612644dd847b15ff36323b96f7a7919f7332984494b60a47a2dfb6f17bbd879fea7f80bc3a36658abc0f9133b79983d371e67c8cd79e7db15f63942d7889f025c6407f156e0ee434018,gx-no-cache=1652708703064 HTTP/1.1" 200 30
190.171.142.50 - - [16/May/2022:10:19:03 -0300] "POST /cormun/servlet/solicitudot?gx-no-cache=1652708707748 HTTP/1.1" 200 30
190.171.142.50 - - [16/May/2022:10:19:52 -0300] "GET /cormun/static/Resources/PXTools/ClosePrompt.png HTTP/1.1" 200 1036
190.171.142.50 - - [16/May/2022:10:19:52 -0300] "GET /cormun/static/Resources/resize.gif HTTP/1.1" 200 77
190.171.142.50 - - [16/May/2022:10:19:52 -0300] "GET /cormun/servlet/prcontratosol?13302278,,,,,MD,,gxPopupLevel%3D0%3B HTTP/1.1" 200 9421
190.171.141.106 - - [16/May/2022:10:19:55 -0300] "GET /cormun/servlet/licenciaspermisos?6d5537e8c63bc3a24e9eef1382c5c0c46bb79b0c1de14f0a09ed412239e98a06007b4a57593bd27c1fac377e815b2a54816eff077c8390e0e1f95c33a08c6a04,gx-no-cache=1652702908733 HTTP/1.1" 200 122
190.171.141.106 - - [16/May/2022:10:19:55 -0300] "POST /cormun/servlet/licenciaspermisos?2c10b1b1ccc0795fb0b0c5c9604b0806,INS,0,,,,gx-no-cache=1652702908823 HTTP/1.1" 200 5120
190.171.142.50 - - [16/May/2022:10:19:56 -0300] "POST /cormun/servlet/solicitudot?gx-no-cache=1652708761123 HTTP/1.1" 200 1536
190.171.142.50 - - [16/May/2022:10:19:56 -0300] "GET /cormun/static/Shared/jqueryui/images/ui-bg_highlight-soft_100_c6c2c8_1x100.png HTTP/1.1" 404 1117
190.171.142.50 - - [16/May/2022:10:19:56 -0300] "GET /cormun/static/Shared/jqueryui/images/ui-icons_82798d_256x240.png HTTP/1.1" 404 1089
190.171.142.50 - - [16/May/2022:10:19:56 -0300] "GET /cormun/static/Shared/jqueryui/images/ui-bg_flat_55_994d53_40x100.png HTTP/1.1" 404 1097
190.171.142.50 - - [16/May/2022:10:19:56 -0300] "GET /cormun/static/Shared/jqueryui/images/ui-icons_ebccce_256x240.png HTTP/1.1" 404 1089
190.171.142.50 - - [16/May/2022:10:19:56 -0300] "POST /cormun/servlet/solicitudot?gx-no-cache=1652708761169 HTTP/1.1" 200 117
190.171.142.50 - - [16/May/2022:10:19:56 -0300] "GET /cormun/servlet/solicitudot?60501b0ef3a40da83a1fc8683552f451c41af220085b49ed013844463c853dc27a139de61fd0980c9d86694797ee4b546774ced516a87e6ff4f5b198b56e582ae4f7ead01517af5c72e207a80cf1b4637273af8f872cf74b3bd68904826da1f2ade08d451e3b6699f90b325f0d61f5d1,gx-no-cache=1652708761190 HTTP/1.1" 200 110
190.171.142.50 - - [16/May/2022:10:19:56 -0300] "POST /cormun/servlet/solicitudot?gx-no-cache=1652708761211 HTTP/1.1" 200 64
190.171.142.50 - - [16/May/2022:10:19:56 -0300] "GET /cormun/servlet/solicitudot?60501b0ef3a40da83a1fc8683552f45101636b9e0e06270911be7af4a8907ff4d7fcaf9703ab4c0bd4ce9769b894fe5b029ac03fda269cc69d1b63ecfc39ef7d216d73921b548dcc975c7cf060b5013f98e3c19fab891355508adff4dbab59714b888e5153fc2b8105fae487ffa3bc4400de5a66fa035eb0c51d0f264b544d92eaa805c4182b2e1ca93a6003a0d1f2690421375e82ac39640204fc7e5b0e8efe7c3a55150480a2cfc0a5110cd62741bab9115d516ab15e63cd4b86bab9eedc2e14f46431a82588c7af635eff0f8399c9,gx-no-cache=1652708761235 HTTP/1.1" 200 29
190.171.142.50 - - [16/May/2022:10:19:56 -0300] "GET /cormun/servlet/solicitudot?60501b0ef3a40da83a1fc8683552f45101414fbd3ca2d250f46c5619a0547e7d855e5a6e5cbf9e7558d78ae65bd40fbf,gx-no-cache=1652708761253 HTTP/1.1" 200 134
190.171.142.50 - - [16/May/2022:10:20:01 -0300] "GET /cormun/servlet/prfichaempleado?,MD,,gxPopupLevel%3D0%3B HTTP/1.1" 200 9243
190.171.142.50 - - [16/May/2022:10:20:01 -0300] "GET /cormun/static/gxcfg.js?20201215571085 HTTP/1.1" 200 953
190.171.142.50 - - [16/May/2022:10:20:01 -0300] "GET /cormun/static/prfichaempleado.js?20201215572193 HTTP/1.1" 200 16006
190.171.142.50 - - [16/May/2022:10:20:12 -0300] "POST /cormun/servlet/prfichaempleado?251f483a94dac1ad0ad94833719e6256,,MD,,gxPopupLevel%3D0%3B,gx-no-cache=1652708776501 HTTP/1.1" 200 3412
190.171.142.50 - - [16/May/2022:10:20:16 -0300] "GET /cormun/servlet/prlicenciaspermisos?16718590,L,,MD,,gxPopupLevel%3D0%3B HTTP/1.1" 200 5623
190.171.142.50 - - [16/May/2022:10:20:16 -0300] "GET /cormun/static/gxcfg.js?2020121559567 HTTP/1.1" 200 953
190.171.142.50 - - [16/May/2022:10:20:16 -0300] "GET /cormun/static/prlicenciaspermisos.js?2020121559821 HTTP/1.1" 200 13379
190.171.142.50 - - [16/May/2022:10:20:18 -0300] "POST /cormun/servlet/solicitudot?gx-no-cache=1652708783205 HTTP/1.1" 200 1454
190.171.142.50 - - [16/May/2022:10:20:24 -0300] "POST /cormun/servlet/solicitudot?gx-no-cache=1652708788546 HTTP/1.1" 200 41
190.171.142.50 - - [16/May/2022:10:20:24 -0300] "GET /cormun/servlet/solicitudot?60501b0ef3a40da83a1fc8683552f451c41af220085b49ed013844463c853dc27a139de61fd0980c9d86694797ee4b546774ced516a87e6ff4f5b198b56e582ae4f7ead01517af5c72e207a80cf1b4637273af8f872cf74b3bd68904826da1f2ade08d451e3b6699f90b325f0d61f5d1,gx-no-cache=1652708788566 HTTP/1.1" 200 110
190.171.142.50 - - [16/May/2022:10:20:24 -0300] "POST /cormun/servlet/solicitudot?gx-no-cache=1652708788587 HTTP/1.1" 200 97
190.171.142.50 - - [16/May/2022:10:20:25 -0300] "GET /cormun/static/menuarrow.gif HTTP/1.1" 404 1015
190.171.142.50 - - [16/May/2022:10:20:27 -0300] "GET /cormun/servlet/solicitudot?60501b0ef3a40da83a1fc8683552f451c41af220085b49ed013844463c853dc27a139de61fd0980c9d86694797ee4b546774ced516a87e6ff4f5b198b56e582ae4f7ead01517af5c72e207a80cf1b4637273af8f872cf74b3bd68904826da1f2ade08d451e3b6699f90b325f0d61f5d1,gx-no-cache=1652708791938 HTTP/1.1" 200 110
190.171.141.90 - - [16/May/2022:10:20:29 -0300] "POST /cormun/servlet/trpermisosgoce?148ac687931f2c357f060da2c0099c7e,,gx-no-cache=1652706441636 HTTP/1.1" 200 5378
190.171.141.90 - - [16/May/2022:10:20:29 -0300] "POST /cormun/servlet/trpermisosgoce?148ac687931f2c357f060da2c0099c7e,,gx-no-cache=1652706441829 HTTP/1.1" 200 5357
192.168.10.96 - - [16/May/2022:10:20:35 -0300] "GET /cormun/servlet/trrenunciasgenerales? HTTP/1.1" 200 8863
192.168.10.96 - - [16/May/2022:10:20:35 -0300] "GET /cormun/static/gxcfg.js?202012169761 HTTP/1.1" 200 953
192.168.10.96 - - [16/May/2022:10:20:35 -0300] "GET /cormun/static/trrenunciasgenerales.js?2020121691292 HTTP/1.1" 200 28597
192.168.10.96 - - [16/May/2022:10:20:35 -0300] "GET /cormun//static/Resources/PXToolsHeaderHelp.png HTTP/1.1" 200 1333
190.171.142.50 - - [16/May/2022:10:20:35 -0300] "GET /cormun/servlet/solicitudot?60501b0ef3a40da83a1fc8683552f451bdfc59ab80f668d82be6f45755fc7661123274b08d462bbeb6acf1bf8ba789c2,gx-no-cache=1652708799825 HTTP/1.1" 200 30
192.168.10.96 - - [16/May/2022:10:20:35 -0300] "GET /cormun/servlet/trrenunciasgenerales? HTTP/1.1" 200 8863
192.168.10.96 - - [16/May/2022:10:20:45 -0300] "GET /cormun/servlet/trsolicitudgral? HTTP/1.1" 200 16975
192.168.10.96 - - [16/May/2022:10:20:45 -0300] "GET /cormun/servlet/trsolicitudgral? HTTP/1.1" 200 16975
190.171.154.42 - - [16/May/2022:10:20:53 -0300] "POST /cormun/servlet/trlicencias?a74a846b307b9db657727eee269abd67,,gx-no-cache=1652706462481 HTTP/1.1" 200 101
190.171.154.42 - - [16/May/2022:10:20:53 -0300] "GET /cormun/Licencias-7878.xls HTTP/1.1" 200 9728
190.171.142.50 - - [16/May/2022:10:21:13 -0300] "GET /cormun/servlet/hlogin HTTP/1.1" 200 1729
190.171.142.50 - - [16/May/2022:10:21:18 -0300] "POST /cormun/servlet/hlogin?251f483a94dac1ad0ad94833719e6256,gx-no-cache=1652708843008 HTTP/1.1" 200 90
190.171.142.50 - - [16/May/2022:10:21:18 -0300] "GET /cormun/servlet/hpexe_link HTTP/1.1" 200 979
190.171.142.50 - - [16/May/2022:10:21:18 -0300] "GET /cormun/servlet/prlicenciaspermisos?16718590,L,,MD, HTTP/1.1" 200 5615
190.171.141.90 - - [16/May/2022:10:21:19 -0300] "POST /cormun/servlet/trpermisosgoce?148ac687931f2c357f060da2c0099c7e,,gx-no-cache=1652706491884 HTTP/1.1" 200 5966
190.171.141.90 - - [16/May/2022:10:21:47 -0300] "POST /cormun/servlet/trpermisosgoce?148ac687931f2c357f060da2c0099c7e,,gx-no-cache=1652706519619 HTTP/1.1" 200 5524
200.54.107.2 - - [16/May/2022:10:21:59 -0300] "GET /cormun/servlet/hlogin HTTP/1.1" 200 1732
200.54.107.2 - - [16/May/2022:10:21:59 -0300] "GET /cormun/servlet/hlogin HTTP/1.1" 200 1742
190.171.141.90 - - [16/May/2022:10:22:06 -0300] "GET /cormun/servlet/permisogoce?INS,0,,, HTTP/1.1" 200 6839
190.171.141.90 - - [16/May/2022:10:22:07 -0300] "GET /cormun/servlet/permisogoce?INS,0,,, HTTP/1.1" 200 6839
190.171.141.90 - - [16/May/2022:10:22:10 -0300] "GET /cormun/servlet/prfichaempleado?,MD,,gxPopupLevel%3D0%3B HTTP/1.1" 200 9271
200.54.107.2 - - [16/May/2022:10:22:10 -0300] "POST /cormun/servlet/hlogin?705a959ea0c30ccab46bf0293c25050f,gx-no-cache=1652706550133 HTTP/1.1" 200 90
200.54.107.2 - - [16/May/2022:10:22:10 -0300] "GET /cormun/servlet/hpexe_link HTTP/1.1" 200 958
200.54.107.2 - - [16/May/2022:10:22:10 -0300] "GET /cormun/servlet/hhome HTTP/1.1" 200 4357
200.54.107.2 - - [16/May/2022:10:22:11 -0300] "GET /cormun/servlet/hhome HTTP/1.1" 200 4353
200.54.107.2 - - [16/May/2022:10:22:14 -0300] "GET /cormun/servlet/trlicencias? HTTP/1.1" 200 10513
200.54.107.2 - - [16/May/2022:10:22:14 -0300] "GET /cormun/servlet/trlicencias? HTTP/1.1" 200 10515
190.171.141.90 - - [16/May/2022:10:22:16 -0300] "POST /cormun/servlet/prfichaempleado?148ac687931f2c357f060da2c0099c7e,,MD,,gxPopupLevel%3D0%3B,gx-no-cache=1652706548703 HTTP/1.1" 200 5515
190.171.141.90 - - [16/May/2022:10:22:21 -0300] "GET /cormun/servlet/permisogoce?f990b251cb0e97f45e478125a9b99b672fd59576a667dc272d32984fc171cff402aed97d4d32fa4772cd08c8204d8bffa8742d7162df12ec0e7b769b8e79a3ba,gx-no-cache=1652706554341 HTTP/1.1" 200 83
190.171.141.90 - - [16/May/2022:10:22:21 -0300] "GET /cormun/static/menuarrow.gif HTTP/1.1" 404 1015
190.171.142.50 - - [16/May/2022:10:22:23 -0300] "POST /cormun/servlet/solicitudot?gx-no-cache=1652708907369 HTTP/1.1" 200 135
190.171.141.90 - - [16/May/2022:10:22:30 -0300] "GET /cormun/servlet/permisogoce?f990b251cb0e97f45e478125a9b99b67b87264efb680ce04a9678f8c091e641c5b22fca7836bee1ea55462a644379ffaea5e9e7e059d39f783b39119a21a3c68,gx-no-cache=1652706562823 HTTP/1.1" 200 48
