190.171.142.50 - - [12/May/2022:12:58:01 -0300] "POST /cormun/servlet/permisosadjuntos?a3a9c034c1fd1c4a3c9abc5001e307c0,INS,16291838,P,20220511081807,, HTTP/1.1" 200 116
190.171.142.50 - - [12/May/2022:12:58:01 -0300] "GET /cormun/servlet/hpexe_return? HTTP/1.1" 200 1039
190.171.142.50 - - [12/May/2022:12:58:01 -0300] "GET /cormun/servlet/trpermisosadjuntos?16291838,20220511081807,P, HTTP/1.1" 200 6748
190.171.142.50 - - [12/May/2022:12:58:02 -0300] "GET /cormun/servlet/trpermisosadjuntos?16291838,20220511081807,P, HTTP/1.1" 200 6745
190.171.142.50 - - [12/May/2022:12:58:04 -0300] "POST /cormun/servlet/trpermisosadjuntos?a3a9c034c1fd1c4a3c9abc5001e307c0,16291838,20220511081807,P,,gx-no-cache=1652372653987 HTTP/1.1" 200 90
190.171.142.50 - - [12/May/2022:12:58:04 -0300] "GET /cormun/servlet/hpexe_link HTTP/1.1" 200 985
190.171.142.50 - - [12/May/2022:12:58:04 -0300] "GET /cormun/servlet/trpermisosgoce HTTP/1.1" 200 13558
190.171.142.50 - - [12/May/2022:12:58:05 -0300] "GET /cormun/servlet/trpermisosgoce HTTP/1.1" 200 13557
190.171.142.50 - - [12/May/2022:12:58:07 -0300] "GET /cormun/servlet/trpermisosadjuntos?17970245,20220511091228,P, HTTP/1.1" 200 6275
190.171.142.50 - - [12/May/2022:12:58:08 -0300] "GET /cormun/servlet/trpermisosadjuntos?17970245,20220511091228,P, HTTP/1.1" 200 6275
190.171.142.50 - - [12/May/2022:12:58:09 -0300] "GET /cormun/servlet/permisosadjuntos?INS,17970245,P,20220511091228,, HTTP/1.1" 200 5594
190.171.142.50 - - [12/May/2022:12:58:09 -0300] "GET /cormun/static/about:blank HTTP/1.1" 404 1011
190.171.142.50 - - [12/May/2022:12:58:10 -0300] "GET /cormun/servlet/permisosadjuntos?INS,17970245,P,20220511091228,, HTTP/1.1" 200 5585
191.125.131.9 - - [12/May/2022:12:58:17 -0300] "GET /cormun/servlet/hlogin HTTP/1.1" 200 1730
190.171.142.50 - - [12/May/2022:12:58:20 -0300] "POST /cormun/servlet/permisosadjuntos?a3a9c034c1fd1c4a3c9abc5001e307c0,INS,17970245,P,20220511091228,, HTTP/1.1" 200 116
190.171.142.50 - - [12/May/2022:12:58:20 -0300] "GET /cormun/servlet/hpexe_return? HTTP/1.1" 200 1039
190.171.142.50 - - [12/May/2022:12:58:20 -0300] "GET /cormun/servlet/trpermisosadjuntos?17970245,20220511091228,P, HTTP/1.1" 200 6760
190.171.142.50 - - [12/May/2022:12:58:20 -0300] "GET /cormun/servlet/trpermisosadjuntos?17970245,20220511091228,P, HTTP/1.1" 200 6758
191.125.131.9 - - [12/May/2022:12:58:20 -0300] "POST /cormun/servlet/hlogin?5ba2a68a584247d62b7b35b173b2cc98,gx-no-cache=1652370315772 HTTP/1.1" 200 90
191.125.131.9 - - [12/May/2022:12:58:20 -0300] "GET /cormun/servlet/hpexe_link HTTP/1.1" 200 956
191.125.131.9 - - [12/May/2022:12:58:20 -0300] "GET /cormun/servlet/hhome HTTP/1.1" 200 4255
191.125.131.9 - - [12/May/2022:12:58:21 -0300] "GET /cormun/servlet/hhome HTTP/1.1" 200 4251
191.125.131.9 - - [12/May/2022:12:58:21 -0300] "GET /cormun/static/SmoothNavMenu/resources/images/right.gif HTTP/1.1" 200 860
190.171.142.50 - - [12/May/2022:12:58:22 -0300] "POST /cormun/servlet/trpermisosadjuntos?a3a9c034c1fd1c4a3c9abc5001e307c0,17970245,20220511091228,P,,gx-no-cache=1652372671771 HTTP/1.1" 200 90
190.171.142.50 - - [12/May/2022:12:58:22 -0300] "GET /cormun/servlet/hpexe_link HTTP/1.1" 200 985
190.171.142.50 - - [12/May/2022:12:58:22 -0300] "GET /cormun/servlet/trpermisosgoce HTTP/1.1" 200 13558
190.171.142.50 - - [12/May/2022:12:58:22 -0300] "GET /cormun/servlet/trpermisosgoce HTTP/1.1" 200 13557
191.125.131.9 - - [12/May/2022:12:58:24 -0300] "GET /cormun/servlet/trautorizarsolicitud? HTTP/1.1" 200 9607
191.125.131.9 - - [12/May/2022:12:58:24 -0300] "GET /cormun/static/gxcfg.js?201991422414522 HTTP/1.1" 200 953
191.125.131.9 - - [12/May/2022:12:58:24 -0300] "GET /cormun/static/trautorizarsolicitud.js?201991422415463 HTTP/1.1" 200 53910
191.125.131.9 - - [12/May/2022:12:58:25 -0300] "GET /cormun/servlet/trautorizarsolicitud? HTTP/1.1" 200 9608
190.171.142.50 - - [12/May/2022:12:58:25 -0300] "GET /cormun/servlet/trpermisosadjuntos?12694090,20220511131436,P, HTTP/1.1" 200 6266
190.171.142.50 - - [12/May/2022:12:58:25 -0300] "GET /cormun/servlet/trpermisosadjuntos?12694090,20220511131436,P, HTTP/1.1" 200 6267
190.171.142.50 - - [12/May/2022:12:58:27 -0300] "GET /cormun/servlet/permisosadjuntos?INS,12694090,P,20220511131436,, HTTP/1.1" 200 5586
190.171.142.50 - - [12/May/2022:12:58:27 -0300] "GET /cormun/static/about:blank HTTP/1.1" 404 1011
190.171.142.50 - - [12/May/2022:12:58:27 -0300] "GET /cormun/servlet/permisosadjuntos?INS,12694090,P,20220511131436,, HTTP/1.1" 200 5576
191.125.131.9 - - [12/May/2022:12:58:28 -0300] "POST /cormun/servlet/trautorizarsolicitud?5ba2a68a584247d62b7b35b173b2cc98,,gx-no-cache=1652370324111 HTTP/1.1" 200 6453
191.125.131.9 - - [12/May/2022:12:58:29 -0300] "GET /cormun/static/Shared/jqueryui/images/ui-bg_highlight-soft_100_c6c2c8_1x100.png HTTP/1.1" 404 1117
191.125.131.9 - - [12/May/2022:12:58:29 -0300] "GET /cormun/static/Shared/jqueryui/images/ui-icons_82798d_256x240.png HTTP/1.1" 404 1089
191.125.131.9 - - [12/May/2022:12:58:29 -0300] "GET /cormun/static/Shared/jqueryui/images/ui-bg_flat_55_fafafa_40x100.png HTTP/1.1" 404 1097
191.125.131.9 - - [12/May/2022:12:58:29 -0300] "GET /cormun/static/Shared/jqueryui/images/ui-icons_8d78a5_256x240.png HTTP/1.1" 404 1089
191.125.131.9 - - [12/May/2022:12:58:29 -0300] "POST /cormun/servlet/trautorizarsolicitud?5ba2a68a584247d62b7b35b173b2cc98,,gx-no-cache=1652370324609 HTTP/1.1" 200 6397
191.125.131.9 - - [12/May/2022:12:58:31 -0300] "POST /cormun/servlet/trautorizarsolicitud?5ba2a68a584247d62b7b35b173b2cc98,,gx-no-cache=1652370326290 HTTP/1.1" 200 5965
191.125.131.9 - - [12/May/2022:12:58:31 -0300] "POST /cormun/servlet/trautorizarsolicitud?5ba2a68a584247d62b7b35b173b2cc98,,gx-no-cache=1652370326614 HTTP/1.1" 200 5911
191.125.131.9 - - [12/May/2022:12:58:33 -0300] "POST /cormun/servlet/trautorizarsolicitud?5ba2a68a584247d62b7b35b173b2cc98,,gx-no-cache=1652370328602 HTTP/1.1" 200 4765
191.125.131.9 - - [12/May/2022:12:58:33 -0300] "POST /cormun/servlet/trautorizarsolicitud?5ba2a68a584247d62b7b35b173b2cc98,,gx-no-cache=1652370328877 HTTP/1.1" 200 4531
190.171.142.50 - - [12/May/2022:12:58:34 -0300] "POST /cormun/servlet/permisosadjuntos?a3a9c034c1fd1c4a3c9abc5001e307c0,INS,12694090,P,20220511131436,, HTTP/1.1" 200 116
190.171.142.50 - - [12/May/2022:12:58:34 -0300] "GET /cormun/servlet/hpexe_return? HTTP/1.1" 200 1040
190.171.142.50 - - [12/May/2022:12:58:34 -0300] "GET /cormun/servlet/trpermisosadjuntos?12694090,20220511131436,P, HTTP/1.1" 200 6746
190.171.142.50 - - [12/May/2022:12:58:34 -0300] "GET /cormun/servlet/trpermisosadjuntos?12694090,20220511131436,P, HTTP/1.1" 200 6742
190.171.142.50 - - [12/May/2022:12:58:37 -0300] "POST /cormun/servlet/trpermisosadjuntos?a3a9c034c1fd1c4a3c9abc5001e307c0,12694090,20220511131436,P,,gx-no-cache=1652372686506 HTTP/1.1" 200 90
190.171.142.50 - - [12/May/2022:12:58:37 -0300] "GET /cormun/servlet/hpexe_link HTTP/1.1" 200 985
190.171.142.50 - - [12/May/2022:12:58:37 -0300] "GET /cormun/servlet/trpermisosgoce HTTP/1.1" 200 13558
190.171.142.50 - - [12/May/2022:12:58:37 -0300] "GET /cormun/servlet/trpermisosgoce HTTP/1.1" 200 13557
190.171.142.50 - - [12/May/2022:12:58:41 -0300] "POST /cormun/servlet/trpermisosgoce?a3a9c034c1fd1c4a3c9abc5001e307c0,gx-no-cache=1652372690164 HTTP/1.1" 200 10682
190.171.142.50 - - [12/May/2022:12:58:41 -0300] "GET /cormun/static/Shared/jqueryui/images/ui-bg_highlight-soft_100_c6c2c8_1x100.png HTTP/1.1" 404 1117
190.171.142.50 - - [12/May/2022:12:58:41 -0300] "GET /cormun/static/Shared/jqueryui/images/ui-icons_82798d_256x240.png HTTP/1.1" 404 1089
190.171.142.50 - - [12/May/2022:12:58:41 -0300] "GET /cormun/static/Shared/jqueryui/images/ui-icons_8d78a5_256x240.png HTTP/1.1" 404 1089
190.171.142.50 - - [12/May/2022:12:58:41 -0300] "GET /cormun/static/Shared/jqueryui/images/ui-bg_flat_55_fafafa_40x100.png HTTP/1.1" 404 1097
190.171.142.50 - - [12/May/2022:12:58:42 -0300] "POST /cormun/servlet/trpermisosgoce?a3a9c034c1fd1c4a3c9abc5001e307c0,gx-no-cache=1652372692002 HTTP/1.1" 200 10675
190.171.142.50 - - [12/May/2022:12:58:44 -0300] "POST /cormun/servlet/trpermisosgoce?a3a9c034c1fd1c4a3c9abc5001e307c0,gx-no-cache=1652372693713 HTTP/1.1" 200 10662
190.171.142.50 - - [12/May/2022:12:58:46 -0300] "POST /cormun/servlet/trpermisosgoce?a3a9c034c1fd1c4a3c9abc5001e307c0,gx-no-cache=1652372695281 HTTP/1.1" 200 10626
202.162.205.21 - - [12/May/2022:12:58:54 -0300] "GET / HTTP/1.1" 200 11217
190.171.142.50 - - [12/May/2022:12:58:56 -0300] "GET /cormun/servlet/hlogin HTTP/1.1" 200 1745
190.171.142.50 - - [12/May/2022:12:59:08 -0300] "POST /cormun/servlet/hlogin?a3a9c034c1fd1c4a3c9abc5001e307c0,gx-no-cache=1652372717640 HTTP/1.1" 200 90
190.171.142.50 - - [12/May/2022:12:59:08 -0300] "GET /cormun/servlet/hpexe_link HTTP/1.1" 200 953
190.171.142.50 - - [12/May/2022:12:59:08 -0300] "GET /cormun/servlet/hhome HTTP/1.1" 200 4212
190.171.142.50 - - [12/May/2022:12:59:08 -0300] "GET /cormun/static/SmoothNavMenu/resources/images/right.gif HTTP/1.1" 200 860
190.171.142.50 - - [12/May/2022:12:59:08 -0300] "GET /cormun/servlet/hhome HTTP/1.1" 200 4209
190.171.142.50 - - [12/May/2022:12:59:12 -0300] "GET /cormun/servlet/trautorizarpermisogoce? HTTP/1.1" 200 8598
190.171.142.50 - - [12/May/2022:12:59:12 -0300] "GET /cormun/static/gxcfg.js?2020121645532 HTTP/1.1" 200 953
190.171.142.50 - - [12/May/2022:12:59:12 -0300] "GET /cormun/static/trautorizarpermisogoce.js?2020121651492 HTTP/1.1" 200 34948
190.171.142.50 - - [12/May/2022:12:59:12 -0300] "GET /cormun/servlet/trautorizarpermisogoce? HTTP/1.1" 200 8596
190.171.142.50 - - [12/May/2022:12:59:16 -0300] "POST /cormun/servlet/trautorizarpermisogoce?a3a9c034c1fd1c4a3c9abc5001e307c0,,gx-no-cache=1652372725371 HTTP/1.1" 200 5759
190.171.142.50 - - [12/May/2022:12:59:16 -0300] "GET /cormun/static/Shared/jqueryui/images/ui-bg_highlight-soft_100_c6c2c8_1x100.png HTTP/1.1" 404 1117
190.171.142.50 - - [12/May/2022:12:59:16 -0300] "GET /cormun/static/Shared/jqueryui/images/ui-icons_82798d_256x240.png HTTP/1.1" 404 1089
190.171.142.50 - - [12/May/2022:12:59:16 -0300] "GET /cormun/static/Shared/jqueryui/images/ui-bg_flat_55_fafafa_40x100.png HTTP/1.1" 404 1097
190.171.142.50 - - [12/May/2022:12:59:16 -0300] "GET /cormun/static/Shared/jqueryui/images/ui-icons_8d78a5_256x240.png HTTP/1.1" 404 1089
190.171.142.50 - - [12/May/2022:12:59:17 -0300] "POST /cormun/servlet/trautorizarpermisogoce?a3a9c034c1fd1c4a3c9abc5001e307c0,,gx-no-cache=1652372726551 HTTP/1.1" 200 5543
190.171.142.50 - - [12/May/2022:12:59:18 -0300] "POST /cormun/servlet/trautorizarpermisogoce?a3a9c034c1fd1c4a3c9abc5001e307c0,,gx-no-cache=1652372727552 HTTP/1.1" 200 5281
190.171.142.50 - - [12/May/2022:12:59:19 -0300] "POST /cormun/servlet/trautorizarpermisogoce?a3a9c034c1fd1c4a3c9abc5001e307c0,,gx-no-cache=1652372728472 HTTP/1.1" 200 4529
186.67.172.234 - - [12/May/2022:12:59:34 -0300] "POST /cormun/servlet/permisogoce?92cae8f71e934b4693d087a61158ab13,INS,0,,,,gx-no-cache=1652370462944 HTTP/1.1" 200 93
186.67.172.234 - - [12/May/2022:12:59:34 -0300] "GET /cormun/servlet/hpexe_return? HTTP/1.1" 200 1032
186.67.172.234 - - [12/May/2022:12:59:35 -0300] "GET /cormun/servlet/trpermisosgoce?gx-no-cache=1652370273512 HTTP/1.1" 200 14290
186.67.172.234 - - [12/May/2022:12:59:35 -0300] "GET /cormun/servlet/trpermisosgoce?gx-no-cache=1652370273512 HTTP/1.1" 200 14307
40.77.167.71 - - [12/May/2022:12:59:36 -0300] "GET /cormun/servlet/hpexe_return HTTP/1.1" 200 965
157.55.39.113 - - [12/May/2022:12:59:39 -0300] "GET /cormun/servlet/hhome HTTP/1.1" 200 3311
190.171.142.50 - - [12/May/2022:12:59:48 -0300] "GET /cormun/servlet/hlogin HTTP/1.1" 200 1751
190.171.142.50 - - [12/May/2022:12:59:55 -0300] "POST /cormun/servlet/hlogin?a3a9c034c1fd1c4a3c9abc5001e307c0,gx-no-cache=1652372765344 HTTP/1.1" 200 90
190.171.142.50 - - [12/May/2022:12:59:55 -0300] "GET /cormun/servlet/hpexe_link HTTP/1.1" 200 953
190.171.142.50 - - [12/May/2022:12:59:56 -0300] "GET /cormun/servlet/hhome HTTP/1.1" 200 3943
190.171.142.50 - - [12/May/2022:12:59:56 -0300] "GET /cormun/servlet/hhome HTTP/1.1" 200 3940
190.171.142.50 - - [12/May/2022:12:59:59 -0300] "GET /cormun/servlet/trlicencias? HTTP/1.1" 200 13070
190.171.142.50 - - [12/May/2022:13:00:00 -0300] "GET /cormun/servlet/trlicencias? HTTP/1.1" 200 13071
186.67.172.234 - - [12/May/2022:13:00:05 -0300] "GET /cormun/servlet/trpermisosadjuntos?14204216,20220512114053,P, HTTP/1.1" 200 6705
186.67.172.234 - - [12/May/2022:13:00:05 -0300] "GET /cormun/servlet/trpermisosadjuntos?14204216,20220512114053,P, HTTP/1.1" 200 6683
186.67.172.234 - - [12/May/2022:13:00:08 -0300] "GET /cormun/servlet/permisosadjuntos?INS,14204216,P,20220512114053,, HTTP/1.1" 200 6009
186.67.172.234 - - [12/May/2022:13:00:09 -0300] "GET /cormun/static/about:blank HTTP/1.1" 404 1011
186.67.172.234 - - [12/May/2022:13:00:09 -0300] "GET /cormun/servlet/permisosadjuntos?INS,14204216,P,20220512114053,, HTTP/1.1" 200 5998
181.212.42.153 - - [12/May/2022:13:00:12 -0300] "GET /cormun/servlet/trsolicitudot? HTTP/1.1" 200 7764
181.212.42.153 - - [12/May/2022:13:00:12 -0300] "GET /cormun/servlet/hlogin HTTP/1.1" 200 1742
181.212.42.153 - - [12/May/2022:13:00:12 -0300] "GET /cormun/servlet/trsolicitudot? HTTP/1.1" 200 7762
181.212.42.153 - - [12/May/2022:13:00:12 -0300] "GET /cormun/servlet/trsolicitudot? HTTP/1.1" 200 7762
181.212.42.153 - - [12/May/2022:13:00:18 -0300] "POST /cormun/servlet/hlogin?bb6ad7f37b60f5a72e95f55ce6dea821,gx-no-cache=1652370505183 HTTP/1.1" 200 90
181.212.42.153 - - [12/May/2022:13:00:19 -0300] "GET /cormun/servlet/hpexe_link HTTP/1.1" 200 957
181.212.42.153 - - [12/May/2022:13:00:19 -0300] "GET /cormun/servlet/trsolicitudot HTTP/1.1" 200 7006
181.212.42.153 - - [12/May/2022:13:00:19 -0300] "GET /cormun/servlet/trsolicitudot HTTP/1.1" 200 7005
186.67.172.234 - - [12/May/2022:13:00:23 -0300] "POST /cormun/servlet/permisosadjuntos?92cae8f71e934b4693d087a61158ab13,INS,14204216,P,20220512114053,, HTTP/1.1" 200 116
186.67.172.234 - - [12/May/2022:13:00:23 -0300] "GET /cormun/servlet/hpexe_return? HTTP/1.1" 200 1038
186.67.172.234 - - [12/May/2022:13:00:23 -0300] "GET /cormun/servlet/trpermisosadjuntos?14204216,20220512114053,P, HTTP/1.1" 200 7181
186.67.172.234 - - [12/May/2022:13:00:24 -0300] "GET /cormun/servlet/trpermisosadjuntos?14204216,20220512114053,P, HTTP/1.1" 200 7178
181.212.42.153 - - [12/May/2022:13:00:24 -0300] "GET /cormun/servlet/solicitudot?INS,0,0,false, HTTP/1.1" 200 15685
181.212.42.153 - - [12/May/2022:13:00:24 -0300] "GET /cormun/servlet/solicitudot?INS,0,0,false, HTTP/1.1" 200 15693
186.67.172.234 - - [12/May/2022:13:00:27 -0300] "POST /cormun/servlet/trpermisosadjuntos?92cae8f71e934b4693d087a61158ab13,14204216,20220512114053,P,,gx-no-cache=1652370516322 HTTP/1.1" 200 90
186.67.172.234 - - [12/May/2022:13:00:27 -0300] "GET /cormun/servlet/hpexe_link HTTP/1.1" 200 1005
186.67.172.234 - - [12/May/2022:13:00:28 -0300] "GET /cormun/servlet/trpermisosgoce?gx-no-cache=1652370273512 HTTP/1.1" 200 14287
186.67.172.234 - - [12/May/2022:13:00:28 -0300] "GET /cormun/servlet/trpermisosgoce?gx-no-cache=1652370273512 HTTP/1.1" 200 14307
192.168.10.17 - - [12/May/2022:13:01:28 -0300] "GET /cormun/servlet/trsolicitudgral? HTTP/1.1" 200 18898
192.168.10.17 - - [12/May/2022:13:01:29 -0300] "GET /cormun/servlet/trsolicitudgral? HTTP/1.1" 200 18894
186.67.172.234 - - [12/May/2022:13:01:33 -0300] "POST /cormun/servlet/trpermisosgoce?92cae8f71e934b4693d087a61158ab13,gx-no-cache=1652370273512,gx-no-cache=1652370582122 HTTP/1.1" 200 11388
186.67.172.234 - - [12/May/2022:13:01:34 -0300] "GET /cormun/static/Shared/jqueryui/images/ui-bg_highlight-soft_100_c6c2c8_1x100.png HTTP/1.1" 404 1117
186.67.172.234 - - [12/May/2022:13:01:34 -0300] "GET /cormun/static/Shared/jqueryui/images/ui-icons_82798d_256x240.png HTTP/1.1" 404 1089
186.67.172.234 - - [12/May/2022:13:01:34 -0300] "GET /cormun/static/Shared/jqueryui/images/ui-bg_flat_55_fafafa_40x100.png HTTP/1.1" 404 1097
186.67.172.234 - - [12/May/2022:13:01:34 -0300] "GET /cormun/static/Shared/jqueryui/images/ui-icons_8d78a5_256x240.png HTTP/1.1" 404 1089
181.212.42.153 - - [12/May/2022:13:01:42 -0300] "POST /cormun/servlet/solicitudot?gx-no-cache=1652370588920 HTTP/1.1" 200 3850
181.212.42.153 - - [12/May/2022:13:01:42 -0300] "POST /cormun/servlet/solicitudot?bb6ad7f37b60f5a72e95f55ce6dea821,INS,0,0,false,,gx-no-cache=1652370589040 HTTP/1.1" 200 12388
181.212.42.153 - - [12/May/2022:13:01:44 -0300] "GET /cormun/servlet/solicitudot?e94595465332826d76cab2cc0f1573afffa476fa3e3f82f329235f527e4c29139438e9c8d737af1f1a974ae83b9c6b8a,gx-no-cache=1652370591189 HTTP/1.1" 200 30
186.67.172.234 - - [12/May/2022:13:01:45 -0300] "GET /cormun/servlet/permisogoce?INS,0,,, HTTP/1.1" 200 7286
186.67.172.234 - - [12/May/2022:13:01:45 -0300] "GET /cormun/servlet/permisogoce?INS,0,,, HTTP/1.1" 200 7264
186.67.172.234 - - [12/May/2022:13:02:04 -0300] "GET /cormun/servlet/permisogoce?80a82ab0cd72304344449109ba93cc9959bb344760dc1cb2e4d822820aa6c753d63e5a4ae9f7b8a373ed35eafbc6da464e77789539bcec3c80bf94a049aa4069,gx-no-cache=1652370613374 HTTP/1.1" 200 84
186.67.172.234 - - [12/May/2022:13:02:04 -0300] "GET /cormun/static/menuarrow.gif HTTP/1.1" 404 1015
186.67.172.234 - - [12/May/2022:13:02:16 -0300] "GET /cormun/servlet/permisogoce?80a82ab0cd72304344449109ba93cc99840f6ddaae3602f1b1d46e56874251d63256f68bc891bcbe2ae7d2ef3dd0b239bbfeb98c73849df0c07fb57087664b17,gx-no-cache=1652370624652 HTTP/1.1" 200 47
186.67.172.234 - - [12/May/2022:13:02:22 -0300] "POST /cormun/servlet/permisogoce?92cae8f71e934b4693d087a61158ab13,INS,0,,,,gx-no-cache=1652370630361 HTTP/1.1" 200 93
186.67.172.234 - - [12/May/2022:13:02:22 -0300] "GET /cormun/servlet/hpexe_return? HTTP/1.1" 200 1032
186.67.172.234 - - [12/May/2022:13:02:22 -0300] "GET /cormun/servlet/trpermisosgoce?gx-no-cache=1652370273512 HTTP/1.1" 200 14483
186.67.172.234 - - [12/May/2022:13:02:22 -0300] "GET /cormun/servlet/trpermisosgoce?gx-no-cache=1652370273512 HTTP/1.1" 200 14500
181.212.42.153 - - [12/May/2022:13:02:36 -0300] "GET /cormun/servlet/prbanco?,MD,,gxPopupLevel%3D0%3B HTTP/1.1" 200 6523
181.212.42.153 - - [12/May/2022:13:02:40 -0300] "GET /cormun/servlet/solicitudot?e94595465332826d76cab2cc0f1573afb9919a49a25879dcc7bea9721f1b80ed959a60d72a83006e9f8a9d8eeeaa520695a628e8353074120c026b2f0ee4e8a2,gx-no-cache=1652370646535 HTTP/1.1" 200 30
181.212.42.153 - - [12/May/2022:13:02:41 -0300] "GET /cormun/servlet/solicitudot?e94595465332826d76cab2cc0f1573af72a3e16f209271de4dbd10969247d56e,gx-no-cache=1652370647502 HTTP/1.1" 200 53
186.67.172.234 - - [12/May/2022:13:02:49 -0300] "POST /cormun/servlet/trpermisosgoce?92cae8f71e934b4693d087a61158ab13,gx-no-cache=1652370273512,gx-no-cache=1652370657738 HTTP/1.1" 200 11689
186.67.172.234 - - [12/May/2022:13:02:49 -0300] "GET /cormun/static/Shared/jqueryui/images/ui-bg_highlight-soft_100_c6c2c8_1x100.png HTTP/1.1" 404 1117
186.67.172.234 - - [12/May/2022:13:02:49 -0300] "GET /cormun/static/Shared/jqueryui/images/ui-icons_82798d_256x240.png HTTP/1.1" 404 1089
186.67.172.234 - - [12/May/2022:13:02:49 -0300] "GET /cormun/static/Shared/jqueryui/images/ui-bg_flat_55_fafafa_40x100.png HTTP/1.1" 404 1097
186.67.172.234 - - [12/May/2022:13:02:49 -0300] "GET /cormun/static/Shared/jqueryui/images/ui-icons_8d78a5_256x240.png HTTP/1.1" 404 1089
181.212.42.153 - - [12/May/2022:13:02:52 -0300] "POST /cormun/servlet/solicitudot?gx-no-cache=1652370658391 HTTP/1.1" 200 240
186.67.172.234 - - [12/May/2022:13:02:53 -0300] "GET /cormun/servlet/trpermisosadjuntos?18042487,20220512114548,P, HTTP/1.1" 200 6711
186.67.172.234 - - [12/May/2022:13:02:53 -0300] "GET /cormun/servlet/trpermisosadjuntos?18042487,20220512114548,P, HTTP/1.1" 200 6689
181.212.42.153 - - [12/May/2022:13:02:53 -0300] "GET /cormun/servlet/solicitudot?e94595465332826d76cab2cc0f1573af459f010c0de4451026efc3e8eaa606f260c3544e2b7494d7b809bfa2f0596875769838fe19100ed63c1fcbe5e1d0afa2f8d817ce7815e9d32b9058e00d5069af4cda4be597bd60bb07f67034862144fe9073b8e6f90ef9403c9e6bd330814fd015614e62e97cf55ce09edfff1e2fc15f63038c89fdf6bbee714c5c75cdcdad83fb9f33db5c49394aee7403c12f1212e0988add4d948be2672e84ffefa55e4f491e69be731a195d0978d9d28fbfb37af47290b6de78d83ea83da41241abbd04e1f7fd1cb8585f1e3c8d8b3b8f13b4fcea6c99de47d90fbaaf9ec60c18cb805ad35936738de538c7c3ba4c7bb688d45e002cd67d4d1813d6350b1da0849b18cfcdac624b1bc6e552b16e64223afcd33857e05190da2a5dbede76a592c7d8a2768386e357ec6c3a06faf343a4e623a60d158d50a6fdb31675c8c8ff9b3713b5a71d24190754f7e449034980cb0a2fe2a754575578ae14275fcface3b9763dbb7dd5088ebc37f07e19ef2841c7e9a5324c64,gx-no-cache=1652370659885 HTTP/1.1" 200 30
181.212.42.153 - - [12/May/2022:13:02:56 -0300] "POST /cormun/servlet/solicitudot?gx-no-cache=1652370662823 HTTP/1.1" 200 30
181.212.42.153 - - [12/May/2022:13:02:59 -0300] "GET /cormun/servlet/prfichaempleado?,MD,,gxPopupLevel%3D0%3B HTTP/1.1" 200 9267
186.67.172.234 - - [12/May/2022:13:03:02 -0300] "GET /cormun/servlet/permisosadjuntos?INS,18042487,P,20220512114548,, HTTP/1.1" 200 6016
186.67.172.234 - - [12/May/2022:13:03:02 -0300] "GET /cormun/static/about:blank HTTP/1.1" 404 1011
186.67.172.234 - - [12/May/2022:13:03:02 -0300] "GET /cormun/servlet/permisosadjuntos?INS,18042487,P,20220512114548,, HTTP/1.1" 200 6006
181.212.42.153 - - [12/May/2022:13:03:06 -0300] "POST /cormun/servlet/prfichaempleado?bb6ad7f37b60f5a72e95f55ce6dea821,,MD,,gxPopupLevel%3D0%3B,gx-no-cache=1652370672326 HTTP/1.1" 200 4373
181.212.42.153 - - [12/May/2022:13:03:11 -0300] "GET /cormun/servlet/prlicenciaspermisos?12291516,L,,MD,,gxPopupLevel%3D0%3B HTTP/1.1" 200 6883
181.212.42.153 - - [12/May/2022:13:03:13 -0300] "POST /cormun/servlet/solicitudot?gx-no-cache=1652370680106 HTTP/1.1" 200 1455
181.212.42.153 - - [12/May/2022:13:03:16 -0300] "POST /cormun/servlet/solicitudot?gx-no-cache=1652370682868 HTTP/1.1" 200 41
186.67.172.234 - - [12/May/2022:13:03:21 -0300] "POST /cormun/servlet/permisosadjuntos?92cae8f71e934b4693d087a61158ab13,INS,18042487,P,20220512114548,, HTTP/1.1" 200 116
186.67.172.234 - - [12/May/2022:13:03:21 -0300] "GET /cormun/servlet/hpexe_return? HTTP/1.1" 200 1040
186.67.172.234 - - [12/May/2022:13:03:21 -0300] "GET /cormun/servlet/trpermisosadjuntos?18042487,20220512114548,P, HTTP/1.1" 200 7189
186.67.172.234 - - [12/May/2022:13:03:22 -0300] "GET /cormun/servlet/trpermisosadjuntos?18042487,20220512114548,P, HTTP/1.1" 200 7187
181.212.42.153 - - [12/May/2022:13:03:27 -0300] "GET /cormun/servlet/solicitudot?e94595465332826d76cab2cc0f1573aff5fdf200a38911bfb3bc4611df1e15b19637d0ff16c986b615eb98a45826db6c6e3886a7d8630be03fa00f4ab8d7315deff043ea24dd091302e50f4f29e4cb487f45fcc34c878f5e3179e7ea64f5fc16a8abc5fe281685e9fdb43327eb3153c9,gx-no-cache=1652370693425 HTTP/1.1" 200 110
186.67.172.234 - - [12/May/2022:13:03:27 -0300] "POST /cormun/servlet/trpermisosadjuntos?92cae8f71e934b4693d087a61158ab13,18042487,20220512114548,P,,gx-no-cache=1652370695652 HTTP/1.1" 200 90
181.212.42.153 - - [12/May/2022:13:03:27 -0300] "POST /cormun/servlet/solicitudot?gx-no-cache=1652370693449 HTTP/1.1" 200 97
186.67.172.234 - - [12/May/2022:13:03:27 -0300] "GET /cormun/servlet/hpexe_link HTTP/1.1" 200 1007
186.67.172.234 - - [12/May/2022:13:03:27 -0300] "GET /cormun/servlet/trpermisosgoce?gx-no-cache=1652370273512 HTTP/1.1" 200 14480
186.67.172.234 - - [12/May/2022:13:03:27 -0300] "GET /cormun/servlet/trpermisosgoce?gx-no-cache=1652370273512 HTTP/1.1" 200 14500
181.212.42.153 - - [12/May/2022:13:03:30 -0300] "GET /cormun/servlet/solicitudot?e94595465332826d76cab2cc0f1573af7e77f8e31dc6dbea678cd9b44154f16648c5e68ac72668bb995449ce3d0b572886c5c367f4055ea219d1d89e49980367ef66d213ed07fe0addb68f6a28338019f034c336484fbf7101c8b968e6b4b9a57ae36f72d3772a830fa2ad88c2f6758d,gx-no-cache=1652370697083 HTTP/1.1" 200 29
181.212.42.153 - - [12/May/2022:13:03:30 -0300] "GET /cormun/static/menuarrow.gif HTTP/1.1" 404 1015
181.212.42.153 - - [12/May/2022:13:03:37 -0300] "GET /cormun/servlet/solicitudot?e94595465332826d76cab2cc0f1573af78264052f833b6961f7a2398f51aa0a345053309ce35dd94b09a903e00ddd38a,gx-no-cache=1652370703691 HTTP/1.1" 200 30
181.212.42.153 - - [12/May/2022:13:03:37 -0300] "POST /cormun/servlet/solicitudot?gx-no-cache=1652370703713 HTTP/1.1" 200 34
181.212.42.153 - - [12/May/2022:13:03:51 -0300] "POST /cormun/servlet/solicitudot?bb6ad7f37b60f5a72e95f55ce6dea821,INS,0,0,false,,gx-no-cache=1652370717036 HTTP/1.1" 200 93
181.212.42.153 - - [12/May/2022:13:03:51 -0300] "GET /cormun/servlet/hpexe_return? HTTP/1.1" 200 1008
181.212.42.153 - - [12/May/2022:13:03:51 -0300] "GET /cormun/servlet/trsolicitudot HTTP/1.1" 200 8508
181.212.42.153 - - [12/May/2022:13:03:51 -0300] "GET /cormun//static/Resources/PXTools/ActionInsert.png HTTP/1.1" 200 1482
181.212.42.153 - - [12/May/2022:13:03:51 -0300] "GET /cormun/servlet/trsolicitudot HTTP/1.1" 200 8504
192.168.10.17 - - [12/May/2022:13:04:26 -0300] "GET /cormun/servlet/vesolicitudgral?2022,18562,, HTTP/1.1" 200 8245
192.168.10.17 - - [12/May/2022:13:04:26 -0300] "GET /cormun/pexe_scrolldiv.js HTTP/1.1" 404 1009
192.168.10.17 - - [12/May/2022:13:04:26 -0300] "GET /cormun/servlet/vesolicitudgral?2022,18562,, HTTP/1.1" 200 8243
181.212.42.153 - - [12/May/2022:13:05:25 -0300] "POST /cormun/servlet/trsolicitudot?bb6ad7f37b60f5a72e95f55ce6dea821,gx-no-cache=1652370811312 HTTP/1.1" 200 107
181.212.42.153 - - [12/May/2022:13:05:25 -0300] "GET /cormun/servlet/trsolicitudadjuntos?2022,18689, HTTP/1.1" 200 6070
181.212.42.153 - - [12/May/2022:13:05:25 -0300] "GET /cormun/servlet/trsolicitudadjuntos?2022,18689, HTTP/1.1" 200 6070
181.212.42.153 - - [12/May/2022:13:05:31 -0300] "GET /cormun/servlet/solicitudotadjuntos?INS,2022,18689,,1, HTTP/1.1" 200 6014
181.212.42.153 - - [12/May/2022:13:05:32 -0300] "GET /cormun/static/about:blank HTTP/1.1" 404 1011
181.212.42.153 - - [12/May/2022:13:05:32 -0300] "GET /cormun/servlet/solicitudotadjuntos?INS,2022,18689,,1, HTTP/1.1" 200 6008
181.212.42.153 - - [12/May/2022:13:05:32 -0300] "GET /cormun/servlet/solicitudotadjuntos?e94595465332826d76cab2cc0f1573afecd0e0abdc2e238a21c91f854479307c4947d09ec76a0b341da23ae3db2687e3,gx-no-cache=1652370818776 HTTP/1.1" 200 30
181.212.42.153 - - [12/May/2022:13:05:32 -0300] "POST /cormun/servlet/solicitudotadjuntos?bb6ad7f37b60f5a72e95f55ce6dea821,INS,2022,18689,,1,,gx-no-cache=1652370818797 HTTP/1.1" 200 3894
181.212.42.153 - - [12/May/2022:13:05:33 -0300] "POST /cormun/servlet/solicitudotadjuntos?gx-no-cache=1652370820224 HTTP/1.1" 200 26
181.212.42.153 - - [12/May/2022:13:06:38 -0300] "GET /cormun/servlet/solicitudotadjuntos?e94595465332826d76cab2cc0f1573afaf3344e0ef60fc3264ee7cd2e81486b6,gx-no-cache=1652370884563 HTTP/1.1" 200 30
181.212.42.153 - - [12/May/2022:13:06:38 -0300] "GET /cormun/servlet/solicitudotadjuntos?e94595465332826d76cab2cc0f1573afaf3344e0ef60fc3264ee7cd2e81486b6,gx-no-cache=1652370884578 HTTP/1.1" 200 30
181.212.42.153 - - [12/May/2022:13:06:38 -0300] "POST /cormun/servlet/solicitudotadjuntos?bb6ad7f37b60f5a72e95f55ce6dea821,INS,2022,18689,,1, HTTP/1.1" 200 116
181.212.42.153 - - [12/May/2022:13:06:38 -0300] "GET /cormun/servlet/hpexe_return? HTTP/1.1" 200 1027
181.212.42.153 - - [12/May/2022:13:06:38 -0300] "GET /cormun/servlet/trsolicitudadjuntos?2022,18689, HTTP/1.1" 200 8839
181.212.42.153 - - [12/May/2022:13:06:38 -0300] "GET /cormun/servlet/trsolicitudadjuntos?2022,18689, HTTP/1.1" 200 8835
181.212.42.153 - - [12/May/2022:13:06:40 -0300] "GET /cormun/servlet/solicitudotadjuntos?INS,2022,18689,,1, HTTP/1.1" 200 6015
181.212.42.153 - - [12/May/2022:13:06:40 -0300] "GET /cormun/static/about:blank HTTP/1.1" 404 1011
181.212.42.153 - - [12/May/2022:13:06:40 -0300] "GET /cormun/servlet/solicitudotadjuntos?INS,2022,18689,,1, HTTP/1.1" 200 6009
181.212.42.153 - - [12/May/2022:13:06:41 -0300] "GET /cormun/servlet/solicitudotadjuntos?e94595465332826d76cab2cc0f1573afecd0e0abdc2e238a21c91f854479307c4947d09ec76a0b341da23ae3db2687e3,gx-no-cache=1652370887474 HTTP/1.1" 200 30
181.212.42.153 - - [12/May/2022:13:06:41 -0300] "POST /cormun/servlet/solicitudotadjuntos?bb6ad7f37b60f5a72e95f55ce6dea821,INS,2022,18689,,1,,gx-no-cache=1652370887497 HTTP/1.1" 200 3895
186.67.172.234 - - [12/May/2022:13:06:41 -0300] "GET /cormun/servlet/trpermisosadjuntos?18042487,20220512114548,P, HTTP/1.1" 200 7207
186.67.172.234 - - [12/May/2022:13:06:41 -0300] "GET /cormun/servlet/trpermisosadjuntos?18042487,20220512114548,P, HTTP/1.1" 200 7183
181.212.42.153 - - [12/May/2022:13:06:42 -0300] "POST /cormun/servlet/solicitudotadjuntos?gx-no-cache=1652370889135 HTTP/1.1" 200 26
186.67.172.234 - - [12/May/2022:13:06:45 -0300] "GET /cormun/servlet/permisosadjuntos?INS,18042487,P,20220512114548,, HTTP/1.1" 200 6017
186.67.172.234 - - [12/May/2022:13:06:45 -0300] "GET /cormun/static/about:blank HTTP/1.1" 404 1011
186.67.172.234 - - [12/May/2022:13:06:45 -0300] "GET /cormun/servlet/permisosadjuntos?INS,18042487,P,20220512114548,, HTTP/1.1" 200 6007
181.212.42.153 - - [12/May/2022:13:06:48 -0300] "GET /cormun/servlet/solicitudotadjuntos?e94595465332826d76cab2cc0f1573afaf3344e0ef60fc3264ee7cd2e81486b6,gx-no-cache=1652370895179 HTTP/1.1" 200 30
181.212.42.153 - - [12/May/2022:13:06:48 -0300] "GET /cormun/servlet/solicitudotadjuntos?e94595465332826d76cab2cc0f1573afaf3344e0ef60fc3264ee7cd2e81486b6,gx-no-cache=1652370895189 HTTP/1.1" 200 30
181.212.42.153 - - [12/May/2022:13:06:49 -0300] "POST /cormun/servlet/solicitudotadjuntos?bb6ad7f37b60f5a72e95f55ce6dea821,INS,2022,18689,,1, HTTP/1.1" 200 116
181.212.42.153 - - [12/May/2022:13:06:49 -0300] "GET /cormun/servlet/hpexe_return? HTTP/1.1" 200 1027
181.212.42.153 - - [12/May/2022:13:06:49 -0300] "GET /cormun/servlet/trsolicitudadjuntos?2022,18689, HTTP/1.1" 200 9125
181.212.42.153 - - [12/May/2022:13:06:49 -0300] "GET /cormun/servlet/trsolicitudadjuntos?2022,18689, HTTP/1.1" 200 9121
181.212.42.153 - - [12/May/2022:13:06:51 -0300] "GET /cormun/servlet/solicitudotadjuntos?INS,2022,18689,,1, HTTP/1.1" 200 6015
181.212.42.153 - - [12/May/2022:13:06:51 -0300] "GET /cormun/static/about:blank HTTP/1.1" 404 1011
181.212.42.153 - - [12/May/2022:13:06:51 -0300] "GET /cormun/servlet/solicitudotadjuntos?INS,2022,18689,,1, HTTP/1.1" 200 6009
181.212.42.153 - - [12/May/2022:13:06:51 -0300] "GET /cormun/servlet/solicitudotadjuntos?e94595465332826d76cab2cc0f1573afecd0e0abdc2e238a21c91f854479307c4947d09ec76a0b341da23ae3db2687e3,gx-no-cache=1652370898162 HTTP/1.1" 200 30
181.212.42.153 - - [12/May/2022:13:06:52 -0300] "POST /cormun/servlet/solicitudotadjuntos?bb6ad7f37b60f5a72e95f55ce6dea821,INS,2022,18689,,1,,gx-no-cache=1652370898186 HTTP/1.1" 200 3895
181.212.42.153 - - [12/May/2022:13:06:53 -0300] "POST /cormun/servlet/solicitudotadjuntos?gx-no-cache=1652370899663 HTTP/1.1" 200 26
181.212.42.153 - - [12/May/2022:13:06:59 -0300] "GET /cormun/servlet/solicitudotadjuntos?e94595465332826d76cab2cc0f1573afaf3344e0ef60fc3264ee7cd2e81486b6,gx-no-cache=1652370905271 HTTP/1.1" 200 30
181.212.42.153 - - [12/May/2022:13:06:59 -0300] "GET /cormun/servlet/solicitudotadjuntos?e94595465332826d76cab2cc0f1573afaf3344e0ef60fc3264ee7cd2e81486b6,gx-no-cache=1652370905281 HTTP/1.1" 200 30
181.212.42.153 - - [12/May/2022:13:06:59 -0300] "POST /cormun/servlet/solicitudotadjuntos?bb6ad7f37b60f5a72e95f55ce6dea821,INS,2022,18689,,1, HTTP/1.1" 200 116
181.212.42.153 - - [12/May/2022:13:06:59 -0300] "GET /cormun/servlet/hpexe_return? HTTP/1.1" 200 1027
181.212.42.153 - - [12/May/2022:13:06:59 -0300] "GET /cormun/servlet/trsolicitudadjuntos?2022,18689, HTTP/1.1" 200 9306
181.212.42.153 - - [12/May/2022:13:06:59 -0300] "GET /cormun/servlet/trsolicitudadjuntos?2022,18689, HTTP/1.1" 200 9303
181.212.42.153 - - [12/May/2022:13:07:01 -0300] "GET /cormun/servlet/solicitudotadjuntos?INS,2022,18689,,1, HTTP/1.1" 200 6015
181.212.42.153 - - [12/May/2022:13:07:01 -0300] "GET /cormun/static/about:blank HTTP/1.1" 404 1011
181.212.42.153 - - [12/May/2022:13:07:01 -0300] "GET /cormun/servlet/solicitudotadjuntos?INS,2022,18689,,1, HTTP/1.1" 200 6009
181.212.42.153 - - [12/May/2022:13:07:01 -0300] "GET /cormun/servlet/solicitudotadjuntos?e94595465332826d76cab2cc0f1573afecd0e0abdc2e238a21c91f854479307c4947d09ec76a0b341da23ae3db2687e3,gx-no-cache=1652370908079 HTTP/1.1" 200 30
181.212.42.153 - - [12/May/2022:13:07:01 -0300] "POST /cormun/servlet/solicitudotadjuntos?bb6ad7f37b60f5a72e95f55ce6dea821,INS,2022,18689,,1,,gx-no-cache=1652370908106 HTTP/1.1" 200 3895
186.67.172.234 - - [12/May/2022:13:07:03 -0300] "POST /cormun/servlet/permisosadjuntos?92cae8f71e934b4693d087a61158ab13,INS,18042487,P,20220512114548,, HTTP/1.1" 200 116
186.67.172.234 - - [12/May/2022:13:07:03 -0300] "GET /cormun/servlet/hpexe_return? HTTP/1.1" 200 1040
181.212.42.153 - - [12/May/2022:13:07:03 -0300] "POST /cormun/servlet/solicitudotadjuntos?gx-no-cache=1652370909839 HTTP/1.1" 200 26
186.67.172.234 - - [12/May/2022:13:07:03 -0300] "GET /cormun/servlet/trpermisosadjuntos?18042487,20220512114548,P, HTTP/1.1" 200 7288
186.67.172.234 - - [12/May/2022:13:07:04 -0300] "GET /cormun/servlet/trpermisosadjuntos?18042487,20220512114548,P, HTTP/1.1" 200 7282
186.67.172.234 - - [12/May/2022:13:07:09 -0300] "GET /cormun/servlet/permisosadjuntos?DLT,18042487,P,20220512114548,20220512114705, HTTP/1.1" 200 6033
186.67.172.234 - - [12/May/2022:13:07:09 -0300] "GET /cormun/static/Shared/jqueryui/images/ui-icons_82798d_256x240.png HTTP/1.1" 404 1089
186.67.172.234 - - [12/May/2022:13:07:09 -0300] "GET /cormun/static/Shared/jqueryui/images/ui-bg_flat_55_fafafa_40x100.png HTTP/1.1" 404 1097
186.67.172.234 - - [12/May/2022:13:07:09 -0300] "GET /cormun/static/Shared/jqueryui/images/ui-icons_8d78a5_256x240.png HTTP/1.1" 404 1089
186.67.172.234 - - [12/May/2022:13:07:09 -0300] "GET /cormun/static/Shared/jqueryui/images/ui-bg_highlight-soft_100_c6c2c8_1x100.png HTTP/1.1" 404 1117
186.67.172.234 - - [12/May/2022:13:07:09 -0300] "GET /cormun/servlet/permisosadjuntos?DLT,18042487,P,20220512114548,20220512114705, HTTP/1.1" 200 6023
186.67.172.234 - - [12/May/2022:13:07:09 -0300] "GET /cormun/PublicTempStorage/img083571146.pdf HTTP/1.1" 200 317439
181.212.42.153 - - [12/May/2022:13:07:10 -0300] "GET /cormun/servlet/solicitudotadjuntos?e94595465332826d76cab2cc0f1573afaf3344e0ef60fc3264ee7cd2e81486b6,gx-no-cache=1652370916416 HTTP/1.1" 200 30
181.212.42.153 - - [12/May/2022:13:07:10 -0300] "GET /cormun/servlet/solicitudotadjuntos?e94595465332826d76cab2cc0f1573afaf3344e0ef60fc3264ee7cd2e81486b6,gx-no-cache=1652370916427 HTTP/1.1" 200 30
181.212.42.153 - - [12/May/2022:13:07:10 -0300] "POST /cormun/servlet/solicitudotadjuntos?bb6ad7f37b60f5a72e95f55ce6dea821,INS,2022,18689,,1, HTTP/1.1" 200 116
181.212.42.153 - - [12/May/2022:13:07:10 -0300] "GET /cormun/servlet/hpexe_return? HTTP/1.1" 200 1027
181.212.42.153 - - [12/May/2022:13:07:10 -0300] "GET /cormun/servlet/trsolicitudadjuntos?2022,18689, HTTP/1.1" 200 9589
181.212.42.153 - - [12/May/2022:13:07:10 -0300] "GET /cormun/servlet/trsolicitudadjuntos?2022,18689, HTTP/1.1" 200 9585
186.67.172.234 - - [12/May/2022:13:07:11 -0300] "POST /cormun/servlet/permisosadjuntos?92cae8f71e934b4693d087a61158ab13,DLT,18042487,P,20220512114548,20220512114705,,gx-no-cache=1652370919513 HTTP/1.1" 200 93
186.67.172.234 - - [12/May/2022:13:07:11 -0300] "GET /cormun/servlet/hpexe_return? HTTP/1.1" 200 1045
186.67.172.234 - - [12/May/2022:13:07:11 -0300] "GET /cormun/servlet/trpermisosadjuntos?18042487,20220512114548,P, HTTP/1.1" 200 7189
186.67.172.234 - - [12/May/2022:13:07:11 -0300] "GET /cormun/servlet/trpermisosadjuntos?18042487,20220512114548,P, HTTP/1.1" 200 7187
181.212.42.153 - - [12/May/2022:13:07:12 -0300] "GET /cormun/servlet/solicitudotadjuntos?INS,2022,18689,,1, HTTP/1.1" 200 6015
181.212.42.153 - - [12/May/2022:13:07:12 -0300] "GET /cormun/static/about:blank HTTP/1.1" 404 1011
181.212.42.153 - - [12/May/2022:13:07:12 -0300] "GET /cormun/servlet/solicitudotadjuntos?INS,2022,18689,,1, HTTP/1.1" 200 6009
181.212.42.153 - - [12/May/2022:13:07:13 -0300] "GET /cormun/servlet/solicitudotadjuntos?e94595465332826d76cab2cc0f1573afecd0e0abdc2e238a21c91f854479307c4947d09ec76a0b341da23ae3db2687e3,gx-no-cache=1652370919262 HTTP/1.1" 200 30
181.212.42.153 - - [12/May/2022:13:07:13 -0300] "POST /cormun/servlet/solicitudotadjuntos?bb6ad7f37b60f5a72e95f55ce6dea821,INS,2022,18689,,1,,gx-no-cache=1652370919292 HTTP/1.1" 200 3895
181.212.42.153 - - [12/May/2022:13:07:14 -0300] "POST /cormun/servlet/solicitudotadjuntos?gx-no-cache=1652370920943 HTTP/1.1" 200 26
181.212.42.153 - - [12/May/2022:13:07:18 -0300] "GET /cormun/servlet/solicitudotadjuntos?e94595465332826d76cab2cc0f1573afaf3344e0ef60fc3264ee7cd2e81486b6,gx-no-cache=1652370924891 HTTP/1.1" 200 30
181.212.42.153 - - [12/May/2022:13:07:18 -0300] "GET /cormun/servlet/solicitudotadjuntos?e94595465332826d76cab2cc0f1573afaf3344e0ef60fc3264ee7cd2e81486b6,gx-no-cache=1652370924902 HTTP/1.1" 200 30
181.212.42.153 - - [12/May/2022:13:07:18 -0300] "POST /cormun/servlet/solicitudotadjuntos?bb6ad7f37b60f5a72e95f55ce6dea821,INS,2022,18689,,1, HTTP/1.1" 200 116
181.212.42.153 - - [12/May/2022:13:07:18 -0300] "GET /cormun/servlet/hpexe_return? HTTP/1.1" 200 1027
181.212.42.153 - - [12/May/2022:13:07:18 -0300] "GET /cormun/servlet/trsolicitudadjuntos?2022,18689, HTTP/1.1" 200 9900
181.212.42.153 - - [12/May/2022:13:07:19 -0300] "GET /cormun/servlet/trsolicitudadjuntos?2022,18689, HTTP/1.1" 200 9898
186.67.172.234 - - [12/May/2022:13:07:19 -0300] "POST /cormun/servlet/trpermisosadjuntos?92cae8f71e934b4693d087a61158ab13,18042487,20220512114548,P,,gx-no-cache=1652370927934 HTTP/1.1" 200 90
186.67.172.234 - - [12/May/2022:13:07:19 -0300] "GET /cormun/servlet/hpexe_link HTTP/1.1" 200 1007
186.67.172.234 - - [12/May/2022:13:07:19 -0300] "GET /cormun/servlet/trpermisosgoce?gx-no-cache=1652370273512 HTTP/1.1" 200 14480
186.67.172.234 - - [12/May/2022:13:07:20 -0300] "GET /cormun/servlet/trpermisosgoce?gx-no-cache=1652370273512 HTTP/1.1" 200 14500
181.212.42.153 - - [12/May/2022:13:07:20 -0300] "GET /cormun/servlet/solicitudotadjuntos?INS,2022,18689,,1, HTTP/1.1" 200 6015
181.212.42.153 - - [12/May/2022:13:07:20 -0300] "GET /cormun/static/about:blank HTTP/1.1" 404 1011
181.212.42.153 - - [12/May/2022:13:07:21 -0300] "GET /cormun/servlet/solicitudotadjuntos?INS,2022,18689,,1, HTTP/1.1" 200 6009
181.212.42.153 - - [12/May/2022:13:07:21 -0300] "GET /cormun/servlet/solicitudotadjuntos?e94595465332826d76cab2cc0f1573afecd0e0abdc2e238a21c91f854479307c4947d09ec76a0b341da23ae3db2687e3,gx-no-cache=1652370927713 HTTP/1.1" 200 30
181.212.42.153 - - [12/May/2022:13:07:21 -0300] "POST /cormun/servlet/solicitudotadjuntos?bb6ad7f37b60f5a72e95f55ce6dea821,INS,2022,18689,,1,,gx-no-cache=1652370927733 HTTP/1.1" 200 3895
181.212.42.153 - - [12/May/2022:13:07:23 -0300] "POST /cormun/servlet/solicitudotadjuntos?gx-no-cache=1652370929722 HTTP/1.1" 200 26
181.212.42.153 - - [12/May/2022:13:07:30 -0300] "GET /cormun/servlet/solicitudotadjuntos?e94595465332826d76cab2cc0f1573afaf3344e0ef60fc3264ee7cd2e81486b6,gx-no-cache=1652370936683 HTTP/1.1" 200 30
181.212.42.153 - - [12/May/2022:13:07:30 -0300] "GET /cormun/servlet/solicitudotadjuntos?e94595465332826d76cab2cc0f1573afaf3344e0ef60fc3264ee7cd2e81486b6,gx-no-cache=1652370936694 HTTP/1.1" 200 30
181.212.42.153 - - [12/May/2022:13:07:30 -0300] "POST /cormun/servlet/solicitudotadjuntos?bb6ad7f37b60f5a72e95f55ce6dea821,INS,2022,18689,,1, HTTP/1.1" 200 116
181.212.42.153 - - [12/May/2022:13:07:31 -0300] "GET /cormun/servlet/hpexe_return? HTTP/1.1" 200 1027
181.212.42.153 - - [12/May/2022:13:07:31 -0300] "GET /cormun/servlet/trsolicitudadjuntos?2022,18689, HTTP/1.1" 200 10101
181.212.42.153 - - [12/May/2022:13:07:31 -0300] "GET /cormun/servlet/trsolicitudadjuntos?2022,18689, HTTP/1.1" 200 10096
186.67.172.234 - - [12/May/2022:13:07:37 -0300] "POST /cormun/servlet/trpermisosgoce?92cae8f71e934b4693d087a61158ab13,gx-no-cache=1652370273512,gx-no-cache=1652370945969 HTTP/1.1" 200 11644
186.67.172.234 - - [12/May/2022:13:07:37 -0300] "GET /cormun/static/Shared/jqueryui/images/ui-bg_highlight-soft_100_c6c2c8_1x100.png HTTP/1.1" 404 1117
186.67.172.234 - - [12/May/2022:13:07:37 -0300] "GET /cormun/static/Shared/jqueryui/images/ui-icons_82798d_256x240.png HTTP/1.1" 404 1089
186.67.172.234 - - [12/May/2022:13:07:37 -0300] "GET /cormun/static/Shared/jqueryui/images/ui-bg_flat_55_fafafa_40x100.png HTTP/1.1" 404 1097
186.67.172.234 - - [12/May/2022:13:07:37 -0300] "GET /cormun/static/Shared/jqueryui/images/ui-icons_8d78a5_256x240.png HTTP/1.1" 404 1089
181.212.42.153 - - [12/May/2022:13:07:38 -0300] "GET /cormun/servlet/trsolicitudot? HTTP/1.1" 200 8511
181.212.42.153 - - [12/May/2022:13:07:38 -0300] "GET /cormun/servlet/trsolicitudot? HTTP/1.1" 200 8504
186.67.172.234 - - [12/May/2022:13:07:47 -0300] "GET /cormun/servlet/permisogoce?INS,0,,, HTTP/1.1" 200 7286
186.67.172.234 - - [12/May/2022:13:07:47 -0300] "GET /cormun/servlet/permisogoce?INS,0,,, HTTP/1.1" 200 7262
181.212.42.153 - - [12/May/2022:13:07:48 -0300] "POST /cormun/servlet/trsolicitudot?bb6ad7f37b60f5a72e95f55ce6dea821,,gx-no-cache=1652370954773 HTTP/1.1" 200 4330
181.212.42.153 - - [12/May/2022:13:07:48 -0300] "GET /cormun/static/Shared/jqueryui/images/ui-bg_highlight-soft_100_c6c2c8_1x100.png HTTP/1.1" 404 1117
181.212.42.153 - - [12/May/2022:13:07:48 -0300] "GET /cormun/static/Shared/jqueryui/images/ui-icons_82798d_256x240.png HTTP/1.1" 404 1089
181.212.42.153 - - [12/May/2022:13:07:48 -0300] "GET /cormun/static/Shared/jqueryui/images/ui-bg_flat_55_fafafa_40x100.png HTTP/1.1" 404 1097
181.212.42.153 - - [12/May/2022:13:07:48 -0300] "GET /cormun/static/Shared/jqueryui/images/ui-icons_8d78a5_256x240.png HTTP/1.1" 404 1089
181.212.42.153 - - [12/May/2022:13:07:48 -0300] "POST /cormun/servlet/trsolicitudot?bb6ad7f37b60f5a72e95f55ce6dea821,,gx-no-cache=1652370954929 HTTP/1.1" 200 4073
181.212.42.153 - - [12/May/2022:13:07:51 -0300] "GET /cormun/servlet/trsolicitudot? HTTP/1.1" 200 7005
181.212.42.153 - - [12/May/2022:13:07:51 -0300] "GET /cormun/servlet/trsolicitudot? HTTP/1.1" 200 7005
181.212.42.153 - - [12/May/2022:13:07:59 -0300] "GET /cormun/servlet/hlogin HTTP/1.1" 200 1742
181.212.42.153 - - [12/May/2022:13:08:07 -0300] "POST /cormun/servlet/hlogin?bb6ad7f37b60f5a72e95f55ce6dea821,gx-no-cache=1652370973643 HTTP/1.1" 200 90
181.212.42.153 - - [12/May/2022:13:08:07 -0300] "GET /cormun/servlet/hpexe_link HTTP/1.1" 200 951
181.212.42.153 - - [12/May/2022:13:08:07 -0300] "GET /cormun/servlet/hhome HTTP/1.1" 200 4336
181.212.42.153 - - [12/May/2022:13:08:07 -0300] "GET /cormun/servlet/hhome HTTP/1.1" 200 4333
181.212.42.153 - - [12/May/2022:13:08:10 -0300] "GET /cormun/servlet/trautorizarsolicitud? HTTP/1.1" 200 8882
181.212.42.153 - - [12/May/2022:13:08:10 -0300] "GET /cormun/servlet/trautorizarsolicitud? HTTP/1.1" 200 8880
181.212.42.153 - - [12/May/2022:13:08:22 -0300] "GET /cormun/servlet/veautorizarsolicitud?2022,18689,, HTTP/1.1" 200 8650
181.212.42.153 - - [12/May/2022:13:08:22 -0300] "GET /cormun/pexe_scrolldiv.js HTTP/1.1" 404 1009
181.212.42.153 - - [12/May/2022:13:08:22 -0300] "GET /cormun/servlet/veautorizarsolicitud?2022,18689,, HTTP/1.1" 200 8650
181.212.42.153 - - [12/May/2022:13:08:25 -0300] "POST /cormun/servlet/veautorizarsolicitud?bb6ad7f37b60f5a72e95f55ce6dea821,2022,18689,,,gx-no-cache=1652370992084 HTTP/1.1" 200 93
181.212.42.153 - - [12/May/2022:13:08:25 -0300] "GET /cormun/servlet/hpexe_return? HTTP/1.1" 200 1016
181.212.42.153 - - [12/May/2022:13:08:26 -0300] "GET /cormun/servlet/trautorizarsolicitud HTTP/1.1" 200 8884
181.212.42.153 - - [12/May/2022:13:08:26 -0300] "GET /cormun/servlet/trautorizarsolicitud HTTP/1.1" 200 8880
181.212.42.153 - - [12/May/2022:13:08:27 -0300] "POST /cormun/servlet/trautorizarsolicitud?bb6ad7f37b60f5a72e95f55ce6dea821,gx-no-cache=1652370994037 HTTP/1.1" 200 4788
181.212.42.153 - - [12/May/2022:13:08:27 -0300] "GET /cormun/static/Shared/jqueryui/images/ui-bg_highlight-soft_100_c6c2c8_1x100.png HTTP/1.1" 404 1117
181.212.42.153 - - [12/May/2022:13:08:27 -0300] "GET /cormun/static/Shared/jqueryui/images/ui-icons_82798d_256x240.png HTTP/1.1" 404 1089
181.212.42.153 - - [12/May/2022:13:08:27 -0300] "GET /cormun/static/Shared/jqueryui/images/ui-bg_flat_55_fafafa_40x100.png HTTP/1.1" 404 1097
181.212.42.153 - - [12/May/2022:13:08:27 -0300] "GET /cormun/static/Shared/jqueryui/images/ui-icons_8d78a5_256x240.png HTTP/1.1" 404 1089
181.212.42.153 - - [12/May/2022:13:08:28 -0300] "POST /cormun/servlet/trautorizarsolicitud?bb6ad7f37b60f5a72e95f55ce6dea821,gx-no-cache=1652370994200 HTTP/1.1" 200 4527
181.212.42.153 - - [12/May/2022:13:08:30 -0300] "GET /cormun/servlet/trsolicitudot? HTTP/1.1" 200 7554
181.212.42.153 - - [12/May/2022:13:08:31 -0300] "GET /cormun/servlet/trsolicitudot? HTTP/1.1" 200 7553
190.171.149.74 - - [12/May/2022:13:10:37 -0300] "POST /cormun/servlet/trlicencias?d7d85be887f340186e59704b7087ab80,,gx-no-cache=1652371053140 HTTP/1.1" 200 9836
190.171.149.74 - - [12/May/2022:13:10:38 -0300] "POST /cormun/servlet/trlicencias?d7d85be887f340186e59704b7087ab80,,gx-no-cache=1652371054160 HTTP/1.1" 200 9836
186.67.172.234 - - [12/May/2022:13:12:27 -0300] "GET /cormun/servlet/permisogoce?80a82ab0cd72304344449109ba93cc9928261e9a90bfa767fd733091028af4d5b33d97e6aafafaa7c584210c486bf2999a41b392b4e217500ed566463775f7fc,gx-no-cache=1652371235489 HTTP/1.1" 200 82
186.67.172.234 - - [12/May/2022:13:12:27 -0300] "GET /cormun/static/menuarrow.gif HTTP/1.1" 404 1015
186.67.172.234 - - [12/May/2022:13:12:39 -0300] "GET /cormun/servlet/permisogoce?80a82ab0cd72304344449109ba93cc99a7cb3cd34c2e082f9e6b2a583304043274802b82e44cafe9800218e67eba65a70188713668bc6cb9fa36cb7d87dfecd0,gx-no-cache=1652371248387 HTTP/1.1" 200 47
192.168.10.17 - - [12/May/2022:13:12:46 -0300] "GET /cormun/servlet/trsolicitudgral? HTTP/1.1" 200 18454
192.168.10.17 - - [12/May/2022:13:12:46 -0300] "GET /cormun/servlet/trsolicitudgral? HTTP/1.1" 200 18450
192.168.10.17 - - [12/May/2022:13:13:41 -0300] "GET /cormun/servlet/vesolicitudgral?2022,18560,, HTTP/1.1" 200 8219
192.168.10.17 - - [12/May/2022:13:13:41 -0300] "GET /cormun/pexe_scrolldiv.js HTTP/1.1" 404 1009
192.168.10.17 - - [12/May/2022:13:13:42 -0300] "GET /cormun/servlet/vesolicitudgral?2022,18560,, HTTP/1.1" 200 8218
186.67.172.234 - - [12/May/2022:13:14:14 -0300] "POST /cormun/servlet/permisogoce?92cae8f71e934b4693d087a61158ab13,INS,0,,,,gx-no-cache=1652371342647 HTTP/1.1" 200 93
186.67.172.234 - - [12/May/2022:13:14:14 -0300] "GET /cormun/servlet/hpexe_return? HTTP/1.1" 200 1032
186.67.172.234 - - [12/May/2022:13:14:14 -0300] "GET /cormun/servlet/trpermisosgoce?gx-no-cache=1652370273512 HTTP/1.1" 200 14734
186.67.172.234 - - [12/May/2022:13:14:15 -0300] "GET /cormun/servlet/trpermisosgoce?gx-no-cache=1652370273512 HTTP/1.1" 200 14750
192.168.10.17 - - [12/May/2022:13:15:38 -0300] "GET /cormun/servlet/vesolicitudgral?2022,18560,,SolicitudOTAdjuntos HTTP/1.1" 200 10649
192.168.10.17 - - [12/May/2022:13:15:38 -0300] "GET /cormun/pexe_scrolldiv.js HTTP/1.1" 404 1009
192.168.10.17 - - [12/May/2022:13:15:38 -0300] "GET /cormun/servlet/vesolicitudgral?2022,18560,,SolicitudOTAdjuntos HTTP/1.1" 200 10652
192.168.10.17 - - [12/May/2022:13:15:39 -0300] "POST /cormun/servlet/acontrolpreferencessavestate?None,RRHH+DANIELA,true HTTP/1.1" 200 35
186.67.172.234 - - [12/May/2022:13:15:48 -0300] "POST /cormun/servlet/trpermisosgoce?92cae8f71e934b4693d087a61158ab13,gx-no-cache=1652370273512,gx-no-cache=1652371436963 HTTP/1.1" 200 11980
186.67.172.234 - - [12/May/2022:13:15:48 -0300] "GET /cormun/static/Shared/jqueryui/images/ui-bg_highlight-soft_100_c6c2c8_1x100.png HTTP/1.1" 404 1117
186.67.172.234 - - [12/May/2022:13:15:48 -0300] "GET /cormun/static/Shared/jqueryui/images/ui-icons_82798d_256x240.png HTTP/1.1" 404 1089
186.67.172.234 - - [12/May/2022:13:15:48 -0300] "GET /cormun/static/Shared/jqueryui/images/ui-bg_flat_55_fafafa_40x100.png HTTP/1.1" 404 1097
186.67.172.234 - - [12/May/2022:13:15:48 -0300] "GET /cormun/static/Shared/jqueryui/images/ui-icons_8d78a5_256x240.png HTTP/1.1" 404 1089
186.67.172.234 - - [12/May/2022:13:15:51 -0300] "GET /cormun/servlet/trpermisosadjuntos?7281343,20220512115149,P, HTTP/1.1" 200 6713
186.67.172.234 - - [12/May/2022:13:15:51 -0300] "GET /cormun/servlet/trpermisosadjuntos?7281343,20220512115149,P, HTTP/1.1" 200 6691
186.67.172.234 - - [12/May/2022:13:15:54 -0300] "GET /cormun/servlet/permisosadjuntos?INS,7281343,P,20220512115149,, HTTP/1.1" 200 6018
186.67.172.234 - - [12/May/2022:13:15:54 -0300] "GET /cormun/static/about:blank HTTP/1.1" 404 1011
186.67.172.234 - - [12/May/2022:13:15:54 -0300] "GET /cormun/servlet/permisosadjuntos?INS,7281343,P,20220512115149,, HTTP/1.1" 200 6008
192.168.10.17 - - [12/May/2022:13:15:56 -0300] "GET /cormun/PublicTempStorage/certificado_de_afp3545224.pdf HTTP/1.1" 200 91360
192.168.10.17 - - [12/May/2022:13:15:59 -0300] "GET /cormun/servlet/vesolicitudgral?2022,18560,,SolicitudOTAdjuntos HTTP/1.1" 200 10650
192.168.10.17 - - [12/May/2022:13:16:00 -0300] "GET /cormun/servlet/vesolicitudgral?2022,18560,,SolicitudOTAdjuntos HTTP/1.1" 200 10652
192.168.10.17 - - [12/May/2022:13:16:01 -0300] "POST /cormun/servlet/acontrolpreferencessavestate?None,RRHH+DANIELA,true HTTP/1.1" 200 35
186.67.172.234 - - [12/May/2022:13:16:07 -0300] "POST /cormun/servlet/permisosadjuntos?92cae8f71e934b4693d087a61158ab13,INS,7281343,P,20220512115149,, HTTP/1.1" 200 116
186.67.172.234 - - [12/May/2022:13:16:07 -0300] "GET /cormun/servlet/hpexe_return? HTTP/1.1" 200 1038
186.67.172.234 - - [12/May/2022:13:16:07 -0300] "GET /cormun/servlet/trpermisosadjuntos?7281343,20220512115149,P, HTTP/1.1" 200 7191
186.67.172.234 - - [12/May/2022:13:16:07 -0300] "GET /cormun/servlet/trpermisosadjuntos?7281343,20220512115149,P, HTTP/1.1" 200 7187
192.168.10.17 - - [12/May/2022:13:16:09 -0300] "GET /cormun/PublicTempStorage/cv_alfredo_herrera5629641.pdf HTTP/1.1" 200 597418
186.67.172.234 - - [12/May/2022:13:16:12 -0300] "POST /cormun/servlet/trpermisosadjuntos?92cae8f71e934b4693d087a61158ab13,7281343,20220512115149,P,,gx-no-cache=1652371461162 HTTP/1.1" 200 90
186.67.172.234 - - [12/May/2022:13:16:12 -0300] "GET /cormun/servlet/hpexe_link HTTP/1.1" 200 1006
