190.171.143.106 - - [11/May/2022:10:23:24 -0300] "GET /cormun/servlet/trsolicitudot? HTTP/1.1" 200 8611
190.171.143.106 - - [11/May/2022:10:23:26 -0300] "POST /cormun/servlet/trsolicitudot?f5fd3c9b6225d71c09d6dfa18ae9b4bb,,gx-no-cache=1652274622091 HTTP/1.1" 200 107
190.171.143.106 - - [11/May/2022:10:23:26 -0300] "GET /cormun/servlet/trsolicitudadjuntos?2022,18658, HTTP/1.1" 200 6072
190.171.143.106 - - [11/May/2022:10:23:27 -0300] "GET /cormun/servlet/trsolicitudadjuntos?2022,18658, HTTP/1.1" 200 6072
190.171.143.106 - - [11/May/2022:10:23:28 -0300] "GET /cormun/servlet/solicitudotadjuntos?INS,2022,18658,,1, HTTP/1.1" 200 6018
190.171.143.106 - - [11/May/2022:10:23:28 -0300] "GET /cormun/static/about:blank HTTP/1.1" 404 1011
190.171.143.106 - - [11/May/2022:10:23:28 -0300] "GET /cormun/servlet/solicitudotadjuntos?INS,2022,18658,,1, HTTP/1.1" 200 6011
190.171.143.106 - - [11/May/2022:10:23:29 -0300] "GET /cormun/servlet/solicitudotadjuntos?ae16136ec8f944d2f01ee673cedc6b9f2b3944c9f473efc6a245a04c66f9226fcf8f026ad57b082ef368d972654e34fd,gx-no-cache=1652274624409 HTTP/1.1" 200 30
190.171.143.106 - - [11/May/2022:10:23:29 -0300] "POST /cormun/servlet/solicitudotadjuntos?f5fd3c9b6225d71c09d6dfa18ae9b4bb,INS,2022,18658,,1,,gx-no-cache=1652274624423 HTTP/1.1" 200 3868
190.171.143.106 - - [11/May/2022:10:23:33 -0300] "POST /cormun/servlet/solicitudotadjuntos?gx-no-cache=1652274628978 HTTP/1.1" 200 26
190.171.143.106 - - [11/May/2022:10:23:59 -0300] "GET /cormun/servlet/solicitudotadjuntos?ae16136ec8f944d2f01ee673cedc6b9fc34368bab275d0c920e07259bb40bf7f,gx-no-cache=1652274655090 HTTP/1.1" 200 30
190.171.143.106 - - [11/May/2022:10:23:59 -0300] "GET /cormun/servlet/solicitudotadjuntos?ae16136ec8f944d2f01ee673cedc6b9fc34368bab275d0c920e07259bb40bf7f,gx-no-cache=1652274655106 HTTP/1.1" 200 30
190.171.143.106 - - [11/May/2022:10:24:00 -0300] "POST /cormun/servlet/solicitudotadjuntos?f5fd3c9b6225d71c09d6dfa18ae9b4bb,INS,2022,18658,,1, HTTP/1.1" 200 116
190.171.143.106 - - [11/May/2022:10:24:00 -0300] "GET /cormun/servlet/hpexe_return? HTTP/1.1" 200 1018
190.171.143.106 - - [11/May/2022:10:24:00 -0300] "GET /cormun/servlet/trsolicitudadjuntos?2022,18658, HTTP/1.1" 200 8849
190.171.143.106 - - [11/May/2022:10:24:00 -0300] "GET /cormun/servlet/trsolicitudadjuntos?2022,18658, HTTP/1.1" 200 8845
190.171.143.106 - - [11/May/2022:10:24:01 -0300] "GET /cormun/servlet/solicitudotadjuntos?INS,2022,18658,,1, HTTP/1.1" 200 6017
190.171.143.106 - - [11/May/2022:10:24:02 -0300] "GET /cormun/static/about:blank HTTP/1.1" 404 1011
190.171.143.106 - - [11/May/2022:10:24:02 -0300] "GET /cormun/servlet/solicitudotadjuntos?INS,2022,18658,,1, HTTP/1.1" 200 6010
190.171.143.106 - - [11/May/2022:10:24:02 -0300] "GET /cormun/servlet/solicitudotadjuntos?ae16136ec8f944d2f01ee673cedc6b9f2b3944c9f473efc6a245a04c66f9226fcf8f026ad57b082ef368d972654e34fd,gx-no-cache=1652274657984 HTTP/1.1" 200 30
190.171.143.106 - - [11/May/2022:10:24:02 -0300] "POST /cormun/servlet/solicitudotadjuntos?f5fd3c9b6225d71c09d6dfa18ae9b4bb,INS,2022,18658,,1,,gx-no-cache=1652274658011 HTTP/1.1" 200 3867
190.171.143.106 - - [11/May/2022:10:24:04 -0300] "POST /cormun/servlet/solicitudotadjuntos?gx-no-cache=1652274659761 HTTP/1.1" 200 26
200.54.107.2 - - [11/May/2022:10:24:43 -0300] "GET /cormun/servlet/solicitudot?480daea55bada833dc2ae0af83c7ac02774e8a9594e0fef1809726107876198a,gx-no-cache=1652274701698 HTTP/1.1" 200 53
200.54.107.2 - - [11/May/2022:10:24:54 -0300] "POST /cormun/servlet/solicitudot?a594b1f3923527e26756f1400c922671,INS,0,0,false,,gx-no-cache=1652274712753 HTTP/1.1" 200 12882
200.54.107.2 - - [11/May/2022:10:24:54 -0300] "GET /cormun/static/Shared/jqueryui/images/ui-bg_flat_55_fafafa_40x100.png HTTP/1.1" 404 1097
200.54.107.2 - - [11/May/2022:10:24:54 -0300] "GET /cormun/static/Shared/jqueryui/images/ui-icons_8d78a5_256x240.png HTTP/1.1" 404 1089
200.54.107.2 - - [11/May/2022:10:24:56 -0300] "POST /cormun/servlet/solicitudot?gx-no-cache=1652274715099 HTTP/1.1" 200 297
200.54.107.2 - - [11/May/2022:10:24:56 -0300] "GET /cormun/servlet/solicitudot?480daea55bada833dc2ae0af83c7ac0228a609dbd3888cc004a4dac414162eb4e20e1e8fd2134398d3b4070bd61b39da0e7facb70e71f896b672abc07cabc2c04870e595b559e3d056c21a6228ef74cb524dd64aa93c90a6289ec446cfe5a49cc70d4d2376fe9c5cc85a356b6e123a978619400910033ca1a91bb6c25941c32932adb8be1e0e93d658c65644c9eb0c9c8ce120997e83c859ca85e6daae0d50da662d35c057959ccec3a3ad52f793a1ade0f9cdd7aff712590a4b5eb0171b992c06f98adde60a0242380c2c7064bf72cc12c2569e7cb2e52426b7c0588caea068f7c7ed8ebd0310569576e70a2692edbcc6bdf3b104e535eb43d0a8fd7111ea95c2880d58940b9187e73f8db381c3c478bb7c6da7c4909a2a1595078206e651b6a87f0ce43b6bb37db728481658ad52bdfe13f192abf8f93779639448dae9c2e4ffccff1a66bbdc98d83ba91850f939bb7c11700a9efb48c9df75ca3eab81ea6aa39f0f2aaec1945559c271ba9d17ff1bdbc9362a0fcea16d26d4c2ee1580eca346079b2b4818015d40bdadd166f43a9f,gx-no-cache=1652274715128 HTTP/1.1" 200 30
200.54.107.2 - - [11/May/2022:10:24:59 -0300] "POST /cormun/servlet/solicitudot?gx-no-cache=1652274718297 HTTP/1.1" 200 30
200.54.107.2 - - [11/May/2022:10:25:13 -0300] "GET /cormun/servlet/prlicenciaspermisos?19881705,L,,MD,,gxPopupLevel%3D0%3B HTTP/1.1" 200 5612
200.54.107.2 - - [11/May/2022:10:25:15 -0300] "POST /cormun/servlet/solicitudot?gx-no-cache=1652274734208 HTTP/1.1" 200 1457
200.54.107.2 - - [11/May/2022:10:25:19 -0300] "POST /cormun/servlet/solicitudot?gx-no-cache=1652274737675 HTTP/1.1" 200 41
200.54.107.2 - - [11/May/2022:10:25:30 -0300] "GET /cormun/servlet/solicitudot?480daea55bada833dc2ae0af83c7ac0272500e100861ffad9105e75e7b9fd7d5a2768593b56e18ac5e053b649d5760af576b31b78b7e1d01e1e56e6a438783d1bb082c62492ad4338bbc10b2c8bf1f629b8adb1638c602df1f4753caf03d28d098910ad34dfae8bbadf5ba829e4a85b8,gx-no-cache=1652274748983 HTTP/1.1" 200 110
200.54.107.2 - - [11/May/2022:10:25:30 -0300] "POST /cormun/servlet/solicitudot?gx-no-cache=1652274749006 HTTP/1.1" 200 83
200.54.107.2 - - [11/May/2022:10:25:40 -0300] "GET /cormun/servlet/solicitudot?480daea55bada833dc2ae0af83c7ac02aaaa17e0cfb6a8fc7112f16de500edd02d8ac95d654ae736df04925fe3d1b8758547d9da6eb84b68a4c834dd9fb5e2189e2f729bd55c550b1e1dc861ab12f0189c49518496b34bcb5b4bf1d2d237f59e64dcd0c4642c2e052c1676c7b19fd48c,gx-no-cache=1652274758920 HTTP/1.1" 200 29
200.54.107.2 - - [11/May/2022:10:25:40 -0300] "GET /cormun/static/menuarrow.gif HTTP/1.1" 404 1015
200.54.107.2 - - [11/May/2022:10:25:44 -0300] "GET /cormun/servlet/solicitudot?480daea55bada833dc2ae0af83c7ac02828dae3f45c8adeaf87cab5d6f1aa9eb51a8920e108e8b2162ef279653a4f2e6,gx-no-cache=1652274763321 HTTP/1.1" 200 30
200.54.107.2 - - [11/May/2022:10:25:44 -0300] "POST /cormun/servlet/solicitudot?gx-no-cache=1652274763354 HTTP/1.1" 200 34
200.54.107.2 - - [11/May/2022:10:26:12 -0300] "POST /cormun/servlet/solicitudot?a594b1f3923527e26756f1400c922671,INS,0,0,false,,gx-no-cache=1652274790468 HTTP/1.1" 200 93
200.54.107.2 - - [11/May/2022:10:26:12 -0300] "GET /cormun/servlet/hpexe_return? HTTP/1.1" 200 1010
200.54.107.2 - - [11/May/2022:10:26:12 -0300] "GET /cormun/servlet/trsolicitudot HTTP/1.1" 200 8993
200.54.107.2 - - [11/May/2022:10:26:13 -0300] "GET /cormun/servlet/trsolicitudot HTTP/1.1" 200 8991
200.54.107.2 - - [11/May/2022:10:26:22 -0300] "POST /cormun/servlet/trsolicitudot?a594b1f3923527e26756f1400c922671,gx-no-cache=1652274801285 HTTP/1.1" 200 4881
200.54.107.2 - - [11/May/2022:10:26:23 -0300] "GET /cormun/static/Shared/jqueryui/images/ui-bg_highlight-soft_100_c6c2c8_1x100.png HTTP/1.1" 404 1117
200.54.107.2 - - [11/May/2022:10:26:23 -0300] "GET /cormun/static/Shared/jqueryui/images/ui-icons_82798d_256x240.png HTTP/1.1" 404 1089
200.54.107.2 - - [11/May/2022:10:26:23 -0300] "GET /cormun/static/Shared/jqueryui/images/ui-bg_flat_55_fafafa_40x100.png HTTP/1.1" 404 1097
200.54.107.2 - - [11/May/2022:10:26:23 -0300] "GET /cormun/static/Shared/jqueryui/images/ui-icons_8d78a5_256x240.png HTTP/1.1" 404 1089
200.54.107.2 - - [11/May/2022:10:26:23 -0300] "POST /cormun/servlet/trsolicitudot?a594b1f3923527e26756f1400c922671,gx-no-cache=1652274801476 HTTP/1.1" 200 4617
200.54.107.2 - - [11/May/2022:10:26:30 -0300] "GET /cormun/servlet/trautorizarsolicitud? HTTP/1.1" 200 8884
200.54.107.2 - - [11/May/2022:10:26:30 -0300] "GET /cormun/servlet/trautorizarsolicitud? HTTP/1.1" 200 8883
200.54.107.2 - - [11/May/2022:10:26:36 -0300] "POST /cormun/servlet/trautorizarsolicitud?a594b1f3923527e26756f1400c922671,,gx-no-cache=1652274814614 HTTP/1.1" 200 4807
200.54.107.2 - - [11/May/2022:10:26:36 -0300] "GET /cormun/static/Shared/jqueryui/images/ui-icons_82798d_256x240.png HTTP/1.1" 404 1089
200.54.107.2 - - [11/May/2022:10:26:36 -0300] "GET /cormun/static/Shared/jqueryui/images/ui-bg_highlight-soft_100_c6c2c8_1x100.png HTTP/1.1" 404 1117
200.54.107.2 - - [11/May/2022:10:26:36 -0300] "GET /cormun/static/Shared/jqueryui/images/ui-icons_8d78a5_256x240.png HTTP/1.1" 404 1089
200.54.107.2 - - [11/May/2022:10:26:36 -0300] "GET /cormun/static/Shared/jqueryui/images/ui-bg_flat_55_fafafa_40x100.png HTTP/1.1" 404 1097
200.54.107.2 - - [11/May/2022:10:26:36 -0300] "POST /cormun/servlet/trautorizarsolicitud?a594b1f3923527e26756f1400c922671,,gx-no-cache=1652274814779 HTTP/1.1" 200 4543
190.171.141.138 - - [11/May/2022:10:26:42 -0300] "GET /cormun/servlet/hlogin HTTP/1.1" 200 1730
190.171.143.106 - - [11/May/2022:10:26:53 -0300] "POST /cormun/servlet/solicitudotadjuntos?gx-no-cache=1652274828728 HTTP/1.1" 200 26
190.171.143.106 - - [11/May/2022:10:26:58 -0300] "GET /cormun/servlet/solicitudotadjuntos?ae16136ec8f944d2f01ee673cedc6b9fc34368bab275d0c920e07259bb40bf7f,gx-no-cache=1652274833593 HTTP/1.1" 200 30
190.171.143.106 - - [11/May/2022:10:26:58 -0300] "GET /cormun/servlet/solicitudotadjuntos?ae16136ec8f944d2f01ee673cedc6b9fc34368bab275d0c920e07259bb40bf7f,gx-no-cache=1652274833604 HTTP/1.1" 200 30
190.171.143.106 - - [11/May/2022:10:26:58 -0300] "POST /cormun/servlet/solicitudotadjuntos?f5fd3c9b6225d71c09d6dfa18ae9b4bb,INS,2022,18658,,1, HTTP/1.1" 200 116
190.171.143.106 - - [11/May/2022:10:26:58 -0300] "GET /cormun/servlet/hpexe_return? HTTP/1.1" 200 1018
190.171.143.106 - - [11/May/2022:10:26:58 -0300] "GET /cormun/servlet/trsolicitudadjuntos?2022,18658, HTTP/1.1" 200 9086
190.171.143.106 - - [11/May/2022:10:26:58 -0300] "GET /cormun/servlet/trsolicitudadjuntos?2022,18658, HTTP/1.1" 200 9084
190.171.143.106 - - [11/May/2022:10:27:05 -0300] "GET /cormun/servlet/solicitudotadjuntos?INS,2022,18658,,1, HTTP/1.1" 200 6019
190.171.143.106 - - [11/May/2022:10:27:05 -0300] "GET /cormun/static/about:blank HTTP/1.1" 404 1011
190.171.143.106 - - [11/May/2022:10:27:05 -0300] "GET /cormun/servlet/solicitudotadjuntos?INS,2022,18658,,1, HTTP/1.1" 200 6013
190.171.143.106 - - [11/May/2022:10:27:06 -0300] "GET /cormun/servlet/solicitudotadjuntos?ae16136ec8f944d2f01ee673cedc6b9f2b3944c9f473efc6a245a04c66f9226fcf8f026ad57b082ef368d972654e34fd,gx-no-cache=1652274841465 HTTP/1.1" 200 30
190.171.143.106 - - [11/May/2022:10:27:06 -0300] "POST /cormun/servlet/solicitudotadjuntos?f5fd3c9b6225d71c09d6dfa18ae9b4bb,INS,2022,18658,,1,,gx-no-cache=1652274841497 HTTP/1.1" 200 3868
190.171.143.106 - - [11/May/2022:10:27:08 -0300] "POST /cormun/servlet/solicitudotadjuntos?gx-no-cache=1652274844024 HTTP/1.1" 200 26
190.171.143.106 - - [11/May/2022:10:27:13 -0300] "GET /cormun/servlet/solicitudotadjuntos?ae16136ec8f944d2f01ee673cedc6b9fc34368bab275d0c920e07259bb40bf7f,gx-no-cache=1652274848545 HTTP/1.1" 200 30
190.171.143.106 - - [11/May/2022:10:27:13 -0300] "GET /cormun/servlet/solicitudotadjuntos?ae16136ec8f944d2f01ee673cedc6b9fc34368bab275d0c920e07259bb40bf7f,gx-no-cache=1652274848556 HTTP/1.1" 200 30
190.171.143.106 - - [11/May/2022:10:27:13 -0300] "POST /cormun/servlet/solicitudotadjuntos?f5fd3c9b6225d71c09d6dfa18ae9b4bb,INS,2022,18658,,1, HTTP/1.1" 200 116
190.171.143.106 - - [11/May/2022:10:27:13 -0300] "GET /cormun/servlet/hpexe_return? HTTP/1.1" 200 1018
190.171.143.106 - - [11/May/2022:10:27:13 -0300] "GET /cormun/servlet/trsolicitudadjuntos?2022,18658, HTTP/1.1" 200 9258
190.171.143.106 - - [11/May/2022:10:27:13 -0300] "GET /cormun/servlet/trsolicitudadjuntos?2022,18658, HTTP/1.1" 200 9256
190.171.143.106 - - [11/May/2022:10:27:15 -0300] "GET /cormun/servlet/solicitudotadjuntos?INS,2022,18658,,1, HTTP/1.1" 200 6019
190.171.143.106 - - [11/May/2022:10:27:15 -0300] "GET /cormun/static/about:blank HTTP/1.1" 404 1011
190.171.143.106 - - [11/May/2022:10:27:15 -0300] "GET /cormun/servlet/solicitudotadjuntos?INS,2022,18658,,1, HTTP/1.1" 200 6013
190.171.143.106 - - [11/May/2022:10:27:16 -0300] "GET /cormun/servlet/solicitudotadjuntos?ae16136ec8f944d2f01ee673cedc6b9f2b3944c9f473efc6a245a04c66f9226fcf8f026ad57b082ef368d972654e34fd,gx-no-cache=1652274851359 HTTP/1.1" 200 30
190.171.143.106 - - [11/May/2022:10:27:16 -0300] "POST /cormun/servlet/solicitudotadjuntos?f5fd3c9b6225d71c09d6dfa18ae9b4bb,INS,2022,18658,,1,,gx-no-cache=1652274851384 HTTP/1.1" 200 3868
190.171.143.106 - - [11/May/2022:10:27:19 -0300] "POST /cormun/servlet/solicitudotadjuntos?gx-no-cache=1652274854746 HTTP/1.1" 200 26
190.171.143.106 - - [11/May/2022:10:27:24 -0300] "GET /cormun/servlet/solicitudotadjuntos?ae16136ec8f944d2f01ee673cedc6b9fc34368bab275d0c920e07259bb40bf7f,gx-no-cache=1652274859569 HTTP/1.1" 200 30
190.171.143.106 - - [11/May/2022:10:27:24 -0300] "GET /cormun/servlet/solicitudotadjuntos?ae16136ec8f944d2f01ee673cedc6b9fc34368bab275d0c920e07259bb40bf7f,gx-no-cache=1652274859581 HTTP/1.1" 200 30
190.171.143.106 - - [11/May/2022:10:27:24 -0300] "POST /cormun/servlet/solicitudotadjuntos?f5fd3c9b6225d71c09d6dfa18ae9b4bb,INS,2022,18658,,1, HTTP/1.1" 200 116
190.171.143.106 - - [11/May/2022:10:27:24 -0300] "GET /cormun/servlet/hpexe_return? HTTP/1.1" 200 1018
190.171.143.106 - - [11/May/2022:10:27:24 -0300] "GET /cormun/servlet/trsolicitudadjuntos?2022,18658, HTTP/1.1" 200 9517
190.171.143.106 - - [11/May/2022:10:27:24 -0300] "GET /cormun/servlet/trsolicitudadjuntos?2022,18658, HTTP/1.1" 200 9516
190.171.143.106 - - [11/May/2022:10:27:26 -0300] "GET /cormun/servlet/solicitudotadjuntos?INS,2022,18658,,1, HTTP/1.1" 200 6019
190.171.143.106 - - [11/May/2022:10:27:26 -0300] "GET /cormun/static/about:blank HTTP/1.1" 404 1011
190.171.143.106 - - [11/May/2022:10:27:26 -0300] "GET /cormun/servlet/solicitudotadjuntos?INS,2022,18658,,1, HTTP/1.1" 200 6013
190.171.143.106 - - [11/May/2022:10:27:27 -0300] "GET /cormun/servlet/solicitudotadjuntos?ae16136ec8f944d2f01ee673cedc6b9f2b3944c9f473efc6a245a04c66f9226fcf8f026ad57b082ef368d972654e34fd,gx-no-cache=1652274862664 HTTP/1.1" 200 30
190.171.143.106 - - [11/May/2022:10:27:27 -0300] "POST /cormun/servlet/solicitudotadjuntos?f5fd3c9b6225d71c09d6dfa18ae9b4bb,INS,2022,18658,,1,,gx-no-cache=1652274862693 HTTP/1.1" 200 3868
190.171.143.106 - - [11/May/2022:10:27:29 -0300] "POST /cormun/servlet/solicitudotadjuntos?gx-no-cache=1652274864872 HTTP/1.1" 200 26
190.171.143.106 - - [11/May/2022:10:27:34 -0300] "GET /cormun/servlet/solicitudotadjuntos?ae16136ec8f944d2f01ee673cedc6b9fc34368bab275d0c920e07259bb40bf7f,gx-no-cache=1652274870289 HTTP/1.1" 200 30
190.171.143.106 - - [11/May/2022:10:27:34 -0300] "GET /cormun/servlet/solicitudotadjuntos?ae16136ec8f944d2f01ee673cedc6b9fc34368bab275d0c920e07259bb40bf7f,gx-no-cache=1652274870302 HTTP/1.1" 200 30
190.171.143.106 - - [11/May/2022:10:27:35 -0300] "POST /cormun/servlet/solicitudotadjuntos?f5fd3c9b6225d71c09d6dfa18ae9b4bb,INS,2022,18658,,1, HTTP/1.1" 200 116
190.171.143.106 - - [11/May/2022:10:27:35 -0300] "GET /cormun/servlet/hpexe_return? HTTP/1.1" 200 1018
190.171.143.106 - - [11/May/2022:10:27:35 -0300] "GET /cormun/servlet/trsolicitudadjuntos?2022,18658, HTTP/1.1" 200 9787
190.171.143.106 - - [11/May/2022:10:27:35 -0300] "GET /cormun/servlet/trsolicitudadjuntos?2022,18658, HTTP/1.1" 200 9786
190.171.143.90 - - [11/May/2022:10:28:00 -0300] "GET /cormun/servlet/trautorizarsolicitud? HTTP/1.1" 200 7412
190.171.143.90 - - [11/May/2022:10:28:00 -0300] "GET /cormun/servlet/trautorizarsolicitud? HTTP/1.1" 200 7413
190.171.142.50 - - [11/May/2022:10:28:05 -0300] "GET /cormun/servlet/trpermisosgoce? HTTP/1.1" 200 6030
190.171.142.50 - - [11/May/2022:10:28:05 -0300] "GET /cormun/servlet/hlogin HTTP/1.1" 200 1743
190.171.142.50 - - [11/May/2022:10:28:05 -0300] "GET /cormun/static/gxcfg.js?201910216285969 HTTP/1.1" 200 953
190.171.142.50 - - [11/May/2022:10:28:05 -0300] "GET /cormun/static/hlogin.js?201910216285995 HTTP/1.1" 200 2136
190.171.142.50 - - [11/May/2022:10:28:05 -0300] "GET /cormun/static/Resources/PXToolsLoginTop.png HTTP/1.1" 200 1337
190.171.142.50 - - [11/May/2022:10:28:05 -0300] "GET /cormun/static/Resources/Logo2019_Grande.png HTTP/1.1" 200 31733
190.171.142.50 - - [11/May/2022:10:28:05 -0300] "GET /cormun/static/Resources/PXToolsLoginBackground.png HTTP/1.1" 200 1164
190.171.142.50 - - [11/May/2022:10:28:05 -0300] "GET /cormun/static/Resources/PXToolsLoginBottom.png HTTP/1.1" 200 1389
190.171.142.50 - - [11/May/2022:10:28:05 -0300] "GET /cormun/servlet/trpermisosgoce? HTTP/1.1" 200 6027
190.171.142.50 - - [11/May/2022:10:28:19 -0300] "POST /cormun/servlet/hlogin?91f7b0fc3c3b29165bf7cd73c1746a10,gx-no-cache=1652277270767 HTTP/1.1" 200 90
190.171.142.50 - - [11/May/2022:10:28:19 -0300] "GET /cormun/servlet/hpexe_link HTTP/1.1" 200 957
190.171.142.50 - - [11/May/2022:10:28:19 -0300] "GET /cormun/static/hpexe_link.js?201991422392963 HTTP/1.1" 200 625
190.171.142.50 - - [11/May/2022:10:28:19 -0300] "GET /cormun/static/gxcfg.js?201991422392958 HTTP/1.1" 200 953
190.171.142.50 - - [11/May/2022:10:28:20 -0300] "GET /cormun/servlet/trpermisosgoce HTTP/1.1" 200 13738
190.171.142.50 - - [11/May/2022:10:28:20 -0300] "GET /cormun/servlet/trpermisosgoce HTTP/1.1" 200 13736
190.171.142.50 - - [11/May/2022:10:28:25 -0300] "GET /cormun/servlet/permisogoce?INS,0,,, HTTP/1.1" 200 6809
190.171.142.50 - - [11/May/2022:10:28:25 -0300] "GET /cormun/servlet/permisogoce?INS,0,,, HTTP/1.1" 200 6809
190.171.141.138 - - [11/May/2022:10:29:06 -0300] "GET /cormun/servlet/hlogin HTTP/1.1" 200 1730
192.168.10.96 - - [11/May/2022:10:29:51 -0300] "GET /cormun/servlet/trsolicitudgral? HTTP/1.1" 500 10
192.168.10.96 - - [11/May/2022:10:29:53 -0300] "GET /cormun/servlet/hlogin HTTP/1.1" 200 1733
192.168.10.96 - - [11/May/2022:10:30:01 -0300] "POST /cormun/servlet/hlogin?df78430aa2f356a6544cb8fd2e5886b7,gx-no-cache=1652274844936 HTTP/1.1" 200 90
192.168.10.96 - - [11/May/2022:10:30:01 -0300] "GET /cormun/servlet/hpexe_link HTTP/1.1" 200 958
192.168.10.96 - - [11/May/2022:10:30:01 -0300] "GET /cormun/servlet/hhome HTTP/1.1" 200 3794
192.168.10.96 - - [11/May/2022:10:30:02 -0300] "GET /cormun/servlet/hhome HTTP/1.1" 200 3791
192.168.10.96 - - [11/May/2022:10:30:04 -0300] "GET /cormun/servlet/trsolicitudgral? HTTP/1.1" 200 28953
192.168.10.96 - - [11/May/2022:10:30:05 -0300] "GET /cormun/servlet/trsolicitudgral? HTTP/1.1" 200 28951
192.168.10.96 - - [11/May/2022:10:30:14 -0300] "POST /cormun/servlet/trsolicitudgral?df78430aa2f356a6544cb8fd2e5886b7,,gx-no-cache=1652274857077 HTTP/1.1" 200 6942
190.171.141.90 - - [11/May/2022:10:30:14 -0300] "GET /cormun/servlet/hlogin HTTP/1.1" 200 1728
190.171.141.90 - - [11/May/2022:10:30:14 -0300] "GET /cormun/servlet/hlogin HTTP/1.1" 200 1738
192.168.10.96 - - [11/May/2022:10:30:20 -0300] "POST /cormun/servlet/trsolicitudgral?df78430aa2f356a6544cb8fd2e5886b7,,gx-no-cache=1652274863713 HTTP/1.1" 200 6945
192.168.10.96 - - [11/May/2022:10:30:21 -0300] "POST /cormun/servlet/trsolicitudgral?df78430aa2f356a6544cb8fd2e5886b7,,gx-no-cache=1652274864470 HTTP/1.1" 200 6945
192.168.10.96 - - [11/May/2022:10:30:21 -0300] "POST /cormun/servlet/trsolicitudgral?df78430aa2f356a6544cb8fd2e5886b7,,gx-no-cache=1652274864661 HTTP/1.1" 200 6946
192.168.10.96 - - [11/May/2022:10:30:21 -0300] "POST /cormun/servlet/trsolicitudgral?df78430aa2f356a6544cb8fd2e5886b7,,gx-no-cache=1652274864949 HTTP/1.1" 200 6945
190.171.141.90 - - [11/May/2022:10:30:22 -0300] "POST /cormun/servlet/hlogin?a923a72fd544a1319771d38c0b0a2375,gx-no-cache=1652275036770 HTTP/1.1" 200 90
190.171.141.90 - - [11/May/2022:10:30:22 -0300] "GET /cormun/servlet/hpexe_link HTTP/1.1" 200 954
190.171.141.90 - - [11/May/2022:10:30:22 -0300] "GET /cormun/servlet/hhome HTTP/1.1" 200 4180
190.171.141.90 - - [11/May/2022:10:30:22 -0300] "GET /cormun/servlet/hhome HTTP/1.1" 200 4176
192.168.10.96 - - [11/May/2022:10:30:25 -0300] "POST /cormun/servlet/trsolicitudgral?df78430aa2f356a6544cb8fd2e5886b7,,gx-no-cache=1652274868166 HTTP/1.1" 200 8144
190.171.141.90 - - [11/May/2022:10:30:26 -0300] "GET /cormun/servlet/trlicencias? HTTP/1.1" 200 15349
190.171.142.50 - - [11/May/2022:10:30:27 -0300] "GET /cormun/servlet/permisogoce?86880a588f31a3ae4afef4c2b2d2b75b8406186cb7e43abdc0570208a661851eee6fc51e0ef6627a33feef965c2bf62abb9b9bc869b5938397f2b95bbee59e6d,gx-no-cache=1652277398107 HTTP/1.1" 200 85
190.171.142.50 - - [11/May/2022:10:30:27 -0300] "GET /cormun/static/menuarrow.gif HTTP/1.1" 404 1015
190.171.141.90 - - [11/May/2022:10:30:27 -0300] "GET /cormun/servlet/trlicencias? HTTP/1.1" 200 15344
192.168.10.96 - - [11/May/2022:10:30:29 -0300] "POST /cormun/servlet/trsolicitudgral?df78430aa2f356a6544cb8fd2e5886b7,,gx-no-cache=1652274872158 HTTP/1.1" 200 8143
192.168.10.96 - - [11/May/2022:10:30:30 -0300] "POST /cormun/servlet/trsolicitudgral?df78430aa2f356a6544cb8fd2e5886b7,,gx-no-cache=1652274873254 HTTP/1.1" 200 8144
192.168.10.96 - - [11/May/2022:10:30:30 -0300] "POST /cormun/servlet/trsolicitudgral?df78430aa2f356a6544cb8fd2e5886b7,,gx-no-cache=1652274873476 HTTP/1.1" 200 8143
192.168.10.96 - - [11/May/2022:10:30:30 -0300] "POST /cormun/servlet/trsolicitudgral?df78430aa2f356a6544cb8fd2e5886b7,,gx-no-cache=1652274873682 HTTP/1.1" 200 8148
192.168.10.96 - - [11/May/2022:10:30:30 -0300] "POST /cormun/servlet/trsolicitudgral?df78430aa2f356a6544cb8fd2e5886b7,,gx-no-cache=1652274873911 HTTP/1.1" 200 8147
192.168.10.96 - - [11/May/2022:10:30:31 -0300] "POST /cormun/servlet/trsolicitudgral?df78430aa2f356a6544cb8fd2e5886b7,,gx-no-cache=1652274874126 HTTP/1.1" 200 8146
192.168.10.96 - - [11/May/2022:10:30:31 -0300] "POST /cormun/servlet/trsolicitudgral?df78430aa2f356a6544cb8fd2e5886b7,,gx-no-cache=1652274874365 HTTP/1.1" 200 8147
192.168.10.96 - - [11/May/2022:10:30:50 -0300] "POST /cormun/servlet/trsolicitudgral?df78430aa2f356a6544cb8fd2e5886b7,,gx-no-cache=1652274893607 HTTP/1.1" 200 8144
192.168.10.96 - - [11/May/2022:10:30:50 -0300] "POST /cormun/servlet/trsolicitudgral?df78430aa2f356a6544cb8fd2e5886b7,,gx-no-cache=1652274893835 HTTP/1.1" 200 8148
192.168.10.96 - - [11/May/2022:10:30:51 -0300] "POST /cormun/servlet/trsolicitudgral?df78430aa2f356a6544cb8fd2e5886b7,,gx-no-cache=1652274894133 HTTP/1.1" 200 8144
190.171.142.50 - - [11/May/2022:10:30:53 -0300] "GET /cormun/servlet/permisogoce?86880a588f31a3ae4afef4c2b2d2b75b2f3d9bb2d33a390a74a6621868e005bd90482941fd88d046e76aaba4e52d344ed9f59329fae66f070ddd794e6a646541,gx-no-cache=1652277424358 HTTP/1.1" 200 47
192.168.10.96 - - [11/May/2022:10:30:55 -0300] "POST /cormun/servlet/trsolicitudgral?df78430aa2f356a6544cb8fd2e5886b7,,gx-no-cache=1652274898512 HTTP/1.1" 200 9580
192.168.10.96 - - [11/May/2022:10:30:56 -0300] "POST /cormun/servlet/trsolicitudgral?df78430aa2f356a6544cb8fd2e5886b7,,gx-no-cache=1652274899045 HTTP/1.1" 200 9581
190.171.142.50 - - [11/May/2022:10:31:02 -0300] "POST /cormun/servlet/permisogoce?91f7b0fc3c3b29165bf7cd73c1746a10,INS,0,,,,gx-no-cache=1652277432913 HTTP/1.1" 200 93
190.171.142.50 - - [11/May/2022:10:31:02 -0300] "GET /cormun/servlet/hpexe_return? HTTP/1.1" 200 1009
190.171.142.50 - - [11/May/2022:10:31:02 -0300] "GET /cormun/servlet/trpermisosgoce HTTP/1.1" 200 13966
190.171.142.50 - - [11/May/2022:10:31:03 -0300] "GET /cormun/servlet/trpermisosgoce HTTP/1.1" 200 13961
190.171.142.50 - - [11/May/2022:10:31:06 -0300] "GET /cormun/servlet/apermisogoceprn?17970245,P,20220511091228,PU HTTP/1.1" 200 1657
192.168.10.96 - - [11/May/2022:10:31:15 -0300] "GET /cormun/servlet/vesolicitudgral?2022,18383,, HTTP/1.1" 200 8428
192.168.10.96 - - [11/May/2022:10:31:15 -0300] "GET /cormun/pexe_scrolldiv.js HTTP/1.1" 404 1009
192.168.10.96 - - [11/May/2022:10:31:15 -0300] "GET /cormun/servlet/vesolicitudgral?2022,18383,, HTTP/1.1" 200 8428
190.171.141.90 - - [11/May/2022:10:31:27 -0300] "GET /cormun/servlet/trsolicitudot? HTTP/1.1" 200 7390
190.171.141.90 - - [11/May/2022:10:31:28 -0300] "GET /cormun/servlet/trsolicitudot? HTTP/1.1" 200 7390
192.168.10.96 - - [11/May/2022:10:31:29 -0300] "GET /cormun/servlet/trsolicitudgral? HTTP/1.1" 200 12607
192.168.10.96 - - [11/May/2022:10:31:29 -0300] "GET /cormun/servlet/trsolicitudgral? HTTP/1.1" 200 12605
190.171.141.90 - - [11/May/2022:10:31:31 -0300] "GET /cormun/servlet/solicitudot?INS,0,0,false, HTTP/1.1" 200 15900
190.171.141.90 - - [11/May/2022:10:31:31 -0300] "GET /cormun/servlet/solicitudot?INS,0,0,false, HTTP/1.1" 200 15908
190.171.141.90 - - [11/May/2022:10:31:40 -0300] "POST /cormun/servlet/solicitudot?gx-no-cache=1652275114606 HTTP/1.1" 200 3908
190.171.141.90 - - [11/May/2022:10:31:40 -0300] "GET /cormun/static/Shared/jqueryui/images/ui-bg_highlight-soft_100_c6c2c8_1x100.png HTTP/1.1" 404 1117
190.171.141.90 - - [11/May/2022:10:31:40 -0300] "GET /cormun/static/Shared/jqueryui/images/ui-icons_82798d_256x240.png HTTP/1.1" 404 1089
190.171.141.90 - - [11/May/2022:10:31:40 -0300] "GET /cormun/static/Shared/jqueryui/images/ui-bg_flat_55_994d53_40x100.png HTTP/1.1" 404 1097
190.171.141.90 - - [11/May/2022:10:31:40 -0300] "GET /cormun/static/Shared/jqueryui/images/ui-icons_ebccce_256x240.png HTTP/1.1" 404 1089
190.171.141.90 - - [11/May/2022:10:31:40 -0300] "GET /cormun/servlet/solicitudot?e2a9be17edc5e39b24dd6b287a83e1ee5c3f3f38af10b49ca58daba18dbcdfad,gx-no-cache=1652275114702 HTTP/1.1" 200 111
190.171.141.90 - - [11/May/2022:10:31:40 -0300] "GET /cormun/servlet/solicitudot?e2a9be17edc5e39b24dd6b287a83e1ee7a0d91716b6fdad141fcba7453e59ac4,gx-no-cache=1652275114732 HTTP/1.1" 200 94
190.171.141.90 - - [11/May/2022:10:31:40 -0300] "GET /cormun/servlet/solicitudot?e2a9be17edc5e39b24dd6b287a83e1eed4e1745190e3f39cf3352a411e00b2be,gx-no-cache=1652275114755 HTTP/1.1" 200 29
190.171.141.90 - - [11/May/2022:10:31:40 -0300] "GET /cormun/servlet/solicitudot?e2a9be17edc5e39b24dd6b287a83e1ee13c6f8634fc71fcc4541d3f02a0fc658513d08ff2f44fa90e839affd1a9025e2c9b0d36cf29f20e1e9904cba13fddfba35793e4bb7c14faaea7d12a48da15821fd18d6f40f0bf522a6655d9de0a2bd5a64fc9b225dae37fab9a8c29c840052efab9f1f5beaea227ce45f6acf19c7d5e163a8897558f705c416b1caf471194aad47df541d37bdb75b029f23982fd814c40bd2db3fbec4e23fa07f8cb63c9b9cb5b3bec714e2e4a37acc6c8da3848f18e66b9685e7f985467d791c1fd16cce3852e9001cec9f1bfcb7296c91fc6fbec22cc9f7fa85f95f661f59abada532940486e28b1d30920a27a416e73c9cd9955a2763babb3e896fa892510bdd4ed32402b5def0dd60d6b679e71d7cfe0c2fc3336c777297c5b3770abddfe1efa3c47dd322a75977db41129886645447f6e1c21a6d2b31fb07a28aead3cd71168ca36227ed,gx-no-cache=1652275114782 HTTP/1.1" 200 297
190.171.141.90 - - [11/May/2022:10:31:40 -0300] "GET /cormun/servlet/solicitudot?e2a9be17edc5e39b24dd6b287a83e1eeeea9217fc860117989c704952d046378cc2f0c69dcfd79ddb67ef1a3523edc4c63cda37cdcaa4551dba86a5d2096a7bccec894c1081307aa6540909e7765e589cdd9442c308c83d70689c60a1b53bc501ffb98c29d04179b40585901e511e5e829b9f59b0b5193454ae6dc5b7666fc62cf4fa38335c6ec04fe9c59d760982534d41bf2624d28297fe76986a1950a9ef78c1b934bf6e0b305ceef8c1d96694d891821d34dcaae5a495c2bc9fd259819c46d21a697b54655c2e6b0fb4f995644d0832ee81d7573f3dd3e4e506cafdfb581a563721f60bcdf415d0947e86179714a493367d678039830bc197792a3a2c1b577fc5228e37aed54811f3620038f3151a498aa35c25f3d0968b17c46f9777a604e5b39ccc5b82dc316a8ba9f525d118b8f106a1e5f18869629265b8a95523c3c7609818902d62ef58c513f40c775bb4ed42762d6e3a0f98555bce70e6b1764904d67a2a7298845ec6c045ab57c6c510eaa2142477c1fb3a9f4bd98d0b4165e19bd7f6996fcd64bf1ddddb88dd61b1aa2,gx-no-cache=1652275114810 HTTP/1.1" 200 30
192.168.10.96 - - [11/May/2022:10:31:42 -0300] "GET /cormun/servlet/vesolicitudgral?2022,18380,, HTTP/1.1" 200 8431
192.168.10.96 - - [11/May/2022:10:31:42 -0300] "GET /cormun/pexe_scrolldiv.js HTTP/1.1" 404 1009
192.168.10.96 - - [11/May/2022:10:31:42 -0300] "GET /cormun/servlet/vesolicitudgral?2022,18380,, HTTP/1.1" 200 8430
192.168.10.96 - - [11/May/2022:10:31:44 -0300] "GET /cormun/servlet/vesolicitudgral?2022,18380,,SolicitudOTLog HTTP/1.1" 200 9406
192.168.10.96 - - [11/May/2022:10:31:44 -0300] "GET /cormun/pexe_scrolldiv.js HTTP/1.1" 404 1009
192.168.10.96 - - [11/May/2022:10:31:44 -0300] "GET /cormun/servlet/vesolicitudgral?2022,18380,,SolicitudOTLog HTTP/1.1" 200 9406
192.168.10.96 - - [11/May/2022:10:31:45 -0300] "POST /cormun/servlet/acontrolpreferencessavestate?None,RRHH+DANIELA,true HTTP/1.1" 200 35
192.168.10.96 - - [11/May/2022:10:31:50 -0300] "POST /cormun/servlet/vesolicitudgral?df78430aa2f356a6544cb8fd2e5886b7,2022,18380,,SolicitudOTLog,gx-no-cache=1652274953386 HTTP/1.1" 200 90
192.168.10.96 - - [11/May/2022:10:31:50 -0300] "GET /cormun/servlet/hpexe_link HTTP/1.1" 200 983
192.168.10.96 - - [11/May/2022:10:31:50 -0300] "GET /cormun/servlet/trsolicitudgral HTTP/1.1" 200 12607
192.168.10.96 - - [11/May/2022:10:31:50 -0300] "GET /cormun/servlet/trsolicitudgral HTTP/1.1" 200 12605
192.168.10.96 - - [11/May/2022:10:31:53 -0300] "GET /cormun/servlet/vesolicitudgral?2022,18383,, HTTP/1.1" 200 8428
192.168.10.96 - - [11/May/2022:10:31:54 -0300] "GET /cormun/pexe_scrolldiv.js HTTP/1.1" 404 1009
192.168.10.96 - - [11/May/2022:10:31:54 -0300] "GET /cormun/servlet/vesolicitudgral?2022,18383,, HTTP/1.1" 200 8428
190.171.143.90 - - [11/May/2022:10:32:04 -0300] "GET /cormun/servlet/trautorizarsolicitud? HTTP/1.1" 200 7413
190.171.143.90 - - [11/May/2022:10:32:05 -0300] "GET /cormun/servlet/trautorizarsolicitud? HTTP/1.1" 200 7413
190.171.143.90 - - [11/May/2022:10:32:10 -0300] "POST /cormun/servlet/trautorizarsolicitud?1cd158f68901dc06c727ec43dbabc7be,,gx-no-cache=1652275145609 HTTP/1.1" 200 4547
192.168.10.96 - - [11/May/2022:10:32:10 -0300] "GET /cormun/servlet/trsolicitudgral? HTTP/1.1" 200 12607
192.168.10.96 - - [11/May/2022:10:32:10 -0300] "GET /cormun/servlet/trsolicitudgral? HTTP/1.1" 200 12605
190.171.143.90 - - [11/May/2022:10:32:34 -0300] "GET /cormun/servlet/trautorizarsolicitud? HTTP/1.1" 200 7413
190.171.143.90 - - [11/May/2022:10:32:34 -0300] "GET /cormun/servlet/trautorizarsolicitud? HTTP/1.1" 200 7413
190.171.143.90 - - [11/May/2022:10:32:36 -0300] "POST /cormun/servlet/trautorizarsolicitud?1cd158f68901dc06c727ec43dbabc7be,,gx-no-cache=1652275171609 HTTP/1.1" 200 4547
190.171.143.90 - - [11/May/2022:10:32:38 -0300] "POST /cormun/servlet/trautorizarsolicitud?1cd158f68901dc06c727ec43dbabc7be,,gx-no-cache=1652275173735 HTTP/1.1" 200 4547
190.171.143.90 - - [11/May/2022:10:32:38 -0300] "POST /cormun/servlet/trautorizarsolicitud?1cd158f68901dc06c727ec43dbabc7be,,gx-no-cache=1652275173990 HTTP/1.1" 200 4546
190.171.143.90 - - [11/May/2022:10:32:47 -0300] "GET /cormun/static/menuarrow.gif HTTP/1.1" 404 1015
190.171.143.90 - - [11/May/2022:10:32:55 -0300] "POST /cormun/servlet/trautorizarsolicitud?1cd158f68901dc06c727ec43dbabc7be,,gx-no-cache=1652275190657 HTTP/1.1" 200 4550
192.168.10.96 - - [11/May/2022:10:32:55 -0300] "POST /cormun/servlet/trsolicitudgral?df78430aa2f356a6544cb8fd2e5886b7,,gx-no-cache=1652275018893 HTTP/1.1" 200 9588
190.171.143.90 - - [11/May/2022:10:32:58 -0300] "POST /cormun/servlet/trautorizarsolicitud?1cd158f68901dc06c727ec43dbabc7be,,gx-no-cache=1652275193758 HTTP/1.1" 200 4550
190.171.143.90 - - [11/May/2022:10:32:58 -0300] "POST /cormun/servlet/trautorizarsolicitud?1cd158f68901dc06c727ec43dbabc7be,,gx-no-cache=1652275193981 HTTP/1.1" 200 4550
192.168.10.96 - - [11/May/2022:10:33:16 -0300] "POST /cormun/servlet/trsolicitudgral?df78430aa2f356a6544cb8fd2e5886b7,,gx-no-cache=1652275039448 HTTP/1.1" 200 5270
192.168.10.96 - - [11/May/2022:10:33:16 -0300] "POST /cormun/servlet/trsolicitudgral?df78430aa2f356a6544cb8fd2e5886b7,,gx-no-cache=1652275039630 HTTP/1.1" 200 5270
192.168.10.96 - - [11/May/2022:10:33:16 -0300] "POST /cormun/servlet/trsolicitudgral?df78430aa2f356a6544cb8fd2e5886b7,,gx-no-cache=1652275039795 HTTP/1.1" 200 5270
192.168.10.96 - - [11/May/2022:10:33:16 -0300] "POST /cormun/servlet/trsolicitudgral?df78430aa2f356a6544cb8fd2e5886b7,,gx-no-cache=1652275040012 HTTP/1.1" 200 5270
192.168.10.96 - - [11/May/2022:10:33:22 -0300] "POST /cormun/servlet/trsolicitudgral?df78430aa2f356a6544cb8fd2e5886b7,,gx-no-cache=1652275045435 HTTP/1.1" 200 6958
192.168.10.96 - - [11/May/2022:10:33:22 -0300] "POST /cormun/servlet/trsolicitudgral?df78430aa2f356a6544cb8fd2e5886b7,,gx-no-cache=1652275045619 HTTP/1.1" 200 6958
192.168.10.96 - - [11/May/2022:10:33:22 -0300] "POST /cormun/servlet/trsolicitudgral?df78430aa2f356a6544cb8fd2e5886b7,,gx-no-cache=1652275045811 HTTP/1.1" 200 6957
192.168.10.96 - - [11/May/2022:10:33:23 -0300] "POST /cormun/servlet/trsolicitudgral?df78430aa2f356a6544cb8fd2e5886b7,,gx-no-cache=1652275046091 HTTP/1.1" 200 6958
190.171.143.90 - - [11/May/2022:10:33:27 -0300] "POST /cormun/servlet/trautorizarsolicitud?1cd158f68901dc06c727ec43dbabc7be,,gx-no-cache=1652275223473 HTTP/1.1" 200 4549
192.168.10.96 - - [11/May/2022:10:33:28 -0300] "POST /cormun/servlet/trsolicitudgral?df78430aa2f356a6544cb8fd2e5886b7,,gx-no-cache=1652275051678 HTTP/1.1" 200 5267
200.54.107.2 - - [11/May/2022:10:33:29 -0300] "GET /cormun/servlet/hlogin HTTP/1.1" 200 1725
192.168.10.96 - - [11/May/2022:10:33:30 -0300] "POST /cormun/servlet/trsolicitudgral?df78430aa2f356a6544cb8fd2e5886b7,,gx-no-cache=1652275053292 HTTP/1.1" 200 5268
192.168.10.96 - - [11/May/2022:10:33:32 -0300] "POST /cormun/servlet/trsolicitudgral?df78430aa2f356a6544cb8fd2e5886b7,,gx-no-cache=1652275055325 HTTP/1.1" 200 5270
192.168.10.96 - - [11/May/2022:10:33:37 -0300] "POST /cormun/servlet/trsolicitudgral?df78430aa2f356a6544cb8fd2e5886b7,,gx-no-cache=1652275060373 HTTP/1.1" 200 6957
200.54.107.2 - - [11/May/2022:10:33:41 -0300] "POST /cormun/servlet/hlogin?a594b1f3923527e26756f1400c922671,gx-no-cache=1652275239391 HTTP/1.1" 200 90
200.54.107.2 - - [11/May/2022:10:33:41 -0300] "GET /cormun/servlet/hpexe_link HTTP/1.1" 200 964
200.54.107.2 - - [11/May/2022:10:33:41 -0300] "GET /cormun/servlet/trautorizarsolicitud? HTTP/1.1" 200 7469
192.168.10.96 - - [11/May/2022:10:33:41 -0300] "POST /cormun/servlet/trsolicitudgral?df78430aa2f356a6544cb8fd2e5886b7,,gx-no-cache=1652275064766 HTTP/1.1" 200 9587
200.54.107.2 - - [11/May/2022:10:33:41 -0300] "GET /cormun/servlet/trautorizarsolicitud? HTTP/1.1" 200 7468
192.168.10.96 - - [11/May/2022:10:33:47 -0300] "GET /cormun/servlet/vesolicitudgral?2022,18383,, HTTP/1.1" 200 8428
192.168.10.96 - - [11/May/2022:10:33:47 -0300] "GET /cormun/pexe_scrolldiv.js HTTP/1.1" 404 1009
192.168.10.96 - - [11/May/2022:10:33:47 -0300] "GET /cormun/servlet/vesolicitudgral?2022,18383,, HTTP/1.1" 200 8428
200.54.107.2 - - [11/May/2022:10:33:48 -0300] "GET /cormun/servlet/trcontratosolicitud? HTTP/1.1" 200 14557
200.54.107.2 - - [11/May/2022:10:33:48 -0300] "GET /cormun/servlet/trcontratosolicitud? HTTP/1.1" 200 14537
192.168.10.96 - - [11/May/2022:10:33:48 -0300] "GET /cormun/servlet/vesolicitudgral?2022,18383,,SolicitudOTLog HTTP/1.1" 200 9392
192.168.10.96 - - [11/May/2022:10:33:49 -0300] "GET /cormun/pexe_scrolldiv.js HTTP/1.1" 404 1009
192.168.10.96 - - [11/May/2022:10:33:49 -0300] "GET /cormun/servlet/vesolicitudgral?2022,18383,,SolicitudOTLog HTTP/1.1" 200 9393
192.168.10.96 - - [11/May/2022:10:33:50 -0300] "POST /cormun/servlet/acontrolpreferencessavestate?None,RRHH+DANIELA,true HTTP/1.1" 200 35
190.171.143.90 - - [11/May/2022:10:33:52 -0300] "POST /cormun/servlet/trautorizarsolicitud?1cd158f68901dc06c727ec43dbabc7be,,gx-no-cache=1652275248360 HTTP/1.1" 200 4550
186.67.172.234 - - [11/May/2022:10:33:54 -0300] "GET /cormun/servlet/trlicencias? HTTP/1.1" 200 15629
186.67.172.234 - - [11/May/2022:10:33:54 -0300] "GET /cormun/servlet/trlicencias? HTTP/1.1" 200 15645
186.67.172.234 - - [11/May/2022:10:33:58 -0300] "GET /cormun/servlet/trsolicitudot? HTTP/1.1" 200 9325
186.67.172.234 - - [11/May/2022:10:33:58 -0300] "GET /cormun/servlet/trsolicitudot? HTTP/1.1" 200 9325
190.171.143.90 - - [11/May/2022:10:34:07 -0300] "POST /cormun/servlet/trautorizarsolicitud?1cd158f68901dc06c727ec43dbabc7be,,gx-no-cache=1652275263442 HTTP/1.1" 200 4550
190.171.141.90 - - [11/May/2022:10:34:12 -0300] "GET /cormun/servlet/trsolicitudcuentarbd? HTTP/1.1" 200 6923
190.171.141.90 - - [11/May/2022:10:34:12 -0300] "GET /cormun/static/gxcfg.js?201991422574133 HTTP/1.1" 200 953
190.171.141.90 - - [11/May/2022:10:34:12 -0300] "GET /cormun/static/trsolicitudcuentarbd.js?201991422574613 HTTP/1.1" 200 29350
190.171.141.90 - - [11/May/2022:10:34:13 -0300] "GET /cormun/servlet/trsolicitudcuentarbd? HTTP/1.1" 200 6915
192.168.10.96 - - [11/May/2022:10:34:20 -0300] "GET /cormun/servlet/trsolicitudgral? HTTP/1.1" 200 12612
192.168.10.96 - - [11/May/2022:10:34:21 -0300] "GET /cormun/servlet/trsolicitudgral? HTTP/1.1" 200 12605
192.168.10.96 - - [11/May/2022:10:34:23 -0300] "GET /cormun/servlet/trautorizarot? HTTP/1.1" 200 10029
192.168.10.96 - - [11/May/2022:10:34:23 -0300] "GET /cormun/servlet/trautorizarot? HTTP/1.1" 200 10028
190.171.141.90 - - [11/May/2022:10:34:25 -0300] "POST /cormun/servlet/trsolicitudcuentarbd?a923a72fd544a1319771d38c0b0a2375,,gx-no-cache=1652275279502 HTTP/1.1" 200 4350
192.168.10.96 - - [11/May/2022:10:34:28 -0300] "POST /cormun/servlet/trautorizarot?df78430aa2f356a6544cb8fd2e5886b7,,gx-no-cache=1652275111937 HTTP/1.1" 200 7534
190.171.141.90 - - [11/May/2022:10:34:32 -0300] "GET /cormun/servlet/trsolicitudcuentarbd? HTTP/1.1" 200 6915
190.171.141.90 - - [11/May/2022:10:34:32 -0300] "GET /cormun/servlet/trsolicitudcuentarbd? HTTP/1.1" 200 6915
192.168.10.96 - - [11/May/2022:10:34:33 -0300] "POST /cormun/servlet/trautorizarot?df78430aa2f356a6544cb8fd2e5886b7,,gx-no-cache=1652275116480 HTTP/1.1" 200 7059
192.168.10.96 - - [11/May/2022:10:34:35 -0300] "GET /cormun/servlet/trsolicitudgral? HTTP/1.1" 200 12605
192.168.10.96 - - [11/May/2022:10:34:35 -0300] "GET /cormun/servlet/trsolicitudgral? HTTP/1.1" 200 12604
190.171.141.90 - - [11/May/2022:10:34:36 -0300] "POST /cormun/servlet/acontrolpreferencessavestate?None,SCONTRERAS,true HTTP/1.1" 200 35
190.171.141.90 - - [11/May/2022:10:34:37 -0300] "POST /cormun/servlet/acontrolpreferencessavestate?None,SCONTRERAS,true HTTP/1.1" 200 35
190.171.143.90 - - [11/May/2022:10:35:29 -0300] "POST /cormun/servlet/trautorizarsolicitud?1cd158f68901dc06c727ec43dbabc7be,,gx-no-cache=1652275344653 HTTP/1.1" 200 4550
192.168.10.96 - - [11/May/2022:10:35:45 -0300] "GET /cormun/servlet/trsolicitudgral? HTTP/1.1" 200 12604
192.168.10.96 - - [11/May/2022:10:35:45 -0300] "GET /cormun/servlet/trsolicitudgral? HTTP/1.1" 200 12604
186.67.172.234 - - [11/May/2022:10:35:53 -0300] "POST /cormun/servlet/trsolicitudot?60a0f7b05d677103f696406794e549ea,,gx-no-cache=1652275368399 HTTP/1.1" 200 107
186.67.172.234 - - [11/May/2022:10:35:53 -0300] "GET /cormun/servlet/trsolicitudadjuntos?2022,18644, HTTP/1.1" 200 9771
186.67.172.234 - - [11/May/2022:10:35:53 -0300] "GET /cormun/servlet/trsolicitudadjuntos?2022,18644, HTTP/1.1" 200 9773
186.67.172.234 - - [11/May/2022:10:36:19 -0300] "GET /cormun/servlet/solicitudotadjuntos?INS,2022,18644,,1, HTTP/1.1" 200 6417
186.67.172.234 - - [11/May/2022:10:36:19 -0300] "GET /cormun/static/about:blank HTTP/1.1" 404 1011
186.67.172.234 - - [11/May/2022:10:36:19 -0300] "GET /cormun/servlet/solicitudotadjuntos?INS,2022,18644,,1, HTTP/1.1" 200 6410
186.67.172.234 - - [11/May/2022:10:36:20 -0300] "GET /cormun/servlet/solicitudotadjuntos?90756f2d5b97214e0f22034803d9a5fa6697a5cec56888e2dfa209335689a1f15b48e82ef528951d5792b80bad7230c5,gx-no-cache=1652275395578 HTTP/1.1" 200 30
186.67.172.234 - - [11/May/2022:10:36:20 -0300] "POST /cormun/servlet/solicitudotadjuntos?60a0f7b05d677103f696406794e549ea,INS,2022,18644,,1,,gx-no-cache=1652275395597 HTTP/1.1" 200 4154
186.67.172.234 - - [11/May/2022:10:36:23 -0300] "POST /cormun/servlet/solicitudotadjuntos?gx-no-cache=1652275398788 HTTP/1.1" 200 26
190.171.142.42 - - [11/May/2022:10:37:05 -0300] "GET /cormun/servlet/hlogin HTTP/1.1" 200 1725
190.171.141.138 - - [11/May/2022:10:37:20 -0300] "GET /cormun/servlet/trpermisosgoce? HTTP/1.1" 200 6209
190.171.141.138 - - [11/May/2022:10:37:20 -0300] "GET /cormun/servlet/hlogin HTTP/1.1" 200 1746
190.171.141.138 - - [11/May/2022:10:37:20 -0300] "GET /cormun/servlet/trpermisosgoce? HTTP/1.1" 200 6206
190.171.141.138 - - [11/May/2022:10:37:23 -0300] "POST /cormun/servlet/hlogin?099f04b6ca099bf5c44a2a572ab16a4f,gx-no-cache=1652275459546 HTTP/1.1" 200 90
190.171.141.138 - - [11/May/2022:10:37:23 -0300] "GET /cormun/servlet/hpexe_link HTTP/1.1" 200 961
190.171.141.138 - - [11/May/2022:10:37:23 -0300] "GET /cormun/servlet/trpermisosgoce HTTP/1.1" 200 14911
190.171.141.138 - - [11/May/2022:10:37:23 -0300] "GET /cormun/servlet/trpermisosgoce HTTP/1.1" 200 14910
190.171.141.138 - - [11/May/2022:10:37:26 -0300] "GET /cormun/servlet/permisogoce?INS,0,,, HTTP/1.1" 200 7377
190.171.141.138 - - [11/May/2022:10:37:26 -0300] "GET /cormun/servlet/permisogoce?INS,0,,, HTTP/1.1" 200 7378
190.171.141.138 - - [11/May/2022:10:37:35 -0300] "GET /cormun/servlet/permisogoce?42802c669ab3f74926521d803705c3609dcaa9dc33c02c7d5b5c094751113020ebeb83d6048b7e028cdc9b5f3fad16831201d4a98e09cdc3e270234daee68b7c,gx-no-cache=1652275472059 HTTP/1.1" 200 84
190.171.141.138 - - [11/May/2022:10:37:35 -0300] "GET /cormun/static/menuarrow.gif HTTP/1.1" 404 1015
190.171.141.138 - - [11/May/2022:10:37:39 -0300] "GET /cormun/servlet/permisogoce?42802c669ab3f74926521d803705c36099f913828cb0f6b9ce3b60c82b2e79278527df770695d6375f95306516c1ef1eace6ed4a103e3b310e7884fd11af98d8,gx-no-cache=1652275476069 HTTP/1.1" 200 47
190.171.141.138 - - [11/May/2022:10:37:46 -0300] "POST /cormun/servlet/permisogoce?099f04b6ca099bf5c44a2a572ab16a4f,INS,0,,,,gx-no-cache=1652275482562 HTTP/1.1" 200 93
190.171.141.138 - - [11/May/2022:10:37:46 -0300] "GET /cormun/servlet/hpexe_return? HTTP/1.1" 200 1012
190.171.141.138 - - [11/May/2022:10:37:47 -0300] "GET /cormun/servlet/trpermisosgoce HTTP/1.1" 200 15191
190.171.141.138 - - [11/May/2022:10:37:47 -0300] "GET /cormun/servlet/trpermisosgoce HTTP/1.1" 200 15186
190.171.141.138 - - [11/May/2022:10:37:49 -0300] "GET /cormun/servlet/apermisogoceprn?15351841,P,20220511092129,PU HTTP/1.1" 200 1665
186.67.172.234 - - [11/May/2022:10:41:16 -0300] "POST /cormun/servlet/solicitudotadjuntos?60a0f7b05d677103f696406794e549ea,INS,2022,18644,,1,,gx-no-cache=1652275691308 HTTP/1.1" 200 93
186.67.172.234 - - [11/May/2022:10:41:16 -0300] "GET /cormun/servlet/hpexe_return? HTTP/1.1" 200 1032
186.67.172.234 - - [11/May/2022:10:41:16 -0300] "GET /cormun/servlet/trsolicitudadjuntos?2022,18644, HTTP/1.1" 200 9776
186.67.172.234 - - [11/May/2022:10:41:16 -0300] "GET /cormun/servlet/trsolicitudadjuntos?2022,18644, HTTP/1.1" 200 9773
186.67.172.234 - - [11/May/2022:10:41:17 -0300] "POST /cormun/servlet/trsolicitudadjuntos?60a0f7b05d677103f696406794e549ea,2022,18644,,gx-no-cache=1652275692909 HTTP/1.1" 200 90
186.67.172.234 - - [11/May/2022:10:41:17 -0300] "GET /cormun/servlet/hpexe_link HTTP/1.1" 200 975
186.67.172.234 - - [11/May/2022:10:41:17 -0300] "GET /cormun/servlet/trsolicitudot HTTP/1.1" 200 9327
186.67.172.234 - - [11/May/2022:10:41:18 -0300] "GET /cormun/servlet/trsolicitudot HTTP/1.1" 200 9326
186.67.172.234 - - [11/May/2022:10:41:25 -0300] "POST /cormun/servlet/trsolicitudot?60a0f7b05d677103f696406794e549ea,gx-no-cache=1652275700716 HTTP/1.1" 200 107
186.67.172.234 - - [11/May/2022:10:41:25 -0300] "GET /cormun/servlet/trsolicitudadjuntos?2022,18644, HTTP/1.1" 200 9772
186.67.172.234 - - [11/May/2022:10:41:25 -0300] "GET /cormun/servlet/trsolicitudadjuntos?2022,18644, HTTP/1.1" 200 9774
192.168.10.17 - - [11/May/2022:10:44:22 -0300] "GET /cormun/servlet/hlogin HTTP/1.1" 200 1725
192.168.10.17 - - [11/May/2022:10:44:30 -0300] "POST /cormun/servlet/hlogin?57bd35e85783805cf408043d1c345bd9,gx-no-cache=1652275713630 HTTP/1.1" 200 90
192.168.10.17 - - [11/May/2022:10:44:30 -0300] "GET /cormun/servlet/hpexe_link HTTP/1.1" 200 950
192.168.10.17 - - [11/May/2022:10:44:30 -0300] "GET /cormun/servlet/hhome HTTP/1.1" 200 3786
192.168.10.17 - - [11/May/2022:10:44:30 -0300] "GET /cormun/servlet/hhome HTTP/1.1" 200 3783
192.168.10.17 - - [11/May/2022:10:44:34 -0300] "GET /cormun/servlet/trsolicitudgral? HTTP/1.1" 200 28946
192.168.10.17 - - [11/May/2022:10:44:35 -0300] "GET /cormun/servlet/trsolicitudgral? HTTP/1.1" 200 28944
192.168.10.17 - - [11/May/2022:10:44:41 -0300] "POST /cormun/servlet/trsolicitudgral?57bd35e85783805cf408043d1c345bd9,,gx-no-cache=1652275722859 HTTP/1.1" 200 26538
192.168.10.17 - - [11/May/2022:10:44:41 -0300] "GET /cormun/static/Resources/PXToolsGridLast.gif HTTP/1.1" 200 370
192.168.10.17 - - [11/May/2022:10:44:41 -0300] "GET /cormun/static/Resources/PXToolsGridNext.gif HTTP/1.1" 200 369
186.67.172.234 - - [11/May/2022:10:46:12 -0300] "GET /cormun/servlet/solicitudotadjuntos?INS,2022,18644,,1, HTTP/1.1" 200 6416
186.67.172.234 - - [11/May/2022:10:46:12 -0300] "GET /cormun/static/about:blank HTTP/1.1" 404 1011
186.67.172.234 - - [11/May/2022:10:46:12 -0300] "GET /cormun/servlet/solicitudotadjuntos?INS,2022,18644,,1, HTTP/1.1" 200 6409
186.67.172.234 - - [11/May/2022:10:46:12 -0300] "GET /cormun/servlet/solicitudotadjuntos?90756f2d5b97214e0f22034803d9a5fa6697a5cec56888e2dfa209335689a1f15b48e82ef528951d5792b80bad7230c5,gx-no-cache=1652275988166 HTTP/1.1" 200 30
186.67.172.234 - - [11/May/2022:10:46:12 -0300] "POST /cormun/servlet/solicitudotadjuntos?60a0f7b05d677103f696406794e549ea,INS,2022,18644,,1,,gx-no-cache=1652275988197 HTTP/1.1" 200 4154
186.67.172.234 - - [11/May/2022:10:46:15 -0300] "POST /cormun/servlet/solicitudotadjuntos?gx-no-cache=1652275990917 HTTP/1.1" 200 26
186.67.172.234 - - [11/May/2022:10:46:56 -0300] "GET /cormun/servlet/solicitudotadjuntos?90756f2d5b97214e0f22034803d9a5fa443f43d1c720484ac8f22075ed092123,gx-no-cache=1652276031515 HTTP/1.1" 200 30
186.67.172.234 - - [11/May/2022:10:46:56 -0300] "GET /cormun/servlet/solicitudotadjuntos?90756f2d5b97214e0f22034803d9a5fa443f43d1c720484ac8f22075ed092123,gx-no-cache=1652276031555 HTTP/1.1" 200 30
186.67.172.234 - - [11/May/2022:10:46:56 -0300] "POST /cormun/servlet/solicitudotadjuntos?60a0f7b05d677103f696406794e549ea,INS,2022,18644,,1, HTTP/1.1" 200 116
186.67.172.234 - - [11/May/2022:10:46:56 -0300] "GET /cormun/servlet/hpexe_return? HTTP/1.1" 200 1032
186.67.172.234 - - [11/May/2022:10:46:56 -0300] "GET /cormun/servlet/trsolicitudadjuntos?2022,18644, HTTP/1.1" 200 10019
186.67.172.234 - - [11/May/2022:10:46:57 -0300] "GET /cormun/servlet/trsolicitudadjuntos?2022,18644, HTTP/1.1" 200 10017
186.67.172.234 - - [11/May/2022:10:47:07 -0300] "GET /cormun/servlet/solicitudotadjuntos?INS,2022,18644,,1, HTTP/1.1" 200 6416
186.67.172.234 - - [11/May/2022:10:47:07 -0300] "GET /cormun/static/about:blank HTTP/1.1" 404 1011
186.67.172.234 - - [11/May/2022:10:47:07 -0300] "GET /cormun/servlet/solicitudotadjuntos?INS,2022,18644,,1, HTTP/1.1" 200 6409
186.67.172.234 - - [11/May/2022:10:47:07 -0300] "GET /cormun/servlet/solicitudotadjuntos?90756f2d5b97214e0f22034803d9a5fa6697a5cec56888e2dfa209335689a1f15b48e82ef528951d5792b80bad7230c5,gx-no-cache=1652276043100 HTTP/1.1" 200 30
186.67.172.234 - - [11/May/2022:10:47:07 -0300] "POST /cormun/servlet/solicitudotadjuntos?60a0f7b05d677103f696406794e549ea,INS,2022,18644,,1,,gx-no-cache=1652276043136 HTTP/1.1" 200 4154
186.67.172.234 - - [11/May/2022:10:47:12 -0300] "POST /cormun/servlet/solicitudotadjuntos?gx-no-cache=1652276047450 HTTP/1.1" 200 26
186.67.172.234 - - [11/May/2022:10:47:23 -0300] "GET /cormun/servlet/solicitudotadjuntos?90756f2d5b97214e0f22034803d9a5fa443f43d1c720484ac8f22075ed092123,gx-no-cache=1652276058907 HTTP/1.1" 200 30
186.67.172.234 - - [11/May/2022:10:47:23 -0300] "GET /cormun/servlet/solicitudotadjuntos?90756f2d5b97214e0f22034803d9a5fa443f43d1c720484ac8f22075ed092123,gx-no-cache=1652276058919 HTTP/1.1" 200 30
186.67.172.234 - - [11/May/2022:10:47:23 -0300] "POST /cormun/servlet/solicitudotadjuntos?60a0f7b05d677103f696406794e549ea,INS,2022,18644,,1, HTTP/1.1" 200 116
186.67.172.234 - - [11/May/2022:10:47:23 -0300] "GET /cormun/servlet/hpexe_return? HTTP/1.1" 200 1032
186.67.172.234 - - [11/May/2022:10:47:24 -0300] "GET /cormun/servlet/trsolicitudadjuntos?2022,18644, HTTP/1.1" 200 10293
186.67.172.234 - - [11/May/2022:10:47:24 -0300] "GET /cormun/servlet/trsolicitudadjuntos?2022,18644, HTTP/1.1" 200 10290
186.67.172.234 - - [11/May/2022:10:47:33 -0300] "GET /cormun/servlet/solicitudotadjuntos?INS,2022,18644,,1, HTTP/1.1" 200 6416
186.67.172.234 - - [11/May/2022:10:47:33 -0300] "GET /cormun/static/about:blank HTTP/1.1" 404 1011
186.67.172.234 - - [11/May/2022:10:47:33 -0300] "GET /cormun/servlet/solicitudotadjuntos?INS,2022,18644,,1, HTTP/1.1" 200 6409
186.67.172.234 - - [11/May/2022:10:47:33 -0300] "GET /cormun/servlet/solicitudotadjuntos?90756f2d5b97214e0f22034803d9a5fa6697a5cec56888e2dfa209335689a1f15b48e82ef528951d5792b80bad7230c5,gx-no-cache=1652276069098 HTTP/1.1" 200 30
186.67.172.234 - - [11/May/2022:10:47:33 -0300] "POST /cormun/servlet/solicitudotadjuntos?60a0f7b05d677103f696406794e549ea,INS,2022,18644,,1,,gx-no-cache=1652276069112 HTTP/1.1" 200 4154
186.67.172.234 - - [11/May/2022:10:47:36 -0300] "POST /cormun/servlet/solicitudotadjuntos?gx-no-cache=1652276071610 HTTP/1.1" 200 26
186.67.172.234 - - [11/May/2022:10:47:46 -0300] "GET /cormun/servlet/solicitudotadjuntos?90756f2d5b97214e0f22034803d9a5fa443f43d1c720484ac8f22075ed092123,gx-no-cache=1652276081962 HTTP/1.1" 200 30
186.67.172.234 - - [11/May/2022:10:47:46 -0300] "GET /cormun/servlet/solicitudotadjuntos?90756f2d5b97214e0f22034803d9a5fa443f43d1c720484ac8f22075ed092123,gx-no-cache=1652276082001 HTTP/1.1" 200 30
186.67.172.234 - - [11/May/2022:10:47:46 -0300] "POST /cormun/servlet/solicitudotadjuntos?60a0f7b05d677103f696406794e549ea,INS,2022,18644,,1, HTTP/1.1" 200 116
186.67.172.234 - - [11/May/2022:10:47:47 -0300] "GET /cormun/servlet/hpexe_return? HTTP/1.1" 200 1032
