181.212.43.89 - - [11/May/2022:11:02:08 -0300] "GET /cormun/servlet/solicitudot?f97fac092f0fd2649325cb551d0b2eb4f92f51ffff53e280351b10878639e83e49e9d2191575ddb0df3214b7e93482842e9d97fa6145e0841259efe9c2503ba3dc36f5a89cd76bc90f9ef3e6970a7a7bbdbd1f8903767802ee30b2236141d19deffc88997bdf54da823c80731a0e320b,gx-no-cache=1652276943983 HTTP/1.1" 200 110
181.212.43.89 - - [11/May/2022:11:02:08 -0300] "POST /cormun/servlet/solicitudot?gx-no-cache=1652276944208 HTTP/1.1" 200 64
186.67.172.234 - - [11/May/2022:11:02:10 -0300] "GET /cormun/servlet/solicitudot?90756f2d5b97214e0f22034803d9a5facd5a7a8f352abf60d5b1e0254e38765a1748b58b7779f3e7b8937e0b273c47fb435d664ec0ed8d893f9de53b9182e7d7b2395ad78b25d6b51c788999c54e54c3b8aa6dff0fa291b89436f6faadf7e181d5520ab7138ffad7831ab9e860be04a1,gx-no-cache=1652276945578 HTTP/1.1" 200 29
186.67.172.234 - - [11/May/2022:11:02:11 -0300] "GET /cormun/static/menuarrow.gif HTTP/1.1" 404 1015
186.67.172.234 - - [11/May/2022:11:02:13 -0300] "GET /cormun/servlet/solicitudot?90756f2d5b97214e0f22034803d9a5fa2182209f3fe7ebfd10bbe1b89eca5cca5e2bfc420b0239399031730f20650723,gx-no-cache=1652276948848 HTTP/1.1" 200 30
181.212.43.89 - - [11/May/2022:11:02:19 -0300] "GET /cormun/servlet/solicitudot?f97fac092f0fd2649325cb551d0b2eb49a899dd2d65400a1a3295ab2da3a911f8799da3416a2675ebfc82fe1e01529f0d651a5d5430cc128f1ecca5d84d1c72d6b378b1e9848889f13442ca924ab9514af376b8479d6f39a14584f405c69966fe413803292a7d987d967b83fc128dd75,gx-no-cache=1652276954536 HTTP/1.1" 200 29
181.212.43.89 - - [11/May/2022:11:02:19 -0300] "GET /cormun/servlet/solicitudot?f97fac092f0fd2649325cb551d0b2eb48b44a942718371fd285c6698efc36eee78ee01301a13131423ff9cebe23fbc51,gx-no-cache=1652276954764 HTTP/1.1" 200 30
181.212.43.89 - - [11/May/2022:11:02:19 -0300] "POST /cormun/servlet/solicitudot?gx-no-cache=1652276954893 HTTP/1.1" 200 30
181.212.43.89 - - [11/May/2022:11:02:20 -0300] "POST /cormun/servlet/solicitudot?520b32b1b64cfefb4846610e1898230b,UPD,2022,18653,false,,gx-no-cache=1652276955038 HTTP/1.1" 200 93
181.212.43.89 - - [11/May/2022:11:02:20 -0300] "GET /cormun/servlet/hpexe_return? HTTP/1.1" 200 1019
181.212.43.89 - - [11/May/2022:11:02:21 -0300] "GET /cormun/servlet/trsolicitudot HTTP/1.1" 200 9740
186.67.172.234 - - [11/May/2022:11:02:21 -0300] "POST /cormun/servlet/solicitudot?gx-no-cache=1652276956717 HTTP/1.1" 200 30
181.212.43.89 - - [11/May/2022:11:02:21 -0300] "GET /cormun/servlet/trsolicitudot HTTP/1.1" 200 9736
181.212.43.89 - - [11/May/2022:11:02:25 -0300] "POST /cormun/servlet/trsolicitudot?520b32b1b64cfefb4846610e1898230b,gx-no-cache=1652276960656 HTTP/1.1" 200 113
181.212.43.89 - - [11/May/2022:11:02:25 -0300] "GET /cormun/servlet/solicitudot?UPD,2022,18653,false, HTTP/1.1" 200 16273
181.212.43.89 - - [11/May/2022:11:02:26 -0300] "GET /cormun/servlet/solicitudot?UPD,2022,18653,false, HTTP/1.1" 200 16284
181.212.43.89 - - [11/May/2022:11:02:26 -0300] "POST /cormun/servlet/solicitudot?gx-no-cache=1652276962042 HTTP/1.1" 200 3925
181.212.43.89 - - [11/May/2022:11:02:26 -0300] "POST /cormun/servlet/solicitudot?520b32b1b64cfefb4846610e1898230b,UPD,2022,18653,false,,gx-no-cache=1652276962198 HTTP/1.1" 200 12530
181.212.43.89 - - [11/May/2022:11:02:27 -0300] "GET /cormun/servlet/solicitudot?f97fac092f0fd2649325cb551d0b2eb4b552ae4bf19aca9b8395364909f24b6f0ef0c858a141bdebd3f5e36618ca24d0,gx-no-cache=1652276962438 HTTP/1.1" 200 30
181.212.43.89 - - [11/May/2022:11:02:27 -0300] "GET /cormun/servlet/solicitudot?f97fac092f0fd2649325cb551d0b2eb43fc82810c071db17a5feb74e378cf61bcb7af0ae3f610d75177de3afb5821d16889b9f7b30ac7cd486ecca10d230834a,gx-no-cache=1652276962472 HTTP/1.1" 200 30
181.212.43.89 - - [11/May/2022:11:02:27 -0300] "GET /cormun/servlet/solicitudot?f97fac092f0fd2649325cb551d0b2eb461c4f41c7e719cf928a599c8389a65bb4e73941d7b998ee8f479dccc3e1674d08740ffb1c5c0bdcac05f5b4fbee102a2,gx-no-cache=1652276962513 HTTP/1.1" 200 53
181.212.43.89 - - [11/May/2022:11:02:27 -0300] "POST /cormun/servlet/solicitudot?gx-no-cache=1652276962579 HTTP/1.1" 200 297
181.212.43.89 - - [11/May/2022:11:02:27 -0300] "GET /cormun/servlet/solicitudot?f97fac092f0fd2649325cb551d0b2eb457d00dff17fb1d840a100a964a30145ebff63d12aaf0119d972509a4ce0d28197d673eb6f14b1edee6c55dbd0252eca14dfbab0542d2a7d4362526decd63353eb3beb83ca6ebb973213f8131007582adfe426e6cc375cc9a32a38ee760c16f30e322a88a788daad4b39670d9454ab2b869d25ff1b71af156ca4550782bf0d7dde69ded3acb0406dcfdd8b3586b4202d937e7bceb42a7f96f7b0b7c2a6173d7951232850bcadf4d92ee8b5a156ae655016437266edbaaf71846aa418e11a734cb48dd351ac5ab838c2debd823033cc77f8decdced14f15b68335908c09efdcc8485bed675e852c8404a56289dc1ec302cfb698486f8dcae2cdfa90ee157fb70b5e85cbf493ec06dd5879338ca41962ff96b7857794acd0f4f95cab77eac0e7197105bd6452f6083de409f19c48a99e6dbd808dedc7687d33dec84f7c16ae4d2a9626d2b31ae6612fc193f79b264566eb486096fdabfc9e26814a76a6e16f7b515a898c979b789eaaf8771f72de0bcc21306b4bffde61cf262f0c5b9ed520b9ee0,gx-no-cache=1652276962621 HTTP/1.1" 200 30
181.212.43.89 - - [11/May/2022:11:02:27 -0300] "POST /cormun/servlet/solicitudot?gx-no-cache=1652276962650 HTTP/1.1" 200 30
181.212.43.89 - - [11/May/2022:11:02:27 -0300] "POST /cormun/servlet/solicitudot?gx-no-cache=1652276962689 HTTP/1.1" 200 1454
181.212.43.89 - - [11/May/2022:11:02:27 -0300] "POST /cormun/servlet/solicitudot?gx-no-cache=1652276962729 HTTP/1.1" 200 41
186.67.172.234 - - [11/May/2022:11:02:30 -0300] "POST /cormun/servlet/solicitudot?60a0f7b05d677103f696406794e549ea,INS,0,0,false,,gx-no-cache=1652276965116 HTTP/1.1" 200 93
186.67.172.234 - - [11/May/2022:11:02:30 -0300] "GET /cormun/servlet/hpexe_return? HTTP/1.1" 200 1035
186.67.172.234 - - [11/May/2022:11:02:30 -0300] "GET /cormun/servlet/trsolicitudot?gx-no-cache=1652276601615 HTTP/1.1" 200 9322
181.212.43.89 - - [11/May/2022:11:02:30 -0300] "GET /cormun/servlet/solicitudot?f97fac092f0fd2649325cb551d0b2eb4f92f51ffff53e280351b10878639e83e49e9d2191575ddb0df3214b7e93482842e9d97fa6145e0841259efe9c2503ba3dc36f5a89cd76bc90f9ef3e6970a7a7bbdbd1f8903767802ee30b2236141d19deffc88997bdf54da823c80731a0e320b,gx-no-cache=1652276966244 HTTP/1.1" 200 110
181.212.43.89 - - [11/May/2022:11:02:30 -0300] "POST /cormun/servlet/solicitudot?gx-no-cache=1652276966281 HTTP/1.1" 200 64
181.212.43.89 - - [11/May/2022:11:02:30 -0300] "GET /cormun/servlet/solicitudot?f97fac092f0fd2649325cb551d0b2eb49a899dd2d65400a1a3295ab2da3a911f8799da3416a2675ebfc82fe1e01529f0d651a5d5430cc128f1ecca5d84d1c72d6b378b1e9848889f13442ca924ab9514af376b8479d6f39a14584f405c69966fe413803292a7d987d967b83fc128dd75,gx-no-cache=1652276966334 HTTP/1.1" 200 29
186.67.172.234 - - [11/May/2022:11:02:31 -0300] "GET /cormun/servlet/trsolicitudot?gx-no-cache=1652276601615 HTTP/1.1" 200 9339
181.212.43.89 - - [11/May/2022:11:02:31 -0300] "GET /cormun/servlet/solicitudot?f97fac092f0fd2649325cb551d0b2eb48b44a942718371fd285c6698efc36eee78ee01301a13131423ff9cebe23fbc51,gx-no-cache=1652276966382 HTTP/1.1" 200 30
181.212.43.89 - - [11/May/2022:11:02:31 -0300] "POST /cormun/servlet/solicitudot?gx-no-cache=1652276966428 HTTP/1.1" 200 30
181.212.43.89 - - [11/May/2022:11:02:31 -0300] "POST /cormun/servlet/solicitudot?520b32b1b64cfefb4846610e1898230b,UPD,2022,18653,false,,gx-no-cache=1652276966463 HTTP/1.1" 200 93
181.212.43.89 - - [11/May/2022:11:02:31 -0300] "GET /cormun/servlet/hpexe_return? HTTP/1.1" 200 1019
181.212.43.89 - - [11/May/2022:11:02:31 -0300] "GET /cormun/servlet/trsolicitudot HTTP/1.1" 200 9740
181.212.43.89 - - [11/May/2022:11:02:32 -0300] "GET /cormun/servlet/trsolicitudot HTTP/1.1" 200 9736
181.212.43.89 - - [11/May/2022:11:02:36 -0300] "POST /cormun/servlet/trsolicitudot?520b32b1b64cfefb4846610e1898230b,gx-no-cache=1652276971384 HTTP/1.1" 200 107
181.212.43.89 - - [11/May/2022:11:02:36 -0300] "GET /cormun/servlet/trsolicitudadjuntos?2022,18653, HTTP/1.1" 200 6115
181.212.43.89 - - [11/May/2022:11:02:36 -0300] "GET /cormun/static/gxcfg.js?20201215574222 HTTP/1.1" 200 953
181.212.43.89 - - [11/May/2022:11:02:36 -0300] "GET /cormun/static/Resources/PXToolsGridNew.png HTTP/1.1" 200 427
181.212.43.89 - - [11/May/2022:11:02:36 -0300] "GET /cormun/static/trsolicitudadjuntos.js?20201215574932 HTTP/1.1" 200 17922
181.212.43.89 - - [11/May/2022:11:02:36 -0300] "GET /cormun/servlet/trsolicitudadjuntos?2022,18653, HTTP/1.1" 200 6115
181.212.43.89 - - [11/May/2022:11:02:39 -0300] "GET /cormun/servlet/solicitudotadjuntos?INS,2022,18653,,1, HTTP/1.1" 200 6058
181.212.43.89 - - [11/May/2022:11:02:39 -0300] "GET /cormun/static/gxcfg.js?202012157947 HTTP/1.1" 200 953
181.212.43.89 - - [11/May/2022:11:02:39 -0300] "GET /cormun/static/solicitudotadjuntos.js?202012157966 HTTP/1.1" 200 11771
181.212.43.89 - - [11/May/2022:11:02:39 -0300] "GET /cormun/static/about:blank HTTP/1.1" 404 1011
181.212.43.89 - - [11/May/2022:11:02:39 -0300] "GET /cormun/servlet/solicitudotadjuntos?INS,2022,18653,,1, HTTP/1.1" 200 6052
181.212.43.89 - - [11/May/2022:11:02:40 -0300] "GET /cormun/servlet/solicitudotadjuntos?f97fac092f0fd2649325cb551d0b2eb48bd1f12ee07112af8d3910480b6628e6a93c08eb74a10f2c20af2d99ae7df55a,gx-no-cache=1652276975617 HTTP/1.1" 200 30
181.212.43.89 - - [11/May/2022:11:02:40 -0300] "POST /cormun/servlet/solicitudotadjuntos?520b32b1b64cfefb4846610e1898230b,INS,2022,18653,,1,,gx-no-cache=1652276975655 HTTP/1.1" 200 3890
181.212.43.89 - - [11/May/2022:11:02:42 -0300] "POST /cormun/servlet/solicitudotadjuntos?gx-no-cache=1652276978318 HTTP/1.1" 200 26
186.67.172.234 - - [11/May/2022:11:02:49 -0300] "POST /cormun/servlet/trsolicitudot?60a0f7b05d677103f696406794e549ea,gx-no-cache=1652276601615,gx-no-cache=1652276984606 HTTP/1.1" 200 107
186.67.172.234 - - [11/May/2022:11:02:49 -0300] "GET /cormun/servlet/trsolicitudadjuntos?2022,18667, HTTP/1.1" 200 6500
186.67.172.234 - - [11/May/2022:11:02:49 -0300] "GET /cormun/servlet/trsolicitudadjuntos?2022,18667, HTTP/1.1" 200 6479
186.67.172.234 - - [11/May/2022:11:02:52 -0300] "GET /cormun/servlet/solicitudotadjuntos?INS,2022,18667,,1, HTTP/1.1" 200 6418
186.67.172.234 - - [11/May/2022:11:02:52 -0300] "GET /cormun/static/about:blank HTTP/1.1" 404 1011
186.67.172.234 - - [11/May/2022:11:02:52 -0300] "GET /cormun/servlet/solicitudotadjuntos?INS,2022,18667,,1, HTTP/1.1" 200 6411
186.67.172.234 - - [11/May/2022:11:02:53 -0300] "GET /cormun/servlet/solicitudotadjuntos?90756f2d5b97214e0f22034803d9a5faad5edcee531845aaa92823a19317407c5b48e82ef528951d5792b80bad7230c5,gx-no-cache=1652276988661 HTTP/1.1" 200 30
186.67.172.234 - - [11/May/2022:11:02:53 -0300] "POST /cormun/servlet/solicitudotadjuntos?60a0f7b05d677103f696406794e549ea,INS,2022,18667,,1,,gx-no-cache=1652276988684 HTTP/1.1" 200 4154
186.67.172.234 - - [11/May/2022:11:02:55 -0300] "POST /cormun/servlet/solicitudotadjuntos?gx-no-cache=1652276990571 HTTP/1.1" 200 26
186.67.172.234 - - [11/May/2022:11:03:04 -0300] "GET /cormun/servlet/solicitudotadjuntos?90756f2d5b97214e0f22034803d9a5fa443f43d1c720484ac8f22075ed092123,gx-no-cache=1652277000330 HTTP/1.1" 200 30
186.67.172.234 - - [11/May/2022:11:03:05 -0300] "GET /cormun/servlet/solicitudotadjuntos?90756f2d5b97214e0f22034803d9a5fa443f43d1c720484ac8f22075ed092123,gx-no-cache=1652277000342 HTTP/1.1" 200 30
186.67.172.234 - - [11/May/2022:11:03:05 -0300] "POST /cormun/servlet/solicitudotadjuntos?60a0f7b05d677103f696406794e549ea,INS,2022,18667,,1, HTTP/1.1" 200 116
186.67.172.234 - - [11/May/2022:11:03:05 -0300] "GET /cormun/servlet/hpexe_return? HTTP/1.1" 200 1032
186.67.172.234 - - [11/May/2022:11:03:05 -0300] "GET /cormun/servlet/trsolicitudadjuntos?2022,18667, HTTP/1.1" 200 9255
186.67.172.234 - - [11/May/2022:11:03:05 -0300] "GET /cormun/servlet/trsolicitudadjuntos?2022,18667, HTTP/1.1" 200 9254
186.67.172.234 - - [11/May/2022:11:03:12 -0300] "GET /cormun/servlet/solicitudotadjuntos?INS,2022,18667,,1, HTTP/1.1" 200 6417
186.67.172.234 - - [11/May/2022:11:03:12 -0300] "GET /cormun/static/about:blank HTTP/1.1" 404 1011
186.67.172.234 - - [11/May/2022:11:03:12 -0300] "GET /cormun/servlet/solicitudotadjuntos?INS,2022,18667,,1, HTTP/1.1" 200 6410
186.67.172.234 - - [11/May/2022:11:03:12 -0300] "GET /cormun/servlet/solicitudotadjuntos?90756f2d5b97214e0f22034803d9a5faad5edcee531845aaa92823a19317407c5b48e82ef528951d5792b80bad7230c5,gx-no-cache=1652277008017 HTTP/1.1" 200 30
186.67.172.234 - - [11/May/2022:11:03:12 -0300] "POST /cormun/servlet/solicitudotadjuntos?60a0f7b05d677103f696406794e549ea,INS,2022,18667,,1,,gx-no-cache=1652277008031 HTTP/1.1" 200 4153
186.67.172.234 - - [11/May/2022:11:03:14 -0300] "POST /cormun/servlet/solicitudotadjuntos?gx-no-cache=1652277010121 HTTP/1.1" 200 26
181.212.43.89 - - [11/May/2022:11:03:17 -0300] "GET /cormun/servlet/solicitudotadjuntos?f97fac092f0fd2649325cb551d0b2eb457719a6909c402bf740cf313e8e33577,gx-no-cache=1652277013096 HTTP/1.1" 200 30
181.212.43.89 - - [11/May/2022:11:03:17 -0300] "GET /cormun/servlet/solicitudotadjuntos?f97fac092f0fd2649325cb551d0b2eb457719a6909c402bf740cf313e8e33577,gx-no-cache=1652277013131 HTTP/1.1" 200 30
181.212.43.89 - - [11/May/2022:11:03:17 -0300] "POST /cormun/servlet/solicitudotadjuntos?520b32b1b64cfefb4846610e1898230b,INS,2022,18653,,1, HTTP/1.1" 200 116
181.212.43.89 - - [11/May/2022:11:03:18 -0300] "GET /cormun/servlet/hpexe_return? HTTP/1.1" 200 1031
181.212.43.89 - - [11/May/2022:11:03:18 -0300] "GET /cormun/servlet/trsolicitudadjuntos?2022,18653, HTTP/1.1" 200 8928
181.212.43.89 - - [11/May/2022:11:03:19 -0300] "GET /cormun/servlet/trsolicitudadjuntos?2022,18653, HTTP/1.1" 200 8924
186.67.172.234 - - [11/May/2022:11:03:20 -0300] "GET /cormun/servlet/solicitudotadjuntos?90756f2d5b97214e0f22034803d9a5fa443f43d1c720484ac8f22075ed092123,gx-no-cache=1652277015521 HTTP/1.1" 200 30
186.67.172.234 - - [11/May/2022:11:03:20 -0300] "GET /cormun/servlet/solicitudotadjuntos?90756f2d5b97214e0f22034803d9a5fa443f43d1c720484ac8f22075ed092123,gx-no-cache=1652277015532 HTTP/1.1" 200 30
186.67.172.234 - - [11/May/2022:11:03:20 -0300] "POST /cormun/servlet/solicitudotadjuntos?60a0f7b05d677103f696406794e549ea,INS,2022,18667,,1, HTTP/1.1" 200 116
186.67.172.234 - - [11/May/2022:11:03:20 -0300] "GET /cormun/servlet/hpexe_return? HTTP/1.1" 200 1032
186.67.172.234 - - [11/May/2022:11:03:20 -0300] "GET /cormun/servlet/trsolicitudadjuntos?2022,18667, HTTP/1.1" 200 9499
186.67.172.234 - - [11/May/2022:11:03:20 -0300] "GET /cormun/servlet/trsolicitudadjuntos?2022,18667, HTTP/1.1" 200 9496
181.212.43.89 - - [11/May/2022:11:03:20 -0300] "GET /cormun/servlet/solicitudotadjuntos?INS,2022,18653,,1, HTTP/1.1" 200 6057
181.212.43.89 - - [11/May/2022:11:03:21 -0300] "GET /cormun/static/about:blank HTTP/1.1" 404 1011
181.212.43.89 - - [11/May/2022:11:03:21 -0300] "GET /cormun/servlet/solicitudotadjuntos?INS,2022,18653,,1, HTTP/1.1" 200 6051
181.212.43.89 - - [11/May/2022:11:03:21 -0300] "GET /cormun/servlet/solicitudotadjuntos?f97fac092f0fd2649325cb551d0b2eb48bd1f12ee07112af8d3910480b6628e6a93c08eb74a10f2c20af2d99ae7df55a,gx-no-cache=1652277017194 HTTP/1.1" 200 30
181.212.43.89 - - [11/May/2022:11:03:21 -0300] "POST /cormun/servlet/solicitudotadjuntos?520b32b1b64cfefb4846610e1898230b,INS,2022,18653,,1,,gx-no-cache=1652277017220 HTTP/1.1" 200 3890
181.212.43.89 - - [11/May/2022:11:03:23 -0300] "POST /cormun/servlet/solicitudotadjuntos?gx-no-cache=1652277019228 HTTP/1.1" 200 26
186.67.172.234 - - [11/May/2022:11:03:26 -0300] "GET /cormun/servlet/solicitudotadjuntos?INS,2022,18667,,1, HTTP/1.1" 200 6417
186.67.172.234 - - [11/May/2022:11:03:26 -0300] "GET /cormun/static/about:blank HTTP/1.1" 404 1011
186.67.172.234 - - [11/May/2022:11:03:26 -0300] "GET /cormun/servlet/solicitudotadjuntos?INS,2022,18667,,1, HTTP/1.1" 200 6410
186.67.172.234 - - [11/May/2022:11:03:27 -0300] "GET /cormun/servlet/solicitudotadjuntos?90756f2d5b97214e0f22034803d9a5faad5edcee531845aaa92823a19317407c5b48e82ef528951d5792b80bad7230c5,gx-no-cache=1652277022629 HTTP/1.1" 200 30
186.67.172.234 - - [11/May/2022:11:03:27 -0300] "POST /cormun/servlet/solicitudotadjuntos?60a0f7b05d677103f696406794e549ea,INS,2022,18667,,1,,gx-no-cache=1652277022643 HTTP/1.1" 200 4153
186.67.172.234 - - [11/May/2022:11:03:30 -0300] "POST /cormun/servlet/solicitudotadjuntos?gx-no-cache=1652277025729 HTTP/1.1" 200 26
181.212.43.89 - - [11/May/2022:11:03:31 -0300] "GET /cormun/servlet/solicitudotadjuntos?f97fac092f0fd2649325cb551d0b2eb457719a6909c402bf740cf313e8e33577,gx-no-cache=1652277026744 HTTP/1.1" 200 30
181.212.43.89 - - [11/May/2022:11:03:31 -0300] "GET /cormun/servlet/solicitudotadjuntos?f97fac092f0fd2649325cb551d0b2eb457719a6909c402bf740cf313e8e33577,gx-no-cache=1652277026766 HTTP/1.1" 200 30
181.212.43.89 - - [11/May/2022:11:03:31 -0300] "POST /cormun/servlet/solicitudotadjuntos?520b32b1b64cfefb4846610e1898230b,INS,2022,18653,,1, HTTP/1.1" 200 116
181.212.43.89 - - [11/May/2022:11:03:31 -0300] "GET /cormun/servlet/hpexe_return? HTTP/1.1" 200 1031
181.212.43.89 - - [11/May/2022:11:03:31 -0300] "GET /cormun/servlet/trsolicitudadjuntos?2022,18653, HTTP/1.1" 200 9166
181.212.43.89 - - [11/May/2022:11:03:32 -0300] "GET /cormun/servlet/trsolicitudadjuntos?2022,18653, HTTP/1.1" 200 9166
181.212.43.89 - - [11/May/2022:11:03:34 -0300] "GET /cormun/servlet/solicitudotadjuntos?INS,2022,18653,,1, HTTP/1.1" 200 6057
181.212.43.89 - - [11/May/2022:11:03:35 -0300] "GET /cormun/static/about:blank HTTP/1.1" 404 1011
181.212.43.89 - - [11/May/2022:11:03:35 -0300] "GET /cormun/servlet/solicitudotadjuntos?INS,2022,18653,,1, HTTP/1.1" 200 6051
181.212.43.89 - - [11/May/2022:11:03:35 -0300] "GET /cormun/servlet/solicitudotadjuntos?f97fac092f0fd2649325cb551d0b2eb48bd1f12ee07112af8d3910480b6628e6a93c08eb74a10f2c20af2d99ae7df55a,gx-no-cache=1652277030945 HTTP/1.1" 200 30
181.212.43.89 - - [11/May/2022:11:03:35 -0300] "POST /cormun/servlet/solicitudotadjuntos?520b32b1b64cfefb4846610e1898230b,INS,2022,18653,,1,,gx-no-cache=1652277030972 HTTP/1.1" 200 3890
181.212.43.89 - - [11/May/2022:11:03:38 -0300] "POST /cormun/servlet/solicitudotadjuntos?gx-no-cache=1652277034131 HTTP/1.1" 200 26
181.212.43.89 - - [11/May/2022:11:03:46 -0300] "GET /cormun/servlet/solicitudotadjuntos?f97fac092f0fd2649325cb551d0b2eb457719a6909c402bf740cf313e8e33577,gx-no-cache=1652277041496 HTTP/1.1" 200 30
181.212.43.89 - - [11/May/2022:11:03:46 -0300] "GET /cormun/servlet/solicitudotadjuntos?f97fac092f0fd2649325cb551d0b2eb457719a6909c402bf740cf313e8e33577,gx-no-cache=1652277041518 HTTP/1.1" 200 30
181.212.43.89 - - [11/May/2022:11:03:46 -0300] "POST /cormun/servlet/solicitudotadjuntos?520b32b1b64cfefb4846610e1898230b,INS,2022,18653,,1, HTTP/1.1" 200 116
181.212.43.89 - - [11/May/2022:11:03:46 -0300] "GET /cormun/servlet/hpexe_return? HTTP/1.1" 200 1031
181.212.43.89 - - [11/May/2022:11:03:46 -0300] "GET /cormun/servlet/trsolicitudadjuntos?2022,18653, HTTP/1.1" 200 9350
181.212.43.89 - - [11/May/2022:11:03:47 -0300] "GET /cormun/servlet/trsolicitudadjuntos?2022,18653, HTTP/1.1" 200 9348
181.212.43.89 - - [11/May/2022:11:03:49 -0300] "GET /cormun/servlet/solicitudotadjuntos?INS,2022,18653,,1, HTTP/1.1" 200 6057
181.212.43.89 - - [11/May/2022:11:03:49 -0300] "GET /cormun/static/about:blank HTTP/1.1" 404 1011
181.212.43.89 - - [11/May/2022:11:03:49 -0300] "GET /cormun/servlet/solicitudotadjuntos?INS,2022,18653,,1, HTTP/1.1" 200 6051
181.212.43.89 - - [11/May/2022:11:03:50 -0300] "GET /cormun/servlet/solicitudotadjuntos?f97fac092f0fd2649325cb551d0b2eb48bd1f12ee07112af8d3910480b6628e6a93c08eb74a10f2c20af2d99ae7df55a,gx-no-cache=1652277045398 HTTP/1.1" 200 30
181.212.43.89 - - [11/May/2022:11:03:50 -0300] "POST /cormun/servlet/solicitudotadjuntos?520b32b1b64cfefb4846610e1898230b,INS,2022,18653,,1,,gx-no-cache=1652277045424 HTTP/1.1" 200 3890
181.212.43.89 - - [11/May/2022:11:03:52 -0300] "POST /cormun/servlet/solicitudotadjuntos?gx-no-cache=1652277048062 HTTP/1.1" 200 26
186.67.172.234 - - [11/May/2022:11:04:01 -0300] "GET /cormun/servlet/solicitudotadjuntos?90756f2d5b97214e0f22034803d9a5fa443f43d1c720484ac8f22075ed092123,gx-no-cache=1652277056587 HTTP/1.1" 200 30
186.67.172.234 - - [11/May/2022:11:04:01 -0300] "GET /cormun/servlet/solicitudotadjuntos?90756f2d5b97214e0f22034803d9a5fa443f43d1c720484ac8f22075ed092123,gx-no-cache=1652277056603 HTTP/1.1" 200 30
186.67.172.234 - - [11/May/2022:11:04:01 -0300] "POST /cormun/servlet/solicitudotadjuntos?60a0f7b05d677103f696406794e549ea,INS,2022,18667,,1, HTTP/1.1" 200 116
186.67.172.234 - - [11/May/2022:11:04:01 -0300] "GET /cormun/servlet/hpexe_return? HTTP/1.1" 200 1032
186.67.172.234 - - [11/May/2022:11:04:01 -0300] "GET /cormun/servlet/trsolicitudadjuntos?2022,18667, HTTP/1.1" 200 9745
186.67.172.234 - - [11/May/2022:11:04:01 -0300] "GET /cormun/servlet/trsolicitudadjuntos?2022,18667, HTTP/1.1" 200 9742
181.212.43.89 - - [11/May/2022:11:04:02 -0300] "GET /cormun/servlet/solicitudotadjuntos?f97fac092f0fd2649325cb551d0b2eb457719a6909c402bf740cf313e8e33577,gx-no-cache=1652277057912 HTTP/1.1" 200 30
181.212.43.89 - - [11/May/2022:11:04:02 -0300] "GET /cormun/servlet/solicitudotadjuntos?f97fac092f0fd2649325cb551d0b2eb457719a6909c402bf740cf313e8e33577,gx-no-cache=1652277057935 HTTP/1.1" 200 30
181.212.43.89 - - [11/May/2022:11:04:03 -0300] "POST /cormun/servlet/solicitudotadjuntos?520b32b1b64cfefb4846610e1898230b,INS,2022,18653,,1, HTTP/1.1" 200 116
181.212.43.89 - - [11/May/2022:11:04:03 -0300] "GET /cormun/servlet/hpexe_return? HTTP/1.1" 200 1031
181.212.43.89 - - [11/May/2022:11:04:03 -0300] "GET /cormun/servlet/trsolicitudadjuntos?2022,18653, HTTP/1.1" 200 9631
181.212.43.89 - - [11/May/2022:11:04:04 -0300] "GET /cormun/servlet/trsolicitudadjuntos?2022,18653, HTTP/1.1" 200 9632
186.67.172.234 - - [11/May/2022:11:04:04 -0300] "GET /cormun/servlet/solicitudotadjuntos?INS,2022,18667,,1, HTTP/1.1" 200 6418
186.67.172.234 - - [11/May/2022:11:04:04 -0300] "GET /cormun/static/about:blank HTTP/1.1" 404 1011
186.67.172.234 - - [11/May/2022:11:04:04 -0300] "GET /cormun/servlet/solicitudotadjuntos?INS,2022,18667,,1, HTTP/1.1" 200 6411
186.67.172.234 - - [11/May/2022:11:04:04 -0300] "GET /cormun/servlet/solicitudotadjuntos?90756f2d5b97214e0f22034803d9a5faad5edcee531845aaa92823a19317407c5b48e82ef528951d5792b80bad7230c5,gx-no-cache=1652277060081 HTTP/1.1" 200 30
186.67.172.234 - - [11/May/2022:11:04:04 -0300] "POST /cormun/servlet/solicitudotadjuntos?60a0f7b05d677103f696406794e549ea,INS,2022,18667,,1,,gx-no-cache=1652277060103 HTTP/1.1" 200 4154
181.212.43.89 - - [11/May/2022:11:04:05 -0300] "GET /cormun/servlet/solicitudotadjuntos?INS,2022,18653,,1, HTTP/1.1" 200 6058
181.212.43.89 - - [11/May/2022:11:04:06 -0300] "GET /cormun/static/about:blank HTTP/1.1" 404 1011
181.212.43.89 - - [11/May/2022:11:04:06 -0300] "GET /cormun/servlet/solicitudotadjuntos?INS,2022,18653,,1, HTTP/1.1" 200 6052
181.212.43.89 - - [11/May/2022:11:04:06 -0300] "GET /cormun/servlet/solicitudotadjuntos?f97fac092f0fd2649325cb551d0b2eb48bd1f12ee07112af8d3910480b6628e6a93c08eb74a10f2c20af2d99ae7df55a,gx-no-cache=1652277062206 HTTP/1.1" 200 30
181.212.43.89 - - [11/May/2022:11:04:06 -0300] "POST /cormun/servlet/solicitudotadjuntos?520b32b1b64cfefb4846610e1898230b,INS,2022,18653,,1,,gx-no-cache=1652277062242 HTTP/1.1" 200 3891
186.67.172.234 - - [11/May/2022:11:04:08 -0300] "POST /cormun/servlet/solicitudotadjuntos?gx-no-cache=1652277063346 HTTP/1.1" 200 26
181.212.43.89 - - [11/May/2022:11:04:13 -0300] "POST /cormun/servlet/solicitudotadjuntos?gx-no-cache=1652277069345 HTTP/1.1" 200 26
181.212.43.89 - - [11/May/2022:11:04:21 -0300] "GET /cormun/servlet/solicitudotadjuntos?f97fac092f0fd2649325cb551d0b2eb457719a6909c402bf740cf313e8e33577,gx-no-cache=1652277076984 HTTP/1.1" 200 30
181.212.43.89 - - [11/May/2022:11:04:21 -0300] "GET /cormun/servlet/solicitudotadjuntos?f97fac092f0fd2649325cb551d0b2eb457719a6909c402bf740cf313e8e33577,gx-no-cache=1652277077007 HTTP/1.1" 200 30
181.212.43.89 - - [11/May/2022:11:04:21 -0300] "POST /cormun/servlet/solicitudotadjuntos?520b32b1b64cfefb4846610e1898230b,INS,2022,18653,,1, HTTP/1.1" 200 116
181.212.43.89 - - [11/May/2022:11:04:21 -0300] "GET /cormun/servlet/hpexe_return? HTTP/1.1" 200 1031
186.67.172.234 - - [11/May/2022:11:04:22 -0300] "GET /cormun/servlet/solicitudotadjuntos?90756f2d5b97214e0f22034803d9a5fa443f43d1c720484ac8f22075ed092123,gx-no-cache=1652277077443 HTTP/1.1" 200 30
186.67.172.234 - - [11/May/2022:11:04:22 -0300] "GET /cormun/servlet/solicitudotadjuntos?90756f2d5b97214e0f22034803d9a5fa443f43d1c720484ac8f22075ed092123,gx-no-cache=1652277077454 HTTP/1.1" 200 30
181.212.43.89 - - [11/May/2022:11:04:22 -0300] "GET /cormun/servlet/trsolicitudadjuntos?2022,18653, HTTP/1.1" 200 9885
186.67.172.234 - - [11/May/2022:11:04:22 -0300] "POST /cormun/servlet/solicitudotadjuntos?60a0f7b05d677103f696406794e549ea,INS,2022,18667,,1, HTTP/1.1" 200 116
186.67.172.234 - - [11/May/2022:11:04:22 -0300] "GET /cormun/servlet/hpexe_return? HTTP/1.1" 200 1032
186.67.172.234 - - [11/May/2022:11:04:22 -0300] "GET /cormun/servlet/trsolicitudadjuntos?2022,18667, HTTP/1.1" 200 9968
181.212.43.89 - - [11/May/2022:11:04:23 -0300] "GET /cormun/servlet/trsolicitudadjuntos?2022,18653, HTTP/1.1" 200 9884
186.67.172.234 - - [11/May/2022:11:04:23 -0300] "GET /cormun/servlet/trsolicitudadjuntos?2022,18667, HTTP/1.1" 200 9968
181.212.43.89 - - [11/May/2022:11:04:24 -0300] "GET /cormun/servlet/solicitudotadjuntos?INS,2022,18653,,1, HTTP/1.1" 200 6058
181.212.43.89 - - [11/May/2022:11:04:25 -0300] "GET /cormun/static/about:blank HTTP/1.1" 404 1011
181.212.43.89 - - [11/May/2022:11:04:25 -0300] "GET /cormun/servlet/solicitudotadjuntos?INS,2022,18653,,1, HTTP/1.1" 200 6052
181.212.43.89 - - [11/May/2022:11:04:25 -0300] "GET /cormun/servlet/solicitudotadjuntos?f97fac092f0fd2649325cb551d0b2eb48bd1f12ee07112af8d3910480b6628e6a93c08eb74a10f2c20af2d99ae7df55a,gx-no-cache=1652277081216 HTTP/1.1" 200 30
181.212.43.89 - - [11/May/2022:11:04:25 -0300] "POST /cormun/servlet/solicitudotadjuntos?520b32b1b64cfefb4846610e1898230b,INS,2022,18653,,1,,gx-no-cache=1652277081242 HTTP/1.1" 200 3891
190.171.154.42 - - [11/May/2022:11:04:26 -0300] "GET /cormun/servlet/trsolicitudot? HTTP/1.1" 200 7770
190.171.154.42 - - [11/May/2022:11:04:29 -0300] "GET /cormun/servlet/hlogin HTTP/1.1" 200 1749
190.171.154.42 - - [11/May/2022:11:04:29 -0300] "GET /cormun/servlet/trsolicitudot? HTTP/1.1" 200 7768
181.212.43.89 - - [11/May/2022:11:04:33 -0300] "POST /cormun/servlet/solicitudotadjuntos?gx-no-cache=1652277088941 HTTP/1.1" 200 26
190.171.154.42 - - [11/May/2022:11:04:36 -0300] "POST /cormun/servlet/hlogin?2a6a8c697ebc35ce047d2847a345d9fa,gx-no-cache=1652277089247 HTTP/1.1" 200 90
190.171.154.42 - - [11/May/2022:11:04:36 -0300] "GET /cormun/servlet/hpexe_link HTTP/1.1" 200 963
190.171.154.42 - - [11/May/2022:11:04:36 -0300] "GET /cormun/servlet/trsolicitudot HTTP/1.1" 200 7220
190.171.154.42 - - [11/May/2022:11:04:38 -0300] "GET /cormun/servlet/trsolicitudot HTTP/1.1" 200 7219
186.67.172.234 - - [11/May/2022:11:04:39 -0300] "GET /cormun/servlet/solicitudotadjuntos?INS,2022,18667,,1, HTTP/1.1" 200 6418
186.67.172.234 - - [11/May/2022:11:04:39 -0300] "GET /cormun/static/about:blank HTTP/1.1" 404 1011
186.67.172.234 - - [11/May/2022:11:04:39 -0300] "GET /cormun/servlet/solicitudotadjuntos?INS,2022,18667,,1, HTTP/1.1" 200 6411
186.67.172.234 - - [11/May/2022:11:04:40 -0300] "GET /cormun/servlet/solicitudotadjuntos?90756f2d5b97214e0f22034803d9a5faad5edcee531845aaa92823a19317407c5b48e82ef528951d5792b80bad7230c5,gx-no-cache=1652277095455 HTTP/1.1" 200 30
186.67.172.234 - - [11/May/2022:11:04:40 -0300] "POST /cormun/servlet/solicitudotadjuntos?60a0f7b05d677103f696406794e549ea,INS,2022,18667,,1,,gx-no-cache=1652277095473 HTTP/1.1" 200 4154
181.212.43.89 - - [11/May/2022:11:04:40 -0300] "GET /cormun/servlet/solicitudotadjuntos?f97fac092f0fd2649325cb551d0b2eb457719a6909c402bf740cf313e8e33577,gx-no-cache=1652277095912 HTTP/1.1" 200 30
181.212.43.89 - - [11/May/2022:11:04:40 -0300] "GET /cormun/servlet/solicitudotadjuntos?f97fac092f0fd2649325cb551d0b2eb457719a6909c402bf740cf313e8e33577,gx-no-cache=1652277095942 HTTP/1.1" 200 30
181.212.43.89 - - [11/May/2022:11:04:40 -0300] "POST /cormun/servlet/solicitudotadjuntos?520b32b1b64cfefb4846610e1898230b,INS,2022,18653,,1, HTTP/1.1" 200 116
181.212.43.89 - - [11/May/2022:11:04:40 -0300] "GET /cormun/servlet/hpexe_return? HTTP/1.1" 200 1031
190.171.154.42 - - [11/May/2022:11:04:40 -0300] "GET /cormun/servlet/trsolicitudot? HTTP/1.1" 200 7219
181.212.43.89 - - [11/May/2022:11:04:41 -0300] "GET /cormun/servlet/trsolicitudadjuntos?2022,18653, HTTP/1.1" 200 10062
181.212.43.89 - - [11/May/2022:11:04:41 -0300] "GET /cormun/servlet/trsolicitudadjuntos?2022,18653, HTTP/1.1" 200 10059
186.67.172.234 - - [11/May/2022:11:04:42 -0300] "POST /cormun/servlet/solicitudotadjuntos?gx-no-cache=1652277097897 HTTP/1.1" 200 26
190.171.154.42 - - [11/May/2022:11:04:42 -0300] "GET /cormun/servlet/trsolicitudot? HTTP/1.1" 200 7219
186.67.172.234 - - [11/May/2022:11:04:47 -0300] "GET /cormun/servlet/solicitudotadjuntos?90756f2d5b97214e0f22034803d9a5fa443f43d1c720484ac8f22075ed092123,gx-no-cache=1652277102562 HTTP/1.1" 200 30
186.67.172.234 - - [11/May/2022:11:04:47 -0300] "GET /cormun/servlet/solicitudotadjuntos?90756f2d5b97214e0f22034803d9a5fa443f43d1c720484ac8f22075ed092123,gx-no-cache=1652277102587 HTTP/1.1" 200 30
186.67.172.234 - - [11/May/2022:11:04:47 -0300] "POST /cormun/servlet/solicitudotadjuntos?60a0f7b05d677103f696406794e549ea,INS,2022,18667,,1, HTTP/1.1" 200 116
186.67.172.234 - - [11/May/2022:11:04:47 -0300] "GET /cormun/servlet/hpexe_return? HTTP/1.1" 200 1032
186.67.172.234 - - [11/May/2022:11:04:47 -0300] "GET /cormun/servlet/trsolicitudadjuntos?2022,18667, HTTP/1.1" 200 10280
186.67.172.234 - - [11/May/2022:11:04:48 -0300] "GET /cormun/servlet/trsolicitudadjuntos?2022,18667, HTTP/1.1" 200 10279
186.67.172.234 - - [11/May/2022:11:04:49 -0300] "GET /cormun/servlet/solicitudotadjuntos?INS,2022,18667,,1, HTTP/1.1" 200 6418
186.67.172.234 - - [11/May/2022:11:04:49 -0300] "GET /cormun/static/about:blank HTTP/1.1" 404 1011
186.67.172.234 - - [11/May/2022:11:04:49 -0300] "GET /cormun/servlet/solicitudotadjuntos?INS,2022,18667,,1, HTTP/1.1" 200 6411
186.67.172.234 - - [11/May/2022:11:04:50 -0300] "GET /cormun/servlet/solicitudotadjuntos?90756f2d5b97214e0f22034803d9a5faad5edcee531845aaa92823a19317407c5b48e82ef528951d5792b80bad7230c5,gx-no-cache=1652277105671 HTTP/1.1" 200 30
186.67.172.234 - - [11/May/2022:11:04:50 -0300] "POST /cormun/servlet/solicitudotadjuntos?60a0f7b05d677103f696406794e549ea,INS,2022,18667,,1,,gx-no-cache=1652277105685 HTTP/1.1" 200 4154
181.212.43.89 - - [11/May/2022:11:04:51 -0300] "POST /cormun/servlet/trsolicitudadjuntos?520b32b1b64cfefb4846610e1898230b,2022,18653,,gx-no-cache=1652277106749 HTTP/1.1" 200 90
181.212.43.89 - - [11/May/2022:11:04:51 -0300] "GET /cormun/servlet/hpexe_link HTTP/1.1" 200 974
181.212.43.89 - - [11/May/2022:11:04:51 -0300] "GET /cormun/servlet/trsolicitudot HTTP/1.1" 200 9737
181.212.43.89 - - [11/May/2022:11:04:52 -0300] "GET /cormun/servlet/trsolicitudot HTTP/1.1" 200 9736
186.67.172.234 - - [11/May/2022:11:04:52 -0300] "POST /cormun/servlet/solicitudotadjuntos?gx-no-cache=1652277107801 HTTP/1.1" 200 26
186.67.172.234 - - [11/May/2022:11:04:54 -0300] "POST /cormun/servlet/solicitudotadjuntos?gx-no-cache=1652277109481 HTTP/1.1" 200 26
186.67.172.234 - - [11/May/2022:11:04:58 -0300] "GET /cormun/servlet/solicitudotadjuntos?90756f2d5b97214e0f22034803d9a5fa443f43d1c720484ac8f22075ed092123,gx-no-cache=1652277113857 HTTP/1.1" 200 30
186.67.172.234 - - [11/May/2022:11:04:58 -0300] "GET /cormun/servlet/solicitudotadjuntos?90756f2d5b97214e0f22034803d9a5fa443f43d1c720484ac8f22075ed092123,gx-no-cache=1652277113868 HTTP/1.1" 200 30
186.67.172.234 - - [11/May/2022:11:04:58 -0300] "POST /cormun/servlet/solicitudotadjuntos?60a0f7b05d677103f696406794e549ea,INS,2022,18667,,1, HTTP/1.1" 200 116
186.67.172.234 - - [11/May/2022:11:04:58 -0300] "GET /cormun/servlet/hpexe_return? HTTP/1.1" 200 1032
186.67.172.234 - - [11/May/2022:11:04:58 -0300] "GET /cormun/servlet/trsolicitudadjuntos?2022,18667, HTTP/1.1" 200 10495
186.67.172.234 - - [11/May/2022:11:04:59 -0300] "GET /cormun/servlet/trsolicitudadjuntos?2022,18667, HTTP/1.1" 200 10493
186.67.172.234 - - [11/May/2022:11:05:01 -0300] "POST /cormun/servlet/trsolicitudadjuntos?60a0f7b05d677103f696406794e549ea,2022,18667,,gx-no-cache=1652277116885 HTTP/1.1" 200 90
186.67.172.234 - - [11/May/2022:11:05:01 -0300] "GET /cormun/servlet/hpexe_link HTTP/1.1" 200 996
186.67.172.234 - - [11/May/2022:11:05:01 -0300] "GET /cormun/servlet/trsolicitudot?gx-no-cache=1652276601615 HTTP/1.1" 200 9319
186.67.172.234 - - [11/May/2022:11:05:01 -0300] "GET /cormun/servlet/trsolicitudot?gx-no-cache=1652276601615 HTTP/1.1" 200 9339
186.67.172.234 - - [11/May/2022:11:05:08 -0300] "POST /cormun/servlet/trsolicitudot?60a0f7b05d677103f696406794e549ea,gx-no-cache=1652276601615,gx-no-cache=1652277123869 HTTP/1.1" 200 5875
186.67.172.234 - - [11/May/2022:11:05:08 -0300] "GET /cormun/static/Shared/jqueryui/images/ui-icons_82798d_256x240.png HTTP/1.1" 404 1089
186.67.172.234 - - [11/May/2022:11:05:08 -0300] "GET /cormun/static/Shared/jqueryui/images/ui-bg_highlight-soft_100_c6c2c8_1x100.png HTTP/1.1" 404 1117
186.67.172.234 - - [11/May/2022:11:05:08 -0300] "GET /cormun/static/Shared/jqueryui/images/ui-bg_flat_55_fafafa_40x100.png HTTP/1.1" 404 1097
186.67.172.234 - - [11/May/2022:11:05:08 -0300] "GET /cormun/static/Shared/jqueryui/images/ui-icons_8d78a5_256x240.png HTTP/1.1" 404 1089
186.67.172.234 - - [11/May/2022:11:05:08 -0300] "POST /cormun/servlet/trsolicitudot?60a0f7b05d677103f696406794e549ea,gx-no-cache=1652276601615,gx-no-cache=1652277124065 HTTP/1.1" 200 5818
190.171.154.42 - - [11/May/2022:11:05:13 -0300] "POST /cormun/servlet/trsolicitudot?2a6a8c697ebc35ce047d2847a345d9fa,,gx-no-cache=1652277126086 HTTP/1.1" 200 4371
190.171.154.42 - - [11/May/2022:11:05:15 -0300] "POST /cormun/servlet/trsolicitudot?2a6a8c697ebc35ce047d2847a345d9fa,,gx-no-cache=1652277128993 HTTP/1.1" 200 4371
190.171.154.42 - - [11/May/2022:11:05:19 -0300] "POST /cormun/servlet/trsolicitudot?2a6a8c697ebc35ce047d2847a345d9fa,,gx-no-cache=1652277132578 HTTP/1.1" 200 15796
181.212.43.89 - - [11/May/2022:11:05:32 -0300] "POST /cormun/servlet/trsolicitudot?520b32b1b64cfefb4846610e1898230b,gx-no-cache=1652277147695 HTTP/1.1" 200 113
181.212.43.89 - - [11/May/2022:11:05:32 -0300] "GET /cormun/servlet/solicitudot?UPD,2022,18654,false, HTTP/1.1" 200 16287
181.212.43.89 - - [11/May/2022:11:05:33 -0300] "GET /cormun/servlet/solicitudot?UPD,2022,18654,false, HTTP/1.1" 200 16295
181.212.43.89 - - [11/May/2022:11:05:33 -0300] "POST /cormun/servlet/solicitudot?gx-no-cache=1652277149121 HTTP/1.1" 200 3925
181.212.43.89 - - [11/May/2022:11:05:34 -0300] "POST /cormun/servlet/solicitudot?520b32b1b64cfefb4846610e1898230b,UPD,2022,18654,false,,gx-no-cache=1652277149287 HTTP/1.1" 200 12533
181.212.43.89 - - [11/May/2022:11:05:34 -0300] "GET /cormun/servlet/solicitudot?f97fac092f0fd2649325cb551d0b2eb4b552ae4bf19aca9b8395364909f24b6f0ef0c858a141bdebd3f5e36618ca24d0,gx-no-cache=1652277149495 HTTP/1.1" 200 30
181.212.43.89 - - [11/May/2022:11:05:34 -0300] "GET /cormun/servlet/solicitudot?f97fac092f0fd2649325cb551d0b2eb43fc82810c071db17a5feb74e378cf61bcb7af0ae3f610d75177de3afb5821d16889b9f7b30ac7cd486ecca10d230834a,gx-no-cache=1652277149528 HTTP/1.1" 200 30
181.212.43.89 - - [11/May/2022:11:05:34 -0300] "GET /cormun/servlet/solicitudot?f97fac092f0fd2649325cb551d0b2eb461c4f41c7e719cf928a599c8389a65bb4e73941d7b998ee8f479dccc3e1674d08740ffb1c5c0bdcac05f5b4fbee102a2,gx-no-cache=1652277149550 HTTP/1.1" 200 53
181.212.43.89 - - [11/May/2022:11:05:34 -0300] "POST /cormun/servlet/solicitudot?gx-no-cache=1652277149593 HTTP/1.1" 200 297
181.212.43.89 - - [11/May/2022:11:05:34 -0300] "GET /cormun/servlet/solicitudot?f97fac092f0fd2649325cb551d0b2eb457d00dff17fb1d840a100a964a30145ebff63d12aaf0119d972509a4ce0d28197d673eb6f14b1edee6c55dbd0252eca14dfbab0542d2a7d4362526decd63353eb3beb83ca6ebb973213f8131007582adfe426e6cc375cc9a32a38ee760c16f30e322a88a788daad4b39670d9454ab2b869d25ff1b71af156ca4550782bf0d7dde69ded3acb0406dcfdd8b3586b4202d937e7bceb42a7f96f7b0b7c2a6173d7951232850bcadf4d92ee8b5a156ae655016437266edbaaf71846aa418e11a734cb48dd351ac5ab838c2debd823033cc77f8decdced14f15b68335908c09efdcc8485bed675e852c8404a56289dc1ec302cfb698486f8dcae2cdfa90ee157fb70b5e85cbf493ec06dd5879338ca41962ff96b7857794acd0f4f95cab77eac0e7197105bd6452f6083de409f19c48a99e6dbd808dedc7687d33dec84f7c16ae4d2a9626d2b31ae6612fc193f79b264566eb486096fdabfc9e26814a76a6e16f7b515a898c979b789eaaf8771f72de0bcc21306b4bffde61cf262f0c5b9ed520b9ee0,gx-no-cache=1652277149632 HTTP/1.1" 200 30
181.212.43.89 - - [11/May/2022:11:05:34 -0300] "POST /cormun/servlet/solicitudot?gx-no-cache=1652277149657 HTTP/1.1" 200 30
181.212.43.89 - - [11/May/2022:11:05:34 -0300] "POST /cormun/servlet/solicitudot?gx-no-cache=1652277149692 HTTP/1.1" 200 1455
181.212.43.89 - - [11/May/2022:11:05:34 -0300] "POST /cormun/servlet/solicitudot?gx-no-cache=1652277149727 HTTP/1.1" 200 41
181.212.43.89 - - [11/May/2022:11:05:37 -0300] "POST /cormun/servlet/solicitudot?520b32b1b64cfefb4846610e1898230b,UPD,2022,18654,false,,gx-no-cache=1652277153173 HTTP/1.1" 200 93
181.212.43.89 - - [11/May/2022:11:05:37 -0300] "GET /cormun/servlet/hpexe_return? HTTP/1.1" 200 1019
181.212.43.89 - - [11/May/2022:11:05:38 -0300] "GET /cormun/servlet/trsolicitudot HTTP/1.1" 200 9740
181.212.43.89 - - [11/May/2022:11:05:38 -0300] "GET /cormun/servlet/trsolicitudot HTTP/1.1" 200 9736
186.67.172.234 - - [11/May/2022:11:05:42 -0300] "GET /cormun/servlet/solicitudot?INS,0,0,false, HTTP/1.1" 200 16105
186.67.172.234 - - [11/May/2022:11:05:42 -0300] "GET /cormun/servlet/solicitudot?INS,0,0,false, HTTP/1.1" 200 16091
190.171.154.42 - - [11/May/2022:11:05:43 -0300] "POST /cormun/servlet/trsolicitudot?2a6a8c697ebc35ce047d2847a345d9fa,,gx-no-cache=1652277156376 HTTP/1.1" 200 16177
190.171.154.42 - - [11/May/2022:11:05:53 -0300] "GET /cormun/servlet/vesolicitudot?2022,18269,, HTTP/1.1" 200 8573
190.171.154.42 - - [11/May/2022:11:05:53 -0300] "GET /cormun/static/gxcfg.js?201991422423914 HTTP/1.1" 200 953
190.171.154.42 - - [11/May/2022:11:05:53 -0300] "GET /cormun/static/vesolicitudot.js?201991422423984 HTTP/1.1" 200 6091
190.171.154.42 - - [11/May/2022:11:05:53 -0300] "GET /cormun/pexe_scrolldiv.js HTTP/1.1" 404 1009
190.171.154.42 - - [11/May/2022:11:05:53 -0300] "GET /cormun/static/hwcviewtabs.js?201991422154026 HTTP/1.1" 200 1074
190.171.154.42 - - [11/May/2022:11:05:53 -0300] "GET /cormun/static/hpexe_tabsview.js?2020121447381 HTTP/1.1" 200 1661
190.171.154.42 - - [11/May/2022:11:05:53 -0300] "GET /cormun/static/Resources/PXToolsTabFirstSelected.png HTTP/1.1" 200 1270
190.171.154.42 - - [11/May/2022:11:05:53 -0300] "GET /cormun/static/Resources/PXToolsTabLastUnselected.png HTTP/1.1" 200 1297
190.171.154.42 - - [11/May/2022:11:05:53 -0300] "GET /cormun/static/tbsolicitudot01.js?20201214462316 HTTP/1.1" 200 30566
190.171.154.42 - - [11/May/2022:11:05:53 -0300] "GET /cormun/static/Resources/PXToolsTabPrevious.gif HTTP/1.1" 200 172
190.171.154.42 - - [11/May/2022:11:05:53 -0300] "GET /cormun/static/Resources/PXToolsTabNext.gif HTTP/1.1" 200 168
190.171.154.42 - - [11/May/2022:11:05:55 -0300] "GET /cormun/static/calendar-system.css HTTP/1.1" 200 5572
190.171.154.42 - - [11/May/2022:11:05:55 -0300] "GET /cormun/static/Resources/PXToolsTabBackSelected.png HTTP/1.1" 200 1157
190.171.154.42 - - [11/May/2022:11:05:55 -0300] "GET /cormun/static/Resources/PXToolsTabBackUnselected.png HTTP/1.1" 200 1175
190.171.154.42 - - [11/May/2022:11:05:55 -0300] "GET /cormun/servlet/vesolicitudot?2022,18269,, HTTP/1.1" 200 8573
190.171.154.42 - - [11/May/2022:11:05:55 -0300] "GET /cormun/static/Resources/PXToolsTabUnselectedUnselected.png HTTP/1.1" 200 1470
190.171.154.42 - - [11/May/2022:11:05:55 -0300] "GET /cormun/static/Resources/PXToolsTabSelectedUnselected.png HTTP/1.1" 200 1451
186.67.172.234 - - [11/May/2022:11:05:58 -0300] "POST /cormun/servlet/solicitudot?gx-no-cache=1652277173254 HTTP/1.1" 200 3850
186.67.172.234 - - [11/May/2022:11:05:58 -0300] "POST /cormun/servlet/solicitudot?60a0f7b05d677103f696406794e549ea,INS,0,0,false,,gx-no-cache=1652277173366 HTTP/1.1" 200 12691
186.67.172.234 - - [11/May/2022:11:06:00 -0300] "GET /cormun/servlet/solicitudot?90756f2d5b97214e0f22034803d9a5fa93edbc198e28f847ecdbab43b5e2cff5c97a00b241f070cd782579f139fd50cc,gx-no-cache=1652277175391 HTTP/1.1" 200 30
181.212.43.89 - - [11/May/2022:11:06:01 -0300] "POST /cormun/servlet/trsolicitudot?520b32b1b64cfefb4846610e1898230b,gx-no-cache=1652277176223 HTTP/1.1" 200 6659
181.212.43.89 - - [11/May/2022:11:06:01 -0300] "GET /cormun/static/Shared/jqueryui/images/ui-bg_highlight-soft_100_c6c2c8_1x100.png HTTP/1.1" 404 1117
181.212.43.89 - - [11/May/2022:11:06:01 -0300] "GET /cormun/static/Shared/jqueryui/images/ui-icons_82798d_256x240.png HTTP/1.1" 404 1089
181.212.43.89 - - [11/May/2022:11:06:01 -0300] "GET /cormun/static/Shared/jqueryui/images/ui-bg_flat_55_fafafa_40x100.png HTTP/1.1" 404 1097
181.212.43.89 - - [11/May/2022:11:06:01 -0300] "GET /cormun/static/Shared/jqueryui/images/ui-icons_8d78a5_256x240.png HTTP/1.1" 404 1089
181.212.43.89 - - [11/May/2022:11:06:01 -0300] "POST /cormun/servlet/trsolicitudot?520b32b1b64cfefb4846610e1898230b,gx-no-cache=1652277176729 HTTP/1.1" 200 6603
181.212.43.89 - - [11/May/2022:11:06:04 -0300] "POST /cormun/servlet/trsolicitudot?520b32b1b64cfefb4846610e1898230b,gx-no-cache=1652277179834 HTTP/1.1" 200 6190
181.212.43.89 - - [11/May/2022:11:06:04 -0300] "POST /cormun/servlet/trsolicitudot?520b32b1b64cfefb4846610e1898230b,gx-no-cache=1652277180116 HTTP/1.1" 200 6132
186.67.172.234 - - [11/May/2022:11:07:27 -0300] "GET /cormun/servlet/solicitudot?90756f2d5b97214e0f22034803d9a5fac93c82220875c5b095d6c0312aaa8a72bc91f6cb4f4feba9c53694072f17396f,gx-no-cache=1652277262998 HTTP/1.1" 200 30
186.67.172.234 - - [11/May/2022:11:07:32 -0300] "GET /cormun/servlet/prbanco?,MD,,gxPopupLevel%3D0%3B HTTP/1.1" 200 6675
186.67.172.234 - - [11/May/2022:11:07:40 -0300] "GET /cormun/servlet/solicitudot?90756f2d5b97214e0f22034803d9a5faa2b3ae1e2bee6bcd660df263a2487243,gx-no-cache=1652277275620 HTTP/1.1" 200 55
186.67.172.234 - - [11/May/2022:11:08:33 -0300] "POST /cormun/servlet/solicitudot?gx-no-cache=1652277328948 HTTP/1.1" 200 297
186.67.172.234 - - [11/May/2022:11:08:33 -0300] "GET /cormun/servlet/solicitudot?90756f2d5b97214e0f22034803d9a5fa1cb510eca2755985f8578f2974fe988f9f7b5dfcb44090cbe1edb5b4e0c8349b0ad4a2bae8494bdab08904192f17e846bcfd62a62ed3417ea684f768c67440b1e463abed3d766edf801938bd160dd95cf758f500378397acd917fbfc66734db76f86bdf4ae5247b606051e92b0dff4921f954a06394bee3362ebc737f52db5b3034b1227bc2010202d84657611d56a95308c069dbd68eb88dd5f45fa2d60d532b16454ae61d5e11e72ffc9887c4704513efdfca6d3af9dc99b4ffbf0f4e802479eaef0bbe5c553f969b2679feeacdbd99364ea7e299575a20e6c93a7197115e96846138eb10f1193cb3a7ed3c6f45fe6e74e567458631735d15f878a7d6fe66ece60ad84426c88c043ec64af193e3b3c5ff196629cc2c013512f62f96b2201c7af67559975d2e254509d7b64a55bdec46d60664f7a86d32ea2ef857f914079bd278cf5b608c1a9ac7be92baa6dc7a070e25ed545a94b03c75b82f94f5f47bcc133b83eec7c03046fc4742cdd4ad5f35de344b7d5526c2ea340857e3eb23f02c8,gx-no-cache=1652277328978 HTTP/1.1" 200 30
186.67.172.234 - - [11/May/2022:11:08:33 -0300] "POST /cormun/servlet/solicitudot?gx-no-cache=1652277328996 HTTP/1.1" 200 30
186.67.172.234 - - [11/May/2022:11:08:33 -0300] "POST /cormun/servlet/solicitudot?gx-no-cache=1652277329022 HTTP/1.1" 200 1452
186.67.172.234 - - [11/May/2022:11:08:33 -0300] "POST /cormun/servlet/solicitudot?gx-no-cache=1652277329052 HTTP/1.1" 200 38
201.186.225.189 - - [11/May/2022:11:08:55 -0300] "GET /cormun/servlet/hlogin HTTP/1.1" 200 1726
201.186.225.189 - - [11/May/2022:11:08:55 -0300] "GET /cormun/static/gxtimezone.js?85251 HTTP/1.1" 200 5781
201.186.225.189 - - [11/May/2022:11:08:55 -0300] "GET /cormun/servlet/hlogin HTTP/1.1" 200 1736
201.186.225.189 - - [11/May/2022:11:09:08 -0300] "POST /cormun/servlet/hlogin?02c66e4f89a561d947199941baf733b6,gx-no-cache=1652277363781 HTTP/1.1" 200 90
201.186.225.189 - - [11/May/2022:11:09:08 -0300] "GET /cormun/servlet/hpexe_link HTTP/1.1" 200 951
201.186.225.189 - - [11/May/2022:11:09:08 -0300] "GET /cormun/servlet/hhome HTTP/1.1" 200 4347
201.186.225.189 - - [11/May/2022:11:09:08 -0300] "GET /cormun/servlet/hhome HTTP/1.1" 200 4344
201.186.225.189 - - [11/May/2022:11:09:11 -0300] "GET /cormun/servlet/trlicencias? HTTP/1.1" 200 10079
201.186.225.189 - - [11/May/2022:11:09:11 -0300] "GET /cormun/servlet/trlicencias? HTTP/1.1" 200 10077
186.67.172.234 - - [11/May/2022:11:09:16 -0300] "GET /cormun/servlet/solicitudot?90756f2d5b97214e0f22034803d9a5faa062e98d6835744a1d2ddb5d8704ec0176937d6d476478f39ea19b940c08b5ec1c1baad75c259292a8ec27b1a4b9e9647ec5a8add6b3976eaf2ed234c216e7b368e79f2d895e2651c88a44426f6ad6a6fe02bb16105826dd846f64abf2d2e6cf,gx-no-cache=1652277371430 HTTP/1.1" 200 110
186.67.172.234 - - [11/May/2022:11:09:23 -0300] "POST /cormun/servlet/solicitudot?gx-no-cache=1652277378634 HTTP/1.1" 200 69
186.67.172.234 - - [11/May/2022:11:09:30 -0300] "GET /cormun/servlet/solicitudot?90756f2d5b97214e0f22034803d9a5facd5a7a8f352abf60d5b1e0254e38765a1748b58b7779f3e7b8937e0b273c47fb435d664ec0ed8d893f9de53b9182e7d7b2395ad78b25d6b51c788999c54e54c3b8aa6dff0fa291b89436f6faadf7e181d5520ab7138ffad7831ab9e860be04a1,gx-no-cache=1652277385722 HTTP/1.1" 200 29
186.67.172.234 - - [11/May/2022:11:09:30 -0300] "GET /cormun/static/menuarrow.gif HTTP/1.1" 404 1015
186.67.172.234 - - [11/May/2022:11:09:32 -0300] "GET /cormun/servlet/solicitudot?90756f2d5b97214e0f22034803d9a5fa2182209f3fe7ebfd10bbe1b89eca5cca5e2bfc420b0239399031730f20650723,gx-no-cache=1652277387392 HTTP/1.1" 200 30
186.67.172.234 - - [11/May/2022:11:09:36 -0300] "POST /cormun/servlet/solicitudot?gx-no-cache=1652277391837 HTTP/1.1" 200 30
186.67.172.234 - - [11/May/2022:11:10:00 -0300] "POST /cormun/servlet/solicitudot?60a0f7b05d677103f696406794e549ea,INS,0,0,false,,gx-no-cache=1652277415589 HTTP/1.1" 200 93
186.67.172.234 - - [11/May/2022:11:10:00 -0300] "GET /cormun/servlet/hpexe_return? HTTP/1.1" 200 1035
186.67.172.234 - - [11/May/2022:11:10:00 -0300] "GET /cormun/servlet/trsolicitudot?gx-no-cache=1652276601615 HTTP/1.1" 200 9386
186.67.172.234 - - [11/May/2022:11:10:00 -0300] "GET /cormun/servlet/trsolicitudot?gx-no-cache=1652276601615 HTTP/1.1" 200 9404
186.67.172.234 - - [11/May/2022:11:10:21 -0300] "POST /cormun/servlet/trsolicitudot?60a0f7b05d677103f696406794e549ea,gx-no-cache=1652276601615,gx-no-cache=1652277437251 HTTP/1.1" 200 107
186.67.172.234 - - [11/May/2022:11:10:22 -0300] "GET /cormun/servlet/trsolicitudadjuntos?2022,18668, HTTP/1.1" 200 6502
186.67.172.234 - - [11/May/2022:11:10:22 -0300] "GET /cormun/servlet/trsolicitudadjuntos?2022,18668, HTTP/1.1" 200 6481
186.67.172.234 - - [11/May/2022:11:10:24 -0300] "GET /cormun/servlet/solicitudotadjuntos?INS,2022,18668,,1, HTTP/1.1" 200 6417
186.67.172.234 - - [11/May/2022:11:10:24 -0300] "GET /cormun/static/about:blank HTTP/1.1" 404 1011
186.67.172.234 - - [11/May/2022:11:10:24 -0300] "GET /cormun/servlet/solicitudotadjuntos?INS,2022,18668,,1, HTTP/1.1" 200 6410
186.67.172.234 - - [11/May/2022:11:10:25 -0300] "GET /cormun/servlet/solicitudotadjuntos?90756f2d5b97214e0f22034803d9a5fa3772002c1e4a95fc9bf465976313a9fb5b48e82ef528951d5792b80bad7230c5,gx-no-cache=1652277440679 HTTP/1.1" 200 30
186.67.172.234 - - [11/May/2022:11:10:25 -0300] "POST /cormun/servlet/solicitudotadjuntos?60a0f7b05d677103f696406794e549ea,INS,2022,18668,,1,,gx-no-cache=1652277440693 HTTP/1.1" 200 4153
186.67.172.234 - - [11/May/2022:11:10:27 -0300] "POST /cormun/servlet/solicitudotadjuntos?gx-no-cache=1652277442492 HTTP/1.1" 200 26
181.162.189.235 - - [11/May/2022:11:10:47 -0300] "GET /cormun/servlet/hhome HTTP/1.1" 200 3327
181.162.189.235 - - [11/May/2022:11:10:47 -0300] "GET /cormun/static/PXToolsJavascripts/pexe_autoreload.js HTTP/1.1" 200 1762
181.162.189.235 - - [11/May/2022:11:10:47 -0300] "GET /cormun/static/PXToolsJavascripts/pexe_grid.js HTTP/1.1" 200 7559
181.162.189.235 - - [11/May/2022:11:10:47 -0300] "GET /cormun/static/gxcfg.js?20201215495537 HTTP/1.1" 200 953
181.162.189.235 - - [11/May/2022:11:10:47 -0300] "GET /cormun/static/SmoothNavMenu/resources/ddsmoothmenu-v.css?1112540 HTTP/1.1" 200 1188
181.162.189.235 - - [11/May/2022:11:10:47 -0300] "GET /cormun/static/scaMessage/css/jquery.pnotify.default.css?1816380 HTTP/1.1" 200 1707
181.162.189.235 - - [11/May/2022:11:10:47 -0300] "GET /cormun/static/PXToolsJavascripts/pexe_link.js HTTP/1.1" 200 5671
181.162.189.235 - - [11/May/2022:11:10:47 -0300] "GET /cormun/static/PXToolsJavascripts/pexe_oavdivfix.js HTTP/1.1" 200 639
181.162.189.235 - - [11/May/2022:11:10:47 -0300] "GET /cormun/static/PXToolsJavascripts/pexe_menus.js HTTP/1.1" 200 1286
181.162.189.235 - - [11/May/2022:11:10:47 -0300] "GET /cormun/static/PXToolsJavascripts/pexe_menudivfix.js HTTP/1.1" 200 333
181.162.189.235 - - [11/May/2022:11:10:47 -0300] "GET /cormun/static/PXToolsJavascripts/pexe_oav.js HTTP/1.1" 200 645
181.162.189.235 - - [11/May/2022:11:10:47 -0300] "GET /cormun/static/PXToolsJavascripts/pexe_popup.js HTTP/1.1" 200 13458
181.162.189.235 - - [11/May/2022:11:10:47 -0300] "GET /cormun/static/PXToolsJavascripts/pexe_tabs.js HTTP/1.1" 200 3748
181.162.189.235 - - [11/May/2022:11:10:47 -0300] "GET /cormun/static/PXToolsJavascripts/pexe_tabdivfix.js HTTP/1.1" 200 876
181.162.189.235 - - [11/May/2022:11:10:47 -0300] "GET /cormun/static/PXToolsJavascripts/PXToolsJavascriptsRender.js HTTP/1.1" 200 367
181.162.189.235 - - [11/May/2022:11:10:47 -0300] "GET /cormun/static/RunJS/RunJS.js HTTP/1.1" 200 288
181.162.189.235 - - [11/May/2022:11:10:47 -0300] "GET /cormun/static/Shared/ext/locale/ext-lang-en.js HTTP/1.1" 200 10940
181.162.189.235 - - [11/May/2022:11:10:47 -0300] "GET /cormun/static/hhome.js?20201215495544 HTTP/1.1" 200 777
181.162.189.235 - - [11/May/2022:11:10:47 -0300] "GET /cormun/static/Resources/Spanish/PXTools.css?14345360 HTTP/1.1" 200 100853
181.162.189.235 - - [11/May/2022:11:10:47 -0300] "GET /cormun/static/hwchdr01.js?20201214473739 HTTP/1.1" 200 996
