186.224.251.67 - - [10/May/2022:16:25:34 -0300] "GET / HTTP/1.1" 400 -
190.171.143.106 - - [10/May/2022:16:25:35 -0300] "GET /cormun/servlet/hlogin HTTP/1.1" 200 1722
186.224.251.67 - - [10/May/2022:16:25:36 -0300] "GET / HTTP/1.1" 400 -
186.224.251.67 - - [10/May/2022:16:25:36 -0300] "GET / HTTP/1.1" 400 -
186.224.251.67 - - [10/May/2022:16:25:36 -0300] "GET / HTTP/1.1" 400 -
186.224.251.67 - - [10/May/2022:16:25:36 -0300] "GET / HTTP/1.1" 400 -
186.224.251.67 - - [10/May/2022:16:25:37 -0300] "GET / HTTP/1.1" 400 -
186.224.251.67 - - [10/May/2022:16:25:37 -0300] "GET / HTTP/1.1" 400 -
186.224.251.67 - - [10/May/2022:16:25:37 -0300] "GET / HTTP/1.1" 400 -
186.224.251.67 - - [10/May/2022:16:25:37 -0300] "GET / HTTP/1.1" 400 -
186.224.251.67 - - [10/May/2022:16:25:37 -0300] "GET / HTTP/1.1" 400 -
186.224.251.67 - - [10/May/2022:16:25:37 -0300] "GET / HTTP/1.1" 400 -
186.224.251.67 - - [10/May/2022:16:25:38 -0300] "GET / HTTP/1.1" 400 -
186.224.251.67 - - [10/May/2022:16:25:38 -0300] "GET / HTTP/1.1" 400 -
190.171.143.106 - - [10/May/2022:16:25:38 -0300] "POST /cormun/servlet/hlogin?42a6999dbbe421a445b1be41a7f287fb,gx-no-cache=1652209954225 HTTP/1.1" 200 90
190.171.143.106 - - [10/May/2022:16:25:38 -0300] "GET /cormun/servlet/hpexe_link HTTP/1.1" 200 946
186.224.251.67 - - [10/May/2022:16:25:38 -0300] "GET / HTTP/1.1" 400 -
190.171.143.106 - - [10/May/2022:16:25:38 -0300] "GET /cormun/servlet/hhome HTTP/1.1" 200 3965
186.224.251.67 - - [10/May/2022:16:25:38 -0300] "GET / HTTP/1.1" 400 -
190.171.143.106 - - [10/May/2022:16:25:38 -0300] "GET /cormun/servlet/hhome HTTP/1.1" 200 3962
186.224.251.67 - - [10/May/2022:16:25:38 -0300] "GET / HTTP/1.1" 400 -
186.224.251.67 - - [10/May/2022:16:25:38 -0300] "GET / HTTP/1.1" 400 -
186.224.251.67 - - [10/May/2022:16:25:39 -0300] "GET / HTTP/1.1" 400 -
186.224.251.67 - - [10/May/2022:16:25:39 -0300] "GET / HTTP/1.1" 400 -
186.224.251.67 - - [10/May/2022:16:25:39 -0300] "GET / HTTP/1.1" 400 -
186.224.251.67 - - [10/May/2022:16:25:39 -0300] "GET / HTTP/1.1" 400 -
186.224.251.67 - - [10/May/2022:16:25:39 -0300] "GET / HTTP/1.1" 400 -
186.224.251.67 - - [10/May/2022:16:25:39 -0300] "GET / HTTP/1.1" 400 -
186.224.251.67 - - [10/May/2022:16:25:40 -0300] "GET / HTTP/1.1" 400 -
186.224.251.67 - - [10/May/2022:16:25:40 -0300] "GET / HTTP/1.1" 400 -
186.224.251.67 - - [10/May/2022:16:25:40 -0300] "GET / HTTP/1.1" 400 -
186.224.251.67 - - [10/May/2022:16:25:40 -0300] "GET / HTTP/1.1" 400 -
186.224.251.67 - - [10/May/2022:16:25:40 -0300] "GET / HTTP/1.1" 400 -
190.171.143.106 - - [10/May/2022:16:25:40 -0300] "GET /cormun/servlet/trsolicitudot? HTTP/1.1" 200 9200
186.224.251.67 - - [10/May/2022:16:25:40 -0300] "GET / HTTP/1.1" 400 -
186.224.251.67 - - [10/May/2022:16:25:41 -0300] "GET / HTTP/1.1" 400 -
190.171.143.106 - - [10/May/2022:16:25:41 -0300] "GET /cormun/servlet/trsolicitudot? HTTP/1.1" 200 9200
186.224.251.67 - - [10/May/2022:16:25:41 -0300] "GET / HTTP/1.1" 400 -
186.224.251.67 - - [10/May/2022:16:25:41 -0300] "GET / HTTP/1.1" 400 -
186.224.251.67 - - [10/May/2022:16:25:41 -0300] "GET / HTTP/1.1" 400 -
186.224.251.67 - - [10/May/2022:16:25:41 -0300] "GET / HTTP/1.1" 400 -
186.224.251.67 - - [10/May/2022:16:25:41 -0300] "GET / HTTP/1.1" 400 -
186.224.251.67 - - [10/May/2022:16:25:42 -0300] "GET / HTTP/1.1" 400 -
186.224.251.67 - - [10/May/2022:16:25:42 -0300] "GET / HTTP/1.1" 400 -
186.224.251.67 - - [10/May/2022:16:25:42 -0300] "GET / HTTP/1.1" 400 -
186.224.251.67 - - [10/May/2022:16:25:42 -0300] "GET / HTTP/1.1" 400 -
186.224.251.67 - - [10/May/2022:16:25:42 -0300] "GET / HTTP/1.1" 400 -
186.224.251.67 - - [10/May/2022:16:25:42 -0300] "GET / HTTP/1.1" 400 -
186.224.251.67 - - [10/May/2022:16:25:43 -0300] "GET / HTTP/1.1" 400 -
186.224.251.67 - - [10/May/2022:16:25:43 -0300] "GET / HTTP/1.1" 400 -
186.224.251.67 - - [10/May/2022:16:25:43 -0300] "GET / HTTP/1.1" 400 -
186.224.251.67 - - [10/May/2022:16:25:43 -0300] "GET / HTTP/1.1" 400 -
186.224.251.67 - - [10/May/2022:16:25:43 -0300] "GET / HTTP/1.1" 400 -
186.224.251.67 - - [10/May/2022:16:25:43 -0300] "GET / HTTP/1.1" 400 -
186.224.251.67 - - [10/May/2022:16:25:44 -0300] "GET / HTTP/1.1" 400 -
190.171.141.90 - - [10/May/2022:16:25:44 -0300] "POST /cormun/servlet/permisogoce?38bf509197e7d4e4a95d7823e9a0f661,INS,0,,,,gx-no-cache=1652209958416 HTTP/1.1" 200 93
190.171.141.90 - - [10/May/2022:16:25:44 -0300] "GET /cormun/servlet/hpexe_return? HTTP/1.1" 200 1010
190.171.141.90 - - [10/May/2022:16:25:44 -0300] "GET /cormun/servlet/trpermisosgoce HTTP/1.1" 200 18492
190.171.141.90 - - [10/May/2022:16:25:45 -0300] "GET /cormun/servlet/trpermisosgoce HTTP/1.1" 200 18487
190.171.141.90 - - [10/May/2022:16:25:47 -0300] "GET /cormun/servlet/permisogoce?INS,0,,, HTTP/1.1" 200 7034
190.171.141.90 - - [10/May/2022:16:25:47 -0300] "GET /cormun/servlet/permisogoce?INS,0,,, HTTP/1.1" 200 7034
190.171.141.90 - - [10/May/2022:16:25:51 -0300] "GET /cormun/servlet/prfichaempleado?,MD,,gxPopupLevel%3D0%3B HTTP/1.1" 200 9185
190.171.141.90 - - [10/May/2022:16:26:38 -0300] "POST /cormun/servlet/prfichaempleado?38bf509197e7d4e4a95d7823e9a0f661,,MD,,gxPopupLevel%3D0%3B,gx-no-cache=1652210013084 HTTP/1.1" 200 3408
190.171.141.90 - - [10/May/2022:16:26:44 -0300] "GET /cormun/servlet/permisogoce?019072aa971d21d22a12c3742f31147808a2066e4ba218b3a1f9a89ee6bd3279c92d7958e324a59064a11caa35de3c666d61a8f3cfbff138e4672fec5a87b6cc,gx-no-cache=1652210018836 HTTP/1.1" 200 78
190.171.141.90 - - [10/May/2022:16:26:44 -0300] "GET /cormun/static/menuarrow.gif HTTP/1.1" 404 1015
190.171.143.106 - - [10/May/2022:16:26:58 -0300] "POST /cormun/servlet/trsolicitudot?42a6999dbbe421a445b1be41a7f287fb,,gx-no-cache=1652210033955 HTTP/1.1" 200 4346
190.171.143.106 - - [10/May/2022:16:27:01 -0300] "GET /cormun/static/menuarrow.gif HTTP/1.1" 404 1015
190.171.143.106 - - [10/May/2022:16:27:09 -0300] "POST /cormun/servlet/trsolicitudot?42a6999dbbe421a445b1be41a7f287fb,,gx-no-cache=1652210044826 HTTP/1.1" 200 4350
190.171.141.90 - - [10/May/2022:16:27:12 -0300] "GET /cormun/servlet/permisogoce?019072aa971d21d22a12c3742f31147800062d29055c4bd52ffacd65adab5961b93de8ffafa4edb25aff715454daca902794aec28f9ab5e93503d70bc56d4cd6,gx-no-cache=1652210047085 HTTP/1.1" 200 44
190.171.143.106 - - [10/May/2022:16:27:13 -0300] "POST /cormun/servlet/trsolicitudot?42a6999dbbe421a445b1be41a7f287fb,,gx-no-cache=1652210049280 HTTP/1.1" 200 13005
190.171.141.90 - - [10/May/2022:16:27:33 -0300] "POST /cormun/servlet/permisogoce?38bf509197e7d4e4a95d7823e9a0f661,INS,0,,,,gx-no-cache=1652210067756 HTTP/1.1" 200 93
190.171.141.90 - - [10/May/2022:16:27:33 -0300] "GET /cormun/servlet/hpexe_return? HTTP/1.1" 200 1010
190.171.141.90 - - [10/May/2022:16:27:34 -0300] "GET /cormun/servlet/trpermisosgoce HTTP/1.1" 200 18753
190.171.141.90 - - [10/May/2022:16:27:34 -0300] "GET /cormun/servlet/trpermisosgoce HTTP/1.1" 200 18748
190.171.141.90 - - [10/May/2022:16:28:19 -0300] "GET /cormun/servlet/permisogoce?INS,0,,, HTTP/1.1" 200 7034
190.171.141.90 - - [10/May/2022:16:28:19 -0300] "GET /cormun/servlet/permisogoce?INS,0,,, HTTP/1.1" 200 7034
190.171.149.74 - - [10/May/2022:16:29:22 -0300] "GET /cormun/servlet/trpermisosgoce? HTTP/1.1" 200 13277
190.171.149.74 - - [10/May/2022:16:29:23 -0300] "GET /cormun/servlet/trpermisosgoce? HTTP/1.1" 200 13277
190.171.149.74 - - [10/May/2022:16:29:25 -0300] "GET /cormun/servlet/permisogoce?INS,0,,, HTTP/1.1" 200 6842
190.171.149.74 - - [10/May/2022:16:29:26 -0300] "GET /cormun/servlet/permisogoce?INS,0,,, HTTP/1.1" 200 6842
190.171.141.138 - - [10/May/2022:16:29:33 -0300] "GET /cormun/servlet/hlogin HTTP/1.1" 200 1731
190.171.141.138 - - [10/May/2022:16:29:36 -0300] "POST /cormun/servlet/hlogin?7790bc51d83681db6b4041e6a5a941ea,gx-no-cache=1652210192457 HTTP/1.1" 200 90
190.171.141.138 - - [10/May/2022:16:29:36 -0300] "GET /cormun/servlet/hpexe_link HTTP/1.1" 200 960
190.171.141.138 - - [10/May/2022:16:29:36 -0300] "GET /cormun/servlet/hhome HTTP/1.1" 200 4486
190.171.141.138 - - [10/May/2022:16:29:36 -0300] "GET /cormun/servlet/hhome HTTP/1.1" 200 4481
190.171.149.74 - - [10/May/2022:16:29:39 -0300] "GET /cormun/servlet/permisogoce?9c4a4d950fc058bf99176c408417579439c8d107447eed986318c16fa7cefab74fbee4ca66b6f62037d20abf9939cc2249b9dddb201b2baee93b2aedd504d2fe,gx-no-cache=1652210194788 HTTP/1.1" 200 76
190.171.149.74 - - [10/May/2022:16:29:40 -0300] "GET /cormun/static/menuarrow.gif HTTP/1.1" 404 1015
190.171.141.138 - - [10/May/2022:16:29:43 -0300] "GET /cormun/servlet/trpermisosgoce? HTTP/1.1" 200 13871
190.171.141.138 - - [10/May/2022:16:29:44 -0300] "GET /cormun/servlet/trpermisosgoce? HTTP/1.1" 200 13869
190.171.149.74 - - [10/May/2022:16:29:45 -0300] "GET /cormun/servlet/permisogoce?9c4a4d950fc058bf99176c40841757946a485106345cd67d8a4ea28945a636c039b70fcece8b389f88ca5222dd6721ddd380e8829a933ca6ebbec57d571699e0,gx-no-cache=1652210200962 HTTP/1.1" 200 46
190.171.141.138 - - [10/May/2022:16:29:49 -0300] "GET /cormun/servlet/permisogoce?INS,0,,, HTTP/1.1" 200 7380
190.171.141.138 - - [10/May/2022:16:29:49 -0300] "GET /cormun/servlet/permisogoce?INS,0,,, HTTP/1.1" 200 7381
190.171.149.74 - - [10/May/2022:16:29:50 -0300] "POST /cormun/servlet/permisogoce?8226fe486a98d1d8b139097ad2cd6ff0,INS,0,,,,gx-no-cache=1652210205452 HTTP/1.1" 200 93
190.171.149.74 - - [10/May/2022:16:29:50 -0300] "GET /cormun/servlet/hpexe_return? HTTP/1.1" 200 1009
190.171.149.74 - - [10/May/2022:16:29:50 -0300] "GET /cormun/servlet/trpermisosgoce HTTP/1.1" 200 13520
190.171.149.74 - - [10/May/2022:16:29:50 -0300] "GET /cormun/servlet/trpermisosgoce HTTP/1.1" 200 13516
190.171.149.74 - - [10/May/2022:16:29:54 -0300] "GET /cormun/servlet/permisogoce?UPD,9569964,P,20220510151329, HTTP/1.1" 200 6899
190.171.149.74 - - [10/May/2022:16:29:54 -0300] "GET /cormun/servlet/permisogoce?UPD,9569964,P,20220510151329, HTTP/1.1" 200 6899
190.171.149.74 - - [10/May/2022:16:29:54 -0300] "GET /cormun/servlet/permisogoce?9c4a4d950fc058bf99176c408417579439c8d107447eed986318c16fa7cefab70e3fea5775f9ea9d8487cbee5964292d0a349612e22803f39442aa86bc65bae9,gx-no-cache=1652210210724 HTTP/1.1" 200 78
190.171.149.74 - - [10/May/2022:16:29:55 -0300] "GET /cormun/servlet/permisogoce?9c4a4d950fc058bf99176c40841757946a485106345cd67d8a4ea28945a636c025d75f29b85842df36b5b79300a0e04c75b5a29875572a78f2ae7fbe8664699b,gx-no-cache=1652210211163 HTTP/1.1" 200 47
190.171.141.138 - - [10/May/2022:16:30:02 -0300] "GET /cormun/servlet/permisogoce?2e28efe17635b16f442e32bccb7cae69689c38a4ed96f8ac28f6c902ba4d063baa48113561a4cd752cec22d1923ea74d0d767a275866c3274ad12dd655f32d6c,gx-no-cache=1652210218391 HTTP/1.1" 200 80
190.171.141.138 - - [10/May/2022:16:30:02 -0300] "GET /cormun/static/menuarrow.gif HTTP/1.1" 404 1015
190.171.141.138 - - [10/May/2022:16:30:04 -0300] "GET /cormun/servlet/permisogoce?2e28efe17635b16f442e32bccb7cae6910c15655ebfcd64c002d87285620560519d2342e45faaca5a4a039c93ec328633ba950ec6f4fef3f8a41404ad23d8dd9,gx-no-cache=1652210220219 HTTP/1.1" 200 129
190.171.141.138 - - [10/May/2022:16:30:04 -0300] "GET /cormun/static/Shared/jqueryui/images/ui-bg_highlight-soft_100_c6c2c8_1x100.png HTTP/1.1" 404 1117
190.171.141.138 - - [10/May/2022:16:30:04 -0300] "GET /cormun/static/Shared/jqueryui/images/ui-icons_82798d_256x240.png HTTP/1.1" 404 1089
190.171.141.138 - - [10/May/2022:16:30:04 -0300] "GET /cormun/static/Shared/jqueryui/images/ui-bg_flat_55_994d53_40x100.png HTTP/1.1" 404 1097
190.171.141.138 - - [10/May/2022:16:30:04 -0300] "GET /cormun/static/Shared/jqueryui/images/ui-icons_ebccce_256x240.png HTTP/1.1" 404 1089
190.171.149.74 - - [10/May/2022:16:30:07 -0300] "POST /cormun/servlet/permisogoce?8226fe486a98d1d8b139097ad2cd6ff0,UPD,9569964,P,20220510151329,,gx-no-cache=1652210222607 HTTP/1.1" 200 93
190.171.149.74 - - [10/May/2022:16:30:07 -0300] "GET /cormun/servlet/hpexe_return? HTTP/1.1" 200 1028
190.171.149.74 - - [10/May/2022:16:30:07 -0300] "GET /cormun/servlet/trpermisosgoce HTTP/1.1" 200 13521
190.171.149.74 - - [10/May/2022:16:30:07 -0300] "GET /cormun/servlet/trpermisosgoce HTTP/1.1" 200 13517
190.171.149.74 - - [10/May/2022:16:30:10 -0300] "GET /cormun/servlet/apermisogoceprn?9569964,P,20220510151329,PU HTTP/1.1" 200 1649
200.83.224.3 - - [10/May/2022:16:30:18 -0300] "POST /cormun/servlet/solicitudot?gx-no-cache=1652210237645 HTTP/1.1" 200 3969
200.83.224.3 - - [10/May/2022:16:30:18 -0300] "GET /cormun/servlet/solicitudot?6325035f27fdd0b088507c58407c6c175310354c52d1ffa3500e69f85b4e210d3cdb34ae51325d5683d2ee17ad17e746,gx-no-cache=1652210237902 HTTP/1.1" 200 30
190.171.141.138 - - [10/May/2022:16:30:19 -0300] "GET /cormun/servlet/permisogoce?2e28efe17635b16f442e32bccb7cae6910c15655ebfcd64c002d8728562056059f28dc2d6857a4c5689f05e6a3516c703ba950ec6f4fef3f8a41404ad23d8dd9,gx-no-cache=1652210235930 HTTP/1.1" 200 46
190.171.141.138 - - [10/May/2022:16:30:26 -0300] "GET /cormun/servlet/permisogoce?2e28efe17635b16f442e32bccb7cae6910c15655ebfcd64c002d872856205605a35f8edd8be8d1959f210c0cc27955e475045f031e97b37eceb2a639b22c2f8d,gx-no-cache=1652210242201 HTTP/1.1" 200 46
190.171.141.138 - - [10/May/2022:16:30:26 -0300] "POST /cormun/servlet/permisogoce?7790bc51d83681db6b4041e6a5a941ea,INS,0,,,,gx-no-cache=1652210242221 HTTP/1.1" 200 93
190.171.141.138 - - [10/May/2022:16:30:26 -0300] "GET /cormun/servlet/hpexe_return? HTTP/1.1" 200 1017
190.171.141.138 - - [10/May/2022:16:30:26 -0300] "GET /cormun/servlet/trpermisosgoce HTTP/1.1" 200 14101
190.171.141.138 - - [10/May/2022:16:30:27 -0300] "GET /cormun/servlet/trpermisosgoce HTTP/1.1" 200 14096
186.67.172.234 - - [10/May/2022:16:31:42 -0300] "GET /cormun/servlet/trsolicitudot? HTTP/1.1" 200 7770
186.67.172.234 - - [10/May/2022:16:31:42 -0300] "GET /cormun/servlet/hlogin HTTP/1.1" 200 1748
186.67.172.234 - - [10/May/2022:16:31:42 -0300] "GET /cormun/servlet/trsolicitudot? HTTP/1.1" 200 7767
186.67.172.234 - - [10/May/2022:16:31:51 -0300] "POST /cormun/servlet/hlogin?78e4f151f42c3c7f2a3238bcb7dbfe8b,gx-no-cache=1652210328176 HTTP/1.1" 200 90
186.67.172.234 - - [10/May/2022:16:31:51 -0300] "GET /cormun/servlet/hpexe_link HTTP/1.1" 200 961
186.67.172.234 - - [10/May/2022:16:31:51 -0300] "GET /cormun/servlet/trsolicitudot HTTP/1.1" 200 9664
186.67.172.234 - - [10/May/2022:16:31:52 -0300] "GET /cormun/servlet/trsolicitudot HTTP/1.1" 200 9662
190.171.141.90 - - [10/May/2022:16:32:21 -0300] "GET /cormun/servlet/prfichaempleado?,MD,,gxPopupLevel%3D0%3B HTTP/1.1" 200 9185
200.83.224.3 - - [10/May/2022:16:32:26 -0300] "GET /cormun/servlet/solicitudot?6325035f27fdd0b088507c58407c6c17476fa5150be47627711089eb19c6d845d3f58697e65528b5bf210cbd43f3c842776d731968f1b4d90fcf6f0235d30a97,gx-no-cache=1652210365620 HTTP/1.1" 200 30
200.83.224.3 - - [10/May/2022:16:32:26 -0300] "GET /cormun/servlet/solicitudot?6325035f27fdd0b088507c58407c6c17238a78bcf196e10f85b6ac90aaddc4be,gx-no-cache=1652210365680 HTTP/1.1" 200 45
200.83.224.3 - - [10/May/2022:16:32:26 -0300] "GET /cormun/servlet/solicitudot?6325035f27fdd0b088507c58407c6c17e21d41c4ed1e78f75b3f31095914136c52a4d1b3adc28c27677bdfa35f2bc3bc5950ef4d64a4bb796f0cd825659e46406ae06966391241c03e51c540525e8a901322f5fcc1696eb569e25a00b5af11137c44082b33f9a0d0de111d8c30d3d67bbca16d801affada315409dc87a504022ed481f4d82b5e3ac33f9e550d009a6a935b3f81cefd920ec4f752c6c5820c33e38e619e9d82fbc7d341dea5f341daa979b9c28c278034079a0dcb90c7051b9c7c85edc73641ffe8fc3a984335c37590272834a4def7b3eb3842ea396645950a4e8ef4f65939e20c84854654831213a5ee8c6bc64744a325f97297449d796ed9537cf282d383cdedd6db8febffd29e8715a2a31fbe5bb862136e65cfdd8af6a742f33582fd5876966bcf42c7a02cd343db36b8057b8ea1ba2e2b5d1189a20b08391a78049eb62fbe2cec002b5689c8d26f2f9b8dec5c9eaea85dcd8924a14b716b47ca2992563d6d7a60a1eb72cf1b2cdcd46a945fa0f2d7c5024fc454ebff8952cf93fe9d1b2ca87b2e820cc9d1ca660647c02a03fc56d050dcb3195cb54fcf59cb839cf6340a9d316914596bb9f8b17,gx-no-cache=1652210365761 HTTP/1.1" 200 255
200.83.224.3 - - [10/May/2022:16:32:26 -0300] "GET /cormun/servlet/solicitudot?6325035f27fdd0b088507c58407c6c1708c1da3c3e168e4f7e03832a4282c9c430bf48d9e923c94b88389e176adacc757535c3608eac34ba0ad0c42ed52e9a5799aef141a234bbd12d6dde06f46385f2966a24f425889667c0cf6e50c481823d5db712be44e6e6aa27276a91c785d8091946084b2004138256065c76d75d3ba0b8b321ea14ff82109776f400636e62864a154d68ad24567e74e31cc4553a450756a96925cc2f78eaacce64bd330d9ca7d57d32180c316b15213bcad6cdda9f1047d933bd8e0214c60b789ec2581ada10007c42fb3a122b6ebd593e2ed40fb97602f28e8ed94d309358f6226c74dbc89d42c8077628165c16bb66d94347abbd8b6e4762ad06d8a2532250fbf9962a24978d8589e3ca917c63992261b899b5a178bbf670e6c09a20597c7cf93da6708e25a7b84db82a647145081728b20aaf6a4ebc37690ecb4883e650fdb7b94d4aebded12ee517b7ccb6373530d2f95546fe7ec282f345284fa023205afc8cdf74b4ee2dd106b857448d362a06eada94b1e543,gx-no-cache=1652210365827 HTTP/1.1" 200 30
200.83.224.3 - - [10/May/2022:16:32:26 -0300] "POST /cormun/servlet/solicitudot?gx-no-cache=1652210365885 HTTP/1.1" 200 30
200.83.224.3 - - [10/May/2022:16:32:26 -0300] "POST /cormun/servlet/solicitudot?gx-no-cache=1652210365933 HTTP/1.1" 200 1453
200.83.224.3 - - [10/May/2022:16:32:26 -0300] "POST /cormun/servlet/solicitudot?gx-no-cache=1652210365993 HTTP/1.1" 200 38
200.83.224.3 - - [10/May/2022:16:32:26 -0300] "GET /cormun/servlet/solicitudot?6325035f27fdd0b088507c58407c6c17fb96ce634879d9b8c05b9e0ce68ad6f7d142ea70a27120ad8dfa9e0c8e09202b95d2e2ed6fce0ba738e7dd193807c24184fbe0acc1bcded0b990aa30247c614a6e1bedf6de7d147779efd2132c0a18ae54a248c103616b64c55bda2cd7b5d762,gx-no-cache=1652210366028 HTTP/1.1" 200 110
190.171.141.90 - - [10/May/2022:16:33:22 -0300] "POST /cormun/servlet/prfichaempleado?38bf509197e7d4e4a95d7823e9a0f661,,MD,,gxPopupLevel%3D0%3B,gx-no-cache=1652210416508 HTTP/1.1" 200 3403
190.171.141.90 - - [10/May/2022:16:33:24 -0300] "GET /cormun/servlet/permisogoce?019072aa971d21d22a12c3742f3114789ef4d87e44b93bb1b9a3b3a7fbd0541ac92d7958e324a59064a11caa35de3c666d61a8f3cfbff138e4672fec5a87b6cc,gx-no-cache=1652210419323 HTTP/1.1" 200 77
190.171.141.90 - - [10/May/2022:16:33:24 -0300] "GET /cormun/static/menuarrow.gif HTTP/1.1" 404 1015
200.83.224.3 - - [10/May/2022:16:33:26 -0300] "POST /cormun/servlet/solicitudot?gx-no-cache=1652210425824 HTTP/1.1" 200 30
190.171.149.74 - - [10/May/2022:16:33:28 -0300] "GET /cormun/servlet/permisogoce?INS,0,,, HTTP/1.1" 200 6843
190.171.149.74 - - [10/May/2022:16:33:29 -0300] "GET /cormun/servlet/permisogoce?INS,0,,, HTTP/1.1" 200 6842
190.171.149.74 - - [10/May/2022:16:33:35 -0300] "GET /cormun/servlet/permisogoce?9c4a4d950fc058bf99176c4084175794aac6b375f9d6e1b38dba4c34b1b4ec6c4fbee4ca66b6f62037d20abf9939cc2249b9dddb201b2baee93b2aedd504d2fe,gx-no-cache=1652210431524 HTTP/1.1" 200 83
190.171.149.74 - - [10/May/2022:16:33:37 -0300] "GET /cormun/static/menuarrow.gif HTTP/1.1" 404 1015
190.171.149.74 - - [10/May/2022:16:33:42 -0300] "GET /cormun/servlet/permisogoce?9c4a4d950fc058bf99176c408417579439b407ed0ad1224fdfefbbf5ed01fec5b8c5ccb4b8b61d297bd933322568d7d28516e3f54d80bb08e32fbfb27c215a62,gx-no-cache=1652210438730 HTTP/1.1" 200 47
190.171.149.74 - - [10/May/2022:16:33:47 -0300] "POST /cormun/servlet/permisogoce?8226fe486a98d1d8b139097ad2cd6ff0,INS,0,,,,gx-no-cache=1652210443263 HTTP/1.1" 200 93
190.171.149.74 - - [10/May/2022:16:33:47 -0300] "GET /cormun/servlet/hpexe_return? HTTP/1.1" 200 1009
190.171.149.74 - - [10/May/2022:16:33:48 -0300] "GET /cormun/servlet/trpermisosgoce HTTP/1.1" 200 13716
190.171.149.74 - - [10/May/2022:16:33:48 -0300] "GET /cormun/servlet/trpermisosgoce HTTP/1.1" 200 13711
190.171.149.74 - - [10/May/2022:16:33:50 -0300] "GET /cormun/servlet/apermisogoceprn?9187329,P,20220510151732,PU HTTP/1.1" 200 1655
186.67.172.234 - - [10/May/2022:16:34:00 -0300] "GET /cormun/servlet/trlicencias? HTTP/1.1" 200 15655
186.67.172.234 - - [10/May/2022:16:34:00 -0300] "GET /cormun/servlet/trlicencias? HTTP/1.1" 200 15659
190.171.141.90 - - [10/May/2022:16:34:09 -0300] "GET /cormun/servlet/permisogoce?019072aa971d21d22a12c3742f3114789a54a52ceeb32d7c5b2e0af4df6e2970439b8267f13c271849afe19cdfe4863a947920db1be7581c6d28a7c43e67064f,gx-no-cache=1652210463869 HTTP/1.1" 200 47
200.83.224.3 - - [10/May/2022:16:34:20 -0300] "POST /cormun/servlet/solicitudot?gx-no-cache=1652210480141 HTTP/1.1" 200 30
200.83.224.3 - - [10/May/2022:16:34:20 -0300] "POST /cormun/servlet/solicitudot?gx-no-cache=1652210480203 HTTP/1.1" 200 1453
200.83.224.3 - - [10/May/2022:16:34:20 -0300] "POST /cormun/servlet/solicitudot?gx-no-cache=1652210480263 HTTP/1.1" 200 38
200.83.224.3 - - [10/May/2022:16:34:21 -0300] "GET /cormun/servlet/solicitudot?6325035f27fdd0b088507c58407c6c17fb96ce634879d9b8c05b9e0ce68ad6f7d142ea70a27120ad8dfa9e0c8e09202b95d2e2ed6fce0ba738e7dd193807c24184fbe0acc1bcded0b990aa30247c614a6e1bedf6de7d147779efd2132c0a18ae54a248c103616b64c55bda2cd7b5d762,gx-no-cache=1652210480300 HTTP/1.1" 200 110
200.83.224.3 - - [10/May/2022:16:34:21 -0300] "POST /cormun/servlet/solicitudot?gx-no-cache=1652210480336 HTTP/1.1" 200 97
190.171.141.90 - - [10/May/2022:16:34:26 -0300] "POST /cormun/servlet/permisogoce?38bf509197e7d4e4a95d7823e9a0f661,INS,0,,,,gx-no-cache=1652210480954 HTTP/1.1" 200 93
190.171.141.90 - - [10/May/2022:16:34:26 -0300] "GET /cormun/servlet/hpexe_return? HTTP/1.1" 200 1010
190.171.141.90 - - [10/May/2022:16:34:27 -0300] "GET /cormun/servlet/trpermisosgoce HTTP/1.1" 200 19022
190.171.141.90 - - [10/May/2022:16:34:27 -0300] "GET /cormun/servlet/trpermisosgoce HTTP/1.1" 200 19017
190.171.141.90 - - [10/May/2022:16:34:31 -0300] "GET /cormun/servlet/permisogoce?UPD,14374979,P,20220510150950, HTTP/1.1" 200 7116
190.171.141.90 - - [10/May/2022:16:34:31 -0300] "GET /cormun/servlet/permisogoce?UPD,14374979,P,20220510150950, HTTP/1.1" 200 7117
190.171.141.90 - - [10/May/2022:16:34:32 -0300] "GET /cormun/servlet/permisogoce?019072aa971d21d22a12c3742f31147808a2066e4ba218b3a1f9a89ee6bd32796b045828713d497e99ee0a50799e08597e54c70027853237eccd5e7ab98fe1d5,gx-no-cache=1652210486507 HTTP/1.1" 200 80
200.83.224.3 - - [10/May/2022:16:34:32 -0300] "GET /cormun/servlet/solicitudot?6325035f27fdd0b088507c58407c6c17cf5fb21c81cac191bdee5e9a0a07c493e8c6bc64744a325f97297449d796ed95510aea8149dbb8ab0750ff46d106f1c997b9b1b94c29e633bec47c21d09ed9b7,gx-no-cache=1652210491697 HTTP/1.1" 200 29
190.171.141.90 - - [10/May/2022:16:34:33 -0300] "GET /cormun/servlet/puconsultapgoce?14374979,MD,gxPopupLevel%3D0%3B HTTP/1.1" 200 4225
190.171.141.90 - - [10/May/2022:16:34:33 -0300] "GET /cormun/pexe_layers.js HTTP/1.1" 404 1003
190.171.141.90 - - [10/May/2022:16:34:33 -0300] "GET /cormun/pexe_menus.js HTTP/1.1" 404 1001
190.171.141.90 - - [10/May/2022:16:34:33 -0300] "GET /cormun/pexe_windows.js HTTP/1.1" 404 1005
190.171.141.90 - - [10/May/2022:16:34:33 -0300] "GET /cormun/pexe_cookies.js HTTP/1.1" 404 1005
190.171.141.90 - - [10/May/2022:16:34:33 -0300] "GET /cormun/pexe_griddivfix.js HTTP/1.1" 404 1011
190.171.141.90 - - [10/May/2022:16:34:33 -0300] "GET /cormun/pexe_link.js HTTP/1.1" 404 999
190.171.141.90 - - [10/May/2022:16:34:33 -0300] "GET /cormun/pexe_picture.js HTTP/1.1" 404 1005
190.171.141.90 - - [10/May/2022:16:34:33 -0300] "GET /cormun/pexe_treedivfix.js HTTP/1.1" 404 1011
190.171.141.90 - - [10/May/2022:16:34:33 -0300] "GET /cormun/pexe_grid.js HTTP/1.1" 404 999
190.171.141.90 - - [10/May/2022:16:34:33 -0300] "GET /cormun/pexe_menudivfix.js HTTP/1.1" 404 1011
190.171.141.90 - - [10/May/2022:16:34:33 -0300] "GET /cormun/pexe_autoreload.js HTTP/1.1" 404 1011
190.171.141.90 - - [10/May/2022:16:34:33 -0300] "GET /cormun/pexe_tabdivfix.js HTTP/1.1" 404 1009
200.83.224.3 - - [10/May/2022:16:34:34 -0300] "GET /cormun/static/menuarrow.gif HTTP/1.1" 404 1015
200.83.224.3 - - [10/May/2022:16:34:38 -0300] "GET /cormun/servlet/solicitudot?6325035f27fdd0b088507c58407c6c17e1e96bcfe3e3c32d86f874052b048f485d0c581cfa5d9035c3d266b4b4ed4a72,gx-no-cache=1652210497522 HTTP/1.1" 200 30
200.83.224.3 - - [10/May/2022:16:34:43 -0300] "POST /cormun/servlet/solicitudot?gx-no-cache=1652210502559 HTTP/1.1" 200 30
190.171.141.90 - - [10/May/2022:16:34:50 -0300] "GET /cormun/servlet/permisogoce?019072aa971d21d22a12c3742f31147800062d29055c4bd52ffacd65adab5961b93de8ffafa4edb25aff715454daca9021607497a4588cfee8cc61401fe1f1dd9441a8e04452d6d32360b721095bb662,gx-no-cache=1652210505290 HTTP/1.1" 200 45
190.171.141.90 - - [10/May/2022:16:34:51 -0300] "POST /cormun/servlet/permisogoce?38bf509197e7d4e4a95d7823e9a0f661,UPD,14374979,P,20220510150950,,gx-no-cache=1652210505320 HTTP/1.1" 200 93
190.171.141.90 - - [10/May/2022:16:34:51 -0300] "GET /cormun/servlet/hpexe_return? HTTP/1.1" 200 1030
190.171.141.90 - - [10/May/2022:16:34:51 -0300] "GET /cormun/servlet/trpermisosgoce HTTP/1.1" 200 19022
190.171.141.90 - - [10/May/2022:16:34:52 -0300] "GET /cormun/servlet/trpermisosgoce HTTP/1.1" 200 19017
190.171.141.90 - - [10/May/2022:16:35:10 -0300] "GET /cormun/servlet/permisogoce?INS,0,,, HTTP/1.1" 200 7035
190.171.141.90 - - [10/May/2022:16:35:11 -0300] "GET /cormun/servlet/permisogoce?INS,0,,, HTTP/1.1" 200 7035
190.171.141.90 - - [10/May/2022:16:35:17 -0300] "GET /cormun/servlet/prfichaempleado?,MD,,gxPopupLevel%3D0%3B HTTP/1.1" 200 9185
190.171.141.90 - - [10/May/2022:16:36:05 -0300] "POST /cormun/servlet/prfichaempleado?38bf509197e7d4e4a95d7823e9a0f661,,MD,,gxPopupLevel%3D0%3B,gx-no-cache=1652210579571 HTTP/1.1" 200 3404
190.171.141.90 - - [10/May/2022:16:36:18 -0300] "GET /cormun/servlet/permisogoce?019072aa971d21d22a12c3742f3114781e9ce7d17a41f8313aa226466fc72b92c92d7958e324a59064a11caa35de3c666d61a8f3cfbff138e4672fec5a87b6cc,gx-no-cache=1652210592645 HTTP/1.1" 200 76
190.171.141.90 - - [10/May/2022:16:36:18 -0300] "GET /cormun/static/menuarrow.gif HTTP/1.1" 404 1015
190.171.141.138 - - [10/May/2022:16:36:34 -0300] "GET /cormun/servlet/apermisogoceprn?14202711,P,20220510151352,PU HTTP/1.1" 200 1657
190.171.141.138 - - [10/May/2022:16:36:40 -0300] "GET /cormun/servlet/permisogoce?INS,0,,, HTTP/1.1" 200 7380
190.171.141.138 - - [10/May/2022:16:36:40 -0300] "GET /cormun/servlet/permisogoce?INS,0,,, HTTP/1.1" 200 7381
190.171.141.138 - - [10/May/2022:16:36:43 -0300] "GET /cormun/servlet/permisogoce?2e28efe17635b16f442e32bccb7cae6949f5129b57be4f8180b9e40f27dc0018aa48113561a4cd752cec22d1923ea74d0d767a275866c3274ad12dd655f32d6c,gx-no-cache=1652210619629 HTTP/1.1" 200 82
190.171.141.138 - - [10/May/2022:16:36:45 -0300] "GET /cormun/static/menuarrow.gif HTTP/1.1" 404 1015
190.171.141.138 - - [10/May/2022:16:36:47 -0300] "GET /cormun/servlet/permisogoce?2e28efe17635b16f442e32bccb7cae698996f097fa6f61df7aff92b81481e279b2c22208b9ac0a8451578ebd36206ce63ba950ec6f4fef3f8a41404ad23d8dd9,gx-no-cache=1652210623994 HTTP/1.1" 200 47
190.171.141.90 - - [10/May/2022:16:36:57 -0300] "GET /cormun/servlet/permisogoce?019072aa971d21d22a12c3742f3114782d8bbd6f35cbfdaf3006682ee408b471988fa2cce91b9ad0a4de330f7f601ef8947920db1be7581c6d28a7c43e67064f,gx-no-cache=1652210631628 HTTP/1.1" 200 47
190.171.141.138 - - [10/May/2022:16:36:59 -0300] "POST /cormun/servlet/permisogoce?7790bc51d83681db6b4041e6a5a941ea,INS,0,,,,gx-no-cache=1652210634875 HTTP/1.1" 200 93
190.171.141.138 - - [10/May/2022:16:36:59 -0300] "GET /cormun/servlet/hpexe_return? HTTP/1.1" 200 1017
190.171.141.138 - - [10/May/2022:16:36:59 -0300] "GET /cormun/servlet/trpermisosgoce HTTP/1.1" 200 14295
190.171.141.138 - - [10/May/2022:16:36:59 -0300] "GET /cormun/servlet/trpermisosgoce HTTP/1.1" 200 14290
190.171.141.138 - - [10/May/2022:16:37:05 -0300] "GET /cormun/servlet/apermisogoceprn?16318761,P,20220510152043,PU HTTP/1.1" 200 1672
190.171.141.90 - - [10/May/2022:16:37:10 -0300] "POST /cormun/servlet/permisogoce?38bf509197e7d4e4a95d7823e9a0f661,INS,0,,,,gx-no-cache=1652210644455 HTTP/1.1" 200 93
190.171.141.90 - - [10/May/2022:16:37:10 -0300] "GET /cormun/servlet/hpexe_return? HTTP/1.1" 200 1010
190.171.141.90 - - [10/May/2022:16:37:10 -0300] "GET /cormun/servlet/trpermisosgoce HTTP/1.1" 200 19260
190.171.141.138 - - [10/May/2022:16:37:11 -0300] "GET /cormun/servlet/permisogoce?INS,0,,, HTTP/1.1" 200 7380
190.171.141.90 - - [10/May/2022:16:37:11 -0300] "GET /cormun/servlet/trpermisosgoce HTTP/1.1" 200 19255
190.171.141.138 - - [10/May/2022:16:37:11 -0300] "GET /cormun/servlet/permisogoce?INS,0,,, HTTP/1.1" 200 7380
190.171.141.138 - - [10/May/2022:16:37:14 -0300] "GET /cormun/servlet/prfichaempleado?,MD,,gxPopupLevel%3D0%3B HTTP/1.1" 200 9528
190.171.142.26 - - [10/May/2022:16:37:16 -0300] "GET /cormun/servlet/hlogin HTTP/1.1" 200 1726
190.171.141.138 - - [10/May/2022:16:37:18 -0300] "POST /cormun/servlet/prfichaempleado?7790bc51d83681db6b4041e6a5a941ea,,MD,,gxPopupLevel%3D0%3B,gx-no-cache=1652210654299 HTTP/1.1" 200 3175
190.171.141.138 - - [10/May/2022:16:37:21 -0300] "POST /cormun/servlet/prfichaempleado?7790bc51d83681db6b4041e6a5a941ea,,MD,,gxPopupLevel%3D0%3B,gx-no-cache=1652210657866 HTTP/1.1" 200 3175
190.171.142.26 - - [10/May/2022:16:37:25 -0300] "POST /cormun/servlet/hlogin?0fb08696c8f684c3c63d57542b29bc57,gx-no-cache=1652210660632 HTTP/1.1" 200 90
190.171.142.26 - - [10/May/2022:16:37:25 -0300] "GET /cormun/servlet/hpexe_link HTTP/1.1" 200 954
190.171.142.26 - - [10/May/2022:16:37:25 -0300] "GET /cormun/servlet/hhome HTTP/1.1" 200 3974
190.171.142.26 - - [10/May/2022:16:37:25 -0300] "GET /cormun/servlet/hhome HTTP/1.1" 200 3970
190.171.142.26 - - [10/May/2022:16:37:30 -0300] "GET /cormun/servlet/trsolicitudot? HTTP/1.1" 200 7191
190.171.141.138 - - [10/May/2022:16:37:30 -0300] "GET /cormun/servlet/permisogoce?2e28efe17635b16f442e32bccb7cae6959bb14662ce03c1ba094efe0ca8730d7aa48113561a4cd752cec22d1923ea74d0d767a275866c3274ad12dd655f32d6c,gx-no-cache=1652210666586 HTTP/1.1" 200 83
190.171.142.26 - - [10/May/2022:16:37:30 -0300] "GET /cormun/static/gxcfg.js?201991910464971 HTTP/1.1" 200 953
190.171.142.26 - - [10/May/2022:16:37:30 -0300] "GET /cormun/static/gxui/gxui-all.css?110300 HTTP/1.1" 200 2179
190.171.141.138 - - [10/May/2022:16:37:30 -0300] "GET /cormun/static/menuarrow.gif HTTP/1.1" 404 1015
190.171.142.26 - - [10/May/2022:16:37:30 -0300] "GET /cormun/static/calendar-system.css?75620 HTTP/1.1" 200 5572
190.171.142.26 - - [10/May/2022:16:37:30 -0300] "GET /cormun/static/trsolicitudot.js?201991910465845 HTTP/1.1" 200 54041
190.171.142.26 - - [10/May/2022:16:37:30 -0300] "GET /cormun/static/Shared/ext/resources/css/ext-all.css?205870 HTTP/1.1" 200 416045
190.171.142.26 - - [10/May/2022:16:37:31 -0300] "GET /cormun/servlet/trsolicitudot? HTTP/1.1" 200 7191
190.171.141.138 - - [10/May/2022:16:37:36 -0300] "GET /cormun/servlet/permisogoce?2e28efe17635b16f442e32bccb7cae69d5b09bb033b0aa7f8123fbc59d91717f26f85ecd0b2d2909c339ae453cdc44033ba950ec6f4fef3f8a41404ad23d8dd9,gx-no-cache=1652210672305 HTTP/1.1" 200 47
190.171.141.138 - - [10/May/2022:16:37:36 -0300] "POST /cormun/servlet/permisogoce?7790bc51d83681db6b4041e6a5a941ea,INS,0,,,,gx-no-cache=1652210672346 HTTP/1.1" 200 93
190.171.141.138 - - [10/May/2022:16:37:36 -0300] "GET /cormun/servlet/hpexe_return? HTTP/1.1" 200 1017
190.171.141.138 - - [10/May/2022:16:37:36 -0300] "GET /cormun/servlet/trpermisosgoce HTTP/1.1" 200 14530
190.171.141.138 - - [10/May/2022:16:37:37 -0300] "GET /cormun/servlet/trpermisosgoce HTTP/1.1" 200 14525
190.171.141.138 - - [10/May/2022:16:37:40 -0300] "GET /cormun/servlet/apermisogoceprn?18104458,P,20220510152114,PU HTTP/1.1" 200 1673
190.171.141.90 - - [10/May/2022:16:37:46 -0300] "GET /cormun/servlet/permisogoce?INS,0,,, HTTP/1.1" 200 7034
190.171.141.90 - - [10/May/2022:16:37:47 -0300] "GET /cormun/servlet/permisogoce?INS,0,,, HTTP/1.1" 200 7034
190.171.141.90 - - [10/May/2022:16:37:50 -0300] "GET /cormun/servlet/prfichaempleado?,MD,,gxPopupLevel%3D0%3B HTTP/1.1" 200 9185
190.171.141.90 - - [10/May/2022:16:37:57 -0300] "POST /cormun/servlet/prfichaempleado?38bf509197e7d4e4a95d7823e9a0f661,,MD,,gxPopupLevel%3D0%3B,gx-no-cache=1652210692214 HTTP/1.1" 200 3176
190.171.141.90 - - [10/May/2022:16:38:04 -0300] "POST /cormun/servlet/prfichaempleado?38bf509197e7d4e4a95d7823e9a0f661,,MD,,gxPopupLevel%3D0%3B,gx-no-cache=1652210698766 HTTP/1.1" 200 3176
190.171.141.90 - - [10/May/2022:16:38:14 -0300] "POST /cormun/servlet/prfichaempleado?38bf509197e7d4e4a95d7823e9a0f661,,MD,,gxPopupLevel%3D0%3B,gx-no-cache=1652210709044 HTTP/1.1" 200 3176
190.171.141.90 - - [10/May/2022:16:38:21 -0300] "POST /cormun/servlet/prfichaempleado?38bf509197e7d4e4a95d7823e9a0f661,,MD,,gxPopupLevel%3D0%3B,gx-no-cache=1652210715965 HTTP/1.1" 200 5770
190.171.142.26 - - [10/May/2022:16:38:27 -0300] "POST /cormun/servlet/trsolicitudot?0fb08696c8f684c3c63d57542b29bc57,,gx-no-cache=1652210723202 HTTP/1.1" 200 103
190.171.142.26 - - [10/May/2022:16:38:27 -0300] "POST /cormun/servlet/trsolicitudot?0fb08696c8f684c3c63d57542b29bc57,,gx-no-cache=1652210723396 HTTP/1.1" 200 4332
190.171.142.26 - - [10/May/2022:16:38:28 -0300] "GET /cormun/SolicitudOT-3954.xls HTTP/1.1" 200 4608
20.197.221.121 - - [10/May/2022:16:38:28 -0300] "GET /cormun/SolicitudOT-3954.xls HTTP/1.1" 200 4608
190.171.142.26 - - [10/May/2022:16:38:32 -0300] "GET /cormun/SolicitudOT-3954.xls HTTP/1.1" 304 -
190.171.142.26 - - [10/May/2022:16:38:37 -0300] "GET /cormun/servlet/solicitudot?INS,0,0,false, HTTP/1.1" 200 15699
190.171.142.26 - - [10/May/2022:16:38:37 -0300] "GET /cormun/static/gxcfg.js?20203414241232 HTTP/1.1" 200 953
190.171.142.26 - - [10/May/2022:16:38:37 -0300] "GET /cormun/static/solicitudot.js?20203414242792 HTTP/1.1" 200 74114
190.171.142.26 - - [10/May/2022:16:38:37 -0300] "GET /cormun/static/Resources/prompt.gif HTTP/1.1" 200 902
190.171.142.26 - - [10/May/2022:16:38:38 -0300] "GET /cormun/servlet/solicitudot?INS,0,0,false, HTTP/1.1" 200 15707
190.171.141.138 - - [10/May/2022:16:38:56 -0300] "GET /cormun/servlet/permisogoce?INS,0,,, HTTP/1.1" 200 7381
190.171.141.138 - - [10/May/2022:16:38:56 -0300] "GET /cormun/servlet/permisogoce?INS,0,,, HTTP/1.1" 200 7381
190.171.141.138 - - [10/May/2022:16:39:05 -0300] "GET /cormun/servlet/permisogoce?2e28efe17635b16f442e32bccb7cae692e1ee027e6bc62a17785c98cbab4685eaa48113561a4cd752cec22d1923ea74d0d767a275866c3274ad12dd655f32d6c,gx-no-cache=1652210761515 HTTP/1.1" 200 84
190.171.141.138 - - [10/May/2022:16:39:05 -0300] "GET /cormun/static/menuarrow.gif HTTP/1.1" 404 1015
190.171.142.26 - - [10/May/2022:16:39:09 -0300] "POST /cormun/servlet/solicitudot?gx-no-cache=1652210765340 HTTP/1.1" 200 3850
190.171.142.26 - - [10/May/2022:16:39:10 -0300] "POST /cormun/servlet/solicitudot?0fb08696c8f684c3c63d57542b29bc57,INS,0,0,false,,gx-no-cache=1652210765514 HTTP/1.1" 200 12393
190.171.141.90 - - [10/May/2022:16:39:12 -0300] "POST /cormun/servlet/prfichaempleado?38bf509197e7d4e4a95d7823e9a0f661,,MD,,gxPopupLevel%3D0%3B,gx-no-cache=1652210766294 HTTP/1.1" 200 3170
190.171.142.26 - - [10/May/2022:16:39:13 -0300] "GET /cormun/servlet/solicitudot?6236402e8ebf02d697bb77ae9473b9f3dd8941dc2d699e5826d81b039c54c81b6c9756806d92f920d0192fc56ab6f750,gx-no-cache=1652210768755 HTTP/1.1" 200 30
190.171.141.90 - - [10/May/2022:16:39:14 -0300] "POST /cormun/servlet/prfichaempleado?38bf509197e7d4e4a95d7823e9a0f661,,MD,,gxPopupLevel%3D0%3B,gx-no-cache=1652210768556 HTTP/1.1" 200 3170
190.171.141.90 - - [10/May/2022:16:39:21 -0300] "POST /cormun/servlet/prfichaempleado?38bf509197e7d4e4a95d7823e9a0f661,,MD,,gxPopupLevel%3D0%3B,gx-no-cache=1652210776284 HTTP/1.1" 200 5095
190.171.141.90 - - [10/May/2022:16:39:31 -0300] "GET /cormun/servlet/permisogoce?019072aa971d21d22a12c3742f3114788f456af8a059e7d27878811cbf3b2afdc92d7958e324a59064a11caa35de3c666d61a8f3cfbff138e4672fec5a87b6cc,gx-no-cache=1652210786215 HTTP/1.1" 200 76
190.171.141.90 - - [10/May/2022:16:39:31 -0300] "GET /cormun/static/menuarrow.gif HTTP/1.1" 404 1015
190.171.141.90 - - [10/May/2022:16:39:40 -0300] "GET /cormun/servlet/permisogoce?019072aa971d21d22a12c3742f311478cf19dc99a695fb3ceddf53986e8cdc3a4541520328747d388e883b9700d3284c947920db1be7581c6d28a7c43e67064f,gx-no-cache=1652210794994 HTTP/1.1" 200 47
190.171.141.90 - - [10/May/2022:16:39:43 -0300] "POST /cormun/servlet/permisogoce?38bf509197e7d4e4a95d7823e9a0f661,INS,0,,,,gx-no-cache=1652210797752 HTTP/1.1" 200 93
190.171.141.90 - - [10/May/2022:16:39:43 -0300] "GET /cormun/servlet/hpexe_return? HTTP/1.1" 200 1010
190.171.141.90 - - [10/May/2022:16:39:43 -0300] "GET /cormun/servlet/trpermisosgoce HTTP/1.1" 200 19284
190.171.141.90 - - [10/May/2022:16:39:44 -0300] "GET /cormun/servlet/trpermisosgoce HTTP/1.1" 200 19279
190.171.141.90 - - [10/May/2022:16:39:53 -0300] "GET /cormun/servlet/permisogoce?INS,0,,, HTTP/1.1" 200 7035
190.171.141.90 - - [10/May/2022:16:39:53 -0300] "GET /cormun/servlet/permisogoce?INS,0,,, HTTP/1.1" 200 7034
190.171.141.90 - - [10/May/2022:16:39:57 -0300] "GET /cormun/servlet/prfichaempleado?,MD,,gxPopupLevel%3D0%3B HTTP/1.1" 200 9185
190.171.141.90 - - [10/May/2022:16:40:09 -0300] "POST /cormun/servlet/prfichaempleado?38bf509197e7d4e4a95d7823e9a0f661,,MD,,gxPopupLevel%3D0%3B,gx-no-cache=1652210823471 HTTP/1.1" 200 3462
190.171.141.90 - - [10/May/2022:16:40:15 -0300] "GET /cormun/servlet/permisogoce?019072aa971d21d22a12c3742f3114781744fff1ac5457a4db76abd611b57bf8c92d7958e324a59064a11caa35de3c666d61a8f3cfbff138e4672fec5a87b6cc,gx-no-cache=1652210830342 HTTP/1.1" 200 77
190.171.141.90 - - [10/May/2022:16:40:15 -0300] "GET /cormun/static/menuarrow.gif HTTP/1.1" 404 1015
190.171.141.90 - - [10/May/2022:16:40:21 -0300] "GET /cormun/servlet/permisogoce?019072aa971d21d22a12c3742f3114783942e089245483ec478af27aedd782c362feaac9c26a2bccb95f6fb0243e194f947920db1be7581c6d28a7c43e67064f,gx-no-cache=1652210836330 HTTP/1.1" 200 48
190.171.142.26 - - [10/May/2022:16:40:42 -0300] "POST /cormun/servlet/solicitudot?0fb08696c8f684c3c63d57542b29bc57,INS,0,0,false,,gx-no-cache=1652210858089 HTTP/1.1" 200 12713
190.171.142.26 - - [10/May/2022:16:40:42 -0300] "GET /cormun/static/Shared/jqueryui/images/ui-bg_highlight-soft_100_c6c2c8_1x100.png HTTP/1.1" 404 1117
190.171.142.26 - - [10/May/2022:16:40:42 -0300] "GET /cormun/static/Shared/jqueryui/images/ui-icons_82798d_256x240.png HTTP/1.1" 404 1089
190.171.142.26 - - [10/May/2022:16:40:42 -0300] "GET /cormun/static/Shared/jqueryui/images/ui-bg_flat_55_994d53_40x100.png HTTP/1.1" 404 1097
190.171.142.26 - - [10/May/2022:16:40:42 -0300] "GET /cormun/static/Shared/jqueryui/images/ui-icons_ebccce_256x240.png HTTP/1.1" 404 1089
190.171.141.90 - - [10/May/2022:16:41:05 -0300] "POST /cormun/servlet/permisogoce?38bf509197e7d4e4a95d7823e9a0f661,INS,0,,,,gx-no-cache=1652210879302 HTTP/1.1" 200 93
190.171.141.90 - - [10/May/2022:16:41:05 -0300] "GET /cormun/servlet/hpexe_return? HTTP/1.1" 200 1010
190.171.141.90 - - [10/May/2022:16:41:05 -0300] "GET /cormun/servlet/trpermisosgoce HTTP/1.1" 200 19293
190.171.141.90 - - [10/May/2022:16:41:06 -0300] "GET /cormun/servlet/trpermisosgoce HTTP/1.1" 200 19289
200.83.224.3 - - [10/May/2022:16:42:16 -0300] "POST /cormun/servlet/solicitudot?gx-no-cache=1652210955494 HTTP/1.1" 200 30
190.171.142.26 - - [10/May/2022:16:42:19 -0300] "GET /cormun/servlet/solicitudot?6236402e8ebf02d697bb77ae9473b9f36c095d6bf2b0036b012ffdcff0749f532e5421692462d54dbc5a13e9f2f6634a,gx-no-cache=1652210954576 HTTP/1.1" 200 30
190.171.142.26 - - [10/May/2022:16:42:21 -0300] "GET /cormun/servlet/solicitudot?6236402e8ebf02d697bb77ae9473b9f3d02ee37c3dc65bd5b587a28a68396e4d,gx-no-cache=1652210957091 HTTP/1.1" 200 53
190.171.141.138 - - [10/May/2022:16:42:21 -0300] "GET /cormun/servlet/permisogoce?2e28efe17635b16f442e32bccb7cae69b5594019eff86a43067d9064af91090cc3e8fb461dbcd35f3ee08e019d8505883ba950ec6f4fef3f8a41404ad23d8dd9,gx-no-cache=1652210957795 HTTP/1.1" 200 47
190.171.142.26 - - [10/May/2022:16:42:43 -0300] "POST /cormun/servlet/solicitudot?gx-no-cache=1652210979027 HTTP/1.1" 200 297
190.171.142.26 - - [10/May/2022:16:42:45 -0300] "GET /cormun/servlet/solicitudot?6236402e8ebf02d697bb77ae9473b9f32c969f0a670d2ad11255c018d4bbad4ac941be28731a996e423d287fea961d236332027ef47beeaf8e5a7b3a30f202907f30342b074d2256f3db0c875716ac3114925142e12390ef768a5b0a5da5db09da217e3c20ff72b1711ada5dfab95a35b65e480aadb5371c18b18785f0329ff5a46502ee38ed7a76cd72a49d1f92242b8ea5696d3c2cfd241009caf9c0f5a1324d1aa57e9eed09dc6995a095b2ff161acda17214e5dd9c183382950e537e546777ea1e7b3f1886c0fc66c526ee63c1fe36bbbc36dc2e55e3bf9cd77c7b655d7593f81fae7f9eb3cb42d29efbea0cfd048d327640e95e0f5924e68f435fc749f5751ca361f66ca84635ab452a89646a462e3641e654d61c01aeada260aaccb68c57a40e7dfaf1fdba7eecc1cef0d0124b161081e9b758ef86e528e8fe67ceab3c89ca9a3372385440e2427b07128cdeaa630c9c54be104c940e885fcc7dc7a50e32ce7d5e6046560a938fee4d66f1218f70edd4bf4adcc3bd6db6d606372efa2026818aaff7743f4c3d0a70599f51243d,gx-no-cache=1652210981172 HTTP/1.1" 200 30
190.171.141.138 - - [10/May/2022:16:42:57 -0300] "POST /cormun/servlet/permisogoce?7790bc51d83681db6b4041e6a5a941ea,INS,0,,,,gx-no-cache=1652210993467 HTTP/1.1" 200 93
190.171.141.138 - - [10/May/2022:16:42:57 -0300] "GET /cormun/servlet/hpexe_return? HTTP/1.1" 200 1017
190.171.141.138 - - [10/May/2022:16:42:57 -0300] "GET /cormun/servlet/trpermisosgoce HTTP/1.1" 200 14728
190.171.141.138 - - [10/May/2022:16:42:58 -0300] "GET /cormun/servlet/trpermisosgoce HTTP/1.1" 200 14723
200.83.224.3 - - [10/May/2022:16:43:02 -0300] "POST /cormun/servlet/solicitudot?gx-no-cache=1652211002126 HTTP/1.1" 200 30
190.171.141.138 - - [10/May/2022:16:43:03 -0300] "GET /cormun/servlet/apermisogoceprn?16880410,P,20220510152259,PU HTTP/1.1" 200 1658
200.83.224.3 - - [10/May/2022:16:43:16 -0300] "POST /cormun/servlet/solicitudot?gx-no-cache=1652211015994 HTTP/1.1" 200 1453
200.83.224.3 - - [10/May/2022:16:43:16 -0300] "POST /cormun/servlet/solicitudot?gx-no-cache=1652211016074 HTTP/1.1" 200 41
200.83.224.3 - - [10/May/2022:16:43:16 -0300] "GET /cormun/servlet/solicitudot?6325035f27fdd0b088507c58407c6c17fb96ce634879d9b8c05b9e0ce68ad6f7d142ea70a27120ad8dfa9e0c8e09202b95d2e2ed6fce0ba738e7dd193807c24184fbe0acc1bcded0b990aa30247c614a6e1bedf6de7d147779efd2132c0a18ae54a248c103616b64c55bda2cd7b5d762,gx-no-cache=1652211016142 HTTP/1.1" 200 110
200.83.224.3 - - [10/May/2022:16:43:16 -0300] "POST /cormun/servlet/solicitudot?gx-no-cache=1652211016182 HTTP/1.1" 200 97
200.83.224.3 - - [10/May/2022:16:43:16 -0300] "GET /cormun/servlet/solicitudot?6325035f27fdd0b088507c58407c6c17e1e96bcfe3e3c32d86f874052b048f485d0c581cfa5d9035c3d266b4b4ed4a72,gx-no-cache=1652211016241 HTTP/1.1" 200 30
200.83.224.3 - - [10/May/2022:16:43:17 -0300] "POST /cormun/servlet/solicitudot?gx-no-cache=1652211016278 HTTP/1.1" 200 30
190.171.142.26 - - [10/May/2022:16:43:25 -0300] "POST /cormun/servlet/solicitudot?gx-no-cache=1652211021428 HTTP/1.1" 200 30
190.171.142.26 - - [10/May/2022:16:43:29 -0300] "POST /cormun/servlet/solicitudot?gx-no-cache=1652211024876 HTTP/1.1" 200 1452
190.171.142.26 - - [10/May/2022:16:43:29 -0300] "POST /cormun/servlet/solicitudot?gx-no-cache=1652211024943 HTTP/1.1" 200 38
190.171.142.26 - - [10/May/2022:16:43:38 -0300] "GET /cormun/servlet/solicitudot?6236402e8ebf02d697bb77ae9473b9f39f1f31aa56388ddffe5089b097beb372b9ccc368bc59896a70450daa37100927a377debe824f3182ab354fe7f2360c2a7f41de56eb58b396ce1be3fadce1678b28c4f57000618b7338d0f6a839b5fe057699f947252c6e638ebaa89274423e8d,gx-no-cache=1652211034297 HTTP/1.1" 200 110
190.171.141.90 - - [10/May/2022:16:43:59 -0300] "GET /cormun/servlet/permisogoce?INS,0,,, HTTP/1.1" 200 7034
190.171.141.90 - - [10/May/2022:16:43:59 -0300] "GET /cormun/servlet/permisogoce?INS,0,,, HTTP/1.1" 200 7034
190.171.142.26 - - [10/May/2022:16:44:06 -0300] "POST /cormun/servlet/solicitudot?gx-no-cache=1652211061976 HTTP/1.1" 200 97
190.171.149.74 - - [10/May/2022:16:44:10 -0300] "GET /cormun/servlet/trlicencias? HTTP/1.1" 200 12175
190.171.149.74 - - [10/May/2022:16:44:10 -0300] "GET /cormun/servlet/trlicencias? HTTP/1.1" 200 12174
190.171.142.26 - - [10/May/2022:16:44:23 -0300] "GET /cormun/servlet/solicitudot?6236402e8ebf02d697bb77ae9473b9f329a221e7af331d1ce3c1262eb62569f7dfdf4a7c0fcbec76b14ab402f204de001696ced9c52b394ce4c9d8eab9b28055a17649d143134928584a23a97f1cfa8b74488d87a36ed683796e0f972870af7f2ff0ba86f91563c8b009c2fefaef0f54,gx-no-cache=1652211079050 HTTP/1.1" 200 29
190.171.142.26 - - [10/May/2022:16:44:23 -0300] "GET /cormun/static/menuarrow.gif HTTP/1.1" 404 1015
190.171.141.90 - - [10/May/2022:16:44:24 -0300] "GET /cormun/servlet/prfichaempleado?,MD,,gxPopupLevel%3D0%3B HTTP/1.1" 200 9185
190.171.142.26 - - [10/May/2022:16:44:29 -0300] "GET /cormun/servlet/solicitudot?6236402e8ebf02d697bb77ae9473b9f3cf0ca54b007d35f4e3852e762ada1ebeb13dbea004c6541a13fbad8600cfea07,gx-no-cache=1652211085052 HTTP/1.1" 200 30
190.171.142.26 - - [10/May/2022:16:44:38 -0300] "POST /cormun/servlet/solicitudot?gx-no-cache=1652211094489 HTTP/1.1" 200 30
190.171.142.26 - - [10/May/2022:16:44:39 -0300] "POST /cormun/servlet/solicitudot?0fb08696c8f684c3c63d57542b29bc57,INS,0,0,false,,gx-no-cache=1652211094594 HTTP/1.1" 200 93
190.171.142.26 - - [10/May/2022:16:44:39 -0300] "GET /cormun/servlet/hpexe_return? HTTP/1.1" 200 1010
190.171.142.26 - - [10/May/2022:16:44:39 -0300] "GET /cormun/static/gxcfg.js?201991422392976 HTTP/1.1" 200 953
190.171.142.26 - - [10/May/2022:16:44:39 -0300] "GET /cormun/static/hpexe_return.js?201991422392984 HTTP/1.1" 200 1633
190.171.142.26 - - [10/May/2022:16:44:39 -0300] "GET /cormun/servlet/trsolicitudot? HTTP/1.1" 200 8576
190.171.142.26 - - [10/May/2022:16:44:40 -0300] "GET /cormun//static/Resources/PXToolsActionView.png HTTP/1.1" 200 398
190.171.142.26 - - [10/May/2022:16:44:40 -0300] "GET /cormun//static/Resources/PXToolsGridUpdate.png HTTP/1.1" 200 470
190.171.142.26 - - [10/May/2022:16:44:40 -0300] "GET /cormun//static/Resources/PXToolsGridDelete.png HTTP/1.1" 200 538
190.171.142.26 - - [10/May/2022:16:44:40 -0300] "GET /cormun//static/Resources/PXToolsRemoveAllAction.png HTTP/1.1" 200 487
190.171.142.26 - - [10/May/2022:16:44:40 -0300] "GET /cormun/servlet/trsolicitudot? HTTP/1.1" 200 8571
190.171.142.26 - - [10/May/2022:16:46:40 -0300] "POST /cormun/servlet/trsolicitudot?0fb08696c8f684c3c63d57542b29bc57,,gx-no-cache=1652211215745 HTTP/1.1" 200 107
190.171.142.26 - - [10/May/2022:16:46:40 -0300] "GET /cormun/servlet/trsolicitudadjuntos?2022,18662, HTTP/1.1" 200 6080
190.171.142.26 - - [10/May/2022:16:46:40 -0300] "GET /cormun/static/gxcfg.js?20201215574222 HTTP/1.1" 200 953
190.171.142.26 - - [10/May/2022:16:46:40 -0300] "GET /cormun/static/trsolicitudadjuntos.js?20201215574932 HTTP/1.1" 200 17922
190.171.142.26 - - [10/May/2022:16:46:40 -0300] "GET /cormun/static/Resources/PXToolsGridNew.png HTTP/1.1" 200 427
190.171.142.26 - - [10/May/2022:16:46:40 -0300] "GET /cormun/servlet/trsolicitudadjuntos?2022,18662, HTTP/1.1" 200 6080
190.171.142.26 - - [10/May/2022:16:46:43 -0300] "GET /cormun/servlet/solicitudotadjuntos?INS,2022,18662,,1, HTTP/1.1" 200 6026
190.171.142.26 - - [10/May/2022:16:46:43 -0300] "GET /cormun/static/gxcfg.js?202012157947 HTTP/1.1" 200 953
190.171.142.26 - - [10/May/2022:16:46:43 -0300] "GET /cormun/static/solicitudotadjuntos.js?202012157966 HTTP/1.1" 200 11771
190.171.142.26 - - [10/May/2022:16:46:43 -0300] "GET /cormun/static/about:blank HTTP/1.1" 404 1011
190.171.142.26 - - [10/May/2022:16:46:43 -0300] "GET /cormun/servlet/solicitudotadjuntos?INS,2022,18662,,1, HTTP/1.1" 200 6019
190.171.142.26 - - [10/May/2022:16:46:43 -0300] "GET /cormun/servlet/solicitudotadjuntos?6236402e8ebf02d697bb77ae9473b9f3bfee033e5bd5d198453e18a1e4b338c04ddb64e8a97faf0e618477b6ecec028c,gx-no-cache=1652211219494 HTTP/1.1" 200 30
190.171.142.26 - - [10/May/2022:16:46:44 -0300] "POST /cormun/servlet/solicitudotadjuntos?0fb08696c8f684c3c63d57542b29bc57,INS,2022,18662,,1,,gx-no-cache=1652211219528 HTTP/1.1" 200 3878
190.171.142.26 - - [10/May/2022:16:46:49 -0300] "POST /cormun/servlet/solicitudotadjuntos?gx-no-cache=1652211224915 HTTP/1.1" 200 26
190.171.142.26 - - [10/May/2022:16:46:59 -0300] "GET /cormun/servlet/solicitudotadjuntos?6236402e8ebf02d697bb77ae9473b9f333060790b0ccb0c1d95e8f7f3a2fd7e4,gx-no-cache=1652211235077 HTTP/1.1" 200 30
190.171.142.26 - - [10/May/2022:16:46:59 -0300] "GET /cormun/servlet/solicitudotadjuntos?6236402e8ebf02d697bb77ae9473b9f333060790b0ccb0c1d95e8f7f3a2fd7e4,gx-no-cache=1652211235103 HTTP/1.1" 200 30
190.171.142.26 - - [10/May/2022:16:46:59 -0300] "POST /cormun/servlet/solicitudotadjuntos?0fb08696c8f684c3c63d57542b29bc57,INS,2022,18662,,1, HTTP/1.1" 200 116
190.171.142.26 - - [10/May/2022:16:46:59 -0300] "GET /cormun/servlet/hpexe_return? HTTP/1.1" 200 1029
190.171.142.26 - - [10/May/2022:16:46:59 -0300] "GET /cormun/servlet/trsolicitudadjuntos?2022,18662, HTTP/1.1" 200 8846
190.171.142.26 - - [10/May/2022:16:47:00 -0300] "GET /cormun/servlet/trsolicitudadjuntos?2022,18662, HTTP/1.1" 200 8841
190.171.142.26 - - [10/May/2022:16:47:03 -0300] "GET /cormun/servlet/solicitudotadjuntos?INS,2022,18662,,1, HTTP/1.1" 200 6026
190.171.142.26 - - [10/May/2022:16:47:04 -0300] "GET /cormun/static/about:blank HTTP/1.1" 404 1011
190.171.142.26 - - [10/May/2022:16:47:04 -0300] "GET /cormun/servlet/solicitudotadjuntos?INS,2022,18662,,1, HTTP/1.1" 200 6019
190.171.142.26 - - [10/May/2022:16:47:04 -0300] "GET /cormun/servlet/solicitudotadjuntos?6236402e8ebf02d697bb77ae9473b9f3bfee033e5bd5d198453e18a1e4b338c04ddb64e8a97faf0e618477b6ecec028c,gx-no-cache=1652211240390 HTTP/1.1" 200 30
190.171.142.26 - - [10/May/2022:16:47:04 -0300] "POST /cormun/servlet/solicitudotadjuntos?0fb08696c8f684c3c63d57542b29bc57,INS,2022,18662,,1,,gx-no-cache=1652211240436 HTTP/1.1" 200 3877
190.171.142.26 - - [10/May/2022:16:47:07 -0300] "POST /cormun/servlet/solicitudotadjuntos?gx-no-cache=1652211243121 HTTP/1.1" 200 26
190.171.142.26 - - [10/May/2022:16:47:12 -0300] "GET /cormun/servlet/solicitudotadjuntos?6236402e8ebf02d697bb77ae9473b9f333060790b0ccb0c1d95e8f7f3a2fd7e4,gx-no-cache=1652211248174 HTTP/1.1" 200 30
190.171.142.26 - - [10/May/2022:16:47:12 -0300] "GET /cormun/servlet/solicitudotadjuntos?6236402e8ebf02d697bb77ae9473b9f333060790b0ccb0c1d95e8f7f3a2fd7e4,gx-no-cache=1652211248188 HTTP/1.1" 200 30
190.171.142.26 - - [10/May/2022:16:47:13 -0300] "POST /cormun/servlet/solicitudotadjuntos?0fb08696c8f684c3c63d57542b29bc57,INS,2022,18662,,1, HTTP/1.1" 200 116
190.171.142.26 - - [10/May/2022:16:47:13 -0300] "GET /cormun/servlet/hpexe_return? HTTP/1.1" 200 1029
190.171.142.26 - - [10/May/2022:16:47:13 -0300] "GET /cormun/servlet/trsolicitudadjuntos?2022,18662, HTTP/1.1" 200 9071
