181.43.228.137 - - [04/May/2022:17:08:15 -0300] "POST /cormun/servlet/trautorizarsolicitud?e8038f4b24f158d21b6c8deb2c406ade,,gx-no-cache=1651694113175 HTTP/1.1" 200 4786
181.43.228.137 - - [04/May/2022:17:08:16 -0300] "POST /cormun/servlet/trautorizarsolicitud?e8038f4b24f158d21b6c8deb2c406ade,,gx-no-cache=1651694113652 HTTP/1.1" 200 4542
190.171.141.90 - - [04/May/2022:17:08:24 -0300] "POST /cormun/servlet/licenciaspermisos?d2f5df0eee30eb5654dc03b2ee06d7e4,INS,0,,,,gx-no-cache=1651694119838 HTTP/1.1" 200 93
190.171.141.90 - - [04/May/2022:17:08:24 -0300] "GET /cormun/servlet/hpexe_return? HTTP/1.1" 200 1016
190.171.141.90 - - [04/May/2022:17:08:24 -0300] "GET /cormun/servlet/trlicencias HTTP/1.1" 200 13832
190.171.141.90 - - [04/May/2022:17:08:25 -0300] "GET /cormun/servlet/trlicencias HTTP/1.1" 200 13834
190.171.141.90 - - [04/May/2022:17:08:28 -0300] "GET /cormun/servlet/trlicencias? HTTP/1.1" 200 13828
192.168.10.11 - - [04/May/2022:17:08:28 -0300] "GET / HTTP/1.1" 200 11217
190.171.141.90 - - [04/May/2022:17:08:28 -0300] "GET /cormun/servlet/trlicencias? HTTP/1.1" 200 13823
181.43.228.137 - - [04/May/2022:17:08:31 -0300] "POST /cormun/servlet/trautorizarsolicitud?e8038f4b24f158d21b6c8deb2c406ade,,gx-no-cache=1651694129157 HTTP/1.1" 200 9330
181.43.228.137 - - [04/May/2022:17:09:20 -0300] "POST /cormun/servlet/trautorizarsolicitud?e8038f4b24f158d21b6c8deb2c406ade,,gx-no-cache=1651694177358 HTTP/1.1" 200 15528
190.171.141.90 - - [04/May/2022:17:09:20 -0300] "GET /cormun/servlet/alicenciaprn?7847845,L,20220503000000,PU HTTP/1.1" 200 1527
192.168.10.11 - - [04/May/2022:17:09:28 -0300] "GET / HTTP/1.1" 200 11217
190.171.141.90 - - [04/May/2022:17:09:44 -0300] "GET /cormun/servlet/alicenciaprn?11366298,L,20220428000000,PU HTTP/1.1" 200 1539
190.171.141.90 - - [04/May/2022:17:09:59 -0300] "GET /cormun/servlet/licenciaspermisos?DSP,7847845,L,20220503000000, HTTP/1.1" 200 7264
190.171.141.90 - - [04/May/2022:17:09:59 -0300] "GET /cormun/servlet/licenciaspermisos?DSP,7847845,L,20220503000000, HTTP/1.1" 200 7264
181.43.228.137 - - [04/May/2022:17:10:03 -0300] "GET /cormun/servlet/treventos?2022,18304, HTTP/1.1" 200 8280
181.43.228.137 - - [04/May/2022:17:10:03 -0300] "GET /cormun/static/gxcfg.js?20201215584657 HTTP/1.1" 200 953
181.43.228.137 - - [04/May/2022:17:10:03 -0300] "GET /cormun/static/treventos.js?2020121558506 HTTP/1.1" 200 16064
181.43.228.137 - - [04/May/2022:17:10:05 -0300] "GET /cormun/servlet/treventos?2022,18304, HTTP/1.1" 200 8277
190.171.141.90 - - [04/May/2022:17:10:08 -0300] "GET /cormun/servlet/trlicencias? HTTP/1.1" 200 13821
190.171.141.90 - - [04/May/2022:17:10:09 -0300] "GET /cormun/servlet/trlicencias? HTTP/1.1" 200 13811
190.171.141.90 - - [04/May/2022:17:10:13 -0300] "GET /cormun/servlet/licenciaspermisos?DSP,12515846,L,20220501000000, HTTP/1.1" 200 7281
190.171.141.90 - - [04/May/2022:17:10:13 -0300] "GET /cormun/servlet/licenciaspermisos?DSP,12515846,L,20220501000000, HTTP/1.1" 200 7282
190.171.141.90 - - [04/May/2022:17:10:18 -0300] "GET /cormun/servlet/trlicencias? HTTP/1.1" 200 13828
190.171.141.90 - - [04/May/2022:17:10:18 -0300] "GET /cormun/servlet/trlicencias? HTTP/1.1" 200 13825
181.43.228.137 - - [04/May/2022:17:10:18 -0300] "POST /cormun/servlet/treventos?e8038f4b24f158d21b6c8deb2c406ade,2022,18304,,gx-no-cache=1651694235285 HTTP/1.1" 200 90
181.43.228.137 - - [04/May/2022:17:10:19 -0300] "GET /cormun/servlet/hpexe_link HTTP/1.1" 200 974
181.43.228.137 - - [04/May/2022:17:10:19 -0300] "GET /cormun/servlet/trautorizarsolicitud? HTTP/1.1" 200 18079
190.171.141.90 - - [04/May/2022:17:10:20 -0300] "GET /cormun/servlet/licenciaspermisos?DSP,17824559,L,20220427000000, HTTP/1.1" 200 7259
190.171.141.90 - - [04/May/2022:17:10:21 -0300] "GET /cormun/servlet/licenciaspermisos?DSP,17824559,L,20220427000000, HTTP/1.1" 200 7259
181.43.228.137 - - [04/May/2022:17:10:22 -0300] "GET /cormun/servlet/trautorizarsolicitud? HTTP/1.1" 200 18078
190.171.141.90 - - [04/May/2022:17:10:26 -0300] "GET /cormun/servlet/trlicencias? HTTP/1.1" 200 13825
190.171.141.90 - - [04/May/2022:17:10:26 -0300] "GET /cormun/servlet/trlicencias? HTTP/1.1" 200 13823
192.168.10.11 - - [04/May/2022:17:10:28 -0300] "GET / HTTP/1.1" 200 11217
191.126.187.25 - - [04/May/2022:17:10:42 -0300] "GET /cormun/servlet/trautorizarsolicitud? HTTP/1.1" 200 6205
191.126.187.25 - - [04/May/2022:17:10:44 -0300] "GET /cormun/servlet/hlogin HTTP/1.1" 200 1739
191.126.187.25 - - [04/May/2022:17:10:44 -0300] "GET /cormun/servlet/trautorizarsolicitud? HTTP/1.1" 200 6205
190.171.141.90 - - [04/May/2022:17:10:50 -0300] "GET /cormun/servlet/licenciaspermisos?INS,0,,, HTTP/1.1" 200 7764
190.171.141.90 - - [04/May/2022:17:10:50 -0300] "GET /cormun/servlet/licenciaspermisos?INS,0,,, HTTP/1.1" 200 7772
190.171.141.90 - - [04/May/2022:17:10:57 -0300] "GET /cormun/servlet/prfichaempleado?,MD,,gxPopupLevel%3D0%3B HTTP/1.1" 200 9154
190.171.141.90 - - [04/May/2022:17:11:01 -0300] "POST /cormun/servlet/prfichaempleado?d2f5df0eee30eb5654dc03b2ee06d7e4,,MD,,gxPopupLevel%3D0%3B,gx-no-cache=1651694276245 HTTP/1.1" 200 3546
190.171.141.90 - - [04/May/2022:17:11:08 -0300] "GET /cormun/servlet/licenciaspermisos?74cd7db80d7945e81df3ead02a95d0ba98d1aaa246849ce68a566aabbfb34f65b54c3129fcb22dda0c8ce896d961db0a721abb5d1af65e0e15561de9c33ed0b9,gx-no-cache=1651694283823 HTTP/1.1" 200 95
190.171.141.90 - - [04/May/2022:17:11:08 -0300] "POST /cormun/servlet/licenciaspermisos?d2f5df0eee30eb5654dc03b2ee06d7e4,INS,0,,,,gx-no-cache=1651694283854 HTTP/1.1" 200 5116
192.168.10.11 - - [04/May/2022:17:11:28 -0300] "GET / HTTP/1.1" 200 11217
190.171.141.90 - - [04/May/2022:17:11:53 -0300] "GET /cormun/static/menuarrow.gif HTTP/1.1" 404 1015
190.171.149.74 - - [04/May/2022:17:12:15 -0300] "POST /cormun/servlet/trautorizarsolicitud?8f755f455f4af73d5897d45bd6e4dbb9,,gx-no-cache=1651694353600 HTTP/1.1" 200 4780
190.171.149.74 - - [04/May/2022:17:12:15 -0300] "GET /cormun/static/Shared/jqueryui/images/ui-bg_highlight-soft_100_c6c2c8_1x100.png HTTP/1.1" 404 1117
190.171.149.74 - - [04/May/2022:17:12:15 -0300] "GET /cormun/static/Shared/jqueryui/images/ui-icons_82798d_256x240.png HTTP/1.1" 404 1089
190.171.149.74 - - [04/May/2022:17:12:15 -0300] "GET /cormun/static/Shared/jqueryui/images/ui-bg_flat_55_fafafa_40x100.png HTTP/1.1" 404 1097
190.171.149.74 - - [04/May/2022:17:12:15 -0300] "GET /cormun/static/Shared/jqueryui/images/ui-icons_8d78a5_256x240.png HTTP/1.1" 404 1089
190.171.149.74 - - [04/May/2022:17:12:15 -0300] "POST /cormun/servlet/trautorizarsolicitud?8f755f455f4af73d5897d45bd6e4dbb9,,gx-no-cache=1651694353854 HTTP/1.1" 200 4543
190.171.152.138 - - [04/May/2022:17:12:19 -0300] "POST /cormun/servlet/permisosadjuntos?831c2cd43e569f079b308066ef735c81,INS,17139473,P,20220504154733,, HTTP/1.1" 200 116
190.171.152.138 - - [04/May/2022:17:12:19 -0300] "GET /cormun/servlet/hpexe_return? HTTP/1.1" 200 1042
190.171.152.138 - - [04/May/2022:17:12:19 -0300] "GET /cormun/servlet/trpermisosadjuntos?17139473,20220504154733,P, HTTP/1.1" 200 6661
190.171.152.138 - - [04/May/2022:17:12:20 -0300] "GET /cormun/servlet/trpermisosadjuntos?17139473,20220504154733,P, HTTP/1.1" 200 6657
190.171.152.138 - - [04/May/2022:17:12:23 -0300] "POST /cormun/servlet/trpermisosadjuntos?831c2cd43e569f079b308066ef735c81,17139473,20220504154733,P,,gx-no-cache=1651690758006 HTTP/1.1" 200 90
190.171.152.138 - - [04/May/2022:17:12:23 -0300] "GET /cormun/servlet/hpexe_link HTTP/1.1" 200 988
190.171.152.138 - - [04/May/2022:17:12:23 -0300] "GET /cormun/servlet/trpermisosgoce HTTP/1.1" 200 9747
190.171.152.138 - - [04/May/2022:17:12:24 -0300] "GET /cormun/servlet/trpermisosgoce HTTP/1.1" 200 9745
192.168.10.11 - - [04/May/2022:17:12:28 -0300] "GET / HTTP/1.1" 200 11217
190.171.149.74 - - [04/May/2022:17:12:37 -0300] "GET /cormun/servlet/hlogin HTTP/1.1" 200 1751
192.168.10.11 - - [04/May/2022:17:13:28 -0300] "GET / HTTP/1.1" 200 11217
190.171.152.138 - - [04/May/2022:17:14:17 -0300] "POST /cormun/servlet/trpermisosgoce?831c2cd43e569f079b308066ef735c81,gx-no-cache=1651690871532 HTTP/1.1" 200 7119
190.171.152.138 - - [04/May/2022:17:14:18 -0300] "GET /cormun/static/Shared/jqueryui/images/ui-bg_highlight-soft_100_c6c2c8_1x100.png HTTP/1.1" 404 1117
190.171.152.138 - - [04/May/2022:17:14:18 -0300] "GET /cormun/static/Shared/jqueryui/images/ui-icons_82798d_256x240.png HTTP/1.1" 404 1089
190.171.152.138 - - [04/May/2022:17:14:18 -0300] "GET /cormun/static/Shared/jqueryui/images/ui-bg_flat_55_fafafa_40x100.png HTTP/1.1" 404 1097
190.171.152.138 - - [04/May/2022:17:14:18 -0300] "GET /cormun/static/Shared/jqueryui/images/ui-icons_8d78a5_256x240.png HTTP/1.1" 404 1089
192.168.10.11 - - [04/May/2022:17:14:28 -0300] "GET / HTTP/1.1" 200 11217
190.171.152.138 - - [04/May/2022:17:14:34 -0300] "GET /cormun/servlet/hlogin HTTP/1.1" 200 1748
190.171.152.138 - - [04/May/2022:17:15:09 -0300] "POST /cormun/servlet/hlogin?831c2cd43e569f079b308066ef735c81,gx-no-cache=1651690923578 HTTP/1.1" 200 90
190.171.152.138 - - [04/May/2022:17:15:09 -0300] "GET /cormun/servlet/hpexe_link HTTP/1.1" 200 956
190.171.152.138 - - [04/May/2022:17:15:09 -0300] "GET /cormun/servlet/hhome HTTP/1.1" 200 4319
190.171.152.138 - - [04/May/2022:17:15:09 -0300] "GET /cormun/servlet/hhome HTTP/1.1" 200 4316
190.171.152.138 - - [04/May/2022:17:15:14 -0300] "GET /cormun/servlet/trautorizarpermisogoce? HTTP/1.1" 200 8006
190.171.152.138 - - [04/May/2022:17:15:14 -0300] "GET /cormun/servlet/trautorizarpermisogoce? HTTP/1.1" 200 8004
200.54.103.162 - - [04/May/2022:17:15:24 -0300] "GET /cormun/servlet/trlicencias HTTP/1.1" 200 9946
213.226.123.30 - - [04/May/2022:17:15:24 -0300] "POST /mifs/.;/services/LogService HTTP/1.1" 404 1015
200.54.103.162 - - [04/May/2022:17:15:27 -0300] "GET /cormun/servlet/trlicencias HTTP/1.1" 200 9944
192.168.10.11 - - [04/May/2022:17:15:28 -0300] "GET / HTTP/1.1" 200 11217
190.171.141.90 - - [04/May/2022:17:15:33 -0300] "GET /cormun/servlet/licenciaspermisos?74cd7db80d7945e81df3ead02a95d0ba12d911cb2431e38d3237ceeef1daac397454d3246cff74c808cc391dacd6e0b9eac2b43d67d43d85f54e77ca5c790ddb2da9a0e97aa18740feb2d37379a5af16b9ffc8e436ffad0c921b3b5ad6bfc1e765e4728e652f40c6608f681d23bf4f244b4d53daac0a6523c7c3b8a1bf4b5fce22ef1efbf4a240337a65afc45ca386513d2ec7bd53f3874f1ef492a8e741c56446150a19b0dcc051a5f7571e08489737cbc730c0375573662dc69a25bf430a8f7a9847a1283eadf30b25ef45504fc200212de09df49d68a685d329b2990663a2,gx-no-cache=1651694549078 HTTP/1.1" 200 30
190.171.141.90 - - [04/May/2022:17:15:33 -0300] "GET /cormun/servlet/licenciaspermisos?74cd7db80d7945e81df3ead02a95d0baf99b7f1f4a74b69bfd5dfd68832041473616d52e286a2857ee97229928e774aaebb82840fa2e66c2294cb757f8be73e4cd8051e5266c453e4029e37d4f5f507aa96b9e3210c4bc9d0aea0edf65f117758d5bc021620c3407fe16b41e40f389ee64d5dd75050df905384579891b6a884b0959eeaf556be5446b7a24012b9fa39d76484a1ae4963950f8dc0382c7492565321a0eb098096f7db6180e72aab31824a48e355331c6c539d70dfb3f9cb88e61559e7f1eeb6fc0b0d2c741a0e610df0e82d564c11516ef66a20893c34fd33923,gx-no-cache=1651694549112 HTTP/1.1" 200 29
190.171.141.90 - - [04/May/2022:17:15:33 -0300] "POST /cormun/servlet/licenciaspermisos?d2f5df0eee30eb5654dc03b2ee06d7e4,INS,0,,,,gx-no-cache=1651694549134 HTTP/1.1" 200 5300
190.171.141.90 - - [04/May/2022:17:15:33 -0300] "GET /cormun/static/Shared/jqueryui/images/ui-bg_highlight-soft_100_c6c2c8_1x100.png HTTP/1.1" 404 1117
190.171.141.90 - - [04/May/2022:17:15:33 -0300] "GET /cormun/static/Shared/jqueryui/images/ui-icons_82798d_256x240.png HTTP/1.1" 404 1089
190.171.141.90 - - [04/May/2022:17:15:33 -0300] "GET /cormun/static/Shared/jqueryui/images/ui-bg_flat_55_994d53_40x100.png HTTP/1.1" 404 1097
190.171.141.90 - - [04/May/2022:17:15:33 -0300] "GET /cormun/static/Shared/jqueryui/images/ui-icons_ebccce_256x240.png HTTP/1.1" 404 1089
190.171.152.138 - - [04/May/2022:17:15:38 -0300] "POST /cormun/servlet/trautorizarpermisogoce?831c2cd43e569f079b308066ef735c81,,gx-no-cache=1651690941374 HTTP/1.1" 200 4523
190.171.152.138 - - [04/May/2022:17:15:38 -0300] "GET /cormun/static/Shared/jqueryui/images/ui-bg_highlight-soft_100_c6c2c8_1x100.png HTTP/1.1" 404 1117
190.171.152.138 - - [04/May/2022:17:15:38 -0300] "GET /cormun/static/Shared/jqueryui/images/ui-icons_82798d_256x240.png HTTP/1.1" 404 1089
190.171.152.138 - - [04/May/2022:17:15:38 -0300] "GET /cormun/static/Shared/jqueryui/images/ui-bg_flat_55_fafafa_40x100.png HTTP/1.1" 404 1097
190.171.152.138 - - [04/May/2022:17:15:38 -0300] "GET /cormun/static/Shared/jqueryui/images/ui-icons_8d78a5_256x240.png HTTP/1.1" 404 1089
190.171.152.138 - - [04/May/2022:17:15:53 -0300] "GET /cormun/servlet/hlogin HTTP/1.1" 200 1753
190.171.152.138 - - [04/May/2022:17:16:08 -0300] "POST /cormun/servlet/hlogin?831c2cd43e569f079b308066ef735c81,gx-no-cache=1651690982915 HTTP/1.1" 200 90
190.171.152.138 - - [04/May/2022:17:16:08 -0300] "GET /cormun/servlet/hpexe_link HTTP/1.1" 200 956
190.171.152.138 - - [04/May/2022:17:16:08 -0300] "GET /cormun/servlet/hhome HTTP/1.1" 200 3856
190.171.152.138 - - [04/May/2022:17:16:09 -0300] "GET /cormun/servlet/hhome HTTP/1.1" 200 3853
190.171.152.138 - - [04/May/2022:17:16:17 -0300] "GET /cormun/servlet/trpermisosgoce? HTTP/1.1" 200 9700
190.171.152.138 - - [04/May/2022:17:16:18 -0300] "GET /cormun/servlet/trpermisosgoce? HTTP/1.1" 200 9698
192.168.10.11 - - [04/May/2022:17:16:28 -0300] "GET / HTTP/1.1" 200 11217
190.171.143.90 - - [04/May/2022:17:16:29 -0300] "GET /cormun/servlet/hlogin HTTP/1.1" 200 1725
190.171.143.90 - - [04/May/2022:17:16:44 -0300] "POST /cormun/servlet/hlogin?a8f93c54de21d26f9fe17f9763044f23,gx-no-cache=1651694621604 HTTP/1.1" 200 90
190.171.143.90 - - [04/May/2022:17:16:44 -0300] "GET /cormun/servlet/hpexe_link HTTP/1.1" 200 952
190.171.143.90 - - [04/May/2022:17:16:44 -0300] "GET /cormun/servlet/hhome HTTP/1.1" 200 4305
190.171.143.90 - - [04/May/2022:17:16:44 -0300] "GET /cormun/servlet/hhome HTTP/1.1" 200 4301
190.171.143.90 - - [04/May/2022:17:16:50 -0300] "GET /cormun/servlet/trlicencias? HTTP/1.1" 200 10272
190.171.143.90 - - [04/May/2022:17:16:51 -0300] "GET /cormun/servlet/trlicencias? HTTP/1.1" 200 10269
190.171.141.90 - - [04/May/2022:17:17:14 -0300] "GET /cormun/servlet/licenciaspermisos?74cd7db80d7945e81df3ead02a95d0ba12d911cb2431e38d3237ceeef1daac397454d3246cff74c808cc391dacd6e0b9eac2b43d67d43d85f54e77ca5c790ddb2da9a0e97aa18740feb2d37379a5af16b9ffc8e436ffad0c921b3b5ad6bfc1e765e4728e652f40c6608f681d23bf4f244b4d53daac0a6523c7c3b8a1bf4b5fce22ef1efbf4a240337a65afc45ca386513d2ec7bd53f3874f1ef492a8e741c56446150a19b0dcc051a5f7571e08489737cbc730c0375573662dc69a25bf430a8f7a9847a1283eadf30b25ef45504fc200212de09df49d68a685d329b2990663a2,gx-no-cache=1651694649483 HTTP/1.1" 200 30
190.171.141.90 - - [04/May/2022:17:17:14 -0300] "GET /cormun/servlet/licenciaspermisos?74cd7db80d7945e81df3ead02a95d0baf99b7f1f4a74b69bfd5dfd68832041473616d52e286a2857ee97229928e774aaebb82840fa2e66c2294cb757f8be73e4cd8051e5266c453e4029e37d4f5f507aa96b9e3210c4bc9d0aea0edf65f117758d5bc021620c3407fe16b41e40f389ee64d5dd75050df905384579891b6a884b0959eeaf556be5446b7a24012b9fa39d76484a1ae4963950f8dc0382c7492565321a0eb098096f7db6180e72aab31824a48e355331c6c539d70dfb3f9cb88e61559e7f1eeb6fc0b0d2c741a0e610df0e82d564c11516ef66a20893c34fd33923,gx-no-cache=1651694649507 HTTP/1.1" 200 29
190.171.141.90 - - [04/May/2022:17:17:14 -0300] "POST /cormun/servlet/licenciaspermisos?d2f5df0eee30eb5654dc03b2ee06d7e4,INS,0,,,,gx-no-cache=1651694649529 HTTP/1.1" 200 5300
192.168.10.11 - - [04/May/2022:17:17:28 -0300] "GET / HTTP/1.1" 200 11217
192.168.10.11 - - [04/May/2022:17:18:28 -0300] "GET / HTTP/1.1" 200 11217
192.168.10.11 - - [04/May/2022:17:19:28 -0300] "GET / HTTP/1.1" 200 11217
190.171.142.50 - - [04/May/2022:17:20:05 -0300] "GET /cormun/servlet/trpermisosadjuntos?15991549,20220504142713,P, HTTP/1.1" 200 5450
190.171.142.50 - - [04/May/2022:17:20:05 -0300] "GET /cormun/servlet/hlogin HTTP/1.1" 200 1771
190.171.142.50 - - [04/May/2022:17:20:05 -0300] "GET /cormun/servlet/trpermisosadjuntos?15991549,20220504142713,P, HTTP/1.1" 200 5447
190.171.142.50 - - [04/May/2022:17:20:14 -0300] "POST /cormun/servlet/hlogin?5deae54d4f8f96ed89e2c74e6fca1c14,gx-no-cache=1651697194272 HTTP/1.1" 200 90
190.171.142.50 - - [04/May/2022:17:20:14 -0300] "GET /cormun/servlet/hpexe_link HTTP/1.1" 200 985
190.171.142.50 - - [04/May/2022:17:20:14 -0300] "GET /cormun/servlet/trpermisosadjuntos?15991549,20220504142713,P, HTTP/1.1" 200 6090
190.171.142.50 - - [04/May/2022:17:20:14 -0300] "GET /cormun/servlet/trpermisosadjuntos?15991549,20220504142713,P, HTTP/1.1" 200 6089
190.171.142.50 - - [04/May/2022:17:20:17 -0300] "GET /cormun/servlet/permisosadjuntos?INS,15991549,P,20220504142713,, HTTP/1.1" 200 5591
190.171.142.50 - - [04/May/2022:17:20:17 -0300] "GET /cormun/static/about:blank HTTP/1.1" 404 1011
190.171.142.50 - - [04/May/2022:17:20:17 -0300] "GET /cormun/servlet/permisosadjuntos?INS,15991549,P,20220504142713,, HTTP/1.1" 200 5581
192.168.10.17 - - [04/May/2022:17:20:19 -0300] "GET /cormun/servlet/trsolicitudgral? HTTP/1.1" 500 10
192.168.10.17 - - [04/May/2022:17:20:21 -0300] "GET /cormun/servlet/trsolicitudgral? HTTP/1.1" 500 10
192.168.10.17 - - [04/May/2022:17:20:24 -0300] "GET /cormun/servlet/trsolicitudgral? HTTP/1.1" 500 10
190.171.142.50 - - [04/May/2022:17:20:28 -0300] "POST /cormun/servlet/permisosadjuntos?5deae54d4f8f96ed89e2c74e6fca1c14,INS,15991549,P,20220504142713,, HTTP/1.1" 200 116
190.171.142.50 - - [04/May/2022:17:20:28 -0300] "GET /cormun/servlet/hpexe_return? HTTP/1.1" 200 1040
190.171.142.50 - - [04/May/2022:17:20:28 -0300] "GET /cormun/servlet/trpermisosadjuntos?15991549,20220504142713,P, HTTP/1.1" 200 6621
190.171.142.50 - - [04/May/2022:17:20:28 -0300] "GET /cormun/servlet/trpermisosadjuntos?15991549,20220504142713,P, HTTP/1.1" 200 6617
192.168.10.11 - - [04/May/2022:17:20:28 -0300] "GET / HTTP/1.1" 200 11217
66.249.85.125 - - [04/May/2022:17:20:31 -0300] "GET /cormun/static/Resources/Logo2019_Grande.png HTTP/1.1" 200 31733
66.249.85.125 - - [04/May/2022:17:20:32 -0300] "GET /cormun/static/Resources/Logo2019_Grande.png HTTP/1.1" 200 31733
192.168.10.17 - - [04/May/2022:17:20:38 -0300] "GET /cormun/servlet/hlogin HTTP/1.1" 200 1728
190.171.142.50 - - [04/May/2022:17:20:43 -0300] "GET /cormun/servlet/trpermisosgoce? HTTP/1.1" 200 14118
190.171.142.50 - - [04/May/2022:17:20:44 -0300] "GET /cormun/servlet/trpermisosgoce? HTTP/1.1" 200 14117
192.168.10.17 - - [04/May/2022:17:20:45 -0300] "POST /cormun/servlet/hlogin?4e22dac4337092218d46fa2502d019d1,gx-no-cache=1651694691247 HTTP/1.1" 200 428
200.54.237.82 - - [04/May/2022:17:20:46 -0300] "GET /cormun/servlet/trcontratounov2? HTTP/1.1" 200 5904
200.54.237.82 - - [04/May/2022:17:20:48 -0300] "GET /cormun/servlet/hlogin HTTP/1.1" 200 1739
200.54.237.82 - - [04/May/2022:17:20:48 -0300] "GET /cormun/servlet/trcontratounov2? HTTP/1.1" 200 5914
192.168.10.17 - - [04/May/2022:17:20:50 -0300] "POST /cormun/servlet/hlogin?4e22dac4337092218d46fa2502d019d1,gx-no-cache=1651694696475 HTTP/1.1" 200 90
192.168.10.17 - - [04/May/2022:17:20:50 -0300] "GET /cormun/servlet/hpexe_link HTTP/1.1" 200 953
192.168.10.17 - - [04/May/2022:17:20:50 -0300] "GET /cormun/servlet/hhome HTTP/1.1" 200 3788
192.168.10.17 - - [04/May/2022:17:20:51 -0300] "GET /cormun/servlet/hhome HTTP/1.1" 200 3785
200.54.237.82 - - [04/May/2022:17:20:51 -0300] "POST /cormun/servlet/hlogin?50d70f55ceacdeb0247b40dda17645ff,gx-no-cache=1651694868408 HTTP/1.1" 200 90
200.54.237.82 - - [04/May/2022:17:20:51 -0300] "GET /cormun/servlet/hpexe_link HTTP/1.1" 200 953
200.54.237.82 - - [04/May/2022:17:20:51 -0300] "GET /cormun/servlet/trcontratounov2 HTTP/1.1" 200 17855
200.54.237.82 - - [04/May/2022:17:20:52 -0300] "GET /cormun/servlet/trcontratounov2 HTTP/1.1" 200 17851
190.171.142.50 - - [04/May/2022:17:20:57 -0300] "GET /cormun/servlet/trpermisosadjuntos?17650938,20220504115946,P, HTTP/1.1" 200 6087
190.171.142.50 - - [04/May/2022:17:20:57 -0300] "GET /cormun/servlet/trpermisosadjuntos?17650938,20220504115946,P, HTTP/1.1" 200 6087
190.171.142.50 - - [04/May/2022:17:20:59 -0300] "GET /cormun/servlet/permisosadjuntos?INS,17650938,P,20220504115946,, HTTP/1.1" 200 5588
190.171.142.50 - - [04/May/2022:17:20:59 -0300] "GET /cormun/static/about:blank HTTP/1.1" 404 1011
190.171.142.50 - - [04/May/2022:17:20:59 -0300] "GET /cormun/servlet/permisosadjuntos?INS,17650938,P,20220504115946,, HTTP/1.1" 200 5578
192.168.10.17 - - [04/May/2022:17:21:03 -0300] "GET /cormun/servlet/trsolicitudgral? HTTP/1.1" 200 28233
192.168.10.17 - - [04/May/2022:17:21:04 -0300] "GET /cormun/servlet/trsolicitudgral? HTTP/1.1" 200 28231
190.171.142.50 - - [04/May/2022:17:21:09 -0300] "POST /cormun/servlet/permisosadjuntos?5deae54d4f8f96ed89e2c74e6fca1c14,INS,17650938,P,20220504115946,, HTTP/1.1" 200 116
190.171.142.50 - - [04/May/2022:17:21:09 -0300] "GET /cormun/servlet/hpexe_return? HTTP/1.1" 200 1041
190.171.142.50 - - [04/May/2022:17:21:09 -0300] "GET /cormun/servlet/trpermisosadjuntos?17650938,20220504115946,P, HTTP/1.1" 200 6621
190.171.142.50 - - [04/May/2022:17:21:10 -0300] "GET /cormun/servlet/trpermisosadjuntos?17650938,20220504115946,P, HTTP/1.1" 200 6618
192.168.10.17 - - [04/May/2022:17:21:10 -0300] "GET /cormun/static/menuarrow.gif HTTP/1.1" 404 1015
190.171.142.50 - - [04/May/2022:17:21:14 -0300] "GET /cormun/servlet/trpermisosgoce? HTTP/1.1" 200 14133
190.171.142.50 - - [04/May/2022:17:21:14 -0300] "GET /cormun/servlet/trpermisosgoce? HTTP/1.1" 200 14117
190.171.142.50 - - [04/May/2022:17:21:17 -0300] "GET /cormun/servlet/trpermisosadjuntos?13502425,20220504115228,P, HTTP/1.1" 200 6094
190.171.142.50 - - [04/May/2022:17:21:17 -0300] "GET /cormun/servlet/trpermisosadjuntos?13502425,20220504115228,P, HTTP/1.1" 200 6095
190.171.142.50 - - [04/May/2022:17:21:18 -0300] "GET /cormun/servlet/permisosadjuntos?INS,13502425,P,20220504115228,, HTTP/1.1" 200 5597
190.171.142.50 - - [04/May/2022:17:21:19 -0300] "GET /cormun/static/about:blank HTTP/1.1" 404 1011
190.171.142.50 - - [04/May/2022:17:21:19 -0300] "GET /cormun/servlet/permisosadjuntos?INS,13502425,P,20220504115228,, HTTP/1.1" 200 5586
190.171.142.50 - - [04/May/2022:17:21:28 -0300] "POST /cormun/servlet/permisosadjuntos?5deae54d4f8f96ed89e2c74e6fca1c14,INS,13502425,P,20220504115228,, HTTP/1.1" 200 116
190.171.142.50 - - [04/May/2022:17:21:28 -0300] "GET /cormun/servlet/hpexe_return? HTTP/1.1" 200 1040
190.171.142.50 - - [04/May/2022:17:21:28 -0300] "GET /cormun/servlet/trpermisosadjuntos?13502425,20220504115228,P, HTTP/1.1" 200 6631
190.171.142.50 - - [04/May/2022:17:21:28 -0300] "GET /cormun/servlet/trpermisosadjuntos?13502425,20220504115228,P, HTTP/1.1" 200 6630
192.168.10.11 - - [04/May/2022:17:21:28 -0300] "GET / HTTP/1.1" 200 11217
192.168.10.17 - - [04/May/2022:17:21:31 -0300] "POST /cormun/servlet/trsolicitudgral?4e22dac4337092218d46fa2502d019d1,,gx-no-cache=1651694736993 HTTP/1.1" 200 5258
190.171.142.50 - - [04/May/2022:17:21:35 -0300] "GET /cormun/servlet/trpermisosgoce? HTTP/1.1" 200 14132
190.171.142.50 - - [04/May/2022:17:21:36 -0300] "GET /cormun/servlet/trpermisosgoce? HTTP/1.1" 200 14117
190.171.142.50 - - [04/May/2022:17:21:42 -0300] "POST /cormun/servlet/trpermisosgoce?5deae54d4f8f96ed89e2c74e6fca1c14,,gx-no-cache=1651697282813 HTTP/1.1" 200 11437
190.171.142.50 - - [04/May/2022:17:21:42 -0300] "GET /cormun/static/Shared/jqueryui/images/ui-bg_highlight-soft_100_c6c2c8_1x100.png HTTP/1.1" 404 1117
190.171.142.50 - - [04/May/2022:17:21:42 -0300] "GET /cormun/static/Shared/jqueryui/images/ui-icons_82798d_256x240.png HTTP/1.1" 404 1089
190.171.142.50 - - [04/May/2022:17:21:42 -0300] "GET /cormun/static/Shared/jqueryui/images/ui-bg_flat_55_fafafa_40x100.png HTTP/1.1" 404 1097
190.171.142.50 - - [04/May/2022:17:21:42 -0300] "GET /cormun/static/Shared/jqueryui/images/ui-icons_8d78a5_256x240.png HTTP/1.1" 404 1089
190.171.142.50 - - [04/May/2022:17:21:44 -0300] "POST /cormun/servlet/trpermisosgoce?5deae54d4f8f96ed89e2c74e6fca1c14,,gx-no-cache=1651697284641 HTTP/1.1" 200 11429
192.168.10.17 - - [04/May/2022:17:21:45 -0300] "POST /cormun/servlet/trsolicitudgral?4e22dac4337092218d46fa2502d019d1,,gx-no-cache=1651694750958 HTTP/1.1" 200 7598
190.171.142.50 - - [04/May/2022:17:21:45 -0300] "POST /cormun/servlet/trpermisosgoce?5deae54d4f8f96ed89e2c74e6fca1c14,,gx-no-cache=1651697286161 HTTP/1.1" 200 11394
190.171.142.50 - - [04/May/2022:17:21:56 -0300] "GET /cormun/servlet/hlogin HTTP/1.1" 200 1746
190.171.142.50 - - [04/May/2022:17:22:02 -0300] "POST /cormun/servlet/hlogin?5deae54d4f8f96ed89e2c74e6fca1c14,gx-no-cache=1651697303599 HTTP/1.1" 200 90
190.171.142.50 - - [04/May/2022:17:22:02 -0300] "GET /cormun/servlet/hpexe_link HTTP/1.1" 200 953
190.171.142.50 - - [04/May/2022:17:22:02 -0300] "GET /cormun/servlet/hhome HTTP/1.1" 200 4214
190.171.142.50 - - [04/May/2022:17:22:03 -0300] "GET /cormun/servlet/hhome HTTP/1.1" 200 4210
192.168.10.17 - - [04/May/2022:17:22:04 -0300] "GET /cormun/servlet/vesolicitudgral?2022,18304,, HTTP/1.1" 200 8401
192.168.10.17 - - [04/May/2022:17:22:04 -0300] "GET /cormun/pexe_scrolldiv.js HTTP/1.1" 404 1009
192.168.10.17 - - [04/May/2022:17:22:04 -0300] "GET /cormun/servlet/vesolicitudgral?2022,18304,, HTTP/1.1" 200 8400
190.171.142.50 - - [04/May/2022:17:22:06 -0300] "GET /cormun/servlet/trautorizarpermisogoce? HTTP/1.1" 200 8378
190.171.142.50 - - [04/May/2022:17:22:06 -0300] "GET /cormun/static/gxcfg.js?2020121645532 HTTP/1.1" 200 953
190.171.142.50 - - [04/May/2022:17:22:06 -0300] "GET /cormun/static/trautorizarpermisogoce.js?2020121651492 HTTP/1.1" 200 34948
190.171.142.50 - - [04/May/2022:17:22:06 -0300] "GET /cormun/servlet/trautorizarpermisogoce? HTTP/1.1" 200 8376
190.171.142.50 - - [04/May/2022:17:22:09 -0300] "POST /cormun/servlet/trautorizarpermisogoce?5deae54d4f8f96ed89e2c74e6fca1c14,,gx-no-cache=1651697309995 HTTP/1.1" 200 5546
190.171.142.50 - - [04/May/2022:17:22:09 -0300] "GET /cormun/static/Shared/jqueryui/images/ui-icons_82798d_256x240.png HTTP/1.1" 404 1089
190.171.142.50 - - [04/May/2022:17:22:09 -0300] "GET /cormun/static/Shared/jqueryui/images/ui-bg_highlight-soft_100_c6c2c8_1x100.png HTTP/1.1" 404 1117
190.171.142.50 - - [04/May/2022:17:22:09 -0300] "GET /cormun/static/Shared/jqueryui/images/ui-bg_flat_55_fafafa_40x100.png HTTP/1.1" 404 1097
190.171.142.50 - - [04/May/2022:17:22:09 -0300] "GET /cormun/static/Shared/jqueryui/images/ui-icons_8d78a5_256x240.png HTTP/1.1" 404 1089
190.171.142.50 - - [04/May/2022:17:22:10 -0300] "POST /cormun/servlet/trautorizarpermisogoce?5deae54d4f8f96ed89e2c74e6fca1c14,,gx-no-cache=1651697310830 HTTP/1.1" 200 5276
190.171.142.50 - - [04/May/2022:17:22:10 -0300] "POST /cormun/servlet/trautorizarpermisogoce?5deae54d4f8f96ed89e2c74e6fca1c14,,gx-no-cache=1651697311655 HTTP/1.1" 200 4524
192.168.10.11 - - [04/May/2022:17:22:28 -0300] "GET / HTTP/1.1" 200 11217
190.171.143.82 - - [04/May/2022:17:23:01 -0300] "GET /cormun/servlet/hlogin HTTP/1.1" 200 1723
200.54.237.82 - - [04/May/2022:17:23:02 -0300] "GET /cormun/servlet/trlicencias? HTTP/1.1" 200 11393
200.54.237.82 - - [04/May/2022:17:23:02 -0300] "GET /cormun/servlet/trlicencias? HTTP/1.1" 200 11392
190.171.143.82 - - [04/May/2022:17:23:05 -0300] "POST /cormun/servlet/hlogin?d028ef01ef4d9b019a2dc40cf3f4d066,gx-no-cache=1651695001834 HTTP/1.1" 200 90
190.171.143.82 - - [04/May/2022:17:23:05 -0300] "GET /cormun/servlet/hpexe_link HTTP/1.1" 200 949
190.171.143.82 - - [04/May/2022:17:23:05 -0300] "GET /cormun/servlet/hhome HTTP/1.1" 200 4352
190.171.143.82 - - [04/May/2022:17:23:07 -0300] "GET /cormun/servlet/hhome HTTP/1.1" 200 4349
190.171.143.82 - - [04/May/2022:17:23:10 -0300] "GET /cormun/servlet/trlicencias? HTTP/1.1" 200 13381
190.171.143.82 - - [04/May/2022:17:23:12 -0300] "GET /cormun/servlet/trlicencias? HTTP/1.1" 200 13383
190.171.143.82 - - [04/May/2022:17:23:19 -0300] "POST /cormun/servlet/trlicencias?d028ef01ef4d9b019a2dc40cf3f4d066,,gx-no-cache=1651695015758 HTTP/1.1" 200 11132
192.168.10.11 - - [04/May/2022:17:23:28 -0300] "GET / HTTP/1.1" 200 11217
190.171.141.90 - - [04/May/2022:17:23:44 -0300] "GET /cormun/servlet/licenciaspermisos?74cd7db80d7945e81df3ead02a95d0ba12d911cb2431e38d3237ceeef1daac397454d3246cff74c808cc391dacd6e0b9eac2b43d67d43d85f54e77ca5c790ddb2da9a0e97aa18740feb2d37379a5af16b9ffc8e436ffad0c921b3b5ad6bfc1e765e4728e652f40c6608f681d23bf4f244b4d53daac0a6523c7c3b8a1bf4b5fce22ef1efbf4a240337a65afc45ca386513d2ec7bd53f3874f1ef492a8e741c56446150a19b0dcc051a5f7571e08489737cbc730c0375573662dc69a25bf430a8f7a9847a1283eadf30b25ef45504fc200212de09df49d68a685d329b2990663a2,gx-no-cache=1651695039499 HTTP/1.1" 200 30
190.171.141.90 - - [04/May/2022:17:23:44 -0300] "GET /cormun/servlet/licenciaspermisos?74cd7db80d7945e81df3ead02a95d0baf99b7f1f4a74b69bfd5dfd68832041473616d52e286a2857ee97229928e774aaebb82840fa2e66c2294cb757f8be73e4cd8051e5266c453e4029e37d4f5f507aa96b9e3210c4bc9d0aea0edf65f117758d5bc021620c3407fe16b41e40f389ee64d5dd75050df905384579891b6a884b0959eeaf556be5446b7a24012b9fa39d76484a1ae4963950f8dc0382c7492565321a0eb098096f7db6180e72aab31824a48e355331c6c539d70dfb3f9cb88e61559e7f1eeb6fc0b0d2c741a0e610df0e82d564c11516ef66a20893c34fd33923,gx-no-cache=1651695039525 HTTP/1.1" 200 29
190.171.141.90 - - [04/May/2022:17:23:44 -0300] "POST /cormun/servlet/licenciaspermisos?d2f5df0eee30eb5654dc03b2ee06d7e4,INS,0,,,,gx-no-cache=1651695039546 HTTP/1.1" 200 93
190.171.141.90 - - [04/May/2022:17:23:44 -0300] "GET /cormun/servlet/hpexe_return? HTTP/1.1" 200 1016
190.171.141.90 - - [04/May/2022:17:23:44 -0300] "GET /cormun/servlet/trlicencias HTTP/1.1" 200 14457
190.171.141.90 - - [04/May/2022:17:23:45 -0300] "GET /cormun/servlet/trlicencias HTTP/1.1" 200 14456
190.171.141.90 - - [04/May/2022:17:23:54 -0300] "GET /cormun/servlet/trlicenciaspermisosadjuntos?7847845,20220503000000,L, HTTP/1.1" 200 6478
190.171.141.90 - - [04/May/2022:17:23:54 -0300] "GET /cormun/static/gxcfg.js?201991422445549 HTTP/1.1" 200 953
190.171.141.90 - - [04/May/2022:17:23:54 -0300] "GET /cormun/static/trlicenciaspermisosadjuntos.js?20199142244593 HTTP/1.1" 200 21036
190.171.141.90 - - [04/May/2022:17:23:55 -0300] "GET /cormun/servlet/trlicenciaspermisosadjuntos?7847845,20220503000000,L, HTTP/1.1" 200 6479
190.171.141.90 - - [04/May/2022:17:23:56 -0300] "POST /cormun/servlet/acontrolpreferencessavestate?None,SCONTRERAS,true HTTP/1.1" 200 35
190.171.141.90 - - [04/May/2022:17:23:59 -0300] "GET /cormun/servlet/trlicencias HTTP/1.1" 200 14474
190.171.141.90 - - [04/May/2022:17:23:59 -0300] "GET /cormun/servlet/trlicencias HTTP/1.1" 200 14460
192.168.10.11 - - [04/May/2022:17:24:28 -0300] "GET / HTTP/1.1" 200 11217
190.171.141.90 - - [04/May/2022:17:24:40 -0300] "GET /cormun/servlet/licenciaspermisos?DSP,14374979,L,20220504000000, HTTP/1.1" 200 7334
190.171.141.90 - - [04/May/2022:17:24:41 -0300] "GET /cormun/servlet/licenciaspermisos?DSP,14374979,L,20220504000000, HTTP/1.1" 200 7333
190.171.141.90 - - [04/May/2022:17:24:51 -0300] "POST /cormun/servlet/licenciaspermisos?d2f5df0eee30eb5654dc03b2ee06d7e4,DSP,14374979,L,20220504000000,,gx-no-cache=1651695106356 HTTP/1.1" 200 93
190.171.141.90 - - [04/May/2022:17:24:51 -0300] "GET /cormun/servlet/hpexe_return? HTTP/1.1" 200 1033
190.171.141.90 - - [04/May/2022:17:24:51 -0300] "GET /cormun/servlet/trlicencias HTTP/1.1" 200 14462
190.171.141.90 - - [04/May/2022:17:24:51 -0300] "GET /cormun/servlet/trlicencias HTTP/1.1" 200 14466
190.171.141.90 - - [04/May/2022:17:25:04 -0300] "POST /cormun/servlet/trlicencias?d2f5df0eee30eb5654dc03b2ee06d7e4,gx-no-cache=1651695119157 HTTP/1.1" 200 12356
190.171.141.90 - - [04/May/2022:17:25:04 -0300] "GET /cormun/static/Shared/jqueryui/images/ui-bg_highlight-soft_100_c6c2c8_1x100.png HTTP/1.1" 404 1117
190.171.141.90 - - [04/May/2022:17:25:04 -0300] "GET /cormun/static/Shared/jqueryui/images/ui-icons_82798d_256x240.png HTTP/1.1" 404 1089
190.171.141.90 - - [04/May/2022:17:25:04 -0300] "GET /cormun/static/Shared/jqueryui/images/ui-bg_flat_55_fafafa_40x100.png HTTP/1.1" 404 1097
190.171.141.90 - - [04/May/2022:17:25:04 -0300] "GET /cormun/static/Shared/jqueryui/images/ui-icons_8d78a5_256x240.png HTTP/1.1" 404 1089
190.171.152.138 - - [04/May/2022:17:25:09 -0300] "GET /cormun/servlet/hlogin HTTP/1.1" 200 1747
192.168.10.11 - - [04/May/2022:17:25:28 -0300] "GET / HTTP/1.1" 200 11217
190.171.141.90 - - [04/May/2022:17:25:47 -0300] "GET /cormun/servlet/licenciaspermisos?UPD,14374979,L,20220504000000, HTTP/1.1" 200 7950
190.171.141.90 - - [04/May/2022:17:25:48 -0300] "GET /cormun/servlet/licenciaspermisos?UPD,14374979,L,20220504000000, HTTP/1.1" 200 7969
190.171.141.90 - - [04/May/2022:17:25:48 -0300] "GET /cormun/servlet/licenciaspermisos?74cd7db80d7945e81df3ead02a95d0ba98d1aaa246849ce68a566aabbfb34f65bb88a437131be80dd1c069a0c79074d8c92c049bcb9ef908aaa7e779d2f76e045a74ca08af639ae5a03337acca443918e5255ffb2b0aac0493681227b3ec2583,gx-no-cache=1651695163905 HTTP/1.1" 200 95
190.171.141.90 - - [04/May/2022:17:25:52 -0300] "GET /cormun/servlet/licenciaspermisos?74cd7db80d7945e81df3ead02a95d0babe1bb90c56332f2ad90f733f3d407dea7454d3246cff74c808cc391dacd6e0b9eac2b43d67d43d85f54e77ca5c790ddb2da9a0e97aa18740feb2d37379a5af16b9ffc8e436ffad0c921b3b5ad6bfc1e765e4728e652f40c6608f681d23bf4f244b4d53daac0a6523c7c3b8a1bf4b5fce22ef1efbf4a240337a65afc45ca386513d2ec7bd53f3874f1ef492a8e741c56446150a19b0dcc051a5f7571e08489737cbc730c0375573662dc69a25bf430a8f7a9847a1283eadf30b25ef45504fc200212de09df49d68a685d329b2990663a2,gx-no-cache=1651695167838 HTTP/1.1" 200 30
190.171.141.90 - - [04/May/2022:17:25:52 -0300] "GET /cormun/servlet/licenciaspermisos?74cd7db80d7945e81df3ead02a95d0baf99b7f1f4a74b69bfd5dfd68832041473616d52e286a2857ee97229928e774aaebb82840fa2e66c2294cb757f8be73e4cd8051e5266c453e4029e37d4f5f507aa96b9e3210c4bc9d0aea0edf65f117758d5bc021620c3407fe16b41e40f389ee64d5dd75050df905384579891b6a884b0959eeaf556be5446b7a24012b9fa39d76484a1ae4963950f8dc0382c7492565321a0eb098096f7db6180e72aab31824a48e355331c6c539d70dfb3f9cb88e61559e7f1eeb6fc0b0d2c741a0e610df0e82d564c11516ef66a20893c34fd33923,gx-no-cache=1651695167858 HTTP/1.1" 200 29
190.171.141.90 - - [04/May/2022:17:25:52 -0300] "POST /cormun/servlet/licenciaspermisos?d2f5df0eee30eb5654dc03b2ee06d7e4,UPD,14374979,L,20220504000000,,gx-no-cache=1651695167881 HTTP/1.1" 200 93
190.171.141.90 - - [04/May/2022:17:25:52 -0300] "GET /cormun/servlet/hpexe_return? HTTP/1.1" 200 1054
190.171.141.90 - - [04/May/2022:17:25:53 -0300] "GET /cormun/servlet/trlicencias?gx-no-cache=1651695119157 HTTP/1.1" 200 14475
190.171.141.90 - - [04/May/2022:17:25:53 -0300] "GET /cormun/servlet/trlicencias?gx-no-cache=1651695119157 HTTP/1.1" 200 14478
190.171.143.82 - - [04/May/2022:17:26:06 -0300] "GET /cormun/servlet/trcontratosolicitud? HTTP/1.1" 200 14988
190.171.143.82 - - [04/May/2022:17:26:07 -0300] "GET /cormun/servlet/trcontratosolicitud? HTTP/1.1" 200 14983
190.171.143.82 - - [04/May/2022:17:26:10 -0300] "POST /cormun/servlet/trcontratosolicitud?d028ef01ef4d9b019a2dc40cf3f4d066,,gx-no-cache=1651695186859 HTTP/1.1" 200 12676
190.171.141.90 - - [04/May/2022:17:26:16 -0300] "POST /cormun/servlet/trlicencias?d2f5df0eee30eb5654dc03b2ee06d7e4,gx-no-cache=1651695119157,gx-no-cache=1651695190639 HTTP/1.1" 200 12343
192.168.10.11 - - [04/May/2022:17:26:28 -0300] "GET / HTTP/1.1" 200 11217
190.171.141.90 - - [04/May/2022:17:26:42 -0300] "POST /cormun/servlet/trlicencias?d2f5df0eee30eb5654dc03b2ee06d7e4,gx-no-cache=1651695119157,gx-no-cache=1651695217601 HTTP/1.1" 200 12356
190.171.141.90 - - [04/May/2022:17:26:42 -0300] "GET /cormun/static/Shared/jqueryui/images/ui-bg_highlight-soft_100_c6c2c8_1x100.png HTTP/1.1" 404 1117
190.171.141.90 - - [04/May/2022:17:26:42 -0300] "GET /cormun/static/Shared/jqueryui/images/ui-icons_82798d_256x240.png HTTP/1.1" 404 1089
190.171.141.90 - - [04/May/2022:17:26:42 -0300] "GET /cormun/static/Shared/jqueryui/images/ui-bg_flat_55_fafafa_40x100.png HTTP/1.1" 404 1097
190.171.141.90 - - [04/May/2022:17:26:42 -0300] "GET /cormun/static/Shared/jqueryui/images/ui-icons_8d78a5_256x240.png HTTP/1.1" 404 1089
190.171.143.82 - - [04/May/2022:17:26:56 -0300] "GET /cormun/servlet/trcontratounov2? HTTP/1.1" 200 18294
190.171.143.82 - - [04/May/2022:17:26:58 -0300] "GET /cormun/servlet/trcontratounov2? HTTP/1.1" 200 18282
190.171.149.74 - - [04/May/2022:17:27:11 -0300] "GET /cormun/servlet/hlogin HTTP/1.1" 200 1728
190.171.149.74 - - [04/May/2022:17:27:16 -0300] "POST /cormun/servlet/hlogin?8f755f455f4af73d5897d45bd6e4dbb9,gx-no-cache=1651695254983 HTTP/1.1" 200 90
190.171.149.74 - - [04/May/2022:17:27:16 -0300] "GET /cormun/servlet/hpexe_link HTTP/1.1" 200 955
190.171.149.74 - - [04/May/2022:17:27:16 -0300] "GET /cormun/servlet/hhome HTTP/1.1" 200 3981
190.171.149.74 - - [04/May/2022:17:27:17 -0300] "GET /cormun/servlet/hhome HTTP/1.1" 200 3978
190.171.149.74 - - [04/May/2022:17:27:20 -0300] "GET /cormun/servlet/trpermisosgoce? HTTP/1.1" 200 13514
190.171.149.74 - - [04/May/2022:17:27:21 -0300] "GET /cormun/servlet/trpermisosgoce? HTTP/1.1" 200 13511
190.171.149.74 - - [04/May/2022:17:27:23 -0300] "GET /cormun/servlet/permisogoce?INS,0,,, HTTP/1.1" 200 6847
190.171.141.90 - - [04/May/2022:17:27:23 -0300] "GET /cormun/servlet/alicenciaprn?14374979,L,20220504000000,PU HTTP/1.1" 200 1545
190.171.149.74 - - [04/May/2022:17:27:23 -0300] "GET /cormun/servlet/permisogoce?INS,0,,, HTTP/1.1" 200 6847
192.168.10.11 - - [04/May/2022:17:27:28 -0300] "GET / HTTP/1.1" 200 11217
190.171.141.90 - - [04/May/2022:17:27:49 -0300] "GET /cormun/servlet/trlicenciaspermisoslog?14374979,L,20220504000000, HTTP/1.1" 200 6395
190.171.141.90 - - [04/May/2022:17:27:49 -0300] "GET /cormun/static/gxcfg.js?201991422452353 HTTP/1.1" 200 953
190.171.141.90 - - [04/May/2022:17:27:49 -0300] "GET /cormun/static/trlicenciaspermisoslog.js?201991422452676 HTTP/1.1" 200 20074
190.171.141.90 - - [04/May/2022:17:27:49 -0300] "GET /cormun/servlet/trlicenciaspermisoslog?14374979,L,20220504000000, HTTP/1.1" 200 6374
190.171.141.90 - - [04/May/2022:17:27:50 -0300] "POST /cormun/servlet/acontrolpreferencessavestate?None,SCONTRERAS,true HTTP/1.1" 200 35
190.171.141.90 - - [04/May/2022:17:27:52 -0300] "GET /cormun/servlet/trlicencias?gx-no-cache=1651695119157 HTTP/1.1" 200 14465
190.171.141.90 - - [04/May/2022:17:27:53 -0300] "GET /cormun/servlet/trlicencias?gx-no-cache=1651695119157 HTTP/1.1" 200 14478
190.171.141.90 - - [04/May/2022:17:27:58 -0300] "POST /cormun/servlet/trlicencias?d2f5df0eee30eb5654dc03b2ee06d7e4,gx-no-cache=1651695119157,gx-no-cache=1651695293318 HTTP/1.1" 200 12342
190.171.143.82 - - [04/May/2022:17:28:05 -0300] "GET /cormun/servlet/trsolicitudot? HTTP/1.1" 200 7570
190.171.143.82 - - [04/May/2022:17:28:05 -0300] "GET /cormun/static/gxcfg.js?201991910464971 HTTP/1.1" 200 953
190.171.143.82 - - [04/May/2022:17:28:05 -0300] "GET /cormun/static/trsolicitudot.js?201991910465845 HTTP/1.1" 200 54041
190.171.143.82 - - [04/May/2022:17:28:06 -0300] "GET /cormun/servlet/trsolicitudot? HTTP/1.1" 200 7569
190.171.143.82 - - [04/May/2022:17:28:08 -0300] "POST /cormun/servlet/trsolicitudot?d028ef01ef4d9b019a2dc40cf3f4d066,,gx-no-cache=1651695305250 HTTP/1.1" 200 4628
190.171.143.82 - - [04/May/2022:17:28:15 -0300] "GET /cormun/servlet/trcontratoobservaciondir? HTTP/1.1" 200 8321
190.171.143.82 - - [04/May/2022:17:28:16 -0300] "GET /cormun/servlet/trcontratoobservaciondir? HTTP/1.1" 200 8321
190.171.143.82 - - [04/May/2022:17:28:18 -0300] "POST /cormun/servlet/trcontratoobservaciondir?d028ef01ef4d9b019a2dc40cf3f4d066,,gx-no-cache=1651695315410 HTTP/1.1" 200 5847
192.168.10.11 - - [04/May/2022:17:28:28 -0300] "GET / HTTP/1.1" 200 11217
190.171.143.82 - - [04/May/2022:17:28:41 -0300] "GET /cormun/servlet/trlicencias? HTTP/1.1" 200 13388
190.171.143.82 - - [04/May/2022:17:28:43 -0300] "GET /cormun/servlet/trlicencias? HTTP/1.1" 200 13383
190.171.143.82 - - [04/May/2022:17:28:48 -0300] "POST /cormun/servlet/trlicencias?d028ef01ef4d9b019a2dc40cf3f4d066,,gx-no-cache=1651695344852 HTTP/1.1" 200 11139
190.171.149.74 - - [04/May/2022:17:29:28 -0300] "GET /cormun/servlet/permisogoce?778b910c4dbc449001a52ab0aa1e74b04d011f03ef2acc0c4573d3caff907748cc872a312101f11832fa98c16bb095f847fabcca0b01eba5e1850f4c73e4abfb,gx-no-cache=1651695386981 HTTP/1.1" 200 83
192.168.10.11 - - [04/May/2022:17:29:28 -0300] "GET / HTTP/1.1" 200 11217
190.171.149.74 - - [04/May/2022:17:29:30 -0300] "GET /cormun/static/menuarrow.gif HTTP/1.1" 404 1015
190.171.149.74 - - [04/May/2022:17:29:34 -0300] "GET /cormun/servlet/permisogoce?778b910c4dbc449001a52ab0aa1e74b0dbae4098da832b454f8ed073ad65d88ad26c973a173270239292ac6d7d1c8abf6756e412c934de58ff189f9fd76c4fe9,gx-no-cache=1651695392906 HTTP/1.1" 200 46
190.171.149.74 - - [04/May/2022:17:29:36 -0300] "POST /cormun/servlet/permisogoce?8f755f455f4af73d5897d45bd6e4dbb9,INS,0,,,,gx-no-cache=1651695394958 HTTP/1.1" 200 93
190.171.149.74 - - [04/May/2022:17:29:36 -0300] "GET /cormun/servlet/hpexe_return? HTTP/1.1" 200 1012
190.171.149.74 - - [04/May/2022:17:29:36 -0300] "GET /cormun/servlet/trpermisosgoce HTTP/1.1" 200 13759
190.171.149.74 - - [04/May/2022:17:29:37 -0300] "GET /cormun/servlet/trpermisosgoce HTTP/1.1" 200 13755
192.168.10.11 - - [04/May/2022:17:30:28 -0300] "GET / HTTP/1.1" 200 11217
192.168.10.11 - - [04/May/2022:17:31:28 -0300] "GET / HTTP/1.1" 200 11217
190.171.141.90 - - [04/May/2022:17:32:20 -0300] "GET /cormun/servlet/licenciaspermisos?DSP,10607785,L,20220503000000, HTTP/1.1" 200 7316
190.171.141.90 - - [04/May/2022:17:32:20 -0300] "GET /cormun/servlet/licenciaspermisos?DSP,10607785,L,20220503000000, HTTP/1.1" 200 7294
192.168.10.11 - - [04/May/2022:17:32:28 -0300] "GET / HTTP/1.1" 200 11217
190.171.141.90 - - [04/May/2022:17:32:38 -0300] "GET /cormun/servlet/trlicencias?gx-no-cache=1651695119157 HTTP/1.1" 200 14496
190.171.141.90 - - [04/May/2022:17:32:38 -0300] "GET /cormun/servlet/trlicencias?gx-no-cache=1651695119157 HTTP/1.1" 200 14493
190.171.141.90 - - [04/May/2022:17:32:42 -0300] "GET /cormun/servlet/licenciaspermisos?DSP,11366298,L,20220428000000, HTTP/1.1" 200 7277
190.171.141.90 - - [04/May/2022:17:32:43 -0300] "GET /cormun/servlet/licenciaspermisos?DSP,11366298,L,20220428000000, HTTP/1.1" 200 7256
190.171.141.90 - - [04/May/2022:17:33:08 -0300] "GET /cormun/servlet/trlicencias?gx-no-cache=1651695119157 HTTP/1.1" 200 14488
190.171.141.90 - - [04/May/2022:17:33:08 -0300] "GET /cormun/servlet/trlicencias?gx-no-cache=1651695119157 HTTP/1.1" 200 14485
192.168.10.11 - - [04/May/2022:17:33:28 -0300] "GET / HTTP/1.1" 200 11217
192.168.10.11 - - [04/May/2022:17:34:28 -0300] "GET / HTTP/1.1" 200 11217
192.168.10.11 - - [04/May/2022:17:35:28 -0300] "GET / HTTP/1.1" 200 11217
190.171.143.82 - - [04/May/2022:17:36:28 -0300] "GET /cormun/servlet/hlogin HTTP/1.1" 200 1723
192.168.10.11 - - [04/May/2022:17:36:28 -0300] "GET / HTTP/1.1" 200 11217
190.171.143.82 - - [04/May/2022:17:36:29 -0300] "GET /cormun/servlet/hlogin HTTP/1.1" 200 1734
207.46.13.3 - - [04/May/2022:17:36:43 -0300] "GET /cormun/servlet/trlicenciaspermisosadjuntos?17793934,20210412000000,L,_escaped_fragment_%3D&_escaped_fragment_= HTTP/1.1" 200 5352
207.46.13.191 - - [04/May/2022:17:37:00 -0300] "GET /cormun/static/gxui/gxui-all.css?110300 HTTP/1.1" 200 2179
207.46.13.3 - - [04/May/2022:17:37:01 -0300] "GET /cormun/servlet/trlicenciaspermisosadjuntos?17793934,20210412000000,L,_escaped_fragment_%3D HTTP/1.1" 200 5340
207.46.13.191 - - [04/May/2022:17:37:03 -0300] "GET /cormun/static/gxui/gxui-all.css?110300 HTTP/1.1" 200 2179
207.46.13.3 - - [04/May/2022:17:37:04 -0300] "GET /cormun/servlet/trlicenciaspermisosadjuntos?17793934,20210412000000,L,_escaped_fragment_%3D HTTP/1.1" 200 5345
190.171.153.26 - - [04/May/2022:17:37:06 -0300] "GET /cormun/servlet/trpermisosgoce? HTTP/1.1" 200 6031
190.171.153.26 - - [04/May/2022:17:37:08 -0300] "GET /cormun/servlet/hlogin HTTP/1.1" 200 1748
190.171.153.26 - - [04/May/2022:17:37:11 -0300] "POST /cormun/servlet/hlogin?b279cd3c1ad3f281846ceb53bb9f4518,gx-no-cache=1651695851725 HTTP/1.1" 200 90
190.171.153.26 - - [04/May/2022:17:37:11 -0300] "GET /cormun/servlet/hpexe_link HTTP/1.1" 200 958
190.171.153.26 - - [04/May/2022:17:37:12 -0300] "GET /cormun/servlet/trpermisosgoce HTTP/1.1" 200 11656
190.171.153.26 - - [04/May/2022:17:37:15 -0300] "GET /cormun/servlet/trpermisosgoce? HTTP/1.1" 200 11655
190.171.153.26 - - [04/May/2022:17:37:19 -0300] "GET /cormun/servlet/trpermisosadjuntos?12778046,20220504135749,P, HTTP/1.1" 200 6287
190.171.153.26 - - [04/May/2022:17:37:19 -0300] "GET /cormun/static/gxcfg.js?2020121641683 HTTP/1.1" 200 953
190.171.153.26 - - [04/May/2022:17:37:22 -0300] "GET /cormun/servlet/permisosadjuntos?INS,12778046,P,20220504135749,, HTTP/1.1" 200 5609
190.171.153.26 - - [04/May/2022:17:37:23 -0300] "GET /cormun/static/gxcfg.js?20201215134212 HTTP/1.1" 200 953
190.171.153.26 - - [04/May/2022:17:37:23 -0300] "GET /cormun/static/permisosadjuntos.js?20201215134285 HTTP/1.1" 200 8724
190.171.153.26 - - [04/May/2022:17:37:23 -0300] "GET /cormun/static/about:blank HTTP/1.1" 404 1011
192.168.10.11 - - [04/May/2022:17:37:28 -0300] "GET / HTTP/1.1" 200 11217
190.171.153.26 - - [04/May/2022:17:37:32 -0300] "POST /cormun/servlet/permisosadjuntos?b279cd3c1ad3f281846ceb53bb9f4518,INS,12778046,P,20220504135749,, HTTP/1.1" 200 116
190.171.153.26 - - [04/May/2022:17:37:32 -0300] "GET /cormun/servlet/hpexe_return? HTTP/1.1" 200 1042
190.171.153.26 - - [04/May/2022:17:37:32 -0300] "GET /cormun/servlet/trpermisosadjuntos?12778046,20220504135749,P, HTTP/1.1" 200 6758
190.171.153.26 - - [04/May/2022:17:37:34 -0300] "GET /cormun/PublicTempStorage/carla_ibarra_27024813.pdf HTTP/1.1" 200 138924
190.171.153.26 - - [04/May/2022:17:37:34 -0300] "GET /cormun/PublicTempStorage/carla_ibarra_27024813.pdf HTTP/1.1" 206 7852
190.171.153.26 - - [04/May/2022:17:37:34 -0300] "GET /cormun/PublicTempStorage/carla_ibarra_27024813.pdf HTTP/1.1" 206 65536
190.171.153.26 - - [04/May/2022:17:37:35 -0300] "GET /cormun/servlet/trpermisosgoce? HTTP/1.1" 200 11656
190.171.153.26 - - [04/May/2022:17:37:41 -0300] "POST /cormun/servlet/trpermisosgoce?b279cd3c1ad3f281846ceb53bb9f4518,,gx-no-cache=1651695881433 HTTP/1.1" 200 8763
190.171.153.26 - - [04/May/2022:17:37:41 -0300] "GET /cormun/static/Shared/jqueryui/images/ui-bg_highlight-soft_100_c6c2c8_1x100.png HTTP/1.1" 404 1117
190.171.153.26 - - [04/May/2022:17:37:41 -0300] "GET /cormun/static/Shared/jqueryui/images/ui-icons_82798d_256x240.png HTTP/1.1" 404 1089
190.171.153.26 - - [04/May/2022:17:37:41 -0300] "GET /cormun/static/Shared/jqueryui/images/ui-bg_flat_55_fafafa_40x100.png HTTP/1.1" 404 1097
190.171.153.26 - - [04/May/2022:17:37:41 -0300] "GET /cormun/static/Shared/jqueryui/images/ui-icons_8d78a5_256x240.png HTTP/1.1" 404 1089
190.171.141.90 - - [04/May/2022:17:38:17 -0300] "GET /cormun/servlet/licenciaspermisos?UPD,14374979,L,20220504000000, HTTP/1.1" 200 7976
190.171.141.90 - - [04/May/2022:17:38:17 -0300] "GET /cormun/servlet/licenciaspermisos?UPD,14374979,L,20220504000000, HTTP/1.1" 200 7973
190.171.141.90 - - [04/May/2022:17:38:18 -0300] "GET /cormun/servlet/licenciaspermisos?74cd7db80d7945e81df3ead02a95d0ba98d1aaa246849ce68a566aabbfb34f65bb88a437131be80dd1c069a0c79074d8c92c049bcb9ef908aaa7e779d2f76e045a74ca08af639ae5a03337acca443918e5255ffb2b0aac0493681227b3ec2583,gx-no-cache=1651695913501 HTTP/1.1" 200 95
190.171.141.90 - - [04/May/2022:17:38:21 -0300] "GET /cormun/servlet/licenciaspermisos?74cd7db80d7945e81df3ead02a95d0babe1bb90c56332f2ad90f733f3d407dea7454d3246cff74c808cc391dacd6e0b9eac2b43d67d43d85f54e77ca5c790ddb2da9a0e97aa18740feb2d37379a5af16b9ffc8e436ffad0c921b3b5ad6bfc1e765e4728e652f40c6608f681d23bf4f244b4d53daac0a6523c7c3b8a1bf4b5fce22ef1efbf4a240337a65afc45ca386513d2ec7bd53f3874f1ef492a8e741c56446150a19b0dcc051a5f7571e08489737cbc730c0375573662dc69a25bf430a8f7a9847a1283eadf30b25ef45504fc200212de09df49d68a685d329b2990663a2,gx-no-cache=1651695917060 HTTP/1.1" 200 30
190.171.141.90 - - [04/May/2022:17:38:21 -0300] "GET /cormun/servlet/licenciaspermisos?74cd7db80d7945e81df3ead02a95d0baf99b7f1f4a74b69bfd5dfd68832041473616d52e286a2857ee97229928e774aaebb82840fa2e66c2294cb757f8be73e4cd8051e5266c453e4029e37d4f5f507aa96b9e3210c4bc9d0aea0edf65f117758d5bc021620c3407fe16b41e40f389ee64d5dd75050df905384579891b6a884b0959eeaf556be5446b7a24012b9fa39d76484a1ae4963950f8dc0382c7492565321a0eb098096f7db6180e72aab31824a48e355331c6c539d70dfb3f9cb88e61559e7f1eeb6fc0b0d2c741a0e610df0e82d564c11516ef66a20893c34fd33923,gx-no-cache=1651695917088 HTTP/1.1" 200 29
190.171.141.90 - - [04/May/2022:17:38:22 -0300] "POST /cormun/servlet/licenciaspermisos?d2f5df0eee30eb5654dc03b2ee06d7e4,UPD,14374979,L,20220504000000,,gx-no-cache=1651695917113 HTTP/1.1" 200 93
190.171.141.90 - - [04/May/2022:17:38:22 -0300] "GET /cormun/servlet/hpexe_return? HTTP/1.1" 200 1054
190.171.141.90 - - [04/May/2022:17:38:22 -0300] "GET /cormun/servlet/trlicencias?gx-no-cache=1651695119157 HTTP/1.1" 200 14480
190.171.141.90 - - [04/May/2022:17:38:22 -0300] "GET /cormun/servlet/trlicencias?gx-no-cache=1651695119157 HTTP/1.1" 200 14492
192.168.10.11 - - [04/May/2022:17:38:28 -0300] "GET / HTTP/1.1" 200 11217
190.171.141.90 - - [04/May/2022:17:38:42 -0300] "GET /cormun/servlet/trpermisosgoce? HTTP/1.1" 200 12805
190.171.141.90 - - [04/May/2022:17:38:43 -0300] "GET /cormun/servlet/trpermisosgoce? HTTP/1.1" 200 12784
192.168.10.11 - - [04/May/2022:17:39:28 -0300] "GET / HTTP/1.1" 200 11217
192.168.10.11 - - [04/May/2022:17:40:28 -0300] "GET / HTTP/1.1" 200 11217
190.171.144.234 - - [04/May/2022:17:41:04 -0300] "GET /cormun/servlet/hlogin HTTP/1.1" 200 1766
192.168.10.11 - - [04/May/2022:17:41:28 -0300] "GET / HTTP/1.1" 200 11217
192.168.10.11 - - [04/May/2022:17:42:28 -0300] "GET / HTTP/1.1" 200 11217
192.168.10.11 - - [04/May/2022:17:43:28 -0300] "GET / HTTP/1.1" 200 11217
192.168.10.11 - - [04/May/2022:17:44:28 -0300] "GET / HTTP/1.1" 200 11217
190.171.143.82 - - [04/May/2022:17:45:13 -0300] "GET /cormun/servlet/hlogin HTTP/1.1" 200 1723
192.168.10.11 - - [04/May/2022:17:45:28 -0300] "GET / HTTP/1.1" 200 11217
190.171.152.114 - - [04/May/2022:17:46:14 -0300] "GET /cormun/servlet/trlicencias? HTTP/1.1" 200 7830
190.171.152.114 - - [04/May/2022:17:46:15 -0300] "GET /cormun/servlet/hlogin HTTP/1.1" 200 1744
