200.83.224.3 - - [04/May/2022:12:25:19 -0300] "GET /cormun/servlet/solicitudot?ececa04de6faf996a10a99881d2eb64a87533d6c5b32e7e237d04d9f8233e664dbfb458cd520e6611b8b4006e6decdf414499f57cdc1d46de3e7d10050e1eee7a9533ef716c1cd26823ca3f15596f2bdb108e1ad571de69a1a7b9b7259f51d5d21b4fb31b330509a1fd84d88dd27be5685b44ee87cf4a529840081cd1ec715db3a175842d477052463065b646b4a2aff7b929787254bc98bc5a91e5d330b6c73e3c8136de523bdd01504cd4e0ee6a50d9f9a70c4c19e253f407e71436a34d75daa8f74cad4765a20ceb32fdab65ba1d80de31710806df019c0476b64fc737a6049aeeb9162dd700f6eb308fe49176614665fb99423b015b50a3c3ac0e9d37f63d5f6906dbb560b43900dea9bbcdd6d47e96046e7b8850fe1a4759d45b3cbb36bb5cd0622c7a5c8eac7c557b613c87c3d34258a4ce88bbd743a448def1a9043b8c10ba492d441e5e773f31349b104aa2e48b31a80fb16aa5e11d16ebb8c2c0f4c8bb04a79918ba6de75a9622322d9561a42bf98f99078370dfe335c217dc2f707,gx-no-cache=1651677137476 HTTP/1.1" 200 30
200.83.224.3 - - [04/May/2022:12:25:19 -0300] "POST /cormun/servlet/solicitudot?gx-no-cache=1651677137552 HTTP/1.1" 200 30
200.83.224.3 - - [04/May/2022:12:25:19 -0300] "POST /cormun/servlet/solicitudot?gx-no-cache=1651677137918 HTTP/1.1" 200 1455
200.83.224.3 - - [04/May/2022:12:25:19 -0300] "POST /cormun/servlet/solicitudot?gx-no-cache=1651677137979 HTTP/1.1" 200 38
190.171.141.90 - - [04/May/2022:12:25:19 -0300] "GET /cormun/servlet/solicitudot?85cc6fad538855c57e0dd31ea952d5c0e098154cbe4864cbe56661a62f2059dcd8a252c4f6edd62492ddccd7f2faae092104b242ac85aba682e552f846a92f0d,gx-no-cache=1651677136864 HTTP/1.1" 200 30
200.83.224.3 - - [04/May/2022:12:25:19 -0300] "GET /cormun/servlet/solicitudot?ececa04de6faf996a10a99881d2eb64a2fc5bd3a131113caedcafb69bb40fdbf15b11f49eb467c4173f818443efbe7716cfebb2ef363b5597efdf4f65c26b1b8e568cf20f059aea6ea46c9a675bad697fd68389b4fce0551d4372e9087145445ace47349bcc5b07998aa3dd54a38b370,gx-no-cache=1651677138033 HTTP/1.1" 200 110
200.83.224.3 - - [04/May/2022:12:25:19 -0300] "POST /cormun/servlet/solicitudot?gx-no-cache=1651677138108 HTTP/1.1" 200 83
190.171.143.82 - - [04/May/2022:12:25:20 -0300] "GET /cormun/servlet/licenciaspermisos?DSP,19590652,L,20220427000000, HTTP/1.1" 200 7493
190.171.143.82 - - [04/May/2022:12:25:22 -0300] "GET /cormun/servlet/licenciaspermisos?DSP,19590652,L,20220427000000, HTTP/1.1" 200 7514
190.171.143.82 - - [04/May/2022:12:25:27 -0300] "GET /cormun/servlet/trlicencias? HTTP/1.1" 200 8445
192.168.10.11 - - [04/May/2022:12:25:28 -0300] "GET / HTTP/1.1" 200 11217
191.126.187.25 - - [04/May/2022:12:25:28 -0300] "GET /cormun/servlet/trsolicitudot? HTTP/1.1" 200 8485
190.171.143.82 - - [04/May/2022:12:25:29 -0300] "GET /cormun/servlet/trlicencias? HTTP/1.1" 200 8444
191.126.187.25 - - [04/May/2022:12:25:29 -0300] "GET /cormun/servlet/trsolicitudot? HTTP/1.1" 200 8478
192.168.10.17 - - [04/May/2022:12:25:32 -0300] "GET /cormun/servlet/vesolicitudgral?2022,18538,,SolicitudOTAdjuntos HTTP/1.1" 200 10775
191.126.187.25 - - [04/May/2022:12:25:32 -0300] "POST /cormun/servlet/trsolicitudot?59e6ddb9f5958ce6f6e17e19b9a355b9,,gx-no-cache=1651677149606 HTTP/1.1" 200 4584
191.126.187.25 - - [04/May/2022:12:25:33 -0300] "GET /cormun/static/Shared/jqueryui/images/ui-bg_highlight-soft_100_c6c2c8_1x100.png HTTP/1.1" 404 1117
191.126.187.25 - - [04/May/2022:12:25:33 -0300] "GET /cormun/static/Shared/jqueryui/images/ui-icons_82798d_256x240.png HTTP/1.1" 404 1089
191.126.187.25 - - [04/May/2022:12:25:33 -0300] "GET /cormun/static/Shared/jqueryui/images/ui-bg_flat_55_fafafa_40x100.png HTTP/1.1" 404 1097
191.126.187.25 - - [04/May/2022:12:25:33 -0300] "GET /cormun/static/Shared/jqueryui/images/ui-icons_8d78a5_256x240.png HTTP/1.1" 404 1089
191.126.187.25 - - [04/May/2022:12:25:33 -0300] "POST /cormun/servlet/trsolicitudot?59e6ddb9f5958ce6f6e17e19b9a355b9,,gx-no-cache=1651677150252 HTTP/1.1" 200 4346
192.168.10.17 - - [04/May/2022:12:25:33 -0300] "GET /cormun/servlet/vesolicitudgral?2022,18538,,SolicitudOTAdjuntos HTTP/1.1" 200 10778
192.168.10.17 - - [04/May/2022:12:25:34 -0300] "POST /cormun/servlet/acontrolpreferencessavestate?None,RRHH+DANIELA,true HTTP/1.1" 200 35
192.168.10.17 - - [04/May/2022:12:25:35 -0300] "GET /cormun/PublicTempStorage/22tcamilacertafp2083280.pdf HTTP/1.1" 200 314576
191.126.187.25 - - [04/May/2022:12:25:40 -0300] "GET /cormun/servlet/trautorizarsolicitud? HTTP/1.1" 200 8751
191.126.187.25 - - [04/May/2022:12:25:40 -0300] "GET /cormun//static/Resources/PXToolsActionView.png HTTP/1.1" 200 398
191.126.187.25 - - [04/May/2022:12:25:40 -0300] "GET /cormun//static/Resources/PXToolsGridUpdate.png HTTP/1.1" 200 470
191.126.187.25 - - [04/May/2022:12:25:40 -0300] "GET /cormun//static/Resources/PXToolsGridDelete.png HTTP/1.1" 200 538
191.126.187.25 - - [04/May/2022:12:25:40 -0300] "GET /cormun//static/Resources/PXToolsRemoveAllAction.png HTTP/1.1" 200 487
191.126.187.25 - - [04/May/2022:12:25:40 -0300] "GET /cormun//static/Resources/PXTools/ActionInsert.png HTTP/1.1" 200 1482
191.126.187.25 - - [04/May/2022:12:25:40 -0300] "GET /cormun/servlet/trautorizarsolicitud? HTTP/1.1" 200 8751
190.171.141.90 - - [04/May/2022:12:25:44 -0300] "GET /cormun/servlet/solicitudot?85cc6fad538855c57e0dd31ea952d5c071a5ebe18a49c2aed09b7991b37c15f2,gx-no-cache=1651677161571 HTTP/1.1" 200 53
191.126.187.25 - - [04/May/2022:12:25:44 -0300] "POST /cormun/servlet/trautorizarsolicitud?61404b56c85512ac312b43712408937e,,gx-no-cache=1651677161349 HTTP/1.1" 200 4771
191.126.187.25 - - [04/May/2022:12:25:44 -0300] "GET /cormun/static/Shared/jqueryui/images/ui-icons_82798d_256x240.png HTTP/1.1" 404 1089
191.126.187.25 - - [04/May/2022:12:25:44 -0300] "GET /cormun/static/Shared/jqueryui/images/ui-bg_highlight-soft_100_c6c2c8_1x100.png HTTP/1.1" 404 1117
191.126.187.25 - - [04/May/2022:12:25:44 -0300] "GET /cormun/static/Shared/jqueryui/images/ui-bg_flat_55_fafafa_40x100.png HTTP/1.1" 404 1097
191.126.187.25 - - [04/May/2022:12:25:44 -0300] "GET /cormun/static/Shared/jqueryui/images/ui-icons_8d78a5_256x240.png HTTP/1.1" 404 1089
191.126.187.25 - - [04/May/2022:12:25:44 -0300] "POST /cormun/servlet/trautorizarsolicitud?61404b56c85512ac312b43712408937e,,gx-no-cache=1651677161755 HTTP/1.1" 200 4533
192.168.10.17 - - [04/May/2022:12:25:55 -0300] "GET /cormun/servlet/vesolicitudgral?2022,18538,,SolicitudOTAdjuntos HTTP/1.1" 200 10774
192.168.10.17 - - [04/May/2022:12:25:56 -0300] "GET /cormun/servlet/vesolicitudgral?2022,18538,,SolicitudOTAdjuntos HTTP/1.1" 200 10774
192.168.10.17 - - [04/May/2022:12:25:56 -0300] "POST /cormun/servlet/acontrolpreferencessavestate?None,RRHH+DANIELA,true HTTP/1.1" 200 35
190.171.141.90 - - [04/May/2022:12:25:57 -0300] "GET /cormun/servlet/solicitudot?85cc6fad538855c57e0dd31ea952d5c00068aee69c3c1c5ef5411c4f8aa0c122f3a63fb679a6f64be97d6a27e17be6f2405e14bc85d50ac5706edff6c6564cd1f6fab14eaca469e9bfea14636110f8d680d897c07b09b77411deab92801e7e41e916b8ba6266c904827a74482f00573fae588abb22aa29f9e4d8a898471c012e704485c7f8672110fbd689d86e534ea4e922643fd12f043877fe44ad367f305233dd11c444a12b4fb880b216fa38ad36be5dd8a67d30d540b95e30316dfa18ade22d0b8e8c9261e80a24b58826684e4d9dcb3ef55b8202cff2ccc2b01b5491d9abd881b9fd05151ab6c2899953c781a1df74bf0581d5a7f3170eb04b4365c43f1dda11126aef91a97a69ddc3e9e3769345828acb1f7f34e04fe9645017c17659b18ba9fcecaed4efd4feda41e854776b461d1f38b41ed4483e186606ff1ff14b1a4cde11b94842bba236abdf4bdb81f9,gx-no-cache=1651677174950 HTTP/1.1" 200 255
192.168.10.17 - - [04/May/2022:12:25:59 -0300] "GET /cormun/PublicTempStorage/22tcamilacertafp8471597.pdf HTTP/1.1" 200 314576
190.171.141.90 - - [04/May/2022:12:25:59 -0300] "GET /cormun/servlet/solicitudot?85cc6fad538855c57e0dd31ea952d5c0190f37d88f1a11defbb81e4c5983caa4f9ad76d41c6dfc05c7090a7a92ebd8f5269445384e17a979c007c2101f9dde7b711a7290d9055083f29fc686d3afe91b93c941080b702c52d85820bdea08bcd7f9c3fbedbf83c67e6273c8451fbe3c26b05e355fab1e9d23e2d07f7bdeb23a27c3e23132c39b76f881955efecb5d97f4633e809ac647dcef6007312400e18e1635bc92ccb7227b9bcc47c722af07cc1f887d5e37fa67e3b2e0c975f2b2088a70cb298da6fdb39b68ddb97697b80e457b4e78d2978c4f7fee3d7018f8191cb3f634221643748cf47f3e1ba9caa9a6e926dcc9a613212c88d68187028efac2e1e5b76304ffb95ca24da5d8a4af27eddd7e6818e46a1ea450c9301eb5953bd5342447236f9c25e6a76cc8b797b288e1383d3441ec4b041d8bac76a9c68373db3ef1f610112aab77a7e9d86019e5686e0d8b23f609698cc4605d8ff9299b779def2e144730f0341d91c61bb6d410bc5d53018d7701276cc902e5cb8919c2211dfdc0,gx-no-cache=1651677176805 HTTP/1.1" 200 30
190.171.141.90 - - [04/May/2022:12:26:02 -0300] "POST /cormun/servlet/solicitudot?gx-no-cache=1651677179292 HTTP/1.1" 200 30
190.171.141.90 - - [04/May/2022:12:26:02 -0300] "POST /cormun/servlet/solicitudot?gx-no-cache=1651677180110 HTTP/1.1" 200 1448
190.171.141.90 - - [04/May/2022:12:26:03 -0300] "POST /cormun/servlet/solicitudot?gx-no-cache=1651677180171 HTTP/1.1" 200 38
192.168.10.17 - - [04/May/2022:12:26:03 -0300] "GET /cormun/servlet/vesolicitudgral?2022,18538,,SolicitudOTAdjuntos HTTP/1.1" 200 10772
192.168.10.17 - - [04/May/2022:12:26:03 -0300] "GET /cormun/servlet/vesolicitudgral?2022,18538,,SolicitudOTAdjuntos HTTP/1.1" 200 10776
192.168.10.17 - - [04/May/2022:12:26:04 -0300] "POST /cormun/servlet/acontrolpreferencessavestate?None,RRHH+DANIELA,true HTTP/1.1" 200 35
192.168.10.17 - - [04/May/2022:12:26:06 -0300] "GET /cormun/PublicTempStorage/22tcamilacertt9569687.pdf HTTP/1.1" 200 512523
200.83.224.3 - - [04/May/2022:12:26:08 -0300] "POST /cormun/servlet/solicitudot?gx-no-cache=1651677187243 HTTP/1.1" 200 72
192.168.10.17 - - [04/May/2022:12:26:11 -0300] "GET /cormun/servlet/vesolicitudgral?2022,18538,,SolicitudOTAdjuntos HTTP/1.1" 200 10775
192.168.10.17 - - [04/May/2022:12:26:12 -0300] "GET /cormun/servlet/vesolicitudgral?2022,18538,,SolicitudOTAdjuntos HTTP/1.1" 200 10779
192.168.10.17 - - [04/May/2022:12:26:12 -0300] "POST /cormun/servlet/acontrolpreferencessavestate?None,RRHH+DANIELA,true HTTP/1.1" 200 35
200.83.224.3 - - [04/May/2022:12:26:13 -0300] "POST /cormun/servlet/solicitudot?gx-no-cache=1651677192050 HTTP/1.1" 200 30
192.168.10.17 - - [04/May/2022:12:26:15 -0300] "GET /cormun/PublicTempStorage/22tcamilacertant8023624.pdf HTTP/1.1" 200 543104
192.168.10.17 - - [04/May/2022:12:26:18 -0300] "GET /cormun/servlet/vesolicitudgral?2022,18538,,SolicitudOTAdjuntos HTTP/1.1" 200 10775
192.168.10.17 - - [04/May/2022:12:26:19 -0300] "GET /cormun/servlet/vesolicitudgral?2022,18538,,SolicitudOTAdjuntos HTTP/1.1" 200 10776
192.168.10.17 - - [04/May/2022:12:26:19 -0300] "POST /cormun/servlet/acontrolpreferencessavestate?None,RRHH+DANIELA,true HTTP/1.1" 200 35
192.168.10.17 - - [04/May/2022:12:26:20 -0300] "GET /cormun/PublicTempStorage/22tcamilacertafp1397129.pdf HTTP/1.1" 200 314576
192.168.10.11 - - [04/May/2022:12:26:28 -0300] "GET / HTTP/1.1" 200 11217
190.171.141.138 - - [04/May/2022:12:26:40 -0300] "GET /cormun/servlet/hlogin HTTP/1.1" 200 1730
190.171.141.138 - - [04/May/2022:12:26:40 -0300] "GET /cormun/servlet/hlogin HTTP/1.1" 200 1740
190.171.141.138 - - [04/May/2022:12:26:42 -0300] "POST /cormun/servlet/hlogin?0763863294178d4a8c20881f501c368e,gx-no-cache=1651677221725 HTTP/1.1" 200 90
190.171.141.138 - - [04/May/2022:12:26:42 -0300] "GET /cormun/servlet/hpexe_link HTTP/1.1" 200 956
190.171.141.138 - - [04/May/2022:12:26:42 -0300] "GET /cormun/servlet/hhome HTTP/1.1" 200 4480
190.171.141.138 - - [04/May/2022:12:26:43 -0300] "GET /cormun/servlet/hhome HTTP/1.1" 200 4476
200.83.224.3 - - [04/May/2022:12:27:07 -0300] "POST /cormun/servlet/solicitudot?d015a20ebbb7e7d0ac1cc8c9711c908f,INS,0,0,false,,gx-no-cache=1651677245392 HTTP/1.1" 200 93
200.83.224.3 - - [04/May/2022:12:27:07 -0300] "GET /cormun/servlet/hpexe_return? HTTP/1.1" 200 1009
200.83.224.3 - - [04/May/2022:12:27:07 -0300] "GET /cormun/static/gxcfg.js?201991422392976 HTTP/1.1" 200 953
200.83.224.3 - - [04/May/2022:12:27:07 -0300] "GET /cormun/static/hpexe_return.js?201991422392984 HTTP/1.1" 200 1633
200.83.224.3 - - [04/May/2022:12:27:08 -0300] "GET /cormun/servlet/trsolicitudot HTTP/1.1" 200 8939
192.168.10.17 - - [04/May/2022:12:27:08 -0300] "GET /cormun/servlet/vesolicitudgral?2022,18538,,SolicitudOTAdjuntos HTTP/1.1" 200 10777
200.83.224.3 - - [04/May/2022:12:27:08 -0300] "GET /cormun/servlet/trsolicitudot HTTP/1.1" 200 8935
192.168.10.17 - - [04/May/2022:12:27:08 -0300] "GET /cormun/servlet/vesolicitudgral?2022,18538,,SolicitudOTAdjuntos HTTP/1.1" 200 10775
192.168.10.17 - - [04/May/2022:12:27:09 -0300] "POST /cormun/servlet/acontrolpreferencessavestate?None,RRHH+DANIELA,true HTTP/1.1" 200 35
190.171.141.90 - - [04/May/2022:12:27:12 -0300] "GET /cormun/servlet/solicitudot?85cc6fad538855c57e0dd31ea952d5c0783231ac3c82b9b524e84d90d300771c6d37c386202ec7a89ea45cf5d2a60a190c03e41f53722ecf0511f1878cfa0bb697b064fcf94386fc747c25bceeac1fac49aee9cd4940f25c74a5ad6fcfb488106cb6884c11a3a28be3e35126d288132e,gx-no-cache=1651677250053 HTTP/1.1" 200 110
192.168.10.17 - - [04/May/2022:12:27:19 -0300] "GET /cormun/servlet/vesolicitudgral?2022,18538,,General HTTP/1.1" 200 8341
192.168.10.17 - - [04/May/2022:12:27:19 -0300] "GET /cormun/pexe_scrolldiv.js HTTP/1.1" 404 1009
192.168.10.17 - - [04/May/2022:12:27:19 -0300] "GET /cormun/servlet/vesolicitudgral?2022,18538,,General HTTP/1.1" 200 8341
200.83.224.3 - - [04/May/2022:12:27:20 -0300] "POST /cormun/servlet/trsolicitudot?d015a20ebbb7e7d0ac1cc8c9711c908f,gx-no-cache=1651677258169 HTTP/1.1" 200 6252
200.83.224.3 - - [04/May/2022:12:27:20 -0300] "GET /cormun/static/Shared/jqueryui/images/ui-bg_highlight-soft_100_c6c2c8_1x100.png HTTP/1.1" 404 1117
200.83.224.3 - - [04/May/2022:12:27:20 -0300] "GET /cormun/static/Shared/jqueryui/images/ui-icons_82798d_256x240.png HTTP/1.1" 404 1089
200.83.224.3 - - [04/May/2022:12:27:20 -0300] "GET /cormun/static/Shared/jqueryui/images/ui-bg_flat_55_fafafa_40x100.png HTTP/1.1" 404 1097
200.83.224.3 - - [04/May/2022:12:27:20 -0300] "GET /cormun/static/Shared/jqueryui/images/ui-icons_8d78a5_256x240.png HTTP/1.1" 404 1089
190.171.141.106 - - [04/May/2022:12:27:23 -0300] "GET /cormun/servlet/trautorizarsolicitud? HTTP/1.1" 200 6204
190.171.141.106 - - [04/May/2022:12:27:24 -0300] "GET /cormun/servlet/hlogin HTTP/1.1" 200 1745
190.171.141.106 - - [04/May/2022:12:27:24 -0300] "GET /cormun/servlet/trautorizarsolicitud? HTTP/1.1" 200 6215
190.171.141.106 - - [04/May/2022:12:27:24 -0300] "GET /cormun/servlet/trautorizarsolicitud? HTTP/1.1" 200 6215
192.168.10.11 - - [04/May/2022:12:27:28 -0300] "GET / HTTP/1.1" 200 11217
190.171.141.90 - - [04/May/2022:12:27:31 -0300] "POST /cormun/servlet/solicitudot?gx-no-cache=1651677268215 HTTP/1.1" 200 97
200.83.224.3 - - [04/May/2022:12:27:33 -0300] "POST /cormun/servlet/trsolicitudot?d015a20ebbb7e7d0ac1cc8c9711c908f,gx-no-cache=1651677271464 HTTP/1.1" 200 107
200.83.224.3 - - [04/May/2022:12:27:33 -0300] "GET /cormun/servlet/trsolicitudadjuntos?2022,18609, HTTP/1.1" 200 6414
200.83.224.3 - - [04/May/2022:12:27:33 -0300] "GET /cormun/static/gxcfg.js?20201215574222 HTTP/1.1" 200 953
200.83.224.3 - - [04/May/2022:12:27:33 -0300] "GET /cormun/static/Resources/PXToolsGridNew.png HTTP/1.1" 200 427
200.83.224.3 - - [04/May/2022:12:27:33 -0300] "GET /cormun/static/trsolicitudadjuntos.js?20201215574932 HTTP/1.1" 200 17922
200.83.224.3 - - [04/May/2022:12:27:33 -0300] "GET /cormun/servlet/trsolicitudadjuntos?2022,18609, HTTP/1.1" 200 6414
190.171.141.106 - - [04/May/2022:12:27:36 -0300] "POST /cormun/servlet/hlogin?ed0a28ce615f53c0c9a9439606e66090,gx-no-cache=1651677273140 HTTP/1.1" 200 90
190.171.141.106 - - [04/May/2022:12:27:36 -0300] "GET /cormun/servlet/hpexe_link HTTP/1.1" 200 963
190.171.141.106 - - [04/May/2022:12:27:36 -0300] "GET /cormun/servlet/trautorizarsolicitud HTTP/1.1" 200 7190
190.171.141.106 - - [04/May/2022:12:27:36 -0300] "GET /cormun/servlet/trautorizarsolicitud HTTP/1.1" 200 7189
200.83.224.3 - - [04/May/2022:12:27:38 -0300] "GET /cormun/servlet/trsolicitudot HTTP/1.1" 200 8939
200.83.224.3 - - [04/May/2022:12:27:38 -0300] "GET /cormun/servlet/trsolicitudot HTTP/1.1" 200 8935
190.171.141.90 - - [04/May/2022:12:27:44 -0300] "GET /cormun/servlet/solicitudot?85cc6fad538855c57e0dd31ea952d5c0bf9e9979d6c5dbf62bb38254de437691df74bf0581d5a7f3170eb04b4365c43f1dda11126aef91a97a69ddc3e9e37693e06ecc8579a763efa09822335494c693,gx-no-cache=1651677282127 HTTP/1.1" 200 29
190.171.141.90 - - [04/May/2022:12:27:47 -0300] "GET /cormun/static/menuarrow.gif HTTP/1.1" 404 1015
190.171.141.90 - - [04/May/2022:12:27:49 -0300] "GET /cormun/servlet/solicitudot?85cc6fad538855c57e0dd31ea952d5c05737decd153d55dc3dc7d0b17443d64dc471d552816c938f806547b5f1174822,gx-no-cache=1651677287129 HTTP/1.1" 200 30
190.171.141.138 - - [04/May/2022:12:27:53 -0300] "GET /cormun/servlet/trlicencias? HTTP/1.1" 200 10687
190.171.141.138 - - [04/May/2022:12:27:53 -0300] "GET /cormun/servlet/trlicencias? HTTP/1.1" 200 10685
190.171.141.90 - - [04/May/2022:12:27:54 -0300] "POST /cormun/servlet/solicitudot?gx-no-cache=1651677292064 HTTP/1.1" 200 30
200.83.224.3 - - [04/May/2022:12:27:57 -0300] "POST /cormun/servlet/trsolicitudot?d015a20ebbb7e7d0ac1cc8c9711c908f,gx-no-cache=1651677296250 HTTP/1.1" 200 107
200.83.224.3 - - [04/May/2022:12:27:58 -0300] "GET /cormun/servlet/trsolicitudadjuntos?2022,18609, HTTP/1.1" 200 6414
200.83.224.3 - - [04/May/2022:12:27:58 -0300] "GET /cormun/servlet/trsolicitudadjuntos?2022,18609, HTTP/1.1" 200 6414
190.171.141.138 - - [04/May/2022:12:27:59 -0300] "GET /cormun/servlet/trautorizarpermisogoce? HTTP/1.1" 200 7317
190.171.141.138 - - [04/May/2022:12:28:00 -0300] "GET /cormun/servlet/trautorizarpermisogoce? HTTP/1.1" 200 7318
190.171.141.138 - - [04/May/2022:12:28:02 -0300] "POST /cormun/servlet/trautorizarpermisogoce?0763863294178d4a8c20881f501c368e,,gx-no-cache=1651677301909 HTTP/1.1" 200 4419
200.83.224.3 - - [04/May/2022:12:28:07 -0300] "GET /cormun/servlet/solicitudotadjuntos?INS,2022,18609,,1, HTTP/1.1" 200 6362
200.83.224.3 - - [04/May/2022:12:28:07 -0300] "GET /cormun/static/gxcfg.js?202012157947 HTTP/1.1" 200 953
200.83.224.3 - - [04/May/2022:12:28:07 -0300] "GET /cormun/static/solicitudotadjuntos.js?202012157966 HTTP/1.1" 200 11771
200.83.224.3 - - [04/May/2022:12:28:07 -0300] "GET /cormun/static/about:blank HTTP/1.1" 404 1011
200.83.224.3 - - [04/May/2022:12:28:07 -0300] "GET /cormun/servlet/solicitudotadjuntos?INS,2022,18609,,1, HTTP/1.1" 200 6355
200.83.224.3 - - [04/May/2022:12:28:08 -0300] "GET /cormun/servlet/solicitudotadjuntos?ececa04de6faf996a10a99881d2eb64af921c68c51eb20b42a6d7b041186a700de412be5b47d822f4ae1d9909632e008,gx-no-cache=1651677306544 HTTP/1.1" 200 30
200.83.224.3 - - [04/May/2022:12:28:08 -0300] "POST /cormun/servlet/solicitudotadjuntos?d015a20ebbb7e7d0ac1cc8c9711c908f,INS,2022,18609,,1,,gx-no-cache=1651677306585 HTTP/1.1" 200 4148
200.83.224.3 - - [04/May/2022:12:28:14 -0300] "POST /cormun/servlet/solicitudotadjuntos?gx-no-cache=1651677312676 HTTP/1.1" 200 26
192.168.10.11 - - [04/May/2022:12:28:28 -0300] "GET / HTTP/1.1" 200 11217
200.83.224.3 - - [04/May/2022:12:28:42 -0300] "GET /cormun/servlet/solicitudotadjuntos?ececa04de6faf996a10a99881d2eb64a0d80c6a9a6b2f9458bbcf16bc747d430,gx-no-cache=1651677341086 HTTP/1.1" 200 30
200.83.224.3 - - [04/May/2022:12:28:42 -0300] "GET /cormun/servlet/solicitudotadjuntos?ececa04de6faf996a10a99881d2eb64a0d80c6a9a6b2f9458bbcf16bc747d430,gx-no-cache=1651677341132 HTTP/1.1" 200 30
200.83.224.3 - - [04/May/2022:12:28:43 -0300] "POST /cormun/servlet/solicitudotadjuntos?d015a20ebbb7e7d0ac1cc8c9711c908f,INS,2022,18609,,1, HTTP/1.1" 200 116
200.83.224.3 - - [04/May/2022:12:28:43 -0300] "GET /cormun/servlet/hpexe_return? HTTP/1.1" 200 1027
200.83.224.3 - - [04/May/2022:12:28:43 -0300] "GET /cormun/servlet/trsolicitudadjuntos?2022,18609, HTTP/1.1" 200 9194
200.83.224.3 - - [04/May/2022:12:28:44 -0300] "GET /cormun/servlet/trsolicitudadjuntos?2022,18609, HTTP/1.1" 200 9191
192.168.10.11 - - [04/May/2022:12:29:28 -0300] "GET / HTTP/1.1" 200 11217
190.171.141.106 - - [04/May/2022:12:29:35 -0300] "GET /cormun/servlet/solicitudot?4c8574643f3e98bf6542a6442faf3c75e1e66341ad4abd507531a737722ce5c51f2c968b2fbfc7864eedc1afaa51405c,gx-no-cache=1651673884343 HTTP/1.1" 200 30
190.171.141.106 - - [04/May/2022:12:29:35 -0300] "POST /cormun/servlet/solicitudot?gx-no-cache=1651673884444 HTTP/1.1" 200 135
190.171.141.106 - - [04/May/2022:12:29:35 -0300] "GET /cormun/static/Shared/jqueryui/images/ui-icons_82798d_256x240.png HTTP/1.1" 404 1089
190.171.141.106 - - [04/May/2022:12:29:35 -0300] "GET /cormun/static/Shared/jqueryui/images/ui-bg_flat_55_994d53_40x100.png HTTP/1.1" 404 1097
190.171.141.106 - - [04/May/2022:12:29:35 -0300] "GET /cormun/static/Shared/jqueryui/images/ui-icons_ebccce_256x240.png HTTP/1.1" 404 1089
190.171.141.106 - - [04/May/2022:12:29:35 -0300] "GET /cormun/static/Shared/jqueryui/images/ui-bg_highlight-soft_100_c6c2c8_1x100.png HTTP/1.1" 404 1117
200.83.224.3 - - [04/May/2022:12:29:44 -0300] "GET /cormun/servlet/solicitudotadjuntos?DLT,2022,18609,CARNET,0, HTTP/1.1" 200 6337
200.83.224.3 - - [04/May/2022:12:29:45 -0300] "GET /cormun/static/Shared/jqueryui/images/ui-bg_highlight-soft_100_c6c2c8_1x100.png HTTP/1.1" 404 1117
200.83.224.3 - - [04/May/2022:12:29:45 -0300] "GET /cormun/static/Shared/jqueryui/images/ui-bg_flat_55_fafafa_40x100.png HTTP/1.1" 404 1097
200.83.224.3 - - [04/May/2022:12:29:45 -0300] "GET /cormun/static/Shared/jqueryui/images/ui-icons_82798d_256x240.png HTTP/1.1" 404 1089
200.83.224.3 - - [04/May/2022:12:29:45 -0300] "GET /cormun/static/Shared/jqueryui/images/ui-icons_8d78a5_256x240.png HTTP/1.1" 404 1089
200.83.224.3 - - [04/May/2022:12:29:45 -0300] "GET /cormun/PublicTempStorage/cedula_identidad1516350.pdf HTTP/1.1" 200 553707
200.83.224.3 - - [04/May/2022:12:29:45 -0300] "GET /cormun/servlet/solicitudotadjuntos?DLT,2022,18609,CARNET,0, HTTP/1.1" 200 6331
190.171.143.82 - - [04/May/2022:12:29:57 -0300] "GET /cormun/servlet/hlogin HTTP/1.1" 200 1730
190.171.143.82 - - [04/May/2022:12:30:01 -0300] "POST /cormun/servlet/hlogin?7477f9a8a89706973f36d6714b088132,gx-no-cache=1651677418237 HTTP/1.1" 200 90
190.171.143.82 - - [04/May/2022:12:30:01 -0300] "GET /cormun/servlet/hpexe_link HTTP/1.1" 200 961
190.171.143.82 - - [04/May/2022:12:30:02 -0300] "GET /cormun/servlet/trlicencias HTTP/1.1" 200 8446
200.83.224.3 - - [04/May/2022:12:30:03 -0300] "POST /cormun/servlet/solicitudotadjuntos?d015a20ebbb7e7d0ac1cc8c9711c908f,DLT,2022,18609,CARNET,0,,gx-no-cache=1651677421354 HTTP/1.1" 200 93
200.83.224.3 - - [04/May/2022:12:30:03 -0300] "GET /cormun/servlet/hpexe_return? HTTP/1.1" 200 1032
200.83.224.3 - - [04/May/2022:12:30:03 -0300] "GET /cormun/servlet/trsolicitudadjuntos?2022,18609, HTTP/1.1" 200 6418
200.83.224.3 - - [04/May/2022:12:30:04 -0300] "GET /cormun/servlet/trsolicitudadjuntos?2022,18609, HTTP/1.1" 200 6414
190.171.143.82 - - [04/May/2022:12:30:04 -0300] "GET /cormun/servlet/trlicencias HTTP/1.1" 200 8445
200.83.224.3 - - [04/May/2022:12:30:06 -0300] "GET /cormun/servlet/solicitudotadjuntos?INS,2022,18609,,1, HTTP/1.1" 200 6361
200.83.224.3 - - [04/May/2022:12:30:06 -0300] "GET /cormun/static/about:blank HTTP/1.1" 404 1011
200.83.224.3 - - [04/May/2022:12:30:06 -0300] "GET /cormun/servlet/solicitudotadjuntos?INS,2022,18609,,1, HTTP/1.1" 200 6355
200.83.224.3 - - [04/May/2022:12:30:07 -0300] "GET /cormun/servlet/solicitudotadjuntos?ececa04de6faf996a10a99881d2eb64af921c68c51eb20b42a6d7b041186a700de412be5b47d822f4ae1d9909632e008,gx-no-cache=1651677425643 HTTP/1.1" 200 30
200.83.224.3 - - [04/May/2022:12:30:07 -0300] "POST /cormun/servlet/solicitudotadjuntos?d015a20ebbb7e7d0ac1cc8c9711c908f,INS,2022,18609,,1,,gx-no-cache=1651677425699 HTTP/1.1" 200 4149
190.171.143.82 - - [04/May/2022:12:30:09 -0300] "GET /cormun/servlet/trlicencias? HTTP/1.1" 200 8445
190.171.143.82 - - [04/May/2022:12:30:10 -0300] "GET /cormun/servlet/trlicencias? HTTP/1.1" 200 8444
200.83.224.3 - - [04/May/2022:12:30:13 -0300] "POST /cormun/servlet/solicitudotadjuntos?gx-no-cache=1651677431865 HTTP/1.1" 200 26
190.171.143.82 - - [04/May/2022:12:30:15 -0300] "POST /cormun/servlet/trlicencias?7477f9a8a89706973f36d6714b088132,,gx-no-cache=1651677432205 HTTP/1.1" 200 11139
200.83.224.3 - - [04/May/2022:12:30:23 -0300] "POST /cormun/servlet/solicitudotadjuntos?gx-no-cache=1651677441536 HTTP/1.1" 200 26
192.168.10.11 - - [04/May/2022:12:30:28 -0300] "GET / HTTP/1.1" 200 11217
200.83.224.3 - - [04/May/2022:12:31:00 -0300] "GET /cormun/servlet/solicitudotadjuntos?ececa04de6faf996a10a99881d2eb64a0d80c6a9a6b2f9458bbcf16bc747d430,gx-no-cache=1651677478610 HTTP/1.1" 200 30
200.83.224.3 - - [04/May/2022:12:31:00 -0300] "GET /cormun/servlet/solicitudotadjuntos?ececa04de6faf996a10a99881d2eb64a0d80c6a9a6b2f9458bbcf16bc747d430,gx-no-cache=1651677478717 HTTP/1.1" 200 30
200.83.224.3 - - [04/May/2022:12:31:00 -0300] "POST /cormun/servlet/solicitudotadjuntos?d015a20ebbb7e7d0ac1cc8c9711c908f,INS,2022,18609,,1, HTTP/1.1" 200 116
200.83.224.3 - - [04/May/2022:12:31:00 -0300] "GET /cormun/servlet/hpexe_return? HTTP/1.1" 200 1027
200.83.224.3 - - [04/May/2022:12:31:01 -0300] "GET /cormun/servlet/trsolicitudadjuntos?2022,18609, HTTP/1.1" 200 9210
200.83.224.3 - - [04/May/2022:12:31:01 -0300] "GET /cormun/servlet/trsolicitudadjuntos?2022,18609, HTTP/1.1" 200 9207
200.83.224.3 - - [04/May/2022:12:31:05 -0300] "GET /cormun/servlet/solicitudotadjuntos?INS,2022,18609,,1, HTTP/1.1" 200 6361
200.83.224.3 - - [04/May/2022:12:31:05 -0300] "GET /cormun/static/about:blank HTTP/1.1" 404 1011
200.83.224.3 - - [04/May/2022:12:31:05 -0300] "GET /cormun/servlet/solicitudotadjuntos?INS,2022,18609,,1, HTTP/1.1" 200 6355
200.83.224.3 - - [04/May/2022:12:31:06 -0300] "GET /cormun/servlet/solicitudotadjuntos?ececa04de6faf996a10a99881d2eb64af921c68c51eb20b42a6d7b041186a700de412be5b47d822f4ae1d9909632e008,gx-no-cache=1651677484548 HTTP/1.1" 200 30
200.83.224.3 - - [04/May/2022:12:31:06 -0300] "POST /cormun/servlet/solicitudotadjuntos?d015a20ebbb7e7d0ac1cc8c9711c908f,INS,2022,18609,,1,,gx-no-cache=1651677484614 HTTP/1.1" 200 4149
200.83.224.3 - - [04/May/2022:12:31:10 -0300] "POST /cormun/servlet/solicitudotadjuntos?gx-no-cache=1651677488413 HTTP/1.1" 200 26
200.83.224.3 - - [04/May/2022:12:31:18 -0300] "GET /cormun/servlet/solicitudotadjuntos?ececa04de6faf996a10a99881d2eb64a0d80c6a9a6b2f9458bbcf16bc747d430,gx-no-cache=1651677496573 HTTP/1.1" 200 30
200.83.224.3 - - [04/May/2022:12:31:18 -0300] "GET /cormun/servlet/solicitudotadjuntos?ececa04de6faf996a10a99881d2eb64a0d80c6a9a6b2f9458bbcf16bc747d430,gx-no-cache=1651677496619 HTTP/1.1" 200 30
200.83.224.3 - - [04/May/2022:12:31:18 -0300] "POST /cormun/servlet/solicitudotadjuntos?d015a20ebbb7e7d0ac1cc8c9711c908f,INS,2022,18609,,1, HTTP/1.1" 200 116
200.83.224.3 - - [04/May/2022:12:31:18 -0300] "GET /cormun/servlet/hpexe_return? HTTP/1.1" 200 1027
200.83.224.3 - - [04/May/2022:12:31:18 -0300] "GET /cormun/servlet/trsolicitudadjuntos?2022,18609, HTTP/1.1" 200 9426
200.83.224.3 - - [04/May/2022:12:31:19 -0300] "GET /cormun/servlet/trsolicitudadjuntos?2022,18609, HTTP/1.1" 200 9423
190.171.141.106 - - [04/May/2022:12:31:21 -0300] "POST /cormun/servlet/solicitudot?gx-no-cache=1651673991022 HTTP/1.1" 200 135
200.83.224.3 - - [04/May/2022:12:31:22 -0300] "GET /cormun/servlet/solicitudotadjuntos?INS,2022,18609,,1, HTTP/1.1" 200 6361
190.171.141.106 - - [04/May/2022:12:31:22 -0300] "POST /cormun/servlet/solicitudot?a6f12dd979f877475652a5aef1582a67,INS,0,0,false,,gx-no-cache=1651673991129 HTTP/1.1" 200 13144
200.83.224.3 - - [04/May/2022:12:31:22 -0300] "GET /cormun/static/about:blank HTTP/1.1" 404 1011
200.83.224.3 - - [04/May/2022:12:31:22 -0300] "GET /cormun/servlet/solicitudotadjuntos?INS,2022,18609,,1, HTTP/1.1" 200 6355
200.83.224.3 - - [04/May/2022:12:31:23 -0300] "GET /cormun/servlet/solicitudotadjuntos?ececa04de6faf996a10a99881d2eb64af921c68c51eb20b42a6d7b041186a700de412be5b47d822f4ae1d9909632e008,gx-no-cache=1651677501433 HTTP/1.1" 200 30
200.83.224.3 - - [04/May/2022:12:31:23 -0300] "POST /cormun/servlet/solicitudotadjuntos?d015a20ebbb7e7d0ac1cc8c9711c908f,INS,2022,18609,,1,,gx-no-cache=1651677501490 HTTP/1.1" 200 4149
200.83.224.3 - - [04/May/2022:12:31:28 -0300] "POST /cormun/servlet/solicitudotadjuntos?gx-no-cache=1651677506630 HTTP/1.1" 200 26
192.168.10.11 - - [04/May/2022:12:31:28 -0300] "GET / HTTP/1.1" 200 11217
200.83.224.3 - - [04/May/2022:12:31:40 -0300] "GET /cormun/servlet/solicitudotadjuntos?ececa04de6faf996a10a99881d2eb64a0d80c6a9a6b2f9458bbcf16bc747d430,gx-no-cache=1651677518738 HTTP/1.1" 200 30
200.83.224.3 - - [04/May/2022:12:31:40 -0300] "GET /cormun/servlet/solicitudotadjuntos?ececa04de6faf996a10a99881d2eb64a0d80c6a9a6b2f9458bbcf16bc747d430,gx-no-cache=1651677518788 HTTP/1.1" 200 30
200.83.224.3 - - [04/May/2022:12:31:40 -0300] "POST /cormun/servlet/solicitudotadjuntos?d015a20ebbb7e7d0ac1cc8c9711c908f,INS,2022,18609,,1, HTTP/1.1" 200 116
200.83.224.3 - - [04/May/2022:12:31:40 -0300] "GET /cormun/servlet/hpexe_return? HTTP/1.1" 200 1027
200.83.224.3 - - [04/May/2022:12:31:40 -0300] "GET /cormun/servlet/trsolicitudadjuntos?2022,18609, HTTP/1.1" 200 9650
200.83.224.3 - - [04/May/2022:12:31:41 -0300] "GET /cormun/servlet/trsolicitudadjuntos?2022,18609, HTTP/1.1" 200 9647
200.83.224.3 - - [04/May/2022:12:31:46 -0300] "GET /cormun/servlet/solicitudotadjuntos?INS,2022,18609,,1, HTTP/1.1" 200 6361
200.83.224.3 - - [04/May/2022:12:31:46 -0300] "GET /cormun/static/about:blank HTTP/1.1" 404 1011
200.83.224.3 - - [04/May/2022:12:31:46 -0300] "GET /cormun/servlet/solicitudotadjuntos?INS,2022,18609,,1, HTTP/1.1" 200 6355
200.83.224.3 - - [04/May/2022:12:31:47 -0300] "GET /cormun/servlet/solicitudotadjuntos?ececa04de6faf996a10a99881d2eb64af921c68c51eb20b42a6d7b041186a700de412be5b47d822f4ae1d9909632e008,gx-no-cache=1651677525492 HTTP/1.1" 200 30
200.83.224.3 - - [04/May/2022:12:31:47 -0300] "POST /cormun/servlet/solicitudotadjuntos?d015a20ebbb7e7d0ac1cc8c9711c908f,INS,2022,18609,,1,,gx-no-cache=1651677525573 HTTP/1.1" 200 4149
200.83.224.3 - - [04/May/2022:12:31:50 -0300] "POST /cormun/servlet/solicitudotadjuntos?gx-no-cache=1651677528832 HTTP/1.1" 200 26
200.83.224.3 - - [04/May/2022:12:32:00 -0300] "GET /cormun/servlet/solicitudotadjuntos?ececa04de6faf996a10a99881d2eb64a0d80c6a9a6b2f9458bbcf16bc747d430,gx-no-cache=1651677538694 HTTP/1.1" 200 30
200.83.224.3 - - [04/May/2022:12:32:00 -0300] "GET /cormun/servlet/solicitudotadjuntos?ececa04de6faf996a10a99881d2eb64a0d80c6a9a6b2f9458bbcf16bc747d430,gx-no-cache=1651677538736 HTTP/1.1" 200 30
200.83.224.3 - - [04/May/2022:12:32:00 -0300] "POST /cormun/servlet/solicitudotadjuntos?d015a20ebbb7e7d0ac1cc8c9711c908f,INS,2022,18609,,1, HTTP/1.1" 200 116
200.83.224.3 - - [04/May/2022:12:32:00 -0300] "GET /cormun/servlet/hpexe_return? HTTP/1.1" 200 1027
200.83.224.3 - - [04/May/2022:12:32:01 -0300] "GET /cormun/servlet/trsolicitudadjuntos?2022,18609, HTTP/1.1" 200 9909
200.83.224.3 - - [04/May/2022:12:32:01 -0300] "GET /cormun/servlet/trsolicitudadjuntos?2022,18609, HTTP/1.1" 200 9906
200.83.224.3 - - [04/May/2022:12:32:04 -0300] "GET /cormun/servlet/solicitudotadjuntos?INS,2022,18609,,1, HTTP/1.1" 200 6362
200.83.224.3 - - [04/May/2022:12:32:04 -0300] "GET /cormun/static/about:blank HTTP/1.1" 404 1011
200.83.224.3 - - [04/May/2022:12:32:04 -0300] "GET /cormun/servlet/solicitudotadjuntos?INS,2022,18609,,1, HTTP/1.1" 200 6355
200.83.224.3 - - [04/May/2022:12:32:05 -0300] "GET /cormun/servlet/solicitudotadjuntos?ececa04de6faf996a10a99881d2eb64af921c68c51eb20b42a6d7b041186a700de412be5b47d822f4ae1d9909632e008,gx-no-cache=1651677543648 HTTP/1.1" 200 30
200.83.224.3 - - [04/May/2022:12:32:05 -0300] "POST /cormun/servlet/solicitudotadjuntos?d015a20ebbb7e7d0ac1cc8c9711c908f,INS,2022,18609,,1,,gx-no-cache=1651677543702 HTTP/1.1" 200 4149
192.168.10.11 - - [04/May/2022:12:32:28 -0300] "GET / HTTP/1.1" 200 11217
190.171.149.74 - - [04/May/2022:12:33:15 -0300] "GET /cormun/servlet/hlogin HTTP/1.1" 200 1732
190.171.149.74 - - [04/May/2022:12:33:15 -0300] "GET /cormun/servlet/hlogin HTTP/1.1" 200 1742
190.171.149.74 - - [04/May/2022:12:33:15 -0300] "GET /favicon.ico HTTP/1.1" 200 21630
192.168.10.11 - - [04/May/2022:12:33:28 -0300] "GET / HTTP/1.1" 200 11217
190.171.149.74 - - [04/May/2022:12:33:31 -0300] "POST /cormun/servlet/hlogin?898df93f45f15d85559b0534d3f48566,gx-no-cache=1651677629908 HTTP/1.1" 200 90
190.171.149.74 - - [04/May/2022:12:33:31 -0300] "GET /cormun/servlet/hpexe_link HTTP/1.1" 200 956
190.171.149.74 - - [04/May/2022:12:33:31 -0300] "GET /cormun/servlet/hhome HTTP/1.1" 200 3984
190.171.149.74 - - [04/May/2022:12:33:31 -0300] "GET /cormun/servlet/hhome HTTP/1.1" 200 3980
190.171.149.74 - - [04/May/2022:12:33:34 -0300] "GET /cormun/servlet/trlicencias? HTTP/1.1" 200 12734
190.171.149.74 - - [04/May/2022:12:33:34 -0300] "GET /cormun/servlet/trlicencias? HTTP/1.1" 200 12737
192.168.10.11 - - [04/May/2022:12:34:28 -0300] "GET / HTTP/1.1" 200 11217
200.83.224.3 - - [04/May/2022:12:35:03 -0300] "POST /cormun/servlet/solicitudotadjuntos?gx-no-cache=1651677721794 HTTP/1.1" 200 26
190.171.141.138 - - [04/May/2022:12:35:07 -0300] "GET /cormun/servlet/trlicencias? HTTP/1.1" 200 10686
190.171.141.138 - - [04/May/2022:12:35:07 -0300] "GET /cormun/servlet/trlicencias? HTTP/1.1" 200 10685
192.168.10.11 - - [04/May/2022:12:35:28 -0300] "GET / HTTP/1.1" 200 11217
200.83.224.3 - - [04/May/2022:12:35:41 -0300] "GET /cormun/servlet/solicitudotadjuntos?ececa04de6faf996a10a99881d2eb64a0d80c6a9a6b2f9458bbcf16bc747d430,gx-no-cache=1651677760086 HTTP/1.1" 200 30
200.83.224.3 - - [04/May/2022:12:35:41 -0300] "GET /cormun/servlet/solicitudotadjuntos?ececa04de6faf996a10a99881d2eb64a0d80c6a9a6b2f9458bbcf16bc747d430,gx-no-cache=1651677760158 HTTP/1.1" 200 30
200.83.224.3 - - [04/May/2022:12:35:42 -0300] "POST /cormun/servlet/solicitudotadjuntos?d015a20ebbb7e7d0ac1cc8c9711c908f,INS,2022,18609,,1, HTTP/1.1" 200 116
200.83.224.3 - - [04/May/2022:12:35:42 -0300] "GET /cormun/servlet/hpexe_return? HTTP/1.1" 200 1027
200.83.224.3 - - [04/May/2022:12:35:42 -0300] "GET /cormun/servlet/trsolicitudadjuntos?2022,18609, HTTP/1.1" 200 10202
200.83.224.3 - - [04/May/2022:12:35:43 -0300] "GET /cormun/servlet/trsolicitudadjuntos?2022,18609, HTTP/1.1" 200 10199
200.83.224.3 - - [04/May/2022:12:35:45 -0300] "GET /cormun/servlet/solicitudotadjuntos?INS,2022,18609,,1, HTTP/1.1" 200 6361
200.83.224.3 - - [04/May/2022:12:35:46 -0300] "GET /cormun/static/about:blank HTTP/1.1" 404 1011
200.83.224.3 - - [04/May/2022:12:35:46 -0300] "GET /cormun/servlet/solicitudotadjuntos?INS,2022,18609,,1, HTTP/1.1" 200 6354
200.83.224.3 - - [04/May/2022:12:35:46 -0300] "GET /cormun/servlet/solicitudotadjuntos?ececa04de6faf996a10a99881d2eb64af921c68c51eb20b42a6d7b041186a700de412be5b47d822f4ae1d9909632e008,gx-no-cache=1651677765058 HTTP/1.1" 200 30
200.83.224.3 - - [04/May/2022:12:35:46 -0300] "POST /cormun/servlet/solicitudotadjuntos?d015a20ebbb7e7d0ac1cc8c9711c908f,INS,2022,18609,,1,,gx-no-cache=1651677765118 HTTP/1.1" 200 4148
200.83.224.3 - - [04/May/2022:12:35:51 -0300] "POST /cormun/servlet/solicitudotadjuntos?gx-no-cache=1651677770296 HTTP/1.1" 200 26
200.83.224.3 - - [04/May/2022:12:36:03 -0300] "GET /cormun/servlet/solicitudotadjuntos?ececa04de6faf996a10a99881d2eb64a0d80c6a9a6b2f9458bbcf16bc747d430,gx-no-cache=1651677781904 HTTP/1.1" 200 30
200.83.224.3 - - [04/May/2022:12:36:03 -0300] "GET /cormun/servlet/solicitudotadjuntos?ececa04de6faf996a10a99881d2eb64a0d80c6a9a6b2f9458bbcf16bc747d430,gx-no-cache=1651677781949 HTTP/1.1" 200 30
200.83.224.3 - - [04/May/2022:12:36:03 -0300] "POST /cormun/servlet/solicitudotadjuntos?d015a20ebbb7e7d0ac1cc8c9711c908f,INS,2022,18609,,1, HTTP/1.1" 200 116
200.83.224.3 - - [04/May/2022:12:36:04 -0300] "GET /cormun/servlet/hpexe_return? HTTP/1.1" 200 1027
200.83.224.3 - - [04/May/2022:12:36:04 -0300] "GET /cormun/servlet/trsolicitudadjuntos?2022,18609, HTTP/1.1" 200 10366
200.83.224.3 - - [04/May/2022:12:36:04 -0300] "GET /cormun/servlet/trsolicitudadjuntos?2022,18609, HTTP/1.1" 200 10364
190.171.141.90 - - [04/May/2022:12:36:05 -0300] "GET /cormun/servlet/solicitudot?85cc6fad538855c57e0dd31ea952d5c05737decd153d55dc3dc7d0b17443d64dc471d552816c938f806547b5f1174822,gx-no-cache=1651677782426 HTTP/1.1" 200 30
190.171.141.90 - - [04/May/2022:12:36:05 -0300] "POST /cormun/servlet/solicitudot?gx-no-cache=1651677782495 HTTP/1.1" 200 30
190.171.141.90 - - [04/May/2022:12:36:05 -0300] "POST /cormun/servlet/solicitudot?edf163e24a932af9b11f1cb047398836,INS,0,0,false,,gx-no-cache=1651677782537 HTTP/1.1" 200 13029
190.171.143.106 - - [04/May/2022:12:36:12 -0300] "GET /cormun/servlet/hlogin HTTP/1.1" 200 1727
190.171.143.106 - - [04/May/2022:12:36:24 -0300] "POST /cormun/servlet/hlogin?75a8f15be5fe1fb15fa3c8d2fdc5e9e5,gx-no-cache=1651677802237 HTTP/1.1" 200 90
190.171.143.106 - - [04/May/2022:12:36:24 -0300] "GET /cormun/servlet/hpexe_link HTTP/1.1" 200 956
190.171.143.106 - - [04/May/2022:12:36:25 -0300] "GET /cormun/servlet/trlicencias HTTP/1.1" 200 9462
190.171.143.106 - - [04/May/2022:12:36:25 -0300] "GET /cormun/servlet/trlicencias HTTP/1.1" 200 9460
192.168.10.11 - - [04/May/2022:12:36:28 -0300] "GET / HTTP/1.1" 200 11217
190.171.143.106 - - [04/May/2022:12:36:30 -0300] "GET /cormun/servlet/trpermisosgoce? HTTP/1.1" 200 9974
190.171.143.106 - - [04/May/2022:12:36:31 -0300] "GET /cormun/servlet/trpermisosgoce? HTTP/1.1" 200 9974
200.83.224.3 - - [04/May/2022:12:36:35 -0300] "GET /cormun/servlet/trautorizarsolicitud? HTTP/1.1" 200 7431
200.83.224.3 - - [04/May/2022:12:36:36 -0300] "GET /cormun/servlet/trautorizarsolicitud? HTTP/1.1" 200 7415
200.83.224.3 - - [04/May/2022:12:36:39 -0300] "GET /cormun/servlet/trsolicitudot? HTTP/1.1" 200 8936
200.83.224.3 - - [04/May/2022:12:36:39 -0300] "GET /cormun/servlet/trsolicitudot? HTTP/1.1" 200 8935
200.83.224.3 - - [04/May/2022:12:36:49 -0300] "POST /cormun/servlet/trsolicitudot?d015a20ebbb7e7d0ac1cc8c9711c908f,,gx-no-cache=1651677828028 HTTP/1.1" 200 4854
200.83.224.3 - - [04/May/2022:12:36:50 -0300] "GET /cormun/static/Shared/jqueryui/images/ui-bg_highlight-soft_100_c6c2c8_1x100.png HTTP/1.1" 404 1117
200.83.224.3 - - [04/May/2022:12:36:50 -0300] "GET /cormun/static/Shared/jqueryui/images/ui-bg_flat_55_fafafa_40x100.png HTTP/1.1" 404 1097
200.83.224.3 - - [04/May/2022:12:36:50 -0300] "GET /cormun/static/Shared/jqueryui/images/ui-icons_8d78a5_256x240.png HTTP/1.1" 404 1089
200.83.224.3 - - [04/May/2022:12:36:50 -0300] "GET /cormun/static/Shared/jqueryui/images/ui-icons_82798d_256x240.png HTTP/1.1" 404 1089
200.83.224.3 - - [04/May/2022:12:36:50 -0300] "POST /cormun/servlet/trsolicitudot?d015a20ebbb7e7d0ac1cc8c9711c908f,,gx-no-cache=1651677828343 HTTP/1.1" 200 4606
190.171.141.90 - - [04/May/2022:12:36:53 -0300] "GET /cormun/servlet/trpermisosgoce? HTTP/1.1" 200 12769
190.171.141.90 - - [04/May/2022:12:36:53 -0300] "GET /cormun/servlet/trpermisosgoce? HTTP/1.1" 200 12760
192.168.10.96 - - [04/May/2022:12:36:59 -0300] "GET /cormun/servlet/trsolicitudgral? HTTP/1.1" 200 28420
192.168.10.96 - - [04/May/2022:12:37:00 -0300] "GET /cormun/servlet/trsolicitudgral? HTTP/1.1" 200 28420
192.168.10.96 - - [04/May/2022:12:37:15 -0300] "POST /cormun/servlet/trsolicitudgral?c9020208bf49ab99f8703651f2f86d91,,gx-no-cache=1651677680967 HTTP/1.1" 200 5263
192.168.10.96 - - [04/May/2022:12:37:18 -0300] "POST /cormun/servlet/trsolicitudgral?c9020208bf49ab99f8703651f2f86d91,,gx-no-cache=1651677684529 HTTP/1.1" 200 7594
190.171.141.90 - - [04/May/2022:12:37:24 -0300] "GET /cormun/servlet/trsolicitudcuentarbd? HTTP/1.1" 200 6869
190.171.141.90 - - [04/May/2022:12:37:24 -0300] "GET /cormun/static/gxcfg.js?201991422574133 HTTP/1.1" 200 953
190.171.141.90 - - [04/May/2022:12:37:24 -0300] "GET /cormun/static/trsolicitudcuentarbd.js?201991422574613 HTTP/1.1" 200 29350
190.171.141.90 - - [04/May/2022:12:37:24 -0300] "GET /cormun/servlet/trsolicitudcuentarbd? HTTP/1.1" 200 6869
190.171.141.90 - - [04/May/2022:12:37:25 -0300] "POST /cormun/servlet/acontrolpreferencessavestate?None,SCONTRERAS,true HTTP/1.1" 200 35
192.168.10.11 - - [04/May/2022:12:37:28 -0300] "GET / HTTP/1.1" 200 11217
192.168.10.96 - - [04/May/2022:12:37:40 -0300] "GET /cormun/servlet/vesolicitudgral?2022,18304,, HTTP/1.1" 200 8411
192.168.10.96 - - [04/May/2022:12:37:40 -0300] "GET /cormun/pexe_scrolldiv.js HTTP/1.1" 404 1009
192.168.10.96 - - [04/May/2022:12:37:40 -0300] "GET /cormun/servlet/vesolicitudgral?2022,18304,, HTTP/1.1" 200 8410
192.168.10.96 - - [04/May/2022:12:37:41 -0300] "GET /cormun/servlet/vesolicitudgral?2022,18304,,SolicitudOTAdjuntos HTTP/1.1" 200 7052
192.168.10.96 - - [04/May/2022:12:37:41 -0300] "GET /cormun/pexe_scrolldiv.js HTTP/1.1" 404 1009
192.168.10.96 - - [04/May/2022:12:37:42 -0300] "GET /cormun/servlet/vesolicitudgral?2022,18304,,SolicitudOTAdjuntos HTTP/1.1" 200 7053
192.168.10.96 - - [04/May/2022:12:37:42 -0300] "POST /cormun/servlet/acontrolpreferencessavestate?None,RRHH+DANIELA,true HTTP/1.1" 200 35
192.168.10.96 - - [04/May/2022:12:37:44 -0300] "POST /cormun/servlet/vesolicitudgral?c9020208bf49ab99f8703651f2f86d91,2022,18304,,SolicitudOTAdjuntos,gx-no-cache=1651677710395 HTTP/1.1" 200 90
192.168.10.96 - - [04/May/2022:12:37:44 -0300] "GET /cormun/servlet/hpexe_link HTTP/1.1" 200 982
192.168.10.96 - - [04/May/2022:12:37:44 -0300] "GET /cormun/servlet/trsolicitudgral? HTTP/1.1" 200 10626
192.168.10.96 - - [04/May/2022:12:37:45 -0300] "GET /cormun/servlet/trsolicitudgral? HTTP/1.1" 200 10625
192.168.10.96 - - [04/May/2022:12:37:46 -0300] "GET /cormun/servlet/vesolicitudgral?2022,18487,, HTTP/1.1" 200 8405
192.168.10.96 - - [04/May/2022:12:37:46 -0300] "GET /cormun/pexe_scrolldiv.js HTTP/1.1" 404 1009
190.171.141.90 - - [04/May/2022:12:37:47 -0300] "GET /cormun/servlet/trdiat? HTTP/1.1" 200 7009
192.168.10.96 - - [04/May/2022:12:37:47 -0300] "GET /cormun/servlet/vesolicitudgral?2022,18487,, HTTP/1.1" 200 8405
190.171.141.90 - - [04/May/2022:12:37:47 -0300] "GET /cormun/static/gxcfg.js?20201216295890 HTTP/1.1" 200 953
190.171.141.90 - - [04/May/2022:12:37:47 -0300] "GET /cormun/static/trdiat.js?2020121630440 HTTP/1.1" 200 35345
190.171.141.90 - - [04/May/2022:12:37:47 -0300] "GET /cormun/servlet/trdiat? HTTP/1.1" 200 7008
192.168.10.96 - - [04/May/2022:12:37:48 -0300] "GET /cormun/servlet/vesolicitudgral?2022,18487,,SolicitudOTAdjuntos HTTP/1.1" 200 7052
192.168.10.96 - - [04/May/2022:12:37:48 -0300] "GET /cormun/pexe_scrolldiv.js HTTP/1.1" 404 1009
190.171.141.90 - - [04/May/2022:12:37:48 -0300] "POST /cormun/servlet/acontrolpreferencessavestate?None,SCONTRERAS,true HTTP/1.1" 200 35
192.168.10.96 - - [04/May/2022:12:37:48 -0300] "GET /cormun/servlet/vesolicitudgral?2022,18487,,SolicitudOTAdjuntos HTTP/1.1" 200 7053
192.168.10.96 - - [04/May/2022:12:37:49 -0300] "POST /cormun/servlet/acontrolpreferencessavestate?None,RRHH+DANIELA,true HTTP/1.1" 200 35
192.168.10.96 - - [04/May/2022:12:37:50 -0300] "POST /cormun/servlet/vesolicitudgral?c9020208bf49ab99f8703651f2f86d91,2022,18487,,SolicitudOTAdjuntos,gx-no-cache=1651677716202 HTTP/1.1" 200 90
192.168.10.96 - - [04/May/2022:12:37:50 -0300] "GET /cormun/servlet/hpexe_link HTTP/1.1" 200 981
192.168.10.96 - - [04/May/2022:12:37:50 -0300] "GET /cormun/servlet/trsolicitudgral HTTP/1.1" 200 10626
192.168.10.96 - - [04/May/2022:12:37:50 -0300] "GET /cormun/servlet/trsolicitudgral HTTP/1.1" 200 10625
190.171.141.90 - - [04/May/2022:12:37:51 -0300] "GET /cormun/servlet/accidentes?INS,0, HTTP/1.1" 200 7324
190.171.141.90 - - [04/May/2022:12:37:51 -0300] "GET /cormun/static/gxcfg.js?201991422391072 HTTP/1.1" 200 953
190.171.141.90 - - [04/May/2022:12:37:51 -0300] "GET /cormun/static/accidentes.js?201991422391097 HTTP/1.1" 200 26306
190.171.141.90 - - [04/May/2022:12:37:51 -0300] "GET /cormun/servlet/accidentes?INS,0, HTTP/1.1" 200 7324
190.171.141.90 - - [04/May/2022:12:37:59 -0300] "GET /cormun/servlet/trbonoreemplazo? HTTP/1.1" 500 10
190.171.141.90 - - [04/May/2022:12:38:25 -0300] "GET /cormun/servlet/hlogin HTTP/1.1" 200 1726
192.168.10.11 - - [04/May/2022:12:38:28 -0300] "GET / HTTP/1.1" 200 11217
190.171.141.90 - - [04/May/2022:12:38:38 -0300] "POST /cormun/servlet/hlogin?edf163e24a932af9b11f1cb047398836,gx-no-cache=1651677935314 HTTP/1.1" 200 90
190.171.141.90 - - [04/May/2022:12:38:38 -0300] "GET /cormun/servlet/hpexe_link HTTP/1.1" 200 960
190.171.141.90 - - [04/May/2022:12:38:38 -0300] "GET /cormun/servlet/trbonoreemplazo HTTP/1.1" 500 10
190.171.141.90 - - [04/May/2022:12:38:40 -0300] "GET /cormun/servlet/trbonoreemplazo HTTP/1.1" 500 10
190.171.143.106 - - [04/May/2022:12:39:15 -0300] "GET /cormun/servlet/trpermisosgoce? HTTP/1.1" 200 9974
186.67.172.234 - - [04/May/2022:12:39:16 -0300] "GET /cormun/servlet/trlicencias? HTTP/1.1" 200 7823
190.171.143.106 - - [04/May/2022:12:39:16 -0300] "GET /cormun/servlet/trpermisosgoce? HTTP/1.1" 200 9974
186.67.172.234 - - [04/May/2022:12:39:16 -0300] "GET /cormun/servlet/hlogin HTTP/1.1" 200 1746
186.67.172.234 - - [04/May/2022:12:39:16 -0300] "GET /favicon.ico HTTP/1.1" 200 21630
186.67.172.234 - - [04/May/2022:12:39:16 -0300] "GET /cormun/servlet/trlicencias? HTTP/1.1" 200 7834
186.67.172.234 - - [04/May/2022:12:39:16 -0300] "GET /cormun/servlet/trlicencias? HTTP/1.1" 200 7834
190.171.143.106 - - [04/May/2022:12:39:18 -0300] "GET /cormun/servlet/permisogoce?INS,0,,, HTTP/1.1" 200 6837
190.171.143.106 - - [04/May/2022:12:39:18 -0300] "GET /cormun/servlet/permisogoce?INS,0,,, HTTP/1.1" 200 6836
190.171.143.106 - - [04/May/2022:12:39:20 -0300] "GET /cormun/servlet/prfichaempleado?,MD,,gxPopupLevel%3D0%3B HTTP/1.1" 200 9272
186.67.172.234 - - [04/May/2022:12:39:22 -0300] "POST /cormun/servlet/hlogin?39874eee5f36686676b3b83db109bb98,gx-no-cache=1651677979111 HTTP/1.1" 200 90
186.67.172.234 - - [04/May/2022:12:39:22 -0300] "GET /cormun/servlet/hpexe_link HTTP/1.1" 200 959
186.67.172.234 - - [04/May/2022:12:39:22 -0300] "GET /cormun/servlet/trlicencias HTTP/1.1" 200 14041
186.67.172.234 - - [04/May/2022:12:39:23 -0300] "GET /cormun/servlet/trlicencias HTTP/1.1" 200 14031
190.171.141.106 - - [04/May/2022:12:39:24 -0300] "GET /cormun/servlet/hhome HTTP/1.1" 200 4251
190.171.141.106 - - [04/May/2022:12:39:25 -0300] "GET /cormun/servlet/hhome HTTP/1.1" 200 4259
186.67.172.234 - - [04/May/2022:12:39:26 -0300] "POST /cormun/servlet/trlicencias?39874eee5f36686676b3b83db109bb98,gx-no-cache=1651677983178 HTTP/1.1" 200 11673
190.171.141.106 - - [04/May/2022:12:39:28 -0300] "GET /cormun/servlet/trsolicitudot? HTTP/1.1" 200 7481
190.171.141.106 - - [04/May/2022:12:39:28 -0300] "GET /cormun/servlet/trsolicitudot? HTTP/1.1" 200 7481
192.168.10.11 - - [04/May/2022:12:39:28 -0300] "GET / HTTP/1.1" 200 11217
190.171.141.90 - - [04/May/2022:12:39:29 -0300] "GET /cormun/servlet/hlogin HTTP/1.1" 200 1726
190.171.141.106 - - [04/May/2022:12:39:31 -0300] "GET /cormun/servlet/solicitudot?INS,0,0,false, HTTP/1.1" 200 15984
190.171.141.106 - - [04/May/2022:12:39:32 -0300] "GET /cormun/servlet/solicitudot?INS,0,0,false, HTTP/1.1" 200 15992
190.171.143.106 - - [04/May/2022:12:39:34 -0300] "POST /cormun/servlet/prfichaempleado?75a8f15be5fe1fb15fa3c8d2fdc5e9e5,,MD,,gxPopupLevel%3D0%3B,gx-no-cache=1651677992343 HTTP/1.1" 200 3468
190.171.141.90 - - [04/May/2022:12:39:41 -0300] "POST /cormun/servlet/hlogin?edf163e24a932af9b11f1cb047398836,gx-no-cache=1651677998178 HTTP/1.1" 200 430
190.171.141.106 - - [04/May/2022:12:39:46 -0300] "POST /cormun/servlet/solicitudot?gx-no-cache=1651674495834 HTTP/1.1" 200 3850
190.171.141.106 - - [04/May/2022:12:39:47 -0300] "POST /cormun/servlet/solicitudot?a6f12dd979f877475652a5aef1582a67,INS,0,0,false,,gx-no-cache=1651674495969 HTTP/1.1" 200 12669
190.171.141.90 - - [04/May/2022:12:39:48 -0300] "POST /cormun/servlet/hlogin?edf163e24a932af9b11f1cb047398836,gx-no-cache=1651678005816 HTTP/1.1" 200 90
190.171.141.90 - - [04/May/2022:12:39:48 -0300] "GET /cormun/servlet/hpexe_link HTTP/1.1" 200 960
190.171.141.90 - - [04/May/2022:12:39:48 -0300] "GET /cormun/servlet/trbonoreemplazo HTTP/1.1" 500 10
190.171.141.106 - - [04/May/2022:12:39:50 -0300] "GET /cormun/servlet/solicitudot?4c8574643f3e98bf6542a6442faf3c75cbcd0fd1a54c7a5d7a54c9728f9647be91a1caff129fd93d7f312138bd0fca58,gx-no-cache=1651674499173 HTTP/1.1" 200 111
190.171.141.106 - - [04/May/2022:12:39:50 -0300] "GET /cormun/static/Shared/jqueryui/images/ui-bg_highlight-soft_100_c6c2c8_1x100.png HTTP/1.1" 404 1117
190.171.141.106 - - [04/May/2022:12:39:50 -0300] "GET /cormun/static/Shared/jqueryui/images/ui-icons_82798d_256x240.png HTTP/1.1" 404 1089
190.171.141.106 - - [04/May/2022:12:39:50 -0300] "GET /cormun/static/Shared/jqueryui/images/ui-bg_flat_55_994d53_40x100.png HTTP/1.1" 404 1097
190.171.141.106 - - [04/May/2022:12:39:50 -0300] "GET /cormun/static/Shared/jqueryui/images/ui-icons_ebccce_256x240.png HTTP/1.1" 404 1089
190.171.141.90 - - [04/May/2022:12:39:50 -0300] "GET /cormun/servlet/trbonoreemplazo HTTP/1.1" 500 10
190.171.141.90 - - [04/May/2022:12:39:51 -0300] "GET /cormun/servlet/trbonoreemplazo HTTP/1.1" 500 10
190.171.143.106 - - [04/May/2022:12:39:52 -0300] "GET /cormun/servlet/permisogoce?d459c54e2b8e6c79a746afbecb2a6c832ece0960f62428367e1e05b85ad97027ff5e01ef8a71ee98628fa5220a4a8fc27ef63cb81796b0c1a31437b49b8f1b0a,gx-no-cache=1651678009542 HTTP/1.1" 200 80
190.171.143.106 - - [04/May/2022:12:39:52 -0300] "GET /cormun/static/menuarrow.gif HTTP/1.1" 404 1015
190.171.141.106 - - [04/May/2022:12:40:05 -0300] "POST /cormun/servlet/solicitudot?a6f12dd979f877475652a5aef1582a67,INS,0,0,false,,gx-no-cache=1651674514600 HTTP/1.1" 200 13051
190.171.141.106 - - [04/May/2022:12:40:07 -0300] "GET /cormun/servlet/solicitudot?4c8574643f3e98bf6542a6442faf3c75cbcd0fd1a54c7a5d7a54c9728f9647be91a1caff129fd93d7f312138bd0fca58,gx-no-cache=1651674516367 HTTP/1.1" 200 111
192.168.10.96 - - [04/May/2022:12:40:11 -0300] "GET /cormun/servlet/trsolicitudgral? HTTP/1.1" 200 10625
192.168.10.96 - - [04/May/2022:12:40:11 -0300] "GET /cormun/servlet/trsolicitudgral? HTTP/1.1" 200 10625
192.168.10.96 - - [04/May/2022:12:40:16 -0300] "POST /cormun/servlet/trsolicitudgral?c9020208bf49ab99f8703651f2f86d91,,gx-no-cache=1651677862468 HTTP/1.1" 200 7598
192.168.10.96 - - [04/May/2022:12:40:19 -0300] "GET /cormun/servlet/vesolicitudgral?2022,18342,, HTTP/1.1" 200 8351
192.168.10.96 - - [04/May/2022:12:40:19 -0300] "GET /cormun/pexe_scrolldiv.js HTTP/1.1" 404 1009
