190.171.141.90 - - [04/May/2022:16:57:40 -0300] "POST /cormun/servlet/acontrolpreferencessavestate?None,SCONTRERAS,true HTTP/1.1" 200 35
190.171.149.74 - - [04/May/2022:16:57:41 -0300] "POST /cormun/servlet/solicitudot?gx-no-cache=1651693480214 HTTP/1.1" 200 3858
190.171.149.74 - - [04/May/2022:16:57:41 -0300] "POST /cormun/servlet/solicitudot?8f755f455f4af73d5897d45bd6e4dbb9,INS,0,0,false,,gx-no-cache=1651693480387 HTTP/1.1" 200 12398
190.171.149.74 - - [04/May/2022:16:57:43 -0300] "GET /cormun/servlet/solicitudot?d911b5b39daf8fa82c2a299dde27caeb3bac91389ea87559454a0c4e5a1e8eff55bb70c49f7305796e9e02e9c7469e73,gx-no-cache=1651693482438 HTTP/1.1" 200 30
190.171.144.234 - - [04/May/2022:16:57:49 -0300] "GET /cormun/servlet/apermisogoceprn?12692670,P,20220504154108,PU HTTP/1.1" 200 1651
190.171.144.234 - - [04/May/2022:16:58:13 -0300] "GET /cormun/servlet/permisogoce?INS,0,,, HTTP/1.1" 200 6871
190.171.144.234 - - [04/May/2022:16:58:13 -0300] "GET /cormun/servlet/permisogoce?INS,0,,, HTTP/1.1" 200 6848
190.171.144.234 - - [04/May/2022:16:58:20 -0300] "GET /cormun/servlet/permisogoce?ec56e3ee90d478f06afea57cc5315387c50d89d8ec7300546248d3fa901cd92fd5b02633a6856be34afa8c2c8b533a2a2f2039044984863e89a1ed66b16aab42,gx-no-cache=1651693517915 HTTP/1.1" 200 80
190.171.144.234 - - [04/May/2022:16:58:20 -0300] "GET /cormun/static/menuarrow.gif HTTP/1.1" 404 1015
192.168.10.11 - - [04/May/2022:16:58:28 -0300] "GET / HTTP/1.1" 200 11217
190.171.144.234 - - [04/May/2022:16:58:29 -0300] "GET /cormun/servlet/permisogoce?ec56e3ee90d478f06afea57cc531538728cd034a5ad53b6a5cc479c329512de655b95649a973877896039f5325d4c8d7bb3129882ebc40d5f4af35742e8c0012,gx-no-cache=1651693526541 HTTP/1.1" 200 48
190.171.144.234 - - [04/May/2022:16:58:31 -0300] "POST /cormun/servlet/permisogoce?0f1e02e13207d3ab9241ef746a022720,INS,0,,,,gx-no-cache=1651693528723 HTTP/1.1" 200 93
190.171.144.234 - - [04/May/2022:16:58:31 -0300] "GET /cormun/servlet/hpexe_return? HTTP/1.1" 200 1032
190.171.144.234 - - [04/May/2022:16:58:31 -0300] "GET /cormun/servlet/trpermisosgoce?gx-no-cache=1651693076430 HTTP/1.1" 200 12087
190.171.144.234 - - [04/May/2022:16:58:32 -0300] "GET /cormun/servlet/trpermisosgoce?gx-no-cache=1651693076430 HTTP/1.1" 200 12104
190.171.144.234 - - [04/May/2022:16:58:38 -0300] "GET /cormun/servlet/apermisogoceprn?12692670,P,20220504154219,PU HTTP/1.1" 200 1649
190.171.144.234 - - [04/May/2022:16:58:53 -0300] "GET /cormun/servlet/permisogoce?INS,0,,, HTTP/1.1" 200 6871
190.171.144.234 - - [04/May/2022:16:58:53 -0300] "GET /cormun/servlet/permisogoce?INS,0,,, HTTP/1.1" 200 6848
190.171.144.234 - - [04/May/2022:16:59:05 -0300] "GET /cormun/servlet/permisogoce?ec56e3ee90d478f06afea57cc5315387c50d89d8ec7300546248d3fa901cd92fd5b02633a6856be34afa8c2c8b533a2a2f2039044984863e89a1ed66b16aab42,gx-no-cache=1651693563126 HTTP/1.1" 200 77
190.171.144.234 - - [04/May/2022:16:59:05 -0300] "GET /cormun/static/menuarrow.gif HTTP/1.1" 404 1015
190.171.144.234 - - [04/May/2022:16:59:08 -0300] "GET /cormun/servlet/permisogoce?ec56e3ee90d478f06afea57cc531538728cd034a5ad53b6a5cc479c329512de61291be42cf7ae4c2fdbc0fc69d632f5fbb3129882ebc40d5f4af35742e8c0012,gx-no-cache=1651693566174 HTTP/1.1" 200 47
190.171.144.234 - - [04/May/2022:16:59:10 -0300] "POST /cormun/servlet/permisogoce?0f1e02e13207d3ab9241ef746a022720,INS,0,,,,gx-no-cache=1651693567808 HTTP/1.1" 200 93
190.171.144.234 - - [04/May/2022:16:59:10 -0300] "GET /cormun/servlet/hpexe_return? HTTP/1.1" 200 1032
190.171.144.234 - - [04/May/2022:16:59:10 -0300] "GET /cormun/servlet/trpermisosgoce?gx-no-cache=1651693076430 HTTP/1.1" 200 12278
190.171.144.234 - - [04/May/2022:16:59:11 -0300] "GET /cormun/servlet/trpermisosgoce?gx-no-cache=1651693076430 HTTP/1.1" 200 12295
190.171.144.234 - - [04/May/2022:16:59:19 -0300] "GET /cormun/servlet/apermisogoceprn?12692670,P,20220504154259,PU HTTP/1.1" 200 1649
192.168.10.11 - - [04/May/2022:16:59:28 -0300] "GET / HTTP/1.1" 200 11217
190.171.142.10 - - [04/May/2022:16:59:38 -0300] "GET /cormun/servlet/hlogin HTTP/1.1" 200 1723
190.171.142.10 - - [04/May/2022:16:59:46 -0300] "POST /cormun/servlet/hlogin?94b99842cd557f985bcdbd72caed47e3,gx-no-cache=1651689998523 HTTP/1.1" 200 90
190.171.142.10 - - [04/May/2022:16:59:46 -0300] "GET /cormun/servlet/hpexe_link HTTP/1.1" 200 953
190.171.142.10 - - [04/May/2022:16:59:47 -0300] "GET /cormun/servlet/trlicencias HTTP/1.1" 200 16675
190.171.142.10 - - [04/May/2022:16:59:47 -0300] "GET /cormun/servlet/trlicencias HTTP/1.1" 200 16656
190.171.142.10 - - [04/May/2022:17:00:00 -0300] "GET /cormun/servlet/trlicenciaspermisoslog?12517376,L,20220501000000, HTTP/1.1" 200 6195
190.171.142.10 - - [04/May/2022:17:00:00 -0300] "GET /cormun/static/calendar-system.css?75620 HTTP/1.1" 200 5572
190.171.142.10 - - [04/May/2022:17:00:00 -0300] "GET /cormun/static/gxcfg.js?201991422452353 HTTP/1.1" 200 953
190.171.142.10 - - [04/May/2022:17:00:00 -0300] "GET /cormun/static/gxui/gxui-all.css?110300 HTTP/1.1" 200 2179
190.171.142.10 - - [04/May/2022:17:00:00 -0300] "GET /cormun/static/trlicenciaspermisoslog.js?201991422452676 HTTP/1.1" 200 20074
190.171.142.10 - - [04/May/2022:17:00:00 -0300] "GET /cormun/static/Shared/ext/resources/css/ext-all.css?205870 HTTP/1.1" 200 416045
190.171.142.10 - - [04/May/2022:17:00:01 -0300] "GET /cormun/servlet/trlicenciaspermisoslog?12517376,L,20220501000000, HTTP/1.1" 200 6196
190.171.142.10 - - [04/May/2022:17:00:05 -0300] "GET /cormun/servlet/trlicencias HTTP/1.1" 200 16687
190.171.142.10 - - [04/May/2022:17:00:06 -0300] "GET /cormun/servlet/trlicencias HTTP/1.1" 200 16657
190.171.149.74 - - [04/May/2022:17:00:12 -0300] "GET /cormun/servlet/solicitudot?d911b5b39daf8fa82c2a299dde27caeb0878b01eece42f643c7900135c848e4c4192540c0c63e09419858df36281e36966d33af5ad0a5cbf4c217f3f2605e66a,gx-no-cache=1651693631691 HTTP/1.1" 200 30
190.171.149.74 - - [04/May/2022:17:00:12 -0300] "GET /cormun/servlet/solicitudot?d911b5b39daf8fa82c2a299dde27caeb2ff594e9e84c98e9fd081302ac5b28c3,gx-no-cache=1651693631732 HTTP/1.1" 200 29
190.171.149.74 - - [04/May/2022:17:00:15 -0300] "POST /cormun/servlet/solicitudot?gx-no-cache=1651693634215 HTTP/1.1" 200 240
190.171.142.10 - - [04/May/2022:17:00:16 -0300] "GET /cormun/servlet/licenciaspermisos?DSP,12517376,L,20220501000000, HTTP/1.1" 200 7089
190.171.142.10 - - [04/May/2022:17:00:16 -0300] "GET /cormun/static/gxcfg.js?202012153173 HTTP/1.1" 200 953
190.171.142.10 - - [04/May/2022:17:00:16 -0300] "GET /cormun/static/licenciaspermisos.js?2020121532136 HTTP/1.1" 200 38824
190.171.142.10 - - [04/May/2022:17:00:16 -0300] "GET /cormun/static/Resources/prompt.gif HTTP/1.1" 200 902
190.171.142.10 - - [04/May/2022:17:00:17 -0300] "GET /cormun/servlet/licenciaspermisos?DSP,12517376,L,20220501000000, HTTP/1.1" 200 7090
190.171.149.74 - - [04/May/2022:17:00:21 -0300] "GET /cormun/servlet/solicitudot?d911b5b39daf8fa82c2a299dde27caeb05aa29286cc67f8fce530bbcbc6fbe6eae5a8d99e3caad3aebb66e915ca50f121c25bf0d2dcf8850f9ef655f302d21d79eed3650d236237c8699e3741dd82e456cb09201e8ae596762682e49292edf30dc638d8afc9c8bac9270b7d77cb8ed31a71f6fa03a7deaf2bd879512eb7191dcfce00a5b3c42811594472a8bd4a450dad7aaa4996a2a7efa8bc9290c6acdc3845f5ac93761262500e8c84061230258983c4d9965431149107cdb60978eda27daddd38eb9dfedf98626df0defb6f8d99a964962d7e4b7c81e89cf401641687af0f643af6fd04355120cb0effe05a50d3da3ac054c8db12d9a0c9a657d75072290bdfaa0eb318d7a396fcd1f8d39ca5b8ed088404a1af0c0191ea5bbe2be13b5fd905dddc592c9e2c0a8e430728135252cb069014258ab3f1e5715d72f5bb52e62ee9c62acb42a9fdde75fb7c016b01f9ca59649f85aee8f2516df149d9e6b6340c467a781e34d492b2eba03402813d9bda3eb733a6b3e9f95d390e46839e20927,gx-no-cache=1651693640162 HTTP/1.1" 200 30
190.171.149.74 - - [04/May/2022:17:00:25 -0300] "POST /cormun/servlet/solicitudot?gx-no-cache=1651693644141 HTTP/1.1" 200 30
192.168.10.11 - - [04/May/2022:17:00:28 -0300] "GET / HTTP/1.1" 200 11217
190.171.149.74 - - [04/May/2022:17:00:32 -0300] "POST /cormun/servlet/solicitudot?gx-no-cache=1651693651277 HTTP/1.1" 200 30
190.171.142.10 - - [04/May/2022:17:00:37 -0300] "GET /cormun/servlet/trlicencias HTTP/1.1" 200 16675
190.171.142.10 - - [04/May/2022:17:00:38 -0300] "GET /cormun/servlet/trlicencias HTTP/1.1" 200 16688
190.171.149.74 - - [04/May/2022:17:00:39 -0300] "POST /cormun/servlet/solicitudot?gx-no-cache=1651693657899 HTTP/1.1" 200 30
190.171.144.234 - - [04/May/2022:17:00:39 -0300] "GET /cormun/servlet/permisogoce?INS,0,,, HTTP/1.1" 200 6871
190.171.144.234 - - [04/May/2022:17:00:40 -0300] "GET /cormun/servlet/permisogoce?INS,0,,, HTTP/1.1" 200 6848
190.171.142.10 - - [04/May/2022:17:00:42 -0300] "GET /cormun/servlet/licenciaspermisos?DSP,12517376,L,20220501000000, HTTP/1.1" 200 7089
190.171.142.10 - - [04/May/2022:17:00:42 -0300] "GET /cormun/servlet/licenciaspermisos?DSP,12517376,L,20220501000000, HTTP/1.1" 200 7090
190.171.149.74 - - [04/May/2022:17:00:49 -0300] "POST /cormun/servlet/solicitudot?gx-no-cache=1651693667793 HTTP/1.1" 200 1455
190.171.149.74 - - [04/May/2022:17:00:51 -0300] "GET /cormun/servlet/prlicenciaspermisos?9055439,L,,MD,,gxPopupLevel%3D0%3B HTTP/1.1" 200 5713
190.171.149.74 - - [04/May/2022:17:00:58 -0300] "POST /cormun/servlet/solicitudot?gx-no-cache=1651693677690 HTTP/1.1" 200 41
190.171.144.234 - - [04/May/2022:17:01:00 -0300] "GET /cormun/servlet/permisogoce?ec56e3ee90d478f06afea57cc531538785fab0f7b4601a4afa255b37b6b3e700d5b02633a6856be34afa8c2c8b533a2a2f2039044984863e89a1ed66b16aab42,gx-no-cache=1651693677820 HTTP/1.1" 200 76
190.171.142.10 - - [04/May/2022:17:01:01 -0300] "POST /cormun/servlet/licenciaspermisos?94b99842cd557f985bcdbd72caed47e3,DSP,12517376,L,20220501000000,,gx-no-cache=1651690073599 HTTP/1.1" 200 93
190.171.142.10 - - [04/May/2022:17:01:01 -0300] "GET /cormun/servlet/hpexe_return? HTTP/1.1" 200 1027
190.171.142.10 - - [04/May/2022:17:01:01 -0300] "GET /cormun/static/gxcfg.js?201991422392976 HTTP/1.1" 200 953
190.171.142.10 - - [04/May/2022:17:01:01 -0300] "GET /cormun/static/hpexe_return.js?201991422392984 HTTP/1.1" 200 1633
190.171.142.10 - - [04/May/2022:17:01:02 -0300] "GET /cormun/servlet/trlicencias HTTP/1.1" 200 16686
190.171.142.10 - - [04/May/2022:17:01:02 -0300] "GET /cormun/servlet/trlicencias HTTP/1.1" 200 16690
190.171.144.234 - - [04/May/2022:17:01:05 -0300] "GET /cormun/static/menuarrow.gif HTTP/1.1" 404 1015
190.171.149.74 - - [04/May/2022:17:01:13 -0300] "GET /cormun/servlet/solicitudot?d911b5b39daf8fa82c2a299dde27caeb7d8a078e1765c3fd17927be5d379601665212bd1d2b6cf2e9c15ffc26ebffc17782bc85c447e8d9d6ab4723e33ac1f1d0092b9c93e1ea0a03c2056ea69cb72c1aaf2a1d7b719cd43bb277f2c5e361efe2acaf2433513d1497e8a8e0368fcfaba,gx-no-cache=1651693691867 HTTP/1.1" 200 110
190.171.149.74 - - [04/May/2022:17:01:13 -0300] "POST /cormun/servlet/solicitudot?gx-no-cache=1651693691905 HTTP/1.1" 200 79
190.171.144.234 - - [04/May/2022:17:01:16 -0300] "GET /cormun/servlet/permisogoce?ec56e3ee90d478f06afea57cc53153871eca57de8f21155f9187816d6e3ef36ad7e454255498f9efe05556e57af003abbb3129882ebc40d5f4af35742e8c0012,gx-no-cache=1651693694020 HTTP/1.1" 200 48
190.171.149.74 - - [04/May/2022:17:01:18 -0300] "GET /cormun/servlet/solicitudot?d911b5b39daf8fa82c2a299dde27caeba8a3742662c1347b1be9005e8a7dd9f4fd4983de8dc12b7897e721f8c1fa7808b7d912b3a560173cb1cf22b000fedecb2d9d38ea956b6a1be7f6c65348e7c98eaa6264e37d05276e018163d7e1e199ff162a26ba9805646aebdb8985ea043ff0,gx-no-cache=1651693697410 HTTP/1.1" 200 29
190.171.149.74 - - [04/May/2022:17:01:18 -0300] "GET /cormun/static/menuarrow.gif HTTP/1.1" 404 1015
190.171.144.234 - - [04/May/2022:17:01:18 -0300] "POST /cormun/servlet/permisogoce?0f1e02e13207d3ab9241ef746a022720,INS,0,,,,gx-no-cache=1651693695767 HTTP/1.1" 200 93
190.171.144.234 - - [04/May/2022:17:01:18 -0300] "GET /cormun/servlet/hpexe_return? HTTP/1.1" 200 1032
190.171.144.234 - - [04/May/2022:17:01:19 -0300] "GET /cormun/servlet/trpermisosgoce?gx-no-cache=1651693076430 HTTP/1.1" 200 12496
190.171.144.234 - - [04/May/2022:17:01:19 -0300] "GET /cormun/servlet/trpermisosgoce?gx-no-cache=1651693076430 HTTP/1.1" 200 12512
190.171.149.74 - - [04/May/2022:17:01:21 -0300] "GET /cormun/servlet/solicitudot?d911b5b39daf8fa82c2a299dde27caeba11a6d2f36de4713494ebcc08e00c8452e1b0794f105ea3c118b95c7f6f0a67b,gx-no-cache=1651693699895 HTTP/1.1" 200 30
190.171.149.74 - - [04/May/2022:17:01:21 -0300] "POST /cormun/servlet/solicitudot?gx-no-cache=1651693699922 HTTP/1.1" 200 34
190.171.144.234 - - [04/May/2022:17:01:24 -0300] "GET /cormun/servlet/apermisogoceprn?15492873,P,20220504154445,PU HTTP/1.1" 200 1648
190.171.149.74 - - [04/May/2022:17:01:26 -0300] "POST /cormun/servlet/solicitudot?8f755f455f4af73d5897d45bd6e4dbb9,INS,0,0,false,,gx-no-cache=1651693705110 HTTP/1.1" 200 93
190.171.149.74 - - [04/May/2022:17:01:26 -0300] "GET /cormun/servlet/hpexe_return? HTTP/1.1" 200 1012
190.171.149.74 - - [04/May/2022:17:01:26 -0300] "GET /cormun/servlet/trsolicitudot HTTP/1.1" 200 8598
190.171.149.74 - - [04/May/2022:17:01:27 -0300] "GET /cormun/servlet/trsolicitudot HTTP/1.1" 200 8594
192.168.10.11 - - [04/May/2022:17:01:28 -0300] "GET / HTTP/1.1" 200 11217
190.171.144.234 - - [04/May/2022:17:01:44 -0300] "GET /cormun/servlet/permisogoce?INS,0,,, HTTP/1.1" 200 6871
190.171.144.234 - - [04/May/2022:17:01:44 -0300] "GET /cormun/servlet/permisogoce?INS,0,,, HTTP/1.1" 200 6848
190.171.144.234 - - [04/May/2022:17:01:53 -0300] "GET /cormun/servlet/permisogoce?ec56e3ee90d478f06afea57cc531538785fab0f7b4601a4afa255b37b6b3e700d5b02633a6856be34afa8c2c8b533a2a2f2039044984863e89a1ed66b16aab42,gx-no-cache=1651693730426 HTTP/1.1" 200 73
190.171.144.234 - - [04/May/2022:17:01:53 -0300] "GET /cormun/static/menuarrow.gif HTTP/1.1" 404 1015
190.171.144.234 - - [04/May/2022:17:01:56 -0300] "GET /cormun/servlet/permisogoce?ec56e3ee90d478f06afea57cc53153871eca57de8f21155f9187816d6e3ef36af505ddf7ef310971e2693238785fa845bb3129882ebc40d5f4af35742e8c0012,gx-no-cache=1651693734210 HTTP/1.1" 200 47
190.171.144.234 - - [04/May/2022:17:01:59 -0300] "POST /cormun/servlet/permisogoce?0f1e02e13207d3ab9241ef746a022720,INS,0,,,,gx-no-cache=1651693736110 HTTP/1.1" 200 93
190.171.144.234 - - [04/May/2022:17:01:59 -0300] "GET /cormun/servlet/hpexe_return? HTTP/1.1" 200 1032
190.171.144.234 - - [04/May/2022:17:01:59 -0300] "GET /cormun/servlet/trpermisosgoce?gx-no-cache=1651693076430 HTTP/1.1" 200 12700
190.171.144.234 - - [04/May/2022:17:01:59 -0300] "GET /cormun/servlet/trpermisosgoce?gx-no-cache=1651693076430 HTTP/1.1" 200 12716
190.171.144.234 - - [04/May/2022:17:02:04 -0300] "GET /cormun/servlet/apermisogoceprn?15492873,P,20220504154550,PU HTTP/1.1" 200 1646
190.171.144.234 - - [04/May/2022:17:02:12 -0300] "GET /cormun/servlet/permisogoce?INS,0,,, HTTP/1.1" 200 6872
190.171.144.234 - - [04/May/2022:17:02:13 -0300] "GET /cormun/servlet/permisogoce?INS,0,,, HTTP/1.1" 200 6848
190.171.144.234 - - [04/May/2022:17:02:25 -0300] "GET /cormun/servlet/permisogoce?ec56e3ee90d478f06afea57cc5315387bc7e3c01ff4f85bd0cc7d9d83367460738ae75879f4f70fec8b4c0ec014d6f46948715c9df0e8d140b4d088b0488a2e2,gx-no-cache=1651693762691 HTTP/1.1" 200 89
190.171.144.234 - - [04/May/2022:17:02:27 -0300] "GET /cormun/static/menuarrow.gif HTTP/1.1" 404 1015
192.168.10.11 - - [04/May/2022:17:02:28 -0300] "GET / HTTP/1.1" 200 11217
213.226.123.30 - - [04/May/2022:17:02:31 -0300] "GET /securityRealm/user/admin/search/index?q=a HTTP/1.1" 404 1035
190.171.144.234 - - [04/May/2022:17:02:31 -0300] "GET /cormun/servlet/permisogoce?ec56e3ee90d478f06afea57cc531538728e6a1e95412f8c22f8039c2994bb32ff14a34b36609a5855be10cffd763a86c59115ba7a23106416b9080b88a3d1543,gx-no-cache=1651693768691 HTTP/1.1" 200 129
190.171.144.234 - - [04/May/2022:17:02:31 -0300] "GET /cormun/static/Shared/jqueryui/images/ui-bg_highlight-soft_100_c6c2c8_1x100.png HTTP/1.1" 404 1117
190.171.144.234 - - [04/May/2022:17:02:31 -0300] "GET /cormun/static/Shared/jqueryui/images/ui-icons_82798d_256x240.png HTTP/1.1" 404 1089
190.171.144.234 - - [04/May/2022:17:02:31 -0300] "GET /cormun/static/Shared/jqueryui/images/ui-bg_flat_55_994d53_40x100.png HTTP/1.1" 404 1097
190.171.144.234 - - [04/May/2022:17:02:31 -0300] "GET /cormun/static/Shared/jqueryui/images/ui-icons_ebccce_256x240.png HTTP/1.1" 404 1089
190.171.149.74 - - [04/May/2022:17:02:31 -0300] "POST /cormun/servlet/trsolicitudot?8f755f455f4af73d5897d45bd6e4dbb9,gx-no-cache=1651693770178 HTTP/1.1" 200 107
190.171.149.74 - - [04/May/2022:17:02:31 -0300] "GET /cormun/servlet/trsolicitudadjuntos?2022,18618, HTTP/1.1" 200 6091
190.171.149.74 - - [04/May/2022:17:02:31 -0300] "GET /cormun/servlet/trsolicitudadjuntos?2022,18618, HTTP/1.1" 200 6091
190.171.144.234 - - [04/May/2022:17:02:35 -0300] "GET /cormun/servlet/permisogoce?ec56e3ee90d478f06afea57cc531538728e6a1e95412f8c22f8039c2994bb32ffd48962137513430e3d96b304ea7a11759115ba7a23106416b9080b88a3d1543,gx-no-cache=1651693772874 HTTP/1.1" 200 47
190.171.144.234 - - [04/May/2022:17:02:37 -0300] "POST /cormun/servlet/permisogoce?0f1e02e13207d3ab9241ef746a022720,INS,0,,,,gx-no-cache=1651693775008 HTTP/1.1" 200 93
190.171.144.234 - - [04/May/2022:17:02:37 -0300] "GET /cormun/servlet/hpexe_return? HTTP/1.1" 200 1032
190.171.144.234 - - [04/May/2022:17:02:38 -0300] "GET /cormun/servlet/trpermisosgoce?gx-no-cache=1651693076430 HTTP/1.1" 200 12879
190.171.144.234 - - [04/May/2022:17:02:38 -0300] "GET /cormun/servlet/trpermisosgoce?gx-no-cache=1651693076430 HTTP/1.1" 200 12893
190.171.144.234 - - [04/May/2022:17:02:43 -0300] "GET /cormun/servlet/apermisogoceprn?6600648,P,20220504154618,PU HTTP/1.1" 200 1661
190.171.149.74 - - [04/May/2022:17:02:46 -0300] "GET /cormun/servlet/solicitudotadjuntos?INS,2022,18618,,1, HTTP/1.1" 200 6036
190.171.149.74 - - [04/May/2022:17:02:46 -0300] "GET /cormun/static/about:blank HTTP/1.1" 404 1011
190.171.149.74 - - [04/May/2022:17:02:46 -0300] "GET /cormun/servlet/solicitudotadjuntos?INS,2022,18618,,1, HTTP/1.1" 200 6030
190.171.149.74 - - [04/May/2022:17:02:47 -0300] "GET /cormun/servlet/solicitudotadjuntos?d911b5b39daf8fa82c2a299dde27caeb1cdbf988d931746268ff84919492b432b64f42a2fdc406c5acae76580961133b,gx-no-cache=1651693786073 HTTP/1.1" 200 30
190.171.149.74 - - [04/May/2022:17:02:47 -0300] "POST /cormun/servlet/solicitudotadjuntos?8f755f455f4af73d5897d45bd6e4dbb9,INS,2022,18618,,1,,gx-no-cache=1651693786102 HTTP/1.1" 200 3876
190.171.149.74 - - [04/May/2022:17:02:49 -0300] "POST /cormun/servlet/solicitudotadjuntos?gx-no-cache=1651693787913 HTTP/1.1" 200 26
190.171.152.138 - - [04/May/2022:17:03:03 -0300] "GET /cormun/servlet/hlogin HTTP/1.1" 200 1728
190.171.149.74 - - [04/May/2022:17:03:10 -0300] "GET /cormun/servlet/solicitudotadjuntos?d911b5b39daf8fa82c2a299dde27caeba7c780e01b70b361aa7a23832fecc3b2,gx-no-cache=1651693809044 HTTP/1.1" 200 30
190.171.149.74 - - [04/May/2022:17:03:10 -0300] "GET /cormun/servlet/solicitudotadjuntos?d911b5b39daf8fa82c2a299dde27caeba7c780e01b70b361aa7a23832fecc3b2,gx-no-cache=1651693809117 HTTP/1.1" 200 30
190.171.149.74 - - [04/May/2022:17:03:10 -0300] "POST /cormun/servlet/solicitudotadjuntos?8f755f455f4af73d5897d45bd6e4dbb9,INS,2022,18618,,1, HTTP/1.1" 200 116
190.171.149.74 - - [04/May/2022:17:03:10 -0300] "GET /cormun/servlet/hpexe_return? HTTP/1.1" 200 1030
190.171.149.74 - - [04/May/2022:17:03:10 -0300] "GET /cormun/servlet/trsolicitudadjuntos?2022,18618, HTTP/1.1" 200 8877
190.171.149.74 - - [04/May/2022:17:03:11 -0300] "GET /cormun/servlet/trsolicitudadjuntos?2022,18618, HTTP/1.1" 200 8875
190.171.149.74 - - [04/May/2022:17:03:18 -0300] "GET /cormun/servlet/solicitudotadjuntos?INS,2022,18618,,1, HTTP/1.1" 200 6034
190.171.149.74 - - [04/May/2022:17:03:18 -0300] "GET /cormun/static/about:blank HTTP/1.1" 404 1011
190.171.149.74 - - [04/May/2022:17:03:18 -0300] "GET /cormun/servlet/solicitudotadjuntos?INS,2022,18618,,1, HTTP/1.1" 200 6028
190.171.149.74 - - [04/May/2022:17:03:19 -0300] "GET /cormun/servlet/solicitudotadjuntos?d911b5b39daf8fa82c2a299dde27caeb1cdbf988d931746268ff84919492b432b64f42a2fdc406c5acae76580961133b,gx-no-cache=1651693818084 HTTP/1.1" 200 30
190.171.149.74 - - [04/May/2022:17:03:19 -0300] "POST /cormun/servlet/solicitudotadjuntos?8f755f455f4af73d5897d45bd6e4dbb9,INS,2022,18618,,1,,gx-no-cache=1651693818121 HTTP/1.1" 200 3875
190.171.152.138 - - [04/May/2022:17:03:19 -0300] "POST /cormun/servlet/hlogin?831c2cd43e569f079b308066ef735c81,gx-no-cache=1651690213898 HTTP/1.1" 200 90
190.171.152.138 - - [04/May/2022:17:03:19 -0300] "GET /cormun/servlet/hpexe_link HTTP/1.1" 200 956
190.171.152.138 - - [04/May/2022:17:03:20 -0300] "GET /cormun/servlet/hhome HTTP/1.1" 200 3856
190.171.152.138 - - [04/May/2022:17:03:20 -0300] "GET /cormun/servlet/hhome HTTP/1.1" 200 3853
190.171.149.74 - - [04/May/2022:17:03:21 -0300] "POST /cormun/servlet/solicitudotadjuntos?gx-no-cache=1651693820261 HTTP/1.1" 200 26
190.171.152.138 - - [04/May/2022:17:03:23 -0300] "GET /cormun/servlet/trpermisosgoce? HTTP/1.1" 200 9469
190.171.152.138 - - [04/May/2022:17:03:23 -0300] "GET /cormun/servlet/trpermisosgoce? HTTP/1.1" 200 9467
190.171.152.138 - - [04/May/2022:17:03:27 -0300] "GET /cormun/servlet/permisogoce?INS,0,,, HTTP/1.1" 200 6719
190.171.152.138 - - [04/May/2022:17:03:27 -0300] "GET /cormun/servlet/permisogoce?INS,0,,, HTTP/1.1" 200 6719
192.168.10.11 - - [04/May/2022:17:03:28 -0300] "GET / HTTP/1.1" 200 11217
190.171.149.74 - - [04/May/2022:17:03:29 -0300] "GET /cormun/servlet/solicitudotadjuntos?d911b5b39daf8fa82c2a299dde27caeba7c780e01b70b361aa7a23832fecc3b2,gx-no-cache=1651693828255 HTTP/1.1" 200 30
190.171.149.74 - - [04/May/2022:17:03:29 -0300] "GET /cormun/servlet/solicitudotadjuntos?d911b5b39daf8fa82c2a299dde27caeba7c780e01b70b361aa7a23832fecc3b2,gx-no-cache=1651693828268 HTTP/1.1" 200 30
190.171.149.74 - - [04/May/2022:17:03:29 -0300] "POST /cormun/servlet/solicitudotadjuntos?8f755f455f4af73d5897d45bd6e4dbb9,INS,2022,18618,,1, HTTP/1.1" 200 116
190.171.149.74 - - [04/May/2022:17:03:29 -0300] "GET /cormun/servlet/hpexe_return? HTTP/1.1" 200 1030
190.171.149.74 - - [04/May/2022:17:03:29 -0300] "GET /cormun/servlet/trsolicitudadjuntos?2022,18618, HTTP/1.1" 200 9127
190.171.149.74 - - [04/May/2022:17:03:30 -0300] "GET /cormun/servlet/trsolicitudadjuntos?2022,18618, HTTP/1.1" 200 9126
190.171.149.74 - - [04/May/2022:17:03:32 -0300] "GET /cormun/servlet/solicitudotadjuntos?INS,2022,18618,,1, HTTP/1.1" 200 6034
190.171.149.74 - - [04/May/2022:17:03:32 -0300] "GET /cormun/static/about:blank HTTP/1.1" 404 1011
190.171.149.74 - - [04/May/2022:17:03:32 -0300] "GET /cormun/servlet/solicitudotadjuntos?INS,2022,18618,,1, HTTP/1.1" 200 6028
190.171.149.74 - - [04/May/2022:17:03:32 -0300] "GET /cormun/servlet/solicitudotadjuntos?d911b5b39daf8fa82c2a299dde27caeb1cdbf988d931746268ff84919492b432b64f42a2fdc406c5acae76580961133b,gx-no-cache=1651693831490 HTTP/1.1" 200 30
190.171.149.74 - - [04/May/2022:17:03:32 -0300] "POST /cormun/servlet/solicitudotadjuntos?8f755f455f4af73d5897d45bd6e4dbb9,INS,2022,18618,,1,,gx-no-cache=1651693831525 HTTP/1.1" 200 3875
190.171.149.74 - - [04/May/2022:17:03:38 -0300] "POST /cormun/servlet/solicitudotadjuntos?gx-no-cache=1651693837680 HTTP/1.1" 200 26
190.171.152.138 - - [04/May/2022:17:03:41 -0300] "GET /cormun/servlet/permisogoce?ce36aba7676b76050f6fb2549cb6c5f17913c90dee85c23ffa59366d14e439985221f7d02faad08806f5273266db64cd9fa2743f54c1c3a0324516094901e279,gx-no-cache=1651690235638 HTTP/1.1" 200 83
190.171.152.138 - - [04/May/2022:17:03:43 -0300] "GET /cormun/static/menuarrow.gif HTTP/1.1" 404 1015
190.171.149.74 - - [04/May/2022:17:03:46 -0300] "GET /cormun/servlet/solicitudotadjuntos?d911b5b39daf8fa82c2a299dde27caeba7c780e01b70b361aa7a23832fecc3b2,gx-no-cache=1651693845683 HTTP/1.1" 200 30
190.171.149.74 - - [04/May/2022:17:03:46 -0300] "GET /cormun/servlet/solicitudotadjuntos?d911b5b39daf8fa82c2a299dde27caeba7c780e01b70b361aa7a23832fecc3b2,gx-no-cache=1651693845696 HTTP/1.1" 200 30
190.171.149.74 - - [04/May/2022:17:03:47 -0300] "POST /cormun/servlet/solicitudotadjuntos?8f755f455f4af73d5897d45bd6e4dbb9,INS,2022,18618,,1, HTTP/1.1" 200 116
190.171.149.74 - - [04/May/2022:17:03:47 -0300] "GET /cormun/servlet/hpexe_return? HTTP/1.1" 200 1030
190.171.149.74 - - [04/May/2022:17:03:47 -0300] "GET /cormun/servlet/trsolicitudadjuntos?2022,18618, HTTP/1.1" 200 9311
190.171.149.74 - - [04/May/2022:17:03:47 -0300] "GET /cormun/servlet/trsolicitudadjuntos?2022,18618, HTTP/1.1" 200 9306
190.171.149.74 - - [04/May/2022:17:03:50 -0300] "GET /cormun/servlet/solicitudotadjuntos?INS,2022,18618,,1, HTTP/1.1" 200 6034
190.171.149.74 - - [04/May/2022:17:03:51 -0300] "GET /cormun/static/about:blank HTTP/1.1" 404 1011
190.171.149.74 - - [04/May/2022:17:03:51 -0300] "GET /cormun/servlet/solicitudotadjuntos?INS,2022,18618,,1, HTTP/1.1" 200 6028
190.171.149.74 - - [04/May/2022:17:03:51 -0300] "GET /cormun/servlet/solicitudotadjuntos?d911b5b39daf8fa82c2a299dde27caeb1cdbf988d931746268ff84919492b432b64f42a2fdc406c5acae76580961133b,gx-no-cache=1651693850366 HTTP/1.1" 200 30
190.171.149.74 - - [04/May/2022:17:03:51 -0300] "POST /cormun/servlet/solicitudotadjuntos?8f755f455f4af73d5897d45bd6e4dbb9,INS,2022,18618,,1,,gx-no-cache=1651693850387 HTTP/1.1" 200 3875
190.171.152.138 - - [04/May/2022:17:03:53 -0300] "GET /cormun/servlet/permisogoce?ce36aba7676b76050f6fb2549cb6c5f1d9331f528dc1d92e4040654be404b798fa95f4c9264832e772d3eb2668f7f8ccd545143deaa18ffd950aa1e6bd949706,gx-no-cache=1651690247913 HTTP/1.1" 200 44
190.171.149.74 - - [04/May/2022:17:03:55 -0300] "POST /cormun/servlet/solicitudotadjuntos?gx-no-cache=1651693854142 HTTP/1.1" 200 26
190.171.152.138 - - [04/May/2022:17:03:59 -0300] "POST /cormun/servlet/permisogoce?831c2cd43e569f079b308066ef735c81,INS,0,,,,gx-no-cache=1651690253860 HTTP/1.1" 200 93
190.171.152.138 - - [04/May/2022:17:03:59 -0300] "GET /cormun/servlet/hpexe_return? HTTP/1.1" 200 1014
190.171.152.138 - - [04/May/2022:17:04:00 -0300] "GET /cormun/servlet/trpermisosgoce HTTP/1.1" 200 9750
190.171.152.138 - - [04/May/2022:17:04:00 -0300] "GET /cormun/servlet/trpermisosgoce HTTP/1.1" 200 9745
190.171.149.74 - - [04/May/2022:17:04:02 -0300] "GET /cormun/servlet/solicitudotadjuntos?d911b5b39daf8fa82c2a299dde27caeba7c780e01b70b361aa7a23832fecc3b2,gx-no-cache=1651693861626 HTTP/1.1" 200 30
190.171.149.74 - - [04/May/2022:17:04:03 -0300] "GET /cormun/servlet/solicitudotadjuntos?d911b5b39daf8fa82c2a299dde27caeba7c780e01b70b361aa7a23832fecc3b2,gx-no-cache=1651693861704 HTTP/1.1" 200 30
190.171.149.74 - - [04/May/2022:17:04:03 -0300] "POST /cormun/servlet/solicitudotadjuntos?8f755f455f4af73d5897d45bd6e4dbb9,INS,2022,18618,,1, HTTP/1.1" 200 116
190.171.149.74 - - [04/May/2022:17:04:03 -0300] "GET /cormun/servlet/hpexe_return? HTTP/1.1" 200 1030
190.171.149.74 - - [04/May/2022:17:04:04 -0300] "GET /cormun/servlet/trsolicitudadjuntos?2022,18618, HTTP/1.1" 200 9580
190.171.149.74 - - [04/May/2022:17:04:04 -0300] "GET /cormun/servlet/trsolicitudadjuntos?2022,18618, HTTP/1.1" 200 9578
190.171.152.138 - - [04/May/2022:17:04:07 -0300] "GET /cormun/servlet/apermisogoceprn?17139473,P,20220504154733,PU HTTP/1.1" 200 1646
190.171.149.74 - - [04/May/2022:17:04:08 -0300] "GET /cormun/servlet/solicitudotadjuntos?INS,2022,18618,,1, HTTP/1.1" 200 6035
190.171.149.74 - - [04/May/2022:17:04:09 -0300] "GET /cormun/static/about:blank HTTP/1.1" 404 1011
190.171.149.74 - - [04/May/2022:17:04:09 -0300] "GET /cormun/servlet/solicitudotadjuntos?INS,2022,18618,,1, HTTP/1.1" 200 6029
190.171.149.74 - - [04/May/2022:17:04:09 -0300] "GET /cormun/servlet/solicitudotadjuntos?d911b5b39daf8fa82c2a299dde27caeb1cdbf988d931746268ff84919492b432b64f42a2fdc406c5acae76580961133b,gx-no-cache=1651693868503 HTTP/1.1" 200 30
190.171.149.74 - - [04/May/2022:17:04:09 -0300] "POST /cormun/servlet/solicitudotadjuntos?8f755f455f4af73d5897d45bd6e4dbb9,INS,2022,18618,,1,,gx-no-cache=1651693868595 HTTP/1.1" 200 3875
190.171.149.74 - - [04/May/2022:17:04:12 -0300] "POST /cormun/servlet/solicitudotadjuntos?gx-no-cache=1651693871197 HTTP/1.1" 200 26
192.168.10.11 - - [04/May/2022:17:04:28 -0300] "GET / HTTP/1.1" 200 11217
190.171.149.74 - - [04/May/2022:17:04:46 -0300] "GET /cormun/servlet/solicitudotadjuntos?d911b5b39daf8fa82c2a299dde27caeba7c780e01b70b361aa7a23832fecc3b2,gx-no-cache=1651693905497 HTTP/1.1" 200 30
190.171.149.74 - - [04/May/2022:17:04:46 -0300] "GET /cormun/servlet/solicitudotadjuntos?d911b5b39daf8fa82c2a299dde27caeba7c780e01b70b361aa7a23832fecc3b2,gx-no-cache=1651693905672 HTTP/1.1" 200 30
190.171.149.74 - - [04/May/2022:17:04:47 -0300] "POST /cormun/servlet/solicitudotadjuntos?8f755f455f4af73d5897d45bd6e4dbb9,INS,2022,18618,,1, HTTP/1.1" 200 116
190.171.149.74 - - [04/May/2022:17:04:47 -0300] "GET /cormun/servlet/hpexe_return? HTTP/1.1" 200 1030
190.171.149.74 - - [04/May/2022:17:04:47 -0300] "GET /cormun/servlet/trsolicitudadjuntos?2022,18618, HTTP/1.1" 200 9870
190.171.149.74 - - [04/May/2022:17:04:47 -0300] "GET /cormun/servlet/trsolicitudadjuntos?2022,18618, HTTP/1.1" 200 9869
190.171.149.74 - - [04/May/2022:17:04:49 -0300] "GET /cormun/servlet/solicitudotadjuntos?INS,2022,18618,,1, HTTP/1.1" 200 6035
190.171.149.74 - - [04/May/2022:17:04:49 -0300] "GET /cormun/static/about:blank HTTP/1.1" 404 1011
190.171.149.74 - - [04/May/2022:17:04:49 -0300] "GET /cormun/servlet/solicitudotadjuntos?INS,2022,18618,,1, HTTP/1.1" 200 6029
190.171.149.74 - - [04/May/2022:17:04:50 -0300] "GET /cormun/servlet/solicitudotadjuntos?d911b5b39daf8fa82c2a299dde27caeb1cdbf988d931746268ff84919492b432b64f42a2fdc406c5acae76580961133b,gx-no-cache=1651693908939 HTTP/1.1" 200 30
190.171.149.74 - - [04/May/2022:17:04:50 -0300] "POST /cormun/servlet/solicitudotadjuntos?8f755f455f4af73d5897d45bd6e4dbb9,INS,2022,18618,,1,,gx-no-cache=1651693908972 HTTP/1.1" 200 3875
190.171.149.74 - - [04/May/2022:17:04:52 -0300] "POST /cormun/servlet/solicitudotadjuntos?gx-no-cache=1651693911740 HTTP/1.1" 200 26
190.171.149.74 - - [04/May/2022:17:05:00 -0300] "GET /cormun/servlet/solicitudotadjuntos?d911b5b39daf8fa82c2a299dde27caeba7c780e01b70b361aa7a23832fecc3b2,gx-no-cache=1651693918888 HTTP/1.1" 200 30
190.171.149.74 - - [04/May/2022:17:05:00 -0300] "GET /cormun/servlet/solicitudotadjuntos?d911b5b39daf8fa82c2a299dde27caeba7c780e01b70b361aa7a23832fecc3b2,gx-no-cache=1651693918899 HTTP/1.1" 200 30
190.171.149.74 - - [04/May/2022:17:05:00 -0300] "POST /cormun/servlet/solicitudotadjuntos?8f755f455f4af73d5897d45bd6e4dbb9,INS,2022,18618,,1, HTTP/1.1" 200 116
190.171.149.74 - - [04/May/2022:17:05:00 -0300] "GET /cormun/servlet/hpexe_return? HTTP/1.1" 200 1030
190.171.141.90 - - [04/May/2022:17:05:00 -0300] "GET /cormun/servlet/licenciaspermisos?INS,0,,, HTTP/1.1" 200 7764
190.171.149.74 - - [04/May/2022:17:05:00 -0300] "GET /cormun/servlet/trsolicitudadjuntos?2022,18618, HTTP/1.1" 200 10047
190.171.141.90 - - [04/May/2022:17:05:00 -0300] "GET /cormun/static/gxcfg.js?202012153173 HTTP/1.1" 200 953
190.171.141.90 - - [04/May/2022:17:05:00 -0300] "GET /cormun/static/licenciaspermisos.js?2020121532136 HTTP/1.1" 200 38824
190.171.141.90 - - [04/May/2022:17:05:01 -0300] "GET /cormun/servlet/licenciaspermisos?INS,0,,, HTTP/1.1" 200 7772
190.171.149.74 - - [04/May/2022:17:05:01 -0300] "GET /cormun/servlet/trsolicitudadjuntos?2022,18618, HTTP/1.1" 200 10045
190.171.149.74 - - [04/May/2022:17:05:10 -0300] "GET /cormun/servlet/trsolicitudot? HTTP/1.1" 200 8601
190.171.149.74 - - [04/May/2022:17:05:11 -0300] "GET /cormun/servlet/trsolicitudot? HTTP/1.1" 200 8594
181.43.228.137 - - [04/May/2022:17:05:14 -0300] "GET /cormun/servlet/trsolicitudot? HTTP/1.1" 200 8822
181.43.228.137 - - [04/May/2022:17:05:18 -0300] "GET /cormun/servlet/trsolicitudot? HTTP/1.1" 200 8822
181.43.228.137 - - [04/May/2022:17:05:21 -0300] "POST /cormun/servlet/trsolicitudot?e8038f4b24f158d21b6c8deb2c406ade,,gx-no-cache=1651693938966 HTTP/1.1" 200 6060
181.43.228.137 - - [04/May/2022:17:05:24 -0300] "POST /cormun/servlet/trsolicitudot?e8038f4b24f158d21b6c8deb2c406ade,,gx-no-cache=1651693942245 HTTP/1.1" 200 107
181.43.228.137 - - [04/May/2022:17:05:25 -0300] "GET /cormun/servlet/trsolicitudadjuntos?2022,18304, HTTP/1.1" 200 6276
181.43.228.137 - - [04/May/2022:17:05:26 -0300] "GET /cormun/servlet/trsolicitudadjuntos?2022,18304, HTTP/1.1" 200 6275
192.168.10.11 - - [04/May/2022:17:05:28 -0300] "GET / HTTP/1.1" 200 11217
181.43.228.137 - - [04/May/2022:17:05:29 -0300] "GET /cormun/servlet/solicitudotadjuntos?INS,2022,18304,,1, HTTP/1.1" 200 6219
190.171.141.90 - - [04/May/2022:17:05:30 -0300] "GET /cormun/servlet/prfichaempleado?,MD,,gxPopupLevel%3D0%3B HTTP/1.1" 200 9154
181.43.228.137 - - [04/May/2022:17:05:30 -0300] "GET /cormun/static/about:blank HTTP/1.1" 404 1011
181.43.228.137 - - [04/May/2022:17:05:30 -0300] "GET /cormun/servlet/solicitudotadjuntos?INS,2022,18304,,1, HTTP/1.1" 200 6212
181.43.228.137 - - [04/May/2022:17:05:31 -0300] "GET /cormun/servlet/solicitudotadjuntos?0b4cd8bce66f2343ae415611fc013c8f0632f36185d0c149ff86169da8708e1b64ffc362a243a8c4c01f06657f585a4c,gx-no-cache=1651693948651 HTTP/1.1" 200 30
181.43.228.137 - - [04/May/2022:17:05:31 -0300] "POST /cormun/servlet/solicitudotadjuntos?e8038f4b24f158d21b6c8deb2c406ade,INS,2022,18304,,1,,gx-no-cache=1651693948807 HTTP/1.1" 200 4153
181.43.228.137 - - [04/May/2022:17:05:33 -0300] "POST /cormun/servlet/solicitudotadjuntos?gx-no-cache=1651693951232 HTTP/1.1" 200 26
190.171.141.90 - - [04/May/2022:17:05:38 -0300] "POST /cormun/servlet/prfichaempleado?d2f5df0eee30eb5654dc03b2ee06d7e4,,MD,,gxPopupLevel%3D0%3B,gx-no-cache=1651693953367 HTTP/1.1" 200 3546
190.171.141.90 - - [04/May/2022:17:05:43 -0300] "GET /cormun/servlet/licenciaspermisos?74cd7db80d7945e81df3ead02a95d0ba98d1aaa246849ce68a566aabbfb34f65b54c3129fcb22dda0c8ce896d961db0a721abb5d1af65e0e15561de9c33ed0b9,gx-no-cache=1651693959298 HTTP/1.1" 200 95
190.171.141.90 - - [04/May/2022:17:05:44 -0300] "POST /cormun/servlet/licenciaspermisos?d2f5df0eee30eb5654dc03b2ee06d7e4,INS,0,,,,gx-no-cache=1651693959328 HTTP/1.1" 200 5116
181.43.228.137 - - [04/May/2022:17:05:50 -0300] "GET /cormun/servlet/solicitudotadjuntos?0b4cd8bce66f2343ae415611fc013c8fef53f833b7a436748a694d5f24364fdb,gx-no-cache=1651693967863 HTTP/1.1" 200 30
181.43.228.137 - - [04/May/2022:17:05:50 -0300] "GET /cormun/servlet/solicitudotadjuntos?0b4cd8bce66f2343ae415611fc013c8fef53f833b7a436748a694d5f24364fdb,gx-no-cache=1651693967955 HTTP/1.1" 200 30
181.43.228.137 - - [04/May/2022:17:05:51 -0300] "POST /cormun/servlet/solicitudotadjuntos?e8038f4b24f158d21b6c8deb2c406ade,INS,2022,18304,,1, HTTP/1.1" 200 116
181.43.228.137 - - [04/May/2022:17:05:51 -0300] "GET /cormun/servlet/hpexe_return? HTTP/1.1" 200 1027
181.43.228.137 - - [04/May/2022:17:05:52 -0300] "GET /cormun/servlet/trsolicitudadjuntos?2022,18304, HTTP/1.1" 200 9094
181.43.228.137 - - [04/May/2022:17:05:53 -0300] "GET /cormun/servlet/trsolicitudadjuntos?2022,18304, HTTP/1.1" 200 9093
181.43.228.137 - - [04/May/2022:17:05:57 -0300] "GET /cormun/servlet/solicitudotadjuntos?INS,2022,18304,,1, HTTP/1.1" 200 6219
181.43.228.137 - - [04/May/2022:17:05:59 -0300] "GET /cormun/static/about:blank HTTP/1.1" 404 1011
181.43.228.137 - - [04/May/2022:17:05:59 -0300] "GET /cormun/servlet/solicitudotadjuntos?INS,2022,18304,,1, HTTP/1.1" 200 6213
181.43.228.137 - - [04/May/2022:17:05:59 -0300] "GET /cormun/servlet/solicitudotadjuntos?0b4cd8bce66f2343ae415611fc013c8f0632f36185d0c149ff86169da8708e1b64ffc362a243a8c4c01f06657f585a4c,gx-no-cache=1651693977200 HTTP/1.1" 200 30
181.43.228.137 - - [04/May/2022:17:06:00 -0300] "POST /cormun/servlet/solicitudotadjuntos?e8038f4b24f158d21b6c8deb2c406ade,INS,2022,18304,,1,,gx-no-cache=1651693977432 HTTP/1.1" 200 4154
190.171.149.74 - - [04/May/2022:17:06:02 -0300] "POST /cormun/servlet/trsolicitudot?8f755f455f4af73d5897d45bd6e4dbb9,,gx-no-cache=1651693980837 HTTP/1.1" 200 4576
190.171.149.74 - - [04/May/2022:17:06:02 -0300] "GET /cormun/static/Shared/jqueryui/images/ui-bg_highlight-soft_100_c6c2c8_1x100.png HTTP/1.1" 404 1117
190.171.149.74 - - [04/May/2022:17:06:02 -0300] "GET /cormun/static/Shared/jqueryui/images/ui-icons_82798d_256x240.png HTTP/1.1" 404 1089
190.171.149.74 - - [04/May/2022:17:06:02 -0300] "GET /cormun/static/Shared/jqueryui/images/ui-bg_flat_55_fafafa_40x100.png HTTP/1.1" 404 1097
190.171.149.74 - - [04/May/2022:17:06:02 -0300] "GET /cormun/static/Shared/jqueryui/images/ui-icons_8d78a5_256x240.png HTTP/1.1" 404 1089
190.171.149.74 - - [04/May/2022:17:06:02 -0300] "POST /cormun/servlet/trsolicitudot?8f755f455f4af73d5897d45bd6e4dbb9,,gx-no-cache=1651693981043 HTTP/1.1" 200 4342
181.43.228.137 - - [04/May/2022:17:06:04 -0300] "POST /cormun/servlet/solicitudotadjuntos?gx-no-cache=1651693981861 HTTP/1.1" 200 26
181.43.228.137 - - [04/May/2022:17:06:13 -0300] "GET /cormun/servlet/solicitudotadjuntos?0b4cd8bce66f2343ae415611fc013c8fef53f833b7a436748a694d5f24364fdb,gx-no-cache=1651693990862 HTTP/1.1" 200 30
181.43.228.137 - - [04/May/2022:17:06:13 -0300] "GET /cormun/servlet/solicitudotadjuntos?0b4cd8bce66f2343ae415611fc013c8fef53f833b7a436748a694d5f24364fdb,gx-no-cache=1651693990937 HTTP/1.1" 200 30
181.43.228.137 - - [04/May/2022:17:06:14 -0300] "POST /cormun/servlet/solicitudotadjuntos?e8038f4b24f158d21b6c8deb2c406ade,INS,2022,18304,,1, HTTP/1.1" 200 116
181.43.228.137 - - [04/May/2022:17:06:14 -0300] "GET /cormun/servlet/hpexe_return? HTTP/1.1" 200 1027
181.43.228.137 - - [04/May/2022:17:06:14 -0300] "GET /cormun/servlet/trsolicitudadjuntos?2022,18304, HTTP/1.1" 200 9343
181.43.228.137 - - [04/May/2022:17:06:16 -0300] "GET /cormun/servlet/trsolicitudadjuntos?2022,18304, HTTP/1.1" 200 9340
190.171.152.138 - - [04/May/2022:17:06:18 -0300] "GET /cormun/servlet/trpermisosadjuntos?17139473,20220504154733,P, HTTP/1.1" 200 6183
181.43.228.137 - - [04/May/2022:17:06:19 -0300] "GET /cormun/servlet/solicitudotadjuntos?INS,2022,18304,,1, HTTP/1.1" 200 6219
190.171.152.138 - - [04/May/2022:17:06:19 -0300] "GET /cormun/servlet/trpermisosadjuntos?17139473,20220504154733,P, HTTP/1.1" 200 6183
181.43.228.137 - - [04/May/2022:17:06:20 -0300] "GET /cormun/static/about:blank HTTP/1.1" 404 1011
181.43.228.137 - - [04/May/2022:17:06:20 -0300] "GET /cormun/servlet/solicitudotadjuntos?INS,2022,18304,,1, HTTP/1.1" 200 6213
190.171.149.74 - - [04/May/2022:17:06:21 -0300] "GET /cormun/servlet/hlogin HTTP/1.1" 200 1747
181.43.228.137 - - [04/May/2022:17:06:21 -0300] "GET /cormun/servlet/solicitudotadjuntos?0b4cd8bce66f2343ae415611fc013c8f0632f36185d0c149ff86169da8708e1b64ffc362a243a8c4c01f06657f585a4c,gx-no-cache=1651693998605 HTTP/1.1" 200 30
181.43.228.137 - - [04/May/2022:17:06:21 -0300] "POST /cormun/servlet/solicitudotadjuntos?e8038f4b24f158d21b6c8deb2c406ade,INS,2022,18304,,1,,gx-no-cache=1651693998713 HTTP/1.1" 200 4154
190.171.152.138 - - [04/May/2022:17:06:24 -0300] "GET /cormun/servlet/permisosadjuntos?INS,17139473,P,20220504154733,, HTTP/1.1" 200 5502
190.171.152.138 - - [04/May/2022:17:06:24 -0300] "GET /cormun/static/about:blank HTTP/1.1" 404 1011
190.171.152.138 - - [04/May/2022:17:06:24 -0300] "GET /cormun/servlet/permisosadjuntos?INS,17139473,P,20220504154733,, HTTP/1.1" 200 5492
181.43.228.137 - - [04/May/2022:17:06:24 -0300] "POST /cormun/servlet/solicitudotadjuntos?gx-no-cache=1651694002255 HTTP/1.1" 200 26
192.168.10.11 - - [04/May/2022:17:06:28 -0300] "GET / HTTP/1.1" 200 11217
181.43.228.137 - - [04/May/2022:17:06:33 -0300] "GET /cormun/servlet/solicitudotadjuntos?0b4cd8bce66f2343ae415611fc013c8fef53f833b7a436748a694d5f24364fdb,gx-no-cache=1651694011029 HTTP/1.1" 200 30
181.43.228.137 - - [04/May/2022:17:06:33 -0300] "GET /cormun/servlet/solicitudotadjuntos?0b4cd8bce66f2343ae415611fc013c8fef53f833b7a436748a694d5f24364fdb,gx-no-cache=1651694011155 HTTP/1.1" 200 30
181.43.228.137 - - [04/May/2022:17:06:34 -0300] "POST /cormun/servlet/solicitudotadjuntos?e8038f4b24f158d21b6c8deb2c406ade,INS,2022,18304,,1, HTTP/1.1" 200 116
181.43.228.137 - - [04/May/2022:17:06:34 -0300] "GET /cormun/servlet/hpexe_return? HTTP/1.1" 200 1027
181.43.228.137 - - [04/May/2022:17:06:34 -0300] "GET /cormun/servlet/trsolicitudadjuntos?2022,18304, HTTP/1.1" 200 9563
190.171.149.74 - - [04/May/2022:17:06:36 -0300] "POST /cormun/servlet/hlogin?8f755f455f4af73d5897d45bd6e4dbb9,gx-no-cache=1651694014815 HTTP/1.1" 200 90
190.171.149.74 - - [04/May/2022:17:06:36 -0300] "GET /cormun/servlet/hpexe_link HTTP/1.1" 200 955
190.171.149.74 - - [04/May/2022:17:06:36 -0300] "GET /cormun/servlet/hhome HTTP/1.1" 200 4232
181.43.228.137 - - [04/May/2022:17:06:36 -0300] "GET /cormun/servlet/trsolicitudadjuntos?2022,18304, HTTP/1.1" 200 9560
190.171.149.74 - - [04/May/2022:17:06:37 -0300] "GET /cormun/servlet/hhome HTTP/1.1" 200 4228
181.43.228.137 - - [04/May/2022:17:06:38 -0300] "GET /cormun/servlet/solicitudotadjuntos?INS,2022,18304,,1, HTTP/1.1" 200 6219
181.43.228.137 - - [04/May/2022:17:06:40 -0300] "GET /cormun/static/about:blank HTTP/1.1" 404 1011
181.43.228.137 - - [04/May/2022:17:06:40 -0300] "GET /cormun/servlet/solicitudotadjuntos?INS,2022,18304,,1, HTTP/1.1" 200 6213
181.43.228.137 - - [04/May/2022:17:06:41 -0300] "GET /cormun/servlet/solicitudotadjuntos?0b4cd8bce66f2343ae415611fc013c8f0632f36185d0c149ff86169da8708e1b64ffc362a243a8c4c01f06657f585a4c,gx-no-cache=1651694018676 HTTP/1.1" 200 30
190.171.149.74 - - [04/May/2022:17:06:41 -0300] "GET /cormun/servlet/trsolicitudot? HTTP/1.1" 200 7453
181.43.228.137 - - [04/May/2022:17:06:41 -0300] "POST /cormun/servlet/solicitudotadjuntos?e8038f4b24f158d21b6c8deb2c406ade,INS,2022,18304,,1,,gx-no-cache=1651694018765 HTTP/1.1" 200 4154
190.171.149.74 - - [04/May/2022:17:06:41 -0300] "GET /cormun/servlet/trsolicitudot? HTTP/1.1" 200 7452
181.43.228.137 - - [04/May/2022:17:06:44 -0300] "POST /cormun/servlet/solicitudotadjuntos?gx-no-cache=1651694022120 HTTP/1.1" 200 26
190.171.149.74 - - [04/May/2022:17:06:46 -0300] "GET /cormun/servlet/trautorizarsolicitud? HTTP/1.1" 200 8736
190.171.149.74 - - [04/May/2022:17:06:46 -0300] "GET /cormun/static/gxcfg.js?201991422414522 HTTP/1.1" 200 953
190.171.149.74 - - [04/May/2022:17:06:46 -0300] "GET /cormun/static/trautorizarsolicitud.js?201991422415463 HTTP/1.1" 200 53910
190.171.149.74 - - [04/May/2022:17:06:47 -0300] "GET /cormun/servlet/trautorizarsolicitud? HTTP/1.1" 200 8736
181.43.228.137 - - [04/May/2022:17:07:00 -0300] "GET /cormun/servlet/solicitudotadjuntos?0b4cd8bce66f2343ae415611fc013c8fef53f833b7a436748a694d5f24364fdb,gx-no-cache=1651694037693 HTTP/1.1" 200 30
181.43.228.137 - - [04/May/2022:17:07:00 -0300] "GET /cormun/servlet/solicitudotadjuntos?0b4cd8bce66f2343ae415611fc013c8fef53f833b7a436748a694d5f24364fdb,gx-no-cache=1651694037828 HTTP/1.1" 200 30
181.43.228.137 - - [04/May/2022:17:07:01 -0300] "POST /cormun/servlet/solicitudotadjuntos?e8038f4b24f158d21b6c8deb2c406ade,INS,2022,18304,,1, HTTP/1.1" 200 116
181.43.228.137 - - [04/May/2022:17:07:01 -0300] "GET /cormun/servlet/hpexe_return? HTTP/1.1" 200 1027
181.43.228.137 - - [04/May/2022:17:07:02 -0300] "GET /cormun/servlet/trsolicitudadjuntos?2022,18304, HTTP/1.1" 200 9796
213.226.123.30 - - [04/May/2022:17:07:03 -0300] "GET / HTTP/1.1" 200 11217
181.43.228.137 - - [04/May/2022:17:07:04 -0300] "GET /cormun/servlet/trsolicitudadjuntos?2022,18304, HTTP/1.1" 200 9795
181.43.228.137 - - [04/May/2022:17:07:06 -0300] "GET /cormun/servlet/solicitudotadjuntos?INS,2022,18304,,1, HTTP/1.1" 200 6219
181.43.228.137 - - [04/May/2022:17:07:07 -0300] "GET /cormun/static/about:blank HTTP/1.1" 404 1011
181.43.228.137 - - [04/May/2022:17:07:08 -0300] "GET /cormun/servlet/solicitudotadjuntos?INS,2022,18304,,1, HTTP/1.1" 200 6213
181.43.228.137 - - [04/May/2022:17:07:08 -0300] "GET /cormun/servlet/solicitudotadjuntos?0b4cd8bce66f2343ae415611fc013c8f0632f36185d0c149ff86169da8708e1b64ffc362a243a8c4c01f06657f585a4c,gx-no-cache=1651694046020 HTTP/1.1" 200 30
181.43.228.137 - - [04/May/2022:17:07:09 -0300] "POST /cormun/servlet/solicitudotadjuntos?e8038f4b24f158d21b6c8deb2c406ade,INS,2022,18304,,1,,gx-no-cache=1651694046205 HTTP/1.1" 200 4153
181.43.228.137 - - [04/May/2022:17:07:13 -0300] "POST /cormun/servlet/solicitudotadjuntos?gx-no-cache=1651694050527 HTTP/1.1" 200 26
181.43.228.137 - - [04/May/2022:17:07:23 -0300] "GET /cormun/servlet/solicitudotadjuntos?0b4cd8bce66f2343ae415611fc013c8fef53f833b7a436748a694d5f24364fdb,gx-no-cache=1651694060602 HTTP/1.1" 200 30
181.43.228.137 - - [04/May/2022:17:07:23 -0300] "GET /cormun/servlet/solicitudotadjuntos?0b4cd8bce66f2343ae415611fc013c8fef53f833b7a436748a694d5f24364fdb,gx-no-cache=1651694060694 HTTP/1.1" 200 30
181.43.228.137 - - [04/May/2022:17:07:23 -0300] "POST /cormun/servlet/solicitudotadjuntos?e8038f4b24f158d21b6c8deb2c406ade,INS,2022,18304,,1, HTTP/1.1" 200 116
181.43.228.137 - - [04/May/2022:17:07:23 -0300] "GET /cormun/servlet/hpexe_return? HTTP/1.1" 200 1027
181.43.228.137 - - [04/May/2022:17:07:24 -0300] "GET /cormun/servlet/trsolicitudadjuntos?2022,18304, HTTP/1.1" 200 10099
181.43.228.137 - - [04/May/2022:17:07:26 -0300] "GET /cormun/servlet/trsolicitudadjuntos?2022,18304, HTTP/1.1" 200 10098
192.168.10.11 - - [04/May/2022:17:07:28 -0300] "GET / HTTP/1.1" 200 11217
181.43.228.137 - - [04/May/2022:17:07:29 -0300] "GET /cormun/servlet/solicitudotadjuntos?INS,2022,18304,,1, HTTP/1.1" 200 6219
181.43.228.137 - - [04/May/2022:17:07:31 -0300] "GET /cormun/static/about:blank HTTP/1.1" 404 1011
181.43.228.137 - - [04/May/2022:17:07:31 -0300] "GET /cormun/servlet/solicitudotadjuntos?INS,2022,18304,,1, HTTP/1.1" 200 6213
181.43.228.137 - - [04/May/2022:17:07:32 -0300] "GET /cormun/servlet/solicitudotadjuntos?0b4cd8bce66f2343ae415611fc013c8f0632f36185d0c149ff86169da8708e1b64ffc362a243a8c4c01f06657f585a4c,gx-no-cache=1651694069464 HTTP/1.1" 200 30
181.43.228.137 - - [04/May/2022:17:07:32 -0300] "POST /cormun/servlet/solicitudotadjuntos?e8038f4b24f158d21b6c8deb2c406ade,INS,2022,18304,,1,,gx-no-cache=1651694069562 HTTP/1.1" 200 4153
181.43.228.137 - - [04/May/2022:17:07:35 -0300] "POST /cormun/servlet/solicitudotadjuntos?gx-no-cache=1651694072397 HTTP/1.1" 200 26
181.43.228.137 - - [04/May/2022:17:07:45 -0300] "GET /cormun/servlet/solicitudotadjuntos?0b4cd8bce66f2343ae415611fc013c8fef53f833b7a436748a694d5f24364fdb,gx-no-cache=1651694082420 HTTP/1.1" 200 30
181.43.228.137 - - [04/May/2022:17:07:45 -0300] "GET /cormun/servlet/solicitudotadjuntos?0b4cd8bce66f2343ae415611fc013c8fef53f833b7a436748a694d5f24364fdb,gx-no-cache=1651694082546 HTTP/1.1" 200 30
181.43.228.137 - - [04/May/2022:17:07:45 -0300] "POST /cormun/servlet/solicitudotadjuntos?e8038f4b24f158d21b6c8deb2c406ade,INS,2022,18304,,1, HTTP/1.1" 200 116
181.43.228.137 - - [04/May/2022:17:07:45 -0300] "GET /cormun/servlet/hpexe_return? HTTP/1.1" 200 1027
181.43.228.137 - - [04/May/2022:17:07:46 -0300] "GET /cormun/servlet/trsolicitudadjuntos?2022,18304, HTTP/1.1" 200 10292
190.171.141.90 - - [04/May/2022:17:07:47 -0300] "GET /cormun/static/menuarrow.gif HTTP/1.1" 404 1015
181.43.228.137 - - [04/May/2022:17:07:48 -0300] "GET /cormun/servlet/trsolicitudadjuntos?2022,18304, HTTP/1.1" 200 10291
181.43.228.137 - - [04/May/2022:17:07:50 -0300] "POST /cormun/servlet/trsolicitudadjuntos?e8038f4b24f158d21b6c8deb2c406ade,2022,18304,,gx-no-cache=1651694087482 HTTP/1.1" 200 90
181.43.228.137 - - [04/May/2022:17:07:50 -0300] "GET /cormun/servlet/hpexe_link HTTP/1.1" 200 972
181.43.228.137 - - [04/May/2022:17:07:51 -0300] "GET /cormun/servlet/trsolicitudot? HTTP/1.1" 200 8823
181.43.228.137 - - [04/May/2022:17:07:52 -0300] "GET /cormun/servlet/trsolicitudot? HTTP/1.1" 200 8822
181.43.228.137 - - [04/May/2022:17:07:55 -0300] "POST /cormun/servlet/trsolicitudot?e8038f4b24f158d21b6c8deb2c406ade,,gx-no-cache=1651694093032 HTTP/1.1" 200 6061
181.43.228.137 - - [04/May/2022:17:07:59 -0300] "POST /cormun/servlet/trsolicitudot?e8038f4b24f158d21b6c8deb2c406ade,,gx-no-cache=1651694097195 HTTP/1.1" 200 4877
181.43.228.137 - - [04/May/2022:17:08:00 -0300] "GET /cormun/static/Shared/jqueryui/images/ui-bg_highlight-soft_100_c6c2c8_1x100.png HTTP/1.1" 404 1117
181.43.228.137 - - [04/May/2022:17:08:00 -0300] "GET /cormun/static/Shared/jqueryui/images/ui-icons_82798d_256x240.png HTTP/1.1" 404 1089
181.43.228.137 - - [04/May/2022:17:08:00 -0300] "GET /cormun/static/Shared/jqueryui/images/ui-icons_8d78a5_256x240.png HTTP/1.1" 404 1089
181.43.228.137 - - [04/May/2022:17:08:00 -0300] "GET /cormun/static/Shared/jqueryui/images/ui-bg_flat_55_fafafa_40x100.png HTTP/1.1" 404 1097
181.43.228.137 - - [04/May/2022:17:08:00 -0300] "POST /cormun/servlet/trsolicitudot?e8038f4b24f158d21b6c8deb2c406ade,,gx-no-cache=1651694097943 HTTP/1.1" 200 4609
181.43.228.137 - - [04/May/2022:17:08:03 -0300] "GET /cormun/servlet/trautorizarsolicitud? HTTP/1.1" 200 9571
181.43.228.137 - - [04/May/2022:17:08:03 -0300] "GET /cormun/static/gxcfg.js?201991422414522 HTTP/1.1" 200 953
181.43.228.137 - - [04/May/2022:17:08:03 -0300] "GET /cormun/static/trautorizarsolicitud.js?201991422415463 HTTP/1.1" 200 53910
181.43.228.137 - - [04/May/2022:17:08:04 -0300] "GET /cormun/servlet/trautorizarsolicitud? HTTP/1.1" 200 9570
181.43.228.137 - - [04/May/2022:17:08:08 -0300] "POST /cormun/servlet/trautorizarsolicitud?e8038f4b24f158d21b6c8deb2c406ade,,gx-no-cache=1651694105764 HTTP/1.1" 200 6504
181.43.228.137 - - [04/May/2022:17:08:08 -0300] "GET /cormun/static/Shared/jqueryui/images/ui-bg_highlight-soft_100_c6c2c8_1x100.png HTTP/1.1" 404 1117
181.43.228.137 - - [04/May/2022:17:08:08 -0300] "GET /cormun/static/Shared/jqueryui/images/ui-icons_8d78a5_256x240.png HTTP/1.1" 404 1089
181.43.228.137 - - [04/May/2022:17:08:08 -0300] "GET /cormun/static/Shared/jqueryui/images/ui-bg_flat_55_fafafa_40x100.png HTTP/1.1" 404 1097
181.43.228.137 - - [04/May/2022:17:08:09 -0300] "GET /cormun/static/Shared/jqueryui/images/ui-icons_82798d_256x240.png HTTP/1.1" 404 1089
181.43.228.137 - - [04/May/2022:17:08:09 -0300] "POST /cormun/servlet/trautorizarsolicitud?e8038f4b24f158d21b6c8deb2c406ade,,gx-no-cache=1651694106449 HTTP/1.1" 200 6449
181.43.228.137 - - [04/May/2022:17:08:11 -0300] "POST /cormun/servlet/trautorizarsolicitud?e8038f4b24f158d21b6c8deb2c406ade,,gx-no-cache=1651694107554 HTTP/1.1" 200 6026
181.43.228.137 - - [04/May/2022:17:08:12 -0300] "POST /cormun/servlet/trautorizarsolicitud?e8038f4b24f158d21b6c8deb2c406ade,,gx-no-cache=1651694108997 HTTP/1.1" 200 5974
