200.83.224.3 - - [04/May/2022:12:06:55 -0300] "GET /cormun/servlet/solicitudot?ececa04de6faf996a10a99881d2eb64ad40e8723abf908accc426a72ef530aa6,gx-no-cache=1651676034065 HTTP/1.1" 200 94
200.83.224.3 - - [04/May/2022:12:06:55 -0300] "GET /cormun/static/Shared/jqueryui/images/ui-bg_highlight-soft_100_c6c2c8_1x100.png HTTP/1.1" 404 1117
200.83.224.3 - - [04/May/2022:12:06:55 -0300] "GET /cormun/servlet/solicitudot?ececa04de6faf996a10a99881d2eb64ae6e89739c9aebff2c9cba50a549d01e8,gx-no-cache=1651676034217 HTTP/1.1" 200 29
200.83.224.3 - - [04/May/2022:12:06:55 -0300] "GET /cormun/static/Shared/jqueryui/images/ui-icons_ebccce_256x240.png HTTP/1.1" 404 1089
200.83.224.3 - - [04/May/2022:12:06:55 -0300] "GET /cormun/static/Shared/jqueryui/images/ui-bg_flat_55_994d53_40x100.png HTTP/1.1" 404 1097
200.83.224.3 - - [04/May/2022:12:06:55 -0300] "GET /cormun/static/Shared/jqueryui/images/ui-icons_82798d_256x240.png HTTP/1.1" 404 1089
200.83.224.3 - - [04/May/2022:12:06:56 -0300] "POST /cormun/servlet/solicitudot?gx-no-cache=1651676034326 HTTP/1.1" 200 297
200.83.224.3 - - [04/May/2022:12:06:56 -0300] "GET /cormun/servlet/solicitudot?ececa04de6faf996a10a99881d2eb64a87533d6c5b32e7e237d04d9f8233e6640cc7a4a23d33074e97ebf210212844b214499f57cdc1d46de3e7d10050e1eee7a9533ef716c1cd26823ca3f15596f2bdb108e1ad571de69a1a7b9b7259f51d5d21b4fb31b330509a1fd84d88dd27be5685b44ee87cf4a529840081cd1ec715db3a175842d477052463065b646b4a2aff7b929787254bc98bc5a91e5d330b6c73e3c8136de523bdd01504cd4e0ee6a50d9f9a70c4c19e253f407e71436a34d75daa8f74cad4765a20ceb32fdab65ba1d80de31710806df019c0476b64fc737a6049aeeb9162dd700f6eb308fe49176614665fb99423b015b50a3c3ac0e9d37f63d5f6906dbb560b43900dea9bbcdd6d47e96046e7b8850fe1a4759d45b3cbb36bb5cd0622c7a5c8eac7c557b613c87c3d34258a4ce88bbd743a448def1a9043b88895ea4d30a94db5f52e1ba057287721cea88fcd1cf28437daf35ecb7ec4571832c5782f85d529fb025949fb2f3e88648d6bba278a0af675a03f7c8a55affab619210efd3f89b2624734dd0671a9a7e7,gx-no-cache=1651676034473 HTTP/1.1" 200 30
200.83.224.3 - - [04/May/2022:12:07:13 -0300] "POST /cormun/servlet/solicitudot?d015a20ebbb7e7d0ac1cc8c9711c908f,INS,0,0,false,,gx-no-cache=1651676051827 HTTP/1.1" 200 12997
192.168.10.11 - - [04/May/2022:12:07:28 -0300] "GET / HTTP/1.1" 200 11217
191.126.187.25 - - [04/May/2022:12:07:40 -0300] "GET /cormun/servlet/trsolicitudot? HTTP/1.1" 200 7066
191.126.187.25 - - [04/May/2022:12:07:40 -0300] "GET /cormun/static/gxui/gxui-all.css?110300 HTTP/1.1" 200 2179
191.126.187.25 - - [04/May/2022:12:07:40 -0300] "GET /cormun/static/gxcfg.js?201991910464971 HTTP/1.1" 200 953
191.126.187.25 - - [04/May/2022:12:07:40 -0300] "GET /cormun/static/calendar-setup.js?85251 HTTP/1.1" 200 2588
191.126.187.25 - - [04/May/2022:12:07:40 -0300] "GET /cormun/static/calendar-system.css?75620 HTTP/1.1" 200 5572
191.126.187.25 - - [04/May/2022:12:07:40 -0300] "GET /cormun/static/calendar-es.js?85251 HTTP/1.1" 200 1901
191.126.187.25 - - [04/May/2022:12:07:40 -0300] "GET /cormun/static/calendar.js?85251 HTTP/1.1" 200 26246
191.126.187.25 - - [04/May/2022:12:07:40 -0300] "GET /cormun/static/gxdec.js?85251 HTTP/1.1" 200 19579
191.126.187.25 - - [04/May/2022:12:07:40 -0300] "GET /cormun/static/trsolicitudot.js?201991910465845 HTTP/1.1" 200 54041
191.126.187.25 - - [04/May/2022:12:07:41 -0300] "GET /cormun/static/Resources/PXTools/calendar.png HTTP/1.1" 200 1306
191.126.187.25 - - [04/May/2022:12:07:41 -0300] "GET /cormun/static/Shared/ext/resources/css/ext-all.css?205870 HTTP/1.1" 200 416045
191.126.187.25 - - [04/May/2022:12:07:41 -0300] "GET /cormun/static/Resources/PXToolsDataSearch.png HTTP/1.1" 200 435
191.126.187.25 - - [04/May/2022:12:07:41 -0300] "GET /cormun/static/Resources/PXToolsGridFirstDisabled.gif HTTP/1.1" 200 100
191.126.187.25 - - [04/May/2022:12:07:41 -0300] "GET /cormun/static/Resources/PXToolsGridPreviousDisabled.gif HTTP/1.1" 200 90
191.126.187.25 - - [04/May/2022:12:07:41 -0300] "GET /cormun/static/Resources/PXToolsActionExcel.png HTTP/1.1" 200 727
191.126.187.25 - - [04/May/2022:12:07:41 -0300] "GET /cormun/static/Resources/PXToolsGridPage.gif HTTP/1.1" 200 725
191.126.187.25 - - [04/May/2022:12:07:41 -0300] "GET /cormun/static/Resources/PXToolsGridLastDisabled.gif HTTP/1.1" 200 98
191.126.187.25 - - [04/May/2022:12:07:41 -0300] "GET /cormun/static/Resources/PXToolsAddAllAction.png HTTP/1.1" 200 495
191.126.187.25 - - [04/May/2022:12:07:41 -0300] "GET /cormun/static/Resources/PXToolsGridNextDisabled.gif HTTP/1.1" 200 90
191.126.187.25 - - [04/May/2022:12:07:41 -0300] "GET /cormun/static/Resources/desc.gif HTTP/1.1" 200 65
191.126.187.25 - - [04/May/2022:12:07:41 -0300] "GET /cormun/static/Resources/asc.gif HTTP/1.1" 200 67
191.126.187.25 - - [04/May/2022:12:07:41 -0300] "GET /cormun/static/Shared/ext/resources/themes/images/default/panel/bg-headersPanel.png HTTP/1.1" 200 255
191.126.187.25 - - [04/May/2022:12:07:41 -0300] "GET /cormun/static/Shared/ext/resources/themes/images/default/tools/tool-sprites.gif HTTP/1.1" 200 5434
191.126.187.25 - - [04/May/2022:12:07:41 -0300] "GET /cormun/servlet/trsolicitudot? HTTP/1.1" 200 7066
190.171.143.82 - - [04/May/2022:12:07:45 -0300] "POST /cormun/servlet/hlogin?7477f9a8a89706973f36d6714b088132,gx-no-cache=1651676081369 HTTP/1.1" 200 90
190.171.143.82 - - [04/May/2022:12:07:45 -0300] "GET /cormun/servlet/hpexe_link HTTP/1.1" 200 956
190.171.143.82 - - [04/May/2022:12:07:45 -0300] "GET /cormun/servlet/hhome HTTP/1.1" 200 4359
190.171.143.82 - - [04/May/2022:12:07:47 -0300] "GET /cormun/servlet/hhome HTTP/1.1" 200 4357
191.126.187.25 - - [04/May/2022:12:07:51 -0300] "GET /cormun/servlet/trsolicitudot? HTTP/1.1" 200 7066
191.126.187.25 - - [04/May/2022:12:07:52 -0300] "GET /cormun/servlet/trsolicitudot? HTTP/1.1" 200 7066
190.171.143.82 - - [04/May/2022:12:07:58 -0300] "GET /cormun/servlet/trlicencias? HTTP/1.1" 200 13385
190.171.143.82 - - [04/May/2022:12:07:59 -0300] "GET /cormun/servlet/trlicencias? HTTP/1.1" 200 13380
192.168.10.96 - - [04/May/2022:12:08:01 -0300] "GET /cormun/servlet/trsolicitudgral? HTTP/1.1" 500 10
190.171.143.82 - - [04/May/2022:12:08:02 -0300] "POST /cormun/servlet/trlicencias?7477f9a8a89706973f36d6714b088132,,gx-no-cache=1651676098823 HTTP/1.1" 200 11138
192.168.10.96 - - [04/May/2022:12:08:07 -0300] "GET /cormun/servlet/hlogin HTTP/1.1" 200 1728
192.168.10.96 - - [04/May/2022:12:08:07 -0300] "GET /cormun/servlet/hlogin HTTP/1.1" 200 1739
191.126.187.25 - - [04/May/2022:12:08:07 -0300] "GET /cormun/static/menuarrow.gif HTTP/1.1" 404 1015
192.168.10.96 - - [04/May/2022:12:08:09 -0300] "POST /cormun/servlet/hlogin?c9020208bf49ab99f8703651f2f86d91,gx-no-cache=1651675935418 HTTP/1.1" 200 90
192.168.10.96 - - [04/May/2022:12:08:09 -0300] "GET /cormun/servlet/hpexe_link HTTP/1.1" 200 953
192.168.10.96 - - [04/May/2022:12:08:09 -0300] "GET /cormun/servlet/hhome HTTP/1.1" 200 3790
192.168.10.96 - - [04/May/2022:12:08:10 -0300] "GET /cormun/servlet/hhome HTTP/1.1" 200 3787
190.171.143.82 - - [04/May/2022:12:08:24 -0300] "GET /cormun/servlet/licenciaspermisos?DSP,13720292,L,20220413000000, HTTP/1.1" 200 7500
190.171.143.82 - - [04/May/2022:12:08:25 -0300] "GET /cormun/servlet/licenciaspermisos?DSP,13720292,L,20220413000000, HTTP/1.1" 200 7519
192.168.10.11 - - [04/May/2022:12:08:28 -0300] "GET / HTTP/1.1" 200 11217
190.171.143.82 - - [04/May/2022:12:08:48 -0300] "GET /cormun/servlet/trlicencias? HTTP/1.1" 200 13398
190.171.143.82 - - [04/May/2022:12:08:50 -0300] "GET /cormun/servlet/trlicencias? HTTP/1.1" 200 13385
200.83.224.3 - - [04/May/2022:12:09:13 -0300] "GET /cormun/servlet/solicitudot?ececa04de6faf996a10a99881d2eb64af2ee8e795c4f892006c130e41a581ae2d75385d46c4558d32840a3a66a958ebdd373893a84cd77302f2a774fce78d63d,gx-no-cache=1651676171972 HTTP/1.1" 200 30
200.83.224.3 - - [04/May/2022:12:09:17 -0300] "GET /cormun/servlet/prbanco?,MD,,gxPopupLevel%3D0%3B HTTP/1.1" 200 6604
200.83.224.3 - - [04/May/2022:12:09:17 -0300] "GET /cormun/static/gxcfg.js?20201216131581 HTTP/1.1" 200 953
200.83.224.3 - - [04/May/2022:12:09:17 -0300] "GET /cormun/static/prbanco.js?20201216132311 HTTP/1.1" 200 10693
200.83.224.3 - - [04/May/2022:12:09:23 -0300] "GET /cormun/servlet/solicitudot?ececa04de6faf996a10a99881d2eb64abbd79277e2e4f491b2b601ef27a1f24f,gx-no-cache=1651676182299 HTTP/1.1" 200 53
192.168.10.11 - - [04/May/2022:12:09:28 -0300] "GET / HTTP/1.1" 200 11217
190.171.141.106 - - [04/May/2022:12:09:43 -0300] "GET /cormun/servlet/hhome HTTP/1.1" 200 3323
190.171.141.106 - - [04/May/2022:12:09:44 -0300] "GET /cormun/servlet/hhome HTTP/1.1" 200 3333
190.171.141.106 - - [04/May/2022:12:09:44 -0300] "GET /cormun/servlet/hhome HTTP/1.1" 200 3333
190.171.141.106 - - [04/May/2022:12:09:44 -0300] "GET /cormun/servlet/hlogin HTTP/1.1" 200 1740
190.171.141.106 - - [04/May/2022:12:09:45 -0300] "GET /favicon.ico HTTP/1.1" 200 21630
190.171.141.106 - - [04/May/2022:12:09:49 -0300] "POST /cormun/servlet/hlogin?a6f12dd979f877475652a5aef1582a67,gx-no-cache=1651672698206 HTTP/1.1" 200 90
190.171.141.106 - - [04/May/2022:12:09:49 -0300] "GET /cormun/servlet/hpexe_link HTTP/1.1" 200 955
190.171.141.106 - - [04/May/2022:12:09:49 -0300] "GET /cormun/servlet/hhome HTTP/1.1" 200 4262
190.171.141.106 - - [04/May/2022:12:09:49 -0300] "GET /cormun/servlet/hhome HTTP/1.1" 200 4259
190.171.141.106 - - [04/May/2022:12:09:56 -0300] "GET /cormun/servlet/trlicencias? HTTP/1.1" 200 15042
190.171.141.106 - - [04/May/2022:12:09:57 -0300] "GET /cormun/servlet/trlicencias? HTTP/1.1" 200 15083
192.168.10.11 - - [04/May/2022:12:10:28 -0300] "GET / HTTP/1.1" 200 11217
200.83.224.3 - - [04/May/2022:12:10:32 -0300] "POST /cormun/servlet/solicitudot?gx-no-cache=1651676251169 HTTP/1.1" 200 30
200.83.224.3 - - [04/May/2022:12:10:38 -0300] "POST /cormun/servlet/solicitudot?gx-no-cache=1651676257196 HTTP/1.1" 200 1452
200.83.224.3 - - [04/May/2022:12:10:38 -0300] "POST /cormun/servlet/solicitudot?gx-no-cache=1651676257290 HTTP/1.1" 200 38
200.83.224.3 - - [04/May/2022:12:11:11 -0300] "GET /cormun/servlet/solicitudot?ececa04de6faf996a10a99881d2eb64a2fc5bd3a131113caedcafb69bb40fdbf15b11f49eb467c4173f818443efbe7716cfebb2ef363b5597efdf4f65c26b1b8e568cf20f059aea6ea46c9a675bad697fd68389b4fce0551d4372e9087145445ace47349bcc5b07998aa3dd54a38b370,gx-no-cache=1651676289390 HTTP/1.1" 200 110
200.54.237.82 - - [04/May/2022:12:11:26 -0300] "GET /cormun/servlet/trcontratounov2? HTTP/1.1" 200 5907
200.54.237.82 - - [04/May/2022:12:11:27 -0300] "GET /cormun/servlet/trcontratounov2? HTTP/1.1" 200 5916
200.54.237.82 - - [04/May/2022:12:11:27 -0300] "GET /cormun/servlet/trcontratounov2? HTTP/1.1" 200 5916
200.54.237.82 - - [04/May/2022:12:11:27 -0300] "GET /cormun/servlet/hlogin HTTP/1.1" 200 1742
200.54.237.82 - - [04/May/2022:12:11:27 -0300] "GET /favicon.ico HTTP/1.1" 200 21630
192.168.10.11 - - [04/May/2022:12:11:28 -0300] "GET / HTTP/1.1" 200 11217
200.54.237.82 - - [04/May/2022:12:11:30 -0300] "POST /cormun/servlet/hlogin?b259c8fa7cec4904ebb2ed5880621c17,gx-no-cache=1651676308194 HTTP/1.1" 200 90
200.54.237.82 - - [04/May/2022:12:11:31 -0300] "GET /cormun/servlet/hpexe_link HTTP/1.1" 200 955
200.54.237.82 - - [04/May/2022:12:11:31 -0300] "GET /cormun/servlet/trcontratounov2 HTTP/1.1" 200 17857
200.54.237.82 - - [04/May/2022:12:11:32 -0300] "GET /cormun/servlet/trcontratounov2 HTTP/1.1" 200 17854
200.54.237.82 - - [04/May/2022:12:11:38 -0300] "GET /cormun/servlet/trsolicitudot? HTTP/1.1" 200 7544
200.54.237.82 - - [04/May/2022:12:11:38 -0300] "GET /cormun/static/gxui/gxui-all.css?110300 HTTP/1.1" 200 2179
200.54.237.82 - - [04/May/2022:12:11:38 -0300] "GET /cormun/static/gxcfg.js?201991910464971 HTTP/1.1" 200 953
200.54.237.82 - - [04/May/2022:12:11:38 -0300] "GET /cormun/static/calendar-system.css?75620 HTTP/1.1" 200 5572
200.54.237.82 - - [04/May/2022:12:11:38 -0300] "GET /cormun/static/trsolicitudot.js?201991910465845 HTTP/1.1" 200 54041
200.54.237.82 - - [04/May/2022:12:11:38 -0300] "GET /cormun/static/Shared/ext/resources/css/ext-all.css?205870 HTTP/1.1" 200 416045
200.54.237.82 - - [04/May/2022:12:11:38 -0300] "GET /cormun/servlet/trsolicitudot? HTTP/1.1" 200 7544
190.171.143.82 - - [04/May/2022:12:12:22 -0300] "GET /cormun/servlet/trlicencias? HTTP/1.1" 200 13397
190.171.143.82 - - [04/May/2022:12:12:24 -0300] "GET /cormun/servlet/trlicencias? HTTP/1.1" 200 13385
192.168.10.11 - - [04/May/2022:12:12:28 -0300] "GET / HTTP/1.1" 200 11217
190.171.143.82 - - [04/May/2022:12:12:31 -0300] "GET /cormun/servlet/trcontratounov2? HTTP/1.1" 200 18303
190.171.143.82 - - [04/May/2022:12:12:33 -0300] "GET /cormun/servlet/trcontratounov2? HTTP/1.1" 200 18304
192.168.10.11 - - [04/May/2022:12:13:28 -0300] "GET / HTTP/1.1" 200 11217
192.168.10.96 - - [04/May/2022:12:13:29 -0300] "GET /cormun/servlet/trsolicitudgral? HTTP/1.1" 200 28283
192.168.10.96 - - [04/May/2022:12:13:30 -0300] "GET /cormun/servlet/trsolicitudgral? HTTP/1.1" 200 28280
190.171.143.82 - - [04/May/2022:12:13:36 -0300] "GET /cormun/servlet/trcontratosolicitud? HTTP/1.1" 200 14992
190.171.143.82 - - [04/May/2022:12:13:36 -0300] "GET /cormun/static/gxcfg.js?20199142011887 HTTP/1.1" 200 953
190.171.143.82 - - [04/May/2022:12:13:36 -0300] "GET /cormun/static/trcontratosolicitud.js?201991420111348 HTTP/1.1" 200 28237
190.171.143.82 - - [04/May/2022:12:13:37 -0300] "GET /cormun//static/Resources/PXToolsGridNew.png HTTP/1.1" 200 427
190.171.143.82 - - [04/May/2022:12:13:37 -0300] "GET /cormun/servlet/trcontratosolicitud? HTTP/1.1" 200 14979
190.171.143.82 - - [04/May/2022:12:13:42 -0300] "POST /cormun/servlet/trcontratosolicitud?7477f9a8a89706973f36d6714b088132,,gx-no-cache=1651676438471 HTTP/1.1" 200 12672
191.126.187.25 - - [04/May/2022:12:13:51 -0300] "GET /cormun/servlet/solicitudot?INS,0,0,false, HTTP/1.1" 200 15595
191.126.187.25 - - [04/May/2022:12:13:52 -0300] "GET /cormun/static/gxcfg.js?20203414241232 HTTP/1.1" 200 953
191.126.187.25 - - [04/May/2022:12:13:52 -0300] "GET /cormun/static/calendar-system.css?85620 HTTP/1.1" 200 5572
191.126.187.25 - - [04/May/2022:12:13:52 -0300] "GET /cormun/static/Resources/prompt.gif HTTP/1.1" 200 902
191.126.187.25 - - [04/May/2022:12:13:52 -0300] "GET /cormun/static/solicitudot.js?20203414242792 HTTP/1.1" 200 74114
191.126.187.25 - - [04/May/2022:12:13:54 -0300] "GET /cormun/servlet/solicitudot?INS,0,0,false, HTTP/1.1" 200 15602
192.168.10.17 - - [04/May/2022:12:13:54 -0300] "GET /cormun/servlet/trsolicitudgral? HTTP/1.1" 200 11939
192.168.10.17 - - [04/May/2022:12:13:55 -0300] "GET /cormun/servlet/trsolicitudgral? HTTP/1.1" 200 11935
190.171.141.106 - - [04/May/2022:12:13:56 -0300] "GET /cormun/servlet/hhome HTTP/1.1" 200 4251
190.171.141.106 - - [04/May/2022:12:13:57 -0300] "GET /cormun/servlet/hhome HTTP/1.1" 200 4259
190.171.141.106 - - [04/May/2022:12:13:59 -0300] "GET /cormun/servlet/trsolicitudot? HTTP/1.1" 200 7481
190.171.141.106 - - [04/May/2022:12:14:00 -0300] "GET /cormun/servlet/trsolicitudot? HTTP/1.1" 200 7481
190.171.141.106 - - [04/May/2022:12:14:03 -0300] "GET /cormun/servlet/solicitudot?INS,0,0,false, HTTP/1.1" 200 15984
190.171.141.106 - - [04/May/2022:12:14:03 -0300] "GET /cormun/servlet/solicitudot?INS,0,0,false, HTTP/1.1" 200 15992
191.126.187.25 - - [04/May/2022:12:14:07 -0300] "POST /cormun/servlet/solicitudot?gx-no-cache=1651676464216 HTTP/1.1" 200 3850
191.126.187.25 - - [04/May/2022:12:14:07 -0300] "POST /cormun/servlet/solicitudot?59e6ddb9f5958ce6f6e17e19b9a355b9,INS,0,0,false,,gx-no-cache=1651676464525 HTTP/1.1" 200 12396
191.126.187.25 - - [04/May/2022:12:14:12 -0300] "GET /cormun/servlet/solicitudot?87d4fe174ccfd8a83ffba7583aab3c4610e3ef6fa3c2fb2bb81e0a90e5be8b2ae46e26de1ca34423684e71f570875cbe,gx-no-cache=1651676469306 HTTP/1.1" 200 30
190.171.142.18 - - [04/May/2022:12:14:14 -0300] "GET /cormun/servlet/hlogin HTTP/1.1" 200 1726
190.171.142.18 - - [04/May/2022:12:14:14 -0300] "GET /cormun/servlet/hlogin HTTP/1.1" 200 1737
190.171.141.106 - - [04/May/2022:12:14:22 -0300] "POST /cormun/servlet/solicitudot?gx-no-cache=1651672971331 HTTP/1.1" 200 3858
190.171.141.106 - - [04/May/2022:12:14:22 -0300] "POST /cormun/servlet/solicitudot?a6f12dd979f877475652a5aef1582a67,INS,0,0,false,,gx-no-cache=1651672971472 HTTP/1.1" 200 12673
190.171.141.106 - - [04/May/2022:12:14:26 -0300] "GET /cormun/servlet/solicitudot?4c8574643f3e98bf6542a6442faf3c75c3a56e7f65297dcbef1cc1680fe722e5af75b0d4548d7803193231c7e04cef69,gx-no-cache=1651672975452 HTTP/1.1" 200 30
190.171.143.82 - - [04/May/2022:12:14:28 -0300] "GET /cormun/servlet/trcontratounov2? HTTP/1.1" 200 18299
192.168.10.11 - - [04/May/2022:12:14:28 -0300] "GET / HTTP/1.1" 200 11217
190.171.143.82 - - [04/May/2022:12:14:30 -0300] "GET /cormun/servlet/trcontratounov2? HTTP/1.1" 200 18294
190.171.142.18 - - [04/May/2022:12:14:30 -0300] "POST /cormun/servlet/hlogin?b42c53d2c4239c109bf66a2adb71e55e,gx-no-cache=1651676488019 HTTP/1.1" 200 90
190.171.142.18 - - [04/May/2022:12:14:30 -0300] "GET /cormun/servlet/hpexe_link HTTP/1.1" 200 951
190.171.142.18 - - [04/May/2022:12:14:30 -0300] "GET /cormun/servlet/hhome HTTP/1.1" 200 4370
190.171.142.18 - - [04/May/2022:12:14:31 -0300] "GET /cormun/servlet/hhome HTTP/1.1" 200 4369
190.171.142.18 - - [04/May/2022:12:14:35 -0300] "GET /cormun/servlet/trlicencias? HTTP/1.1" 200 10365
190.171.142.18 - - [04/May/2022:12:14:36 -0300] "GET /cormun/servlet/trlicencias? HTTP/1.1" 200 10363
201.186.225.187 - - [04/May/2022:12:14:40 -0300] "GET /cormun/servlet/hlogin HTTP/1.1" 200 1728
201.186.225.187 - - [04/May/2022:12:14:41 -0300] "GET /cormun/static/Resources/Logo2019_Grande.png HTTP/1.1" 200 31733
201.186.225.187 - - [04/May/2022:12:14:41 -0300] "GET /cormun/static/gxcfg.js?201910216285969 HTTP/1.1" 200 953
201.186.225.187 - - [04/May/2022:12:14:41 -0300] "GET /cormun/static/Resources/PXToolsLoginTop.png HTTP/1.1" 200 1337
201.186.225.187 - - [04/May/2022:12:14:41 -0300] "GET /cormun/static/Resources/PXToolsLoginBackground.png HTTP/1.1" 200 1164
201.186.225.187 - - [04/May/2022:12:14:41 -0300] "GET /cormun/static/Resources/PXToolsButtonLeft.png HTTP/1.1" 200 1310
201.186.225.187 - - [04/May/2022:12:14:41 -0300] "GET /cormun/static/Resources/PXToolsButtonRight.png HTTP/1.1" 200 1294
201.186.225.187 - - [04/May/2022:12:14:41 -0300] "GET /cormun/static/Resources/PXToolsButtonBackground.png HTTP/1.1" 200 1176
201.186.225.187 - - [04/May/2022:12:14:41 -0300] "GET /cormun/static/Resources/PXToolsLoginBottom.png HTTP/1.1" 200 1389
201.186.225.187 - - [04/May/2022:12:14:41 -0300] "GET /favicon.ico HTTP/1.1" 200 21630
201.186.225.187 - - [04/May/2022:12:14:41 -0300] "GET /cormun/servlet/hlogin HTTP/1.1" 200 1737
201.186.225.187 - - [04/May/2022:12:14:42 -0300] "GET /cormun/static/Resources/indicator.gif HTTP/1.1" 200 1553
201.186.225.187 - - [04/May/2022:12:14:45 -0300] "POST /cormun/servlet/hlogin?1490212fceb04f686eb4ad83fecb5514,gx-no-cache=1651676505669 HTTP/1.1" 200 90
201.186.225.187 - - [04/May/2022:12:14:45 -0300] "GET /cormun/servlet/hpexe_link HTTP/1.1" 200 953
201.186.225.187 - - [04/May/2022:12:14:45 -0300] "GET /cormun/static/gxcfg.js?201991422392958 HTTP/1.1" 200 953
201.186.225.187 - - [04/May/2022:12:14:45 -0300] "GET /cormun/static/hpexe_link.js?201991422392963 HTTP/1.1" 200 625
201.186.225.187 - - [04/May/2022:12:14:45 -0300] "GET /cormun/servlet/hhome HTTP/1.1" 200 3948
201.186.225.187 - - [04/May/2022:12:14:45 -0300] "GET /cormun/static/SmoothNavMenu/resources/ddsmoothmenu.css?1112540 HTTP/1.1" 200 2223
201.186.225.187 - - [04/May/2022:12:14:45 -0300] "GET /cormun/static/SmoothNavMenu/resources/ddsmoothmenu-v.css?1112540 HTTP/1.1" 200 1188
201.186.225.187 - - [04/May/2022:12:14:46 -0300] "GET /cormun/static/gxcfg.js?20201215495537 HTTP/1.1" 200 953
201.186.225.187 - - [04/May/2022:12:14:46 -0300] "GET /cormun/static/scaMessage/css/jquery.pnotify.default.css?1816380 HTTP/1.1" 200 1707
201.186.225.187 - - [04/May/2022:12:14:46 -0300] "GET /cormun/static/Resources/Spanish/PXTools.css?14345360 HTTP/1.1" 200 100853
201.186.225.187 - - [04/May/2022:12:14:46 -0300] "GET /cormun/static/PXToolsJavascripts/pexe_picture.js HTTP/1.1" 200 689
201.186.225.187 - - [04/May/2022:12:14:46 -0300] "GET /cormun/static/PXToolsJavascripts/pexe_oavdivfix.js HTTP/1.1" 200 639
201.186.225.187 - - [04/May/2022:12:14:46 -0300] "GET /cormun/static/PXToolsJavascripts/pexe_oav.js HTTP/1.1" 200 645
201.186.225.187 - - [04/May/2022:12:14:46 -0300] "GET /cormun/static/PXToolsJavascripts/pexe_tabdivfix.js HTTP/1.1" 200 876
201.186.225.187 - - [04/May/2022:12:14:46 -0300] "GET /cormun/static/PXToolsJavascripts/pexe_menudivfix.js HTTP/1.1" 200 333
201.186.225.187 - - [04/May/2022:12:14:46 -0300] "GET /cormun/static/Shared/jqueryui/jquery-ui.min.css?1345370 HTTP/1.1" 200 16384
201.186.225.187 - - [04/May/2022:12:14:46 -0300] "GET /cormun/static/PXToolsJavascripts/PXToolsJavascriptsRender.js HTTP/1.1" 200 367
201.186.225.187 - - [04/May/2022:12:14:46 -0300] "GET /cormun/static/PXToolsJavascripts/pexe_cookies.js HTTP/1.1" 200 792
201.186.225.187 - - [04/May/2022:12:14:46 -0300] "GET /cormun/static/hpexe_messagecontroller.js?201991422154126 HTTP/1.1" 200 870
201.186.225.187 - - [04/May/2022:12:14:46 -0300] "GET /cormun/static/RunJS/RunJS.js HTTP/1.1" 200 288
201.186.225.187 - - [04/May/2022:12:14:46 -0300] "GET /cormun/static/hhome.js?20201215495544 HTTP/1.1" 200 777
201.186.225.187 - - [04/May/2022:12:14:46 -0300] "GET /cormun/static/hpexe_messagepopupcomponent.js?2020121447232 HTTP/1.1" 200 605
201.186.225.187 - - [04/May/2022:12:14:46 -0300] "GET /cormun/static/hpexe_messagegenexuscomponent.js?2020121447173 HTTP/1.1" 200 587
201.186.225.187 - - [04/May/2022:12:14:46 -0300] "GET /cormun/static/hwchdr01.js?20201214473739 HTTP/1.1" 200 996
201.186.225.187 - - [04/May/2022:12:14:46 -0300] "GET /cormun/static/Resources/Logo2019_Small.png HTTP/1.1" 200 10855
201.186.225.187 - - [04/May/2022:12:14:46 -0300] "GET /cormun/static/Resources/ImgLogin.png HTTP/1.1" 200 1432
201.186.225.187 - - [04/May/2022:12:14:46 -0300] "GET /cormun/static/Resources/ImgHome.png HTTP/1.1" 200 1364
201.186.225.187 - - [04/May/2022:12:14:46 -0300] "GET /cormun/static/Resources/Llave.png HTTP/1.1" 200 1395
201.186.225.187 - - [04/May/2022:12:14:46 -0300] "GET /cormun/static/Resources/PXToolsDataTitle.png HTTP/1.1" 200 1173
201.186.225.187 - - [04/May/2022:12:14:47 -0300] "GET /cormun/static/SmoothNavMenu/resources/images/down.gif HTTP/1.1" 200 854
201.186.225.187 - - [04/May/2022:12:14:56 -0300] "GET /cormun/servlet/trlicencias? HTTP/1.1" 200 10167
201.186.225.187 - - [04/May/2022:12:14:56 -0300] "GET /cormun/static/gxcfg.js?2020121613995 HTTP/1.1" 200 953
201.186.225.187 - - [04/May/2022:12:14:56 -0300] "GET /cormun/static/gxui/gxui-all.css?120300 HTTP/1.1" 200 2179
201.186.225.187 - - [04/May/2022:12:14:56 -0300] "GET /cormun/static/Resources/PXToolsAddAllAction.png HTTP/1.1" 200 495
201.186.225.187 - - [04/May/2022:12:14:56 -0300] "GET /cormun/static/Resources/PXTools/calendar.png HTTP/1.1" 200 1306
201.186.225.187 - - [04/May/2022:12:14:56 -0300] "GET /cormun/static/calendar-system.css?85620 HTTP/1.1" 200 5572
201.186.225.187 - - [04/May/2022:12:14:56 -0300] "GET /cormun/static/Resources/PXToolsGridPreviousDisabled.gif HTTP/1.1" 200 90
201.186.225.187 - - [04/May/2022:12:14:56 -0300] "GET /cormun/static/Resources/PXToolsGridNextDisabled.gif HTTP/1.1" 200 90
201.186.225.187 - - [04/May/2022:12:14:56 -0300] "GET /cormun/static/Resources/PXToolsGridFirstDisabled.gif HTTP/1.1" 200 100
201.186.225.187 - - [04/May/2022:12:14:56 -0300] "GET /cormun/static/Resources/PXToolsDataSearch.png HTTP/1.1" 200 435
201.186.225.187 - - [04/May/2022:12:14:56 -0300] "GET /cormun/static/Resources/PXToolsGridLastDisabled.gif HTTP/1.1" 200 98
201.186.225.187 - - [04/May/2022:12:14:56 -0300] "GET /cormun/static/Resources/PXToolsGridPage.gif HTTP/1.1" 200 725
201.186.225.187 - - [04/May/2022:12:14:56 -0300] "GET /cormun/static/Resources/PXToolsActionExcel.png HTTP/1.1" 200 727
201.186.225.187 - - [04/May/2022:12:14:56 -0300] "GET /cormun/static/Resources/asc.gif HTTP/1.1" 200 67
201.186.225.187 - - [04/May/2022:12:14:56 -0300] "GET /cormun/static/Resources/desc.gif HTTP/1.1" 200 65
201.186.225.187 - - [04/May/2022:12:14:56 -0300] "GET /cormun//static/Resources/PXToolsActionDisabled.gif HTTP/1.1" 200 53
201.186.225.187 - - [04/May/2022:12:14:56 -0300] "GET /cormun//static/Resources/PXToolsGridDisplay.png HTTP/1.1" 200 525
201.186.225.187 - - [04/May/2022:12:14:56 -0300] "GET /cormun//static/Resources/PXToolsActionPrint.png HTTP/1.1" 200 404
201.186.225.187 - - [04/May/2022:12:14:56 -0300] "GET /cormun//static/Resources/PXToolsHeaderHelp.png HTTP/1.1" 200 1333
201.186.225.187 - - [04/May/2022:12:14:56 -0300] "GET /cormun//static/Resources/PXTools/ActionInsert.png HTTP/1.1" 200 1482
201.186.225.187 - - [04/May/2022:12:14:56 -0300] "GET /cormun//static/Resources/PXToolsHeaderFavorites.png HTTP/1.1" 200 1414
201.186.225.187 - - [04/May/2022:12:14:56 -0300] "GET /cormun/static/Shared/ext/resources/themes/images/default/tools/tool-sprites.gif HTTP/1.1" 200 5434
201.186.225.187 - - [04/May/2022:12:14:56 -0300] "GET /cormun/static/Shared/ext/resources/themes/images/default/panel/bg-headersPanel.png HTTP/1.1" 200 255
192.168.10.17 - - [04/May/2022:12:15:09 -0300] "GET /cormun/servlet/vesolicitudgral?2022,18491,, HTTP/1.1" 200 8421
192.168.10.17 - - [04/May/2022:12:15:09 -0300] "GET /cormun/pexe_scrolldiv.js HTTP/1.1" 404 1009
192.168.10.17 - - [04/May/2022:12:15:09 -0300] "GET /cormun/servlet/vesolicitudgral?2022,18491,, HTTP/1.1" 200 8420
192.168.10.17 - - [04/May/2022:12:15:27 -0300] "GET /cormun/servlet/vesolicitudgral?2022,18491,,SolicitudOTAdjuntos HTTP/1.1" 200 10904
192.168.10.17 - - [04/May/2022:12:15:27 -0300] "GET /cormun/pexe_scrolldiv.js HTTP/1.1" 404 1009
192.168.10.17 - - [04/May/2022:12:15:27 -0300] "GET /cormun/servlet/vesolicitudgral?2022,18491,,SolicitudOTAdjuntos HTTP/1.1" 200 10903
192.168.10.17 - - [04/May/2022:12:15:28 -0300] "POST /cormun/servlet/acontrolpreferencessavestate?None,RRHH+DANIELA,true HTTP/1.1" 200 35
192.168.10.11 - - [04/May/2022:12:15:28 -0300] "GET / HTTP/1.1" 200 11217
190.171.143.82 - - [04/May/2022:12:15:30 -0300] "POST /cormun/servlet/trcontratounov2?7477f9a8a89706973f36d6714b088132,,gx-no-cache=1651676546709 HTTP/1.1" 200 15928
192.168.10.17 - - [04/May/2022:12:15:34 -0300] "GET /cormun/PublicTempStorage/foto_copia_c._de_identidad_gabriela_soto9338702.pdf HTTP/1.1" 200 109408
190.171.143.82 - - [04/May/2022:12:15:36 -0300] "POST /cormun/servlet/trcontratounov2?7477f9a8a89706973f36d6714b088132,,gx-no-cache=1651676553102 HTTP/1.1" 200 18002
191.126.187.25 - - [04/May/2022:12:15:52 -0300] "GET /cormun/servlet/solicitudot?87d4fe174ccfd8a83ffba7583aab3c46939d5a5057862ac4992c5fa54259dca0,gx-no-cache=1651676569252 HTTP/1.1" 200 94
191.126.187.25 - - [04/May/2022:12:15:52 -0300] "GET /cormun/static/Shared/jqueryui/images/ui-bg_highlight-soft_100_c6c2c8_1x100.png HTTP/1.1" 404 1117
191.126.187.25 - - [04/May/2022:12:15:52 -0300] "GET /cormun/static/Shared/jqueryui/images/ui-icons_82798d_256x240.png HTTP/1.1" 404 1089
191.126.187.25 - - [04/May/2022:12:15:52 -0300] "GET /cormun/static/Shared/jqueryui/images/ui-bg_flat_55_994d53_40x100.png HTTP/1.1" 404 1097
191.126.187.25 - - [04/May/2022:12:15:52 -0300] "GET /cormun/static/Shared/jqueryui/images/ui-icons_ebccce_256x240.png HTTP/1.1" 404 1089
191.126.187.25 - - [04/May/2022:12:15:52 -0300] "GET /cormun/servlet/solicitudot?87d4fe174ccfd8a83ffba7583aab3c4688a60a74319502297f8e128b2a23f0ac,gx-no-cache=1651676569406 HTTP/1.1" 200 29
191.126.187.25 - - [04/May/2022:12:15:52 -0300] "POST /cormun/servlet/solicitudot?gx-no-cache=1651676569502 HTTP/1.1" 200 297
191.126.187.25 - - [04/May/2022:12:15:52 -0300] "GET /cormun/servlet/solicitudot?87d4fe174ccfd8a83ffba7583aab3c4611d695c0076f844d4e2f8e21ac4d128e1b122c3851787ece8cd189d052f12ef4c7b84b3e6cde8296dfceac0f8078d313fe0d45effce0e9e876ae17c309a4a9e45de1c8db4623b980af8f14b43bc80659f523fe819d2e2bb6e7806bf9660153e44e6568f4877960261e38023f03bf33ed1f48c09d192f5718f37c5f1e1e04199dbcb5b0ba4b718bfab07f8a0c72129380b565149342fc14dbb5c78c767c2e94c917a9b5fb7a49f334152c9f46add7c3bf1880e1b55ad0e49f76b5e1fa8a8330c8c52942dd74738689bc94285a746d500c72e10c1306158d8d8d2fb298c7f0d7e54479567054560334a43386fa8f74eb2b8334672c93b5866a34f73d4035a50cd55e87e93d956e5606a6e58ca78e3d01a27980afd873c17e8dbe152410f37f509fcd4fc2394b9a490bbd7dd4882415e4ee69b4fbbe8394f144e2b67dfbd74d27a6ac57aa1da9918f385b3147f935b8e3309e66817cb4c78f8b26704fb39deff8ec09359029583a6e5846016e640b46297bf2e7bc2980093ad15d8f1e8329b4698b,gx-no-cache=1651676569575 HTTP/1.1" 200 30
191.126.187.25 - - [04/May/2022:12:15:52 -0300] "POST /cormun/servlet/solicitudot?gx-no-cache=1651676569655 HTTP/1.1" 200 30
191.126.187.25 - - [04/May/2022:12:15:52 -0300] "POST /cormun/servlet/solicitudot?gx-no-cache=1651676569754 HTTP/1.1" 200 1452
191.126.187.25 - - [04/May/2022:12:15:52 -0300] "POST /cormun/servlet/solicitudot?gx-no-cache=1651676569854 HTTP/1.1" 200 38
191.126.187.25 - - [04/May/2022:12:15:52 -0300] "GET /cormun/servlet/solicitudot?87d4fe174ccfd8a83ffba7583aab3c46bdaa3489aa113678c03b0a2c3c2c307ebe2e9e5be48494f95ecf7905ee4725d890acd56aa1b51cc28ed180e0b0de2fe68ad41a0af63d2b6d18e10b9cccfac584ff5f95807d2d03ea169b247953debfd780c0bde650a2d798e65a2094c63decf4,gx-no-cache=1651676569926 HTTP/1.1" 200 110
191.126.187.25 - - [04/May/2022:12:15:53 -0300] "POST /cormun/servlet/solicitudot?gx-no-cache=1651676569993 HTTP/1.1" 200 64
190.171.143.82 - - [04/May/2022:12:16:10 -0300] "GET /cormun/servlet/trcontratoobservaciondir? HTTP/1.1" 200 8319
190.171.143.82 - - [04/May/2022:12:16:11 -0300] "GET /cormun/servlet/trcontratoobservaciondir? HTTP/1.1" 200 8319
190.171.141.106 - - [04/May/2022:12:16:17 -0300] "GET /cormun/servlet/solicitudot?4c8574643f3e98bf6542a6442faf3c7547b506feecd13cb510b498b1398b2b8fa3485e8f28894f76b63b62fb9c9b0e7b8e2cdf8ad2835460732115d1b5efd846,gx-no-cache=1651673086599 HTTP/1.1" 200 30
192.168.10.17 - - [04/May/2022:12:16:19 -0300] "GET /cormun/servlet/vesolicitudgral?2022,18491,,SolicitudOTAdjuntos HTTP/1.1" 200 10904
190.171.141.106 - - [04/May/2022:12:16:20 -0300] "GET /cormun/servlet/solicitudot?4c8574643f3e98bf6542a6442faf3c758c7436edc1b804163794d9f4c171b143,gx-no-cache=1651673089343 HTTP/1.1" 200 53
192.168.10.17 - - [04/May/2022:12:16:20 -0300] "GET /cormun/servlet/vesolicitudgral?2022,18491,,SolicitudOTAdjuntos HTTP/1.1" 200 10905
192.168.10.17 - - [04/May/2022:12:16:21 -0300] "POST /cormun/servlet/acontrolpreferencessavestate?None,RRHH+DANIELA,true HTTP/1.1" 200 35
190.171.143.82 - - [04/May/2022:12:16:21 -0300] "POST /cormun/servlet/trcontratoobservaciondir?7477f9a8a89706973f36d6714b088132,,gx-no-cache=1651676597662 HTTP/1.1" 200 4127
192.168.10.17 - - [04/May/2022:12:16:26 -0300] "GET /cormun/PublicTempStorage/certificado_afp_gabriela_soto2954454.pdf HTTP/1.1" 200 99453
192.168.10.11 - - [04/May/2022:12:16:28 -0300] "GET / HTTP/1.1" 200 11217
190.171.143.106 - - [04/May/2022:12:16:31 -0300] "GET /cormun/servlet/hlogin HTTP/1.1" 200 1727
190.171.143.106 - - [04/May/2022:12:16:31 -0300] "GET /cormun/servlet/hlogin HTTP/1.1" 200 1737
190.171.143.106 - - [04/May/2022:12:16:34 -0300] "POST /cormun/servlet/hlogin?75a8f15be5fe1fb15fa3c8d2fdc5e9e5,gx-no-cache=1651676611980 HTTP/1.1" 200 90
190.171.143.106 - - [04/May/2022:12:16:34 -0300] "GET /cormun/servlet/hpexe_link HTTP/1.1" 200 952
190.171.143.106 - - [04/May/2022:12:16:34 -0300] "GET /cormun/servlet/hhome HTTP/1.1" 200 3969
190.171.143.106 - - [04/May/2022:12:16:34 -0300] "GET /cormun/servlet/hhome HTTP/1.1" 200 3965
192.168.10.17 - - [04/May/2022:12:16:38 -0300] "GET /cormun/servlet/vesolicitudgral?2022,18491,,SolicitudOTAdjuntos HTTP/1.1" 200 10899
192.168.10.17 - - [04/May/2022:12:16:39 -0300] "GET /cormun/servlet/vesolicitudgral?2022,18491,,SolicitudOTAdjuntos HTTP/1.1" 200 10899
192.168.10.17 - - [04/May/2022:12:16:39 -0300] "POST /cormun/servlet/acontrolpreferencessavestate?None,RRHH+DANIELA,true HTTP/1.1" 200 35
190.171.143.106 - - [04/May/2022:12:16:41 -0300] "GET /cormun/servlet/trlicencias? HTTP/1.1" 200 9462
190.171.143.106 - - [04/May/2022:12:16:41 -0300] "GET /cormun/servlet/trlicencias? HTTP/1.1" 200 9460
192.168.10.17 - - [04/May/2022:12:16:44 -0300] "GET /cormun/PublicTempStorage/certificado_fonasa_gabriela_soto5619167.pdf HTTP/1.1" 200 123348
190.171.141.106 - - [04/May/2022:12:16:45 -0300] "POST /cormun/servlet/solicitudot?gx-no-cache=1651673114542 HTTP/1.1" 200 255
192.168.10.17 - - [04/May/2022:12:16:46 -0300] "GET /cormun/servlet/vesolicitudgral?2022,18491,,SolicitudOTAdjuntos HTTP/1.1" 200 10903
192.168.10.17 - - [04/May/2022:12:16:47 -0300] "GET /cormun/servlet/vesolicitudgral?2022,18491,,SolicitudOTAdjuntos HTTP/1.1" 200 10901
192.168.10.17 - - [04/May/2022:12:16:47 -0300] "POST /cormun/servlet/acontrolpreferencessavestate?None,RRHH+DANIELA,true HTTP/1.1" 200 35
191.126.187.25 - - [04/May/2022:12:16:51 -0300] "GET /cormun/servlet/solicitudot?INS,0,0,false, HTTP/1.1" 200 15600
191.126.187.25 - - [04/May/2022:12:16:52 -0300] "GET /cormun/servlet/solicitudot?INS,0,0,false, HTTP/1.1" 200 15600
190.171.141.106 - - [04/May/2022:12:16:53 -0300] "GET /cormun/servlet/solicitudot?4c8574643f3e98bf6542a6442faf3c75b81becd1d392e28c0fd3ae387672445d01a855559628caf00498011454052770a9cb33257f68d22aaa2d0440492cd3b8bb2ec45fc38d81f72da4723625a2ec82459f4fd66d87bc0a8e0b6b9a4c4038f2815e3f9ba6e1fc90cba1906e95121a4fd275303098e55f9e9977c5a1d08caf6e34fdba81062fd9e075bd2837a40a0450afdee5a24be4df91e8824662dc5404b947642765f15840f7197052272fe8a342aa1dd33672405429a856c22d9ea7ddedc5637f1a2ffdbaa1cde8630c197106d74ed9f45b4207fbfbf9fa8ab498e9af80cdb41f262205a07b5ff818ad32f0832c8f4876d335469fb3408f3337fae8e616780e849fa30374284ababcf594ba9a87c9fa2d9c63c1c1187f49cc3437ebaeb3a64d89b5caf6b53d568a01ccfeb5ffb70a241b0a5181352883ae2cdc9b5cea6b1b878c8ebdd799f9518c1ce4466624f82618a3df5d857b17d5570aaff8525dff3a910351d124978623bbb5e4ab2f864154b7298e998539bae394bbc8d0f4a2bc,gx-no-cache=1651673122897 HTTP/1.1" 200 30
190.171.143.82 - - [04/May/2022:12:17:03 -0300] "GET /cormun/servlet/trcontratoobservaciondir? HTTP/1.1" 200 6606
191.126.187.25 - - [04/May/2022:12:17:03 -0300] "POST /cormun/servlet/solicitudot?gx-no-cache=1651676639916 HTTP/1.1" 200 3850
191.126.187.25 - - [04/May/2022:12:17:05 -0300] "POST /cormun/servlet/solicitudot?59e6ddb9f5958ce6f6e17e19b9a355b9,INS,0,0,false,,gx-no-cache=1651676640764 HTTP/1.1" 200 12400
190.171.143.82 - - [04/May/2022:12:17:05 -0300] "GET /cormun/servlet/trcontratoobservaciondir? HTTP/1.1" 200 6605
191.126.187.25 - - [04/May/2022:12:17:08 -0300] "GET /cormun/servlet/solicitudot?87d4fe174ccfd8a83ffba7583aab3c4659c8e4f96af540d39213a06a79926885e46e26de1ca34423684e71f570875cbe,gx-no-cache=1651676644047 HTTP/1.1" 200 111
191.126.187.25 - - [04/May/2022:12:17:08 -0300] "GET /cormun/static/Shared/jqueryui/images/ui-bg_highlight-soft_100_c6c2c8_1x100.png HTTP/1.1" 404 1117
191.126.187.25 - - [04/May/2022:12:17:08 -0300] "GET /cormun/static/Shared/jqueryui/images/ui-bg_flat_55_994d53_40x100.png HTTP/1.1" 404 1097
191.126.187.25 - - [04/May/2022:12:17:08 -0300] "GET /cormun/static/Shared/jqueryui/images/ui-icons_82798d_256x240.png HTTP/1.1" 404 1089
191.126.187.25 - - [04/May/2022:12:17:08 -0300] "GET /cormun/static/Shared/jqueryui/images/ui-icons_ebccce_256x240.png HTTP/1.1" 404 1089
190.171.143.82 - - [04/May/2022:12:17:08 -0300] "GET /cormun/servlet/trcontratounov2? HTTP/1.1" 200 18303
190.171.143.82 - - [04/May/2022:12:17:10 -0300] "GET /cormun/servlet/trcontratounov2? HTTP/1.1" 200 18295
190.171.143.82 - - [04/May/2022:12:17:14 -0300] "POST /cormun/servlet/trcontratounov2?7477f9a8a89706973f36d6714b088132,,gx-no-cache=1651676651055 HTTP/1.1" 200 18023
190.95.67.97 - - [04/May/2022:12:17:24 -0300] "GET /cormun/servlet/hlogin HTTP/1.1" 200 1727
190.95.67.97 - - [04/May/2022:12:17:24 -0300] "GET /cormun/servlet/hlogin HTTP/1.1" 200 1736
190.95.67.97 - - [04/May/2022:12:17:27 -0300] "POST /cormun/servlet/hlogin?7626743e62c46f5a850aaf04e7c4d2da,gx-no-cache=1651676665614 HTTP/1.1" 200 90
190.95.67.97 - - [04/May/2022:12:17:27 -0300] "GET /cormun/servlet/hpexe_link HTTP/1.1" 200 955
190.95.67.97 - - [04/May/2022:12:17:27 -0300] "GET /cormun/servlet/hhome HTTP/1.1" 200 3949
190.95.67.97 - - [04/May/2022:12:17:28 -0300] "GET /cormun/servlet/hhome HTTP/1.1" 200 3946
192.168.10.11 - - [04/May/2022:12:17:28 -0300] "GET / HTTP/1.1" 200 11217
191.126.187.25 - - [04/May/2022:12:17:28 -0300] "POST /cormun/servlet/solicitudot?gx-no-cache=1651676665488 HTTP/1.1" 200 3871
191.126.187.25 - - [04/May/2022:12:17:28 -0300] "POST /cormun/servlet/solicitudot?59e6ddb9f5958ce6f6e17e19b9a355b9,INS,0,0,false,,gx-no-cache=1651676665789 HTTP/1.1" 200 12472
191.126.187.25 - - [04/May/2022:12:17:29 -0300] "GET /cormun/servlet/solicitudot?87d4fe174ccfd8a83ffba7583aab3c4610e3ef6fa3c2fb2bb81e0a90e5be8b2ae46e26de1ca34423684e71f570875cbe,gx-no-cache=1651676666085 HTTP/1.1" 200 30
192.168.10.17 - - [04/May/2022:12:17:29 -0300] "GET /cormun/servlet/vesolicitudgral?2022,18491,,General HTTP/1.1" 200 8425
192.168.10.17 - - [04/May/2022:12:17:29 -0300] "GET /cormun/pexe_scrolldiv.js HTTP/1.1" 404 1009
192.168.10.17 - - [04/May/2022:12:17:29 -0300] "GET /cormun/servlet/vesolicitudgral?2022,18491,,General HTTP/1.1" 200 8424
190.95.67.97 - - [04/May/2022:12:17:30 -0300] "GET /cormun/servlet/trpermisosgoce? HTTP/1.1" 200 12453
190.95.67.97 - - [04/May/2022:12:17:31 -0300] "GET /cormun/servlet/trpermisosgoce? HTTP/1.1" 200 12451
190.95.67.97 - - [04/May/2022:12:17:33 -0300] "GET /cormun/servlet/permisogoce?INS,0,,, HTTP/1.1" 200 6813
190.95.67.97 - - [04/May/2022:12:17:34 -0300] "GET /cormun/servlet/permisogoce?INS,0,,, HTTP/1.1" 200 6812
190.171.142.42 - - [04/May/2022:12:17:36 -0300] "GET /cormun/servlet/trpermisosgoce? HTTP/1.1" 200 14827
190.171.143.82 - - [04/May/2022:12:17:36 -0300] "GET /cormun/servlet/trlicencias? HTTP/1.1" 200 13390
190.171.142.42 - - [04/May/2022:12:17:36 -0300] "GET /cormun/servlet/trpermisosgoce? HTTP/1.1" 200 14827
190.171.142.42 - - [04/May/2022:12:17:37 -0300] "GET /cormun/servlet/trpermisosgoce? HTTP/1.1" 200 14827
190.171.142.42 - - [04/May/2022:12:17:37 -0300] "GET /cormun/servlet/trpermisosgoce? HTTP/1.1" 200 14827
190.171.143.82 - - [04/May/2022:12:17:38 -0300] "GET /cormun/servlet/trlicencias? HTTP/1.1" 200 13387
190.171.142.42 - - [04/May/2022:12:17:40 -0300] "GET /cormun/servlet/permisogoce?INS,0,,, HTTP/1.1" 200 7129
190.171.142.42 - - [04/May/2022:12:17:41 -0300] "GET /cormun/servlet/permisogoce?INS,0,,, HTTP/1.1" 200 7129
190.171.143.82 - - [04/May/2022:12:17:42 -0300] "POST /cormun/servlet/trlicencias?7477f9a8a89706973f36d6714b088132,,gx-no-cache=1651676678457 HTTP/1.1" 200 11127
190.95.67.97 - - [04/May/2022:12:17:42 -0300] "GET /cormun/servlet/permisogoce?b05f9dc23614865adeee8edd5d090497bbb8a08540bb665d1c3f4e31f128182e0c839d3353c53b1633f4e469428102e716ed575c6cc2e4cf839e97f5085cd006,gx-no-cache=1651676680450 HTTP/1.1" 200 73
190.95.67.97 - - [04/May/2022:12:17:46 -0300] "GET /cormun/static/menuarrow.gif HTTP/1.1" 404 1015
190.171.152.138 - - [04/May/2022:12:17:47 -0300] "GET /cormun/servlet/hlogin HTTP/1.1" 200 1727
190.171.152.138 - - [04/May/2022:12:17:48 -0300] "GET /cormun/servlet/hlogin HTTP/1.1" 200 1737
190.171.152.138 - - [04/May/2022:12:17:48 -0300] "GET /favicon.ico HTTP/1.1" 200 21630
190.171.143.82 - - [04/May/2022:12:17:51 -0300] "GET /cormun/servlet/licenciaspermisos?DSP,13720292,L,20220413000000, HTTP/1.1" 200 7500
190.171.143.82 - - [04/May/2022:12:17:52 -0300] "GET /cormun/servlet/licenciaspermisos?DSP,13720292,L,20220413000000, HTTP/1.1" 200 7519
190.95.67.97 - - [04/May/2022:12:17:54 -0300] "GET /cormun/servlet/permisogoce?b05f9dc23614865adeee8edd5d090497a94eb65ebad83a972ff99e09f17819527cc666925533ab60924946c34e5f1ad96668772c4cf71aad96675afcb3f4bd34,gx-no-cache=1651676692372 HTTP/1.1" 200 46
190.95.67.97 - - [04/May/2022:12:17:57 -0300] "POST /cormun/servlet/permisogoce?7626743e62c46f5a850aaf04e7c4d2da,INS,0,,,,gx-no-cache=1651676694006 HTTP/1.1" 200 93
190.95.67.97 - - [04/May/2022:12:17:57 -0300] "GET /cormun/servlet/hpexe_return? HTTP/1.1" 200 1012
190.95.67.97 - - [04/May/2022:12:17:57 -0300] "GET /cormun/servlet/trpermisosgoce HTTP/1.1" 200 12741
190.171.142.42 - - [04/May/2022:12:17:57 -0300] "POST /cormun/servlet/permisogoce?70c74f250d4aec676779f6da58479a9a,INS,0,,,,gx-no-cache=1651676694994 HTTP/1.1" 200 4754
190.171.142.42 - - [04/May/2022:12:17:57 -0300] "GET /cormun/static/Shared/jqueryui/images/ui-icons_82798d_256x240.png HTTP/1.1" 404 1089
190.171.142.42 - - [04/May/2022:12:17:57 -0300] "GET /cormun/static/Shared/jqueryui/images/ui-bg_highlight-soft_100_c6c2c8_1x100.png HTTP/1.1" 404 1117
190.171.142.42 - - [04/May/2022:12:17:57 -0300] "GET /cormun/static/Shared/jqueryui/images/ui-bg_flat_55_994d53_40x100.png HTTP/1.1" 404 1097
190.171.142.42 - - [04/May/2022:12:17:57 -0300] "GET /cormun/static/Shared/jqueryui/images/ui-icons_ebccce_256x240.png HTTP/1.1" 404 1089
190.95.67.97 - - [04/May/2022:12:17:58 -0300] "GET /cormun/servlet/trpermisosgoce HTTP/1.1" 200 12737
190.171.142.42 - - [04/May/2022:12:18:00 -0300] "GET /cormun/servlet/permisogoce?a21275732ad20cf99ab30c6ac9c1613e4095daf922a9942d7a6737a43613ac2802c1a0e4b4795a8fbaff74d3c97e9cde30bf1e4a9a014cad8c30532f17532c7c60bd19c8041b67634a9f709a5014b0f6bd3ea7ba19ffa58e8933db40d484d751d5f7a1d966a2128c922fac070e2a380060bd19c8041b67634a9f709a5014b0f6bd3ea7ba19ffa58e8933db40d484d75130bf1e4a9a014cad8c30532f17532c7c10efdab66808a5da36e01f2f163649507eff101cb628c161ce68667c4de004825941f072ed8f083d80f46ab171fccd5892f0d35adec4e81ce21acfe216b3d710,gx-no-cache=1651676697332 HTTP/1.1" 200 83
190.171.142.42 - - [04/May/2022:12:18:00 -0300] "GET /cormun/static/menuarrow.gif HTTP/1.1" 404 1015
200.83.224.3 - - [04/May/2022:12:18:00 -0300] "POST /cormun/servlet/solicitudot?gx-no-cache=1651676698799 HTTP/1.1" 200 83
190.95.67.97 - - [04/May/2022:12:18:02 -0300] "GET /cormun/servlet/apermisogoceprn?7838254,P,20220504110139,PU HTTP/1.1" 200 1662
190.171.143.82 - - [04/May/2022:12:18:03 -0300] "POST /cormun/servlet/licenciaspermisos?7477f9a8a89706973f36d6714b088132,DSP,13720292,L,20220413000000,,gx-no-cache=1651676699944 HTTP/1.1" 200 93
190.171.143.82 - - [04/May/2022:12:18:03 -0300] "GET /cormun/servlet/hpexe_return? HTTP/1.1" 200 1032
190.171.143.82 - - [04/May/2022:12:18:04 -0300] "GET /cormun/servlet/trlicencias? HTTP/1.1" 200 13393
190.171.143.82 - - [04/May/2022:12:18:06 -0300] "GET /cormun/servlet/trlicencias? HTTP/1.1" 200 13380
190.171.142.42 - - [04/May/2022:12:18:08 -0300] "GET /cormun/servlet/permisogoce?a21275732ad20cf99ab30c6ac9c1613e3347181031d493b53e70446d64537a742d1ca4dffffdf6cc6f4470270c38451e07c37bc0e0b6c302212628b2181ff749,gx-no-cache=1651676705788 HTTP/1.1" 200 46
190.171.142.42 - - [04/May/2022:12:18:12 -0300] "POST /cormun/servlet/permisogoce?70c74f250d4aec676779f6da58479a9a,INS,0,,,,gx-no-cache=1651676709464 HTTP/1.1" 200 93
190.171.142.42 - - [04/May/2022:12:18:12 -0300] "GET /cormun/servlet/hpexe_return? HTTP/1.1" 200 1010
190.171.142.42 - - [04/May/2022:12:18:12 -0300] "GET /cormun/servlet/trpermisosgoce HTTP/1.1" 200 15040
190.171.142.42 - - [04/May/2022:12:18:13 -0300] "GET /cormun/servlet/trpermisosgoce HTTP/1.1" 200 15035
190.171.142.42 - - [04/May/2022:12:18:15 -0300] "GET /cormun/servlet/apermisogoceprn?15993882,P,20220504110146,PU HTTP/1.1" 200 1655
190.171.152.138 - - [04/May/2022:12:18:17 -0300] "POST /cormun/servlet/hlogin?20f4d0c03435a1a0ea6cda70ef7af0e5,gx-no-cache=1651673108813 HTTP/1.1" 200 90
190.171.152.138 - - [04/May/2022:12:18:17 -0300] "GET /cormun/servlet/hpexe_link HTTP/1.1" 200 953
190.171.152.138 - - [04/May/2022:12:18:17 -0300] "GET /cormun/servlet/hhome HTTP/1.1" 200 3855
190.171.152.138 - - [04/May/2022:12:18:18 -0300] "GET /cormun/servlet/hhome HTTP/1.1" 200 3852
190.171.152.138 - - [04/May/2022:12:18:21 -0300] "GET /cormun/servlet/trpermisosgoce? HTTP/1.1" 200 9470
190.171.152.138 - - [04/May/2022:12:18:22 -0300] "GET /cormun/servlet/trpermisosgoce? HTTP/1.1" 200 9467
192.168.10.11 - - [04/May/2022:12:18:28 -0300] "GET / HTTP/1.1" 200 11217
190.171.152.138 - - [04/May/2022:12:18:29 -0300] "GET /cormun/servlet/trlicencias? HTTP/1.1" 200 12085
190.171.152.138 - - [04/May/2022:12:18:29 -0300] "GET /cormun/servlet/trlicencias? HTTP/1.1" 200 12089
190.171.142.42 - - [04/May/2022:12:18:31 -0300] "GET /cormun/servlet/permisogoce?INS,0,,, HTTP/1.1" 200 7129
190.171.142.42 - - [04/May/2022:12:18:31 -0300] "GET /cormun/servlet/permisogoce?INS,0,,, HTTP/1.1" 200 7129
190.171.142.42 - - [04/May/2022:12:18:46 -0300] "GET /cormun/servlet/trpermisosgoce? HTTP/1.1" 200 15043
190.171.142.42 - - [04/May/2022:12:18:47 -0300] "GET /cormun/servlet/trpermisosgoce? HTTP/1.1" 200 15035
190.171.142.42 - - [04/May/2022:12:18:49 -0300] "GET /cormun/servlet/permisogoce?INS,0,,, HTTP/1.1" 200 7129
190.171.142.42 - - [04/May/2022:12:18:50 -0300] "GET /cormun/servlet/permisogoce?INS,0,,, HTTP/1.1" 200 7129
190.171.142.42 - - [04/May/2022:12:19:01 -0300] "POST /cormun/servlet/permisogoce?70c74f250d4aec676779f6da58479a9a,INS,0,,,,gx-no-cache=1651676758235 HTTP/1.1" 200 4751
200.83.224.3 - - [04/May/2022:12:19:04 -0300] "GET /cormun/servlet/solicitudot?ececa04de6faf996a10a99881d2eb64a3b085a118395777e2c16eb6a7a12878b052278a7642f6b1e2f91377b91c4c2a827792796356e636faae5b99a8c010e6040ccc56ff613130d6fc29794fc0fada83cc326d977a2f1db2c973aba49362f524d0ee3e77816a7ed32907105cf0937c5,gx-no-cache=1651676763012 HTTP/1.1" 200 29
200.83.224.3 - - [04/May/2022:12:19:04 -0300] "GET /cormun/static/menuarrow.gif HTTP/1.1" 404 1015
190.171.142.42 - - [04/May/2022:12:19:06 -0300] "GET /cormun/servlet/permisogoce?a21275732ad20cf99ab30c6ac9c1613e7ed7c7d053dac425af9efbff7d0e7421e278167e47ae648cdb989da3d75704ecbd3ea7ba19ffa58e8933db40d484d75130bf1e4a9a014cad8c30532f17532c7c60bd19c8041b67634a9f709a5014b0f6925c12c225d32390becd6fcc9f69f5ba60bd19c8041b67634a9f709a5014b0f6bd3ea7ba19ffa58e8933db40d484d75130bf1e4a9a014cad8c30532f17532c7c2cd23b31aa9e6afb5324e80dcda7425330330c7a83e0a82c2fb92752549cd3055593df489c38c26f6946bd79dc192482,gx-no-cache=1651676764310 HTTP/1.1" 200 73
190.171.142.42 - - [04/May/2022:12:19:13 -0300] "GET /cormun/servlet/permisogoce?a21275732ad20cf99ab30c6ac9c1613e459e8f90861620ef4df701a2eac3e5b75b5017b7a83ef215263a298947cff4460f19a2e6affa60451517ff0bf2f740bb,gx-no-cache=1651676770980 HTTP/1.1" 200 46
190.171.142.42 - - [04/May/2022:12:19:19 -0300] "GET /cormun/static/Resources/resize.gif HTTP/1.1" 200 77
190.171.142.42 - - [04/May/2022:12:19:19 -0300] "GET /cormun/static/Resources/PXTools/ClosePrompt.png HTTP/1.1" 200 1036
190.171.142.42 - - [04/May/2022:12:19:19 -0300] "GET /cormun/servlet/puconsultapgoce?6206819,MD,gxPopupLevel%3D0%3B HTTP/1.1" 200 3770
190.171.142.42 - - [04/May/2022:12:19:19 -0300] "GET /cormun/static/gxcfg.js?2020121674770 HTTP/1.1" 200 953
190.171.142.42 - - [04/May/2022:12:19:19 -0300] "GET /cormun/pexe_menus.js HTTP/1.1" 404 1001
190.171.142.42 - - [04/May/2022:12:19:19 -0300] "GET /cormun/pexe_layers.js HTTP/1.1" 404 1003
190.171.142.42 - - [04/May/2022:12:19:19 -0300] "GET /cormun/pexe_windows.js HTTP/1.1" 404 1005
190.171.142.42 - - [04/May/2022:12:19:19 -0300] "GET /cormun/pexe_link.js HTTP/1.1" 404 999
190.171.142.42 - - [04/May/2022:12:19:19 -0300] "GET /cormun/pexe_cookies.js HTTP/1.1" 404 1005
190.171.142.42 - - [04/May/2022:12:19:19 -0300] "GET /cormun/pexe_grid.js HTTP/1.1" 404 999
190.171.142.42 - - [04/May/2022:12:19:19 -0300] "GET /cormun/pexe_griddivfix.js HTTP/1.1" 404 1011
190.171.142.42 - - [04/May/2022:12:19:19 -0300] "GET /cormun/pexe_picture.js HTTP/1.1" 404 1005
190.171.142.42 - - [04/May/2022:12:19:19 -0300] "GET /cormun/pexe_treedivfix.js HTTP/1.1" 404 1011
190.171.142.42 - - [04/May/2022:12:19:19 -0300] "GET /cormun/static/Resources/PXToolsMenuTopBackground.png HTTP/1.1" 200 1153
190.171.142.42 - - [04/May/2022:12:19:20 -0300] "GET /cormun/pexe_autoreload.js HTTP/1.1" 404 1011
190.171.142.42 - - [04/May/2022:12:19:20 -0300] "GET /cormun/pexe_menudivfix.js HTTP/1.1" 404 1011
190.171.142.42 - - [04/May/2022:12:19:20 -0300] "GET /cormun/pexe_tabdivfix.js HTTP/1.1" 404 1009
190.171.142.42 - - [04/May/2022:12:19:20 -0300] "GET /cormun/static/mpprompt.js?20201215583973 HTTP/1.1" 200 940
190.171.142.42 - - [04/May/2022:12:19:20 -0300] "GET /cormun/static/puconsultapgoce.js?2020121675052 HTTP/1.1" 200 22470
191.126.187.25 - - [04/May/2022:12:19:20 -0300] "GET /cormun/servlet/solicitudot?87d4fe174ccfd8a83ffba7583aab3c4680032133c375167d0c23cb73a29b3697eedc33beee17a04cc95b9fe31e6f9ab0588ebb964ad8939cd32a1e4d832462c2,gx-no-cache=1651676777031 HTTP/1.1" 200 30
190.171.142.42 - - [04/May/2022:12:19:24 -0300] "POST /cormun/servlet/puconsultapgoce?70c74f250d4aec676779f6da58479a9a,6206819,MD,gxPopupLevel%3D0%3B,gx-no-cache=1651676781692 HTTP/1.1" 200 59
191.126.187.25 - - [04/May/2022:12:19:27 -0300] "GET /cormun/static/Resources/resize.gif HTTP/1.1" 200 77
191.126.187.25 - - [04/May/2022:12:19:27 -0300] "GET /cormun/static/Resources/PXTools/ClosePrompt.png HTTP/1.1" 200 1036
191.126.187.25 - - [04/May/2022:12:19:27 -0300] "GET /cormun/servlet/prbanco?,MD,,gxPopupLevel%3D0%3B HTTP/1.1" 200 6421
191.126.187.25 - - [04/May/2022:12:19:27 -0300] "GET /cormun/static/gxcfg.js?20201216131581 HTTP/1.1" 200 953
191.126.187.25 - - [04/May/2022:12:19:27 -0300] "GET /cormun/static/gxui/gxui-all.css?120300 HTTP/1.1" 200 2179
191.126.187.25 - - [04/May/2022:12:19:27 -0300] "GET /cormun/static/prbanco.js?20201216132311 HTTP/1.1" 200 10693
191.126.187.25 - - [04/May/2022:12:19:27 -0300] "GET /cormun/static/menusearch.js?20201214473581 HTTP/1.1" 200 1424
191.126.187.25 - - [04/May/2022:12:19:27 -0300] "GET /cormun/static/Shared/ext/resources/css/ext-all.css?215870 HTTP/1.1" 200 416045
191.126.187.25 - - [04/May/2022:12:19:27 -0300] "GET /cormun/static/hmpwkw011.js?20201215495555 HTTP/1.1" 200 1968
191.126.187.25 - - [04/May/2022:12:19:28 -0300] "GET /cormun/static/Resources/PXToolsMenuSearch.png HTTP/1.1" 200 336
191.126.187.25 - - [04/May/2022:12:19:28 -0300] "GET /cormun/static/Resources/PXToolsMenuSearchCancel.png HTTP/1.1" 200 306
192.168.10.11 - - [04/May/2022:12:19:28 -0300] "GET / HTTP/1.1" 200 11217
