190.171.142.42 - - [04/May/2022:12:19:29 -0300] "POST /cormun/servlet/permisogoce?70c74f250d4aec676779f6da58479a9a,INS,0,,,,gx-no-cache=1651676786787 HTTP/1.1" 200 93
190.171.142.42 - - [04/May/2022:12:19:29 -0300] "GET /cormun/servlet/hpexe_return? HTTP/1.1" 200 1010
190.171.142.42 - - [04/May/2022:12:19:30 -0300] "GET /cormun/servlet/trpermisosgoce HTTP/1.1" 200 15241
190.171.142.42 - - [04/May/2022:12:19:30 -0300] "GET /cormun/servlet/trpermisosgoce HTTP/1.1" 200 15237
190.95.67.97 - - [04/May/2022:12:19:31 -0300] "GET /cormun/servlet/permisogoce?INS,0,,, HTTP/1.1" 200 6813
190.95.67.97 - - [04/May/2022:12:19:32 -0300] "GET /cormun/servlet/permisogoce?INS,0,,, HTTP/1.1" 200 6813
190.171.142.42 - - [04/May/2022:12:19:33 -0300] "GET /cormun/servlet/apermisogoceprn?6206819,P,20220504110255,PU HTTP/1.1" 200 1646
191.126.187.25 - - [04/May/2022:12:19:33 -0300] "GET /cormun/servlet/solicitudot?87d4fe174ccfd8a83ffba7583aab3c462af29fc5834d8110b6c3209f9941fc69,gx-no-cache=1651676790353 HTTP/1.1" 200 45
190.171.152.138 - - [04/May/2022:12:19:58 -0300] "GET /cormun/servlet/hlogin HTTP/1.1" 200 1743
192.168.10.17 - - [04/May/2022:12:20:16 -0300] "GET /cormun/servlet/trsolicitudgral? HTTP/1.1" 200 11537
191.126.187.25 - - [04/May/2022:12:20:16 -0300] "POST /cormun/servlet/solicitudot?gx-no-cache=1651676833163 HTTP/1.1" 200 297
191.126.187.25 - - [04/May/2022:12:20:16 -0300] "GET /cormun/servlet/solicitudot?87d4fe174ccfd8a83ffba7583aab3c4611d695c0076f844d4e2f8e21ac4d128e1b122c3851787ece8cd189d052f12ef4c7b84b3e6cde8296dfceac0f8078d313fe0d45effce0e9e876ae17c309a4a9e45de1c8db4623b980af8f14b43bc80659f523fe819d2e2bb6e7806bf9660153e44e6568f4877960261e38023f03bf33ed1f48c09d192f5718f37c5f1e1e04199dbcb5b0ba4b718bfab07f8a0c72129380b565149342fc14dbb5c78c767c2e94c917a9b5fb7a49f334152c9f46add7c3bf1880e1b55ad0e49f76b5e1fa8a8330c8c52942dd74738689bc94285a746d500c72e10c1306158d8d8d2fb298c7f0d7e54479567054560334a43386fa8f74eb2b8334672c93b5866a34f73d4035a50cd55e87e93d956e5606a6e58ca78e3d01a27980afd873c17e8dbe152410f37f509fcd4fc2394b9a490bbd7dd4882415e4ee69b4fbbe8394f144e2b67dfbd74d27a6ac57aa1da9918f385b3147f935b8e3309e66817cb4c78f8b26704fb39deff8ec09359029583a6e5846016e640b46297bf2e7bc2980093ad15d8f1e8329b4698b,gx-no-cache=1651676833303 HTTP/1.1" 200 30
192.168.10.17 - - [04/May/2022:12:20:16 -0300] "GET /cormun/servlet/trsolicitudgral? HTTP/1.1" 200 11529
191.126.187.25 - - [04/May/2022:12:20:17 -0300] "POST /cormun/servlet/solicitudot?gx-no-cache=1651676834569 HTTP/1.1" 200 30
191.126.187.25 - - [04/May/2022:12:20:18 -0300] "POST /cormun/servlet/solicitudot?gx-no-cache=1651676835775 HTTP/1.1" 200 1452
191.126.187.25 - - [04/May/2022:12:20:18 -0300] "POST /cormun/servlet/solicitudot?gx-no-cache=1651676835872 HTTP/1.1" 200 38
191.126.187.25 - - [04/May/2022:12:20:23 -0300] "GET /cormun/servlet/solicitudot?87d4fe174ccfd8a83ffba7583aab3c46bdaa3489aa113678c03b0a2c3c2c307ebe2e9e5be48494f95ecf7905ee4725d890acd56aa1b51cc28ed180e0b0de2fe68ad41a0af63d2b6d18e10b9cccfac584ff5f95807d2d03ea169b247953debfd780c0bde650a2d798e65a2094c63decf4,gx-no-cache=1651676839982 HTTP/1.1" 200 110
192.168.10.11 - - [04/May/2022:12:20:28 -0300] "GET / HTTP/1.1" 200 11217
190.171.152.242 - - [04/May/2022:12:20:40 -0300] "GET /cormun/servlet/hlogin HTTP/1.1" 200 1727
190.171.152.242 - - [04/May/2022:12:20:41 -0300] "GET /cormun/servlet/hlogin HTTP/1.1" 200 1737
190.171.152.242 - - [04/May/2022:12:20:45 -0300] "POST /cormun/servlet/hlogin?d408fddfe725f64b9eac8c3584fe4114,gx-no-cache=1651676862131 HTTP/1.1" 200 90
190.171.152.242 - - [04/May/2022:12:20:45 -0300] "GET /cormun/servlet/hpexe_link HTTP/1.1" 200 955
190.171.152.242 - - [04/May/2022:12:20:45 -0300] "GET /cormun/servlet/hhome HTTP/1.1" 200 4000
190.171.152.242 - - [04/May/2022:12:20:46 -0300] "GET /cormun/servlet/hhome HTTP/1.1" 200 3996
190.171.152.242 - - [04/May/2022:12:20:49 -0300] "GET /cormun/servlet/trpermisosgoce? HTTP/1.1" 200 11391
190.171.152.242 - - [04/May/2022:12:20:49 -0300] "GET /cormun/servlet/trpermisosgoce? HTTP/1.1" 200 11388
190.171.142.42 - - [04/May/2022:12:20:50 -0300] "GET /cormun/servlet/hlogin HTTP/1.1" 200 1744
191.126.187.25 - - [04/May/2022:12:20:51 -0300] "POST /cormun/servlet/solicitudot?gx-no-cache=1651676868132 HTTP/1.1" 200 97
190.171.152.242 - - [04/May/2022:12:20:52 -0300] "GET /cormun/servlet/permisogoce?INS,0,,, HTTP/1.1" 200 6861
190.171.152.242 - - [04/May/2022:12:20:52 -0300] "GET /cormun/servlet/permisogoce?INS,0,,, HTTP/1.1" 200 6859
190.171.152.242 - - [04/May/2022:12:20:56 -0300] "GET /cormun/servlet/prfichaempleado?,MD,,gxPopupLevel%3D0%3B HTTP/1.1" 200 9301
191.126.187.25 - - [04/May/2022:12:20:57 -0300] "GET /cormun/servlet/solicitudot?87d4fe174ccfd8a83ffba7583aab3c465802e0ea9ba2d1ad81b89afdd09b103d4f1b444772a17ce3ef4be23a5e9bfabe915a8854564a28a5ef95c6d7fd0b4568789f18a50cbe281ef9532b9e34ad155c419df418a7a756076e6b688f74209af702af31bd24e51a429168bc7d95089f09,gx-no-cache=1651676874185 HTTP/1.1" 200 29
191.126.187.25 - - [04/May/2022:12:20:57 -0300] "GET /cormun/static/menuarrow.gif HTTP/1.1" 404 1015
191.126.187.25 - - [04/May/2022:12:21:01 -0300] "GET /cormun/servlet/solicitudot?87d4fe174ccfd8a83ffba7583aab3c462c575a757b571ea15c314cec986b475e4cd5e7567b840a1f34f3a59a51c8456d,gx-no-cache=1651676878847 HTTP/1.1" 200 30
190.171.152.242 - - [04/May/2022:12:21:03 -0300] "POST /cormun/servlet/prfichaempleado?d408fddfe725f64b9eac8c3584fe4114,,MD,,gxPopupLevel%3D0%3B,gx-no-cache=1651676881043 HTTP/1.1" 200 3410
190.171.152.242 - - [04/May/2022:12:21:08 -0300] "GET /cormun/servlet/permisogoce?d732b410d2a600b2c464d6ddbbb6cc27e564b22e414b5de1bcd8aec782f60f6e4b2271e5bc2d742313e61e5c2a5fc65f033557397d6cd0db92a470b429c2d36e,gx-no-cache=1651676885603 HTTP/1.1" 200 79
190.171.152.242 - - [04/May/2022:12:21:08 -0300] "GET /cormun/static/menuarrow.gif HTTP/1.1" 404 1015
191.126.187.25 - - [04/May/2022:12:21:10 -0300] "POST /cormun/servlet/solicitudot?gx-no-cache=1651676887592 HTTP/1.1" 200 30
191.126.187.25 - - [04/May/2022:12:21:11 -0300] "POST /cormun/servlet/solicitudot?59e6ddb9f5958ce6f6e17e19b9a355b9,INS,0,0,false,,gx-no-cache=1651676887699 HTTP/1.1" 200 93
191.126.187.25 - - [04/May/2022:12:21:11 -0300] "GET /cormun/servlet/hpexe_return? HTTP/1.1" 200 1014
191.126.187.25 - - [04/May/2022:12:21:11 -0300] "GET /cormun/static/gxcfg.js?201991422392976 HTTP/1.1" 200 953
191.126.187.25 - - [04/May/2022:12:21:11 -0300] "GET /cormun/static/hpexe_return.js?201991422392984 HTTP/1.1" 200 1633
191.126.187.25 - - [04/May/2022:12:21:11 -0300] "GET /cormun/servlet/trsolicitudot HTTP/1.1" 200 8480
191.126.187.25 - - [04/May/2022:12:21:14 -0300] "GET /cormun//static/Resources/PXTools/ActionInsert.png HTTP/1.1" 200 1482
191.126.187.25 - - [04/May/2022:12:21:14 -0300] "GET /cormun//static/Resources/PXToolsGridDelete.png HTTP/1.1" 200 538
191.126.187.25 - - [04/May/2022:12:21:14 -0300] "GET /cormun//static/Resources/PXToolsGridUpdate.png HTTP/1.1" 200 470
191.126.187.25 - - [04/May/2022:12:21:14 -0300] "GET /cormun//static/Resources/PXToolsActionView.png HTTP/1.1" 200 398
191.126.187.25 - - [04/May/2022:12:21:14 -0300] "GET /cormun//static/Resources/PXToolsRemoveAllAction.png HTTP/1.1" 200 487
191.126.187.25 - - [04/May/2022:12:21:14 -0300] "GET /cormun/servlet/trsolicitudot HTTP/1.1" 200 8478
190.171.152.242 - - [04/May/2022:12:21:18 -0300] "GET /cormun/servlet/permisogoce?d732b410d2a600b2c464d6ddbbb6cc2713cd369cde4d6a01673c906084cb3898e80cd7b85db8960b6916a333bfcc7ff0d3590068c497312098ef0c28f10f9437,gx-no-cache=1651676895337 HTTP/1.1" 200 48
191.126.187.25 - - [04/May/2022:12:21:20 -0300] "GET /cormun/servlet/trsolicitudot? HTTP/1.1" 200 8478
191.126.187.25 - - [04/May/2022:12:21:21 -0300] "GET /cormun/servlet/trsolicitudot? HTTP/1.1" 200 8478
191.126.187.25 - - [04/May/2022:12:21:24 -0300] "POST /cormun/servlet/trsolicitudot?59e6ddb9f5958ce6f6e17e19b9a355b9,,gx-no-cache=1651676901030 HTTP/1.1" 200 107
191.126.187.25 - - [04/May/2022:12:21:24 -0300] "GET /cormun/servlet/trsolicitudadjuntos?2022,18608, HTTP/1.1" 200 5974
191.126.187.25 - - [04/May/2022:12:21:24 -0300] "GET /cormun/static/gxcfg.js?20201215574222 HTTP/1.1" 200 953
191.126.187.25 - - [04/May/2022:12:21:24 -0300] "GET /cormun/static/Resources/PXToolsGridNew.png HTTP/1.1" 200 427
191.126.187.25 - - [04/May/2022:12:21:24 -0300] "GET /cormun/static/trsolicitudadjuntos.js?20201215574932 HTTP/1.1" 200 17922
190.171.152.242 - - [04/May/2022:12:21:24 -0300] "POST /cormun/servlet/permisogoce?d408fddfe725f64b9eac8c3584fe4114,INS,0,,,,gx-no-cache=1651676901180 HTTP/1.1" 200 93
190.171.152.242 - - [04/May/2022:12:21:24 -0300] "GET /cormun/servlet/hpexe_return? HTTP/1.1" 200 1012
191.126.187.25 - - [04/May/2022:12:21:24 -0300] "GET /cormun/servlet/trsolicitudadjuntos?2022,18608, HTTP/1.1" 200 5974
190.171.152.242 - - [04/May/2022:12:21:25 -0300] "GET /cormun/servlet/trpermisosgoce HTTP/1.1" 200 11608
190.171.152.242 - - [04/May/2022:12:21:25 -0300] "GET /cormun/servlet/trpermisosgoce HTTP/1.1" 200 11603
191.126.187.25 - - [04/May/2022:12:21:27 -0300] "GET /cormun/servlet/solicitudotadjuntos?INS,2022,18608,,1, HTTP/1.1" 200 5920
191.126.187.25 - - [04/May/2022:12:21:27 -0300] "GET /cormun/static/gxcfg.js?202012157947 HTTP/1.1" 200 953
191.126.187.25 - - [04/May/2022:12:21:27 -0300] "GET /cormun/static/solicitudotadjuntos.js?202012157966 HTTP/1.1" 200 11771
191.126.187.25 - - [04/May/2022:12:21:28 -0300] "GET /cormun/static/about:blank HTTP/1.1" 404 1011
190.171.152.242 - - [04/May/2022:12:21:28 -0300] "GET /cormun/servlet/apermisogoceprn?10726821,P,20220504110457,PU HTTP/1.1" 200 1647
191.126.187.25 - - [04/May/2022:12:21:28 -0300] "GET /cormun/servlet/solicitudotadjuntos?INS,2022,18608,,1, HTTP/1.1" 200 5914
191.126.187.25 - - [04/May/2022:12:21:28 -0300] "GET /cormun/servlet/solicitudotadjuntos?87d4fe174ccfd8a83ffba7583aab3c46472d2568e4f212c133c4ff5ff44fae03933f642bc7d23ccb5f688304ce96cf6e,gx-no-cache=1651676905585 HTTP/1.1" 200 30
192.168.10.11 - - [04/May/2022:12:21:28 -0300] "GET / HTTP/1.1" 200 11217
191.126.187.25 - - [04/May/2022:12:21:28 -0300] "POST /cormun/servlet/solicitudotadjuntos?59e6ddb9f5958ce6f6e17e19b9a355b9,INS,2022,18608,,1,,gx-no-cache=1651676905664 HTTP/1.1" 200 3878
191.126.187.25 - - [04/May/2022:12:21:30 -0300] "POST /cormun/servlet/solicitudotadjuntos?gx-no-cache=1651676907663 HTTP/1.1" 200 26
200.83.224.3 - - [04/May/2022:12:21:39 -0300] "GET /cormun/servlet/solicitudot?ececa04de6faf996a10a99881d2eb64abce7338f243defaab5bb1ff2f0c8658122975a172296b339fd30457d535c3247,gx-no-cache=1651676917638 HTTP/1.1" 200 30
191.126.187.25 - - [04/May/2022:12:21:40 -0300] "GET /cormun/servlet/solicitudotadjuntos?87d4fe174ccfd8a83ffba7583aab3c466636aafbd98171aa350e3eb751fc5fe8,gx-no-cache=1651676917217 HTTP/1.1" 200 30
191.126.187.25 - - [04/May/2022:12:21:40 -0300] "GET /cormun/servlet/solicitudotadjuntos?87d4fe174ccfd8a83ffba7583aab3c466636aafbd98171aa350e3eb751fc5fe8,gx-no-cache=1651676917271 HTTP/1.1" 200 30
191.126.187.25 - - [04/May/2022:12:21:40 -0300] "POST /cormun/servlet/solicitudotadjuntos?59e6ddb9f5958ce6f6e17e19b9a355b9,INS,2022,18608,,1, HTTP/1.1" 200 116
191.126.187.25 - - [04/May/2022:12:21:40 -0300] "GET /cormun/servlet/hpexe_return? HTTP/1.1" 200 1033
191.126.187.25 - - [04/May/2022:12:21:40 -0300] "GET /cormun/servlet/trsolicitudadjuntos?2022,18608, HTTP/1.1" 200 8720
191.126.187.25 - - [04/May/2022:12:21:41 -0300] "GET /cormun/servlet/trsolicitudadjuntos?2022,18608, HTTP/1.1" 200 8717
190.171.152.242 - - [04/May/2022:12:21:41 -0300] "GET /cormun/servlet/permisogoce?INS,0,,, HTTP/1.1" 200 6861
190.171.152.242 - - [04/May/2022:12:21:41 -0300] "GET /cormun/servlet/permisogoce?INS,0,,, HTTP/1.1" 200 6861
191.126.187.25 - - [04/May/2022:12:21:43 -0300] "GET /cormun/servlet/solicitudotadjuntos?INS,2022,18608,,1, HTTP/1.1" 200 5920
191.126.187.25 - - [04/May/2022:12:21:44 -0300] "GET /cormun/static/about:blank HTTP/1.1" 404 1011
191.126.187.25 - - [04/May/2022:12:21:44 -0300] "GET /cormun/servlet/solicitudotadjuntos?INS,2022,18608,,1, HTTP/1.1" 200 5914
191.126.187.25 - - [04/May/2022:12:21:44 -0300] "GET /cormun/servlet/solicitudotadjuntos?87d4fe174ccfd8a83ffba7583aab3c46472d2568e4f212c133c4ff5ff44fae03933f642bc7d23ccb5f688304ce96cf6e,gx-no-cache=1651676921834 HTTP/1.1" 200 30
191.126.187.25 - - [04/May/2022:12:21:45 -0300] "POST /cormun/servlet/solicitudotadjuntos?59e6ddb9f5958ce6f6e17e19b9a355b9,INS,2022,18608,,1,,gx-no-cache=1651676921927 HTTP/1.1" 200 3878
190.171.152.242 - - [04/May/2022:12:21:45 -0300] "GET /cormun/servlet/prfichaempleado?,MD,,gxPopupLevel%3D0%3B HTTP/1.1" 200 9301
191.126.187.25 - - [04/May/2022:12:21:48 -0300] "POST /cormun/servlet/solicitudotadjuntos?gx-no-cache=1651676925946 HTTP/1.1" 200 26
191.126.187.25 - - [04/May/2022:12:21:57 -0300] "GET /cormun/servlet/solicitudotadjuntos?87d4fe174ccfd8a83ffba7583aab3c466636aafbd98171aa350e3eb751fc5fe8,gx-no-cache=1651676934560 HTTP/1.1" 200 30
191.126.187.25 - - [04/May/2022:12:21:57 -0300] "GET /cormun/servlet/solicitudotadjuntos?87d4fe174ccfd8a83ffba7583aab3c466636aafbd98171aa350e3eb751fc5fe8,gx-no-cache=1651676934617 HTTP/1.1" 200 30
191.126.187.25 - - [04/May/2022:12:21:58 -0300] "POST /cormun/servlet/solicitudotadjuntos?59e6ddb9f5958ce6f6e17e19b9a355b9,INS,2022,18608,,1, HTTP/1.1" 200 6316
191.126.187.25 - - [04/May/2022:12:21:58 -0300] "GET /cormun/static/Shared/jqueryui/images/ui-bg_highlight-soft_100_c6c2c8_1x100.png HTTP/1.1" 404 1117
191.126.187.25 - - [04/May/2022:12:21:58 -0300] "GET /cormun/static/Shared/jqueryui/images/ui-icons_ebccce_256x240.png HTTP/1.1" 404 1089
191.126.187.25 - - [04/May/2022:12:21:58 -0300] "GET /cormun/static/Shared/jqueryui/images/ui-bg_flat_55_994d53_40x100.png HTTP/1.1" 404 1097
191.126.187.25 - - [04/May/2022:12:21:58 -0300] "GET /cormun/static/Shared/jqueryui/images/ui-icons_82798d_256x240.png HTTP/1.1" 404 1089
191.126.187.25 - - [04/May/2022:12:21:58 -0300] "GET /cormun/PrivateTempStorage/upload_00000019.jpg HTTP/1.1" 200 100768
181.212.42.153 - - [04/May/2022:12:22:04 -0300] "GET /cormun/servlet/hlogin HTTP/1.1" 200 1723
191.126.187.25 - - [04/May/2022:12:22:04 -0300] "GET /cormun/servlet/trsolicitudadjuntos?2022,18608, HTTP/1.1" 200 8720
191.126.187.25 - - [04/May/2022:12:22:05 -0300] "GET /cormun/servlet/trsolicitudadjuntos?2022,18608, HTTP/1.1" 200 8717
190.171.152.242 - - [04/May/2022:12:22:06 -0300] "POST /cormun/servlet/prfichaempleado?d408fddfe725f64b9eac8c3584fe4114,,MD,,gxPopupLevel%3D0%3B,gx-no-cache=1651676943778 HTTP/1.1" 200 3413
190.171.141.90 - - [04/May/2022:12:22:07 -0300] "GET /cormun/servlet/hlogin HTTP/1.1" 200 1726
190.171.141.90 - - [04/May/2022:12:22:07 -0300] "GET /cormun/servlet/hlogin HTTP/1.1" 200 1737
191.126.187.25 - - [04/May/2022:12:22:08 -0300] "GET /cormun/servlet/solicitudotadjuntos?INS,2022,18608,,1, HTTP/1.1" 200 5920
191.126.187.25 - - [04/May/2022:12:22:09 -0300] "GET /cormun/static/about:blank HTTP/1.1" 404 1011
191.126.187.25 - - [04/May/2022:12:22:09 -0300] "GET /cormun/servlet/solicitudotadjuntos?INS,2022,18608,,1, HTTP/1.1" 200 5914
191.126.187.25 - - [04/May/2022:12:22:10 -0300] "GET /cormun/servlet/solicitudotadjuntos?87d4fe174ccfd8a83ffba7583aab3c46472d2568e4f212c133c4ff5ff44fae03933f642bc7d23ccb5f688304ce96cf6e,gx-no-cache=1651676946842 HTTP/1.1" 200 30
190.171.152.242 - - [04/May/2022:12:22:10 -0300] "GET /cormun/servlet/permisogoce?d732b410d2a600b2c464d6ddbbb6cc27172bfffe415461fe7f022b69f6d838904b2271e5bc2d742313e61e5c2a5fc65f033557397d6cd0db92a470b429c2d36e,gx-no-cache=1651676947402 HTTP/1.1" 200 78
190.171.152.242 - - [04/May/2022:12:22:10 -0300] "GET /cormun/static/menuarrow.gif HTTP/1.1" 404 1015
191.126.187.25 - - [04/May/2022:12:22:10 -0300] "POST /cormun/servlet/solicitudotadjuntos?59e6ddb9f5958ce6f6e17e19b9a355b9,INS,2022,18608,,1,,gx-no-cache=1651676947238 HTTP/1.1" 200 3877
181.212.42.153 - - [04/May/2022:12:22:12 -0300] "POST /cormun/servlet/hlogin?c2d5f22741e56cf4a8efcbc65fe5b75c,gx-no-cache=1651677018653 HTTP/1.1" 200 90
181.212.42.153 - - [04/May/2022:12:22:12 -0300] "GET /cormun/servlet/hpexe_link HTTP/1.1" 200 950
181.212.42.153 - - [04/May/2022:12:22:12 -0300] "GET /cormun/servlet/hhome HTTP/1.1" 200 3962
181.212.42.153 - - [04/May/2022:12:22:12 -0300] "GET /cormun/servlet/hhome HTTP/1.1" 200 3958
190.171.141.90 - - [04/May/2022:12:22:13 -0300] "POST /cormun/servlet/hlogin?edf163e24a932af9b11f1cb047398836,gx-no-cache=1651676950371 HTTP/1.1" 200 90
190.171.141.90 - - [04/May/2022:12:22:13 -0300] "GET /cormun/servlet/hpexe_link HTTP/1.1" 200 952
190.171.141.90 - - [04/May/2022:12:22:13 -0300] "GET /cormun/servlet/hhome HTTP/1.1" 200 4129
190.171.141.90 - - [04/May/2022:12:22:13 -0300] "GET /cormun/servlet/hhome HTTP/1.1" 200 4125
190.171.141.106 - - [04/May/2022:12:22:14 -0300] "POST /cormun/servlet/solicitudot?gx-no-cache=1651673443751 HTTP/1.1" 200 30
181.212.42.153 - - [04/May/2022:12:22:14 -0300] "GET /cormun/servlet/trlicencias? HTTP/1.1" 200 13183
181.212.42.153 - - [04/May/2022:12:22:15 -0300] "GET /cormun/servlet/trlicencias? HTTP/1.1" 200 13180
191.126.187.25 - - [04/May/2022:12:22:15 -0300] "POST /cormun/servlet/solicitudotadjuntos?gx-no-cache=1651676950650 HTTP/1.1" 200 26
192.168.10.17 - - [04/May/2022:12:22:16 -0300] "GET /cormun/servlet/vesolicitudgral?2022,18538,, HTTP/1.1" 200 8337
192.168.10.17 - - [04/May/2022:12:22:16 -0300] "GET /cormun/pexe_scrolldiv.js HTTP/1.1" 404 1009
192.168.10.17 - - [04/May/2022:12:22:16 -0300] "GET /cormun/servlet/vesolicitudgral?2022,18538,, HTTP/1.1" 200 8337
190.171.152.242 - - [04/May/2022:12:22:16 -0300] "GET /cormun/servlet/permisogoce?d732b410d2a600b2c464d6ddbbb6cc277f6c5c91a02109edd6df872fb120c6e4b76f85634606e267177cc55a995f98ded3590068c497312098ef0c28f10f9437,gx-no-cache=1651676953713 HTTP/1.1" 200 46
190.171.152.242 - - [04/May/2022:12:22:19 -0300] "POST /cormun/servlet/permisogoce?d408fddfe725f64b9eac8c3584fe4114,INS,0,,,,gx-no-cache=1651676956378 HTTP/1.1" 200 93
190.171.152.242 - - [04/May/2022:12:22:19 -0300] "GET /cormun/servlet/hpexe_return? HTTP/1.1" 200 1012
190.171.152.242 - - [04/May/2022:12:22:19 -0300] "GET /cormun/servlet/trpermisosgoce HTTP/1.1" 200 11836
190.171.152.242 - - [04/May/2022:12:22:20 -0300] "GET /cormun/servlet/trpermisosgoce HTTP/1.1" 200 11832
190.171.152.242 - - [04/May/2022:12:22:23 -0300] "GET /cormun/servlet/apermisogoceprn?17401582,P,20220504110547,PU HTTP/1.1" 200 1653
192.168.10.17 - - [04/May/2022:12:22:27 -0300] "GET /cormun/servlet/vesolicitudgral?2022,18538,,SolicitudOTAdjuntos HTTP/1.1" 200 10773
192.168.10.17 - - [04/May/2022:12:22:27 -0300] "GET /cormun/pexe_scrolldiv.js HTTP/1.1" 404 1009
190.171.141.90 - - [04/May/2022:12:22:27 -0300] "GET /cormun/servlet/trsolicitudot? HTTP/1.1" 200 10421
190.171.141.90 - - [04/May/2022:12:22:27 -0300] "GET /cormun/servlet/trsolicitudot? HTTP/1.1" 200 10419
192.168.10.17 - - [04/May/2022:12:22:27 -0300] "GET /cormun/servlet/vesolicitudgral?2022,18538,,SolicitudOTAdjuntos HTTP/1.1" 200 10776
192.168.10.17 - - [04/May/2022:12:22:28 -0300] "POST /cormun/servlet/acontrolpreferencessavestate?None,RRHH+DANIELA,true HTTP/1.1" 200 35
192.168.10.11 - - [04/May/2022:12:22:28 -0300] "GET / HTTP/1.1" 200 11217
192.168.10.17 - - [04/May/2022:12:22:31 -0300] "GET /cormun/PublicTempStorage/22tcamilacertant927151.pdf HTTP/1.1" 200 543104
190.171.141.90 - - [04/May/2022:12:22:35 -0300] "GET /cormun/servlet/solicitudot?INS,0,0,false, HTTP/1.1" 200 15852
191.126.187.25 - - [04/May/2022:12:22:35 -0300] "GET /cormun/servlet/solicitudotadjuntos?87d4fe174ccfd8a83ffba7583aab3c466636aafbd98171aa350e3eb751fc5fe8,gx-no-cache=1651676972657 HTTP/1.1" 200 30
191.126.187.25 - - [04/May/2022:12:22:35 -0300] "GET /cormun/servlet/solicitudotadjuntos?87d4fe174ccfd8a83ffba7583aab3c466636aafbd98171aa350e3eb751fc5fe8,gx-no-cache=1651676972806 HTTP/1.1" 200 30
190.171.141.90 - - [04/May/2022:12:22:35 -0300] "GET /cormun/servlet/solicitudot?INS,0,0,false, HTTP/1.1" 200 15859
191.126.187.25 - - [04/May/2022:12:22:36 -0300] "POST /cormun/servlet/solicitudotadjuntos?59e6ddb9f5958ce6f6e17e19b9a355b9,INS,2022,18608,,1, HTTP/1.1" 200 116
191.126.187.25 - - [04/May/2022:12:22:36 -0300] "GET /cormun/servlet/hpexe_return? HTTP/1.1" 200 1033
191.126.187.25 - - [04/May/2022:12:22:36 -0300] "GET /cormun/servlet/trsolicitudadjuntos?2022,18608, HTTP/1.1" 200 8970
191.126.187.25 - - [04/May/2022:12:22:37 -0300] "GET /cormun/servlet/trsolicitudadjuntos?2022,18608, HTTP/1.1" 200 8968
190.171.152.242 - - [04/May/2022:12:22:39 -0300] "GET /cormun/servlet/permisogoce?INS,0,,, HTTP/1.1" 200 6860
190.171.152.242 - - [04/May/2022:12:22:40 -0300] "GET /cormun/servlet/permisogoce?INS,0,,, HTTP/1.1" 200 6860
191.126.187.25 - - [04/May/2022:12:22:40 -0300] "GET /cormun/servlet/solicitudotadjuntos?INS,2022,18608,,1, HTTP/1.1" 200 5920
191.126.187.25 - - [04/May/2022:12:22:40 -0300] "GET /cormun/static/about:blank HTTP/1.1" 404 1011
191.126.187.25 - - [04/May/2022:12:22:40 -0300] "GET /cormun/servlet/solicitudotadjuntos?INS,2022,18608,,1, HTTP/1.1" 200 5914
191.126.187.25 - - [04/May/2022:12:22:41 -0300] "GET /cormun/servlet/solicitudotadjuntos?87d4fe174ccfd8a83ffba7583aab3c46472d2568e4f212c133c4ff5ff44fae03933f642bc7d23ccb5f688304ce96cf6e,gx-no-cache=1651676978254 HTTP/1.1" 200 30
191.126.187.25 - - [04/May/2022:12:22:41 -0300] "POST /cormun/servlet/solicitudotadjuntos?59e6ddb9f5958ce6f6e17e19b9a355b9,INS,2022,18608,,1,,gx-no-cache=1651676978328 HTTP/1.1" 200 3877
190.171.152.242 - - [04/May/2022:12:22:42 -0300] "GET /cormun/servlet/prfichaempleado?,MD,,gxPopupLevel%3D0%3B HTTP/1.1" 200 9301
191.126.187.25 - - [04/May/2022:12:22:46 -0300] "POST /cormun/servlet/solicitudotadjuntos?gx-no-cache=1651676983225 HTTP/1.1" 200 26
190.171.141.90 - - [04/May/2022:12:22:49 -0300] "POST /cormun/servlet/solicitudot?gx-no-cache=1651676986226 HTTP/1.1" 200 3934
190.171.141.90 - - [04/May/2022:12:22:49 -0300] "GET /cormun/static/Shared/jqueryui/images/ui-bg_highlight-soft_100_c6c2c8_1x100.png HTTP/1.1" 404 1117
190.171.141.90 - - [04/May/2022:12:22:49 -0300] "GET /cormun/static/Shared/jqueryui/images/ui-icons_82798d_256x240.png HTTP/1.1" 404 1089
190.171.141.90 - - [04/May/2022:12:22:49 -0300] "GET /cormun/static/Shared/jqueryui/images/ui-bg_flat_55_994d53_40x100.png HTTP/1.1" 404 1097
190.171.141.90 - - [04/May/2022:12:22:49 -0300] "GET /cormun/static/Shared/jqueryui/images/ui-icons_ebccce_256x240.png HTTP/1.1" 404 1089
190.171.141.106 - - [04/May/2022:12:22:55 -0300] "POST /cormun/servlet/solicitudot?gx-no-cache=1651673484521 HTTP/1.1" 200 1454
191.126.187.25 - - [04/May/2022:12:22:57 -0300] "GET /cormun/servlet/solicitudotadjuntos?87d4fe174ccfd8a83ffba7583aab3c466636aafbd98171aa350e3eb751fc5fe8,gx-no-cache=1651676994057 HTTP/1.1" 200 30
190.171.152.242 - - [04/May/2022:12:22:57 -0300] "POST /cormun/servlet/prfichaempleado?d408fddfe725f64b9eac8c3584fe4114,,MD,,gxPopupLevel%3D0%3B,gx-no-cache=1651676994219 HTTP/1.1" 200 3184
191.126.187.25 - - [04/May/2022:12:22:57 -0300] "GET /cormun/servlet/solicitudotadjuntos?87d4fe174ccfd8a83ffba7583aab3c466636aafbd98171aa350e3eb751fc5fe8,gx-no-cache=1651676994122 HTTP/1.1" 200 30
191.126.187.25 - - [04/May/2022:12:22:57 -0300] "POST /cormun/servlet/solicitudotadjuntos?59e6ddb9f5958ce6f6e17e19b9a355b9,INS,2022,18608,,1, HTTP/1.1" 200 116
191.126.187.25 - - [04/May/2022:12:22:57 -0300] "GET /cormun/servlet/hpexe_return? HTTP/1.1" 200 1033
191.126.187.25 - - [04/May/2022:12:22:58 -0300] "GET /cormun/servlet/trsolicitudadjuntos?2022,18608, HTTP/1.1" 200 9182
191.126.187.25 - - [04/May/2022:12:22:58 -0300] "GET /cormun/servlet/trsolicitudadjuntos?2022,18608, HTTP/1.1" 200 9178
190.171.141.90 - - [04/May/2022:12:23:00 -0300] "GET /cormun/servlet/solicitudot?85cc6fad538855c57e0dd31ea952d5c0123d959f136f33110b050753bc804cd394d3f15fa1c2462a483fef45da0c1e70,gx-no-cache=1651676997204 HTTP/1.1" 200 30
191.126.187.25 - - [04/May/2022:12:23:00 -0300] "GET /cormun/servlet/solicitudotadjuntos?INS,2022,18608,,1, HTTP/1.1" 200 5920
191.126.187.25 - - [04/May/2022:12:23:01 -0300] "GET /cormun/static/about:blank HTTP/1.1" 404 1011
191.126.187.25 - - [04/May/2022:12:23:01 -0300] "GET /cormun/servlet/solicitudotadjuntos?INS,2022,18608,,1, HTTP/1.1" 200 5914
190.171.152.242 - - [04/May/2022:12:23:01 -0300] "GET /cormun/servlet/prfichaempleado?,MD,,gxPopupLevel%3D0%3B HTTP/1.1" 200 9301
191.126.187.25 - - [04/May/2022:12:23:01 -0300] "GET /cormun/servlet/solicitudotadjuntos?87d4fe174ccfd8a83ffba7583aab3c46472d2568e4f212c133c4ff5ff44fae03933f642bc7d23ccb5f688304ce96cf6e,gx-no-cache=1651676998634 HTTP/1.1" 200 30
191.126.187.25 - - [04/May/2022:12:23:01 -0300] "POST /cormun/servlet/solicitudotadjuntos?59e6ddb9f5958ce6f6e17e19b9a355b9,INS,2022,18608,,1,,gx-no-cache=1651676998725 HTTP/1.1" 200 3877
191.126.187.25 - - [04/May/2022:12:23:05 -0300] "POST /cormun/servlet/solicitudotadjuntos?gx-no-cache=1651677002346 HTTP/1.1" 200 26
190.171.152.242 - - [04/May/2022:12:23:12 -0300] "POST /cormun/servlet/prfichaempleado?d408fddfe725f64b9eac8c3584fe4114,,MD,,gxPopupLevel%3D0%3B,gx-no-cache=1651677009931 HTTP/1.1" 200 3416
190.171.152.242 - - [04/May/2022:12:23:16 -0300] "GET /cormun/servlet/permisogoce?d732b410d2a600b2c464d6ddbbb6cc27b63c2388321d5e884e43a887a80bd7bd3812282fad2e65b9bff03abc0cdccdddbbb3417b01ef1fa58486c932aaa040d4,gx-no-cache=1651677013563 HTTP/1.1" 200 79
190.171.152.242 - - [04/May/2022:12:23:16 -0300] "GET /cormun/static/menuarrow.gif HTTP/1.1" 404 1015
191.126.187.25 - - [04/May/2022:12:23:17 -0300] "GET /cormun/servlet/solicitudotadjuntos?87d4fe174ccfd8a83ffba7583aab3c466636aafbd98171aa350e3eb751fc5fe8,gx-no-cache=1651677014601 HTTP/1.1" 200 30
191.126.187.25 - - [04/May/2022:12:23:17 -0300] "GET /cormun/servlet/solicitudotadjuntos?87d4fe174ccfd8a83ffba7583aab3c466636aafbd98171aa350e3eb751fc5fe8,gx-no-cache=1651677014704 HTTP/1.1" 200 30
191.126.187.25 - - [04/May/2022:12:23:17 -0300] "POST /cormun/servlet/solicitudotadjuntos?59e6ddb9f5958ce6f6e17e19b9a355b9,INS,2022,18608,,1, HTTP/1.1" 200 116
191.126.187.25 - - [04/May/2022:12:23:18 -0300] "GET /cormun/servlet/hpexe_return? HTTP/1.1" 200 1033
191.126.187.25 - - [04/May/2022:12:23:18 -0300] "GET /cormun/servlet/trsolicitudadjuntos?2022,18608, HTTP/1.1" 200 9445
191.126.187.25 - - [04/May/2022:12:23:18 -0300] "GET /cormun/servlet/trsolicitudadjuntos?2022,18608, HTTP/1.1" 200 9445
190.171.152.242 - - [04/May/2022:12:23:24 -0300] "GET /cormun/servlet/permisogoce?d732b410d2a600b2c464d6ddbbb6cc270a591444db90c8ec2f2002b3048e8f44a4cdaf0ce4d95612ca2fd3980e2a611b604cd57302be99cff5a32e33499c65ed,gx-no-cache=1651677022106 HTTP/1.1" 200 46
191.126.187.25 - - [04/May/2022:12:23:27 -0300] "GET /cormun/servlet/solicitudotadjuntos?INS,2022,18608,,1, HTTP/1.1" 200 5920
191.126.187.25 - - [04/May/2022:12:23:27 -0300] "GET /cormun/static/about:blank HTTP/1.1" 404 1011
191.126.187.25 - - [04/May/2022:12:23:27 -0300] "GET /cormun/servlet/solicitudotadjuntos?INS,2022,18608,,1, HTTP/1.1" 200 5914
191.126.187.25 - - [04/May/2022:12:23:27 -0300] "GET /cormun/servlet/solicitudotadjuntos?87d4fe174ccfd8a83ffba7583aab3c46472d2568e4f212c133c4ff5ff44fae03933f642bc7d23ccb5f688304ce96cf6e,gx-no-cache=1651677024987 HTTP/1.1" 200 30
191.126.187.25 - - [04/May/2022:12:23:28 -0300] "POST /cormun/servlet/solicitudotadjuntos?59e6ddb9f5958ce6f6e17e19b9a355b9,INS,2022,18608,,1,,gx-no-cache=1651677025061 HTTP/1.1" 200 3877
192.168.10.11 - - [04/May/2022:12:23:28 -0300] "GET / HTTP/1.1" 200 11217
190.171.152.242 - - [04/May/2022:12:23:31 -0300] "POST /cormun/servlet/permisogoce?d408fddfe725f64b9eac8c3584fe4114,INS,0,,,,gx-no-cache=1651677028667 HTTP/1.1" 200 93
190.171.152.242 - - [04/May/2022:12:23:31 -0300] "GET /cormun/servlet/hpexe_return? HTTP/1.1" 200 1012
190.171.152.242 - - [04/May/2022:12:23:32 -0300] "GET /cormun/servlet/trpermisosgoce HTTP/1.1" 200 12096
191.126.187.25 - - [04/May/2022:12:23:32 -0300] "POST /cormun/servlet/solicitudotadjuntos?gx-no-cache=1651677029193 HTTP/1.1" 200 26
190.171.152.242 - - [04/May/2022:12:23:32 -0300] "GET /cormun/servlet/trpermisosgoce HTTP/1.1" 200 12091
190.171.141.106 - - [04/May/2022:12:23:36 -0300] "POST /cormun/servlet/solicitudot?gx-no-cache=1651673525504 HTTP/1.1" 200 41
190.171.152.242 - - [04/May/2022:12:23:36 -0300] "GET /cormun/servlet/apermisogoceprn?8101863,P,20220504110645,PU HTTP/1.1" 200 1645
191.126.187.25 - - [04/May/2022:12:23:39 -0300] "GET /cormun/servlet/solicitudotadjuntos?87d4fe174ccfd8a83ffba7583aab3c466636aafbd98171aa350e3eb751fc5fe8,gx-no-cache=1651677036745 HTTP/1.1" 200 30
191.126.187.25 - - [04/May/2022:12:23:39 -0300] "GET /cormun/servlet/solicitudotadjuntos?87d4fe174ccfd8a83ffba7583aab3c466636aafbd98171aa350e3eb751fc5fe8,gx-no-cache=1651677036839 HTTP/1.1" 200 30
191.126.187.25 - - [04/May/2022:12:23:40 -0300] "POST /cormun/servlet/solicitudotadjuntos?59e6ddb9f5958ce6f6e17e19b9a355b9,INS,2022,18608,,1, HTTP/1.1" 200 116
191.126.187.25 - - [04/May/2022:12:23:40 -0300] "GET /cormun/servlet/hpexe_return? HTTP/1.1" 200 1033
191.126.187.25 - - [04/May/2022:12:23:41 -0300] "GET /cormun/servlet/trsolicitudadjuntos?2022,18608, HTTP/1.1" 200 9741
191.126.187.25 - - [04/May/2022:12:23:41 -0300] "GET /cormun/servlet/trsolicitudadjuntos?2022,18608, HTTP/1.1" 200 9736
191.126.187.25 - - [04/May/2022:12:23:44 -0300] "GET /cormun/servlet/solicitudotadjuntos?INS,2022,18608,,1, HTTP/1.1" 200 5920
191.126.187.25 - - [04/May/2022:12:23:45 -0300] "GET /cormun/static/about:blank HTTP/1.1" 404 1011
191.126.187.25 - - [04/May/2022:12:23:45 -0300] "GET /cormun/servlet/solicitudotadjuntos?INS,2022,18608,,1, HTTP/1.1" 200 5914
191.126.187.25 - - [04/May/2022:12:23:45 -0300] "GET /cormun/servlet/solicitudotadjuntos?87d4fe174ccfd8a83ffba7583aab3c46472d2568e4f212c133c4ff5ff44fae03933f642bc7d23ccb5f688304ce96cf6e,gx-no-cache=1651677042873 HTTP/1.1" 200 30
191.126.187.25 - - [04/May/2022:12:23:46 -0300] "POST /cormun/servlet/solicitudotadjuntos?59e6ddb9f5958ce6f6e17e19b9a355b9,INS,2022,18608,,1,,gx-no-cache=1651677042961 HTTP/1.1" 200 3877
190.171.143.82 - - [04/May/2022:12:23:49 -0300] "GET /cormun/servlet/hlogin HTTP/1.1" 200 1730
191.126.187.25 - - [04/May/2022:12:23:50 -0300] "POST /cormun/servlet/solicitudotadjuntos?gx-no-cache=1651677047185 HTTP/1.1" 200 26
190.171.143.82 - - [04/May/2022:12:23:52 -0300] "POST /cormun/servlet/hlogin?7477f9a8a89706973f36d6714b088132,gx-no-cache=1651677048933 HTTP/1.1" 200 90
190.171.143.82 - - [04/May/2022:12:23:52 -0300] "GET /cormun/servlet/hpexe_link HTTP/1.1" 200 961
190.171.143.82 - - [04/May/2022:12:23:52 -0300] "GET /cormun/servlet/trlicencias HTTP/1.1" 200 13389
190.171.143.82 - - [04/May/2022:12:23:54 -0300] "GET /cormun/servlet/trlicencias HTTP/1.1" 200 13384
190.171.141.106 - - [04/May/2022:12:23:56 -0300] "GET /cormun/servlet/solicitudot?4c8574643f3e98bf6542a6442faf3c7596ef4d5e8ecf07a30dfc20a7155280a6ff26dbc7db2ea31c17737350c69cf737b7133f936a12731b475056c8de9b6b8176ccc5e9a65a95c565c9ca414f694e3597c1f3f1f9f53a2f78d5518e767460a2faac25c3102b42d74f44796fd096e539,gx-no-cache=1651673545312 HTTP/1.1" 200 110
190.171.141.106 - - [04/May/2022:12:23:56 -0300] "POST /cormun/servlet/solicitudot?gx-no-cache=1651673545352 HTTP/1.1" 200 97
190.171.143.82 - - [04/May/2022:12:24:04 -0300] "GET /cormun/servlet/trlicencias? HTTP/1.1" 200 13387
190.171.143.82 - - [04/May/2022:12:24:06 -0300] "GET /cormun/servlet/trlicencias? HTTP/1.1" 200 13387
190.171.141.106 - - [04/May/2022:12:24:06 -0300] "GET /cormun/servlet/solicitudot?4c8574643f3e98bf6542a6442faf3c753a72516e058a67f8e778e139b71e0635cadd08e7a0eaaceb207d4c8c00975bfeb3f0cb387c8c7aa8fc0af1902b478dd81f30485b5905a890c6fb46fda1c5b27f2ef04a1612e6a30bd73551d620c0d77935f8fb83ea710ad3c59618c0a7559955,gx-no-cache=1651673556110 HTTP/1.1" 200 29
190.171.152.242 - - [04/May/2022:12:24:16 -0300] "GET /cormun/servlet/permisogoce?INS,0,,, HTTP/1.1" 200 6860
190.171.152.242 - - [04/May/2022:12:24:17 -0300] "GET /cormun/servlet/permisogoce?INS,0,,, HTTP/1.1" 200 6860
190.171.152.242 - - [04/May/2022:12:24:20 -0300] "GET /cormun/servlet/prfichaempleado?,MD,,gxPopupLevel%3D0%3B HTTP/1.1" 200 9301
190.171.143.82 - - [04/May/2022:12:24:22 -0300] "GET /cormun/servlet/licenciaspermisos?DSP,19590652,L,20220427000000, HTTP/1.1" 200 7493
190.171.143.82 - - [04/May/2022:12:24:24 -0300] "GET /cormun/servlet/licenciaspermisos?DSP,19590652,L,20220427000000, HTTP/1.1" 200 7514
190.171.152.242 - - [04/May/2022:12:24:26 -0300] "POST /cormun/servlet/prfichaempleado?d408fddfe725f64b9eac8c3584fe4114,,MD,,gxPopupLevel%3D0%3B,gx-no-cache=1651677083957 HTTP/1.1" 200 3410
192.168.10.11 - - [04/May/2022:12:24:28 -0300] "GET / HTTP/1.1" 200 11217
190.171.152.242 - - [04/May/2022:12:24:31 -0300] "GET /cormun/servlet/permisogoce?d732b410d2a600b2c464d6ddbbb6cc27e564b22e414b5de1bcd8aec782f60f6e4b2271e5bc2d742313e61e5c2a5fc65f033557397d6cd0db92a470b429c2d36e,gx-no-cache=1651677089035 HTTP/1.1" 200 79
190.171.152.242 - - [04/May/2022:12:24:31 -0300] "GET /cormun/static/menuarrow.gif HTTP/1.1" 404 1015
190.171.143.82 - - [04/May/2022:12:24:33 -0300] "GET /cormun/servlet/trlicencias? HTTP/1.1" 200 13387
190.171.143.82 - - [04/May/2022:12:24:35 -0300] "GET /cormun/servlet/trlicencias? HTTP/1.1" 200 13387
190.171.143.82 - - [04/May/2022:12:24:38 -0300] "POST /cormun/servlet/trlicencias?7477f9a8a89706973f36d6714b088132,,gx-no-cache=1651677094648 HTTP/1.1" 200 11132
190.171.152.242 - - [04/May/2022:12:24:43 -0300] "POST /cormun/servlet/permisogoce?d408fddfe725f64b9eac8c3584fe4114,INS,0,,,,gx-no-cache=1651677100675 HTTP/1.1" 200 93
190.171.152.242 - - [04/May/2022:12:24:43 -0300] "GET /cormun/servlet/hpexe_return? HTTP/1.1" 200 1012
191.126.187.25 - - [04/May/2022:12:24:43 -0300] "GET /cormun/servlet/solicitudotadjuntos?87d4fe174ccfd8a83ffba7583aab3c466636aafbd98171aa350e3eb751fc5fe8,gx-no-cache=1651677100699 HTTP/1.1" 200 30
190.171.152.242 - - [04/May/2022:12:24:43 -0300] "GET /cormun/servlet/trpermisosgoce HTTP/1.1" 200 12096
191.126.187.25 - - [04/May/2022:12:24:43 -0300] "GET /cormun/servlet/solicitudotadjuntos?87d4fe174ccfd8a83ffba7583aab3c466636aafbd98171aa350e3eb751fc5fe8,gx-no-cache=1651677100874 HTTP/1.1" 200 30
190.171.152.242 - - [04/May/2022:12:24:44 -0300] "GET /cormun/servlet/trpermisosgoce HTTP/1.1" 200 12091
191.126.187.25 - - [04/May/2022:12:24:45 -0300] "POST /cormun/servlet/solicitudotadjuntos?59e6ddb9f5958ce6f6e17e19b9a355b9,INS,2022,18608,,1, HTTP/1.1" 200 116
191.126.187.25 - - [04/May/2022:12:24:45 -0300] "GET /cormun/servlet/hpexe_return? HTTP/1.1" 200 1033
191.126.187.25 - - [04/May/2022:12:24:45 -0300] "GET /cormun/servlet/trsolicitudadjuntos?2022,18608, HTTP/1.1" 200 9951
192.168.10.17 - - [04/May/2022:12:24:45 -0300] "GET /cormun/servlet/vesolicitudgral?2022,18538,,SolicitudOTAdjuntos HTTP/1.1" 200 10776
192.168.10.17 - - [04/May/2022:12:24:46 -0300] "GET /cormun/servlet/vesolicitudgral?2022,18538,,SolicitudOTAdjuntos HTTP/1.1" 200 10779
191.126.187.25 - - [04/May/2022:12:24:46 -0300] "GET /cormun/servlet/trsolicitudadjuntos?2022,18608, HTTP/1.1" 200 9951
192.168.10.17 - - [04/May/2022:12:24:46 -0300] "POST /cormun/servlet/acontrolpreferencessavestate?None,RRHH+DANIELA,true HTTP/1.1" 200 35
192.168.10.17 - - [04/May/2022:12:24:48 -0300] "GET /cormun/PublicTempStorage/22tcamilacurr3842089.pdf HTTP/1.1" 200 450841
190.171.152.242 - - [04/May/2022:12:24:53 -0300] "GET /cormun/servlet/hlogin HTTP/1.1" 200 1745
191.126.187.25 - - [04/May/2022:12:24:59 -0300] "GET /cormun/servlet/hlogin HTTP/1.1" 200 1728
191.126.187.25 - - [04/May/2022:12:25:00 -0300] "GET /cormun/static/gxtimezone.js?85251 HTTP/1.1" 200 5781
191.126.187.25 - - [04/May/2022:12:25:00 -0300] "GET /cormun/static/gxcfg.js?201910216285969 HTTP/1.1" 200 953
191.126.187.25 - - [04/May/2022:12:25:00 -0300] "GET /cormun/servlet/hlogin HTTP/1.1" 200 1728
191.126.187.25 - - [04/May/2022:12:25:00 -0300] "GET /cormun/static/Resources/Spanish/PXTools.css?2294816 HTTP/1.1" 200 73728
191.126.187.25 - - [04/May/2022:12:25:00 -0300] "GET /cormun/static/gxgral.js?85251 HTTP/1.1" 200 49152
200.83.224.3 - - [04/May/2022:12:25:00 -0300] "POST /cormun/servlet/solicitudot?gx-no-cache=1651677118497 HTTP/1.1" 200 257
190.171.143.82 - - [04/May/2022:12:25:00 -0300] "POST /cormun/servlet/trlicencias?7477f9a8a89706973f36d6714b088132,,gx-no-cache=1651677116805 HTTP/1.1" 200 4445
191.126.187.25 - - [04/May/2022:12:25:00 -0300] "GET /cormun/static/gxgral.js?85251 HTTP/1.1" 206 1
191.126.187.25 - - [04/May/2022:12:25:00 -0300] "GET /cormun/static/Resources/Spanish/PXTools.css?2294816 HTTP/1.1" 206 1
191.126.187.25 - - [04/May/2022:12:25:00 -0300] "GET /cormun/static/Resources/Spanish/PXTools.css?2294816 HTTP/1.1" 206 81684
191.126.187.25 - - [04/May/2022:12:25:00 -0300] "GET /cormun/static/messages.spa.js?85251 HTTP/1.1" 200 30736
191.126.187.25 - - [04/May/2022:12:25:00 -0300] "GET /cormun/static/hlogin.js?201910216285995 HTTP/1.1" 200 2136
191.126.187.25 - - [04/May/2022:12:25:00 -0300] "GET /cormun/static/Resources/Logo2019_Grande.png HTTP/1.1" 200 31733
191.126.187.25 - - [04/May/2022:12:25:00 -0300] "GET /cormun/static/gxgral.js?85251 HTTP/1.1" 206 371603
191.126.187.25 - - [04/May/2022:12:25:01 -0300] "GET /cormun/static/Resources/PXToolsLoginTop.png HTTP/1.1" 200 1337
191.126.187.25 - - [04/May/2022:12:25:01 -0300] "GET /cormun/static/Resources/PXToolsLoginBackground.png HTTP/1.1" 200 1164
191.126.187.25 - - [04/May/2022:12:25:01 -0300] "GET /cormun/static/Resources/PXToolsButtonLeft.png HTTP/1.1" 200 1310
191.126.187.25 - - [04/May/2022:12:25:01 -0300] "GET /cormun/static/Resources/PXToolsButtonRight.png HTTP/1.1" 200 1294
191.126.187.25 - - [04/May/2022:12:25:01 -0300] "GET /cormun/static/Resources/PXToolsButtonBackground.png HTTP/1.1" 200 1176
191.126.187.25 - - [04/May/2022:12:25:01 -0300] "GET /cormun/static/Resources/PXToolsLoginBottom.png HTTP/1.1" 200 1389
191.126.187.25 - - [04/May/2022:12:25:01 -0300] "GET /cormun/servlet/hlogin HTTP/1.1" 200 1738
191.126.187.25 - - [04/May/2022:12:25:01 -0300] "GET /cormun/static/Resources/PXToolsLoginBackground.png HTTP/1.1" 200 1164
191.126.187.25 - - [04/May/2022:12:25:01 -0300] "GET /cormun/static/Resources/PXToolsButtonLeft.png HTTP/1.1" 200 1310
191.126.187.25 - - [04/May/2022:12:25:01 -0300] "GET /cormun/static/Resources/PXToolsButtonRight.png HTTP/1.1" 200 1294
191.126.187.25 - - [04/May/2022:12:25:01 -0300] "GET /cormun/static/Resources/PXToolsButtonBackground.png HTTP/1.1" 200 1176
191.126.187.25 - - [04/May/2022:12:25:01 -0300] "GET /cormun/static/Resources/PXToolsLoginBottom.png HTTP/1.1" 200 1389
191.126.187.25 - - [04/May/2022:12:25:01 -0300] "GET /cormun/static/Resources/indicator.gif HTTP/1.1" 200 1553
191.126.187.25 - - [04/May/2022:12:25:04 -0300] "POST /cormun/servlet/hlogin?61404b56c85512ac312b43712408937e,gx-no-cache=1651677121369 HTTP/1.1" 200 90
191.126.187.25 - - [04/May/2022:12:25:04 -0300] "GET /cormun/servlet/hpexe_link HTTP/1.1" 200 956
191.126.187.25 - - [04/May/2022:12:25:04 -0300] "GET /cormun/static/gxcfg.js?201991422392958 HTTP/1.1" 200 953
191.126.187.25 - - [04/May/2022:12:25:04 -0300] "GET /cormun/static/hpexe_link.js?201991422392963 HTTP/1.1" 200 625
191.126.187.25 - - [04/May/2022:12:25:04 -0300] "GET /cormun/servlet/hhome HTTP/1.1" 200 4257
191.126.187.25 - - [04/May/2022:12:25:04 -0300] "GET /cormun/static/SmoothNavMenu/resources/ddsmoothmenu.css?1112540 HTTP/1.1" 200 2223
191.126.187.25 - - [04/May/2022:12:25:04 -0300] "GET /cormun/static/Shared/jqueryui/jquery-ui.min.css?1345370 HTTP/1.1" 200 30288
191.126.187.25 - - [04/May/2022:12:25:05 -0300] "GET /cormun/static/SmoothNavMenu/resources/ddsmoothmenu-v.css?1112540 HTTP/1.1" 200 1188
191.126.187.25 - - [04/May/2022:12:25:05 -0300] "GET /cormun/static/gxcfg.js?20201215495537 HTTP/1.1" 200 953
191.126.187.25 - - [04/May/2022:12:25:05 -0300] "GET /cormun/static/scaMessage/css/jquery.pnotify.default.css?1816380 HTTP/1.1" 200 1707
191.126.187.25 - - [04/May/2022:12:25:05 -0300] "GET /cormun/static/PXToolsJavascripts/pexe_cookies.js HTTP/1.1" 200 792
191.126.187.25 - - [04/May/2022:12:25:05 -0300] "GET /cormun/static/PXToolsJavascripts/pexe_autoreload.js HTTP/1.1" 200 1762
191.126.187.25 - - [04/May/2022:12:25:05 -0300] "GET /cormun/static/Resources/Spanish/PXTools.css?14345360 HTTP/1.1" 200 100853
191.126.187.25 - - [04/May/2022:12:25:05 -0300] "GET /cormun/static/PXToolsJavascripts/pexe_windows.js HTTP/1.1" 200 15207
191.126.187.25 - - [04/May/2022:12:25:05 -0300] "GET /cormun/static/PXToolsJavascripts/pexe_grid.js HTTP/1.1" 200 7559
191.126.187.25 - - [04/May/2022:12:25:05 -0300] "GET /cormun/static/PXToolsJavascripts/pexe_griddivfix.js HTTP/1.1" 200 6644
191.126.187.25 - - [04/May/2022:12:25:05 -0300] "GET /cormun/static/PXToolsJavascripts/pexe_link.js HTTP/1.1" 200 5671
191.126.187.25 - - [04/May/2022:12:25:05 -0300] "GET /cormun/static/PXToolsJavascripts/pexe_menudivfix.js HTTP/1.1" 200 333
191.126.187.25 - - [04/May/2022:12:25:05 -0300] "GET /cormun/static/PXToolsJavascripts/pexe_menus.js HTTP/1.1" 200 1286
191.126.187.25 - - [04/May/2022:12:25:05 -0300] "GET /cormun/static/PXToolsJavascripts/pexe_layers.js HTTP/1.1" 200 4114
191.126.187.25 - - [04/May/2022:12:25:05 -0300] "GET /cormun/static/PXToolsJavascripts/pexe_oavdivfix.js HTTP/1.1" 200 639
191.126.187.25 - - [04/May/2022:12:25:05 -0300] "GET /cormun/static/PXToolsJavascripts/pexe_popup.js HTTP/1.1" 200 13458
191.126.187.25 - - [04/May/2022:12:25:05 -0300] "GET /cormun/static/PXToolsJavascripts/pexe_picture.js HTTP/1.1" 200 689
191.126.187.25 - - [04/May/2022:12:25:05 -0300] "GET /cormun/static/PXToolsJavascripts/pexe_tabdivfix.js HTTP/1.1" 200 876
191.126.187.25 - - [04/May/2022:12:25:05 -0300] "GET /cormun/static/PXToolsJavascripts/pexe_scrolldiv.js HTTP/1.1" 200 4138
191.126.187.25 - - [04/May/2022:12:25:05 -0300] "GET /cormun/static/PXToolsJavascripts/pexe_oav.js HTTP/1.1" 200 645
191.126.187.25 - - [04/May/2022:12:25:05 -0300] "GET /cormun/static/PXToolsJavascripts/pexe_tabs.js HTTP/1.1" 200 3748
191.126.187.25 - - [04/May/2022:12:25:05 -0300] "GET /cormun/static/PXToolsJavascripts/pexe_upload.js HTTP/1.1" 200 1423
191.126.187.25 - - [04/May/2022:12:25:05 -0300] "GET /cormun/static/PXToolsJavascripts/PXToolsJavascriptsRender.js HTTP/1.1" 200 367
191.126.187.25 - - [04/May/2022:12:25:05 -0300] "GET /cormun/static/Shared/ext/locale/ext-lang-en.js HTTP/1.1" 200 10940
191.126.187.25 - - [04/May/2022:12:25:05 -0300] "GET /cormun/static/RunJS/RunJS.js HTTP/1.1" 200 288
191.126.187.25 - - [04/May/2022:12:25:05 -0300] "GET /cormun/static/hwchdr01.js?20201214473739 HTTP/1.1" 200 996
191.126.187.25 - - [04/May/2022:12:25:05 -0300] "GET /cormun/static/hhome.js?20201215495544 HTTP/1.1" 200 777
191.126.187.25 - - [04/May/2022:12:25:05 -0300] "GET /cormun/static/Resources/Logo2019_Small.png HTTP/1.1" 200 10855
191.126.187.25 - - [04/May/2022:12:25:05 -0300] "GET /cormun/static/Resources/ImgLogin.png HTTP/1.1" 200 1432
191.126.187.25 - - [04/May/2022:12:25:05 -0300] "GET /cormun/static/Resources/ImgHome.png HTTP/1.1" 200 1364
191.126.187.25 - - [04/May/2022:12:25:05 -0300] "GET /cormun/static/Resources/PXToolsDataTitle.png HTTP/1.1" 200 1173
191.126.187.25 - - [04/May/2022:12:25:05 -0300] "GET /cormun/static/Resources/Llave.png HTTP/1.1" 200 1395
191.126.187.25 - - [04/May/2022:12:25:05 -0300] "GET /cormun/static/hpexe_recentlink.js?20201214471090 HTTP/1.1" 200 2144
191.126.187.25 - - [04/May/2022:12:25:05 -0300] "GET /cormun/static/hpexe_scripts.js?20201214471411 HTTP/1.1" 200 1544
191.126.187.25 - - [04/May/2022:12:25:05 -0300] "GET /cormun/static/hpexe_messagecontroller.js?201991422154126 HTTP/1.1" 200 870
191.126.187.25 - - [04/May/2022:12:25:05 -0300] "GET /cormun/static/hpexe_messagegenexuscomponent.js?2020121447173 HTTP/1.1" 200 587
191.126.187.25 - - [04/May/2022:12:25:05 -0300] "GET /cormun/static/hpexe_messagepopupcomponent.js?2020121447232 HTTP/1.1" 200 605
191.126.187.25 - - [04/May/2022:12:25:05 -0300] "GET /cormun/static/gxui/gxui-all.js HTTP/1.1" 200 107772
191.126.187.25 - - [04/May/2022:12:25:05 -0300] "GET /cormun/static/cmcontrolpreferences.js?20199141926336 HTTP/1.1" 200 1375
191.126.187.25 - - [04/May/2022:12:25:06 -0300] "GET /cormun/static/SmoothNavMenu/resources/ddsmoothmenu.js HTTP/1.1" 200 12712
191.126.187.25 - - [04/May/2022:12:25:06 -0300] "GET /cormun/static/SmoothNavMenu/resources/SmoothNavMenuRender.js HTTP/1.1" 200 5951
191.126.187.25 - - [04/May/2022:12:25:06 -0300] "GET /cormun/static/Shared/jquery/jquery-1.4.2.min.js HTTP/1.1" 200 72174
191.126.187.25 - - [04/May/2022:12:25:06 -0300] "GET /cormun/static/scaMessage/js/jquery.pnotify.min.js HTTP/1.1" 200 13038
191.126.187.25 - - [04/May/2022:12:25:06 -0300] "GET /cormun/static/scaMessage/scaMessageRender.js HTTP/1.1" 200 11977
191.126.187.25 - - [04/May/2022:12:25:06 -0300] "GET /cormun/static/hmpwkw03.js?20201215501896 HTTP/1.1" 200 3973
191.126.187.25 - - [04/May/2022:12:25:07 -0300] "GET /cormun/static/Shared/jquery/jquery-1.10.2.min.js HTTP/1.1" 200 273199
191.126.187.25 - - [04/May/2022:12:25:07 -0300] "GET /cormun/static/Shared/jqueryui/jquery-ui.min.js HTTP/1.1" 200 240427
191.126.187.25 - - [04/May/2022:12:25:07 -0300] "GET /cormun/static/Shared/ext/ext-all.js HTTP/1.1" 200 1289687
191.126.187.25 - - [04/May/2022:12:25:08 -0300] "GET /cormun/static/SmoothNavMenu/resources/images/down.gif HTTP/1.1" 200 854
191.126.187.25 - - [04/May/2022:12:25:08 -0300] "GET /cormun/static/SmoothNavMenu/resources/images/right.gif HTTP/1.1" 200 860
191.126.187.25 - - [04/May/2022:12:25:08 -0300] "GET /cormun/servlet/hhome HTTP/1.1" 200 4254
190.171.143.82 - - [04/May/2022:12:25:10 -0300] "POST /cormun/servlet/trlicencias?7477f9a8a89706973f36d6714b088132,,gx-no-cache=1651677126877 HTTP/1.1" 200 5697
200.83.224.3 - - [04/May/2022:12:25:12 -0300] "GET /cormun/servlet/solicitudot?ececa04de6faf996a10a99881d2eb64a87533d6c5b32e7e237d04d9f8233e664dbfb458cd520e6611b8b4006e6decdf414499f57cdc1d46de3e7d10050e1eee7a9533ef716c1cd26823ca3f15596f2bdb108e1ad571de69a1a7b9b7259f51d5d21b4fb31b330509a1fd84d88dd27be5685b44ee87cf4a529840081cd1ec715db3a175842d477052463065b646b4a2aff7b929787254bc98bc5a91e5d330b6c73e3c8136de523bdd01504cd4e0ee6a50d9f9a70c4c19e253f407e71436a34d75daa8f74cad4765a20ceb32fdab65ba1d80de31710806df019c0476b64fc737a6049aeeb9162dd700f6eb308fe49176614665fb99423b015b50a3c3ac0e9d37f63d5f6906dbb560b43900dea9bbcdd6d47e96046e7b8850fe1a4759d45b3cbb36bb5cd0622c7a5c8eac7c557b613c87c3d34258a4ce88bbd743a448def1a9043b8c10ba492d441e5e773f31349b104aa2e48b31a80fb16aa5e11d16ebb8c2c0f4c8bb04a79918ba6de75a9622322d9561a42bf98f99078370dfe335c217dc2f707,gx-no-cache=1651677130928 HTTP/1.1" 200 30
200.83.224.3 - - [04/May/2022:12:25:12 -0300] "POST /cormun/servlet/solicitudot?gx-no-cache=1651677130969 HTTP/1.1" 200 30
200.83.224.3 - - [04/May/2022:12:25:12 -0300] "POST /cormun/servlet/solicitudot?gx-no-cache=1651677131013 HTTP/1.1" 200 1455
200.83.224.3 - - [04/May/2022:12:25:12 -0300] "POST /cormun/servlet/solicitudot?gx-no-cache=1651677131076 HTTP/1.1" 200 38
200.83.224.3 - - [04/May/2022:12:25:12 -0300] "GET /cormun/servlet/solicitudot?ececa04de6faf996a10a99881d2eb64a2fc5bd3a131113caedcafb69bb40fdbf15b11f49eb467c4173f818443efbe7716cfebb2ef363b5597efdf4f65c26b1b8e568cf20f059aea6ea46c9a675bad697fd68389b4fce0551d4372e9087145445ace47349bcc5b07998aa3dd54a38b370,gx-no-cache=1651677131118 HTTP/1.1" 200 110
200.83.224.3 - - [04/May/2022:12:25:12 -0300] "POST /cormun/servlet/solicitudot?gx-no-cache=1651677131160 HTTP/1.1" 200 83
191.126.187.25 - - [04/May/2022:12:25:13 -0300] "GET /cormun/servlet/trautorizarsolicitud? HTTP/1.1" 200 7368
191.126.187.25 - - [04/May/2022:12:25:13 -0300] "GET /cormun/static/gxui/gxui-all.css?110300 HTTP/1.1" 200 2179
191.126.187.25 - - [04/May/2022:12:25:13 -0300] "GET /cormun/static/calendar-system.css?75620 HTTP/1.1" 200 5572
191.126.187.25 - - [04/May/2022:12:25:13 -0300] "GET /cormun/static/gxcfg.js?201991422414522 HTTP/1.1" 200 953
191.126.187.25 - - [04/May/2022:12:25:13 -0300] "GET /cormun/static/calendar.js?85251 HTTP/1.1" 200 26246
191.126.187.25 - - [04/May/2022:12:25:13 -0300] "GET /cormun/static/calendar-setup.js?85251 HTTP/1.1" 200 2588
191.126.187.25 - - [04/May/2022:12:25:13 -0300] "GET /cormun/static/calendar-es.js?85251 HTTP/1.1" 200 1901
191.126.187.25 - - [04/May/2022:12:25:13 -0300] "GET /cormun/static/gxdec.js?85251 HTTP/1.1" 200 19579
191.126.187.25 - - [04/May/2022:12:25:14 -0300] "GET /cormun/static/Shared/ext/resources/css/ext-all.css?205870 HTTP/1.1" 200 416045
191.126.187.25 - - [04/May/2022:12:25:15 -0300] "GET /cormun/static/Resources/PXToolsActionExcel.png HTTP/1.1" 200 727
191.126.187.25 - - [04/May/2022:12:25:16 -0300] "GET /cormun/static/Resources/PXToolsGridLastDisabled.gif HTTP/1.1" 200 98
191.126.187.25 - - [04/May/2022:12:25:16 -0300] "GET /cormun/static/Resources/PXToolsGridPage.gif HTTP/1.1" 200 725
191.126.187.25 - - [04/May/2022:12:25:16 -0300] "GET /cormun/static/Resources/PXToolsDataSearch.png HTTP/1.1" 200 435
191.126.187.25 - - [04/May/2022:12:25:16 -0300] "GET /cormun/static/Resources/PXToolsGridNextDisabled.gif HTTP/1.1" 200 90
191.126.187.25 - - [04/May/2022:12:25:16 -0300] "GET /cormun/static/Resources/PXTools/calendar.png HTTP/1.1" 200 1306
191.126.187.25 - - [04/May/2022:12:25:16 -0300] "GET /cormun/static/Resources/PXToolsGridFirstDisabled.gif HTTP/1.1" 200 100
191.126.187.25 - - [04/May/2022:12:25:16 -0300] "GET /cormun/static/Resources/PXToolsGridPreviousDisabled.gif HTTP/1.1" 200 90
191.126.187.25 - - [04/May/2022:12:25:16 -0300] "GET /cormun/static/trautorizarsolicitud.js?201991422415463 HTTP/1.1" 200 53910
191.126.187.25 - - [04/May/2022:12:25:16 -0300] "GET /cormun/static/Resources/asc.gif HTTP/1.1" 200 67
191.126.187.25 - - [04/May/2022:12:25:16 -0300] "GET /cormun/static/Resources/desc.gif HTTP/1.1" 200 65
191.126.187.25 - - [04/May/2022:12:25:16 -0300] "GET /cormun/static/Shared/ext/resources/themes/images/default/panel/bg-headersPanel.png HTTP/1.1" 200 255
191.126.187.25 - - [04/May/2022:12:25:16 -0300] "GET /cormun/static/Shared/ext/resources/themes/images/default/tools/tool-sprites.gif HTTP/1.1" 200 5434
191.126.187.25 - - [04/May/2022:12:25:16 -0300] "GET /cormun/servlet/trautorizarsolicitud? HTTP/1.1" 200 7368
