190.171.142.10 - - [03/May/2022:11:40:43 -0300] "GET /cormun/servlet/trsolicitudot HTTP/1.1" 200 19044
190.171.152.138 - - [03/May/2022:11:40:43 -0300] "GET /cormun/servlet/trlicencias? HTTP/1.1" 200 12276
190.171.152.138 - - [03/May/2022:11:40:43 -0300] "GET /cormun/servlet/trlicencias? HTTP/1.1" 200 12292
190.171.142.10 - - [03/May/2022:11:40:44 -0300] "GET /cormun/servlet/trsolicitudot HTTP/1.1" 200 19043
190.171.152.138 - - [03/May/2022:11:40:48 -0300] "GET /cormun/servlet/hlogin HTTP/1.1" 200 1742
190.171.142.10 - - [03/May/2022:11:40:50 -0300] "POST /cormun/servlet/trsolicitudot?a987205ae62f7c9cff0f069156349443,gx-no-cache=1651588069693 HTTP/1.1" 200 16351
190.171.142.10 - - [03/May/2022:11:41:15 -0300] "GET /cormun/servlet/vesolicitudot?2022,18264,, HTTP/1.1" 200 8368
190.171.142.10 - - [03/May/2022:11:41:15 -0300] "GET /cormun/pexe_scrolldiv.js HTTP/1.1" 404 1009
190.171.142.10 - - [03/May/2022:11:41:16 -0300] "GET /cormun/servlet/vesolicitudot?2022,18264,, HTTP/1.1" 200 8368
192.168.10.11 - - [03/May/2022:11:41:25 -0300] "GET / HTTP/1.1" 200 11217
192.168.10.11 - - [03/May/2022:11:42:25 -0300] "GET / HTTP/1.1" 200 11217
190.171.149.74 - - [03/May/2022:11:42:34 -0300] "POST /cormun/servlet/trlicencias?724ec72ca72f462e28fc8d21540e9310,gx-no-cache=1651587099329,gx-no-cache=1651588175041 HTTP/1.1" 200 9617
190.171.149.74 - - [03/May/2022:11:42:37 -0300] "POST /cormun/servlet/trlicencias?724ec72ca72f462e28fc8d21540e9310,gx-no-cache=1651587099329,gx-no-cache=1651588177489 HTTP/1.1" 200 9617
190.171.149.74 - - [03/May/2022:11:43:14 -0300] "POST /cormun/servlet/trlicencias?724ec72ca72f462e28fc8d21540e9310,gx-no-cache=1651587099329,gx-no-cache=1651588215005 HTTP/1.1" 200 9617
190.171.149.74 - - [03/May/2022:11:43:19 -0300] "POST /cormun/servlet/trlicencias?724ec72ca72f462e28fc8d21540e9310,gx-no-cache=1651587099329,gx-no-cache=1651588219740 HTTP/1.1" 200 9617
192.168.10.11 - - [03/May/2022:11:43:25 -0300] "GET / HTTP/1.1" 200 11217
181.43.226.163 - - [03/May/2022:11:44:23 -0300] "GET /cormun/servlet/hlogin HTTP/1.1" 200 1730
181.43.226.163 - - [03/May/2022:11:44:23 -0300] "GET /cormun/servlet/hlogin HTTP/1.1" 200 1741
192.168.10.11 - - [03/May/2022:11:44:25 -0300] "GET / HTTP/1.1" 200 11217
192.168.10.11 - - [03/May/2022:11:45:25 -0300] "GET / HTTP/1.1" 200 11217
201.219.234.52 - - [03/May/2022:11:46:19 -0300] "GET /cormun/static/menuarrow.gif HTTP/1.1" 404 1015
192.168.10.11 - - [03/May/2022:11:46:25 -0300] "GET / HTTP/1.1" 200 11217
201.219.234.52 - - [03/May/2022:11:46:29 -0300] "POST /cormun/servlet/trpermisosgoce?fbb9b7008a47261bc5b6668d589f34c6,,gx-no-cache=1651588409448 HTTP/1.1" 200 5042
190.171.141.106 - - [03/May/2022:11:46:44 -0300] "GET /cormun/servlet/hhome HTTP/1.1" 200 3323
190.171.141.106 - - [03/May/2022:11:46:46 -0300] "GET /cormun/servlet/hhome HTTP/1.1" 200 3333
190.171.141.106 - - [03/May/2022:11:46:46 -0300] "GET /cormun/servlet/hlogin HTTP/1.1" 200 1744
190.171.141.106 - - [03/May/2022:11:47:00 -0300] "POST /cormun/servlet/hlogin?831d6372d039236a6415948aafb17705,gx-no-cache=1651584932367 HTTP/1.1" 200 90
190.171.141.106 - - [03/May/2022:11:47:00 -0300] "GET /cormun/servlet/hpexe_link HTTP/1.1" 200 956
190.171.141.106 - - [03/May/2022:11:47:01 -0300] "GET /cormun/servlet/hhome HTTP/1.1" 200 4264
190.171.141.106 - - [03/May/2022:11:47:01 -0300] "GET /cormun/servlet/hhome HTTP/1.1" 200 4260
190.171.141.106 - - [03/May/2022:11:47:07 -0300] "GET /cormun/servlet/trlicencias? HTTP/1.1" 200 14730
190.171.141.106 - - [03/May/2022:11:47:09 -0300] "GET /cormun/servlet/trlicencias? HTTP/1.1" 200 14733
190.171.141.106 - - [03/May/2022:11:47:13 -0300] "GET /cormun/servlet/licenciaspermisos?INS,0,,, HTTP/1.1" 200 7871
190.171.141.106 - - [03/May/2022:11:47:14 -0300] "GET /cormun/servlet/licenciaspermisos?INS,0,,, HTTP/1.1" 200 7879
192.168.10.11 - - [03/May/2022:11:47:25 -0300] "GET / HTTP/1.1" 200 11217
190.171.141.106 - - [03/May/2022:11:47:43 -0300] "GET /cormun/servlet/licenciaspermisos?e3648dc32d3c1e917b45c2854785ce5e9e750e15bd118f9e5dcc0c4a3ea87418d4dad9c43f7f76b9e8fb8f5faf9e3c04f31156151dbbfe547ba3010dccbaee91,gx-no-cache=1651584975044 HTTP/1.1" 200 113
190.171.141.106 - - [03/May/2022:11:47:43 -0300] "POST /cormun/servlet/licenciaspermisos?831d6372d039236a6415948aafb17705,INS,0,,,,gx-no-cache=1651584975127 HTTP/1.1" 200 5129
201.219.234.52 - - [03/May/2022:11:47:49 -0300] "POST /cormun/servlet/trpermisosgoce?fbb9b7008a47261bc5b6668d589f34c6,,gx-no-cache=1651588488518 HTTP/1.1" 200 5059
201.219.234.52 - - [03/May/2022:11:47:49 -0300] "GET /cormun/static/Shared/jqueryui/images/ui-bg_highlight-soft_100_c6c2c8_1x100.png HTTP/1.1" 404 1117
201.219.234.52 - - [03/May/2022:11:47:49 -0300] "GET /cormun/static/Shared/jqueryui/images/ui-icons_8d78a5_256x240.png HTTP/1.1" 404 1089
201.219.234.52 - - [03/May/2022:11:47:49 -0300] "GET /cormun/static/Shared/jqueryui/images/ui-icons_82798d_256x240.png HTTP/1.1" 404 1089
201.219.234.52 - - [03/May/2022:11:47:49 -0300] "GET /cormun/static/Shared/jqueryui/images/ui-bg_flat_55_fafafa_40x100.png HTTP/1.1" 404 1097
190.171.142.10 - - [03/May/2022:11:47:58 -0300] "POST /cormun/servlet/vesolicitudot?a987205ae62f7c9cff0f069156349443,2022,18264,,,gx-no-cache=1651588498630 HTTP/1.1" 200 90
190.171.142.10 - - [03/May/2022:11:47:58 -0300] "GET /cormun/servlet/hpexe_link HTTP/1.1" 200 987
190.171.142.10 - - [03/May/2022:11:47:59 -0300] "GET /cormun/servlet/trsolicitudot?gx-no-cache=1651588069693 HTTP/1.1" 200 19044
190.171.142.10 - - [03/May/2022:11:48:01 -0300] "GET /cormun/servlet/trsolicitudot?gx-no-cache=1651588069693 HTTP/1.1" 200 19062
190.171.142.10 - - [03/May/2022:11:48:09 -0300] "POST /cormun/servlet/trsolicitudot?a987205ae62f7c9cff0f069156349443,gx-no-cache=1651588069693,gx-no-cache=1651588508790 HTTP/1.1" 200 16351
181.212.43.89 - - [03/May/2022:11:48:22 -0300] "GET /cormun/servlet/trlicencias HTTP/1.1" 200 7836
181.212.43.89 - - [03/May/2022:11:48:23 -0300] "GET /cormun/servlet/hlogin HTTP/1.1" 200 1748
181.212.43.89 - - [03/May/2022:11:48:23 -0300] "GET /cormun/servlet/trlicencias HTTP/1.1" 200 7834
192.168.10.11 - - [03/May/2022:11:48:25 -0300] "GET / HTTP/1.1" 200 11217
201.219.234.52 - - [03/May/2022:11:48:26 -0300] "POST /cormun/servlet/trpermisosgoce?fbb9b7008a47261bc5b6668d589f34c6,,gx-no-cache=1651588525676 HTTP/1.1" 200 5061
201.219.234.52 - - [03/May/2022:11:48:41 -0300] "POST /cormun/servlet/trpermisosgoce?fbb9b7008a47261bc5b6668d589f34c6,,gx-no-cache=1651588541837 HTTP/1.1" 200 10647
190.171.142.10 - - [03/May/2022:11:49:04 -0300] "GET /cormun/servlet/vesolicitudot?2022,18358,, HTTP/1.1" 200 8356
190.171.142.10 - - [03/May/2022:11:49:04 -0300] "GET /cormun/pexe_scrolldiv.js HTTP/1.1" 404 1009
190.171.142.10 - - [03/May/2022:11:49:05 -0300] "GET /cormun/servlet/vesolicitudot?2022,18358,, HTTP/1.1" 200 8334
201.219.234.52 - - [03/May/2022:11:49:06 -0300] "POST /cormun/servlet/trpermisosgoce?fbb9b7008a47261bc5b6668d589f34c6,,gx-no-cache=1651588565276 HTTP/1.1" 200 5343
186.11.14.156 - - [03/May/2022:11:49:07 -0300] "GET /cormun/servlet/permisogoce?INS,0,,, HTTP/1.1" 200 6870
186.11.14.156 - - [03/May/2022:11:49:07 -0300] "GET /cormun/servlet/permisogoce?INS,0,,, HTTP/1.1" 200 6870
186.11.14.156 - - [03/May/2022:11:49:11 -0300] "GET /cormun/servlet/prfichaempleado?,MD,,gxPopupLevel%3D0%3B HTTP/1.1" 200 9312
201.219.234.52 - - [03/May/2022:11:49:16 -0300] "POST /cormun/servlet/trpermisosgoce?fbb9b7008a47261bc5b6668d589f34c6,,gx-no-cache=1651588576979 HTTP/1.1" 200 5042
190.171.142.10 - - [03/May/2022:11:49:19 -0300] "POST /cormun/servlet/vesolicitudot?a987205ae62f7c9cff0f069156349443,2022,18358,,,gx-no-cache=1651588579382 HTTP/1.1" 200 90
190.171.142.10 - - [03/May/2022:11:49:19 -0300] "GET /cormun/servlet/hpexe_link HTTP/1.1" 200 986
190.171.142.10 - - [03/May/2022:11:49:19 -0300] "GET /cormun/servlet/trsolicitudot?gx-no-cache=1651588069693 HTTP/1.1" 200 19044
186.11.14.156 - - [03/May/2022:11:49:20 -0300] "POST /cormun/servlet/prfichaempleado?58f42b77d85680d4ff81a7b1fb033076,,MD,,gxPopupLevel%3D0%3B,gx-no-cache=1651588580237 HTTP/1.1" 200 3402
190.171.142.10 - - [03/May/2022:11:49:21 -0300] "GET /cormun/servlet/trsolicitudot?gx-no-cache=1651588069693 HTTP/1.1" 200 19062
186.11.14.156 - - [03/May/2022:11:49:25 -0300] "GET /cormun/servlet/permisogoce?6d6062392394dde383449561be9a9716ca8cd9e0d4e885c4d267791f5dcef0f5c0a9157a3b3ff99a6c35ce66491d25ddcbb16cd8949e2a8e916936f0bf7c4fff,gx-no-cache=1651588586075 HTTP/1.1" 200 86
186.11.14.156 - - [03/May/2022:11:49:25 -0300] "GET /cormun/static/menuarrow.gif HTTP/1.1" 404 1015
192.168.10.11 - - [03/May/2022:11:49:25 -0300] "GET / HTTP/1.1" 200 11217
190.171.142.10 - - [03/May/2022:11:49:31 -0300] "GET /cormun/servlet/vesolicitudot?2022,18369,, HTTP/1.1" 200 8383
190.171.142.10 - - [03/May/2022:11:49:31 -0300] "GET /cormun/pexe_scrolldiv.js HTTP/1.1" 404 1009
186.11.14.156 - - [03/May/2022:11:49:32 -0300] "GET /cormun/servlet/permisogoce?6d6062392394dde383449561be9a971633b4dfb0cf6669211cce4201cbeb5eb91d7c923d058856e7eaa7dc2c70ff1da39de11e27d6e3246115504f734f7a05ae,gx-no-cache=1651588592592 HTTP/1.1" 200 47
190.171.142.10 - - [03/May/2022:11:49:32 -0300] "GET /cormun/servlet/vesolicitudot?2022,18369,, HTTP/1.1" 200 8360
201.219.234.52 - - [03/May/2022:11:49:33 -0300] "POST /cormun/servlet/trpermisosgoce?fbb9b7008a47261bc5b6668d589f34c6,,gx-no-cache=1651588593603 HTTP/1.1" 200 10648
190.171.141.106 - - [03/May/2022:11:49:40 -0300] "GET /cormun/servlet/licenciaspermisos?e3648dc32d3c1e917b45c2854785ce5e2e50ad00eea495ed80c58781036b861fbc7942aa6cbdea4a5e669610ab3cd2cdefe1d8a328339279166149e0a90bcfe56088026e3e64ab96284e30cbcd3db04145468ce86377e1bc31f06f383bb2a731642f8ea730456a0fdb6998254b79efb608e4e44cc58579ee5146daf97299d93b8a233096cbff70d397aba1871053aefd57969e13ff0510650e970450977ec1760f7414d229b05053eb74bd62b5a58b0061e731182d7c885a27cb41e64fdbe5b13c9ecd6345aaf76c99eecc5857dc50a1b50ab6a546dedde782b41ea591b59856,gx-no-cache=1651585092288 HTTP/1.1" 200 30
190.171.141.106 - - [03/May/2022:11:49:40 -0300] "GET /cormun/servlet/licenciaspermisos?e3648dc32d3c1e917b45c2854785ce5e55d43da3bfbc65ef4f3b277f8e6317208b1c0bca325bfc3f3d9b7573a9a6c45b15f87b4840ff7d2ec9c6f5c44c748f74fe96746c955d905f4f1d5307ad695f2876e07338b01d7c436c353e5362c66319bcd4e09c336e8f57b6689d2783d8483accde180a608e75e9cc947649d1978331f04ccd49c942c8bc4127d0bbe5d7730b42f90ee611d0ac3af49094908541070ef0704a0916836a6efcdc83a1d2fc60b636511ab32b8d0d921d0c4834f850f98f50872af856f1a8c16cca96a0445477408fdcb8e77b8e9d90c6ede98bf12d34c4,gx-no-cache=1651585092330 HTTP/1.1" 200 29
186.11.14.156 - - [03/May/2022:11:49:40 -0300] "POST /cormun/servlet/permisogoce?58f42b77d85680d4ff81a7b1fb033076,INS,0,,,,gx-no-cache=1651588600612 HTTP/1.1" 200 93
190.171.141.106 - - [03/May/2022:11:49:40 -0300] "POST /cormun/servlet/licenciaspermisos?831d6372d039236a6415948aafb17705,INS,0,,,,gx-no-cache=1651585092360 HTTP/1.1" 200 5302
186.11.14.156 - - [03/May/2022:11:49:40 -0300] "GET /cormun/servlet/hpexe_return? HTTP/1.1" 200 1012
190.171.141.106 - - [03/May/2022:11:49:41 -0300] "GET /cormun/static/Shared/jqueryui/images/ui-bg_highlight-soft_100_c6c2c8_1x100.png HTTP/1.1" 404 1117
190.171.141.106 - - [03/May/2022:11:49:41 -0300] "GET /cormun/static/Shared/jqueryui/images/ui-icons_82798d_256x240.png HTTP/1.1" 404 1089
186.11.14.156 - - [03/May/2022:11:49:41 -0300] "GET /cormun/servlet/trpermisosgoce HTTP/1.1" 200 8054
190.171.141.106 - - [03/May/2022:11:49:41 -0300] "GET /cormun/static/Shared/jqueryui/images/ui-bg_flat_55_994d53_40x100.png HTTP/1.1" 404 1097
190.171.141.106 - - [03/May/2022:11:49:41 -0300] "GET /cormun/static/Shared/jqueryui/images/ui-icons_ebccce_256x240.png HTTP/1.1" 404 1089
186.11.14.156 - - [03/May/2022:11:49:41 -0300] "GET /cormun/servlet/trpermisosgoce HTTP/1.1" 200 8051
190.171.141.106 - - [03/May/2022:11:49:59 -0300] "GET /cormun/servlet/licenciaspermisos?e3648dc32d3c1e917b45c2854785ce5e2e50ad00eea495ed80c58781036b861fbc7942aa6cbdea4a5e669610ab3cd2cdefe1d8a328339279166149e0a90bcfe56088026e3e64ab96284e30cbcd3db04145468ce86377e1bc31f06f383bb2a731642f8ea730456a0fdb6998254b79efb608e4e44cc58579ee5146daf97299d93b8a233096cbff70d397aba1871053aefd57969e13ff0510650e970450977ec1760f7414d229b05053eb74bd62b5a58b0061e731182d7c885a27cb41e64fdbe5b13c9ecd6345aaf76c99eecc5857dc50a1b50ab6a546dedde782b41ea591b59856,gx-no-cache=1651585111157 HTTP/1.1" 200 30
190.171.141.106 - - [03/May/2022:11:49:59 -0300] "GET /cormun/servlet/licenciaspermisos?e3648dc32d3c1e917b45c2854785ce5e55d43da3bfbc65ef4f3b277f8e6317208b1c0bca325bfc3f3d9b7573a9a6c45b15f87b4840ff7d2ec9c6f5c44c748f74fe96746c955d905f4f1d5307ad695f2876e07338b01d7c436c353e5362c66319bcd4e09c336e8f57b6689d2783d8483accde180a608e75e9cc947649d1978331f04ccd49c942c8bc4127d0bbe5d7730b42f90ee611d0ac3af49094908541070ef0704a0916836a6efcdc83a1d2fc60b636511ab32b8d0d921d0c4834f850f98f50872af856f1a8c16cca96a0445477408fdcb8e77b8e9d90c6ede98bf12d34c4,gx-no-cache=1651585111277 HTTP/1.1" 200 29
190.171.141.106 - - [03/May/2022:11:49:59 -0300] "POST /cormun/servlet/licenciaspermisos?831d6372d039236a6415948aafb17705,INS,0,,,,gx-no-cache=1651585111306 HTTP/1.1" 200 93
190.171.141.106 - - [03/May/2022:11:50:00 -0300] "GET /cormun/servlet/hpexe_return? HTTP/1.1" 200 1016
190.171.141.106 - - [03/May/2022:11:50:00 -0300] "GET /cormun/servlet/trlicencias HTTP/1.1" 200 15026
190.171.141.106 - - [03/May/2022:11:50:01 -0300] "GET /cormun/servlet/trlicencias HTTP/1.1" 200 15025
190.171.144.234 - - [03/May/2022:11:50:15 -0300] "GET /cormun/servlet/hlogin HTTP/1.1" 200 1747
181.43.226.163 - - [03/May/2022:11:50:21 -0300] "POST /cormun/servlet/hlogin?b7bd061a02520f9882325d276362e1f5,gx-no-cache=1651588640776 HTTP/1.1" 200 90
181.43.226.163 - - [03/May/2022:11:50:21 -0300] "GET /cormun/servlet/hpexe_link HTTP/1.1" 200 956
181.43.226.163 - - [03/May/2022:11:50:21 -0300] "GET /cormun/servlet/hhome HTTP/1.1" 200 4133
181.43.226.163 - - [03/May/2022:11:50:21 -0300] "GET /cormun/servlet/hhome HTTP/1.1" 200 4130
192.168.10.11 - - [03/May/2022:11:50:25 -0300] "GET / HTTP/1.1" 200 11217
181.212.43.89 - - [03/May/2022:11:50:50 -0300] "POST /cormun/servlet/hlogin?78557ce5885bcb3b87c2870408ef8503,gx-no-cache=1651588673389 HTTP/1.1" 200 90
181.212.43.89 - - [03/May/2022:11:50:50 -0300] "GET /cormun/servlet/hpexe_link HTTP/1.1" 200 962
181.212.43.89 - - [03/May/2022:11:50:50 -0300] "GET /cormun/servlet/trlicencias HTTP/1.1" 200 13961
181.212.43.89 - - [03/May/2022:11:50:50 -0300] "GET /cormun/servlet/trlicencias HTTP/1.1" 200 13959
190.171.149.74 - - [03/May/2022:11:50:58 -0300] "POST /cormun/servlet/trlicencias?724ec72ca72f462e28fc8d21540e9310,gx-no-cache=1651587099329,gx-no-cache=1651588679246 HTTP/1.1" 200 9617
190.171.149.74 - - [03/May/2022:11:51:00 -0300] "POST /cormun/servlet/trlicencias?724ec72ca72f462e28fc8d21540e9310,gx-no-cache=1651587099329,gx-no-cache=1651588680419 HTTP/1.1" 200 9617
168.196.203.80 - - [03/May/2022:11:51:00 -0300] "POST /cormun/servlet/trpermisosgoce?fbb9b7008a47261bc5b6668d589f34c6,,gx-no-cache=1651588680461 HTTP/1.1" 200 10648
190.171.149.74 - - [03/May/2022:11:51:01 -0300] "POST /cormun/servlet/trlicencias?724ec72ca72f462e28fc8d21540e9310,gx-no-cache=1651587099329,gx-no-cache=1651588681624 HTTP/1.1" 200 9617
168.196.203.80 - - [03/May/2022:11:51:11 -0300] "POST /cormun/servlet/trpermisosgoce?fbb9b7008a47261bc5b6668d589f34c6,,gx-no-cache=1651588691277 HTTP/1.1" 200 11652
168.196.203.80 - - [03/May/2022:11:51:15 -0300] "GET /cormun/servlet/apermisogoceprn?15105259,P,20220503102012,PU HTTP/1.1" 200 1653
190.171.141.106 - - [03/May/2022:11:51:16 -0300] "GET /cormun/servlet/hhome HTTP/1.1" 200 3322
190.171.141.106 - - [03/May/2022:11:51:16 -0300] "GET /cormun/servlet/hhome HTTP/1.1" 200 3332
190.171.141.106 - - [03/May/2022:11:51:16 -0300] "GET /cormun/servlet/hlogin HTTP/1.1" 200 1740
190.171.141.106 - - [03/May/2022:11:51:20 -0300] "POST /cormun/servlet/hlogin?35202740e10bd29d37fbf72340d9caff,gx-no-cache=1651585192253 HTTP/1.1" 200 90
190.171.141.106 - - [03/May/2022:11:51:20 -0300] "GET /cormun/servlet/hpexe_link HTTP/1.1" 200 955
190.171.141.106 - - [03/May/2022:11:51:20 -0300] "GET /cormun/servlet/hhome HTTP/1.1" 200 4261
190.171.141.106 - - [03/May/2022:11:51:21 -0300] "GET /cormun/servlet/hhome HTTP/1.1" 200 4258
192.168.10.11 - - [03/May/2022:11:51:25 -0300] "GET / HTTP/1.1" 200 11217
190.171.141.106 - - [03/May/2022:11:51:26 -0300] "GET /cormun/servlet/trlicencias? HTTP/1.1" 200 15021
190.171.141.106 - - [03/May/2022:11:51:27 -0300] "GET /cormun/servlet/trlicencias? HTTP/1.1" 200 15023
168.196.203.80 - - [03/May/2022:11:51:31 -0300] "GET /cormun/servlet/apermisogoceprn?15105259,P,20220503103316,PU HTTP/1.1" 200 1649
190.171.141.106 - - [03/May/2022:11:51:31 -0300] "GET /cormun/servlet/trlicenciaspermisosadjuntos?18649205,20220503000000,L, HTTP/1.1" 200 6620
190.171.141.106 - - [03/May/2022:11:51:33 -0300] "GET /cormun/servlet/trlicenciaspermisosadjuntos?18649205,20220503000000,L, HTTP/1.1" 200 6621
190.171.141.106 - - [03/May/2022:11:51:36 -0300] "GET /cormun/servlet/licenciaspermisosadjuntos?INS,18649205,L,20220503000000,, HTTP/1.1" 200 5915
190.171.141.106 - - [03/May/2022:11:51:37 -0300] "GET /cormun/servlet/licenciaspermisosadjuntos?INS,18649205,L,20220503000000,, HTTP/1.1" 200 5904
190.171.141.106 - - [03/May/2022:11:51:37 -0300] "GET /cormun/static/about:blank HTTP/1.1" 404 1011
192.168.10.11 - - [03/May/2022:11:52:25 -0300] "GET / HTTP/1.1" 200 11217
181.43.226.163 - - [03/May/2022:11:52:26 -0300] "GET /cormun/servlet/trsolicitudot? HTTP/1.1" 200 10003
181.43.226.163 - - [03/May/2022:11:52:28 -0300] "GET /cormun/servlet/trsolicitudot? HTTP/1.1" 200 10001
190.171.141.106 - - [03/May/2022:11:52:33 -0300] "POST /cormun/servlet/licenciaspermisosadjuntos?35202740e10bd29d37fbf72340d9caff,INS,18649205,L,20220503000000,, HTTP/1.1" 200 116
190.171.141.106 - - [03/May/2022:11:52:33 -0300] "GET /cormun/servlet/hpexe_return? HTTP/1.1" 200 1045
190.171.141.106 - - [03/May/2022:11:52:34 -0300] "GET /cormun/servlet/trlicenciaspermisosadjuntos?18649205,20220503000000,L, HTTP/1.1" 200 6624
190.171.141.106 - - [03/May/2022:11:52:34 -0300] "GET /cormun/servlet/trlicenciaspermisosadjuntos?18649205,20220503000000,L, HTTP/1.1" 200 6621
190.171.152.242 - - [03/May/2022:11:52:43 -0300] "GET /cormun/servlet/hlogin HTTP/1.1" 200 1725
190.171.152.242 - - [03/May/2022:11:52:48 -0300] "POST /cormun/servlet/hlogin?1319962880da9537572deda4bfe10358,gx-no-cache=1651588787989 HTTP/1.1" 200 90
190.171.152.242 - - [03/May/2022:11:52:48 -0300] "GET /cormun/servlet/hpexe_link HTTP/1.1" 200 951
190.171.152.242 - - [03/May/2022:11:52:49 -0300] "GET /cormun/servlet/hhome HTTP/1.1" 200 3997
190.171.152.242 - - [03/May/2022:11:52:49 -0300] "GET /cormun/servlet/hhome HTTP/1.1" 200 3994
190.171.152.242 - - [03/May/2022:11:53:09 -0300] "GET /cormun/servlet/trpermisosgoce? HTTP/1.1" 200 9957
190.171.152.242 - - [03/May/2022:11:53:12 -0300] "GET /cormun/servlet/trpermisosgoce? HTTP/1.1" 200 9955
192.168.10.11 - - [03/May/2022:11:53:25 -0300] "GET / HTTP/1.1" 200 11217
181.43.226.163 - - [03/May/2022:11:53:50 -0300] "POST /cormun/servlet/trsolicitudot?b7bd061a02520f9882325d276362e1f5,,gx-no-cache=1651588849538 HTTP/1.1" 200 113
181.43.226.163 - - [03/May/2022:11:53:50 -0300] "GET /cormun/servlet/solicitudot?UPD,2022,18596,false, HTTP/1.1" 200 16434
181.43.226.163 - - [03/May/2022:11:53:52 -0300] "GET /cormun/servlet/solicitudot?UPD,2022,18596,false, HTTP/1.1" 200 16444
181.43.226.163 - - [03/May/2022:11:53:52 -0300] "POST /cormun/servlet/solicitudot?gx-no-cache=1651588852480 HTTP/1.1" 200 3928
181.43.226.163 - - [03/May/2022:11:53:53 -0300] "POST /cormun/servlet/solicitudot?b7bd061a02520f9882325d276362e1f5,UPD,2022,18596,false,,gx-no-cache=1651588852898 HTTP/1.1" 200 12805
181.43.226.163 - - [03/May/2022:11:53:53 -0300] "GET /cormun/servlet/solicitudot?a7592d1e15853fac6306f52771d77b2489eabd9f11f4560a98491a102447b518b2ad1f6fcb5b9d4c89af6b6d4b4a4999,gx-no-cache=1651588853574 HTTP/1.1" 200 30
181.43.226.163 - - [03/May/2022:11:53:53 -0300] "GET /cormun/servlet/solicitudot?a7592d1e15853fac6306f52771d77b249fd9590eb696d400d15431592d69575222d9423c6d8822dd03c9c94b5e135abaa95652ea1f382ba7983557d10523035f,gx-no-cache=1651588853650 HTTP/1.1" 200 30
181.43.226.163 - - [03/May/2022:11:53:53 -0300] "GET /cormun/servlet/solicitudot?a7592d1e15853fac6306f52771d77b24ab09036babb4d44ac349faa12f577b16b42c614af60a4ae4a6eece24da31b9e1abea0bcddc0ee899508866451ba119d2,gx-no-cache=1651588853734 HTTP/1.1" 200 53
181.43.226.163 - - [03/May/2022:11:53:53 -0300] "POST /cormun/servlet/solicitudot?gx-no-cache=1651588853808 HTTP/1.1" 200 241
181.43.226.163 - - [03/May/2022:11:53:54 -0300] "GET /cormun/servlet/solicitudot?a7592d1e15853fac6306f52771d77b245ba0e611cde560b85fd719613db8b926db21d3ae505c3bd11815306c8fdfc3dd9a9e35c34fa25cef948cc6ecf66cf1d1c1f4d2d9a6f95448f088c47be0a4f06d62c8ffd2e9a295277b19df9d238a1452ef02dd578746f15fa810bc54b75e3fbe04d2c70e7a4012999f130f5b62a8913968c04bf3523bf8dbde8a27231deb2f675e70b70de5e3f750c864ba771d48025a2c7906ee8213ad11a70d178e61bc04cea3b41a955e75bc7620c41dd4e370c1a178265bd964c827ea6a30be7c6bd4a705b34cba4b7e3c33f6a160ed21c36446db2b4cbb7f53b122b5d183b2bca1c215ff0d869b408fe9e31680582dd7f8255e4dbcbc34b6e0832ac6b6f71274a922d175775b7361885dd5e18a02902f37eec1d9f192709f6b8c526ed66f5f5ddc7567263a6a62a854f148309bcf5977bb8c78ee9f0f4bc1babfb5280c5aca08eb34ac7e7bf9058177ff2404c12c28f94f08f043971b88f7c149184969d3b9aae770401148f8d43d48986e53ae022b51cae50e58,gx-no-cache=1651588853903 HTTP/1.1" 200 30
181.43.226.163 - - [03/May/2022:11:53:54 -0300] "POST /cormun/servlet/solicitudot?gx-no-cache=1651588854003 HTTP/1.1" 200 30
181.43.226.163 - - [03/May/2022:11:53:54 -0300] "POST /cormun/servlet/solicitudot?gx-no-cache=1651588854094 HTTP/1.1" 200 1454
181.43.226.163 - - [03/May/2022:11:53:54 -0300] "POST /cormun/servlet/solicitudot?gx-no-cache=1651588854320 HTTP/1.1" 200 41
190.171.141.106 - - [03/May/2022:11:53:55 -0300] "GET /cormun/servlet/hhome HTTP/1.1" 200 3325
190.171.141.106 - - [03/May/2022:11:53:56 -0300] "GET /cormun/servlet/hhome HTTP/1.1" 200 3335
190.171.141.106 - - [03/May/2022:11:53:56 -0300] "GET /cormun/servlet/hlogin HTTP/1.1" 200 1740
190.171.141.106 - - [03/May/2022:11:54:01 -0300] "POST /cormun/servlet/hlogin?0298bbc19dd53c1024897bc255df46f9,gx-no-cache=1651585352965 HTTP/1.1" 200 90
190.171.141.106 - - [03/May/2022:11:54:01 -0300] "GET /cormun/servlet/hpexe_link HTTP/1.1" 200 956
190.171.141.106 - - [03/May/2022:11:54:01 -0300] "GET /cormun/servlet/hhome HTTP/1.1" 200 4263
190.171.141.106 - - [03/May/2022:11:54:01 -0300] "GET /cormun/servlet/hhome HTTP/1.1" 200 4261
190.171.141.106 - - [03/May/2022:11:54:05 -0300] "GET /cormun/servlet/trlicencias? HTTP/1.1" 200 15024
190.171.141.106 - - [03/May/2022:11:54:05 -0300] "GET /cormun/servlet/trlicencias? HTTP/1.1" 200 15026
190.171.141.106 - - [03/May/2022:11:54:11 -0300] "GET /cormun/servlet/trlicenciaspermisosadjuntos?18649205,20220503000000,L, HTTP/1.1" 200 6621
190.171.141.106 - - [03/May/2022:11:54:11 -0300] "GET /cormun/servlet/trlicenciaspermisosadjuntos?18649205,20220503000000,L, HTTP/1.1" 200 6622
190.171.141.106 - - [03/May/2022:11:54:16 -0300] "GET /cormun/servlet/licenciaspermisosadjuntos?INS,18649205,L,20220503000000,, HTTP/1.1" 200 5918
190.171.141.106 - - [03/May/2022:11:54:16 -0300] "GET /cormun/servlet/licenciaspermisosadjuntos?INS,18649205,L,20220503000000,, HTTP/1.1" 200 5907
190.171.141.106 - - [03/May/2022:11:54:17 -0300] "GET /cormun/static/about:blank HTTP/1.1" 404 1011
192.168.10.11 - - [03/May/2022:11:54:25 -0300] "GET / HTTP/1.1" 200 11217
190.171.141.106 - - [03/May/2022:11:55:01 -0300] "POST /cormun/servlet/licenciaspermisosadjuntos?0298bbc19dd53c1024897bc255df46f9,INS,18649205,L,20220503000000,, HTTP/1.1" 200 116
190.171.141.106 - - [03/May/2022:11:55:01 -0300] "GET /cormun/servlet/hpexe_return? HTTP/1.1" 200 1046
190.171.141.106 - - [03/May/2022:11:55:02 -0300] "GET /cormun/servlet/trlicenciaspermisosadjuntos?18649205,20220503000000,L, HTTP/1.1" 200 7133
190.171.141.106 - - [03/May/2022:11:55:02 -0300] "GET /cormun/servlet/trlicenciaspermisosadjuntos?18649205,20220503000000,L, HTTP/1.1" 200 7138
181.43.226.163 - - [03/May/2022:11:55:09 -0300] "GET /cormun/servlet/solicitudot?UPD,2022,18596,false, HTTP/1.1" 200 16444
181.43.226.163 - - [03/May/2022:11:55:09 -0300] "GET /cormun/servlet/solicitudot?UPD,2022,18596,false, HTTP/1.1" 200 16444
181.43.226.163 - - [03/May/2022:11:55:10 -0300] "POST /cormun/servlet/solicitudot?gx-no-cache=1651588930122 HTTP/1.1" 200 3928
190.171.141.106 - - [03/May/2022:11:55:12 -0300] "GET /cormun/servlet/hhome HTTP/1.1" 200 3325
190.171.141.106 - - [03/May/2022:11:55:12 -0300] "GET /cormun/servlet/hhome HTTP/1.1" 200 3335
190.171.141.106 - - [03/May/2022:11:55:12 -0300] "GET /cormun/servlet/hlogin HTTP/1.1" 200 1739
181.43.226.163 - - [03/May/2022:11:55:14 -0300] "POST /cormun/servlet/solicitudot?b7bd061a02520f9882325d276362e1f5,UPD,2022,18596,false,,gx-no-cache=1651588933552 HTTP/1.1" 200 12816
190.171.141.106 - - [03/May/2022:11:55:16 -0300] "POST /cormun/servlet/hlogin?84b066eee3a17ed0251c8d9bf555b988,gx-no-cache=1651585428421 HTTP/1.1" 200 90
190.171.141.106 - - [03/May/2022:11:55:17 -0300] "GET /cormun/servlet/hpexe_link HTTP/1.1" 200 957
190.171.141.106 - - [03/May/2022:11:55:17 -0300] "GET /cormun/servlet/hhome HTTP/1.1" 200 4265
190.171.141.106 - - [03/May/2022:11:55:17 -0300] "GET /cormun/servlet/hhome HTTP/1.1" 200 4262
181.43.226.163 - - [03/May/2022:11:55:19 -0300] "GET /cormun/servlet/solicitudot?a7592d1e15853fac6306f52771d77b2489eabd9f11f4560a98491a102447b518b2ad1f6fcb5b9d4c89af6b6d4b4a4999,gx-no-cache=1651588939804 HTTP/1.1" 200 30
190.171.141.106 - - [03/May/2022:11:55:20 -0300] "GET /cormun/servlet/trlicencias? HTTP/1.1" 200 15023
181.43.226.163 - - [03/May/2022:11:55:20 -0300] "GET /cormun/servlet/solicitudot?a7592d1e15853fac6306f52771d77b249fd9590eb696d400d15431592d69575222d9423c6d8822dd03c9c94b5e135abaa95652ea1f382ba7983557d10523035f,gx-no-cache=1651588940086 HTTP/1.1" 200 30
181.43.226.163 - - [03/May/2022:11:55:20 -0300] "GET /cormun/servlet/solicitudot?a7592d1e15853fac6306f52771d77b24ab09036babb4d44ac349faa12f577b16b42c614af60a4ae4a6eece24da31b9e1abea0bcddc0ee899508866451ba119d2,gx-no-cache=1651588940347 HTTP/1.1" 200 53
181.43.226.163 - - [03/May/2022:11:55:20 -0300] "POST /cormun/servlet/solicitudot?gx-no-cache=1651588940553 HTTP/1.1" 200 241
190.171.141.106 - - [03/May/2022:11:55:20 -0300] "GET /cormun/servlet/trlicencias? HTTP/1.1" 200 15021
181.43.226.163 - - [03/May/2022:11:55:21 -0300] "GET /cormun/servlet/solicitudot?a7592d1e15853fac6306f52771d77b245ba0e611cde560b85fd719613db8b926db21d3ae505c3bd11815306c8fdfc3dd9a9e35c34fa25cef948cc6ecf66cf1d1c1f4d2d9a6f95448f088c47be0a4f06d62c8ffd2e9a295277b19df9d238a1452ef02dd578746f15fa810bc54b75e3fbe04d2c70e7a4012999f130f5b62a8913968c04bf3523bf8dbde8a27231deb2f675e70b70de5e3f750c864ba771d48025a2c7906ee8213ad11a70d178e61bc04cea3b41a955e75bc7620c41dd4e370c1a178265bd964c827ea6a30be7c6bd4a705b34cba4b7e3c33f6a160ed21c36446db2b4cbb7f53b122b5d183b2bca1c215ff0d869b408fe9e31680582dd7f8255e4dbcbc34b6e0832ac6b6f71274a922d175775b7361885dd5e18a02902f37eec1d9f192709f6b8c526ed66f5f5ddc7567263a6a62a854f148309bcf5977bb8c78ee9f0f4bc1babfb5280c5aca08eb34ac7e7bf9058177ff2404c12c28f94f08f043971b88f7c149184969d3b9aae770401148f8d43d48986e53ae022b51cae50e58,gx-no-cache=1651588940986 HTTP/1.1" 200 30
181.43.226.163 - - [03/May/2022:11:55:21 -0300] "POST /cormun/servlet/solicitudot?gx-no-cache=1651588941138 HTTP/1.1" 200 30
192.168.10.11 - - [03/May/2022:11:55:25 -0300] "GET / HTTP/1.1" 200 11217
190.171.141.106 - - [03/May/2022:11:55:28 -0300] "GET /cormun/servlet/trlicenciaspermisosadjuntos?18649205,20220503000000,L, HTTP/1.1" 200 7127
190.171.141.106 - - [03/May/2022:11:55:28 -0300] "GET /cormun/servlet/trlicenciaspermisosadjuntos?18649205,20220503000000,L, HTTP/1.1" 200 7136
181.43.226.163 - - [03/May/2022:11:55:29 -0300] "POST /cormun/servlet/solicitudot?gx-no-cache=1651588941239 HTTP/1.1" 200 1454
181.43.226.163 - - [03/May/2022:11:55:30 -0300] "POST /cormun/servlet/solicitudot?gx-no-cache=1651588949987 HTTP/1.1" 200 41
190.171.141.106 - - [03/May/2022:11:55:34 -0300] "GET /cormun/servlet/trlicencias? HTTP/1.1" 200 15023
181.43.226.163 - - [03/May/2022:11:55:34 -0300] "GET /cormun/servlet/solicitudot?a7592d1e15853fac6306f52771d77b2476b75ccf2f03d2b049f606ea3f9cefe7005dbcbb4dd854979c07325d995afe3f6046622c38e4830d329b98ecd9904d0f4e44ef76db31c421d337abbf37b623ee00d3d468c8c1db72974a4d1825d1abcd1c156dc2249370a83ea619264b17c318,gx-no-cache=1651588954806 HTTP/1.1" 200 110
190.171.141.106 - - [03/May/2022:11:55:35 -0300] "GET /cormun/servlet/trlicencias? HTTP/1.1" 200 15021
181.43.226.163 - - [03/May/2022:11:55:35 -0300] "POST /cormun/servlet/solicitudot?gx-no-cache=1651588955301 HTTP/1.1" 200 79
181.43.226.163 - - [03/May/2022:11:55:35 -0300] "GET /cormun/servlet/solicitudot?a7592d1e15853fac6306f52771d77b24b8e0f13dee7ecc7238a69869b6e2f72fcb6be28884b2c46feeaf516203698a3f7fa63d42b5272050461a047283422cc57f6c9395658e02372fa6a7b8169b734bbdc013023489c1196307a8949197fc57f9570b4e3fb093fb517242ba0e210831,gx-no-cache=1651588955456 HTTP/1.1" 200 29
181.43.226.163 - - [03/May/2022:11:55:35 -0300] "GET /cormun/servlet/solicitudot?a7592d1e15853fac6306f52771d77b2497e59198a3d914d9e03dff66f02e60b738cb27a1a733bfc61a0baff0b51b2ca6,gx-no-cache=1651588955633 HTTP/1.1" 200 30
181.43.226.163 - - [03/May/2022:11:55:35 -0300] "POST /cormun/servlet/solicitudot?gx-no-cache=1651588955701 HTTP/1.1" 200 30
181.43.226.163 - - [03/May/2022:11:55:37 -0300] "POST /cormun/servlet/solicitudot?b7bd061a02520f9882325d276362e1f5,UPD,2022,18596,false,,gx-no-cache=1651588955906 HTTP/1.1" 200 93
181.43.226.163 - - [03/May/2022:11:55:37 -0300] "GET /cormun/servlet/hpexe_return? HTTP/1.1" 200 1018
192.241.192.20 - - [03/May/2022:11:55:37 -0300] "GET / HTTP/1.1" 200 11217
181.43.226.163 - - [03/May/2022:11:55:37 -0300] "GET /cormun/servlet/trsolicitudot HTTP/1.1" 200 10005
190.171.141.106 - - [03/May/2022:11:55:38 -0300] "POST /cormun/servlet/trlicencias?84b066eee3a17ed0251c8d9bf555b988,,gx-no-cache=1651585450154 HTTP/1.1" 200 12829
190.171.141.106 - - [03/May/2022:11:55:39 -0300] "GET /cormun/static/Shared/jqueryui/images/ui-bg_highlight-soft_100_c6c2c8_1x100.png HTTP/1.1" 404 1117
190.171.141.106 - - [03/May/2022:11:55:39 -0300] "GET /cormun/static/Shared/jqueryui/images/ui-icons_82798d_256x240.png HTTP/1.1" 404 1089
190.171.141.106 - - [03/May/2022:11:55:39 -0300] "GET /cormun/static/Shared/jqueryui/images/ui-icons_8d78a5_256x240.png HTTP/1.1" 404 1089
190.171.141.106 - - [03/May/2022:11:55:39 -0300] "GET /cormun/static/Shared/jqueryui/images/ui-bg_flat_55_fafafa_40x100.png HTTP/1.1" 404 1097
181.43.226.163 - - [03/May/2022:11:55:39 -0300] "GET /cormun/servlet/trsolicitudot HTTP/1.1" 200 10001
190.171.141.106 - - [03/May/2022:11:55:43 -0300] "GET /cormun/servlet/alicenciaprn?18649205,L,20220503000000,PU HTTP/1.1" 200 1548
192.168.10.11 - - [03/May/2022:11:56:25 -0300] "GET / HTTP/1.1" 200 11217
190.171.141.138 - - [03/May/2022:11:56:41 -0300] "GET /cormun/servlet/hlogin HTTP/1.1" 200 1726
190.171.141.138 - - [03/May/2022:11:56:44 -0300] "POST /cormun/servlet/hlogin?143ddecd4404f147124338a0b9ef955d,gx-no-cache=1651589025392 HTTP/1.1" 200 90
190.171.141.138 - - [03/May/2022:11:56:44 -0300] "GET /cormun/servlet/hpexe_link HTTP/1.1" 200 951
190.171.141.138 - - [03/May/2022:11:56:44 -0300] "GET /cormun/servlet/hhome HTTP/1.1" 200 4469
190.171.141.138 - - [03/May/2022:11:56:44 -0300] "GET /cormun/servlet/hhome HTTP/1.1" 200 4465
190.171.141.138 - - [03/May/2022:11:56:50 -0300] "GET /cormun/servlet/trpermisosgoce? HTTP/1.1" 200 13651
190.171.141.138 - - [03/May/2022:11:56:51 -0300] "GET /cormun/servlet/trpermisosgoce? HTTP/1.1" 200 13648
192.168.10.11 - - [03/May/2022:11:57:25 -0300] "GET / HTTP/1.1" 200 11217
192.168.10.11 - - [03/May/2022:11:58:25 -0300] "GET / HTTP/1.1" 200 11217
192.168.10.11 - - [03/May/2022:11:59:25 -0300] "GET / HTTP/1.1" 200 11217
190.171.149.74 - - [03/May/2022:11:59:42 -0300] "POST /cormun/servlet/trlicencias?724ec72ca72f462e28fc8d21540e9310,gx-no-cache=1651587099329,gx-no-cache=1651589202652 HTTP/1.1" 200 9617
190.171.149.74 - - [03/May/2022:11:59:43 -0300] "POST /cormun/servlet/trlicencias?724ec72ca72f462e28fc8d21540e9310,gx-no-cache=1651587099329,gx-no-cache=1651589203693 HTTP/1.1" 200 9617
190.171.149.74 - - [03/May/2022:11:59:44 -0300] "POST /cormun/servlet/trlicencias?724ec72ca72f462e28fc8d21540e9310,gx-no-cache=1651587099329,gx-no-cache=1651589204921 HTTP/1.1" 200 9617
190.171.149.74 - - [03/May/2022:11:59:50 -0300] "POST /cormun/servlet/trlicencias?724ec72ca72f462e28fc8d21540e9310,gx-no-cache=1651587099329,gx-no-cache=1651589210503 HTTP/1.1" 200 9617
190.171.149.74 - - [03/May/2022:11:59:53 -0300] "POST /cormun/servlet/trlicencias?724ec72ca72f462e28fc8d21540e9310,gx-no-cache=1651587099329,gx-no-cache=1651589214127 HTTP/1.1" 200 9617
190.171.149.74 - - [03/May/2022:11:59:55 -0300] "POST /cormun/servlet/trlicencias?724ec72ca72f462e28fc8d21540e9310,gx-no-cache=1651587099329,gx-no-cache=1651589215461 HTTP/1.1" 200 9610
192.168.10.11 - - [03/May/2022:12:00:25 -0300] "GET / HTTP/1.1" 200 11217
192.168.10.11 - - [03/May/2022:12:01:25 -0300] "GET / HTTP/1.1" 200 11217
190.171.141.138 - - [03/May/2022:12:01:35 -0300] "GET /cormun/servlet/hlogin HTTP/1.1" 200 1728
190.171.141.138 - - [03/May/2022:12:01:38 -0300] "POST /cormun/servlet/hlogin?1672e5106a57c2b4c61bfa59d1fcb771,gx-no-cache=1651589318944 HTTP/1.1" 200 90
190.171.141.138 - - [03/May/2022:12:01:38 -0300] "GET /cormun/servlet/hpexe_link HTTP/1.1" 200 954
190.171.141.138 - - [03/May/2022:12:01:38 -0300] "GET /cormun/servlet/hhome HTTP/1.1" 200 4473
190.171.141.138 - - [03/May/2022:12:01:39 -0300] "GET /cormun/servlet/hhome HTTP/1.1" 200 4471
190.171.141.138 - - [03/May/2022:12:01:42 -0300] "GET /cormun/servlet/trpermisosgoce? HTTP/1.1" 200 13656
190.171.141.138 - - [03/May/2022:12:01:43 -0300] "GET /cormun/servlet/trpermisosgoce? HTTP/1.1" 200 13653
190.171.141.138 - - [03/May/2022:12:01:49 -0300] "GET /cormun/servlet/apermisogoceprn?11009696,P,20220503100829,PU HTTP/1.1" 200 1676
192.168.10.11 - - [03/May/2022:12:02:25 -0300] "GET / HTTP/1.1" 200 11217
192.168.10.11 - - [03/May/2022:12:03:25 -0300] "GET / HTTP/1.1" 200 11217
192.168.10.11 - - [03/May/2022:12:04:25 -0300] "GET / HTTP/1.1" 200 11217
192.168.10.96 - - [03/May/2022:12:04:55 -0300] "GET /cormun/servlet/hlogin HTTP/1.1" 200 1728
192.168.10.96 - - [03/May/2022:12:04:55 -0300] "GET /cormun/static/Resources/Spanish/PXTools.css?2294816 HTTP/1.1" 200 100853
192.168.10.96 - - [03/May/2022:12:04:55 -0300] "GET /cormun/static/gxtimezone.js?85251 HTTP/1.1" 200 5781
192.168.10.96 - - [03/May/2022:12:04:55 -0300] "GET /cormun/static/gxcfg.js?201910216285969 HTTP/1.1" 200 953
192.168.10.96 - - [03/May/2022:12:04:55 -0300] "GET /cormun/static/messages.spa.js?85251 HTTP/1.1" 200 30736
192.168.10.96 - - [03/May/2022:12:04:55 -0300] "GET /cormun/static/hlogin.js?201910216285995 HTTP/1.1" 200 2136
192.168.10.96 - - [03/May/2022:12:04:55 -0300] "GET /cormun/static/Resources/Logo2019_Grande.png HTTP/1.1" 200 31733
192.168.10.96 - - [03/May/2022:12:04:55 -0300] "GET /cormun/static/gxgral.js?85251 HTTP/1.1" 200 384558
192.168.10.96 - - [03/May/2022:12:04:55 -0300] "GET /cormun/static/Resources/PXToolsLoginTop.png HTTP/1.1" 200 1337
192.168.10.96 - - [03/May/2022:12:04:55 -0300] "GET /cormun/static/Resources/PXToolsLoginBackground.png HTTP/1.1" 200 1164
192.168.10.96 - - [03/May/2022:12:04:55 -0300] "GET /cormun/static/Resources/PXToolsButtonBackground.png HTTP/1.1" 200 1176
192.168.10.96 - - [03/May/2022:12:04:55 -0300] "GET /cormun/static/Resources/PXToolsButtonRight.png HTTP/1.1" 200 1294
192.168.10.96 - - [03/May/2022:12:04:55 -0300] "GET /cormun/static/Resources/PXToolsButtonLeft.png HTTP/1.1" 200 1310
192.168.10.96 - - [03/May/2022:12:04:55 -0300] "GET /cormun/static/Resources/PXToolsLoginBottom.png HTTP/1.1" 200 1389
192.168.10.96 - - [03/May/2022:12:04:55 -0300] "GET /cormun/static/Resources/indicator.gif HTTP/1.1" 200 1553
192.168.10.96 - - [03/May/2022:12:04:55 -0300] "GET /cormun/servlet/hlogin HTTP/1.1" 200 1738
192.168.10.96 - - [03/May/2022:12:05:01 -0300] "POST /cormun/servlet/hlogin?319ac354ea087e98224beaa25de2d0a2,gx-no-cache=1651589349827 HTTP/1.1" 200 90
192.168.10.96 - - [03/May/2022:12:05:01 -0300] "GET /cormun/servlet/hpexe_link HTTP/1.1" 200 952
192.168.10.96 - - [03/May/2022:12:05:01 -0300] "GET /cormun/static/gxcfg.js?201991422392958 HTTP/1.1" 200 953
192.168.10.96 - - [03/May/2022:12:05:01 -0300] "GET /cormun/static/hpexe_link.js?201991422392963 HTTP/1.1" 200 625
192.168.10.96 - - [03/May/2022:12:05:01 -0300] "GET /cormun/servlet/hhome HTTP/1.1" 200 3788
192.168.10.96 - - [03/May/2022:12:05:01 -0300] "GET /cormun/static/SmoothNavMenu/resources/ddsmoothmenu.css?1112540 HTTP/1.1" 200 2223
192.168.10.96 - - [03/May/2022:12:05:01 -0300] "GET /cormun/static/Shared/jqueryui/jquery-ui.min.css?1345370 HTTP/1.1" 200 30288
192.168.10.96 - - [03/May/2022:12:05:01 -0300] "GET /cormun/static/SmoothNavMenu/resources/ddsmoothmenu-v.css?1112540 HTTP/1.1" 200 1188
192.168.10.96 - - [03/May/2022:12:05:01 -0300] "GET /cormun/static/Resources/Spanish/PXTools.css?14345360 HTTP/1.1" 200 100853
192.168.10.96 - - [03/May/2022:12:05:01 -0300] "GET /cormun/static/scaMessage/css/jquery.pnotify.default.css?1816380 HTTP/1.1" 200 1707
192.168.10.96 - - [03/May/2022:12:05:01 -0300] "GET /cormun/static/gxcfg.js?20201215495537 HTTP/1.1" 200 953
192.168.10.96 - - [03/May/2022:12:05:01 -0300] "GET /cormun/static/PXToolsJavascripts/pexe_autoreload.js HTTP/1.1" 200 1762
192.168.10.96 - - [03/May/2022:12:05:01 -0300] "GET /cormun/static/PXToolsJavascripts/pexe_cookies.js HTTP/1.1" 200 792
192.168.10.96 - - [03/May/2022:12:05:01 -0300] "GET /cormun/static/PXToolsJavascripts/pexe_grid.js HTTP/1.1" 200 7559
192.168.10.96 - - [03/May/2022:12:05:01 -0300] "GET /cormun/static/PXToolsJavascripts/pexe_windows.js HTTP/1.1" 200 15207
192.168.10.96 - - [03/May/2022:12:05:01 -0300] "GET /cormun/static/PXToolsJavascripts/pexe_griddivfix.js HTTP/1.1" 200 6644
192.168.10.96 - - [03/May/2022:12:05:01 -0300] "GET /cormun/static/PXToolsJavascripts/pexe_menus.js HTTP/1.1" 200 1286
192.168.10.96 - - [03/May/2022:12:05:01 -0300] "GET /cormun/static/PXToolsJavascripts/pexe_menudivfix.js HTTP/1.1" 200 333
192.168.10.96 - - [03/May/2022:12:05:01 -0300] "GET /cormun/static/PXToolsJavascripts/pexe_layers.js HTTP/1.1" 200 4114
192.168.10.96 - - [03/May/2022:12:05:01 -0300] "GET /cormun/static/PXToolsJavascripts/pexe_oav.js HTTP/1.1" 200 645
192.168.10.96 - - [03/May/2022:12:05:01 -0300] "GET /cormun/static/PXToolsJavascripts/pexe_oavdivfix.js HTTP/1.1" 200 639
192.168.10.96 - - [03/May/2022:12:05:01 -0300] "GET /cormun/static/PXToolsJavascripts/pexe_popup.js HTTP/1.1" 200 13458
192.168.10.96 - - [03/May/2022:12:05:01 -0300] "GET /cormun/static/PXToolsJavascripts/pexe_scrolldiv.js HTTP/1.1" 200 4138
192.168.10.96 - - [03/May/2022:12:05:01 -0300] "GET /cormun/static/PXToolsJavascripts/pexe_tabdivfix.js HTTP/1.1" 200 876
192.168.10.96 - - [03/May/2022:12:05:01 -0300] "GET /cormun/static/PXToolsJavascripts/pexe_upload.js HTTP/1.1" 200 1423
192.168.10.96 - - [03/May/2022:12:05:01 -0300] "GET /cormun/static/PXToolsJavascripts/pexe_picture.js HTTP/1.1" 200 689
192.168.10.96 - - [03/May/2022:12:05:01 -0300] "GET /cormun/static/PXToolsJavascripts/PXToolsJavascriptsRender.js HTTP/1.1" 200 367
192.168.10.96 - - [03/May/2022:12:05:01 -0300] "GET /cormun/static/PXToolsJavascripts/pexe_tabs.js HTTP/1.1" 200 3748
192.168.10.96 - - [03/May/2022:12:05:01 -0300] "GET /cormun/static/PXToolsJavascripts/pexe_link.js HTTP/1.1" 200 5671
192.168.10.96 - - [03/May/2022:12:05:01 -0300] "GET /cormun/static/RunJS/RunJS.js HTTP/1.1" 200 288
192.168.10.96 - - [03/May/2022:12:05:01 -0300] "GET /cormun/static/hpexe_recentlink.js?20201214471090 HTTP/1.1" 200 2144
192.168.10.96 - - [03/May/2022:12:05:01 -0300] "GET /cormun/static/hwchdr01.js?20201214473739 HTTP/1.1" 200 996
192.168.10.96 - - [03/May/2022:12:05:01 -0300] "GET /cormun/static/hhome.js?20201215495544 HTTP/1.1" 200 777
192.168.10.96 - - [03/May/2022:12:05:01 -0300] "GET /cormun/static/hpexe_messagecontroller.js?201991422154126 HTTP/1.1" 200 870
192.168.10.96 - - [03/May/2022:12:05:01 -0300] "GET /cormun/static/hpexe_scripts.js?20201214471411 HTTP/1.1" 200 1544
192.168.10.96 - - [03/May/2022:12:05:01 -0300] "GET /cormun/static/gxui/gxui-all.js HTTP/1.1" 200 107772
192.168.10.96 - - [03/May/2022:12:05:01 -0300] "GET /cormun/static/hpexe_messagepopupcomponent.js?2020121447232 HTTP/1.1" 200 605
192.168.10.96 - - [03/May/2022:12:05:01 -0300] "GET /cormun/static/Resources/Llave.png HTTP/1.1" 200 1395
192.168.10.96 - - [03/May/2022:12:05:01 -0300] "GET /cormun/static/Resources/ImgHome.png HTTP/1.1" 200 1364
192.168.10.96 - - [03/May/2022:12:05:01 -0300] "GET /cormun/static/Resources/ImgLogin.png HTTP/1.1" 200 1432
192.168.10.96 - - [03/May/2022:12:05:01 -0300] "GET /cormun/static/Resources/Logo2019_Small.png HTTP/1.1" 200 10855
192.168.10.96 - - [03/May/2022:12:05:01 -0300] "GET /cormun/static/Shared/ext/locale/ext-lang-en.js HTTP/1.1" 200 10940
192.168.10.96 - - [03/May/2022:12:05:01 -0300] "GET /cormun/static/hpexe_messagegenexuscomponent.js?2020121447173 HTTP/1.1" 200 587
192.168.10.96 - - [03/May/2022:12:05:01 -0300] "GET /cormun/static/Resources/PXToolsDataTitle.png HTTP/1.1" 200 1173
192.168.10.96 - - [03/May/2022:12:05:01 -0300] "GET /cormun/static/cmcontrolpreferences.js?20199141926336 HTTP/1.1" 200 1375
192.168.10.96 - - [03/May/2022:12:05:01 -0300] "GET /cormun/static/SmoothNavMenu/resources/ddsmoothmenu.js HTTP/1.1" 200 12712
192.168.10.96 - - [03/May/2022:12:05:01 -0300] "GET /cormun/static/SmoothNavMenu/resources/SmoothNavMenuRender.js HTTP/1.1" 200 5951
192.168.10.96 - - [03/May/2022:12:05:01 -0300] "GET /cormun/static/Shared/jquery/jquery-1.4.2.min.js HTTP/1.1" 200 72174
192.168.10.96 - - [03/May/2022:12:05:01 -0300] "GET /cormun/static/scaMessage/js/jquery.pnotify.min.js HTTP/1.1" 200 13038
192.168.10.96 - - [03/May/2022:12:05:01 -0300] "GET /cormun/static/scaMessage/scaMessageRender.js HTTP/1.1" 200 11977
192.168.10.96 - - [03/May/2022:12:05:01 -0300] "GET /cormun/static/hmpwkw03.js?20201215501896 HTTP/1.1" 200 3973
192.168.10.96 - - [03/May/2022:12:05:01 -0300] "GET /cormun/static/Shared/jquery/jquery-1.10.2.min.js HTTP/1.1" 200 273199
192.168.10.96 - - [03/May/2022:12:05:01 -0300] "GET /cormun/static/Shared/jqueryui/jquery-ui.min.js HTTP/1.1" 200 240427
192.168.10.96 - - [03/May/2022:12:05:01 -0300] "GET /cormun/static/Shared/ext/ext-all.js HTTP/1.1" 200 1289687
192.168.10.96 - - [03/May/2022:12:05:01 -0300] "GET /cormun/static/SmoothNavMenu/resources/images/down.gif HTTP/1.1" 200 854
192.168.10.96 - - [03/May/2022:12:05:01 -0300] "GET /cormun/servlet/hhome HTTP/1.1" 200 3785
192.168.10.96 - - [03/May/2022:12:05:04 -0300] "GET /cormun/servlet/trsolicitudgral? HTTP/1.1" 200 28113
192.168.10.96 - - [03/May/2022:12:05:04 -0300] "GET /cormun/static/gxui/gxui-all.css?110300 HTTP/1.1" 200 2179
192.168.10.96 - - [03/May/2022:12:05:04 -0300] "GET /cormun/static/calendar-system.css?75620 HTTP/1.1" 200 5572
192.168.10.96 - - [03/May/2022:12:05:04 -0300] "GET /cormun/static/gxcfg.js?20191021621534 HTTP/1.1" 200 953
192.168.10.96 - - [03/May/2022:12:05:04 -0300] "GET /cormun/static/calendar.js?85251 HTTP/1.1" 200 26246
192.168.10.96 - - [03/May/2022:12:05:04 -0300] "GET /cormun/static/calendar-es.js?85251 HTTP/1.1" 200 1901
192.168.10.96 - - [03/May/2022:12:05:04 -0300] "GET /cormun/static/calendar-setup.js?85251 HTTP/1.1" 200 2588
192.168.10.96 - - [03/May/2022:12:05:04 -0300] "GET /cormun/static/gxdec.js?85251 HTTP/1.1" 200 19579
192.168.10.96 - - [03/May/2022:12:05:04 -0300] "GET /cormun/static/Shared/ext/resources/css/ext-all.css?205870 HTTP/1.1" 200 416045
192.168.10.96 - - [03/May/2022:12:05:04 -0300] "GET /cormun/static/trsolicitudgral.js?20191021621224 HTTP/1.1" 200 55173
192.168.10.96 - - [03/May/2022:12:05:04 -0300] "GET /cormun/static/Resources/PXTools/calendar.png HTTP/1.1" 200 1306
192.168.10.96 - - [03/May/2022:12:05:04 -0300] "GET /cormun/static/Resources/PXToolsDataSearch.png HTTP/1.1" 200 435
192.168.10.96 - - [03/May/2022:12:05:04 -0300] "GET /cormun/static/Resources/PXToolsGridPreviousDisabled.gif HTTP/1.1" 200 90
192.168.10.96 - - [03/May/2022:12:05:04 -0300] "GET /cormun/static/Resources/PXToolsGridNextDisabled.gif HTTP/1.1" 200 90
192.168.10.96 - - [03/May/2022:12:05:04 -0300] "GET /cormun/static/Resources/PXToolsActionExcel.png HTTP/1.1" 200 727
192.168.10.96 - - [03/May/2022:12:05:04 -0300] "GET /cormun/static/Resources/PXToolsGridPage.gif HTTP/1.1" 200 725
192.168.10.96 - - [03/May/2022:12:05:04 -0300] "GET /cormun/static/Resources/PXToolsGridFirstDisabled.gif HTTP/1.1" 200 100
192.168.10.96 - - [03/May/2022:12:05:04 -0300] "GET /cormun/static/Resources/PXToolsGridLastDisabled.gif HTTP/1.1" 200 98
192.168.10.96 - - [03/May/2022:12:05:04 -0300] "GET /cormun/static/Resources/PXToolsAddAllStandardAction.png HTTP/1.1" 200 628
192.168.10.96 - - [03/May/2022:12:05:04 -0300] "GET /cormun/static/Resources/PXToolsRemoveAllStandardAction.png HTTP/1.1" 200 495
192.168.10.96 - - [03/May/2022:12:05:04 -0300] "GET /cormun/static/Resources/asc.gif HTTP/1.1" 200 67
192.168.10.96 - - [03/May/2022:12:05:04 -0300] "GET /cormun//static/Resources/PXToolsGridUpdate.png HTTP/1.1" 200 470
192.168.10.96 - - [03/May/2022:12:05:04 -0300] "GET /cormun/static/Resources/desc.gif HTTP/1.1" 200 65
192.168.10.96 - - [03/May/2022:12:05:04 -0300] "GET /cormun//static/Resources/PXToolsGridDelete.png HTTP/1.1" 200 538
192.168.10.96 - - [03/May/2022:12:05:04 -0300] "GET /cormun/static/Shared/ext/resources/themes/images/default/panel/bg-headersPanel.png HTTP/1.1" 200 255
192.168.10.96 - - [03/May/2022:12:05:04 -0300] "GET /cormun/static/Shared/ext/resources/themes/images/default/tools/tool-sprites.gif HTTP/1.1" 200 5434
192.168.10.96 - - [03/May/2022:12:05:04 -0300] "GET /cormun/servlet/trsolicitudgral? HTTP/1.1" 200 28111
192.168.10.96 - - [03/May/2022:12:05:17 -0300] "POST /cormun/servlet/trsolicitudgral?319ac354ea087e98224beaa25de2d0a2,,gx-no-cache=1651589366108 HTTP/1.1" 200 8850
190.171.143.90 - - [03/May/2022:12:05:21 -0300] "GET /cormun/servlet/hlogin HTTP/1.1" 200 1726
192.168.10.11 - - [03/May/2022:12:05:25 -0300] "GET / HTTP/1.1" 200 11217
192.168.10.96 - - [03/May/2022:12:05:54 -0300] "GET /cormun/servlet/vesolicitudgral?2022,18383,, HTTP/1.1" 200 8418
192.168.10.96 - - [03/May/2022:12:05:54 -0300] "GET /cormun/static/gxcfg.js?20201215594983 HTTP/1.1" 200 953
192.168.10.96 - - [03/May/2022:12:05:54 -0300] "GET /cormun/pexe_scrolldiv.js HTTP/1.1" 404 1009
192.168.10.96 - - [03/May/2022:12:05:54 -0300] "GET /cormun/static/Resources/PXToolsTabLastUnselected.png HTTP/1.1" 200 1297
192.168.10.96 - - [03/May/2022:12:05:54 -0300] "GET /cormun/static/Resources/PXToolsTabFirstSelected.png HTTP/1.1" 200 1270
192.168.10.96 - - [03/May/2022:12:05:54 -0300] "GET /cormun/static/Resources/PXToolsTabNext.gif HTTP/1.1" 200 168
192.168.10.96 - - [03/May/2022:12:05:54 -0300] "GET /cormun/static/Resources/PXToolsTabPrevious.gif HTTP/1.1" 200 172
192.168.10.96 - - [03/May/2022:12:05:54 -0300] "GET /cormun/static/vesolicitudgral.js?20201215595069 HTTP/1.1" 200 6721
192.168.10.96 - - [03/May/2022:12:05:54 -0300] "GET /cormun/static/hpexe_tabsview.js?2020121447381 HTTP/1.1" 200 1661
192.168.10.96 - - [03/May/2022:12:05:54 -0300] "GET /cormun/static/tbsolicitudgral01.js?20199142226376 HTTP/1.1" 200 31320
192.168.10.96 - - [03/May/2022:12:05:54 -0300] "GET /cormun/static/hwcviewtabs.js?201991422154026 HTTP/1.1" 200 1074
192.168.10.96 - - [03/May/2022:12:05:54 -0300] "GET /cormun/static/calendar-system.css HTTP/1.1" 200 5572
192.168.10.96 - - [03/May/2022:12:05:54 -0300] "GET /cormun/static/Resources/PXToolsTabBackSelected.png HTTP/1.1" 200 1157
192.168.10.96 - - [03/May/2022:12:05:54 -0300] "GET /cormun/static/Resources/PXToolsTabBackUnselected.png HTTP/1.1" 200 1175
192.168.10.96 - - [03/May/2022:12:05:54 -0300] "GET /cormun/static/Resources/PXToolsTabSelectedUnselected.png HTTP/1.1" 200 1451
192.168.10.96 - - [03/May/2022:12:05:54 -0300] "GET /cormun/static/Resources/PXToolsTabUnselectedUnselected.png HTTP/1.1" 200 1470
192.168.10.96 - - [03/May/2022:12:05:54 -0300] "GET /cormun/servlet/vesolicitudgral?2022,18383,, HTTP/1.1" 200 8417
181.43.226.163 - - [03/May/2022:12:06:01 -0300] "POST /cormun/servlet/trsolicitudot?b7bd061a02520f9882325d276362e1f5,gx-no-cache=1651589580786 HTTP/1.1" 200 107
181.43.226.163 - - [03/May/2022:12:06:01 -0300] "GET /cormun/servlet/trsolicitudadjuntos?2022,18597, HTTP/1.1" 200 9488
181.43.226.163 - - [03/May/2022:12:06:01 -0300] "GET /cormun/static/gxcfg.js?20201215574222 HTTP/1.1" 200 953
181.43.226.163 - - [03/May/2022:12:06:01 -0300] "GET /cormun/static/Resources/PXToolsGridNew.png HTTP/1.1" 200 427
192.168.10.96 - - [03/May/2022:12:06:02 -0300] "GET /cormun/servlet/trsolicitudgral? HTTP/1.1" 200 11804
181.43.226.163 - - [03/May/2022:12:06:02 -0300] "GET /cormun/static/trsolicitudadjuntos.js?20201215574932 HTTP/1.1" 200 17922
181.43.226.163 - - [03/May/2022:12:06:02 -0300] "GET /cormun/servlet/trsolicitudadjuntos?2022,18597, HTTP/1.1" 200 9493
192.168.10.96 - - [03/May/2022:12:06:02 -0300] "GET /cormun/servlet/trsolicitudgral? HTTP/1.1" 200 11803
192.168.10.96 - - [03/May/2022:12:06:11 -0300] "GET /cormun/servlet/vesolicitudgral?2022,18383,, HTTP/1.1" 200 8418
192.168.10.96 - - [03/May/2022:12:06:11 -0300] "GET /cormun/pexe_scrolldiv.js HTTP/1.1" 404 1009
192.168.10.96 - - [03/May/2022:12:06:11 -0300] "GET /cormun/servlet/vesolicitudgral?2022,18383,, HTTP/1.1" 200 8417
192.168.10.96 - - [03/May/2022:12:06:13 -0300] "GET /cormun/servlet/vesolicitudgral?2022,18383,,SolicitudOTLog HTTP/1.1" 200 9044
192.168.10.96 - - [03/May/2022:12:06:13 -0300] "GET /cormun/pexe_scrolldiv.js HTTP/1.1" 404 1009
192.168.10.96 - - [03/May/2022:12:06:13 -0300] "GET /cormun/static/tbsolicitudgral03.js?20199142214306 HTTP/1.1" 200 13342
