190.171.141.106 - - [02/May/2022:17:08:11 -0300] "GET /cormun/servlet/solicitudot?f74e6b33fb7aa5eb79efc78c6a4e112c145c74fb0f9d564d2013da1de53afb8bfe8f4b6d46475c06ef3f5fef0e57f3f256cfad01a65bd52523e6e908cda0035c29fa53bcba803cc301fb28e05a229d573f46d2c3ae11ba7e4f3da9383fb3bdf2976d7276b9067724142a3f2ef8819595d10466ec5543bb4a09806c88ef4ce17336eaf4d997bb7075464f94d3f1c1a1071f2b381f8dbf8c383aa02bece29691d43232f278b629917d0f8a7d3239d597c9f5344e5ece65dfb13681ccb20d774c838c502814d164aefbbb0e19cb7b6acfe3ebd78b1d655638182d96c5cd707a4a8eed0d6a77ee02cf073902cac5ae4ba6d32b6b01e0a0e2c63b5a90078bf489bc3ebfdbf9b9977e735b291c057a574ac4045c73958db245de099d3af9381a3b86f7c451cf0d1b1d9bc69b0c70af4874534ec7514caac29bf0e613555a9ed1591d96a53e1484913073a76103e9838abf63ebf265bd0726dabbaed14d1ab2644b1226a2b4b99d6a1b0d98db1254362f85a9bd5b04c6c75b5f5ced3cc9fd048c1d5b20,gx-no-cache=1651517802526 HTTP/1.1" 200 30
190.171.141.106 - - [02/May/2022:17:08:11 -0300] "POST /cormun/servlet/solicitudot?gx-no-cache=1651517802554 HTTP/1.1" 200 30
190.171.141.106 - - [02/May/2022:17:08:11 -0300] "POST /cormun/servlet/solicitudot?gx-no-cache=1651517802595 HTTP/1.1" 200 1454
190.171.141.106 - - [02/May/2022:17:08:11 -0300] "POST /cormun/servlet/solicitudot?gx-no-cache=1651517802635 HTTP/1.1" 200 41
190.171.141.106 - - [02/May/2022:17:08:13 -0300] "GET /cormun/servlet/solicitudot?f74e6b33fb7aa5eb79efc78c6a4e112c94d356c5b83dbc20a681a5bff635718451f917cba9bdf20e69c563fa121c3fbaf59d30b224963be4e9ff8a1407a0c6f0c84a7222712218d6278c4208efb81b520a24697e50afe7b001f895372f525838b1966e2f74aabf35973cf4a7e79104d3,gx-no-cache=1651517805427 HTTP/1.1" 200 110
190.95.67.97 - - [02/May/2022:17:08:14 -0300] "POST /cormun/servlet/solicitudot?gx-no-cache=1651521314313 HTTP/1.1" 200 30
190.95.67.97 - - [02/May/2022:17:08:14 -0300] "POST /cormun/servlet/solicitudot?gx-no-cache=1651521314368 HTTP/1.1" 200 1452
190.95.67.97 - - [02/May/2022:17:08:14 -0300] "POST /cormun/servlet/solicitudot?gx-no-cache=1651521314405 HTTP/1.1" 200 38
192.168.10.11 - - [02/May/2022:17:08:21 -0300] "GET / HTTP/1.1" 200 11217
190.95.67.97 - - [02/May/2022:17:08:21 -0300] "GET /cormun/servlet/solicitudot?84649734c21562ebcadbf2278992689c885bbc8fb427b43723a235686f067fc33bb4cc542b93c5de3bc65e59e679f5148c95a5f206e3ab9be344247ee25d8da69f67f85b583aa5077555a9891a564bc5e47f9831cdabe15a58552073b1580a19d8fec1f5993de9a8771d05ddfa0d4462,gx-no-cache=1651521321421 HTTP/1.1" 200 110
190.95.67.97 - - [02/May/2022:17:08:27 -0300] "POST /cormun/servlet/solicitudot?gx-no-cache=1651521327847 HTTP/1.1" 200 69
190.95.67.97 - - [02/May/2022:17:08:33 -0300] "GET /cormun/servlet/solicitudot?84649734c21562ebcadbf2278992689c531f9f6156cbc18cbd7614b22609ae6c456e26bacd320257e5fc1f529a19bd5b4cd54a4e3e1a8f4bec6bdfa05b32ce11a9d593dcd10d6742e32026c95aab2d796a634e924e50a6706beac216288014e19c843901e581a2f2e28c992bfae99aee,gx-no-cache=1651521333622 HTTP/1.1" 200 29
190.95.67.97 - - [02/May/2022:17:08:33 -0300] "GET /cormun/static/menuarrow.gif HTTP/1.1" 404 1015
190.95.2.157 - - [02/May/2022:17:08:33 -0300] "GET /cormun/servlet/solicitudot?682c16f7268801a77f41259c16ff7aed125e5ed6e767ad233402dd2a18f5129243541fed832f55dd51db9a6916df981d,gx-no-cache=1651521333806 HTTP/1.1" 200 30
190.171.144.234 - - [02/May/2022:17:08:34 -0300] "POST /cormun/servlet/solicitudot?gx-no-cache=1651521335525 HTTP/1.1" 200 3858
190.171.144.234 - - [02/May/2022:17:08:34 -0300] "POST /cormun/servlet/solicitudot?a450a5ad7b38b0a4d54c5fd46a4b2f23,INS,0,0,false,,gx-no-cache=1651521335654 HTTP/1.1" 200 12394
190.171.144.234 - - [02/May/2022:17:08:34 -0300] "GET /cormun/servlet/solicitudot?dc5bcc90b84c2ced96644b859fa567920a3426e4506e5a68889d55e6d148a236a28bf781fd20baeefacb4d5a221073d7,gx-no-cache=1651521336287 HTTP/1.1" 200 30
190.95.67.97 - - [02/May/2022:17:08:38 -0300] "GET /cormun/servlet/solicitudot?84649734c21562ebcadbf2278992689ce8fa6b92bd31c315848f23793ead757289d8e47fca454e4f948eb1ade7c16dc8,gx-no-cache=1651521338900 HTTP/1.1" 200 30
190.95.2.157 - - [02/May/2022:17:08:38 -0300] "POST /cormun/servlet/solicitudot?gx-no-cache=1651521338597 HTTP/1.1" 200 30
190.95.2.157 - - [02/May/2022:17:08:49 -0300] "POST /cormun/servlet/solicitudot?1eab2cad8a7c6a8c7203272bfe8d22b9,INS,0,0,false,,gx-no-cache=1651521348858 HTTP/1.1" 200 13093
190.95.2.157 - - [02/May/2022:17:08:49 -0300] "GET /cormun/static/Shared/jqueryui/images/ui-bg_highlight-soft_100_c6c2c8_1x100.png HTTP/1.1" 404 1117
190.95.2.157 - - [02/May/2022:17:08:49 -0300] "GET /cormun/static/Shared/jqueryui/images/ui-icons_82798d_256x240.png HTTP/1.1" 404 1089
190.95.2.157 - - [02/May/2022:17:08:49 -0300] "GET /cormun/static/Shared/jqueryui/images/ui-bg_flat_55_994d53_40x100.png HTTP/1.1" 404 1097
190.95.2.157 - - [02/May/2022:17:08:49 -0300] "GET /cormun/static/Shared/jqueryui/images/ui-icons_ebccce_256x240.png HTTP/1.1" 404 1089
190.95.2.157 - - [02/May/2022:17:08:59 -0300] "POST /cormun/servlet/solicitudot?gx-no-cache=1651521359368 HTTP/1.1" 200 30
190.95.2.157 - - [02/May/2022:17:09:02 -0300] "GET /cormun/servlet/prcontratosol?18376437,,,,,MD,,gxPopupLevel%3D0%3B HTTP/1.1" 200 7852
190.95.2.157 - - [02/May/2022:17:09:02 -0300] "GET /cormun/static/gxcfg.js?2019914201458 HTTP/1.1" 200 953
190.95.2.157 - - [02/May/2022:17:09:02 -0300] "GET /cormun/static/prcontratosol.js?20199142014772 HTTP/1.1" 200 15806
190.171.142.18 - - [02/May/2022:17:09:03 -0300] "GET /cormun/servlet/hlogin HTTP/1.1" 200 1720
190.171.142.18 - - [02/May/2022:17:09:03 -0300] "GET /cormun/servlet/hlogin HTTP/1.1" 200 1730
190.171.142.18 - - [02/May/2022:17:09:03 -0300] "GET /cormun/static/Resources/indicator.gif HTTP/1.1" 200 1553
190.95.67.97 - - [02/May/2022:17:09:07 -0300] "POST /cormun/servlet/solicitudot?gx-no-cache=1651521367454 HTTP/1.1" 200 30
186.103.159.189 - - [02/May/2022:17:09:10 -0300] "GET /cormun/servlet/licenciaspermisos?INS,0,,, HTTP/1.1" 200 6783
186.103.159.189 - - [02/May/2022:17:09:10 -0300] "GET /cormun/static/gxcfg.js?202012153173 HTTP/1.1" 200 953
186.103.159.189 - - [02/May/2022:17:09:10 -0300] "GET /cormun/static/licenciaspermisos.js?2020121532136 HTTP/1.1" 200 38824
186.103.159.189 - - [02/May/2022:17:09:11 -0300] "GET /cormun/servlet/hlogin HTTP/1.1" 200 1755
186.103.159.189 - - [02/May/2022:17:09:11 -0300] "GET /cormun/servlet/licenciaspermisos?INS,0,,, HTTP/1.1" 200 6780
190.95.2.157 - - [02/May/2022:17:09:16 -0300] "POST /cormun/servlet/solicitudot?gx-no-cache=1651521376571 HTTP/1.1" 200 1454
190.95.2.157 - - [02/May/2022:17:09:16 -0300] "POST /cormun/servlet/solicitudot?gx-no-cache=1651521376601 HTTP/1.1" 200 41
190.95.2.157 - - [02/May/2022:17:09:16 -0300] "GET /cormun/servlet/solicitudot?682c16f7268801a77f41259c16ff7aed03c4af78bec64de76de5bd470e0eb2fd4c570c2f4c1edc9ada5963d67e172909f645691177dd3c882edb5cd271c7424b78aca4f3879a481dee3dcddfb89d042b5255a51042ae95d45fbc989c5c3260c947c1a0ed1db06217822d8a16d1e7253d,gx-no-cache=1651521376621 HTTP/1.1" 200 110
190.95.2.157 - - [02/May/2022:17:09:16 -0300] "POST /cormun/servlet/solicitudot?gx-no-cache=1651521376645 HTTP/1.1" 200 109
190.95.2.157 - - [02/May/2022:17:09:16 -0300] "GET /cormun/servlet/solicitudot?682c16f7268801a77f41259c16ff7aed0da5cf51836b27c7d109a9f5a078739c4b1d96ab62c60ef0eb91a6c9150e995c,gx-no-cache=1651521376669 HTTP/1.1" 200 134
192.168.10.11 - - [02/May/2022:17:09:21 -0300] "GET / HTTP/1.1" 200 11217
190.95.2.157 - - [02/May/2022:17:09:33 -0300] "GET /cormun/servlet/solicitudot?682c16f7268801a77f41259c16ff7aed125e5ed6e767ad233402dd2a18f5129243541fed832f55dd51db9a6916df981d,gx-no-cache=1651521393143 HTTP/1.1" 200 30
190.95.2.157 - - [02/May/2022:17:09:33 -0300] "POST /cormun/servlet/solicitudot?gx-no-cache=1651521393163 HTTP/1.1" 200 107
190.95.2.157 - - [02/May/2022:17:09:33 -0300] "POST /cormun/servlet/solicitudot?1eab2cad8a7c6a8c7203272bfe8d22b9,INS,0,0,false,,gx-no-cache=1651521393243 HTTP/1.1" 200 13161
190.171.142.18 - - [02/May/2022:17:09:39 -0300] "POST /cormun/servlet/hlogin?e883b27389bf1cf73baa808c59f2c7b5,gx-no-cache=1651521400276 HTTP/1.1" 200 90
190.171.142.18 - - [02/May/2022:17:09:39 -0300] "GET /cormun/servlet/hpexe_link HTTP/1.1" 200 947
190.171.142.18 - - [02/May/2022:17:09:40 -0300] "GET /cormun/servlet/hhome HTTP/1.1" 200 4365
190.171.142.18 - - [02/May/2022:17:09:40 -0300] "GET /cormun/servlet/hhome HTTP/1.1" 200 4364
190.171.142.18 - - [02/May/2022:17:09:44 -0300] "GET /cormun/servlet/trlicencias? HTTP/1.1" 200 10597
190.171.142.18 - - [02/May/2022:17:09:45 -0300] "GET /cormun/servlet/trlicencias? HTTP/1.1" 200 10594
190.95.2.157 - - [02/May/2022:17:09:48 -0300] "POST /cormun/servlet/solicitudot?gx-no-cache=1651521408529 HTTP/1.1" 200 30
190.171.141.106 - - [02/May/2022:17:09:52 -0300] "POST /cormun/servlet/solicitudot?gx-no-cache=1651517903558 HTTP/1.1" 200 97
190.95.2.157 - - [02/May/2022:17:09:52 -0300] "POST /cormun/servlet/solicitudot?gx-no-cache=1651521412464 HTTP/1.1" 200 1454
190.95.2.157 - - [02/May/2022:17:09:52 -0300] "POST /cormun/servlet/solicitudot?gx-no-cache=1651521412493 HTTP/1.1" 200 41
190.95.2.157 - - [02/May/2022:17:09:52 -0300] "GET /cormun/servlet/solicitudot?682c16f7268801a77f41259c16ff7aed03c4af78bec64de76de5bd470e0eb2fd4c570c2f4c1edc9ada5963d67e172909f645691177dd3c882edb5cd271c7424b78aca4f3879a481dee3dcddfb89d042b5255a51042ae95d45fbc989c5c3260c947c1a0ed1db06217822d8a16d1e7253d,gx-no-cache=1651521412511 HTTP/1.1" 200 110
190.95.2.157 - - [02/May/2022:17:09:52 -0300] "POST /cormun/servlet/solicitudot?gx-no-cache=1651521412532 HTTP/1.1" 200 109
190.95.2.157 - - [02/May/2022:17:09:52 -0300] "POST /cormun/servlet/solicitudot?gx-no-cache=1651521412557 HTTP/1.1" 200 33
190.95.2.157 - - [02/May/2022:17:09:52 -0300] "POST /cormun/servlet/solicitudot?1eab2cad8a7c6a8c7203272bfe8d22b9,INS,0,0,false,,gx-no-cache=1651521412590 HTTP/1.1" 200 93
190.95.2.157 - - [02/May/2022:17:09:52 -0300] "GET /cormun/servlet/hpexe_return? HTTP/1.1" 200 1012
190.95.2.157 - - [02/May/2022:17:09:53 -0300] "GET /cormun/servlet/trsolicitudot HTTP/1.1" 200 8911
190.95.2.157 - - [02/May/2022:17:09:53 -0300] "GET /cormun/servlet/trsolicitudot HTTP/1.1" 200 8907
190.171.141.106 - - [02/May/2022:17:09:56 -0300] "GET /cormun/servlet/solicitudot?f74e6b33fb7aa5eb79efc78c6a4e112cc8c221a5825e0b19aad3cd3b03787bdd412b8b228d2d34d7ff04eb27d36f242a9483d058d3eecaecbed127420c2fdaa9fb61faa6c9d03bead1ca01202d1c540d9fb1bf0019f1264bd81df4b633c64667039aeaa4c2c9817b253e3757d9e6413ac1702283048ac539f44bd1d0bd6c23a7461ee4b8690e01e20f093af814e795e077069f38a74bee34383ae2ffe3c77ec5,gx-no-cache=1651517908378 HTTP/1.1" 200 29
190.171.141.106 - - [02/May/2022:17:09:56 -0300] "GET /cormun/servlet/solicitudot?f74e6b33fb7aa5eb79efc78c6a4e112cddd3e50a6482498baa2c7d5bba2a6e806c00847cf9b02aefb3464b6bfcd81e16,gx-no-cache=1651517908397 HTTP/1.1" 200 30
190.171.141.106 - - [02/May/2022:17:09:56 -0300] "POST /cormun/servlet/solicitudot?gx-no-cache=1651517908425 HTTP/1.1" 200 30
190.171.141.106 - - [02/May/2022:17:09:57 -0300] "POST /cormun/servlet/solicitudot?f22a7a006460bd8943ee20590001768b,UPD,2022,18590,false,,gx-no-cache=1651517908462 HTTP/1.1" 200 93
190.171.141.106 - - [02/May/2022:17:09:57 -0300] "GET /cormun/servlet/hpexe_return? HTTP/1.1" 200 1014
190.171.141.106 - - [02/May/2022:17:09:57 -0300] "GET /cormun/servlet/trsolicitudot HTTP/1.1" 200 9618
190.171.141.106 - - [02/May/2022:17:09:57 -0300] "GET /cormun/servlet/trsolicitudot HTTP/1.1" 200 9613
190.95.2.157 - - [02/May/2022:17:10:02 -0300] "POST /cormun/servlet/trsolicitudot?1eab2cad8a7c6a8c7203272bfe8d22b9,gx-no-cache=1651521422074 HTTP/1.1" 200 4845
190.95.2.157 - - [02/May/2022:17:10:02 -0300] "GET /cormun/static/Shared/jqueryui/images/ui-bg_highlight-soft_100_c6c2c8_1x100.png HTTP/1.1" 404 1117
190.95.2.157 - - [02/May/2022:17:10:02 -0300] "GET /cormun/static/Shared/jqueryui/images/ui-icons_82798d_256x240.png HTTP/1.1" 404 1089
190.95.2.157 - - [02/May/2022:17:10:02 -0300] "GET /cormun/static/Shared/jqueryui/images/ui-icons_8d78a5_256x240.png HTTP/1.1" 404 1089
190.95.2.157 - - [02/May/2022:17:10:02 -0300] "GET /cormun/static/Shared/jqueryui/images/ui-bg_flat_55_fafafa_40x100.png HTTP/1.1" 404 1097
190.95.2.157 - - [02/May/2022:17:10:02 -0300] "POST /cormun/servlet/trsolicitudot?1eab2cad8a7c6a8c7203272bfe8d22b9,gx-no-cache=1651521422277 HTTP/1.1" 200 4612
190.95.2.157 - - [02/May/2022:17:10:09 -0300] "GET /cormun/servlet/trautorizarsolicitud? HTTP/1.1" 200 8797
190.95.2.157 - - [02/May/2022:17:10:09 -0300] "GET /cormun/servlet/trautorizarsolicitud? HTTP/1.1" 200 8797
190.95.2.157 - - [02/May/2022:17:10:19 -0300] "POST /cormun/servlet/trautorizarsolicitud?1eab2cad8a7c6a8c7203272bfe8d22b9,,gx-no-cache=1651521439314 HTTP/1.1" 200 4772
190.95.2.157 - - [02/May/2022:17:10:19 -0300] "GET /cormun/static/Shared/jqueryui/images/ui-icons_82798d_256x240.png HTTP/1.1" 404 1089
190.95.2.157 - - [02/May/2022:17:10:19 -0300] "GET /cormun/static/Shared/jqueryui/images/ui-bg_highlight-soft_100_c6c2c8_1x100.png HTTP/1.1" 404 1117
190.95.2.157 - - [02/May/2022:17:10:19 -0300] "GET /cormun/static/Shared/jqueryui/images/ui-bg_flat_55_fafafa_40x100.png HTTP/1.1" 404 1097
190.95.2.157 - - [02/May/2022:17:10:19 -0300] "GET /cormun/static/Shared/jqueryui/images/ui-icons_8d78a5_256x240.png HTTP/1.1" 404 1089
190.95.2.157 - - [02/May/2022:17:10:19 -0300] "POST /cormun/servlet/trautorizarsolicitud?1eab2cad8a7c6a8c7203272bfe8d22b9,,gx-no-cache=1651521439504 HTTP/1.1" 200 4540
192.168.10.11 - - [02/May/2022:17:10:21 -0300] "GET / HTTP/1.1" 200 11217
192.168.10.11 - - [02/May/2022:17:11:21 -0300] "GET / HTTP/1.1" 200 11217
190.171.143.106 - - [02/May/2022:17:11:51 -0300] "GET /cormun/servlet/trsolicitudot? HTTP/1.1" 200 9061
190.171.141.106 - - [02/May/2022:17:11:51 -0300] "POST /cormun/servlet/trsolicitudot?f22a7a006460bd8943ee20590001768b,gx-no-cache=1651518023029 HTTP/1.1" 200 6464
190.171.141.106 - - [02/May/2022:17:11:51 -0300] "GET /cormun/static/Shared/jqueryui/images/ui-bg_highlight-soft_100_c6c2c8_1x100.png HTTP/1.1" 404 1117
190.171.141.106 - - [02/May/2022:17:11:51 -0300] "GET /cormun/static/Shared/jqueryui/images/ui-icons_82798d_256x240.png HTTP/1.1" 404 1089
190.171.141.106 - - [02/May/2022:17:11:51 -0300] "GET /cormun/static/Shared/jqueryui/images/ui-bg_flat_55_fafafa_40x100.png HTTP/1.1" 404 1097
190.171.141.106 - - [02/May/2022:17:11:51 -0300] "GET /cormun/static/Shared/jqueryui/images/ui-icons_8d78a5_256x240.png HTTP/1.1" 404 1089
190.171.141.106 - - [02/May/2022:17:11:51 -0300] "POST /cormun/servlet/trsolicitudot?f22a7a006460bd8943ee20590001768b,gx-no-cache=1651518023275 HTTP/1.1" 200 6407
190.171.143.106 - - [02/May/2022:17:11:51 -0300] "GET /cormun/servlet/trsolicitudot? HTTP/1.1" 200 9060
190.171.141.106 - - [02/May/2022:17:12:03 -0300] "POST /cormun/servlet/trsolicitudot?f22a7a006460bd8943ee20590001768b,gx-no-cache=1651518035328 HTTP/1.1" 200 6083
190.171.141.106 - - [02/May/2022:17:12:04 -0300] "POST /cormun/servlet/trsolicitudot?f22a7a006460bd8943ee20590001768b,gx-no-cache=1651518035518 HTTP/1.1" 200 6025
190.171.143.106 - - [02/May/2022:17:12:04 -0300] "POST /cormun/servlet/trsolicitudot?138232651895d4b165ce708694454ba7,,gx-no-cache=1651521548179 HTTP/1.1" 200 5798
190.171.143.106 - - [02/May/2022:17:12:04 -0300] "GET /cormun/static/Shared/jqueryui/images/ui-icons_82798d_256x240.png HTTP/1.1" 404 1089
190.171.143.106 - - [02/May/2022:17:12:04 -0300] "GET /cormun/static/Shared/jqueryui/images/ui-bg_highlight-soft_100_c6c2c8_1x100.png HTTP/1.1" 404 1117
190.171.143.106 - - [02/May/2022:17:12:04 -0300] "GET /cormun/static/Shared/jqueryui/images/ui-bg_flat_55_fafafa_40x100.png HTTP/1.1" 404 1097
190.171.143.106 - - [02/May/2022:17:12:04 -0300] "GET /cormun/static/Shared/jqueryui/images/ui-icons_8d78a5_256x240.png HTTP/1.1" 404 1089
190.171.143.106 - - [02/May/2022:17:12:04 -0300] "POST /cormun/servlet/trsolicitudot?138232651895d4b165ce708694454ba7,,gx-no-cache=1651521548370 HTTP/1.1" 200 5743
190.171.143.106 - - [02/May/2022:17:12:05 -0300] "POST /cormun/servlet/trsolicitudot?138232651895d4b165ce708694454ba7,,gx-no-cache=1651521549130 HTTP/1.1" 200 4563
190.171.143.106 - - [02/May/2022:17:12:05 -0300] "POST /cormun/servlet/trsolicitudot?138232651895d4b165ce708694454ba7,,gx-no-cache=1651521549646 HTTP/1.1" 200 4325
190.171.141.82 - - [02/May/2022:17:12:09 -0300] "GET /cormun/servlet/hlogin HTTP/1.1" 200 1722
190.171.141.82 - - [02/May/2022:17:12:09 -0300] "GET /cormun/servlet/hlogin HTTP/1.1" 200 1732
190.171.141.106 - - [02/May/2022:17:12:13 -0300] "POST /cormun/servlet/trsolicitudot?f22a7a006460bd8943ee20590001768b,gx-no-cache=1651518044992 HTTP/1.1" 200 4854
190.171.141.106 - - [02/May/2022:17:12:13 -0300] "POST /cormun/servlet/trsolicitudot?f22a7a006460bd8943ee20590001768b,gx-no-cache=1651518045206 HTTP/1.1" 200 4613
192.168.10.11 - - [02/May/2022:17:12:21 -0300] "GET / HTTP/1.1" 200 11217
190.171.143.106 - - [02/May/2022:17:12:21 -0300] "GET /cormun/servlet/hlogin HTTP/1.1" 200 1720
190.171.143.106 - - [02/May/2022:17:12:24 -0300] "POST /cormun/servlet/hlogin?138232651895d4b165ce708694454ba7,gx-no-cache=1651521568020 HTTP/1.1" 200 90
190.171.143.106 - - [02/May/2022:17:12:24 -0300] "GET /cormun/servlet/hpexe_link HTTP/1.1" 200 944
190.171.143.106 - - [02/May/2022:17:12:24 -0300] "GET /cormun/servlet/hhome HTTP/1.1" 200 4089
190.171.143.106 - - [02/May/2022:17:12:24 -0300] "GET /cormun/static/SmoothNavMenu/resources/images/right.gif HTTP/1.1" 200 860
190.171.143.106 - - [02/May/2022:17:12:24 -0300] "GET /cormun/servlet/hhome HTTP/1.1" 200 4085
190.171.143.106 - - [02/May/2022:17:12:28 -0300] "GET /cormun/servlet/trautorizarsolicitud? HTTP/1.1" 200 9070
190.171.143.106 - - [02/May/2022:17:12:28 -0300] "GET /cormun/static/gxcfg.js?201991422414522 HTTP/1.1" 200 953
190.171.143.106 - - [02/May/2022:17:12:28 -0300] "GET /cormun/static/trautorizarsolicitud.js?201991422415463 HTTP/1.1" 200 53910
190.171.143.106 - - [02/May/2022:17:12:28 -0300] "GET /cormun/servlet/trautorizarsolicitud? HTTP/1.1" 200 9068
190.171.143.106 - - [02/May/2022:17:12:31 -0300] "POST /cormun/servlet/trautorizarsolicitud?138232651895d4b165ce708694454ba7,,gx-no-cache=1651521575444 HTTP/1.1" 200 6001
190.171.143.106 - - [02/May/2022:17:12:31 -0300] "GET /cormun/static/Shared/jqueryui/images/ui-icons_82798d_256x240.png HTTP/1.1" 404 1089
190.171.143.106 - - [02/May/2022:17:12:31 -0300] "GET /cormun/static/Shared/jqueryui/images/ui-bg_highlight-soft_100_c6c2c8_1x100.png HTTP/1.1" 404 1117
190.171.143.106 - - [02/May/2022:17:12:31 -0300] "GET /cormun/static/Shared/jqueryui/images/ui-bg_flat_55_fafafa_40x100.png HTTP/1.1" 404 1097
190.171.143.106 - - [02/May/2022:17:12:31 -0300] "GET /cormun/static/Shared/jqueryui/images/ui-icons_8d78a5_256x240.png HTTP/1.1" 404 1089
190.171.143.106 - - [02/May/2022:17:12:31 -0300] "POST /cormun/servlet/trautorizarsolicitud?138232651895d4b165ce708694454ba7,,gx-no-cache=1651521575637 HTTP/1.1" 200 5946
190.171.143.106 - - [02/May/2022:17:12:32 -0300] "POST /cormun/servlet/trautorizarsolicitud?138232651895d4b165ce708694454ba7,,gx-no-cache=1651521576451 HTTP/1.1" 200 4770
190.171.143.106 - - [02/May/2022:17:12:32 -0300] "POST /cormun/servlet/trautorizarsolicitud?138232651895d4b165ce708694454ba7,,gx-no-cache=1651521576602 HTTP/1.1" 200 4529
190.171.141.82 - - [02/May/2022:17:12:34 -0300] "POST /cormun/servlet/hlogin?0e59e752998ae31f8b1d5e86151d5e66,gx-no-cache=1651521576259 HTTP/1.1" 200 90
190.171.141.82 - - [02/May/2022:17:12:35 -0300] "GET /cormun/servlet/hpexe_link HTTP/1.1" 200 948
190.171.141.82 - - [02/May/2022:17:12:35 -0300] "GET /cormun/servlet/hhome HTTP/1.1" 200 4315
190.171.141.82 - - [02/May/2022:17:12:36 -0300] "GET /cormun/servlet/hhome HTTP/1.1" 200 4311
190.171.144.234 - - [02/May/2022:17:12:47 -0300] "GET /cormun/servlet/solicitudot?dc5bcc90b84c2ced96644b859fa56792ac1c35e6b296f21957889fc601e5ad3a006ce8ea542d756dbf017bb3b30dbb517282fda2b904e8df79721c35aa9b77e2,gx-no-cache=1651521589023 HTTP/1.1" 200 30
190.171.144.234 - - [02/May/2022:17:12:47 -0300] "GET /cormun/servlet/solicitudot?dc5bcc90b84c2ced96644b859fa56792dda57f5c2c6bfca9004fc00204cf4285,gx-no-cache=1651521589062 HTTP/1.1" 200 29
190.171.141.82 - - [02/May/2022:17:12:55 -0300] "GET /cormun/servlet/trautorizarpermisogoce? HTTP/1.1" 200 8835
190.171.141.82 - - [02/May/2022:17:12:55 -0300] "GET /cormun/servlet/trautorizarpermisogoce? HTTP/1.1" 200 8833
190.171.144.234 - - [02/May/2022:17:12:57 -0300] "POST /cormun/servlet/solicitudot?gx-no-cache=1651521599006 HTTP/1.1" 200 297
190.171.144.234 - - [02/May/2022:17:12:57 -0300] "GET /cormun/servlet/solicitudot?dc5bcc90b84c2ced96644b859fa56792cf72e7f62d76ced404693f9b7e00e1d0b47c7b6aa63137e2a6089d08cbbcb7d98fe2dc1b40f6df26d02ec7649bc7b189e17247325c4ea0c345f45a9e09fde668748a7b79109a6b289067db9dc260227dd6dc78cd4b8cf687ff35c3b3189ed52e8fb1eac8b7c2dfddac41640d968a611663898b64ec80587351c1d9b3ee4dab949b91c8b5ed836023c07215be4bf7266b43e5867a88123a6e5d34ec84cea155079d1138711d9e0f9dcf46665c2c1b9c9649938825933511c5f7a65666e22b321f58c04bc1274ec462340651e9348d3b8a82803ede76f000573a9b820d2a53f4555b57a7f8d1f4e6aaa67baa6ca4ec3ca417865d0de317aa69cb571127fb8532074f983b323e042dc7b56d76cfde3bf6112349f5d730fe3810675fe53754a43cb1189c52e930ef1007b4fcc0655e6d7e9f88d66442648d3a0ee5ac292d07769d5f5ee59948b17fc13b7f912d536cbe29fa120f9265dcd6a42f1fe7b6f0cd14fc684d1f508bbb84d3793a5d93b65be281bf7b5fcb8e5d64de169ec4214846bec0d4,gx-no-cache=1651521599045 HTTP/1.1" 200 30
190.171.141.82 - - [02/May/2022:17:13:02 -0300] "POST /cormun/servlet/trautorizarpermisogoce?0e59e752998ae31f8b1d5e86151d5e66,,gx-no-cache=1651521603302 HTTP/1.1" 200 5838
190.171.141.82 - - [02/May/2022:17:13:02 -0300] "GET /cormun/static/Shared/jqueryui/images/ui-bg_highlight-soft_100_c6c2c8_1x100.png HTTP/1.1" 404 1117
190.171.141.82 - - [02/May/2022:17:13:02 -0300] "GET /cormun/static/Shared/jqueryui/images/ui-icons_82798d_256x240.png HTTP/1.1" 404 1089
190.171.141.82 - - [02/May/2022:17:13:02 -0300] "GET /cormun/static/Shared/jqueryui/images/ui-icons_8d78a5_256x240.png HTTP/1.1" 404 1089
190.171.141.82 - - [02/May/2022:17:13:02 -0300] "GET /cormun/static/Shared/jqueryui/images/ui-bg_flat_55_fafafa_40x100.png HTTP/1.1" 404 1097
190.171.141.82 - - [02/May/2022:17:13:05 -0300] "POST /cormun/servlet/trautorizarpermisogoce?0e59e752998ae31f8b1d5e86151d5e66,,gx-no-cache=1651521606211 HTTP/1.1" 200 5576
190.171.141.82 - - [02/May/2022:17:13:08 -0300] "POST /cormun/servlet/trautorizarpermisogoce?0e59e752998ae31f8b1d5e86151d5e66,,gx-no-cache=1651521609290 HTTP/1.1" 200 5283
190.95.67.97 - - [02/May/2022:17:13:09 -0300] "GET /cormun/servlet/solicitudot?84649734c21562ebcadbf2278992689cfd710b2c2ef6832fcb49ee81afbd213ba17ef2f64d2d644f61f5fd0cdea8eeee42dbccec6390bd412384cb1bf648875c905e1e2986902b4a4fbccd74946b314b1647e1b42270974d3ed1a59b4a2485247b0b1fd6bb3edab47320f563f1ec43e7a97753670068aba2d44a58a29501e087e685a4f8136d380a384d7ab71738416eca302bb8286e717c882ac8bf41d6ac718d2432b6bc39a671598ca1285f58cf7b8bf015577426e3e98a2f548bc78bd0455e03af5d62c4cb63dbae3166df78c4c8bffbb990be6f8056ed6e1877f6077b1f2339a59e8f54cf6318322479883bd78c01f9191b8822c9b3c8aa671ade211a84a15da1a6c547034107b8dba766f96137e3ccfbd2c8dc3510564ad533ad41a23ede9f79fe4c59225c47feace2fc4c6706898dc5d0bfaa5be520de32c7a83621d3c43d7c7b0612b30e4f87c95d616563c328f2009e7e6621b835dd596653d243a6d6d1ca68486021479818248eeac333d36c33efb39ae8b7b1ef095a3a1bf2013be49bde49c517ea550708150028c1eb07,gx-no-cache=1651521609261 HTTP/1.1" 200 30
190.95.67.97 - - [02/May/2022:17:13:09 -0300] "POST /cormun/servlet/solicitudot?gx-no-cache=1651521609358 HTTP/1.1" 200 30
190.95.67.97 - - [02/May/2022:17:13:09 -0300] "POST /cormun/servlet/solicitudot?gx-no-cache=1651521609406 HTTP/1.1" 200 1454
190.95.67.97 - - [02/May/2022:17:13:09 -0300] "POST /cormun/servlet/solicitudot?gx-no-cache=1651521609447 HTTP/1.1" 200 41
190.95.67.97 - - [02/May/2022:17:13:09 -0300] "GET /cormun/servlet/solicitudot?84649734c21562ebcadbf2278992689c885bbc8fb427b43723a235686f067fc33bb4cc542b93c5de3bc65e59e679f5148c95a5f206e3ab9be344247ee25d8da69f67f85b583aa5077555a9891a564bc5e47f9831cdabe15a58552073b1580a19d8fec1f5993de9a8771d05ddfa0d4462,gx-no-cache=1651521609471 HTTP/1.1" 200 110
190.95.67.97 - - [02/May/2022:17:13:09 -0300] "POST /cormun/servlet/solicitudot?gx-no-cache=1651521609507 HTTP/1.1" 200 64
190.95.67.97 - - [02/May/2022:17:13:09 -0300] "GET /cormun/servlet/solicitudot?84649734c21562ebcadbf2278992689ce8fa6b92bd31c315848f23793ead757289d8e47fca454e4f948eb1ade7c16dc8,gx-no-cache=1651521609548 HTTP/1.1" 200 30
190.95.67.97 - - [02/May/2022:17:13:09 -0300] "POST /cormun/servlet/solicitudot?gx-no-cache=1651521609587 HTTP/1.1" 200 30
190.171.141.82 - - [02/May/2022:17:13:11 -0300] "POST /cormun/servlet/trautorizarpermisogoce?0e59e752998ae31f8b1d5e86151d5e66,,gx-no-cache=1651521612507 HTTP/1.1" 200 4527
190.171.144.234 - - [02/May/2022:17:13:16 -0300] "POST /cormun/servlet/solicitudot?gx-no-cache=1651521617659 HTTP/1.1" 200 30
192.168.10.11 - - [02/May/2022:17:13:21 -0300] "GET / HTTP/1.1" 200 11217
190.171.144.234 - - [02/May/2022:17:13:22 -0300] "POST /cormun/servlet/solicitudot?gx-no-cache=1651521624296 HTTP/1.1" 200 256
190.171.144.234 - - [02/May/2022:17:13:33 -0300] "GET /cormun/servlet/solicitudot?dc5bcc90b84c2ced96644b859fa56792cf72e7f62d76ced404693f9b7e00e1d080c658bab22dfbd74817660625d5080e8fe2dc1b40f6df26d02ec7649bc7b189e17247325c4ea0c345f45a9e09fde668748a7b79109a6b289067db9dc260227dd6dc78cd4b8cf687ff35c3b3189ed52e8fb1eac8b7c2dfddac41640d968a611663898b64ec80587351c1d9b3ee4dab949b91c8b5ed836023c07215be4bf7266b43e5867a88123a6e5d34ec84cea155079d1138711d9e0f9dcf46665c2c1b9c9649938825933511c5f7a65666e22b321f58c04bc1274ec462340651e9348d3b8a82803ede76f000573a9b820d2a53f455f0afb9e0a2431b86b583803b6700fd5017865d0de317aa69cb571127fb853207c17d7d2103e518f32acadeeaa07c5c633aca6b35f4594555183b4d15ab465c6b01e8fae35c01b4224bb2536c0cc8409f61b832c8180add546f561694ec3952ea2990b0e9b1f9a3f14b5ec9518d4f62ab9a96f0d6540ac7d4bb0af1ac8e1dc16324698ff294fac9e6f56ec211178fd162,gx-no-cache=1651521634689 HTTP/1.1" 200 30
190.95.67.97 - - [02/May/2022:17:13:37 -0300] "POST /cormun/servlet/solicitudot?b5d2ce9a5b43debaa04fb112fe7fc610,INS,0,0,false,,gx-no-cache=1651521637088 HTTP/1.1" 200 93
190.95.67.97 - - [02/May/2022:17:13:37 -0300] "GET /cormun/servlet/hpexe_return? HTTP/1.1" 200 1009
190.95.67.97 - - [02/May/2022:17:13:37 -0300] "GET /cormun/servlet/trsolicitudot HTTP/1.1" 200 8561
190.95.67.97 - - [02/May/2022:17:13:37 -0300] "GET /cormun//static/Resources/PXToolsActionView.png HTTP/1.1" 200 398
190.95.67.97 - - [02/May/2022:17:13:37 -0300] "GET /cormun//static/Resources/PXToolsRemoveAllAction.png HTTP/1.1" 200 487
190.95.67.97 - - [02/May/2022:17:13:37 -0300] "GET /cormun/servlet/trsolicitudot HTTP/1.1" 200 8555
190.171.141.82 - - [02/May/2022:17:13:40 -0300] "GET /cormun/servlet/trautorizarsolicitud? HTTP/1.1" 200 7429
190.171.141.82 - - [02/May/2022:17:13:40 -0300] "GET /cormun/servlet/trautorizarsolicitud? HTTP/1.1" 200 7429
190.171.144.234 - - [02/May/2022:17:13:42 -0300] "POST /cormun/servlet/solicitudot?gx-no-cache=1651521643956 HTTP/1.1" 200 30
190.171.144.234 - - [02/May/2022:17:13:42 -0300] "POST /cormun/servlet/solicitudot?gx-no-cache=1651521643993 HTTP/1.1" 200 1454
190.171.144.234 - - [02/May/2022:17:13:42 -0300] "POST /cormun/servlet/solicitudot?gx-no-cache=1651521644026 HTTP/1.1" 200 38
192.168.10.96 - - [02/May/2022:17:13:54 -0300] "POST /cormun/servlet/trsolicitudgral?717671b58c66f9e0f875007e87e62598,,gx-no-cache=1651521482897 HTTP/1.1" 200 5252
190.95.67.97 - - [02/May/2022:17:13:55 -0300] "POST /cormun/servlet/trsolicitudot?b5d2ce9a5b43debaa04fb112fe7fc610,gx-no-cache=1651521655573 HTTP/1.1" 200 107
190.95.67.97 - - [02/May/2022:17:13:55 -0300] "GET /cormun/servlet/trsolicitudadjuntos?2022,18592, HTTP/1.1" 200 6053
190.95.67.97 - - [02/May/2022:17:13:55 -0300] "GET /cormun/static/gxcfg.js?20201215574222 HTTP/1.1" 200 953
190.95.67.97 - - [02/May/2022:17:13:55 -0300] "GET /cormun/static/Resources/PXToolsGridNew.png HTTP/1.1" 200 427
190.95.67.97 - - [02/May/2022:17:13:55 -0300] "GET /cormun/static/trsolicitudadjuntos.js?20201215574932 HTTP/1.1" 200 17922
190.95.67.97 - - [02/May/2022:17:13:55 -0300] "GET /cormun/servlet/trsolicitudadjuntos?2022,18592, HTTP/1.1" 200 6053
190.95.67.97 - - [02/May/2022:17:13:57 -0300] "GET /cormun/servlet/solicitudotadjuntos?INS,2022,18592,,1, HTTP/1.1" 200 5999
190.95.67.97 - - [02/May/2022:17:13:57 -0300] "GET /cormun/static/gxcfg.js?202012157947 HTTP/1.1" 200 953
190.95.67.97 - - [02/May/2022:17:13:57 -0300] "GET /cormun/static/solicitudotadjuntos.js?202012157966 HTTP/1.1" 200 11771
190.95.67.97 - - [02/May/2022:17:13:57 -0300] "GET /cormun/static/about:blank HTTP/1.1" 404 1011
190.95.67.97 - - [02/May/2022:17:13:58 -0300] "GET /cormun/servlet/solicitudotadjuntos?INS,2022,18592,,1, HTTP/1.1" 200 5992
190.95.67.97 - - [02/May/2022:17:13:58 -0300] "GET /cormun/servlet/solicitudotadjuntos?84649734c21562ebcadbf2278992689c3f6f27477c564349854ccdfff9b5de8804ee7a2178f8ea66d31965a43c1e21eb,gx-no-cache=1651521658839 HTTP/1.1" 200 30
190.95.67.97 - - [02/May/2022:17:13:58 -0300] "POST /cormun/servlet/solicitudotadjuntos?b5d2ce9a5b43debaa04fb112fe7fc610,INS,2022,18592,,1,,gx-no-cache=1651521658874 HTTP/1.1" 200 3881
192.168.10.96 - - [02/May/2022:17:14:02 -0300] "POST /cormun/servlet/trsolicitudgral?717671b58c66f9e0f875007e87e62598,,gx-no-cache=1651521491305 HTTP/1.1" 200 12406
192.168.10.96 - - [02/May/2022:17:14:14 -0300] "GET /cormun/servlet/vesolicitudgral?2022,18590,, HTTP/1.1" 200 8446
192.168.10.96 - - [02/May/2022:17:14:14 -0300] "GET /cormun/pexe_scrolldiv.js HTTP/1.1" 404 1009
192.168.10.96 - - [02/May/2022:17:14:15 -0300] "GET /cormun/servlet/vesolicitudgral?2022,18590,, HTTP/1.1" 200 8446
190.95.67.97 - - [02/May/2022:17:14:16 -0300] "POST /cormun/servlet/solicitudotadjuntos?gx-no-cache=1651521676348 HTTP/1.1" 200 26
190.171.141.90 - - [02/May/2022:17:14:16 -0300] "GET /cormun/servlet/solicitudot?ec00fa34589e9f9b29b59c862389332e549b77d77418f4c112a6b88bf41e76710f0f787027894448f7b000c306f4b709,gx-no-cache=1651521676066 HTTP/1.1" 200 30
190.171.141.90 - - [02/May/2022:17:14:16 -0300] "GET /cormun/servlet/solicitudot?ec00fa34589e9f9b29b59c862389332ea92cb242029ff35c4b5f587bf04f98c2,gx-no-cache=1651521676102 HTTP/1.1" 200 94
190.171.141.90 - - [02/May/2022:17:14:16 -0300] "GET /cormun/static/Shared/jqueryui/images/ui-bg_highlight-soft_100_c6c2c8_1x100.png HTTP/1.1" 404 1117
190.171.141.90 - - [02/May/2022:17:14:16 -0300] "GET /cormun/static/Shared/jqueryui/images/ui-icons_82798d_256x240.png HTTP/1.1" 404 1089
190.171.141.90 - - [02/May/2022:17:14:16 -0300] "GET /cormun/static/Shared/jqueryui/images/ui-bg_flat_55_994d53_40x100.png HTTP/1.1" 404 1097
190.171.141.90 - - [02/May/2022:17:14:16 -0300] "GET /cormun/static/Shared/jqueryui/images/ui-icons_ebccce_256x240.png HTTP/1.1" 404 1089
190.171.141.90 - - [02/May/2022:17:14:16 -0300] "GET /cormun/servlet/solicitudot?ec00fa34589e9f9b29b59c862389332e86c60c8b04a013ee7430645c2d9f7ceb,gx-no-cache=1651521676136 HTTP/1.1" 200 29
190.171.141.90 - - [02/May/2022:17:14:16 -0300] "POST /cormun/servlet/solicitudot?gx-no-cache=1651521676162 HTTP/1.1" 200 297
190.171.141.90 - - [02/May/2022:17:14:16 -0300] "GET /cormun/servlet/solicitudot?ec00fa34589e9f9b29b59c862389332e31212d9defe3a6ada19e61c6d3793cc9420da16094f08eea056af3acbaa5386df7d1d8729fad77025934a71dffe2147902dea31e6731cb70f9f1d79a54f7d69322324d8229624baf21bd29d5bcd59256611f597864780e0ed6bc3854d4b4d07e6414a022505d973315c8807bc9e793ac77660f50a262bcefed65f26785d28908914f5a76f488c39b8124fa776aea5c87eff2482cf3083e3827cca752c62bd27212708574426a18da2864bb299af7c5d7f07b634226f8c27534f28a1ebf11bfeb376c335b9210f16a502d359517a0710cb48cf5b70d83cbc05b30a5057eb3ea6da226d91eb548da3d1d48ea0da80cffd4adcfd1e85386b129ea55a3b7c95d78a90544b9fa6887a36196d5507bbc43d8b96cade5714bf81911215897db08cc4dd53c24911854a3e7a4237b97d7abdd427a8b31f179855f3f283eb84974ae07f4d9d20a5ec4c83c4ec68a0fb7e27b9a8ece59fee6190e18cb0e2104da51fe79a71912aa1cfd36239113f88feeef2d9f8bdb4719a1273e3f9e5677e658d379132dfc,gx-no-cache=1651521676191 HTTP/1.1" 200 30
190.171.141.90 - - [02/May/2022:17:14:16 -0300] "POST /cormun/servlet/solicitudot?gx-no-cache=1651521676213 HTTP/1.1" 200 30
190.171.141.90 - - [02/May/2022:17:14:16 -0300] "POST /cormun/servlet/solicitudot?gx-no-cache=1651521676245 HTTP/1.1" 200 1454
190.171.141.90 - - [02/May/2022:17:14:16 -0300] "POST /cormun/servlet/solicitudot?gx-no-cache=1651521676281 HTTP/1.1" 200 38
190.171.141.90 - - [02/May/2022:17:14:16 -0300] "GET /cormun/servlet/solicitudot?ec00fa34589e9f9b29b59c862389332e95392426584e4d6166428bb83a6ea534f1a15483cac19a811ed3df6c1a3fd0b04580398b666941317380a8e94798f0f7f9370195f2d8e4d8eae9e3cf9f182d042f102a99fc786b6a212a404c78f295dda74338cdf9702c68c9ad22919c73cd5b,gx-no-cache=1651521676317 HTTP/1.1" 200 110
192.168.10.96 - - [02/May/2022:17:14:16 -0300] "GET /cormun/servlet/vesolicitudgral?2022,18590,,SolicitudOTLog HTTP/1.1" 200 9054
192.168.10.96 - - [02/May/2022:17:14:16 -0300] "GET /cormun/pexe_scrolldiv.js HTTP/1.1" 404 1009
192.168.10.96 - - [02/May/2022:17:14:17 -0300] "GET /cormun/servlet/vesolicitudgral?2022,18590,,SolicitudOTLog HTTP/1.1" 200 9054
192.168.10.96 - - [02/May/2022:17:14:17 -0300] "POST /cormun/servlet/acontrolpreferencessavestate?None,RRHH+DANIELA,true HTTP/1.1" 200 35
192.168.10.11 - - [02/May/2022:17:14:21 -0300] "GET / HTTP/1.1" 200 11217
190.171.141.90 - - [02/May/2022:17:14:22 -0300] "GET /cormun/servlet/trsolicitudot? HTTP/1.1" 200 7324
190.171.141.90 - - [02/May/2022:17:14:23 -0300] "GET /cormun/servlet/trsolicitudot? HTTP/1.1" 200 7324
190.171.144.234 - - [02/May/2022:17:14:36 -0300] "GET /cormun/servlet/solicitudot?dc5bcc90b84c2ced96644b859fa567922eba61c259502400c82b6c08e006dda8f81cec6a98c73725e9520334ca6e62b35aea8617676b063879e0e33cbde778eccd7200921a4d85c0ed59ca7028a3f5c054577e6eb38275071c91793cd391d26aff6ffc3caa06c7aa4183ae175d4f7025,gx-no-cache=1651521698228 HTTP/1.1" 200 110
190.171.144.234 - - [02/May/2022:17:14:36 -0300] "POST /cormun/servlet/solicitudot?gx-no-cache=1651521698265 HTTP/1.1" 200 97
190.171.144.234 - - [02/May/2022:17:14:46 -0300] "GET /cormun/servlet/solicitudot?dc5bcc90b84c2ced96644b859fa56792188004c3553937ab173038d5479f35eb4c49fc936be069c15214cb4a29308a88a84137efa844cd930e28203a0835e3b30c01c484e016681ebc44d7fc825fa8c5634d06596aae308e0c6bb47ed466cbe226b0748dc4e2257d751bf5cf001906dd,gx-no-cache=1651521707673 HTTP/1.1" 200 29
190.171.144.234 - - [02/May/2022:17:14:46 -0300] "GET /cormun/servlet/solicitudot?dc5bcc90b84c2ced96644b859fa56792196adb552500955e550a96ab397ba661,gx-no-cache=1651521707699 HTTP/1.1" 200 30
190.171.144.234 - - [02/May/2022:17:15:18 -0300] "GET /cormun/static/menuarrow.gif HTTP/1.1" 404 1015
192.168.10.11 - - [02/May/2022:17:15:21 -0300] "GET / HTTP/1.1" 200 11217
190.171.144.234 - - [02/May/2022:17:15:27 -0300] "POST /cormun/servlet/solicitudot?gx-no-cache=1651521749365 HTTP/1.1" 200 30
192.168.10.11 - - [02/May/2022:17:16:21 -0300] "GET / HTTP/1.1" 200 11217
190.95.67.97 - - [02/May/2022:17:17:09 -0300] "POST /cormun/servlet/solicitudotadjuntos?gx-no-cache=1651521849991 HTTP/1.1" 200 26
192.168.10.11 - - [02/May/2022:17:17:21 -0300] "GET / HTTP/1.1" 200 11217
190.95.67.97 - - [02/May/2022:17:17:23 -0300] "GET /cormun/servlet/solicitudotadjuntos?84649734c21562ebcadbf2278992689cc55bc450284a5b169f0ea83873124bc3,gx-no-cache=1651521863732 HTTP/1.1" 200 30
190.95.67.97 - - [02/May/2022:17:17:23 -0300] "GET /cormun/servlet/solicitudotadjuntos?84649734c21562ebcadbf2278992689cc55bc450284a5b169f0ea83873124bc3,gx-no-cache=1651521863752 HTTP/1.1" 200 30
190.95.67.97 - - [02/May/2022:17:17:23 -0300] "POST /cormun/servlet/solicitudotadjuntos?b5d2ce9a5b43debaa04fb112fe7fc610,INS,2022,18592,,1, HTTP/1.1" 200 116
190.95.67.97 - - [02/May/2022:17:17:23 -0300] "GET /cormun/servlet/hpexe_return? HTTP/1.1" 200 1027
190.95.67.97 - - [02/May/2022:17:17:23 -0300] "GET /cormun/servlet/trsolicitudadjuntos?2022,18592, HTTP/1.1" 200 8820
190.95.67.97 - - [02/May/2022:17:17:24 -0300] "GET /cormun/servlet/trsolicitudadjuntos?2022,18592, HTTP/1.1" 200 8815
190.95.67.97 - - [02/May/2022:17:17:26 -0300] "GET /cormun/servlet/solicitudotadjuntos?INS,2022,18592,,1, HTTP/1.1" 200 5998
190.95.67.97 - - [02/May/2022:17:17:26 -0300] "GET /cormun/static/about:blank HTTP/1.1" 404 1011
190.95.67.97 - - [02/May/2022:17:17:26 -0300] "GET /cormun/servlet/solicitudotadjuntos?INS,2022,18592,,1, HTTP/1.1" 200 5992
190.95.67.97 - - [02/May/2022:17:17:27 -0300] "GET /cormun/servlet/solicitudotadjuntos?84649734c21562ebcadbf2278992689c3f6f27477c564349854ccdfff9b5de8804ee7a2178f8ea66d31965a43c1e21eb,gx-no-cache=1651521867397 HTTP/1.1" 200 30
190.95.67.97 - - [02/May/2022:17:17:27 -0300] "POST /cormun/servlet/solicitudotadjuntos?b5d2ce9a5b43debaa04fb112fe7fc610,INS,2022,18592,,1,,gx-no-cache=1651521867436 HTTP/1.1" 200 3880
190.95.67.97 - - [02/May/2022:17:17:29 -0300] "POST /cormun/servlet/solicitudotadjuntos?gx-no-cache=1651521869941 HTTP/1.1" 200 26
190.171.144.234 - - [02/May/2022:17:17:35 -0300] "GET /cormun/servlet/hlogin HTTP/1.1" 200 1722
190.171.144.234 - - [02/May/2022:17:17:35 -0300] "GET /cormun/servlet/hlogin HTTP/1.1" 200 1732
190.95.67.97 - - [02/May/2022:17:17:40 -0300] "GET /cormun/servlet/solicitudotadjuntos?84649734c21562ebcadbf2278992689cc55bc450284a5b169f0ea83873124bc3,gx-no-cache=1651521880839 HTTP/1.1" 200 30
190.95.67.97 - - [02/May/2022:17:17:40 -0300] "GET /cormun/servlet/solicitudotadjuntos?84649734c21562ebcadbf2278992689cc55bc450284a5b169f0ea83873124bc3,gx-no-cache=1651521880863 HTTP/1.1" 200 30
190.95.67.97 - - [02/May/2022:17:17:40 -0300] "POST /cormun/servlet/solicitudotadjuntos?b5d2ce9a5b43debaa04fb112fe7fc610,INS,2022,18592,,1, HTTP/1.1" 200 116
190.95.67.97 - - [02/May/2022:17:17:40 -0300] "GET /cormun/servlet/hpexe_return? HTTP/1.1" 200 1027
190.95.67.97 - - [02/May/2022:17:17:40 -0300] "GET /cormun/servlet/trsolicitudadjuntos?2022,18592, HTTP/1.1" 200 9071
190.95.67.97 - - [02/May/2022:17:17:41 -0300] "GET /cormun/servlet/trsolicitudadjuntos?2022,18592, HTTP/1.1" 200 9071
190.95.67.97 - - [02/May/2022:17:17:42 -0300] "GET /cormun/servlet/solicitudotadjuntos?INS,2022,18592,,1, HTTP/1.1" 200 5998
190.95.67.97 - - [02/May/2022:17:17:42 -0300] "GET /cormun/static/about:blank HTTP/1.1" 404 1011
190.95.67.97 - - [02/May/2022:17:17:43 -0300] "GET /cormun/servlet/solicitudotadjuntos?INS,2022,18592,,1, HTTP/1.1" 200 5992
190.95.67.97 - - [02/May/2022:17:17:43 -0300] "GET /cormun/servlet/solicitudotadjuntos?84649734c21562ebcadbf2278992689c3f6f27477c564349854ccdfff9b5de8804ee7a2178f8ea66d31965a43c1e21eb,gx-no-cache=1651521883814 HTTP/1.1" 200 30
190.95.67.97 - - [02/May/2022:17:17:43 -0300] "POST /cormun/servlet/solicitudotadjuntos?b5d2ce9a5b43debaa04fb112fe7fc610,INS,2022,18592,,1,,gx-no-cache=1651521883853 HTTP/1.1" 200 3880
190.171.144.234 - - [02/May/2022:17:17:44 -0300] "POST /cormun/servlet/hlogin?d27ce513d3e4d2c9e920fc6bcfc90675,gx-no-cache=1651521886152 HTTP/1.1" 200 90
190.171.144.234 - - [02/May/2022:17:17:44 -0300] "GET /cormun/servlet/hpexe_link HTTP/1.1" 200 948
190.171.144.234 - - [02/May/2022:17:17:46 -0300] "GET /cormun/servlet/hhome HTTP/1.1" 200 3980
190.95.67.97 - - [02/May/2022:17:17:47 -0300] "POST /cormun/servlet/solicitudotadjuntos?gx-no-cache=1651521887649 HTTP/1.1" 200 26
190.95.67.97 - - [02/May/2022:17:17:55 -0300] "POST /cormun/servlet/solicitudotadjuntos?b5d2ce9a5b43debaa04fb112fe7fc610,INS,2022,18592,,1,,gx-no-cache=1651521896051 HTTP/1.1" 200 93
190.95.67.97 - - [02/May/2022:17:17:55 -0300] "GET /cormun/servlet/hpexe_return? HTTP/1.1" 200 1027
190.95.67.97 - - [02/May/2022:17:17:56 -0300] "GET /cormun/servlet/trsolicitudadjuntos?2022,18592, HTTP/1.1" 200 9073
190.95.67.97 - - [02/May/2022:17:17:56 -0300] "GET /cormun/servlet/trsolicitudadjuntos?2022,18592, HTTP/1.1" 200 9069
190.171.144.234 - - [02/May/2022:17:17:58 -0300] "GET /cormun/servlet/hhome HTTP/1.1" 200 3980
190.95.67.97 - - [02/May/2022:17:17:58 -0300] "GET /cormun/servlet/solicitudotadjuntos?INS,2022,18592,,1, HTTP/1.1" 200 5998
190.95.67.97 - - [02/May/2022:17:17:58 -0300] "GET /cormun/static/about:blank HTTP/1.1" 404 1011
190.95.67.97 - - [02/May/2022:17:17:58 -0300] "GET /cormun/servlet/solicitudotadjuntos?INS,2022,18592,,1, HTTP/1.1" 200 5992
190.171.144.234 - - [02/May/2022:17:17:58 -0300] "GET /cormun/servlet/hhome HTTP/1.1" 200 3976
190.95.67.97 - - [02/May/2022:17:17:59 -0300] "GET /cormun/servlet/solicitudotadjuntos?84649734c21562ebcadbf2278992689c3f6f27477c564349854ccdfff9b5de8804ee7a2178f8ea66d31965a43c1e21eb,gx-no-cache=1651521899715 HTTP/1.1" 200 30
190.95.67.97 - - [02/May/2022:17:17:59 -0300] "POST /cormun/servlet/solicitudotadjuntos?b5d2ce9a5b43debaa04fb112fe7fc610,INS,2022,18592,,1,,gx-no-cache=1651521899752 HTTP/1.1" 200 3880
190.95.67.97 - - [02/May/2022:17:18:02 -0300] "POST /cormun/servlet/solicitudotadjuntos?gx-no-cache=1651521902816 HTTP/1.1" 200 26
190.171.144.234 - - [02/May/2022:17:18:04 -0300] "GET /cormun/servlet/trsolicitudot? HTTP/1.1" 200 7202
190.171.144.234 - - [02/May/2022:17:18:04 -0300] "GET /cormun/servlet/trsolicitudot? HTTP/1.1" 200 7201
190.95.67.97 - - [02/May/2022:17:18:07 -0300] "GET /cormun/servlet/solicitudotadjuntos?84649734c21562ebcadbf2278992689cc55bc450284a5b169f0ea83873124bc3,gx-no-cache=1651521908201 HTTP/1.1" 200 30
190.95.67.97 - - [02/May/2022:17:18:07 -0300] "GET /cormun/servlet/solicitudotadjuntos?84649734c21562ebcadbf2278992689cc55bc450284a5b169f0ea83873124bc3,gx-no-cache=1651521908222 HTTP/1.1" 200 30
190.95.67.97 - - [02/May/2022:17:18:08 -0300] "POST /cormun/servlet/solicitudotadjuntos?b5d2ce9a5b43debaa04fb112fe7fc610,INS,2022,18592,,1, HTTP/1.1" 200 116
190.95.67.97 - - [02/May/2022:17:18:08 -0300] "GET /cormun/servlet/hpexe_return? HTTP/1.1" 200 1027
190.95.67.97 - - [02/May/2022:17:18:08 -0300] "GET /cormun/servlet/trsolicitudadjuntos?2022,18592, HTTP/1.1" 200 9248
190.95.67.97 - - [02/May/2022:17:18:08 -0300] "GET /cormun/servlet/trsolicitudadjuntos?2022,18592, HTTP/1.1" 200 9242
190.95.67.97 - - [02/May/2022:17:18:10 -0300] "GET /cormun/servlet/solicitudotadjuntos?INS,2022,18592,,1, HTTP/1.1" 200 5998
190.95.67.97 - - [02/May/2022:17:18:10 -0300] "GET /cormun/static/about:blank HTTP/1.1" 404 1011
190.95.67.97 - - [02/May/2022:17:18:10 -0300] "GET /cormun/servlet/solicitudotadjuntos?INS,2022,18592,,1, HTTP/1.1" 200 5992
190.95.67.97 - - [02/May/2022:17:18:11 -0300] "GET /cormun/servlet/solicitudotadjuntos?84649734c21562ebcadbf2278992689c3f6f27477c564349854ccdfff9b5de8804ee7a2178f8ea66d31965a43c1e21eb,gx-no-cache=1651521911599 HTTP/1.1" 200 30
190.95.67.97 - - [02/May/2022:17:18:11 -0300] "POST /cormun/servlet/solicitudotadjuntos?b5d2ce9a5b43debaa04fb112fe7fc610,INS,2022,18592,,1,,gx-no-cache=1651521911715 HTTP/1.1" 200 3880
190.171.144.234 - - [02/May/2022:17:18:13 -0300] "GET /cormun/servlet/solicitudot?INS,0,0,false, HTTP/1.1" 200 15699
190.171.144.234 - - [02/May/2022:17:18:14 -0300] "GET /cormun/servlet/solicitudot?INS,0,0,false, HTTP/1.1" 200 15707
190.95.67.97 - - [02/May/2022:17:18:15 -0300] "POST /cormun/servlet/solicitudotadjuntos?gx-no-cache=1651521915363 HTTP/1.1" 200 26
190.95.67.97 - - [02/May/2022:17:18:20 -0300] "GET /cormun/servlet/solicitudotadjuntos?84649734c21562ebcadbf2278992689cc55bc450284a5b169f0ea83873124bc3,gx-no-cache=1651521920473 HTTP/1.1" 200 30
190.95.67.97 - - [02/May/2022:17:18:20 -0300] "GET /cormun/servlet/solicitudotadjuntos?84649734c21562ebcadbf2278992689cc55bc450284a5b169f0ea83873124bc3,gx-no-cache=1651521920494 HTTP/1.1" 200 30
190.95.67.97 - - [02/May/2022:17:18:20 -0300] "POST /cormun/servlet/solicitudotadjuntos?b5d2ce9a5b43debaa04fb112fe7fc610,INS,2022,18592,,1, HTTP/1.1" 200 116
190.95.67.97 - - [02/May/2022:17:18:20 -0300] "GET /cormun/servlet/hpexe_return? HTTP/1.1" 200 1027
190.95.67.97 - - [02/May/2022:17:18:20 -0300] "GET /cormun/servlet/trsolicitudadjuntos?2022,18592, HTTP/1.1" 200 9524
190.95.67.97 - - [02/May/2022:17:18:20 -0300] "GET /cormun/servlet/trsolicitudadjuntos?2022,18592, HTTP/1.1" 200 9526
192.168.10.11 - - [02/May/2022:17:18:21 -0300] "GET / HTTP/1.1" 200 11217
190.95.67.97 - - [02/May/2022:17:18:22 -0300] "GET /cormun/servlet/solicitudotadjuntos?INS,2022,18592,,1, HTTP/1.1" 200 5998
190.95.67.97 - - [02/May/2022:17:18:23 -0300] "GET /cormun/static/about:blank HTTP/1.1" 404 1011
190.171.144.234 - - [02/May/2022:17:18:23 -0300] "POST /cormun/servlet/solicitudot?gx-no-cache=1651521924558 HTTP/1.1" 200 3858
190.95.67.97 - - [02/May/2022:17:18:23 -0300] "GET /cormun/servlet/solicitudotadjuntos?INS,2022,18592,,1, HTTP/1.1" 200 5992
190.171.144.234 - - [02/May/2022:17:18:23 -0300] "POST /cormun/servlet/solicitudot?d27ce513d3e4d2c9e920fc6bcfc90675,INS,0,0,false,,gx-no-cache=1651521924699 HTTP/1.1" 200 12387
190.171.144.234 - - [02/May/2022:17:18:23 -0300] "GET /cormun/servlet/solicitudot?2d7d40cfea87f13ea75191f9807dd9c7a70eced0b3282e46782f535fabd1dcd0075f95a9b4139ed41ff7707f6317492d,gx-no-cache=1651521924962 HTTP/1.1" 200 30
190.95.67.97 - - [02/May/2022:17:18:23 -0300] "GET /cormun/servlet/solicitudotadjuntos?84649734c21562ebcadbf2278992689c3f6f27477c564349854ccdfff9b5de8804ee7a2178f8ea66d31965a43c1e21eb,gx-no-cache=1651521923872 HTTP/1.1" 200 30
190.95.67.97 - - [02/May/2022:17:18:23 -0300] "POST /cormun/servlet/solicitudotadjuntos?b5d2ce9a5b43debaa04fb112fe7fc610,INS,2022,18592,,1,,gx-no-cache=1651521923910 HTTP/1.1" 200 3880
190.95.67.97 - - [02/May/2022:17:18:25 -0300] "POST /cormun/servlet/solicitudotadjuntos?gx-no-cache=1651521926030 HTTP/1.1" 200 26
190.95.67.97 - - [02/May/2022:17:18:31 -0300] "GET /cormun/servlet/solicitudotadjuntos?84649734c21562ebcadbf2278992689cc55bc450284a5b169f0ea83873124bc3,gx-no-cache=1651521931798 HTTP/1.1" 200 30
190.95.67.97 - - [02/May/2022:17:18:31 -0300] "GET /cormun/servlet/solicitudotadjuntos?84649734c21562ebcadbf2278992689cc55bc450284a5b169f0ea83873124bc3,gx-no-cache=1651521931824 HTTP/1.1" 200 30
190.95.67.97 - - [02/May/2022:17:18:31 -0300] "POST /cormun/servlet/solicitudotadjuntos?b5d2ce9a5b43debaa04fb112fe7fc610,INS,2022,18592,,1, HTTP/1.1" 200 116
190.95.67.97 - - [02/May/2022:17:18:31 -0300] "GET /cormun/servlet/hpexe_return? HTTP/1.1" 200 1027
190.95.67.97 - - [02/May/2022:17:18:32 -0300] "GET /cormun/servlet/trsolicitudadjuntos?2022,18592, HTTP/1.1" 200 9812
190.95.67.97 - - [02/May/2022:17:18:32 -0300] "GET /cormun/servlet/trsolicitudadjuntos?2022,18592, HTTP/1.1" 200 9813
190.171.143.106 - - [02/May/2022:17:18:36 -0300] "GET /cormun/servlet/hlogin HTTP/1.1" 200 1720
190.171.143.106 - - [02/May/2022:17:18:41 -0300] "POST /cormun/servlet/hlogin?138232651895d4b165ce708694454ba7,gx-no-cache=1651521945371 HTTP/1.1" 200 90
190.171.143.106 - - [02/May/2022:17:18:41 -0300] "GET /cormun/servlet/hpexe_link HTTP/1.1" 200 944
190.171.143.106 - - [02/May/2022:17:18:41 -0300] "GET /cormun/servlet/hhome HTTP/1.1" 200 3964
190.171.143.106 - - [02/May/2022:17:18:41 -0300] "GET /cormun/servlet/hhome HTTP/1.1" 200 3960
190.171.143.106 - - [02/May/2022:17:18:44 -0300] "GET /cormun/servlet/trlicencias? HTTP/1.1" 200 8918
190.171.143.106 - - [02/May/2022:17:18:45 -0300] "GET /cormun/servlet/trlicencias? HTTP/1.1" 200 8915
190.171.144.234 - - [02/May/2022:17:18:46 -0300] "GET /cormun/servlet/solicitudot?2d7d40cfea87f13ea75191f9807dd9c70173d5147f736c7328d2e626d96c9891,gx-no-cache=1651521948209 HTTP/1.1" 200 94
190.171.144.234 - - [02/May/2022:17:18:46 -0300] "GET /cormun/static/Shared/jqueryui/images/ui-bg_highlight-soft_100_c6c2c8_1x100.png HTTP/1.1" 404 1117
190.171.144.234 - - [02/May/2022:17:18:46 -0300] "GET /cormun/static/Shared/jqueryui/images/ui-icons_82798d_256x240.png HTTP/1.1" 404 1089
190.171.144.234 - - [02/May/2022:17:18:46 -0300] "GET /cormun/static/Shared/jqueryui/images/ui-icons_ebccce_256x240.png HTTP/1.1" 404 1089
190.171.144.234 - - [02/May/2022:17:18:46 -0300] "GET /cormun/static/Shared/jqueryui/images/ui-bg_flat_55_994d53_40x100.png HTTP/1.1" 404 1097
190.171.144.234 - - [02/May/2022:17:18:46 -0300] "GET /cormun/servlet/solicitudot?2d7d40cfea87f13ea75191f9807dd9c7a9b247327a27cce970f5d42ed7ef1926,gx-no-cache=1651521948291 HTTP/1.1" 200 29
190.171.143.106 - - [02/May/2022:17:18:47 -0300] "GET /cormun/servlet/licenciaspermisos?INS,0,,, HTTP/1.1" 200 7580
190.171.143.106 - - [02/May/2022:17:18:47 -0300] "GET /cormun/static/gxcfg.js?202012153173 HTTP/1.1" 200 953
190.171.143.106 - - [02/May/2022:17:18:47 -0300] "GET /cormun/static/licenciaspermisos.js?2020121532136 HTTP/1.1" 200 38824
190.171.143.106 - - [02/May/2022:17:18:47 -0300] "GET /cormun/servlet/licenciaspermisos?INS,0,,, HTTP/1.1" 200 7588
190.171.144.234 - - [02/May/2022:17:18:53 -0300] "POST /cormun/servlet/solicitudot?gx-no-cache=1651521954927 HTTP/1.1" 200 297
190.171.144.234 - - [02/May/2022:17:18:53 -0300] "GET /cormun/servlet/solicitudot?2d7d40cfea87f13ea75191f9807dd9c7e93766bb519fa7aee2343a4ec581ade1ba4524793d1db9969a8128fcbe9563c28892f2049c9430a44ad9ed0b63b00b9ac3ae31ae4ba22ac0d4be48aba8c962bcc92af342c84c5c210c35f17d79930a9ab4ae53e4353beb268c80901884b3b9ef376ebe731974b4d59365c9d1dd69faf6716abfb32b37b3866d3ecff34a864ace57f868ac515848da615b3244dcc0ef0f3abd3447d18bb72127f048ae4432f6a8a2eca4384aa8f8b903d89b0f2f976aa1bf6e5cee57e6a75271b17b3d7d6e4bce50bd46a37454a23692e59e6bf19bd91c838161535babe010112e430a78d199ea80fbd7e52c8e132bde4111b04ee1e8af10011788c18ec12d9f1d06d81e31782b20f445bc912e2cbc52dfcc70800ce29f4b04ce2a535bf433fb9103a8857d50c3d5fe08477ceadfd80c280414f1b6d1cd9e1e0901bcbd1bd10248872d6540c849efe04af18341e479227ac8a98a6657065d0d5112491b3f9cef74451ca6cdaae5e33a27b0e6a29921714cbec3e8966b2dd7ef91c54731b54456c533d7ac64d05e,gx-no-cache=1651521954965 HTTP/1.1" 200 30
190.171.144.234 - - [02/May/2022:17:18:54 -0300] "POST /cormun/servlet/solicitudot?gx-no-cache=1651521956319 HTTP/1.1" 200 30
190.171.144.234 - - [02/May/2022:17:18:55 -0300] "POST /cormun/servlet/solicitudot?gx-no-cache=1651521957397 HTTP/1.1" 200 1454
190.171.144.234 - - [02/May/2022:17:18:55 -0300] "POST /cormun/servlet/solicitudot?gx-no-cache=1651521957443 HTTP/1.1" 200 38
