181.212.42.153 - - [02/May/2022:10:03:33 -0300] "POST /cormun/servlet/solicitudot?c1488043cae1887eaf3c6e22cde62ab5,INS,0,0,false,,gx-no-cache=1651495899708 HTTP/1.1" 200 93
181.212.42.153 - - [02/May/2022:10:03:33 -0300] "GET /cormun/servlet/hpexe_return? HTTP/1.1" 200 1009
181.212.42.153 - - [02/May/2022:10:03:34 -0300] "GET /cormun/servlet/trsolicitudot HTTP/1.1" 200 8592
181.212.42.153 - - [02/May/2022:10:03:34 -0300] "GET /cormun/servlet/trsolicitudot HTTP/1.1" 200 8590
181.212.42.153 - - [02/May/2022:10:03:38 -0300] "POST /cormun/servlet/trsolicitudot?c1488043cae1887eaf3c6e22cde62ab5,gx-no-cache=1651495904455 HTTP/1.1" 200 6003
181.212.42.153 - - [02/May/2022:10:03:38 -0300] "GET /cormun/static/Shared/jqueryui/images/ui-icons_82798d_256x240.png HTTP/1.1" 404 1089
181.212.42.153 - - [02/May/2022:10:03:38 -0300] "GET /cormun/static/Shared/jqueryui/images/ui-bg_highlight-soft_100_c6c2c8_1x100.png HTTP/1.1" 404 1117
181.212.42.153 - - [02/May/2022:10:03:38 -0300] "GET /cormun/static/Shared/jqueryui/images/ui-icons_8d78a5_256x240.png HTTP/1.1" 404 1089
181.212.42.153 - - [02/May/2022:10:03:38 -0300] "GET /cormun/static/Shared/jqueryui/images/ui-bg_flat_55_fafafa_40x100.png HTTP/1.1" 404 1097
200.54.237.82 - - [02/May/2022:10:03:39 -0300] "POST /cormun/servlet/solicitudot?gx-no-cache=1651495840082 HTTP/1.1" 200 1536
200.54.237.82 - - [02/May/2022:10:03:39 -0300] "GET /cormun/static/Shared/jqueryui/images/ui-bg_highlight-soft_100_c6c2c8_1x100.png HTTP/1.1" 404 1117
200.54.237.82 - - [02/May/2022:10:03:39 -0300] "GET /cormun/static/Shared/jqueryui/images/ui-icons_82798d_256x240.png HTTP/1.1" 404 1089
200.54.237.82 - - [02/May/2022:10:03:39 -0300] "GET /cormun/static/Shared/jqueryui/images/ui-bg_flat_55_994d53_40x100.png HTTP/1.1" 404 1097
200.54.237.82 - - [02/May/2022:10:03:39 -0300] "GET /cormun/static/Shared/jqueryui/images/ui-icons_ebccce_256x240.png HTTP/1.1" 404 1089
200.54.237.82 - - [02/May/2022:10:03:39 -0300] "POST /cormun/servlet/solicitudot?gx-no-cache=1651495840233 HTTP/1.1" 200 117
200.54.237.82 - - [02/May/2022:10:03:39 -0300] "GET /cormun/servlet/solicitudot?c8762e903271526133a75f9896b97843ac45c0ffc999d1ba461a7bf97ad085748186fe43521d8ad27f1dc1fe0bcc4b052a4ee17bae1f6536cef39812f6458dd5f7e94fbc932f4a7355ee328d647b93e02b8f952e3baf496be4af145a66604623b9c53c6b7b2b7058d953e56117635762,gx-no-cache=1651495840280 HTTP/1.1" 200 110
200.54.237.82 - - [02/May/2022:10:03:39 -0300] "POST /cormun/servlet/solicitudot?gx-no-cache=1651495840310 HTTP/1.1" 200 64
200.54.237.82 - - [02/May/2022:10:03:40 -0300] "GET /cormun/servlet/solicitudot?c8762e903271526133a75f9896b97843de16c1c50ea87b327add37ca1dd2822054cb99c6b03a37a3fe7706e5e7243ce0f0263f0baa69af3e1cd112f25b6486b4b9c82162e32baafb795cf679ab3367a7b37fd418e693824212c5fbc4654e11512162405088fafbf4af7373ca90f1377b,gx-no-cache=1651495840341 HTTP/1.1" 200 29
200.54.237.82 - - [02/May/2022:10:03:40 -0300] "GET /cormun/servlet/solicitudot?c8762e903271526133a75f9896b97843cf8563e99df55e2d8a29c415eec83506f058af4ef07dc63e6435ad8751f18573,gx-no-cache=1651495840453 HTTP/1.1" 200 134
181.212.42.153 - - [02/May/2022:10:03:40 -0300] "POST /cormun/servlet/trsolicitudot?c1488043cae1887eaf3c6e22cde62ab5,gx-no-cache=1651495906351 HTTP/1.1" 200 107
181.212.42.153 - - [02/May/2022:10:03:40 -0300] "GET /cormun/servlet/trsolicitudadjuntos?2022,18583, HTTP/1.1" 200 6070
181.212.42.153 - - [02/May/2022:10:03:40 -0300] "GET /cormun/servlet/trsolicitudadjuntos?2022,18583, HTTP/1.1" 200 6069
200.54.237.82 - - [02/May/2022:10:03:50 -0300] "GET /cormun/servlet/prfichaempleado?,MD,,gxPopupLevel%3D0%3B HTTP/1.1" 200 9368
200.54.237.82 - - [02/May/2022:10:03:50 -0300] "GET /cormun/static/gxcfg.js?20201215571085 HTTP/1.1" 200 953
200.54.237.82 - - [02/May/2022:10:03:51 -0300] "GET /cormun/static/prfichaempleado.js?20201215572193 HTTP/1.1" 200 16006
181.212.42.153 - - [02/May/2022:10:03:54 -0300] "GET /cormun/servlet/solicitudotadjuntos?INS,2022,18583,,1, HTTP/1.1" 200 6016
181.212.42.153 - - [02/May/2022:10:03:54 -0300] "GET /cormun/static/about:blank HTTP/1.1" 404 1011
181.212.42.153 - - [02/May/2022:10:03:54 -0300] "GET /cormun/servlet/solicitudotadjuntos?INS,2022,18583,,1, HTTP/1.1" 200 6010
181.212.42.153 - - [02/May/2022:10:03:55 -0300] "GET /cormun/servlet/solicitudotadjuntos?b57a3e260f39bf25d3f4bf845f4974248553cc24d795d3b8d9e0fffe9409580f6acc3cc67fb330624a316c7e957cedca,gx-no-cache=1651495921529 HTTP/1.1" 200 30
181.212.42.153 - - [02/May/2022:10:03:55 -0300] "POST /cormun/servlet/solicitudotadjuntos?c1488043cae1887eaf3c6e22cde62ab5,INS,2022,18583,,1,,gx-no-cache=1651495921555 HTTP/1.1" 200 3897
181.212.42.153 - - [02/May/2022:10:03:56 -0300] "POST /cormun/servlet/solicitudotadjuntos?gx-no-cache=1651495922800 HTTP/1.1" 200 26
190.171.149.74 - - [02/May/2022:10:04:10 -0300] "GET /cormun/servlet/trpermisosgoce? HTTP/1.1" 200 12333
190.171.149.74 - - [02/May/2022:10:04:11 -0300] "GET /cormun/servlet/trpermisosgoce? HTTP/1.1" 200 12330
190.171.149.74 - - [02/May/2022:10:04:13 -0300] "GET /cormun/servlet/permisogoce?INS,0,,, HTTP/1.1" 200 6846
190.171.149.74 - - [02/May/2022:10:04:14 -0300] "GET /cormun/servlet/permisogoce?INS,0,,, HTTP/1.1" 200 6846
181.212.42.153 - - [02/May/2022:10:04:16 -0300] "POST /cormun/servlet/solicitudotadjuntos?gx-no-cache=1651495942750 HTTP/1.1" 200 26
200.54.237.82 - - [02/May/2022:10:04:18 -0300] "POST /cormun/servlet/prfichaempleado?7b8093385102506925f651961319e976,,MD,,gxPopupLevel%3D0%3B,gx-no-cache=1651495878948 HTTP/1.1" 200 3410
190.171.149.74 - - [02/May/2022:10:04:20 -0300] "GET /cormun/servlet/permisogoce?25d6cdd4315d8a2edb4ca555d764d032fba36cc0d7b092b242231c9a8cfb89d0c08a296f58ac4d8d8f536f530d447fcf5eaa49f5b13c236d399673256a64b526,gx-no-cache=1651495885609 HTTP/1.1" 200 80
192.168.10.11 - - [02/May/2022:10:04:20 -0300] "GET / HTTP/1.1" 200 11217
190.171.149.74 - - [02/May/2022:10:04:22 -0300] "GET /cormun/static/menuarrow.gif HTTP/1.1" 404 1015
181.212.42.153 - - [02/May/2022:10:04:24 -0300] "GET /cormun/servlet/solicitudotadjuntos?b57a3e260f39bf25d3f4bf845f4974248e2e340d6f944b4500716a7f059e604e,gx-no-cache=1651495950862 HTTP/1.1" 200 30
181.212.42.153 - - [02/May/2022:10:04:24 -0300] "GET /cormun/servlet/solicitudotadjuntos?b57a3e260f39bf25d3f4bf845f4974248e2e340d6f944b4500716a7f059e604e,gx-no-cache=1651495950874 HTTP/1.1" 200 30
181.212.42.153 - - [02/May/2022:10:04:24 -0300] "POST /cormun/servlet/solicitudotadjuntos?c1488043cae1887eaf3c6e22cde62ab5,INS,2022,18583,,1, HTTP/1.1" 200 116
181.212.42.153 - - [02/May/2022:10:04:24 -0300] "GET /cormun/servlet/hpexe_return? HTTP/1.1" 200 1027
181.212.42.153 - - [02/May/2022:10:04:25 -0300] "GET /cormun/servlet/trsolicitudadjuntos?2022,18583, HTTP/1.1" 200 8828
181.212.42.153 - - [02/May/2022:10:04:25 -0300] "GET /cormun/servlet/trsolicitudadjuntos?2022,18583, HTTP/1.1" 200 8823
200.54.237.82 - - [02/May/2022:10:04:26 -0300] "GET /cormun/servlet/prlicenciaspermisos?7416707,L,,MD,,gxPopupLevel%3D0%3B HTTP/1.1" 200 5737
200.54.237.82 - - [02/May/2022:10:04:26 -0300] "GET /cormun/static/gxcfg.js?2020121559567 HTTP/1.1" 200 953
200.54.237.82 - - [02/May/2022:10:04:26 -0300] "GET /cormun/static/prlicenciaspermisos.js?2020121559821 HTTP/1.1" 200 13379
181.212.42.153 - - [02/May/2022:10:04:26 -0300] "GET /cormun/servlet/solicitudotadjuntos?INS,2022,18583,,1, HTTP/1.1" 200 6016
181.212.42.153 - - [02/May/2022:10:04:27 -0300] "GET /cormun/static/about:blank HTTP/1.1" 404 1011
181.212.42.153 - - [02/May/2022:10:04:27 -0300] "GET /cormun/servlet/solicitudotadjuntos?INS,2022,18583,,1, HTTP/1.1" 200 6010
181.212.42.153 - - [02/May/2022:10:04:27 -0300] "GET /cormun/servlet/solicitudotadjuntos?b57a3e260f39bf25d3f4bf845f4974248553cc24d795d3b8d9e0fffe9409580f6acc3cc67fb330624a316c7e957cedca,gx-no-cache=1651495953730 HTTP/1.1" 200 30
181.212.42.153 - - [02/May/2022:10:04:27 -0300] "POST /cormun/servlet/solicitudotadjuntos?c1488043cae1887eaf3c6e22cde62ab5,INS,2022,18583,,1,,gx-no-cache=1651495953747 HTTP/1.1" 200 3897
190.171.149.74 - - [02/May/2022:10:04:27 -0300] "GET /cormun/servlet/permisogoce?25d6cdd4315d8a2edb4ca555d764d0325aaf61281569e67e087e074f62692f7a1c1c22f4fe60818888a3c2fadc2137c6b0387a369ae2ba3717f62d5673e720c7,gx-no-cache=1651495893322 HTTP/1.1" 200 46
181.212.42.153 - - [02/May/2022:10:04:29 -0300] "POST /cormun/servlet/solicitudotadjuntos?gx-no-cache=1651495955189 HTTP/1.1" 200 26
181.212.42.153 - - [02/May/2022:10:04:34 -0300] "GET /cormun/servlet/solicitudotadjuntos?b57a3e260f39bf25d3f4bf845f4974248e2e340d6f944b4500716a7f059e604e,gx-no-cache=1651495960153 HTTP/1.1" 200 30
181.212.42.153 - - [02/May/2022:10:04:34 -0300] "GET /cormun/servlet/solicitudotadjuntos?b57a3e260f39bf25d3f4bf845f4974248e2e340d6f944b4500716a7f059e604e,gx-no-cache=1651495960207 HTTP/1.1" 200 30
181.212.42.153 - - [02/May/2022:10:04:34 -0300] "POST /cormun/servlet/solicitudotadjuntos?c1488043cae1887eaf3c6e22cde62ab5,INS,2022,18583,,1, HTTP/1.1" 200 116
181.212.42.153 - - [02/May/2022:10:04:34 -0300] "GET /cormun/servlet/hpexe_return? HTTP/1.1" 200 1027
181.212.42.153 - - [02/May/2022:10:04:34 -0300] "GET /cormun/servlet/trsolicitudadjuntos?2022,18583, HTTP/1.1" 200 9062
181.212.42.153 - - [02/May/2022:10:04:34 -0300] "GET /cormun/servlet/trsolicitudadjuntos?2022,18583, HTTP/1.1" 200 9060
181.212.42.153 - - [02/May/2022:10:04:36 -0300] "GET /cormun/servlet/solicitudotadjuntos?INS,2022,18583,,1, HTTP/1.1" 200 6016
181.212.42.153 - - [02/May/2022:10:04:36 -0300] "GET /cormun/static/about:blank HTTP/1.1" 404 1011
181.212.42.153 - - [02/May/2022:10:04:36 -0300] "GET /cormun/servlet/solicitudotadjuntos?INS,2022,18583,,1, HTTP/1.1" 200 6010
181.212.42.153 - - [02/May/2022:10:04:37 -0300] "GET /cormun/servlet/solicitudotadjuntos?b57a3e260f39bf25d3f4bf845f4974248553cc24d795d3b8d9e0fffe9409580f6acc3cc67fb330624a316c7e957cedca,gx-no-cache=1651495963507 HTTP/1.1" 200 30
181.212.42.153 - - [02/May/2022:10:04:37 -0300] "POST /cormun/servlet/solicitudotadjuntos?c1488043cae1887eaf3c6e22cde62ab5,INS,2022,18583,,1,,gx-no-cache=1651495963566 HTTP/1.1" 200 3897
181.212.42.153 - - [02/May/2022:10:04:39 -0300] "POST /cormun/servlet/solicitudotadjuntos?gx-no-cache=1651495965565 HTTP/1.1" 200 26
190.171.152.114 - - [02/May/2022:10:04:40 -0300] "GET /cormun/servlet/hlogin HTTP/1.1" 200 1724
190.171.152.114 - - [02/May/2022:10:04:40 -0300] "GET /cormun/servlet/hlogin HTTP/1.1" 200 1735
200.54.237.82 - - [02/May/2022:10:04:41 -0300] "POST /cormun/servlet/solicitudot?gx-no-cache=1651495901912 HTTP/1.1" 200 1454
181.212.42.153 - - [02/May/2022:10:04:43 -0300] "GET /cormun/servlet/solicitudotadjuntos?b57a3e260f39bf25d3f4bf845f4974248e2e340d6f944b4500716a7f059e604e,gx-no-cache=1651495969905 HTTP/1.1" 200 30
181.212.42.153 - - [02/May/2022:10:04:43 -0300] "GET /cormun/servlet/solicitudotadjuntos?b57a3e260f39bf25d3f4bf845f4974248e2e340d6f944b4500716a7f059e604e,gx-no-cache=1651495969926 HTTP/1.1" 200 30
181.212.42.153 - - [02/May/2022:10:04:43 -0300] "POST /cormun/servlet/solicitudotadjuntos?c1488043cae1887eaf3c6e22cde62ab5,INS,2022,18583,,1, HTTP/1.1" 200 116
181.212.42.153 - - [02/May/2022:10:04:43 -0300] "GET /cormun/servlet/hpexe_return? HTTP/1.1" 200 1027
181.212.42.153 - - [02/May/2022:10:04:44 -0300] "GET /cormun/servlet/trsolicitudadjuntos?2022,18583, HTTP/1.1" 200 9251
181.212.42.153 - - [02/May/2022:10:04:44 -0300] "GET /cormun/servlet/trsolicitudadjuntos?2022,18583, HTTP/1.1" 200 9251
181.212.42.153 - - [02/May/2022:10:04:46 -0300] "GET /cormun/servlet/solicitudotadjuntos?INS,2022,18583,,1, HTTP/1.1" 200 6016
181.212.42.153 - - [02/May/2022:10:04:46 -0300] "GET /cormun/static/about:blank HTTP/1.1" 404 1011
181.212.42.153 - - [02/May/2022:10:04:46 -0300] "GET /cormun/servlet/solicitudotadjuntos?INS,2022,18583,,1, HTTP/1.1" 200 6010
181.212.42.153 - - [02/May/2022:10:04:46 -0300] "GET /cormun/servlet/solicitudotadjuntos?b57a3e260f39bf25d3f4bf845f4974248553cc24d795d3b8d9e0fffe9409580f6acc3cc67fb330624a316c7e957cedca,gx-no-cache=1651495973004 HTTP/1.1" 200 30
181.212.42.153 - - [02/May/2022:10:04:46 -0300] "POST /cormun/servlet/solicitudotadjuntos?c1488043cae1887eaf3c6e22cde62ab5,INS,2022,18583,,1,,gx-no-cache=1651495973026 HTTP/1.1" 200 3897
181.212.42.153 - - [02/May/2022:10:04:48 -0300] "POST /cormun/servlet/solicitudotadjuntos?gx-no-cache=1651495974725 HTTP/1.1" 200 26
190.171.149.74 - - [02/May/2022:10:04:49 -0300] "POST /cormun/servlet/permisogoce?b11b86671227a4a410459ae63c72d9c6,INS,0,,,,gx-no-cache=1651495915026 HTTP/1.1" 200 93
190.171.149.74 - - [02/May/2022:10:04:50 -0300] "GET /cormun/servlet/hpexe_return? HTTP/1.1" 200 1014
190.171.149.74 - - [02/May/2022:10:04:50 -0300] "GET /cormun/servlet/trpermisosgoce HTTP/1.1" 200 12655
190.171.149.74 - - [02/May/2022:10:04:50 -0300] "GET /cormun/servlet/trpermisosgoce HTTP/1.1" 200 12634
190.171.152.114 - - [02/May/2022:10:04:51 -0300] "POST /cormun/servlet/hlogin?11e0131121c7d330f586fc6db2743233,gx-no-cache=1651495911961 HTTP/1.1" 200 90
190.171.152.114 - - [02/May/2022:10:04:51 -0300] "GET /cormun/servlet/hpexe_link HTTP/1.1" 200 952
190.171.152.114 - - [02/May/2022:10:04:51 -0300] "GET /cormun/servlet/hhome HTTP/1.1" 200 4327
190.171.152.114 - - [02/May/2022:10:04:51 -0300] "GET /cormun/servlet/hhome HTTP/1.1" 200 4324
181.212.42.153 - - [02/May/2022:10:04:52 -0300] "GET /cormun/servlet/solicitudotadjuntos?b57a3e260f39bf25d3f4bf845f4974248e2e340d6f944b4500716a7f059e604e,gx-no-cache=1651495978585 HTTP/1.1" 200 30
181.212.42.153 - - [02/May/2022:10:04:52 -0300] "GET /cormun/servlet/solicitudotadjuntos?b57a3e260f39bf25d3f4bf845f4974248e2e340d6f944b4500716a7f059e604e,gx-no-cache=1651495978596 HTTP/1.1" 200 30
181.212.42.153 - - [02/May/2022:10:04:52 -0300] "POST /cormun/servlet/solicitudotadjuntos?c1488043cae1887eaf3c6e22cde62ab5,INS,2022,18583,,1, HTTP/1.1" 200 116
181.212.42.153 - - [02/May/2022:10:04:52 -0300] "GET /cormun/servlet/hpexe_return? HTTP/1.1" 200 1027
181.212.42.153 - - [02/May/2022:10:04:52 -0300] "GET /cormun/servlet/trsolicitudadjuntos?2022,18583, HTTP/1.1" 200 9642
181.212.42.153 - - [02/May/2022:10:04:53 -0300] "GET /cormun/servlet/trsolicitudadjuntos?2022,18583, HTTP/1.1" 200 9635
190.171.149.74 - - [02/May/2022:10:04:53 -0300] "GET /cormun/servlet/apermisogoceprn?13945167,P,20220502084822,PU HTTP/1.1" 200 1646
190.171.152.114 - - [02/May/2022:10:04:54 -0300] "GET /cormun/servlet/trlicencias? HTTP/1.1" 200 13393
190.171.152.114 - - [02/May/2022:10:04:54 -0300] "GET /cormun/servlet/trlicencias? HTTP/1.1" 200 13384
181.212.42.153 - - [02/May/2022:10:04:55 -0300] "GET /cormun/servlet/solicitudotadjuntos?INS,2022,18583,,1, HTTP/1.1" 200 6016
181.212.42.153 - - [02/May/2022:10:04:55 -0300] "GET /cormun/static/about:blank HTTP/1.1" 404 1011
181.212.42.153 - - [02/May/2022:10:04:55 -0300] "GET /cormun/servlet/solicitudotadjuntos?INS,2022,18583,,1, HTTP/1.1" 200 6010
181.212.42.153 - - [02/May/2022:10:04:55 -0300] "GET /cormun/servlet/solicitudotadjuntos?b57a3e260f39bf25d3f4bf845f4974248553cc24d795d3b8d9e0fffe9409580f6acc3cc67fb330624a316c7e957cedca,gx-no-cache=1651495981911 HTTP/1.1" 200 30
181.212.42.153 - - [02/May/2022:10:04:55 -0300] "POST /cormun/servlet/solicitudotadjuntos?c1488043cae1887eaf3c6e22cde62ab5,INS,2022,18583,,1,,gx-no-cache=1651495981939 HTTP/1.1" 200 3897
181.212.42.153 - - [02/May/2022:10:04:57 -0300] "POST /cormun/servlet/solicitudotadjuntos?gx-no-cache=1651495983649 HTTP/1.1" 200 26
200.54.237.82 - - [02/May/2022:10:05:00 -0300] "POST /cormun/servlet/solicitudot?gx-no-cache=1651495920610 HTTP/1.1" 200 41
190.171.153.26 - - [02/May/2022:10:05:00 -0300] "POST /cormun/servlet/trlicencias?576045966f51d76330d642de2ac64cd2,,gx-no-cache=1651495920639 HTTP/1.1" 200 7708
181.212.42.153 - - [02/May/2022:10:05:01 -0300] "GET /cormun/servlet/solicitudotadjuntos?b57a3e260f39bf25d3f4bf845f4974248e2e340d6f944b4500716a7f059e604e,gx-no-cache=1651495987909 HTTP/1.1" 200 30
181.212.42.153 - - [02/May/2022:10:05:01 -0300] "GET /cormun/servlet/solicitudotadjuntos?b57a3e260f39bf25d3f4bf845f4974248e2e340d6f944b4500716a7f059e604e,gx-no-cache=1651495987926 HTTP/1.1" 200 30
181.212.42.153 - - [02/May/2022:10:05:01 -0300] "POST /cormun/servlet/solicitudotadjuntos?c1488043cae1887eaf3c6e22cde62ab5,INS,2022,18583,,1, HTTP/1.1" 200 116
181.212.42.153 - - [02/May/2022:10:05:01 -0300] "GET /cormun/servlet/hpexe_return? HTTP/1.1" 200 1027
181.212.42.153 - - [02/May/2022:10:05:02 -0300] "GET /cormun/servlet/trsolicitudadjuntos?2022,18583, HTTP/1.1" 200 9966
181.212.42.153 - - [02/May/2022:10:05:02 -0300] "GET /cormun/servlet/trsolicitudadjuntos?2022,18583, HTTP/1.1" 200 9964
190.171.152.114 - - [02/May/2022:10:05:06 -0300] "GET /cormun/servlet/alicenciaprn?8165125,L,20220501000000,PU HTTP/1.1" 200 1542
190.171.153.26 - - [02/May/2022:10:05:13 -0300] "GET /cormun/servlet/trpermisosgoce? HTTP/1.1" 200 11286
190.171.153.26 - - [02/May/2022:10:05:13 -0300] "GET /cormun/static/gxcfg.js?2020121631564 HTTP/1.1" 200 953
190.171.153.26 - - [02/May/2022:10:05:13 -0300] "GET /cormun//static/Resources/PXToolsGridDelete.png HTTP/1.1" 200 538
190.171.153.26 - - [02/May/2022:10:05:13 -0300] "GET /cormun//static/Resources/PXToolsGridUpdate.png HTTP/1.1" 200 470
190.171.153.26 - - [02/May/2022:10:05:18 -0300] "GET /cormun/servlet/permisogoce?INS,0,,, HTTP/1.1" 200 6811
190.171.153.26 - - [02/May/2022:10:05:19 -0300] "GET /cormun/static/gxcfg.js?20201215124560 HTTP/1.1" 200 953
190.171.153.26 - - [02/May/2022:10:05:19 -0300] "GET /cormun/static/Resources/prompt.gif HTTP/1.1" 200 902
192.168.10.11 - - [02/May/2022:10:05:20 -0300] "GET / HTTP/1.1" 200 11217
200.54.237.82 - - [02/May/2022:10:05:21 -0300] "GET /cormun/servlet/solicitudot?c8762e903271526133a75f9896b97843ac45c0ffc999d1ba461a7bf97ad085748186fe43521d8ad27f1dc1fe0bcc4b052a4ee17bae1f6536cef39812f6458dd5f7e94fbc932f4a7355ee328d647b93e02b8f952e3baf496be4af145a66604623b9c53c6b7b2b7058d953e56117635762,gx-no-cache=1651495941448 HTTP/1.1" 200 110
200.54.237.82 - - [02/May/2022:10:05:21 -0300] "POST /cormun/servlet/solicitudot?gx-no-cache=1651495941483 HTTP/1.1" 200 97
200.54.237.82 - - [02/May/2022:10:05:24 -0300] "GET /cormun/static/menuarrow.gif HTTP/1.1" 404 1015
200.54.237.82 - - [02/May/2022:10:05:28 -0300] "GET /cormun/servlet/solicitudot?c8762e903271526133a75f9896b97843ac45c0ffc999d1ba461a7bf97ad085748186fe43521d8ad27f1dc1fe0bcc4b052a4ee17bae1f6536cef39812f6458dd5f7e94fbc932f4a7355ee328d647b93e02b8f952e3baf496be4af145a66604623b9c53c6b7b2b7058d953e56117635762,gx-no-cache=1651495948699 HTTP/1.1" 200 110
200.54.237.82 - - [02/May/2022:10:05:30 -0300] "GET /cormun/servlet/solicitudot?c8762e903271526133a75f9896b97843c57cddfec6f8b0f1db401996c930103c15e2b9702cebd7b4bfba7b6790a1fb9e,gx-no-cache=1651495950768 HTTP/1.1" 200 134
190.171.142.26 - - [02/May/2022:10:05:31 -0300] "GET /cormun/servlet/hlogin HTTP/1.1" 200 1727
190.171.153.26 - - [02/May/2022:10:05:33 -0300] "GET /cormun/servlet/permisogoce?a7a6399f6d18ea5f9a19407871636e304c4a7a9c292ad33e8522efa49627c103c8f777fcce603d15d5776024be9bdfce5e5742620d039c5e2ec2333095378d7e,gx-no-cache=1651495953667 HTTP/1.1" 200 81
190.171.142.26 - - [02/May/2022:10:05:38 -0300] "POST /cormun/servlet/hlogin?734b33be44d5b667feae341492c88971,gx-no-cache=1651495958997 HTTP/1.1" 200 90
190.171.142.26 - - [02/May/2022:10:05:38 -0300] "GET /cormun/servlet/hpexe_link HTTP/1.1" 200 952
190.171.142.26 - - [02/May/2022:10:05:38 -0300] "GET /cormun/servlet/hhome HTTP/1.1" 200 3971
190.171.142.26 - - [02/May/2022:10:05:39 -0300] "GET /cormun/servlet/hhome HTTP/1.1" 200 3967
190.171.153.26 - - [02/May/2022:10:05:39 -0300] "GET /cormun/static/menuarrow.gif HTTP/1.1" 404 1015
190.171.142.26 - - [02/May/2022:10:05:42 -0300] "GET /cormun/servlet/trpermisosgoce? HTTP/1.1" 200 16093
190.171.142.26 - - [02/May/2022:10:05:43 -0300] "GET /cormun/servlet/trpermisosgoce? HTTP/1.1" 200 16085
190.171.153.26 - - [02/May/2022:10:05:45 -0300] "GET /cormun/servlet/permisogoce?a7a6399f6d18ea5f9a19407871636e3048edcd4c74c4e363a834e6c3c9f5d22ed06b00e0db2835872d62fff93446272ba36a088c0ba7ac23b01ed4d188642eee,gx-no-cache=1651495965759 HTTP/1.1" 200 47
200.54.237.82 - - [02/May/2022:10:05:56 -0300] "GET /cormun/servlet/prlicenciaspermisos?7416707,L,,MD,,gxPopupLevel%3D0%3B HTTP/1.1" 200 5737
190.171.142.26 - - [02/May/2022:10:06:01 -0300] "GET /cormun/servlet/permisogoce?INS,0,,, HTTP/1.1" 200 6832
190.171.142.26 - - [02/May/2022:10:06:02 -0300] "GET /cormun/servlet/permisogoce?INS,0,,, HTTP/1.1" 200 6831
192.168.10.11 - - [02/May/2022:10:06:20 -0300] "GET / HTTP/1.1" 200 11217
190.171.153.26 - - [02/May/2022:10:06:35 -0300] "POST /cormun/servlet/permisogoce?576045966f51d76330d642de2ac64cd2,INS,0,,,,gx-no-cache=1651496015140 HTTP/1.1" 200 93
190.171.153.26 - - [02/May/2022:10:06:35 -0300] "GET /cormun/servlet/hpexe_return? HTTP/1.1" 200 1009
190.171.153.26 - - [02/May/2022:10:06:35 -0300] "GET /cormun/static/gxcfg.js?201991422392976 HTTP/1.1" 200 953
190.171.153.26 - - [02/May/2022:10:06:35 -0300] "GET /cormun/servlet/trpermisosgoce HTTP/1.1" 200 11578
190.171.142.26 - - [02/May/2022:10:06:41 -0300] "GET /cormun/servlet/permisogoce?05dfca47ac4441e4c73ff33aca0c683fac928d48dd280a6bd79356d44467fa35ff5403558b4f4e35114ac8b9859fc2be1b9af683be7bb3e776b6c115d6699de2,gx-no-cache=1651496021285 HTTP/1.1" 200 82
190.171.142.26 - - [02/May/2022:10:06:47 -0300] "GET /cormun/static/menuarrow.gif HTTP/1.1" 404 1015
190.171.142.26 - - [02/May/2022:10:06:54 -0300] "GET /cormun/servlet/permisogoce?05dfca47ac4441e4c73ff33aca0c683f513da880484402d827a1b3aa6ca466e0c0c5a062e4bda89fe2fd8a3f47e37e3e432062e522ef14541fda8bd22b540190,gx-no-cache=1651496034954 HTTP/1.1" 200 48
190.171.142.26 - - [02/May/2022:10:06:56 -0300] "POST /cormun/servlet/permisogoce?734b33be44d5b667feae341492c88971,INS,0,,,,gx-no-cache=1651496036712 HTTP/1.1" 200 93
190.171.142.26 - - [02/May/2022:10:06:56 -0300] "GET /cormun/servlet/hpexe_return? HTTP/1.1" 200 1010
190.171.142.26 - - [02/May/2022:10:06:57 -0300] "GET /cormun/servlet/trpermisosgoce HTTP/1.1" 200 16309
190.171.142.26 - - [02/May/2022:10:06:57 -0300] "GET /cormun/servlet/trpermisosgoce HTTP/1.1" 200 16305
190.171.153.26 - - [02/May/2022:10:06:59 -0300] "GET /cormun/servlet/apermisogoceprn?13096745,P,20220502084928,PU HTTP/1.1" 200 1655
190.171.142.26 - - [02/May/2022:10:07:04 -0300] "GET /cormun/servlet/permisogoce?INS,0,,, HTTP/1.1" 200 6831
190.171.142.26 - - [02/May/2022:10:07:04 -0300] "GET /cormun/servlet/permisogoce?INS,0,,, HTTP/1.1" 200 6831
192.168.10.11 - - [02/May/2022:10:07:20 -0300] "GET / HTTP/1.1" 200 11217
190.171.142.26 - - [02/May/2022:10:07:24 -0300] "GET /cormun/servlet/permisogoce?05dfca47ac4441e4c73ff33aca0c683fe48cf9f6f829cfce33ffa28749ddc0c5ff5403558b4f4e35114ac8b9859fc2be1b9af683be7bb3e776b6c115d6699de2,gx-no-cache=1651496064589 HTTP/1.1" 200 79
190.171.142.26 - - [02/May/2022:10:07:32 -0300] "GET /cormun/static/menuarrow.gif HTTP/1.1" 404 1015
190.171.142.26 - - [02/May/2022:10:07:37 -0300] "GET /cormun/servlet/permisogoce?05dfca47ac4441e4c73ff33aca0c683f4b128b0f052928a79e73748d17e5a1dd7fd59b7014986ab23bd50bc86385c9ec432062e522ef14541fda8bd22b540190,gx-no-cache=1651496077475 HTTP/1.1" 200 47
190.171.142.26 - - [02/May/2022:10:07:38 -0300] "POST /cormun/servlet/permisogoce?734b33be44d5b667feae341492c88971,INS,0,,,,gx-no-cache=1651496078711 HTTP/1.1" 200 93
190.171.142.26 - - [02/May/2022:10:07:38 -0300] "GET /cormun/servlet/hpexe_return? HTTP/1.1" 200 1010
190.171.142.26 - - [02/May/2022:10:07:39 -0300] "GET /cormun/servlet/trpermisosgoce HTTP/1.1" 200 16542
190.171.142.26 - - [02/May/2022:10:07:39 -0300] "GET /cormun/servlet/trpermisosgoce HTTP/1.1" 200 16526
190.171.142.26 - - [02/May/2022:10:07:47 -0300] "GET /cormun/servlet/permisogoce?INS,0,,, HTTP/1.1" 200 6832
190.171.142.26 - - [02/May/2022:10:07:47 -0300] "GET /cormun/servlet/permisogoce?INS,0,,, HTTP/1.1" 200 6832
190.171.142.26 - - [02/May/2022:10:08:00 -0300] "GET /cormun/servlet/permisogoce?05dfca47ac4441e4c73ff33aca0c683f69868b1a5010f1e6d287415406d2063a38fda090d3c57446fb7fb869cd9f6794e8574f104d99aaf633a88da1f651a816,gx-no-cache=1651496100941 HTTP/1.1" 200 77
190.171.142.26 - - [02/May/2022:10:08:08 -0300] "GET /cormun/static/menuarrow.gif HTTP/1.1" 404 1015
190.171.149.74 - - [02/May/2022:10:08:11 -0300] "GET /cormun/servlet/trlicencias? HTTP/1.1" 200 12226
190.171.149.74 - - [02/May/2022:10:08:12 -0300] "GET /cormun/servlet/trlicencias? HTTP/1.1" 200 12225
190.171.142.26 - - [02/May/2022:10:08:14 -0300] "GET /cormun/servlet/permisogoce?05dfca47ac4441e4c73ff33aca0c683f1f86c8e6f8639420a0dead3a2d716787c0b2ee14da585270f9685c68eebb955e788d1305d483ca31362e5addb3502d9e,gx-no-cache=1651496114707 HTTP/1.1" 200 129
190.171.142.26 - - [02/May/2022:10:08:14 -0300] "GET /cormun/static/Shared/jqueryui/images/ui-icons_82798d_256x240.png HTTP/1.1" 404 1089
190.171.142.26 - - [02/May/2022:10:08:14 -0300] "GET /cormun/static/Shared/jqueryui/images/ui-bg_highlight-soft_100_c6c2c8_1x100.png HTTP/1.1" 404 1117
190.171.142.26 - - [02/May/2022:10:08:14 -0300] "GET /cormun/static/Shared/jqueryui/images/ui-bg_flat_55_994d53_40x100.png HTTP/1.1" 404 1097
190.171.142.26 - - [02/May/2022:10:08:14 -0300] "GET /cormun/static/Shared/jqueryui/images/ui-icons_ebccce_256x240.png HTTP/1.1" 404 1089
190.171.142.26 - - [02/May/2022:10:08:14 -0300] "POST /cormun/servlet/permisogoce?734b33be44d5b667feae341492c88971,INS,0,,,,gx-no-cache=1651496114760 HTTP/1.1" 200 4475
190.171.142.26 - - [02/May/2022:10:08:17 -0300] "GET /cormun/servlet/permisogoce?05dfca47ac4441e4c73ff33aca0c683f1f86c8e6f8639420a0dead3a2d71678736e404af18907e8ee1a50a09e9874a12788d1305d483ca31362e5addb3502d9e,gx-no-cache=1651496117791 HTTP/1.1" 200 47
190.171.142.26 - - [02/May/2022:10:08:19 -0300] "POST /cormun/servlet/permisogoce?734b33be44d5b667feae341492c88971,INS,0,,,,gx-no-cache=1651496119611 HTTP/1.1" 200 93
190.171.142.26 - - [02/May/2022:10:08:19 -0300] "GET /cormun/servlet/hpexe_return? HTTP/1.1" 200 1010
190.171.142.26 - - [02/May/2022:10:08:20 -0300] "GET /cormun/servlet/trpermisosgoce HTTP/1.1" 200 16717
190.171.142.26 - - [02/May/2022:10:08:20 -0300] "GET /cormun/servlet/trpermisosgoce HTTP/1.1" 200 16730
192.168.10.11 - - [02/May/2022:10:08:20 -0300] "GET / HTTP/1.1" 200 11217
200.54.237.82 - - [02/May/2022:10:08:27 -0300] "POST /cormun/servlet/solicitudot?gx-no-cache=1651496128042 HTTP/1.1" 200 30
200.54.237.82 - - [02/May/2022:10:08:27 -0300] "POST /cormun/servlet/solicitudot?gx-no-cache=1651496128109 HTTP/1.1" 200 1454
200.54.237.82 - - [02/May/2022:10:08:27 -0300] "POST /cormun/servlet/solicitudot?gx-no-cache=1651496128216 HTTP/1.1" 200 41
200.54.237.82 - - [02/May/2022:10:08:27 -0300] "GET /cormun/servlet/solicitudot?c8762e903271526133a75f9896b97843ac45c0ffc999d1ba461a7bf97ad085748186fe43521d8ad27f1dc1fe0bcc4b052a4ee17bae1f6536cef39812f6458dd5f7e94fbc932f4a7355ee328d647b93e02b8f952e3baf496be4af145a66604623b9c53c6b7b2b7058d953e56117635762,gx-no-cache=1651496128243 HTTP/1.1" 200 110
200.54.237.82 - - [02/May/2022:10:08:27 -0300] "POST /cormun/servlet/solicitudot?gx-no-cache=1651496128280 HTTP/1.1" 200 97
190.171.142.26 - - [02/May/2022:10:08:28 -0300] "GET /cormun/servlet/permisogoce?INS,0,,, HTTP/1.1" 200 6832
190.171.142.26 - - [02/May/2022:10:08:28 -0300] "GET /cormun/servlet/permisogoce?INS,0,,, HTTP/1.1" 200 6832
200.54.237.82 - - [02/May/2022:10:08:29 -0300] "GET /cormun/servlet/prlicenciaspermisos?7416707,L,,MD,,gxPopupLevel%3D0%3B HTTP/1.1" 200 5737
200.54.237.82 - - [02/May/2022:10:08:33 -0300] "POST /cormun/servlet/solicitudot?gx-no-cache=1651496134010 HTTP/1.1" 200 30
200.54.237.82 - - [02/May/2022:10:08:33 -0300] "POST /cormun/servlet/solicitudot?gx-no-cache=1651496134041 HTTP/1.1" 200 1454
200.54.237.82 - - [02/May/2022:10:08:37 -0300] "POST /cormun/servlet/solicitudot?gx-no-cache=1651496137872 HTTP/1.1" 200 41
200.54.237.82 - - [02/May/2022:10:08:37 -0300] "GET /cormun/servlet/solicitudot?c8762e903271526133a75f9896b97843ac45c0ffc999d1ba461a7bf97ad085748186fe43521d8ad27f1dc1fe0bcc4b052a4ee17bae1f6536cef39812f6458dd5f7e94fbc932f4a7355ee328d647b93e02b8f952e3baf496be4af145a66604623b9c53c6b7b2b7058d953e56117635762,gx-no-cache=1651496137895 HTTP/1.1" 200 110
200.54.237.82 - - [02/May/2022:10:08:37 -0300] "POST /cormun/servlet/solicitudot?gx-no-cache=1651496137925 HTTP/1.1" 200 97
200.54.237.82 - - [02/May/2022:10:08:43 -0300] "GET /cormun/servlet/solicitudot?c8762e903271526133a75f9896b97843ac45c0ffc999d1ba461a7bf97ad085748186fe43521d8ad27f1dc1fe0bcc4b052a4ee17bae1f6536cef39812f6458dd5f7e94fbc932f4a7355ee328d647b93e02b8f952e3baf496be4af145a66604623b9c53c6b7b2b7058d953e56117635762,gx-no-cache=1651496143967 HTTP/1.1" 200 110
190.171.142.26 - - [02/May/2022:10:08:45 -0300] "GET /cormun/servlet/permisogoce?05dfca47ac4441e4c73ff33aca0c683fc0d02af1307df09286e2af009f69ad8eff5403558b4f4e35114ac8b9859fc2be1b9af683be7bb3e776b6c115d6699de2,gx-no-cache=1651496145852 HTTP/1.1" 200 79
200.54.237.82 - - [02/May/2022:10:08:50 -0300] "GET /cormun/servlet/solicitudot?c8762e903271526133a75f9896b97843c57cddfec6f8b0f1db401996c930103c15e2b9702cebd7b4bfba7b6790a1fb9e,gx-no-cache=1651496150456 HTTP/1.1" 200 134
190.171.142.26 - - [02/May/2022:10:08:50 -0300] "GET /cormun/static/menuarrow.gif HTTP/1.1" 404 1015
192.168.10.96 - - [02/May/2022:10:08:56 -0300] "GET /cormun/servlet/trsolicitudgral? HTTP/1.1" 200 8301
192.168.10.96 - - [02/May/2022:10:08:56 -0300] "GET /cormun/servlet/trsolicitudgral? HTTP/1.1" 200 8285
190.171.142.26 - - [02/May/2022:10:09:10 -0300] "GET /cormun/servlet/permisogoce?05dfca47ac4441e4c73ff33aca0c683f067c4168c83ae02ab721671f712d24002784db95686455ea2638d8c5ce0d0a28432062e522ef14541fda8bd22b540190,gx-no-cache=1651496170379 HTTP/1.1" 200 48
190.171.142.26 - - [02/May/2022:10:09:12 -0300] "POST /cormun/servlet/permisogoce?734b33be44d5b667feae341492c88971,INS,0,,,,gx-no-cache=1651496172205 HTTP/1.1" 200 93
190.171.142.26 - - [02/May/2022:10:09:12 -0300] "GET /cormun/servlet/hpexe_return? HTTP/1.1" 200 1010
190.171.142.26 - - [02/May/2022:10:09:12 -0300] "GET /cormun/servlet/trpermisosgoce HTTP/1.1" 200 16885
190.171.142.26 - - [02/May/2022:10:09:13 -0300] "GET /cormun/servlet/trpermisosgoce HTTP/1.1" 200 16915
190.171.142.26 - - [02/May/2022:10:09:16 -0300] "GET /cormun/servlet/permisogoce?INS,0,,, HTTP/1.1" 200 6832
190.171.142.26 - - [02/May/2022:10:09:17 -0300] "GET /cormun/servlet/permisogoce?INS,0,,, HTTP/1.1" 200 6832
192.168.10.96 - - [02/May/2022:10:09:19 -0300] "POST /cormun/servlet/trsolicitudgral?a20b7b5bbe2af3ff8b5512713720a34b,,gx-no-cache=1651496008655 HTTP/1.1" 200 5267
192.168.10.11 - - [02/May/2022:10:09:20 -0300] "GET / HTTP/1.1" 200 11217
192.168.10.96 - - [02/May/2022:10:09:22 -0300] "POST /cormun/servlet/trsolicitudgral?a20b7b5bbe2af3ff8b5512713720a34b,,gx-no-cache=1651496011524 HTTP/1.1" 200 5267
181.212.42.153 - - [02/May/2022:10:09:23 -0300] "GET /cormun/servlet/trsolicitudot? HTTP/1.1" 200 8597
181.212.42.153 - - [02/May/2022:10:09:24 -0300] "GET /cormun/servlet/trsolicitudot? HTTP/1.1" 200 8590
190.171.142.26 - - [02/May/2022:10:09:36 -0300] "GET /cormun/servlet/permisogoce?05dfca47ac4441e4c73ff33aca0c683fb67c56fc0cfee259d61b533a69677958ff5403558b4f4e35114ac8b9859fc2be1b9af683be7bb3e776b6c115d6699de2,gx-no-cache=1651496196445 HTTP/1.1" 200 83
190.171.142.26 - - [02/May/2022:10:09:41 -0300] "GET /cormun/static/menuarrow.gif HTTP/1.1" 404 1015
190.171.142.26 - - [02/May/2022:10:09:47 -0300] "GET /cormun/servlet/permisogoce?05dfca47ac4441e4c73ff33aca0c683f5b613a852c8a5521d70b21cda94b9877ce37439b692ec33efb9575162003c514432062e522ef14541fda8bd22b540190,gx-no-cache=1651496207480 HTTP/1.1" 200 47
190.171.142.26 - - [02/May/2022:10:09:48 -0300] "POST /cormun/servlet/permisogoce?734b33be44d5b667feae341492c88971,INS,0,,,,gx-no-cache=1651496208923 HTTP/1.1" 200 93
190.171.142.26 - - [02/May/2022:10:09:49 -0300] "GET /cormun/servlet/hpexe_return? HTTP/1.1" 200 1010
190.171.142.26 - - [02/May/2022:10:09:49 -0300] "GET /cormun/servlet/trpermisosgoce HTTP/1.1" 200 17113
190.171.142.26 - - [02/May/2022:10:09:50 -0300] "GET /cormun/servlet/trpermisosgoce HTTP/1.1" 200 17128
200.54.237.82 - - [02/May/2022:10:09:50 -0300] "GET /cormun/servlet/prcontratosol?17650901,,,,,MD,,gxPopupLevel%3D0%3B HTTP/1.1" 200 7704
200.54.237.82 - - [02/May/2022:10:09:53 -0300] "GET /cormun/servlet/solicitudot?c8762e903271526133a75f9896b97843ac45c0ffc999d1ba461a7bf97ad085748186fe43521d8ad27f1dc1fe0bcc4b052a4ee17bae1f6536cef39812f6458dd5f7e94fbc932f4a7355ee328d647b93e02b8f952e3baf496be4af145a66604623b9c53c6b7b2b7058d953e56117635762,gx-no-cache=1651496213333 HTTP/1.1" 200 110
200.54.237.82 - - [02/May/2022:10:09:53 -0300] "GET /cormun/servlet/solicitudot?c8762e903271526133a75f9896b97843cf8563e99df55e2d8a29c415eec83506d31a3f61ea05eaeebea797cf67ac5186,gx-no-cache=1651496213357 HTTP/1.1" 200 134
190.171.142.26 - - [02/May/2022:10:10:19 -0300] "GET /cormun/servlet/apermisogoceprn?11364373,P,20220502085011,PU HTTP/1.1" 200 1651
192.168.10.11 - - [02/May/2022:10:10:20 -0300] "GET / HTTP/1.1" 200 11217
190.171.142.26 - - [02/May/2022:10:10:37 -0300] "GET /cormun/servlet/permisogoce?UPD,12365931,P,20220502085113, HTTP/1.1" 200 6884
190.171.142.26 - - [02/May/2022:10:10:38 -0300] "GET /cormun/servlet/permisogoce?UPD,12365931,P,20220502085113, HTTP/1.1" 200 6885
190.171.142.26 - - [02/May/2022:10:10:38 -0300] "GET /cormun/servlet/permisogoce?05dfca47ac4441e4c73ff33aca0c683fe48cf9f6f829cfce33ffa28749ddc0c52893a2b849d1063088be27bec197ec73512f9b0da541b0270dd5b3c180c9cbc8,gx-no-cache=1651496259147 HTTP/1.1" 200 81
200.54.237.82 - - [02/May/2022:10:10:39 -0300] "GET /cormun/servlet/solicitudot?c8762e903271526133a75f9896b97843cf8563e99df55e2d8a29c415eec83506d31a3f61ea05eaeebea797cf67ac5186,gx-no-cache=1651496259623 HTTP/1.1" 200 134
190.171.142.26 - - [02/May/2022:10:10:40 -0300] "GET /cormun/static/menuarrow.gif HTTP/1.1" 404 1015
190.171.142.26 - - [02/May/2022:10:10:49 -0300] "GET /cormun/servlet/permisogoce?05dfca47ac4441e4c73ff33aca0c683f4b128b0f052928a79e73748d17e5a1ddaa7d0a5763d420400bda0e1a43ceea4aff810b07b362d6c2d4efda44121ea869,gx-no-cache=1651496269963 HTTP/1.1" 200 48
190.171.142.26 - - [02/May/2022:10:10:51 -0300] "POST /cormun/servlet/permisogoce?734b33be44d5b667feae341492c88971,UPD,12365931,P,20220502085113,,gx-no-cache=1651496271781 HTTP/1.1" 200 93
190.171.142.26 - - [02/May/2022:10:10:51 -0300] "GET /cormun/servlet/hpexe_return? HTTP/1.1" 200 1030
190.171.142.26 - - [02/May/2022:10:10:52 -0300] "GET /cormun/servlet/trpermisosgoce HTTP/1.1" 200 17117
190.171.142.26 - - [02/May/2022:10:10:52 -0300] "GET /cormun/servlet/trpermisosgoce HTTP/1.1" 200 17094
190.171.142.26 - - [02/May/2022:10:10:56 -0300] "GET /cormun/servlet/apermisogoceprn?12365931,P,20220502085113,PU HTTP/1.1" 200 1649
190.171.142.26 - - [02/May/2022:10:11:07 -0300] "GET /cormun/servlet/apermisogoceprn?9714472,P,20220502085156,PU HTTP/1.1" 200 1643
192.168.10.11 - - [02/May/2022:10:11:20 -0300] "GET / HTTP/1.1" 200 11217
181.212.42.153 - - [02/May/2022:10:11:30 -0300] "POST /cormun/servlet/trsolicitudot?c1488043cae1887eaf3c6e22cde62ab5,,gx-no-cache=1651496376863 HTTP/1.1" 200 107
181.212.42.153 - - [02/May/2022:10:11:30 -0300] "GET /cormun/servlet/trsolicitudadjuntos?2022,18583, HTTP/1.1" 200 9963
181.212.42.153 - - [02/May/2022:10:11:31 -0300] "GET /cormun/servlet/trsolicitudadjuntos?2022,18583, HTTP/1.1" 200 9967
181.212.42.153 - - [02/May/2022:10:11:33 -0300] "GET /cormun/servlet/solicitudotadjuntos?INS,2022,18583,,1, HTTP/1.1" 200 6016
181.212.42.153 - - [02/May/2022:10:11:33 -0300] "GET /cormun/static/about:blank HTTP/1.1" 404 1011
181.212.42.153 - - [02/May/2022:10:11:33 -0300] "GET /cormun/servlet/solicitudotadjuntos?INS,2022,18583,,1, HTTP/1.1" 200 6010
181.212.42.153 - - [02/May/2022:10:11:34 -0300] "GET /cormun/servlet/solicitudotadjuntos?b57a3e260f39bf25d3f4bf845f4974248553cc24d795d3b8d9e0fffe9409580f6acc3cc67fb330624a316c7e957cedca,gx-no-cache=1651496380473 HTTP/1.1" 200 30
181.212.42.153 - - [02/May/2022:10:11:34 -0300] "POST /cormun/servlet/solicitudotadjuntos?c1488043cae1887eaf3c6e22cde62ab5,INS,2022,18583,,1,,gx-no-cache=1651496380488 HTTP/1.1" 200 3897
181.212.42.153 - - [02/May/2022:10:11:35 -0300] "POST /cormun/servlet/solicitudotadjuntos?gx-no-cache=1651496381968 HTTP/1.1" 200 26
181.212.42.153 - - [02/May/2022:10:11:43 -0300] "GET /cormun/servlet/solicitudotadjuntos?b57a3e260f39bf25d3f4bf845f4974248e2e340d6f944b4500716a7f059e604e,gx-no-cache=1651496390110 HTTP/1.1" 200 30
181.212.42.153 - - [02/May/2022:10:11:44 -0300] "GET /cormun/servlet/solicitudotadjuntos?b57a3e260f39bf25d3f4bf845f4974248e2e340d6f944b4500716a7f059e604e,gx-no-cache=1651496390121 HTTP/1.1" 200 30
181.212.42.153 - - [02/May/2022:10:11:44 -0300] "POST /cormun/servlet/solicitudotadjuntos?c1488043cae1887eaf3c6e22cde62ab5,INS,2022,18583,,1, HTTP/1.1" 200 116
181.212.42.153 - - [02/May/2022:10:11:44 -0300] "GET /cormun/servlet/hpexe_return? HTTP/1.1" 200 1027
181.212.42.153 - - [02/May/2022:10:11:44 -0300] "GET /cormun/servlet/trsolicitudadjuntos?2022,18583, HTTP/1.1" 200 10172
181.212.42.153 - - [02/May/2022:10:11:44 -0300] "GET /cormun/servlet/trsolicitudadjuntos?2022,18583, HTTP/1.1" 200 10166
190.171.142.26 - - [02/May/2022:10:11:45 -0300] "GET /cormun/servlet/apermisogoceprn?12365931,P,20220502085113,PU HTTP/1.1" 200 1652
181.212.42.153 - - [02/May/2022:10:11:47 -0300] "GET /cormun/servlet/trsolicitudot? HTTP/1.1" 200 8597
181.212.42.153 - - [02/May/2022:10:11:48 -0300] "GET /cormun/servlet/trsolicitudot? HTTP/1.1" 200 8590
181.212.42.153 - - [02/May/2022:10:11:49 -0300] "POST /cormun/servlet/trsolicitudot?c1488043cae1887eaf3c6e22cde62ab5,,gx-no-cache=1651496395782 HTTP/1.1" 200 4571
181.212.42.153 - - [02/May/2022:10:11:49 -0300] "GET /cormun/static/Shared/jqueryui/images/ui-bg_highlight-soft_100_c6c2c8_1x100.png HTTP/1.1" 404 1117
181.212.42.153 - - [02/May/2022:10:11:49 -0300] "GET /cormun/static/Shared/jqueryui/images/ui-icons_82798d_256x240.png HTTP/1.1" 404 1089
181.212.42.153 - - [02/May/2022:10:11:49 -0300] "GET /cormun/static/Shared/jqueryui/images/ui-bg_flat_55_fafafa_40x100.png HTTP/1.1" 404 1097
181.212.42.153 - - [02/May/2022:10:11:49 -0300] "GET /cormun/static/Shared/jqueryui/images/ui-icons_8d78a5_256x240.png HTTP/1.1" 404 1089
181.212.42.153 - - [02/May/2022:10:11:49 -0300] "POST /cormun/servlet/trsolicitudot?c1488043cae1887eaf3c6e22cde62ab5,,gx-no-cache=1651496395933 HTTP/1.1" 200 4339
181.212.42.153 - - [02/May/2022:10:11:52 -0300] "GET /cormun/servlet/trsolicitudot? HTTP/1.1" 200 7182
181.212.42.153 - - [02/May/2022:10:11:52 -0300] "GET /cormun/servlet/trsolicitudot? HTTP/1.1" 200 7182
181.212.42.153 - - [02/May/2022:10:11:53 -0300] "GET /cormun/servlet/hlogin HTTP/1.1" 200 1743
190.171.142.26 - - [02/May/2022:10:11:55 -0300] "GET /cormun/servlet/apermisogoceprn?11067950,P,20220502085237,PU HTTP/1.1" 200 1659
181.212.42.153 - - [02/May/2022:10:12:00 -0300] "POST /cormun/servlet/hlogin?c1488043cae1887eaf3c6e22cde62ab5,gx-no-cache=1651496406902 HTTP/1.1" 200 90
181.212.42.153 - - [02/May/2022:10:12:00 -0300] "GET /cormun/servlet/hpexe_link HTTP/1.1" 200 953
181.212.42.153 - - [02/May/2022:10:12:00 -0300] "GET /cormun/servlet/hhome HTTP/1.1" 200 4337
181.212.42.153 - - [02/May/2022:10:12:01 -0300] "GET /cormun/servlet/hhome HTTP/1.1" 200 4335
181.212.42.153 - - [02/May/2022:10:12:04 -0300] "GET /cormun/servlet/trsolicitudot? HTTP/1.1" 200 7558
181.212.42.153 - - [02/May/2022:10:12:05 -0300] "GET /cormun/servlet/trsolicitudot? HTTP/1.1" 200 7556
190.171.142.26 - - [02/May/2022:10:12:06 -0300] "GET /cormun/servlet/apermisogoceprn?10747972,P,20220502085325,PU HTTP/1.1" 200 1658
181.212.42.153 - - [02/May/2022:10:12:06 -0300] "GET /cormun/servlet/trautorizarsolicitud? HTTP/1.1" 200 8849
181.212.42.153 - - [02/May/2022:10:12:07 -0300] "GET /cormun/servlet/trautorizarsolicitud? HTTP/1.1" 200 8849
181.212.42.153 - - [02/May/2022:10:12:08 -0300] "POST /cormun/servlet/trautorizarsolicitud?c1488043cae1887eaf3c6e22cde62ab5,,gx-no-cache=1651496414749 HTTP/1.1" 200 4770
181.212.42.153 - - [02/May/2022:10:12:08 -0300] "GET /cormun/static/Shared/jqueryui/images/ui-icons_82798d_256x240.png HTTP/1.1" 404 1089
181.212.42.153 - - [02/May/2022:10:12:08 -0300] "GET /cormun/static/Shared/jqueryui/images/ui-bg_highlight-soft_100_c6c2c8_1x100.png HTTP/1.1" 404 1117
181.212.42.153 - - [02/May/2022:10:12:08 -0300] "GET /cormun/static/Shared/jqueryui/images/ui-bg_flat_55_fafafa_40x100.png HTTP/1.1" 404 1097
181.212.42.153 - - [02/May/2022:10:12:08 -0300] "GET /cormun/static/Shared/jqueryui/images/ui-icons_8d78a5_256x240.png HTTP/1.1" 404 1089
181.212.42.153 - - [02/May/2022:10:12:08 -0300] "POST /cormun/servlet/trautorizarsolicitud?c1488043cae1887eaf3c6e22cde62ab5,,gx-no-cache=1651496414907 HTTP/1.1" 200 4536
181.212.42.153 - - [02/May/2022:10:12:12 -0300] "GET /cormun/servlet/trautorizarsolicitud? HTTP/1.1" 200 7452
181.212.42.153 - - [02/May/2022:10:12:12 -0300] "GET /cormun/servlet/trautorizarsolicitud? HTTP/1.1" 200 7452
181.212.42.153 - - [02/May/2022:10:12:18 -0300] "POST /cormun/servlet/trautorizarsolicitud?c1488043cae1887eaf3c6e22cde62ab5,,gx-no-cache=1651496423941 HTTP/1.1" 200 11737
192.168.10.11 - - [02/May/2022:10:12:20 -0300] "GET / HTTP/1.1" 200 11217
181.212.42.153 - - [02/May/2022:10:12:21 -0300] "GET /cormun/static/menuarrow.gif HTTP/1.1" 404 1015
181.212.42.153 - - [02/May/2022:10:12:26 -0300] "POST /cormun/servlet/trautorizarsolicitud?c1488043cae1887eaf3c6e22cde62ab5,,gx-no-cache=1651496431756 HTTP/1.1" 200 20126
181.212.42.153 - - [02/May/2022:10:12:29 -0300] "GET /cormun/servlet/veautorizarsolicitud?2022,18494,, HTTP/1.1" 200 8709
181.212.42.153 - - [02/May/2022:10:12:29 -0300] "GET /cormun/static/gxcfg.js?201991422424023 HTTP/1.1" 200 953
181.212.42.153 - - [02/May/2022:10:12:29 -0300] "GET /cormun/pexe_scrolldiv.js HTTP/1.1" 404 1009
181.212.42.153 - - [02/May/2022:10:12:29 -0300] "GET /cormun/static/veautorizarsolicitud.js?201991422424092 HTTP/1.1" 200 6140
181.212.42.153 - - [02/May/2022:10:12:29 -0300] "GET /cormun/static/tbautorizarsolicitud01.js?201991419252835 HTTP/1.1" 200 30580
181.212.42.153 - - [02/May/2022:10:12:29 -0300] "GET /cormun/servlet/veautorizarsolicitud?2022,18494,, HTTP/1.1" 200 8709
181.212.42.153 - - [02/May/2022:10:12:31 -0300] "GET /cormun/servlet/hlogin HTTP/1.1" 200 1760
192.168.10.11 - - [02/May/2022:10:13:20 -0300] "GET / HTTP/1.1" 200 11217
200.54.237.82 - - [02/May/2022:10:13:38 -0300] "GET /cormun/servlet/trcontratounov2? HTTP/1.1" 200 17832
200.54.237.82 - - [02/May/2022:10:13:38 -0300] "GET /cormun/servlet/trcontratounov2? HTTP/1.1" 200 17837
190.171.154.42 - - [02/May/2022:10:13:47 -0300] "GET /cormun/servlet/hlogin HTTP/1.1" 200 1723
190.171.154.42 - - [02/May/2022:10:13:48 -0300] "GET /cormun/servlet/hlogin HTTP/1.1" 200 1734
190.171.154.42 - - [02/May/2022:10:13:49 -0300] "GET /cormun/static/Resources/indicator.gif HTTP/1.1" 200 1553
190.171.154.42 - - [02/May/2022:10:13:57 -0300] "POST /cormun/servlet/hlogin?bc0ae2911e65bdfb766c0ba355c9fe54,gx-no-cache=1651496458175 HTTP/1.1" 200 90
190.171.154.42 - - [02/May/2022:10:13:58 -0300] "GET /cormun/servlet/hpexe_link HTTP/1.1" 200 948
190.171.154.42 - - [02/May/2022:10:13:58 -0300] "GET /cormun/servlet/hhome HTTP/1.1" 200 4172
190.171.154.42 - - [02/May/2022:10:14:01 -0300] "GET /cormun/servlet/hhome HTTP/1.1" 200 4167
190.171.154.42 - - [02/May/2022:10:14:04 -0300] "GET /cormun/servlet/trlicencias? HTTP/1.1" 200 11751
186.103.156.166 - - [02/May/2022:10:14:04 -0300] "GET /cormun/servlet/hlogin HTTP/1.1" 200 1725
186.103.156.166 - - [02/May/2022:10:14:04 -0300] "GET /cormun/servlet/hlogin HTTP/1.1" 200 1735
190.171.154.42 - - [02/May/2022:10:14:06 -0300] "GET /cormun/servlet/trlicencias? HTTP/1.1" 200 11752
190.171.154.42 - - [02/May/2022:10:14:09 -0300] "POST /cormun/servlet/trlicencias?bc0ae2911e65bdfb766c0ba355c9fe54,,gx-no-cache=1651496469407 HTTP/1.1" 200 9400
192.168.10.11 - - [02/May/2022:10:14:20 -0300] "GET / HTTP/1.1" 200 11217
192.168.10.11 - - [02/May/2022:10:15:20 -0300] "GET / HTTP/1.1" 200 11217
192.168.10.11 - - [02/May/2022:10:16:20 -0300] "GET / HTTP/1.1" 200 11217
186.103.156.166 - - [02/May/2022:10:16:25 -0300] "POST /cormun/servlet/hlogin?3ec9830d05f351a8cf9797de31427bb5,gx-no-cache=1651496605384 HTTP/1.1" 200 90
186.103.156.166 - - [02/May/2022:10:16:25 -0300] "GET /cormun/servlet/hpexe_link HTTP/1.1" 200 952
186.103.156.166 - - [02/May/2022:10:16:25 -0300] "GET /cormun/servlet/hhome HTTP/1.1" 200 4214
186.103.156.166 - - [02/May/2022:10:16:25 -0300] "GET /cormun/servlet/hhome HTTP/1.1" 200 4210
192.168.10.11 - - [02/May/2022:10:17:20 -0300] "GET / HTTP/1.1" 200 11217
192.168.10.11 - - [02/May/2022:10:18:20 -0300] "GET / HTTP/1.1" 200 11217
192.168.10.11 - - [02/May/2022:10:19:20 -0300] "GET / HTTP/1.1" 200 11217
192.168.10.11 - - [02/May/2022:10:20:20 -0300] "GET / HTTP/1.1" 200 11217
192.168.10.96 - - [02/May/2022:10:20:45 -0300] "GET /cormun/servlet/trsolicitudgral? HTTP/1.1" 200 8285
192.168.10.96 - - [02/May/2022:10:20:45 -0300] "GET /cormun/servlet/trsolicitudgral? HTTP/1.1" 200 8285
192.168.10.96 - - [02/May/2022:10:20:55 -0300] "POST /cormun/servlet/trsolicitudgral?a20b7b5bbe2af3ff8b5512713720a34b,,gx-no-cache=1651496704792 HTTP/1.1" 200 7046
190.171.141.106 - - [02/May/2022:10:21:13 -0300] "GET /cormun/servlet/hhome HTTP/1.1" 200 3318
190.171.141.106 - - [02/May/2022:10:21:15 -0300] "GET /cormun/servlet/hhome HTTP/1.1" 200 3328
190.171.141.106 - - [02/May/2022:10:21:15 -0300] "GET /cormun/servlet/hlogin HTTP/1.1" 200 1737
190.171.141.106 - - [02/May/2022:10:21:19 -0300] "POST /cormun/servlet/hlogin?b2934175bfab3e698017b18480a16528,gx-no-cache=1651493391402 HTTP/1.1" 200 90
190.171.141.106 - - [02/May/2022:10:21:20 -0300] "GET /cormun/servlet/hpexe_link HTTP/1.1" 200 949
190.171.141.106 - - [02/May/2022:10:21:20 -0300] "GET /cormun/servlet/hhome HTTP/1.1" 200 4244
190.171.141.106 - - [02/May/2022:10:21:20 -0300] "GET /cormun/servlet/hhome HTTP/1.1" 200 4242
192.168.10.11 - - [02/May/2022:10:21:20 -0300] "GET / HTTP/1.1" 200 11217
192.168.10.96 - - [02/May/2022:10:21:22 -0300] "GET /cormun/servlet/vesolicitudgral?2022,18537,, HTTP/1.1" 200 8382
192.168.10.96 - - [02/May/2022:10:21:22 -0300] "GET /cormun/pexe_scrolldiv.js HTTP/1.1" 404 1009
192.168.10.96 - - [02/May/2022:10:21:23 -0300] "GET /cormun/servlet/vesolicitudgral?2022,18537,, HTTP/1.1" 200 8382
190.171.141.106 - - [02/May/2022:10:21:26 -0300] "GET /cormun/servlet/trlicencias? HTTP/1.1" 200 14623
192.168.10.96 - - [02/May/2022:10:21:26 -0300] "GET /cormun/servlet/vesolicitudgral?2022,18537,,SolicitudOTAdjuntos HTTP/1.1" 200 10891
192.168.10.96 - - [02/May/2022:10:21:26 -0300] "GET /cormun/pexe_scrolldiv.js HTTP/1.1" 404 1009
192.168.10.96 - - [02/May/2022:10:21:26 -0300] "GET /cormun/servlet/vesolicitudgral?2022,18537,,SolicitudOTAdjuntos HTTP/1.1" 200 10895
190.171.141.106 - - [02/May/2022:10:21:27 -0300] "GET /cormun/servlet/trlicencias? HTTP/1.1" 200 14615
192.168.10.96 - - [02/May/2022:10:21:27 -0300] "POST /cormun/servlet/acontrolpreferencessavestate?None,RRHH+DANIELA,true HTTP/1.1" 200 35
192.168.10.96 - - [02/May/2022:10:21:29 -0300] "GET /cormun/PublicTempStorage/certificado_antecedentes_%282%297215306.pdf HTTP/1.1" 200 34187
190.171.141.106 - - [02/May/2022:10:21:36 -0300] "GET /cormun/servlet/trlicenciaspermisosadjuntos?11760252,20220502000000,L, HTTP/1.1" 200 6599
190.171.141.106 - - [02/May/2022:10:21:38 -0300] "GET /cormun/servlet/trlicenciaspermisosadjuntos?11760252,20220502000000,L, HTTP/1.1" 200 6600
190.171.141.106 - - [02/May/2022:10:21:43 -0300] "GET /cormun/servlet/licenciaspermisosadjuntos?INS,11760252,L,20220502000000,, HTTP/1.1" 200 5896
190.171.141.106 - - [02/May/2022:10:21:43 -0300] "GET /cormun/servlet/licenciaspermisosadjuntos?INS,11760252,L,20220502000000,, HTTP/1.1" 200 5885
190.171.141.106 - - [02/May/2022:10:21:43 -0300] "GET /cormun/static/about:blank HTTP/1.1" 404 1011
192.168.10.96 - - [02/May/2022:10:21:51 -0300] "GET /cormun/servlet/vesolicitudgral?2022,18537,,SolicitudOTAdjuntos HTTP/1.1" 200 10894
192.168.10.96 - - [02/May/2022:10:21:51 -0300] "GET /cormun/servlet/vesolicitudgral?2022,18537,,SolicitudOTAdjuntos HTTP/1.1" 200 10894
192.168.10.96 - - [02/May/2022:10:21:52 -0300] "POST /cormun/servlet/acontrolpreferencessavestate?None,RRHH+DANIELA,true HTTP/1.1" 200 35
192.168.10.96 - - [02/May/2022:10:21:53 -0300] "GET /cormun/PublicTempStorage/curriculum_alicialagos9789470.pdf HTTP/1.1" 200 114141
192.168.10.96 - - [02/May/2022:10:22:15 -0300] "GET /cormun/servlet/vesolicitudgral?2022,18537,,SolicitudOTAdjuntos HTTP/1.1" 200 10892
192.168.10.96 - - [02/May/2022:10:22:15 -0300] "GET /cormun/servlet/vesolicitudgral?2022,18537,,SolicitudOTAdjuntos HTTP/1.1" 200 10894
192.168.10.96 - - [02/May/2022:10:22:16 -0300] "POST /cormun/servlet/acontrolpreferencessavestate?None,RRHH+DANIELA,true HTTP/1.1" 200 35
192.168.10.96 - - [02/May/2022:10:22:18 -0300] "GET /cormun/PublicTempStorage/certificado_afp_%281%293331876.pdf HTTP/1.1" 200 390008
192.168.10.11 - - [02/May/2022:10:22:20 -0300] "GET / HTTP/1.1" 200 11217
192.168.10.96 - - [02/May/2022:10:22:32 -0300] "GET /cormun/servlet/vesolicitudgral?2022,18537,,SolicitudOTAdjuntos HTTP/1.1" 200 10892
192.168.10.96 - - [02/May/2022:10:22:32 -0300] "GET /cormun/servlet/vesolicitudgral?2022,18537,,SolicitudOTAdjuntos HTTP/1.1" 200 10891
192.168.10.96 - - [02/May/2022:10:22:33 -0300] "POST /cormun/servlet/acontrolpreferencessavestate?None,RRHH+DANIELA,true HTTP/1.1" 200 35
192.168.10.96 - - [02/May/2022:10:22:34 -0300] "GET /cormun/PublicTempStorage/certificado_fonasa_%284%291222619.pdf HTTP/1.1" 200 81129
192.168.10.96 - - [02/May/2022:10:22:53 -0300] "GET /cormun/servlet/vesolicitudgral?2022,18537,,SolicitudOTAdjuntos HTTP/1.1" 200 10892
192.168.10.96 - - [02/May/2022:10:22:54 -0300] "GET /cormun/servlet/vesolicitudgral?2022,18537,,SolicitudOTAdjuntos HTTP/1.1" 200 10895
192.168.10.96 - - [02/May/2022:10:22:54 -0300] "POST /cormun/servlet/acontrolpreferencessavestate?None,RRHH+DANIELA,true HTTP/1.1" 200 35
192.168.10.96 - - [02/May/2022:10:22:56 -0300] "GET /cormun/servlet/vesolicitudgral?2022,18537,,General HTTP/1.1" 200 8386
192.168.10.96 - - [02/May/2022:10:22:56 -0300] "GET /cormun/pexe_scrolldiv.js HTTP/1.1" 404 1009
