190.171.141.90 - - [02/May/2022:18:07:14 -0300] "GET /cormun/servlet/solicitudot?ec00fa34589e9f9b29b59c862389332e7a6993b168026a082e47149cee63feed2e010a167ae474ce6c16e06f235491e4ca1f56031ec483f273f1648a2b63d4d3,gx-no-cache=1651524853799 HTTP/1.1" 200 30
190.171.141.90 - - [02/May/2022:18:07:14 -0300] "GET /cormun/servlet/solicitudot?ec00fa34589e9f9b29b59c862389332e7fbdf2b2a642d7cffd1982049a1da9b22ddb7bc0b0aa3dd4c29da65233fbaec2430d55a5f9ac672c142b1eacf8ab5c43276e97ec1907371c50a0898d347b98d1cba21a73ebc155460aa97387deaf7528,gx-no-cache=1651524853819 HTTP/1.1" 200 70
190.171.141.90 - - [02/May/2022:18:07:14 -0300] "POST /cormun/servlet/solicitudot?gx-no-cache=1651524853843 HTTP/1.1" 200 254
190.171.141.90 - - [02/May/2022:18:07:14 -0300] "GET /cormun/servlet/solicitudot?ec00fa34589e9f9b29b59c862389332e31212d9defe3a6ada19e61c6d3793cc9a15cc99afa79f482ede8e85adc273ddff7d1d8729fad77025934a71dffe2147902dea31e6731cb70f9f1d79a54f7d69322324d8229624baf21bd29d5bcd59256611f597864780e0ed6bc3854d4b4d07e6414a022505d973315c8807bc9e793ac77660f50a262bcefed65f26785d28908914f5a76f488c39b8124fa776aea5c87eff2482cf3083e3827cca752c62bd27212708574426a18da2864bb299af7c5d7f07b634226f8c27534f28a1ebf11bfeb376c335b9210f16a502d359517a0710cb48cf5b70d83cbc05b30a5057eb3ea6d94e311b66dc7e60a5860c5d61abf5dd8adcfd1e85386b129ea55a3b7c95d78a99a8e84452de3c2c80297918262d70258c7cd87199ddfc1d95695a578f5764852bc9841a91e18b36aab6c296ce63c91bb9ff326cdbaa67aee576e7569f4ace620d61e22d09cbeac5e09387b945cd218d6ab3e899aeabf40c419ec08651cdd801db7b3b2ce29182418bd0d0efc800d573c,gx-no-cache=1651524853870 HTTP/1.1" 200 30
190.171.141.90 - - [02/May/2022:18:07:14 -0300] "POST /cormun/servlet/solicitudot?gx-no-cache=1651524853894 HTTP/1.1" 200 30
190.171.141.90 - - [02/May/2022:18:07:14 -0300] "POST /cormun/servlet/solicitudot?gx-no-cache=1651524853921 HTTP/1.1" 200 1454
190.171.141.90 - - [02/May/2022:18:07:14 -0300] "POST /cormun/servlet/solicitudot?gx-no-cache=1651524853954 HTTP/1.1" 200 41
128.1.248.26 - - [02/May/2022:18:07:15 -0300] "GET / HTTP/1.1" 200 11217
192.168.10.11 - - [02/May/2022:18:07:21 -0300] "GET / HTTP/1.1" 200 11217
190.171.141.90 - - [02/May/2022:18:07:22 -0300] "GET /cormun/servlet/solicitudot?ec00fa34589e9f9b29b59c862389332e95392426584e4d6166428bb83a6ea534f1a15483cac19a811ed3df6c1a3fd0b04580398b666941317380a8e94798f0f7f9370195f2d8e4d8eae9e3cf9f182d042f102a99fc786b6a212a404c78f295dda74338cdf9702c68c9ad22919c73cd5b,gx-no-cache=1651524861683 HTTP/1.1" 200 110
190.171.141.90 - - [02/May/2022:18:07:22 -0300] "POST /cormun/servlet/solicitudot?gx-no-cache=1651524861706 HTTP/1.1" 200 97
190.171.141.90 - - [02/May/2022:18:07:22 -0300] "GET /cormun/servlet/solicitudot?ec00fa34589e9f9b29b59c862389332e8652e02ed35b5d8671d14b1cccd89a423f8715aa7a702d282b0c6f1c8ad7cabad8fc12cb0869cc681c6e86a66f61dd8dd18b452c44d75c15f8720364e0ee43a0faffe7cd6f7bbe4ce679c89e352f2446e9197680f67a77c045011a43596b0080c8c22af143d417f466823dffd2f69e4f587ff191aa59886166fc80cb74e21e1b70e365393f46d99a37184819c62c809a,gx-no-cache=1651524861732 HTTP/1.1" 200 29
190.171.141.90 - - [02/May/2022:18:07:22 -0300] "GET /cormun/servlet/solicitudot?ec00fa34589e9f9b29b59c862389332e3352b90e406b034e0c7c8af6192b0ab942a97aee73881fdecddcbfad6e92aab5,gx-no-cache=1651524861751 HTTP/1.1" 200 30
190.171.141.90 - - [02/May/2022:18:07:22 -0300] "POST /cormun/servlet/solicitudot?gx-no-cache=1651524861772 HTTP/1.1" 200 30
190.171.141.90 - - [02/May/2022:18:07:22 -0300] "POST /cormun/servlet/solicitudot?ae736d80f4c0a8525addbec4620d7e23,UPD,2022,18597,false,,gx-no-cache=1651524861794 HTTP/1.1" 200 93
190.171.141.90 - - [02/May/2022:18:07:22 -0300] "GET /cormun/servlet/hpexe_return? HTTP/1.1" 200 1018
190.171.141.90 - - [02/May/2022:18:07:22 -0300] "GET /cormun/servlet/trsolicitudot HTTP/1.1" 200 9986
190.171.141.90 - - [02/May/2022:18:07:22 -0300] "GET /cormun/servlet/trsolicitudot HTTP/1.1" 200 9982
190.171.141.90 - - [02/May/2022:18:07:25 -0300] "POST /cormun/servlet/trsolicitudot?ae736d80f4c0a8525addbec4620d7e23,gx-no-cache=1651524865378 HTTP/1.1" 200 113
190.171.141.90 - - [02/May/2022:18:07:25 -0300] "GET /cormun/servlet/solicitudot?UPD,2022,18597,false, HTTP/1.1" 200 16537
190.171.154.42 - - [02/May/2022:18:07:26 -0300] "POST /cormun/servlet/hlogin?ba053f38b3801d155f4426246b4c8137,gx-no-cache=1651524865284 HTTP/1.1" 200 90
190.171.154.42 - - [02/May/2022:18:07:26 -0300] "GET /cormun/servlet/hpexe_link HTTP/1.1" 200 958
190.171.141.90 - - [02/May/2022:18:07:26 -0300] "GET /cormun/servlet/solicitudot?UPD,2022,18597,false, HTTP/1.1" 200 16550
190.171.141.90 - - [02/May/2022:18:07:26 -0300] "POST /cormun/servlet/solicitudot?gx-no-cache=1651524866398 HTTP/1.1" 200 3927
190.171.154.42 - - [02/May/2022:18:07:26 -0300] "GET /cormun/servlet/trlicencias HTTP/1.1" 200 11618
190.171.141.90 - - [02/May/2022:18:07:26 -0300] "POST /cormun/servlet/solicitudot?ae736d80f4c0a8525addbec4620d7e23,UPD,2022,18597,false,,gx-no-cache=1651524866540 HTTP/1.1" 200 12873
190.171.141.90 - - [02/May/2022:18:07:27 -0300] "GET /cormun/servlet/solicitudot?ec00fa34589e9f9b29b59c862389332ebc79b6822af3f4133cb538ed078f1e5aca1f56031ec483f273f1648a2b63d4d3,gx-no-cache=1651524866708 HTTP/1.1" 200 30
190.171.141.90 - - [02/May/2022:18:07:27 -0300] "GET /cormun/servlet/solicitudot?ec00fa34589e9f9b29b59c862389332e7a6993b168026a082e47149cee63feed2e010a167ae474ce6c16e06f235491e4ca1f56031ec483f273f1648a2b63d4d3,gx-no-cache=1651524866734 HTTP/1.1" 200 30
190.171.141.90 - - [02/May/2022:18:07:27 -0300] "GET /cormun/servlet/solicitudot?ec00fa34589e9f9b29b59c862389332e7fbdf2b2a642d7cffd1982049a1da9b22ddb7bc0b0aa3dd4c29da65233fbaec2430d55a5f9ac672c142b1eacf8ab5c43276e97ec1907371c50a0898d347b98d1cba21a73ebc155460aa97387deaf7528,gx-no-cache=1651524866753 HTTP/1.1" 200 70
190.171.141.90 - - [02/May/2022:18:07:27 -0300] "POST /cormun/servlet/solicitudot?gx-no-cache=1651524866777 HTTP/1.1" 200 254
190.171.141.90 - - [02/May/2022:18:07:27 -0300] "GET /cormun/servlet/solicitudot?ec00fa34589e9f9b29b59c862389332e31212d9defe3a6ada19e61c6d3793cc9a15cc99afa79f482ede8e85adc273ddff7d1d8729fad77025934a71dffe2147902dea31e6731cb70f9f1d79a54f7d69322324d8229624baf21bd29d5bcd59256611f597864780e0ed6bc3854d4b4d07e6414a022505d973315c8807bc9e793ac77660f50a262bcefed65f26785d28908914f5a76f488c39b8124fa776aea5c87eff2482cf3083e3827cca752c62bd27212708574426a18da2864bb299af7c5d7f07b634226f8c27534f28a1ebf11bfeb376c335b9210f16a502d359517a0710cb48cf5b70d83cbc05b30a5057eb3ea6d94e311b66dc7e60a5860c5d61abf5dd8adcfd1e85386b129ea55a3b7c95d78a99a8e84452de3c2c80297918262d70258c7cd87199ddfc1d95695a578f5764852bc9841a91e18b36aab6c296ce63c91bb9ff326cdbaa67aee576e7569f4ace620d61e22d09cbeac5e09387b945cd218d6ab3e899aeabf40c419ec08651cdd801db7b3b2ce29182418bd0d0efc800d573c,gx-no-cache=1651524866803 HTTP/1.1" 200 30
190.171.141.90 - - [02/May/2022:18:07:27 -0300] "POST /cormun/servlet/solicitudot?gx-no-cache=1651524866823 HTTP/1.1" 200 30
190.171.141.90 - - [02/May/2022:18:07:27 -0300] "POST /cormun/servlet/solicitudot?gx-no-cache=1651524866847 HTTP/1.1" 200 1454
190.171.141.90 - - [02/May/2022:18:07:27 -0300] "POST /cormun/servlet/solicitudot?gx-no-cache=1651524866882 HTTP/1.1" 200 41
190.171.154.42 - - [02/May/2022:18:07:28 -0300] "GET /cormun/servlet/trlicencias HTTP/1.1" 200 11616
190.171.154.42 - - [02/May/2022:18:07:31 -0300] "GET /cormun/servlet/trlicencias? HTTP/1.1" 200 11620
190.171.141.90 - - [02/May/2022:18:07:33 -0300] "GET /cormun/servlet/solicitudot?ec00fa34589e9f9b29b59c862389332e95392426584e4d6166428bb83a6ea534f1a15483cac19a811ed3df6c1a3fd0b04580398b666941317380a8e94798f0f7f9370195f2d8e4d8eae9e3cf9f182d042f102a99fc786b6a212a404c78f295dda74338cdf9702c68c9ad22919c73cd5b,gx-no-cache=1651524872844 HTTP/1.1" 200 110
190.171.141.90 - - [02/May/2022:18:07:33 -0300] "POST /cormun/servlet/solicitudot?gx-no-cache=1651524872867 HTTP/1.1" 200 97
190.171.154.42 - - [02/May/2022:18:07:33 -0300] "GET /cormun/servlet/trlicencias? HTTP/1.1" 200 11620
190.171.141.90 - - [02/May/2022:18:07:33 -0300] "GET /cormun/servlet/solicitudot?ec00fa34589e9f9b29b59c862389332e8652e02ed35b5d8671d14b1cccd89a423f8715aa7a702d282b0c6f1c8ad7cabad8fc12cb0869cc681c6e86a66f61dd8dd18b452c44d75c15f8720364e0ee43a0faffe7cd6f7bbe4ce679c89e352f2446e9197680f67a77c045011a43596b0080c8c22af143d417f466823dffd2f69e4f587ff191aa59886166fc80cb74e21e1b70e365393f46d99a37184819c62c809a,gx-no-cache=1651524872901 HTTP/1.1" 200 29
190.171.141.90 - - [02/May/2022:18:07:33 -0300] "GET /cormun/servlet/solicitudot?ec00fa34589e9f9b29b59c862389332e3352b90e406b034e0c7c8af6192b0ab942a97aee73881fdecddcbfad6e92aab5,gx-no-cache=1651524872920 HTTP/1.1" 200 30
190.171.141.90 - - [02/May/2022:18:07:33 -0300] "POST /cormun/servlet/solicitudot?gx-no-cache=1651524872942 HTTP/1.1" 200 30
190.171.141.90 - - [02/May/2022:18:07:33 -0300] "POST /cormun/servlet/solicitudot?ae736d80f4c0a8525addbec4620d7e23,UPD,2022,18597,false,,gx-no-cache=1651524872969 HTTP/1.1" 200 93
190.171.141.90 - - [02/May/2022:18:07:33 -0300] "GET /cormun/servlet/hpexe_return? HTTP/1.1" 200 1018
190.171.141.90 - - [02/May/2022:18:07:33 -0300] "GET /cormun/servlet/trsolicitudot HTTP/1.1" 200 9986
190.171.141.90 - - [02/May/2022:18:07:34 -0300] "GET /cormun/servlet/trsolicitudot HTTP/1.1" 200 9982
190.171.141.90 - - [02/May/2022:18:07:35 -0300] "POST /cormun/servlet/trsolicitudot?ae736d80f4c0a8525addbec4620d7e23,gx-no-cache=1651524875001 HTTP/1.1" 200 113
190.171.141.90 - - [02/May/2022:18:07:35 -0300] "GET /cormun/servlet/solicitudot?UPD,2022,18596,false, HTTP/1.1" 200 16421
190.171.141.90 - - [02/May/2022:18:07:35 -0300] "GET /cormun/servlet/solicitudot?UPD,2022,18596,false, HTTP/1.1" 200 16433
190.171.141.90 - - [02/May/2022:18:07:36 -0300] "POST /cormun/servlet/solicitudot?gx-no-cache=1651524876033 HTTP/1.1" 200 3928
190.171.141.90 - - [02/May/2022:18:07:36 -0300] "POST /cormun/servlet/solicitudot?ae736d80f4c0a8525addbec4620d7e23,UPD,2022,18596,false,,gx-no-cache=1651524876156 HTTP/1.1" 200 12805
190.171.141.90 - - [02/May/2022:18:07:36 -0300] "GET /cormun/servlet/solicitudot?ec00fa34589e9f9b29b59c862389332e4bbc8b040dd2cf00cf2e967642a06473ca1f56031ec483f273f1648a2b63d4d3,gx-no-cache=1651524876346 HTTP/1.1" 200 30
190.171.141.90 - - [02/May/2022:18:07:36 -0300] "GET /cormun/servlet/solicitudot?ec00fa34589e9f9b29b59c862389332e2a060f94ab1b7c93eaab054b87b6134c76e13c21b9f12a890952fb707d450e544719a1273e3f9e5677e658d379132dfc,gx-no-cache=1651524876374 HTTP/1.1" 200 30
190.171.141.90 - - [02/May/2022:18:07:36 -0300] "GET /cormun/servlet/solicitudot?ec00fa34589e9f9b29b59c862389332e2863514efcf38220aa1580a04749a805d9294477ecca99157b84b2d5d000e4955a5ed02fe8ecdb026451d20ea00205cf,gx-no-cache=1651524876395 HTTP/1.1" 200 53
190.171.141.90 - - [02/May/2022:18:07:36 -0300] "POST /cormun/servlet/solicitudot?gx-no-cache=1651524876418 HTTP/1.1" 200 241
190.171.141.90 - - [02/May/2022:18:07:36 -0300] "GET /cormun/servlet/solicitudot?ec00fa34589e9f9b29b59c862389332e31212d9defe3a6ada19e61c6d3793cc95343b27ab531ad9f505fe2aa71e19438f7d1d8729fad77025934a71dffe2147902dea31e6731cb70f9f1d79a54f7d69322324d8229624baf21bd29d5bcd59256611f597864780e0ed6bc3854d4b4d07e6414a022505d973315c8807bc9e793ac77660f50a262bcefed65f26785d28908914f5a76f488c39b8124fa776aea5c87eff2482cf3083e3827cca752c62bd27212708574426a18da2864bb299af7c5d7f07b634226f8c27534f28a1ebf11bfeb376c335b9210f16a502d359517a0710cb48cf5b70d83cbc05b30a5057eb3ea6da226d91eb548da3d1d48ea0da80cffd4adcfd1e85386b129ea55a3b7c95d78a90544b9fa6887a36196d5507bbc43d8b96cade5714bf81911215897db08cc4dd53c24911854a3e7a4237b97d7abdd427aae824bcba457d9b23f55a3d4ec9223baacaaa9e4afc280e4b0fcefc0149de1e1ed989b3a659762e66604b731b8cf921e067752574ac44782ae733ac602896243,gx-no-cache=1651524876444 HTTP/1.1" 200 30
190.171.141.90 - - [02/May/2022:18:07:36 -0300] "POST /cormun/servlet/solicitudot?gx-no-cache=1651524876466 HTTP/1.1" 200 30
190.171.141.90 - - [02/May/2022:18:07:36 -0300] "POST /cormun/servlet/solicitudot?gx-no-cache=1651524876491 HTTP/1.1" 200 1454
190.171.141.90 - - [02/May/2022:18:07:36 -0300] "POST /cormun/servlet/solicitudot?gx-no-cache=1651524876521 HTTP/1.1" 200 41
190.171.154.42 - - [02/May/2022:18:07:37 -0300] "POST /cormun/servlet/trlicencias?ba053f38b3801d155f4426246b4c8137,,gx-no-cache=1651524876846 HTTP/1.1" 200 9148
190.171.141.90 - - [02/May/2022:18:07:57 -0300] "POST /cormun/servlet/solicitudot?gx-no-cache=1651524896694 HTTP/1.1" 200 30
190.171.141.90 - - [02/May/2022:18:07:57 -0300] "POST /cormun/servlet/solicitudot?gx-no-cache=1651524896725 HTTP/1.1" 200 1454
190.171.141.90 - - [02/May/2022:18:07:57 -0300] "POST /cormun/servlet/solicitudot?gx-no-cache=1651524896756 HTTP/1.1" 200 41
190.171.141.90 - - [02/May/2022:18:07:57 -0300] "GET /cormun/servlet/solicitudot?ec00fa34589e9f9b29b59c862389332e95392426584e4d6166428bb83a6ea534f1a15483cac19a811ed3df6c1a3fd0b04580398b666941317380a8e94798f0f7f9370195f2d8e4d8eae9e3cf9f182d042f102a99fc786b6a212a404c78f295dda74338cdf9702c68c9ad22919c73cd5b,gx-no-cache=1651524896776 HTTP/1.1" 200 110
190.171.141.90 - - [02/May/2022:18:07:57 -0300] "POST /cormun/servlet/solicitudot?gx-no-cache=1651524896798 HTTP/1.1" 200 79
190.171.141.90 - - [02/May/2022:18:07:57 -0300] "GET /cormun/servlet/solicitudot?ec00fa34589e9f9b29b59c862389332ef3145350963c3be67420b8dfc55023593f8715aa7a702d282b0c6f1c8ad7caba6a93c781158ea9ecb889c797387e66350022a918f646f0a49e8b391791e88f783d9cfb139894a4bf74f565152a54fb80d1df2dc31eff02378d8e8ab577487b27,gx-no-cache=1651524896824 HTTP/1.1" 200 29
190.171.141.90 - - [02/May/2022:18:07:57 -0300] "GET /cormun/servlet/solicitudot?ec00fa34589e9f9b29b59c862389332e3352b90e406b034e0c7c8af6192b0ab942a97aee73881fdecddcbfad6e92aab5,gx-no-cache=1651524896847 HTTP/1.1" 200 30
190.171.141.90 - - [02/May/2022:18:07:57 -0300] "POST /cormun/servlet/solicitudot?gx-no-cache=1651524896875 HTTP/1.1" 200 30
190.171.141.90 - - [02/May/2022:18:07:57 -0300] "POST /cormun/servlet/solicitudot?ae736d80f4c0a8525addbec4620d7e23,UPD,2022,18596,false,,gx-no-cache=1651524896902 HTTP/1.1" 200 93
190.171.141.90 - - [02/May/2022:18:07:57 -0300] "GET /cormun/servlet/hpexe_return? HTTP/1.1" 200 1018
190.171.141.90 - - [02/May/2022:18:07:57 -0300] "GET /cormun/servlet/trsolicitudot HTTP/1.1" 200 9989
190.171.141.90 - - [02/May/2022:18:07:57 -0300] "GET /cormun/servlet/trsolicitudot HTTP/1.1" 200 9985
190.171.141.90 - - [02/May/2022:18:08:00 -0300] "POST /cormun/servlet/trsolicitudot?ae736d80f4c0a8525addbec4620d7e23,gx-no-cache=1651524900451 HTTP/1.1" 200 113
190.171.141.90 - - [02/May/2022:18:08:01 -0300] "GET /cormun/servlet/solicitudot?UPD,2022,18595,false, HTTP/1.1" 200 16438
190.171.141.90 - - [02/May/2022:18:08:01 -0300] "GET /cormun/servlet/solicitudot?UPD,2022,18595,false, HTTP/1.1" 200 16449
190.171.141.90 - - [02/May/2022:18:08:01 -0300] "POST /cormun/servlet/solicitudot?gx-no-cache=1651524901486 HTTP/1.1" 200 3931
190.171.141.90 - - [02/May/2022:18:08:02 -0300] "POST /cormun/servlet/solicitudot?ae736d80f4c0a8525addbec4620d7e23,UPD,2022,18595,false,,gx-no-cache=1651524901605 HTTP/1.1" 200 12846
190.171.141.90 - - [02/May/2022:18:08:02 -0300] "GET /cormun/servlet/solicitudot?ec00fa34589e9f9b29b59c862389332e549b77d77418f4c112a6b88bf41e7671ca1f56031ec483f273f1648a2b63d4d3,gx-no-cache=1651524901778 HTTP/1.1" 200 30
190.171.141.90 - - [02/May/2022:18:08:02 -0300] "GET /cormun/servlet/solicitudot?ec00fa34589e9f9b29b59c862389332e323457ff19540c6ef1916b0c9263cc35a5efe7bb8fa5b1349d95765f24e8fbc5eb2a2e9481457fce7e6378bd1d02f1d7,gx-no-cache=1651524901803 HTTP/1.1" 200 30
190.171.141.90 - - [02/May/2022:18:08:02 -0300] "GET /cormun/servlet/solicitudot?ec00fa34589e9f9b29b59c862389332e7defbaaf7bae5e1b81e88259c60c05b892d7ecc5d762affd87a53269e5565bb0,gx-no-cache=1651524901822 HTTP/1.1" 200 45
190.171.141.90 - - [02/May/2022:18:08:02 -0300] "POST /cormun/servlet/solicitudot?gx-no-cache=1651524901845 HTTP/1.1" 200 256
190.171.141.90 - - [02/May/2022:18:08:02 -0300] "GET /cormun/servlet/solicitudot?ec00fa34589e9f9b29b59c862389332e31212d9defe3a6ada19e61c6d3793cc9a15cc99afa79f482ede8e85adc273ddff7d1d8729fad77025934a71dffe2147902dea31e6731cb70f9f1d79a54f7d69322324d8229624baf21bd29d5bcd59256611f597864780e0ed6bc3854d4b4d07e6414a022505d973315c8807bc9e793ac77660f50a262bcefed65f26785d28908914f5a76f488c39b8124fa776aea5c87eff2482cf3083e3827cca752c62bd27212708574426a18da2864bb299af7c5d7f07b634226f8c27534f28a1ebf11bfeb376c335b9210f16a502d359517a0710cb48cf5b70d83cbc05b30a5057eb3ea6d94e311b66dc7e60a5860c5d61abf5dd8adcfd1e85386b129ea55a3b7c95d78a99a8e84452de3c2c80297918262d70258c7cd87199ddfc1d95695a578f5764852bc9841a91e18b36aab6c296ce63c91bb9ff326cdbaa67aee576e7569f4ace620d61e22d09cbeac5e09387b945cd218d6ab3e899aeabf40c419ec08651cdd801db7b3b2ce29182418bd0d0efc800d573c,gx-no-cache=1651524901874 HTTP/1.1" 200 30
190.171.141.90 - - [02/May/2022:18:08:02 -0300] "POST /cormun/servlet/solicitudot?gx-no-cache=1651524901898 HTTP/1.1" 200 30
190.171.141.90 - - [02/May/2022:18:08:02 -0300] "POST /cormun/servlet/solicitudot?gx-no-cache=1651524901931 HTTP/1.1" 200 1454
190.171.141.90 - - [02/May/2022:18:08:02 -0300] "POST /cormun/servlet/solicitudot?gx-no-cache=1651524901964 HTTP/1.1" 200 41
190.171.141.90 - - [02/May/2022:18:08:11 -0300] "GET /cormun/servlet/solicitudot?ec00fa34589e9f9b29b59c862389332e95392426584e4d6166428bb83a6ea534f1a15483cac19a811ed3df6c1a3fd0b04580398b666941317380a8e94798f0f7f9370195f2d8e4d8eae9e3cf9f182d042f102a99fc786b6a212a404c78f295dda74338cdf9702c68c9ad22919c73cd5b,gx-no-cache=1651524910844 HTTP/1.1" 200 110
190.171.141.90 - - [02/May/2022:18:08:11 -0300] "POST /cormun/servlet/solicitudot?gx-no-cache=1651524910866 HTTP/1.1" 200 97
190.171.141.90 - - [02/May/2022:18:08:11 -0300] "GET /cormun/servlet/solicitudot?ec00fa34589e9f9b29b59c862389332ef3145350963c3be67420b8dfc55023593f8715aa7a702d282b0c6f1c8ad7caba6a93c781158ea9ecb889c797387e6635d18b452c44d75c15f8720364e0ee43a0faffe7cd6f7bbe4ce679c89e352f2446e9197680f67a77c045011a43596b0080c8c22af143d417f466823dffd2f69e4f587ff191aa59886166fc80cb74e21e1b70e365393f46d99a37184819c62c809a,gx-no-cache=1651524910892 HTTP/1.1" 200 29
190.171.141.90 - - [02/May/2022:18:08:11 -0300] "GET /cormun/servlet/solicitudot?ec00fa34589e9f9b29b59c862389332e3352b90e406b034e0c7c8af6192b0ab942a97aee73881fdecddcbfad6e92aab5,gx-no-cache=1651524910912 HTTP/1.1" 200 30
190.171.141.90 - - [02/May/2022:18:08:11 -0300] "POST /cormun/servlet/solicitudot?gx-no-cache=1651524910932 HTTP/1.1" 200 30
190.171.141.90 - - [02/May/2022:18:08:11 -0300] "POST /cormun/servlet/solicitudot?ae736d80f4c0a8525addbec4620d7e23,UPD,2022,18595,false,,gx-no-cache=1651524910987 HTTP/1.1" 200 93
190.171.141.90 - - [02/May/2022:18:08:11 -0300] "GET /cormun/servlet/hpexe_return? HTTP/1.1" 200 1018
190.171.141.90 - - [02/May/2022:18:08:11 -0300] "GET /cormun/servlet/trsolicitudot HTTP/1.1" 200 9989
190.171.141.90 - - [02/May/2022:18:08:12 -0300] "GET /cormun/servlet/trsolicitudot HTTP/1.1" 200 9985
190.171.141.90 - - [02/May/2022:18:08:14 -0300] "POST /cormun/servlet/trsolicitudot?ae736d80f4c0a8525addbec4620d7e23,gx-no-cache=1651524914170 HTTP/1.1" 200 113
190.171.141.90 - - [02/May/2022:18:08:14 -0300] "GET /cormun/servlet/solicitudot?UPD,2022,18594,false, HTTP/1.1" 200 16449
190.171.141.90 - - [02/May/2022:18:08:15 -0300] "GET /cormun/servlet/solicitudot?UPD,2022,18594,false, HTTP/1.1" 200 16460
190.171.141.90 - - [02/May/2022:18:08:15 -0300] "POST /cormun/servlet/solicitudot?gx-no-cache=1651524915236 HTTP/1.1" 200 3936
190.171.141.90 - - [02/May/2022:18:08:15 -0300] "POST /cormun/servlet/solicitudot?ae736d80f4c0a8525addbec4620d7e23,UPD,2022,18594,false,,gx-no-cache=1651524915364 HTTP/1.1" 200 12822
190.171.141.90 - - [02/May/2022:18:08:15 -0300] "GET /cormun/servlet/solicitudot?ec00fa34589e9f9b29b59c862389332ec6bd3e08fcd95fc2fa15f41118e4d378ca1f56031ec483f273f1648a2b63d4d3,gx-no-cache=1651524915535 HTTP/1.1" 200 30
190.171.141.90 - - [02/May/2022:18:08:15 -0300] "GET /cormun/servlet/solicitudot?ec00fa34589e9f9b29b59c862389332e7d476e983567b9ba813e1eab12195d981e890a1f041249d5eea1c238c80fc02cf895f7be3d13b5809ec6a0ba7eef5752,gx-no-cache=1651524915567 HTTP/1.1" 200 30
190.171.141.90 - - [02/May/2022:18:08:15 -0300] "GET /cormun/servlet/solicitudot?ec00fa34589e9f9b29b59c862389332e2863514efcf38220aa1580a04749a805d9294477ecca99157b84b2d5d000e4955a5ed02fe8ecdb026451d20ea00205cf,gx-no-cache=1651524915587 HTTP/1.1" 200 53
190.171.141.90 - - [02/May/2022:18:08:15 -0300] "POST /cormun/servlet/solicitudot?gx-no-cache=1651524915609 HTTP/1.1" 200 238
190.171.141.90 - - [02/May/2022:18:08:15 -0300] "GET /cormun/servlet/solicitudot?ec00fa34589e9f9b29b59c862389332e31212d9defe3a6ada19e61c6d3793cc95343b27ab531ad9f505fe2aa71e19438f7d1d8729fad77025934a71dffe2147902dea31e6731cb70f9f1d79a54f7d69322324d8229624baf21bd29d5bcd59256611f597864780e0ed6bc3854d4b4d07e6414a022505d973315c8807bc9e793ac77660f50a262bcefed65f26785d28908914f5a76f488c39b8124fa776aea5c87eff2482cf3083e3827cca752c62bd27212708574426a18da2864bb299af7c5d7f07b634226f8c27534f28a1ebf11bfeb376c335b9210f16a502d359517a0710cb48cf5b70d83cbc05b30a5057eb3ea6d94e311b66dc7e60a5860c5d61abf5dd8adcfd1e85386b129ea55a3b7c95d78a90544b9fa6887a36196d5507bbc43d8b96cade5714bf81911215897db08cc4dd53c24911854a3e7a4237b97d7abdd427aae824bcba457d9b23f55a3d4ec9223baacaaa9e4afc280e4b0fcefc0149de1e1ed989b3a659762e66604b731b8cf921e067752574ac44782ae733ac602896243,gx-no-cache=1651524915637 HTTP/1.1" 200 30
190.171.141.90 - - [02/May/2022:18:08:16 -0300] "POST /cormun/servlet/solicitudot?gx-no-cache=1651524915658 HTTP/1.1" 200 30
190.171.141.90 - - [02/May/2022:18:08:16 -0300] "POST /cormun/servlet/solicitudot?gx-no-cache=1651524915683 HTTP/1.1" 200 1454
190.171.141.90 - - [02/May/2022:18:08:16 -0300] "POST /cormun/servlet/solicitudot?gx-no-cache=1651524915713 HTTP/1.1" 200 41
190.171.141.90 - - [02/May/2022:18:08:20 -0300] "GET /cormun/servlet/solicitudot?ec00fa34589e9f9b29b59c862389332e95392426584e4d6166428bb83a6ea534f1a15483cac19a811ed3df6c1a3fd0b04580398b666941317380a8e94798f0f7f9370195f2d8e4d8eae9e3cf9f182d042f102a99fc786b6a212a404c78f295dda74338cdf9702c68c9ad22919c73cd5b,gx-no-cache=1651524919867 HTTP/1.1" 200 110
190.171.141.90 - - [02/May/2022:18:08:20 -0300] "POST /cormun/servlet/solicitudot?gx-no-cache=1651524919891 HTTP/1.1" 200 97
190.171.141.90 - - [02/May/2022:18:08:20 -0300] "GET /cormun/servlet/solicitudot?ec00fa34589e9f9b29b59c862389332e8652e02ed35b5d8671d14b1cccd89a423f8715aa7a702d282b0c6f1c8ad7cabad8fc12cb0869cc681c6e86a66f61dd8dd18b452c44d75c15f8720364e0ee43a0faffe7cd6f7bbe4ce679c89e352f2446e9197680f67a77c045011a43596b0080c8c22af143d417f466823dffd2f69e4f587ff191aa59886166fc80cb74e21e1b70e365393f46d99a37184819c62c809a,gx-no-cache=1651524919926 HTTP/1.1" 200 29
190.171.141.90 - - [02/May/2022:18:08:20 -0300] "GET /cormun/servlet/solicitudot?ec00fa34589e9f9b29b59c862389332e3352b90e406b034e0c7c8af6192b0ab942a97aee73881fdecddcbfad6e92aab5,gx-no-cache=1651524919946 HTTP/1.1" 200 30
190.171.141.90 - - [02/May/2022:18:08:20 -0300] "POST /cormun/servlet/solicitudot?gx-no-cache=1651524919966 HTTP/1.1" 200 30
190.171.141.90 - - [02/May/2022:18:08:20 -0300] "POST /cormun/servlet/solicitudot?ae736d80f4c0a8525addbec4620d7e23,UPD,2022,18594,false,,gx-no-cache=1651524919995 HTTP/1.1" 200 93
190.171.141.90 - - [02/May/2022:18:08:20 -0300] "GET /cormun/servlet/hpexe_return? HTTP/1.1" 200 1018
190.171.141.90 - - [02/May/2022:18:08:20 -0300] "GET /cormun/servlet/trsolicitudot HTTP/1.1" 200 9989
190.171.141.90 - - [02/May/2022:18:08:20 -0300] "GET /cormun/servlet/trsolicitudot HTTP/1.1" 200 9985
192.168.10.11 - - [02/May/2022:18:08:21 -0300] "GET / HTTP/1.1" 200 11217
190.171.141.90 - - [02/May/2022:18:08:23 -0300] "GET /cormun/servlet/solicitudot?INS,0,0,false, HTTP/1.1" 200 15842
190.171.141.90 - - [02/May/2022:18:08:24 -0300] "GET /cormun/servlet/solicitudot?INS,0,0,false, HTTP/1.1" 200 15849
192.168.10.11 - - [02/May/2022:18:09:21 -0300] "GET / HTTP/1.1" 200 11217
190.171.141.90 - - [02/May/2022:18:09:51 -0300] "POST /cormun/servlet/solicitudot?gx-no-cache=1651525010836 HTTP/1.1" 200 3934
190.171.141.90 - - [02/May/2022:18:09:51 -0300] "GET /cormun/static/Shared/jqueryui/images/ui-bg_highlight-soft_100_c6c2c8_1x100.png HTTP/1.1" 404 1117
190.171.141.90 - - [02/May/2022:18:09:51 -0300] "GET /cormun/static/Shared/jqueryui/images/ui-icons_82798d_256x240.png HTTP/1.1" 404 1089
190.171.141.90 - - [02/May/2022:18:09:51 -0300] "GET /cormun/static/Shared/jqueryui/images/ui-bg_flat_55_994d53_40x100.png HTTP/1.1" 404 1097
190.171.141.90 - - [02/May/2022:18:09:51 -0300] "GET /cormun/static/Shared/jqueryui/images/ui-icons_ebccce_256x240.png HTTP/1.1" 404 1089
190.171.141.90 - - [02/May/2022:18:09:55 -0300] "GET /cormun/servlet/solicitudot?ec00fa34589e9f9b29b59c862389332ec3a7d8823a467396dc3c92b758e0c6de0f0f787027894448f7b000c306f4b709,gx-no-cache=1651525015101 HTTP/1.1" 200 30
192.168.10.11 - - [02/May/2022:18:10:21 -0300] "GET / HTTP/1.1" 200 11217
192.168.10.11 - - [02/May/2022:18:11:21 -0300] "GET / HTTP/1.1" 200 11217
192.168.10.96 - - [02/May/2022:18:11:44 -0300] "GET /cormun/servlet/trsolicitudgral? HTTP/1.1" 500 10
192.168.10.11 - - [02/May/2022:18:12:21 -0300] "GET / HTTP/1.1" 200 11217
190.171.141.90 - - [02/May/2022:18:12:53 -0300] "GET /cormun/servlet/solicitudot?ec00fa34589e9f9b29b59c862389332e389586e703d2a387a7c528c318f6fba0e1a28d43559fd96bf2b77dd10e224b2f,gx-no-cache=1651525193378 HTTP/1.1" 200 30
190.171.141.90 - - [02/May/2022:18:12:55 -0300] "GET /cormun/servlet/prbanco?,MD,,gxPopupLevel%3D0%3B HTTP/1.1" 200 6387
192.168.10.11 - - [02/May/2022:18:13:21 -0300] "GET / HTTP/1.1" 200 11217
190.171.143.106 - - [02/May/2022:18:13:28 -0300] "POST /cormun/servlet/solicitudot?gx-no-cache=1651525231890 HTTP/1.1" 200 3858
190.171.143.106 - - [02/May/2022:18:13:28 -0300] "POST /cormun/servlet/solicitudot?acd5f8efc383b9cb89def549f4c7f382,INS,0,0,false,,gx-no-cache=1651525232018 HTTP/1.1" 200 12402
190.171.143.106 - - [02/May/2022:18:13:33 -0300] "GET /cormun/servlet/solicitudot?adcbcbd30d189ca30a38b0f067452a85ee6f7ff249777462a644496bf3b7dcf0c4909b0187f694fd0322c08c5dd23fb8,gx-no-cache=1651525236976 HTTP/1.1" 200 30
190.171.141.90 - - [02/May/2022:18:13:54 -0300] "GET /cormun/servlet/solicitudot?ec00fa34589e9f9b29b59c862389332e8e91d3ee51736417f7b400faf873b066,gx-no-cache=1651525254268 HTTP/1.1" 200 55
192.168.10.11 - - [02/May/2022:18:14:21 -0300] "GET / HTTP/1.1" 200 11217
190.171.141.90 - - [02/May/2022:18:14:30 -0300] "GET /cormun/servlet/solicitudot?ec00fa34589e9f9b29b59c862389332e3bb0ed50de53a0d6449458e9423417845aefc037b7141639870c1bb25f18e795a9cfb1dfba72050568cb311db88488d6d3856340ac5af9eed1a1ce43868be0863e028bc4b38d5a02a9140956fb79d96fa9880851cc21f7ba683bc283af1af0984dd3299a3709637d904d399613677bc355b442bb67f4e5eefddb4a3243b0cb80b7f16fc15667f83c4362da6a3592338a17cbfd353375892bf356ebdc23872c5a40ea92865dc4c9170dc7c4b753f3734c0a78dcf7e36472b45a41c20891c71b2d96209acecd2d873a7a752e13d3269faaab31349879bc8e7dcd049e7ad1555151101a05c550ffefc63b847ecbedfd6e95b5d1d1bef2296654d334a9d2f4b2f57a5a5e11b9d851d5c1e50b6738f4fef38bc755fcabb39d26cf10f56ace7b678e2b288d2479c22ec99e1452c7b167dcd31c896062443de795a7c240173de8b5c9cd,gx-no-cache=1651525290386 HTTP/1.1" 200 255
190.171.153.26 - - [02/May/2022:18:14:31 -0300] "GET /cormun/servlet/hlogin HTTP/1.1" 200 1744
190.171.141.90 - - [02/May/2022:18:14:32 -0300] "GET /cormun/servlet/solicitudot?ec00fa34589e9f9b29b59c862389332e31212d9defe3a6ada19e61c6d3793cc9a15cc99afa79f482ede8e85adc273ddff7d1d8729fad77025934a71dffe2147902dea31e6731cb70f9f1d79a54f7d69322324d8229624baf21bd29d5bcd59256611f597864780e0ed6bc3854d4b4d07e6414a022505d973315c8807bc9e793ac77660f50a262bcefed65f26785d28908914f5a76f488c39b8124fa776aea5c87eff2482cf3083e3827cca752c62bd27212708574426a18da2864bb299af7c5d7f07b634226f8c27534f28a1ebf11bfeb376c335b9210f16a502d359517a0710cb48cf5b70d83cbc05b30a5057eb3ea6d94e311b66dc7e60a5860c5d61abf5dd8adcfd1e85386b129ea55a3b7c95d78a99a8e84452de3c2c80297918262d70258c7cd87199ddfc1d95695a578f5764852bc9841a91e18b36aab6c296ce63c91bb9ff326cdbaa67aee576e7569f4ace620d61e22d09cbeac5e09387b945cd218d6ab3e899aeabf40c419ec08651cdd801d90c5dc554523dfe766d3335f6c4fa23c,gx-no-cache=1651525291855 HTTP/1.1" 200 30
190.171.141.90 - - [02/May/2022:18:14:36 -0300] "POST /cormun/servlet/solicitudot?gx-no-cache=1651525295728 HTTP/1.1" 200 30
190.171.141.90 - - [02/May/2022:18:14:37 -0300] "POST /cormun/servlet/solicitudot?gx-no-cache=1651525297329 HTTP/1.1" 200 1448
190.171.141.90 - - [02/May/2022:18:14:37 -0300] "POST /cormun/servlet/solicitudot?gx-no-cache=1651525297362 HTTP/1.1" 200 38
190.171.143.106 - - [02/May/2022:18:15:03 -0300] "GET /cormun/servlet/prbanco?,MD,,gxPopupLevel%3D0%3B HTTP/1.1" 200 6538
190.171.143.106 - - [02/May/2022:18:15:06 -0300] "GET /cormun/servlet/solicitudot?adcbcbd30d189ca30a38b0f067452a859f8542384021394d46834eeebf166587,gx-no-cache=1651525330262 HTTP/1.1" 200 94
190.171.143.106 - - [02/May/2022:18:15:06 -0300] "GET /cormun/static/Shared/jqueryui/images/ui-bg_highlight-soft_100_c6c2c8_1x100.png HTTP/1.1" 404 1117
190.171.143.106 - - [02/May/2022:18:15:06 -0300] "GET /cormun/static/Shared/jqueryui/images/ui-icons_82798d_256x240.png HTTP/1.1" 404 1089
190.171.143.106 - - [02/May/2022:18:15:06 -0300] "GET /cormun/static/Shared/jqueryui/images/ui-bg_flat_55_994d53_40x100.png HTTP/1.1" 404 1097
190.171.143.106 - - [02/May/2022:18:15:06 -0300] "GET /cormun/static/Shared/jqueryui/images/ui-icons_ebccce_256x240.png HTTP/1.1" 404 1089
190.171.141.90 - - [02/May/2022:18:15:07 -0300] "GET /cormun/servlet/solicitudot?ec00fa34589e9f9b29b59c862389332e95392426584e4d6166428bb83a6ea534f1a15483cac19a811ed3df6c1a3fd0b04580398b666941317380a8e94798f0f7f9370195f2d8e4d8eae9e3cf9f182d042f102a99fc786b6a212a404c78f295dda74338cdf9702c68c9ad22919c73cd5b,gx-no-cache=1651525326711 HTTP/1.1" 200 110
190.171.143.106 - - [02/May/2022:18:15:08 -0300] "GET /cormun/servlet/solicitudot?adcbcbd30d189ca30a38b0f067452a857df9d344f1a2264a89b0a7f48b90bf8c,gx-no-cache=1651525331790 HTTP/1.1" 200 53
192.168.10.11 - - [02/May/2022:18:15:21 -0300] "GET / HTTP/1.1" 200 11217
190.171.141.90 - - [02/May/2022:18:15:31 -0300] "POST /cormun/servlet/solicitudot?gx-no-cache=1651525350682 HTTP/1.1" 200 97
190.171.141.90 - - [02/May/2022:18:15:33 -0300] "GET /cormun/servlet/solicitudot?ec00fa34589e9f9b29b59c862389332e2f156af9c711aa384f86aafaa0b505f9101a05c550ffefc63b847ecbedfd6e95b5d1d1bef2296654d334a9d2f4b2f57a5c1171547fedd2874392c5c081cfc447,gx-no-cache=1651525353029 HTTP/1.1" 200 29
190.171.141.90 - - [02/May/2022:18:15:34 -0300] "GET /cormun/static/menuarrow.gif HTTP/1.1" 404 1015
190.171.141.90 - - [02/May/2022:18:15:37 -0300] "GET /cormun/servlet/solicitudot?ec00fa34589e9f9b29b59c862389332e3352b90e406b034e0c7c8af6192b0ab942a97aee73881fdecddcbfad6e92aab5,gx-no-cache=1651525356907 HTTP/1.1" 200 30
190.171.143.106 - - [02/May/2022:18:15:47 -0300] "GET /cormun/servlet/solicitudot?adcbcbd30d189ca30a38b0f067452a851c5fb965f374a65df6312f2abdb0d5072c653451846908dd45dc8f29fc11730b371124ce2b54bf6d3c55886900fdee12,gx-no-cache=1651525371027 HTTP/1.1" 200 30
190.171.143.106 - - [02/May/2022:18:15:47 -0300] "POST /cormun/servlet/solicitudot?gx-no-cache=1651525371081 HTTP/1.1" 200 297
190.171.143.106 - - [02/May/2022:18:15:47 -0300] "GET /cormun/servlet/solicitudot?adcbcbd30d189ca30a38b0f067452a857cb9dbc98f74c25c61f7bf5500ccdfd8b2c91c229178bfd599424c984be1373c313ff42a7b5d20472e2a7bbc618115609619dc7b3e5c8a6332ad9bd5bcc6cf365225a8d03872ab0ba50140e076b319af1630d3e105d8c7e8d2ebcdc7cc673fb7e2d3aa036fd27a57d4c2381c311e20847aec62ef807778d5c96361778e9bfe2783a0f0c94b1457757633748fdfb348d61dcd642cda56de89a6608677bec5a706f09df32f0f928bd217583201537936e12930c2a7391f62fdbcf30915dc4212610516e54015b0fb6cb48bf7c8eb296fc1494f74605149cb4837a7210165771d530d1bee1431f87bfff642b3f801f7430cdf6b74647de2e55a99f46a7d120841dde55f7fb2362269f2241f45176ac79e0b1b440b5c1755732171535edecf87f6980d2f32e4b643ae2aba4055195542ffa720d5ba9337fa762432690241dae4e2f2bb52cec20892006249de8efeb62a248083d46724cf496f656c81fc7a9b24806981b8db86e9624e6b3495e5579ddc331f8923fc528505497151047ad89502792c,gx-no-cache=1651525371118 HTTP/1.1" 200 30
94.102.61.45 - - [02/May/2022:18:15:50 -0300] "GET /favicon.ico HTTP/1.1" 200 21630
94.102.61.45 - - [02/May/2022:18:15:52 -0300] "GET / HTTP/1.1" 200 11217
190.171.141.90 - - [02/May/2022:18:15:54 -0300] "POST /cormun/servlet/solicitudot?gx-no-cache=1651525374558 HTTP/1.1" 200 30
190.171.141.90 - - [02/May/2022:18:16:00 -0300] "POST /cormun/servlet/solicitudot?ae736d80f4c0a8525addbec4620d7e23,INS,0,0,false,,gx-no-cache=1651525380071 HTTP/1.1" 200 13028
190.171.143.106 - - [02/May/2022:18:16:05 -0300] "POST /cormun/servlet/solicitudot?gx-no-cache=1651525389697 HTTP/1.1" 200 30
190.171.143.106 - - [02/May/2022:18:16:07 -0300] "POST /cormun/servlet/solicitudot?gx-no-cache=1651525391358 HTTP/1.1" 200 1453
190.171.143.106 - - [02/May/2022:18:16:07 -0300] "POST /cormun/servlet/solicitudot?gx-no-cache=1651525391397 HTTP/1.1" 200 38
192.168.10.11 - - [02/May/2022:18:16:21 -0300] "GET / HTTP/1.1" 200 11217
190.171.143.106 - - [02/May/2022:18:16:46 -0300] "GET /cormun/servlet/solicitudot?adcbcbd30d189ca30a38b0f067452a85cdd9eb29f5a87bed2746e9818bfbd86ce0cec3ccc79088c1f91b6dbc2baba9fb81e4941da0416d38ef106aebe799f2ce3119c3b0236459d5a5a150d3a8d9232216e23efdf87d3ee28f49cc9ad1b716deb1351a6d6e205e2c37e9c90f9939c174,gx-no-cache=1651525429789 HTTP/1.1" 200 110
190.171.143.106 - - [02/May/2022:18:16:46 -0300] "POST /cormun/servlet/solicitudot?gx-no-cache=1651525429834 HTTP/1.1" 200 97
190.171.143.106 - - [02/May/2022:18:16:55 -0300] "GET /cormun/servlet/solicitudot?adcbcbd30d189ca30a38b0f067452a85b56bf251683c75fe7af49c780e522ee8cb9069775213bd64dd464db0f18e5346e3da56ec92e0de31bc9ff959fd861d8e0d30ff0ef87eb8d2e6f5bf924415841ed28dc458b5b120fce9045b7121a33678a05dbf3f096861b0478f51c4e40e2d9d,gx-no-cache=1651525439473 HTTP/1.1" 200 29
190.171.143.106 - - [02/May/2022:18:16:55 -0300] "GET /cormun/static/menuarrow.gif HTTP/1.1" 404 1015
190.171.143.106 - - [02/May/2022:18:17:01 -0300] "GET /cormun/servlet/solicitudot?adcbcbd30d189ca30a38b0f067452a85c342249da2326d269315705fd6e84f04fa3618857a7312b888db398ed3c59d04,gx-no-cache=1651525445056 HTTP/1.1" 200 30
190.171.141.90 - - [02/May/2022:18:17:03 -0300] "POST /cormun/servlet/solicitudot?ae736d80f4c0a8525addbec4620d7e23,INS,0,0,false,,gx-no-cache=1651525442824 HTTP/1.1" 200 93
190.171.141.90 - - [02/May/2022:18:17:03 -0300] "GET /cormun/servlet/hpexe_return? HTTP/1.1" 200 1011
190.171.141.90 - - [02/May/2022:18:17:03 -0300] "GET /cormun/servlet/trsolicitudot HTTP/1.1" 200 9989
190.171.141.90 - - [02/May/2022:18:17:04 -0300] "GET /cormun/servlet/trsolicitudot HTTP/1.1" 200 9985
186.103.159.189 - - [02/May/2022:18:17:13 -0300] "GET /cormun/servlet/trautorizarsolicitud? HTTP/1.1" 200 7403
186.103.159.189 - - [02/May/2022:18:17:13 -0300] "GET /cormun/servlet/trautorizarsolicitud? HTTP/1.1" 200 7403
190.171.143.106 - - [02/May/2022:18:17:15 -0300] "POST /cormun/servlet/solicitudot?gx-no-cache=1651525459546 HTTP/1.1" 200 30
190.171.143.106 - - [02/May/2022:18:17:16 -0300] "POST /cormun/servlet/solicitudot?acd5f8efc383b9cb89def549f4c7f382,INS,0,0,false,,gx-no-cache=1651525459570 HTTP/1.1" 200 12823
186.103.159.189 - - [02/May/2022:18:17:19 -0300] "GET /cormun/servlet/hlogin HTTP/1.1" 200 1742
192.168.10.11 - - [02/May/2022:18:17:21 -0300] "GET / HTTP/1.1" 200 11217
186.103.159.189 - - [02/May/2022:18:17:26 -0300] "POST /cormun/servlet/hlogin?c1ed06e7e7931013ab4bb14de7bf04b4,gx-no-cache=1651525466766 HTTP/1.1" 200 90
186.103.159.189 - - [02/May/2022:18:17:26 -0300] "GET /cormun/servlet/hpexe_link HTTP/1.1" 200 947
186.103.159.189 - - [02/May/2022:18:17:26 -0300] "GET /cormun/servlet/hhome HTTP/1.1" 200 3998
186.103.159.189 - - [02/May/2022:18:17:26 -0300] "GET /cormun/servlet/hhome HTTP/1.1" 200 3996
190.171.143.106 - - [02/May/2022:18:17:36 -0300] "GET /cormun/servlet/solicitudot?adcbcbd30d189ca30a38b0f067452a857cb9dbc98f74c25c61f7bf5500ccdfd8b2c91c229178bfd599424c984be1373c313ff42a7b5d20472e2a7bbc618115609619dc7b3e5c8a6332ad9bd5bcc6cf365225a8d03872ab0ba50140e076b319af1630d3e105d8c7e8d2ebcdc7cc673fb7e2d3aa036fd27a57d4c2381c311e20847aec62ef807778d5c96361778e9bfe2783a0f0c94b1457757633748fdfb348d61dcd642cda56de89a6608677bec5a706f09df32f0f928bd217583201537936e12930c2a7391f62fdbcf30915dc4212610516e54015b0fb6cb48bf7c8eb296fc1494f74605149cb4837a7210165771d530d1bee1431f87bfff642b3f801f7430cdf6b74647de2e55a99f46a7d120841dde55f7fb2362269f2241f45176ac79e0b1b440b5c1755732171535edecf87f6980d2f32e4b643ae2aba4055195542ffa720d5ba9337fa762432690241dae4e2f2bb52cec20892006249de8efeb62a248083d46724cf496f656c81fc7a9b24806936fe07638d98b07e2bdfda07660f1f178923fc528505497151047ad89502792c,gx-no-cache=1651525480506 HTTP/1.1" 200 30
190.171.143.106 - - [02/May/2022:18:17:36 -0300] "POST /cormun/servlet/solicitudot?gx-no-cache=1651525480566 HTTP/1.1" 200 30
190.171.143.106 - - [02/May/2022:18:17:36 -0300] "POST /cormun/servlet/solicitudot?gx-no-cache=1651525480589 HTTP/1.1" 200 1453
190.171.143.106 - - [02/May/2022:18:17:36 -0300] "POST /cormun/servlet/solicitudot?gx-no-cache=1651525480617 HTTP/1.1" 200 41
190.171.143.106 - - [02/May/2022:18:17:36 -0300] "GET /cormun/servlet/solicitudot?adcbcbd30d189ca30a38b0f067452a85cdd9eb29f5a87bed2746e9818bfbd86ce0cec3ccc79088c1f91b6dbc2baba9fb81e4941da0416d38ef106aebe799f2ce3119c3b0236459d5a5a150d3a8d9232216e23efdf87d3ee28f49cc9ad1b716deb1351a6d6e205e2c37e9c90f9939c174,gx-no-cache=1651525480636 HTTP/1.1" 200 110
190.171.143.106 - - [02/May/2022:18:17:36 -0300] "POST /cormun/servlet/solicitudot?gx-no-cache=1651525480656 HTTP/1.1" 200 96
190.171.143.106 - - [02/May/2022:18:17:36 -0300] "GET /cormun/servlet/solicitudot?adcbcbd30d189ca30a38b0f067452a85c342249da2326d269315705fd6e84f04fa3618857a7312b888db398ed3c59d04,gx-no-cache=1651525480686 HTTP/1.1" 200 30
190.171.143.106 - - [02/May/2022:18:17:36 -0300] "POST /cormun/servlet/solicitudot?gx-no-cache=1651525480721 HTTP/1.1" 200 30
190.171.143.106 - - [02/May/2022:18:17:37 -0300] "POST /cormun/servlet/solicitudot?acd5f8efc383b9cb89def549f4c7f382,INS,0,0,false,,gx-no-cache=1651525480747 HTTP/1.1" 200 93
190.171.143.106 - - [02/May/2022:18:17:37 -0300] "GET /cormun/servlet/hpexe_return? HTTP/1.1" 200 1012
190.171.143.106 - - [02/May/2022:18:17:37 -0300] "GET /cormun/servlet/trsolicitudot HTTP/1.1" 200 8585
190.171.143.106 - - [02/May/2022:18:17:37 -0300] "GET /cormun/servlet/trsolicitudot HTTP/1.1" 200 8583
190.171.143.106 - - [02/May/2022:18:17:41 -0300] "POST /cormun/servlet/trsolicitudot?acd5f8efc383b9cb89def549f4c7f382,gx-no-cache=1651525485519 HTTP/1.1" 200 4573
190.171.143.106 - - [02/May/2022:18:17:41 -0300] "GET /cormun/static/Shared/jqueryui/images/ui-bg_highlight-soft_100_c6c2c8_1x100.png HTTP/1.1" 404 1117
190.171.143.106 - - [02/May/2022:18:17:41 -0300] "GET /cormun/static/Shared/jqueryui/images/ui-icons_82798d_256x240.png HTTP/1.1" 404 1089
190.171.143.106 - - [02/May/2022:18:17:41 -0300] "GET /cormun/static/Shared/jqueryui/images/ui-bg_flat_55_fafafa_40x100.png HTTP/1.1" 404 1097
190.171.143.106 - - [02/May/2022:18:17:41 -0300] "GET /cormun/static/Shared/jqueryui/images/ui-icons_8d78a5_256x240.png HTTP/1.1" 404 1089
190.171.143.106 - - [02/May/2022:18:17:42 -0300] "POST /cormun/servlet/trsolicitudot?acd5f8efc383b9cb89def549f4c7f382,gx-no-cache=1651525485696 HTTP/1.1" 200 4338
186.103.159.189 - - [02/May/2022:18:17:43 -0300] "GET /cormun/servlet/trsolicitudot? HTTP/1.1" 200 8623
186.103.159.189 - - [02/May/2022:18:17:44 -0300] "GET /cormun/servlet/trsolicitudot? HTTP/1.1" 200 8622
186.103.159.189 - - [02/May/2022:18:17:46 -0300] "POST /cormun/servlet/trsolicitudot?c1ed06e7e7931013ab4bb14de7bf04b4,,gx-no-cache=1651525486449 HTTP/1.1" 200 107
186.103.159.189 - - [02/May/2022:18:17:46 -0300] "GET /cormun/servlet/trsolicitudadjuntos?2022,18566, HTTP/1.1" 200 9845
186.103.159.189 - - [02/May/2022:18:17:46 -0300] "GET /cormun/static/gxcfg.js?20201215574222 HTTP/1.1" 200 953
186.103.159.189 - - [02/May/2022:18:17:46 -0300] "GET /cormun/static/trsolicitudadjuntos.js?20201215574932 HTTP/1.1" 200 17922
186.103.159.189 - - [02/May/2022:18:17:46 -0300] "GET /cormun/static/Resources/PXToolsGridNew.png HTTP/1.1" 200 427
186.103.159.189 - - [02/May/2022:18:17:46 -0300] "GET /cormun/servlet/trsolicitudadjuntos?2022,18566, HTTP/1.1" 200 9849
190.171.143.106 - - [02/May/2022:18:17:47 -0300] "GET /cormun/servlet/hlogin HTTP/1.1" 200 1729
186.103.159.189 - - [02/May/2022:18:17:49 -0300] "GET /cormun/servlet/solicitudotadjuntos?INS,2022,18566,,1, HTTP/1.1" 200 6051
186.103.159.189 - - [02/May/2022:18:17:49 -0300] "GET /cormun/static/gxcfg.js?202012157947 HTTP/1.1" 200 953
186.103.159.189 - - [02/May/2022:18:17:49 -0300] "GET /cormun/static/solicitudotadjuntos.js?202012157966 HTTP/1.1" 200 11771
186.103.159.189 - - [02/May/2022:18:17:49 -0300] "GET /cormun/static/about:blank HTTP/1.1" 404 1011
186.103.159.189 - - [02/May/2022:18:17:49 -0300] "GET /cormun/servlet/solicitudotadjuntos?INS,2022,18566,,1, HTTP/1.1" 200 6044
186.103.159.189 - - [02/May/2022:18:17:50 -0300] "GET /cormun/servlet/solicitudotadjuntos?71c7b8b93942f49cc161002494d9c296cb3d00bfb4e30818f99241469a0e700657d1622c7325bf3240017fe144d85334,gx-no-cache=1651525490558 HTTP/1.1" 200 30
186.103.159.189 - - [02/May/2022:18:17:50 -0300] "POST /cormun/servlet/solicitudotadjuntos?c1ed06e7e7931013ab4bb14de7bf04b4,INS,2022,18566,,1,,gx-no-cache=1651525490588 HTTP/1.1" 200 3894
190.171.143.106 - - [02/May/2022:18:17:50 -0300] "POST /cormun/servlet/hlogin?acd5f8efc383b9cb89def549f4c7f382,gx-no-cache=1651525494330 HTTP/1.1" 200 90
190.171.143.106 - - [02/May/2022:18:17:50 -0300] "GET /cormun/servlet/hpexe_link HTTP/1.1" 200 954
190.171.143.106 - - [02/May/2022:18:17:50 -0300] "GET /cormun/servlet/hhome HTTP/1.1" 200 4104
190.171.143.106 - - [02/May/2022:18:17:50 -0300] "GET /cormun/servlet/hhome HTTP/1.1" 200 4101
190.171.143.106 - - [02/May/2022:18:17:53 -0300] "GET /cormun/servlet/trautorizarsolicitud? HTTP/1.1" 200 8590
190.171.143.106 - - [02/May/2022:18:17:53 -0300] "GET /cormun/servlet/trautorizarsolicitud? HTTP/1.1" 200 8588
186.103.159.189 - - [02/May/2022:18:17:54 -0300] "POST /cormun/servlet/solicitudotadjuntos?gx-no-cache=1651525494594 HTTP/1.1" 200 26
190.171.143.106 - - [02/May/2022:18:17:57 -0300] "POST /cormun/servlet/trautorizarsolicitud?acd5f8efc383b9cb89def549f4c7f382,,gx-no-cache=1651525501142 HTTP/1.1" 200 4778
190.171.143.106 - - [02/May/2022:18:17:57 -0300] "GET /cormun/static/Shared/jqueryui/images/ui-icons_82798d_256x240.png HTTP/1.1" 404 1089
190.171.143.106 - - [02/May/2022:18:17:57 -0300] "GET /cormun/static/Shared/jqueryui/images/ui-bg_highlight-soft_100_c6c2c8_1x100.png HTTP/1.1" 404 1117
190.171.143.106 - - [02/May/2022:18:17:57 -0300] "GET /cormun/static/Shared/jqueryui/images/ui-bg_flat_55_fafafa_40x100.png HTTP/1.1" 404 1097
190.171.143.106 - - [02/May/2022:18:17:57 -0300] "GET /cormun/static/Shared/jqueryui/images/ui-icons_8d78a5_256x240.png HTTP/1.1" 404 1089
190.171.143.106 - - [02/May/2022:18:17:57 -0300] "POST /cormun/servlet/trautorizarsolicitud?acd5f8efc383b9cb89def549f4c7f382,,gx-no-cache=1651525501308 HTTP/1.1" 200 4539
186.103.159.189 - - [02/May/2022:18:18:03 -0300] "GET /cormun/servlet/solicitudotadjuntos?71c7b8b93942f49cc161002494d9c296376c6987e33bbf44f82c1a243b919ea4,gx-no-cache=1651525504254 HTTP/1.1" 200 30
186.103.159.189 - - [02/May/2022:18:18:03 -0300] "GET /cormun/servlet/solicitudotadjuntos?71c7b8b93942f49cc161002494d9c296376c6987e33bbf44f82c1a243b919ea4,gx-no-cache=1651525504270 HTTP/1.1" 200 30
186.103.159.189 - - [02/May/2022:18:18:04 -0300] "POST /cormun/servlet/solicitudotadjuntos?c1ed06e7e7931013ab4bb14de7bf04b4,INS,2022,18566,,1, HTTP/1.1" 200 6276
186.103.159.189 - - [02/May/2022:18:18:04 -0300] "GET /cormun/static/Shared/jqueryui/images/ui-bg_highlight-soft_100_c6c2c8_1x100.png HTTP/1.1" 404 1117
186.103.159.189 - - [02/May/2022:18:18:04 -0300] "GET /cormun/static/Shared/jqueryui/images/ui-icons_82798d_256x240.png HTTP/1.1" 404 1089
186.103.159.189 - - [02/May/2022:18:18:04 -0300] "GET /cormun/static/Shared/jqueryui/images/ui-icons_ebccce_256x240.png HTTP/1.1" 404 1089
186.103.159.189 - - [02/May/2022:18:18:04 -0300] "GET /cormun/static/Shared/jqueryui/images/ui-bg_flat_55_994d53_40x100.png HTTP/1.1" 404 1097
186.103.159.189 - - [02/May/2022:18:18:04 -0300] "GET /cormun/PrivateTempStorage/upload_00002057.jpg HTTP/1.1" 200 48319
192.168.10.11 - - [02/May/2022:18:18:21 -0300] "GET / HTTP/1.1" 200 11217
192.168.10.11 - - [02/May/2022:18:19:21 -0300] "GET / HTTP/1.1" 200 11217
186.103.159.189 - - [02/May/2022:18:20:05 -0300] "POST /cormun/servlet/solicitudotadjuntos?c1ed06e7e7931013ab4bb14de7bf04b4,INS,2022,18566,,1, HTTP/1.1" 200 116
186.103.159.189 - - [02/May/2022:18:20:05 -0300] "GET /cormun/servlet/hpexe_return? HTTP/1.1" 200 1022
186.103.159.189 - - [02/May/2022:18:20:05 -0300] "GET /cormun/servlet/trsolicitudadjuntos?2022,18566, HTTP/1.1" 200 9851
186.103.159.189 - - [02/May/2022:18:20:06 -0300] "GET /cormun/servlet/trsolicitudadjuntos?2022,18566, HTTP/1.1" 200 9848
186.103.159.189 - - [02/May/2022:18:20:08 -0300] "GET /cormun/servlet/solicitudotadjuntos?INS,2022,18566,,1, HTTP/1.1" 200 6051
186.103.159.189 - - [02/May/2022:18:20:08 -0300] "GET /cormun/static/about:blank HTTP/1.1" 404 1011
186.103.159.189 - - [02/May/2022:18:20:08 -0300] "GET /cormun/servlet/solicitudotadjuntos?INS,2022,18566,,1, HTTP/1.1" 200 6044
186.103.159.189 - - [02/May/2022:18:20:09 -0300] "GET /cormun/servlet/solicitudotadjuntos?71c7b8b93942f49cc161002494d9c296cb3d00bfb4e30818f99241469a0e700657d1622c7325bf3240017fe144d85334,gx-no-cache=1651525629629 HTTP/1.1" 200 30
186.103.159.189 - - [02/May/2022:18:20:09 -0300] "POST /cormun/servlet/solicitudotadjuntos?c1ed06e7e7931013ab4bb14de7bf04b4,INS,2022,18566,,1,,gx-no-cache=1651525629666 HTTP/1.1" 200 3895
186.103.159.189 - - [02/May/2022:18:20:11 -0300] "POST /cormun/servlet/solicitudotadjuntos?gx-no-cache=1651525631322 HTTP/1.1" 200 26
186.103.159.189 - - [02/May/2022:18:20:18 -0300] "GET /cormun/servlet/solicitudotadjuntos?71c7b8b93942f49cc161002494d9c296376c6987e33bbf44f82c1a243b919ea4,gx-no-cache=1651525638925 HTTP/1.1" 200 30
186.103.159.189 - - [02/May/2022:18:20:18 -0300] "GET /cormun/servlet/solicitudotadjuntos?71c7b8b93942f49cc161002494d9c296376c6987e33bbf44f82c1a243b919ea4,gx-no-cache=1651525638940 HTTP/1.1" 200 30
186.103.159.189 - - [02/May/2022:18:20:18 -0300] "POST /cormun/servlet/solicitudotadjuntos?c1ed06e7e7931013ab4bb14de7bf04b4,INS,2022,18566,,1, HTTP/1.1" 200 116
186.103.159.189 - - [02/May/2022:18:20:18 -0300] "GET /cormun/servlet/hpexe_return? HTTP/1.1" 200 1022
186.103.159.189 - - [02/May/2022:18:20:19 -0300] "GET /cormun/servlet/trsolicitudadjuntos?2022,18566, HTTP/1.1" 200 10074
186.103.159.189 - - [02/May/2022:18:20:19 -0300] "GET /cormun/servlet/trsolicitudadjuntos?2022,18566, HTTP/1.1" 200 10072
192.168.10.11 - - [02/May/2022:18:20:21 -0300] "GET / HTTP/1.1" 200 11217
186.103.159.189 - - [02/May/2022:18:20:22 -0300] "POST /cormun/servlet/trsolicitudadjuntos?c1ed06e7e7931013ab4bb14de7bf04b4,2022,18566,,gx-no-cache=1651525643083 HTTP/1.1" 200 90
186.103.159.189 - - [02/May/2022:18:20:22 -0300] "GET /cormun/servlet/hpexe_link HTTP/1.1" 200 966
186.103.159.189 - - [02/May/2022:18:20:22 -0300] "GET /cormun/servlet/trsolicitudot HTTP/1.1" 200 8623
186.103.159.189 - - [02/May/2022:18:20:23 -0300] "GET /cormun/servlet/trsolicitudot HTTP/1.1" 200 8622
186.103.159.189 - - [02/May/2022:18:20:30 -0300] "POST /cormun/servlet/trsolicitudot?c1ed06e7e7931013ab4bb14de7bf04b4,gx-no-cache=1651525650793 HTTP/1.1" 200 4552
186.103.159.189 - - [02/May/2022:18:20:30 -0300] "GET /cormun/static/Shared/jqueryui/images/ui-bg_highlight-soft_100_c6c2c8_1x100.png HTTP/1.1" 404 1117
186.103.159.189 - - [02/May/2022:18:20:30 -0300] "GET /cormun/static/Shared/jqueryui/images/ui-icons_8d78a5_256x240.png HTTP/1.1" 404 1089
186.103.159.189 - - [02/May/2022:18:20:30 -0300] "GET /cormun/static/Shared/jqueryui/images/ui-bg_flat_55_fafafa_40x100.png HTTP/1.1" 404 1097
186.103.159.189 - - [02/May/2022:18:20:30 -0300] "GET /cormun/static/Shared/jqueryui/images/ui-icons_82798d_256x240.png HTTP/1.1" 404 1089
186.103.159.189 - - [02/May/2022:18:20:30 -0300] "POST /cormun/servlet/trsolicitudot?c1ed06e7e7931013ab4bb14de7bf04b4,gx-no-cache=1651525650978 HTTP/1.1" 200 4320
186.103.159.189 - - [02/May/2022:18:20:41 -0300] "POST /cormun/servlet/trsolicitudot?c1ed06e7e7931013ab4bb14de7bf04b4,gx-no-cache=1651525661334 HTTP/1.1" 200 90
186.103.159.189 - - [02/May/2022:18:20:41 -0300] "GET /cormun/servlet/hpexe_link HTTP/1.1" 200 951
186.103.159.189 - - [02/May/2022:18:20:41 -0300] "GET /cormun/servlet/hhome HTTP/1.1" 200 3998
186.103.159.189 - - [02/May/2022:18:20:41 -0300] "GET /cormun/servlet/hhome HTTP/1.1" 200 3996
186.103.159.189 - - [02/May/2022:18:20:57 -0300] "GET /cormun/servlet/hlogin HTTP/1.1" 200 1733
186.103.159.189 - - [02/May/2022:18:21:07 -0300] "POST /cormun/servlet/hlogin?c1ed06e7e7931013ab4bb14de7bf04b4,gx-no-cache=1651525687742 HTTP/1.1" 200 430
192.168.10.11 - - [02/May/2022:18:21:21 -0300] "GET / HTTP/1.1" 200 11217
186.103.159.189 - - [02/May/2022:18:21:24 -0300] "POST /cormun/servlet/hlogin?c1ed06e7e7931013ab4bb14de7bf04b4,gx-no-cache=1651525704258 HTTP/1.1" 200 90
186.103.159.189 - - [02/May/2022:18:21:24 -0300] "GET /cormun/servlet/hpexe_link HTTP/1.1" 200 947
186.103.159.189 - - [02/May/2022:18:21:24 -0300] "GET /cormun/servlet/hhome HTTP/1.1" 200 4296
186.103.159.189 - - [02/May/2022:18:21:24 -0300] "GET /cormun/servlet/hhome HTTP/1.1" 200 4293
186.103.159.189 - - [02/May/2022:18:21:34 -0300] "GET /cormun/servlet/trautorizarsolicitud? HTTP/1.1" 200 8803
186.103.159.189 - - [02/May/2022:18:21:34 -0300] "GET /cormun/servlet/trautorizarsolicitud? HTTP/1.1" 200 8801
186.103.159.189 - - [02/May/2022:18:21:40 -0300] "POST /cormun/servlet/trautorizarsolicitud?c1ed06e7e7931013ab4bb14de7bf04b4,,gx-no-cache=1651525721111 HTTP/1.1" 200 4754
186.103.159.189 - - [02/May/2022:18:21:40 -0300] "GET /cormun/static/Shared/jqueryui/images/ui-bg_highlight-soft_100_c6c2c8_1x100.png HTTP/1.1" 404 1117
186.103.159.189 - - [02/May/2022:18:21:40 -0300] "GET /cormun/static/Shared/jqueryui/images/ui-bg_flat_55_fafafa_40x100.png HTTP/1.1" 404 1097
