190.171.144.234 - - [02/May/2022:17:35:34 -0300] "GET /cormun/servlet/trsolicitudot? HTTP/1.1" 200 8580
190.171.144.234 - - [02/May/2022:17:35:35 -0300] "GET /cormun/servlet/trsolicitudot? HTTP/1.1" 200 8573
190.171.144.234 - - [02/May/2022:17:35:39 -0300] "GET /cormun/servlet/treventos?2022,18593, HTTP/1.1" 200 6056
190.171.144.234 - - [02/May/2022:17:35:39 -0300] "GET /cormun/static/gxcfg.js?20201215584657 HTTP/1.1" 200 953
190.171.144.234 - - [02/May/2022:17:35:39 -0300] "GET /cormun/static/treventos.js?2020121558506 HTTP/1.1" 200 16064
190.171.144.234 - - [02/May/2022:17:35:39 -0300] "GET /cormun/servlet/treventos?2022,18593, HTTP/1.1" 200 6056
190.171.144.234 - - [02/May/2022:17:35:45 -0300] "GET /cormun/servlet/trsolicitudot? HTTP/1.1" 200 8580
190.171.144.234 - - [02/May/2022:17:35:46 -0300] "GET /cormun/servlet/trsolicitudot? HTTP/1.1" 200 8573
190.171.141.90 - - [02/May/2022:17:35:48 -0300] "POST /cormun/servlet/solicitudot?gx-no-cache=1651522968054 HTTP/1.1" 200 97
190.171.144.234 - - [02/May/2022:17:35:57 -0300] "POST /cormun/servlet/trsolicitudot?a450a5ad7b38b0a4d54c5fd46a4b2f23,,gx-no-cache=1651522978684 HTTP/1.1" 200 113
190.171.144.234 - - [02/May/2022:17:35:57 -0300] "GET /cormun/servlet/solicitudot?UPD,2022,18593,false, HTTP/1.1" 200 16281
190.171.144.234 - - [02/May/2022:17:35:58 -0300] "GET /cormun/servlet/solicitudot?UPD,2022,18593,false, HTTP/1.1" 200 16292
190.171.144.234 - - [02/May/2022:17:35:58 -0300] "POST /cormun/servlet/solicitudot?gx-no-cache=1651522980030 HTTP/1.1" 200 3942
190.171.144.234 - - [02/May/2022:17:35:58 -0300] "POST /cormun/servlet/solicitudot?a450a5ad7b38b0a4d54c5fd46a4b2f23,UPD,2022,18593,false,,gx-no-cache=1651522980153 HTTP/1.1" 200 12570
190.171.144.234 - - [02/May/2022:17:35:58 -0300] "GET /cormun/servlet/solicitudot?dc5bcc90b84c2ced96644b859fa567920a3426e4506e5a68889d55e6d148a236b994f316ae969980b81ed1a90717e5df,gx-no-cache=1651522980359 HTTP/1.1" 200 30
190.171.144.234 - - [02/May/2022:17:35:58 -0300] "GET /cormun/servlet/solicitudot?dc5bcc90b84c2ced96644b859fa56792ac1c35e6b296f21957889fc601e5ad3a006ce8ea542d756dbf017bb3b30dbb51653d40b50001fe66f9727838cb2b91ca,gx-no-cache=1651522980382 HTTP/1.1" 200 30
190.171.144.234 - - [02/May/2022:17:35:58 -0300] "GET /cormun/servlet/solicitudot?dc5bcc90b84c2ced96644b859fa56792d386c89918f6457dca950008666809ee2ba3b62ec1a00afd02297efcf9856b75d4e02691aacf385f8f3d929142b48144,gx-no-cache=1651522980403 HTTP/1.1" 200 53
190.171.144.234 - - [02/May/2022:17:35:58 -0300] "POST /cormun/servlet/solicitudot?gx-no-cache=1651522980425 HTTP/1.1" 200 297
190.171.144.234 - - [02/May/2022:17:35:58 -0300] "GET /cormun/servlet/solicitudot?dc5bcc90b84c2ced96644b859fa56792cf72e7f62d76ced404693f9b7e00e1d0b47c7b6aa63137e2a6089d08cbbcb7d98fe2dc1b40f6df26d02ec7649bc7b189e17247325c4ea0c345f45a9e09fde668748a7b79109a6b289067db9dc260227dd6dc78cd4b8cf687ff35c3b3189ed52e8fb1eac8b7c2dfddac41640d968a611663898b64ec80587351c1d9b3ee4dab949b91c8b5ed836023c07215be4bf7266b43e5867a88123a6e5d34ec84cea155079d1138711d9e0f9dcf46665c2c1b9c9649938825933511c5f7a65666e22b321f58c04bc1274ec462340651e9348d3b8a82803ede76f000573a9b820d2a53f4555b57a7f8d1f4e6aaa67baa6ca4ec3ca417865d0de317aa69cb571127fb8532074f983b323e042dc7b56d76cfde3bf6112349f5d730fe3810675fe53754a43cb1189c52e930ef1007b4fcc0655e6d7e9f88d66442648d3a0ee5ac292d07769d5f5ee59948b17fc13b7f912d536cbe29fa120f9265dcd6a42f1fe7b6f0cd14fc68557960e7a5b1877f1e24c043ccf69e747b5fcb8e5d64de169ec4214846bec0d4,gx-no-cache=1651522980453 HTTP/1.1" 200 30
190.171.144.234 - - [02/May/2022:17:35:58 -0300] "POST /cormun/servlet/solicitudot?gx-no-cache=1651522980475 HTTP/1.1" 200 30
190.171.144.234 - - [02/May/2022:17:35:58 -0300] "POST /cormun/servlet/solicitudot?gx-no-cache=1651522980505 HTTP/1.1" 200 1454
190.171.144.234 - - [02/May/2022:17:35:58 -0300] "POST /cormun/servlet/solicitudot?gx-no-cache=1651522980536 HTTP/1.1" 200 41
190.171.141.90 - - [02/May/2022:17:36:05 -0300] "GET /cormun/servlet/solicitudot?ec00fa34589e9f9b29b59c862389332e28605d1cfa320d84688669fe68243c3af92a4cd256c89ed5bd792e500ca61194,gx-no-cache=1651522984723 HTTP/1.1" 200 134
190.171.144.234 - - [02/May/2022:17:36:12 -0300] "GET /cormun/servlet/trsolicitudot? HTTP/1.1" 200 8580
190.171.144.234 - - [02/May/2022:17:36:13 -0300] "GET /cormun/servlet/trsolicitudot? HTTP/1.1" 200 8573
190.171.144.234 - - [02/May/2022:17:36:20 -0300] "POST /cormun/servlet/trsolicitudot?a450a5ad7b38b0a4d54c5fd46a4b2f23,,gx-no-cache=1651523002317 HTTP/1.1" 200 4564
190.171.144.234 - - [02/May/2022:17:36:20 -0300] "GET /cormun/static/Shared/jqueryui/images/ui-bg_highlight-soft_100_c6c2c8_1x100.png HTTP/1.1" 404 1117
190.171.144.234 - - [02/May/2022:17:36:20 -0300] "GET /cormun/static/Shared/jqueryui/images/ui-icons_82798d_256x240.png HTTP/1.1" 404 1089
190.171.144.234 - - [02/May/2022:17:36:20 -0300] "GET /cormun/static/Shared/jqueryui/images/ui-bg_flat_55_fafafa_40x100.png HTTP/1.1" 404 1097
190.171.144.234 - - [02/May/2022:17:36:20 -0300] "GET /cormun/static/Shared/jqueryui/images/ui-icons_8d78a5_256x240.png HTTP/1.1" 404 1089
190.171.144.234 - - [02/May/2022:17:36:20 -0300] "POST /cormun/servlet/trsolicitudot?a450a5ad7b38b0a4d54c5fd46a4b2f23,,gx-no-cache=1651523002513 HTTP/1.1" 200 4343
192.168.10.11 - - [02/May/2022:17:36:21 -0300] "GET / HTTP/1.1" 200 11217
190.171.141.90 - - [02/May/2022:17:36:55 -0300] "GET /cormun/servlet/solicitudot?ec00fa34589e9f9b29b59c862389332e3352b90e406b034e0c7c8af6192b0ab942a97aee73881fdecddcbfad6e92aab5,gx-no-cache=1651523035634 HTTP/1.1" 200 30
192.168.10.11 - - [02/May/2022:17:37:21 -0300] "GET / HTTP/1.1" 200 11217
190.171.144.234 - - [02/May/2022:17:37:31 -0300] "GET /cormun/static/Shared/jqueryui/images/ui-bg_highlight-soft_100_eae6ea_1x100.png HTTP/1.1" 404 1117
190.171.144.234 - - [02/May/2022:17:37:47 -0300] "POST /cormun/servlet/trsolicitudot?a450a5ad7b38b0a4d54c5fd46a4b2f23,,gx-no-cache=1651523089287 HTTP/1.1" 200 5726
190.171.144.234 - - [02/May/2022:17:37:52 -0300] "GET /cormun/static/menuarrow.gif HTTP/1.1" 404 1015
200.54.107.2 - - [02/May/2022:17:37:56 -0300] "GET /cormun/servlet/hlogin HTTP/1.1" 200 1726
190.171.144.234 - - [02/May/2022:17:37:59 -0300] "POST /cormun/servlet/trsolicitudot?a450a5ad7b38b0a4d54c5fd46a4b2f23,,gx-no-cache=1651523101520 HTTP/1.1" 200 5728
200.54.107.2 - - [02/May/2022:17:38:09 -0300] "POST /cormun/servlet/hlogin?030d837d28151c1d7b4faec0daf8242d,gx-no-cache=1651523112218 HTTP/1.1" 200 90
200.54.107.2 - - [02/May/2022:17:38:09 -0300] "GET /cormun/servlet/hpexe_link HTTP/1.1" 200 951
200.54.107.2 - - [02/May/2022:17:38:09 -0300] "GET /cormun/servlet/hhome HTTP/1.1" 200 4351
200.54.107.2 - - [02/May/2022:17:38:10 -0300] "GET /cormun/servlet/hhome HTTP/1.1" 200 4347
190.171.144.234 - - [02/May/2022:17:38:11 -0300] "POST /cormun/servlet/trsolicitudot?a450a5ad7b38b0a4d54c5fd46a4b2f23,,gx-no-cache=1651523113041 HTTP/1.1" 200 13143
200.54.107.2 - - [02/May/2022:17:38:14 -0300] "GET /cormun/servlet/trpermisosgoce? HTTP/1.1" 200 12124
200.54.107.2 - - [02/May/2022:17:38:14 -0300] "GET /cormun/servlet/trpermisosgoce? HTTP/1.1" 200 12122
190.171.141.90 - - [02/May/2022:17:38:16 -0300] "GET /cormun/static/menuarrow.gif HTTP/1.1" 404 1015
200.54.107.2 - - [02/May/2022:17:38:17 -0300] "GET /cormun/servlet/permisogoce?INS,0,,, HTTP/1.1" 200 7247
200.54.107.2 - - [02/May/2022:17:38:18 -0300] "GET /cormun/servlet/permisogoce?INS,0,,, HTTP/1.1" 200 7246
192.168.10.11 - - [02/May/2022:17:38:21 -0300] "GET / HTTP/1.1" 200 11217
190.171.141.90 - - [02/May/2022:17:38:27 -0300] "POST /cormun/servlet/solicitudot?gx-no-cache=1651523127003 HTTP/1.1" 200 30
200.54.107.2 - - [02/May/2022:17:38:36 -0300] "GET /cormun/servlet/permisogoce?e9f6bf2f37c085cbc2c40bff23b5aad983ce049916b420fbc9de2ecb8aac82484a94c2e58336f8fcccfa640133dcb98300be0591dcee8d11d54d36ab58d1fa9f,gx-no-cache=1651523139496 HTTP/1.1" 200 82
200.54.107.2 - - [02/May/2022:17:38:36 -0300] "GET /cormun/static/menuarrow.gif HTTP/1.1" 404 1015
200.54.107.2 - - [02/May/2022:17:38:41 -0300] "GET /cormun/servlet/permisogoce?e9f6bf2f37c085cbc2c40bff23b5aad9158bea0eb47aa18ef74a8d06a512f079798bbd227db6cc32b6845cdaa56ab238864fe2d0b795f8c88e5b016e9c77c572,gx-no-cache=1651523144850 HTTP/1.1" 200 47
200.54.107.2 - - [02/May/2022:17:38:44 -0300] "POST /cormun/servlet/permisogoce?030d837d28151c1d7b4faec0daf8242d,INS,0,,,,gx-no-cache=1651523147291 HTTP/1.1" 200 93
200.54.107.2 - - [02/May/2022:17:38:44 -0300] "GET /cormun/servlet/hpexe_return? HTTP/1.1" 200 1009
200.54.107.2 - - [02/May/2022:17:38:44 -0300] "GET /cormun/servlet/trpermisosgoce HTTP/1.1" 200 12335
200.54.107.2 - - [02/May/2022:17:38:45 -0300] "GET /cormun/servlet/trpermisosgoce HTTP/1.1" 200 12330
200.54.107.2 - - [02/May/2022:17:38:48 -0300] "GET /cormun/servlet/apermisogoceprn?16925386,P,20220502162226,PU HTTP/1.1" 200 1651
190.171.144.234 - - [02/May/2022:17:39:05 -0300] "GET /cormun/servlet/hlogin HTTP/1.1" 200 1742
190.171.141.82 - - [02/May/2022:17:39:17 -0300] "GET /cormun/servlet/hlogin HTTP/1.1" 200 1741
192.168.10.11 - - [02/May/2022:17:39:21 -0300] "GET / HTTP/1.1" 200 11217
190.171.144.234 - - [02/May/2022:17:39:31 -0300] "GET /cormun/servlet/hlogin HTTP/1.1" 200 1726
200.54.107.2 - - [02/May/2022:17:39:33 -0300] "GET /cormun/servlet/apermisogoceprn?16925386,P,20220502162226,PU HTTP/1.1" 200 1652
190.171.144.234 - - [02/May/2022:17:39:34 -0300] "POST /cormun/servlet/hlogin?2938a17b1254597d0f7a36b723f4f16b,gx-no-cache=1651523194462 HTTP/1.1" 200 90
190.171.144.234 - - [02/May/2022:17:39:34 -0300] "GET /cormun/servlet/hpexe_link HTTP/1.1" 200 954
190.171.144.234 - - [02/May/2022:17:39:34 -0300] "GET /cormun/servlet/hhome HTTP/1.1" 200 3988
190.171.144.234 - - [02/May/2022:17:39:34 -0300] "GET /cormun/servlet/hhome HTTP/1.1" 200 3984
190.171.144.234 - - [02/May/2022:17:39:46 -0300] "GET /cormun/servlet/trvisualizadoreventos? HTTP/1.1" 200 6723
190.171.144.234 - - [02/May/2022:17:39:47 -0300] "GET /cormun/static/gxui/gxui-all.css?110300 HTTP/1.1" 200 2179
190.171.144.234 - - [02/May/2022:17:39:47 -0300] "GET /cormun/static/calendar-system.css?75620 HTTP/1.1" 200 5572
190.171.144.234 - - [02/May/2022:17:39:47 -0300] "GET /cormun/static/gxcfg.js?20199142243133 HTTP/1.1" 200 953
190.171.144.234 - - [02/May/2022:17:39:47 -0300] "GET /cormun/static/trvisualizadoreventos.js?201991422431650 HTTP/1.1" 200 19318
190.171.144.234 - - [02/May/2022:17:39:47 -0300] "GET /cormun/static/Resources/PXToolsActionPrint.png HTTP/1.1" 200 404
190.171.144.234 - - [02/May/2022:17:39:47 -0300] "GET /cormun/static/Shared/ext/resources/css/ext-all.css?205870 HTTP/1.1" 200 416045
190.171.144.234 - - [02/May/2022:17:39:48 -0300] "GET /cormun/servlet/trvisualizadoreventos? HTTP/1.1" 200 6722
190.171.144.234 - - [02/May/2022:17:39:50 -0300] "POST /cormun/servlet/hlogin?a450a5ad7b38b0a4d54c5fd46a4b2f23,gx-no-cache=1651523211871 HTTP/1.1" 200 90
190.171.144.234 - - [02/May/2022:17:39:50 -0300] "GET /cormun/servlet/hpexe_link HTTP/1.1" 200 959
190.171.144.234 - - [02/May/2022:17:39:50 -0300] "GET /cormun/servlet/trsolicitudot? HTTP/1.1" 200 15852
190.171.144.234 - - [02/May/2022:17:39:51 -0300] "GET /cormun/servlet/trsolicitudot? HTTP/1.1" 200 15850
190.171.144.234 - - [02/May/2022:17:40:02 -0300] "GET /cormun/servlet/trsolicitudot? HTTP/1.1" 200 7206
190.171.144.234 - - [02/May/2022:17:40:02 -0300] "GET /cormun/static/gxcfg.js?201991910464971 HTTP/1.1" 200 953
190.171.144.234 - - [02/May/2022:17:40:02 -0300] "GET /cormun/static/trsolicitudot.js?201991910465845 HTTP/1.1" 200 54041
190.171.144.234 - - [02/May/2022:17:40:03 -0300] "GET /cormun/servlet/trsolicitudot? HTTP/1.1" 200 7206
190.171.144.234 - - [02/May/2022:17:40:04 -0300] "POST /cormun/servlet/trsolicitudot?a450a5ad7b38b0a4d54c5fd46a4b2f23,,gx-no-cache=1651523225565 HTTP/1.1" 200 5721
190.171.149.74 - - [02/May/2022:17:40:08 -0300] "POST /cormun/servlet/trlicencias?5fe4080777aace4710840b6207062b4e,gx-no-cache=1651523228865 HTTP/1.1" 200 9619
190.171.142.26 - - [02/May/2022:17:40:15 -0300] "GET /cormun/servlet/hlogin HTTP/1.1" 200 1732
192.168.10.11 - - [02/May/2022:17:40:21 -0300] "GET / HTTP/1.1" 200 11217
190.171.142.26 - - [02/May/2022:17:40:24 -0300] "POST /cormun/servlet/hlogin?01a0faad2836d549fb3c1b08cbddc1ca,gx-no-cache=1651523244376 HTTP/1.1" 200 90
190.171.142.26 - - [02/May/2022:17:40:24 -0300] "GET /cormun/servlet/hpexe_link HTTP/1.1" 200 957
190.171.142.26 - - [02/May/2022:17:40:24 -0300] "GET /cormun/servlet/hhome HTTP/1.1" 200 3977
190.171.142.26 - - [02/May/2022:17:40:24 -0300] "GET /cormun/servlet/hhome HTTP/1.1" 200 3973
190.171.142.26 - - [02/May/2022:17:40:27 -0300] "GET /cormun/servlet/trpermisosgoce? HTTP/1.1" 200 17094
190.171.142.26 - - [02/May/2022:17:40:28 -0300] "GET /cormun/servlet/trpermisosgoce? HTTP/1.1" 200 17092
190.171.142.26 - - [02/May/2022:17:40:32 -0300] "GET /cormun/servlet/permisogoce?INS,0,,, HTTP/1.1" 200 6838
190.171.142.26 - - [02/May/2022:17:40:33 -0300] "GET /cormun/servlet/permisogoce?INS,0,,, HTTP/1.1" 200 6838
190.171.142.26 - - [02/May/2022:17:40:44 -0300] "GET /cormun/servlet/permisogoce?ea5f5a26f353a48e2efafd1b895746b8cb1ddb546dc210323cb34ec020642a0a5cca0211e09bbce4d8a06973536a4a6bada8a301caab850d02509cebf8d1b935,gx-no-cache=1651523264867 HTTP/1.1" 200 81
190.171.142.26 - - [02/May/2022:17:40:47 -0300] "GET /cormun/static/menuarrow.gif HTTP/1.1" 404 1015
190.171.142.26 - - [02/May/2022:17:41:03 -0300] "GET /cormun/servlet/permisogoce?ea5f5a26f353a48e2efafd1b895746b8e021662212b6739a31cbb0a7cbb051adea2b595cb1a23d8f1ca26ce4c370cc90235ca0eadaa8e75b18c55c7c1c8f39f5,gx-no-cache=1651523283783 HTTP/1.1" 200 47
190.171.144.234 - - [02/May/2022:17:41:09 -0300] "GET /cormun/servlet/trsolicitudot? HTTP/1.1" 200 7206
190.171.144.234 - - [02/May/2022:17:41:09 -0300] "GET /cormun/servlet/trsolicitudot? HTTP/1.1" 200 7206
190.171.141.90 - - [02/May/2022:17:41:10 -0300] "GET /cormun/servlet/solicitudot?ec00fa34589e9f9b29b59c862389332e86c60c8b04a013ee7430645c2d9f7ceb,gx-no-cache=1651523290466 HTTP/1.1" 200 29
190.171.144.234 - - [02/May/2022:17:41:14 -0300] "GET /cormun/servlet/trvisualizadoreventos? HTTP/1.1" 200 6723
190.171.144.234 - - [02/May/2022:17:41:14 -0300] "GET /cormun/servlet/trvisualizadoreventos? HTTP/1.1" 200 6722
190.171.142.26 - - [02/May/2022:17:41:15 -0300] "POST /cormun/servlet/permisogoce?01a0faad2836d549fb3c1b08cbddc1ca,INS,0,,,,gx-no-cache=1651523294606 HTTP/1.1" 200 93
190.171.142.26 - - [02/May/2022:17:41:15 -0300] "GET /cormun/servlet/hpexe_return? HTTP/1.1" 200 1017
190.171.142.26 - - [02/May/2022:17:41:15 -0300] "GET /cormun/servlet/trpermisosgoce HTTP/1.1" 200 17316
190.171.142.26 - - [02/May/2022:17:41:16 -0300] "GET /cormun/servlet/trpermisosgoce HTTP/1.1" 200 17311
190.171.144.234 - - [02/May/2022:17:41:19 -0300] "POST /cormun/servlet/trvisualizadoreventos?2938a17b1254597d0f7a36b723f4f16b,,gx-no-cache=1651523299453 HTTP/1.1" 200 4362
192.168.10.11 - - [02/May/2022:17:41:21 -0300] "GET / HTTP/1.1" 200 11217
213.226.123.30 - - [02/May/2022:17:41:24 -0300] "GET /console/ HTTP/1.1" 404 977
190.171.142.26 - - [02/May/2022:17:41:31 -0300] "GET /cormun/servlet/apermisogoceprn?13947002,P,20220502162441,PU HTTP/1.1" 200 1661
190.171.144.234 - - [02/May/2022:17:41:38 -0300] "POST /cormun/servlet/trvisualizadoreventos?2938a17b1254597d0f7a36b723f4f16b,,gx-no-cache=1651523318533 HTTP/1.1" 200 4362
190.171.144.234 - - [02/May/2022:17:41:39 -0300] "POST /cormun/servlet/trvisualizadoreventos?2938a17b1254597d0f7a36b723f4f16b,,gx-no-cache=1651523319735 HTTP/1.1" 200 4362
190.171.141.90 - - [02/May/2022:17:41:42 -0300] "GET /cormun/static/Resources/resize.gif HTTP/1.1" 200 77
190.171.141.90 - - [02/May/2022:17:41:42 -0300] "GET /cormun/static/Resources/PXTools/ClosePrompt.png HTTP/1.1" 200 1036
190.171.141.90 - - [02/May/2022:17:41:42 -0300] "GET /cormun/servlet/prbanco?,MD,,gxPopupLevel%3D0%3B HTTP/1.1" 200 6376
190.171.141.90 - - [02/May/2022:17:41:42 -0300] "GET /cormun/static/gxcfg.js?20201216131581 HTTP/1.1" 200 953
190.171.141.90 - - [02/May/2022:17:41:42 -0300] "GET /cormun/static/menusearch.js?20201214473581 HTTP/1.1" 200 1424
190.171.141.90 - - [02/May/2022:17:41:42 -0300] "GET /cormun/static/prbanco.js?20201216132311 HTTP/1.1" 200 10693
190.171.141.90 - - [02/May/2022:17:41:42 -0300] "GET /cormun/static/hmpwkw011.js?20201215495555 HTTP/1.1" 200 1968
190.171.141.90 - - [02/May/2022:17:41:42 -0300] "GET /cormun/static/Resources/PXToolsMenuSearch.png HTTP/1.1" 200 336
190.171.141.90 - - [02/May/2022:17:41:42 -0300] "GET /cormun/static/Resources/PXToolsMenuSearchCancel.png HTTP/1.1" 200 306
190.171.141.90 - - [02/May/2022:17:41:43 -0300] "POST /cormun/servlet/acontrolpreferencessavestate?None,SCONTRERAS,true HTTP/1.1" 200 35
190.171.144.234 - - [02/May/2022:17:41:52 -0300] "POST /cormun/servlet/trvisualizadoreventos?2938a17b1254597d0f7a36b723f4f16b,,gx-no-cache=1651523332371 HTTP/1.1" 200 4009
190.171.144.234 - - [02/May/2022:17:41:54 -0300] "POST /cormun/servlet/trvisualizadoreventos?2938a17b1254597d0f7a36b723f4f16b,,gx-no-cache=1651523334367 HTTP/1.1" 200 4009
190.171.144.234 - - [02/May/2022:17:41:56 -0300] "POST /cormun/servlet/trvisualizadoreventos?2938a17b1254597d0f7a36b723f4f16b,,gx-no-cache=1651523336223 HTTP/1.1" 200 4009
190.171.144.234 - - [02/May/2022:17:41:59 -0300] "POST /cormun/servlet/trvisualizadoreventos?2938a17b1254597d0f7a36b723f4f16b,,gx-no-cache=1651523339928 HTTP/1.1" 200 4006
190.171.144.234 - - [02/May/2022:17:42:02 -0300] "POST /cormun/servlet/trvisualizadoreventos?2938a17b1254597d0f7a36b723f4f16b,,gx-no-cache=1651523343077 HTTP/1.1" 200 4362
190.171.142.26 - - [02/May/2022:17:42:12 -0300] "GET /cormun/servlet/trlicencias? HTTP/1.1" 200 14300
190.171.142.26 - - [02/May/2022:17:42:13 -0300] "GET /cormun/servlet/trlicencias? HTTP/1.1" 200 14301
192.168.10.11 - - [02/May/2022:17:42:21 -0300] "GET / HTTP/1.1" 200 11217
190.171.141.90 - - [02/May/2022:17:42:26 -0300] "GET /cormun/servlet/solicitudot?ec00fa34589e9f9b29b59c862389332ea3ac7c50ba7621ea79d48ca49a6b77fa,gx-no-cache=1651523365916 HTTP/1.1" 200 53
190.171.141.90 - - [02/May/2022:17:42:26 -0300] "POST /cormun/servlet/solicitudot?gx-no-cache=1651523365952 HTTP/1.1" 200 240
190.171.141.90 - - [02/May/2022:17:42:26 -0300] "GET /cormun/servlet/solicitudot?ec00fa34589e9f9b29b59c862389332e31212d9defe3a6ada19e61c6d3793cc95343b27ab531ad9f505fe2aa71e19438f7d1d8729fad77025934a71dffe2147902dea31e6731cb70f9f1d79a54f7d69322324d8229624baf21bd29d5bcd59256611f597864780e0ed6bc3854d4b4d07e6414a022505d973315c8807bc9e793ac77660f50a262bcefed65f26785d28908914f5a76f488c39b8124fa776aea5c87eff2482cf3083e3827cca752c62bd27212708574426a18da2864bb299af7c5d7f07b634226f8c27534f28a1ebf11bfeb376c335b9210f16a502d359517a0710cb48cf5b70d83cbc05b30a5057eb3ea6d94e311b66dc7e60a5860c5d61abf5dd8adcfd1e85386b129ea55a3b7c95d78a90544b9fa6887a36196d5507bbc43d8b96cade5714bf81911215897db08cc4dd53c24911854a3e7a4237b97d7abdd427aae824bcba457d9b23f55a3d4ec9223baacaaa9e4afc280e4b0fcefc0149de1e1ed989b3a659762e66604b731b8cf921e067752574ac44782ae733ac602896243,gx-no-cache=1651523365991 HTTP/1.1" 200 30
190.171.141.90 - - [02/May/2022:17:42:26 -0300] "POST /cormun/servlet/solicitudot?gx-no-cache=1651523366014 HTTP/1.1" 200 30
190.171.141.90 - - [02/May/2022:17:42:26 -0300] "POST /cormun/servlet/solicitudot?gx-no-cache=1651523366044 HTTP/1.1" 200 1454
190.171.141.90 - - [02/May/2022:17:42:26 -0300] "POST /cormun/servlet/solicitudot?gx-no-cache=1651523366084 HTTP/1.1" 200 41
190.171.141.90 - - [02/May/2022:17:42:26 -0300] "GET /cormun/servlet/solicitudot?ec00fa34589e9f9b29b59c862389332e95392426584e4d6166428bb83a6ea534f1a15483cac19a811ed3df6c1a3fd0b04580398b666941317380a8e94798f0f7f9370195f2d8e4d8eae9e3cf9f182d042f102a99fc786b6a212a404c78f295dda74338cdf9702c68c9ad22919c73cd5b,gx-no-cache=1651523366106 HTTP/1.1" 200 110
190.171.141.90 - - [02/May/2022:17:42:26 -0300] "POST /cormun/servlet/solicitudot?gx-no-cache=1651523366132 HTTP/1.1" 200 97
190.171.141.90 - - [02/May/2022:17:42:26 -0300] "GET /cormun/servlet/solicitudot?ec00fa34589e9f9b29b59c862389332e3352b90e406b034e0c7c8af6192b0ab942a97aee73881fdecddcbfad6e92aab5,gx-no-cache=1651523366164 HTTP/1.1" 200 30
190.171.141.90 - - [02/May/2022:17:42:26 -0300] "POST /cormun/servlet/solicitudot?gx-no-cache=1651523366188 HTTP/1.1" 200 30
190.171.141.90 - - [02/May/2022:17:42:32 -0300] "POST /cormun/servlet/solicitudot?ae736d80f4c0a8525addbec4620d7e23,INS,0,0,false,,gx-no-cache=1651523371431 HTTP/1.1" 200 93
190.171.141.90 - - [02/May/2022:17:42:32 -0300] "GET /cormun/servlet/hpexe_return? HTTP/1.1" 200 1011
190.171.141.90 - - [02/May/2022:17:42:32 -0300] "GET /cormun/static/gxcfg.js?201991422392976 HTTP/1.1" 200 953
190.171.141.90 - - [02/May/2022:17:42:32 -0300] "GET /cormun/static/hpexe_return.js?201991422392984 HTTP/1.1" 200 1633
190.171.141.90 - - [02/May/2022:17:42:32 -0300] "GET /cormun/servlet/trsolicitudot HTTP/1.1" 200 8737
190.171.141.90 - - [02/May/2022:17:42:32 -0300] "GET /cormun//static/Resources/PXToolsActionView.png HTTP/1.1" 200 398
190.171.141.90 - - [02/May/2022:17:42:32 -0300] "GET /cormun//static/Resources/PXToolsGridUpdate.png HTTP/1.1" 200 470
190.171.141.90 - - [02/May/2022:17:42:32 -0300] "GET /cormun//static/Resources/PXToolsRemoveAllAction.png HTTP/1.1" 200 487
190.171.141.90 - - [02/May/2022:17:42:32 -0300] "GET /cormun/servlet/trsolicitudot HTTP/1.1" 200 8731
190.171.144.234 - - [02/May/2022:17:42:49 -0300] "GET /cormun/servlet/trvisualizadoreventos? HTTP/1.1" 200 6728
190.171.144.234 - - [02/May/2022:17:42:49 -0300] "GET /cormun/static/gxcfg.js?20199142243133 HTTP/1.1" 200 953
190.171.144.234 - - [02/May/2022:17:42:49 -0300] "GET /cormun/static/Resources/PXToolsActionPrint.png HTTP/1.1" 200 404
190.171.144.234 - - [02/May/2022:17:42:49 -0300] "GET /cormun/static/trvisualizadoreventos.js?201991422431650 HTTP/1.1" 200 19318
190.171.144.234 - - [02/May/2022:17:42:49 -0300] "GET /cormun/servlet/trvisualizadoreventos? HTTP/1.1" 200 6727
190.171.144.234 - - [02/May/2022:17:42:53 -0300] "GET /cormun/servlet/trsolicitudot? HTTP/1.1" 200 8578
190.171.144.234 - - [02/May/2022:17:42:53 -0300] "GET /cormun/servlet/trsolicitudot? HTTP/1.1" 200 8577
190.171.144.234 - - [02/May/2022:17:42:57 -0300] "GET /cormun/servlet/trsolicitudot? HTTP/1.1" 200 7206
190.171.144.234 - - [02/May/2022:17:42:58 -0300] "GET /cormun/servlet/trsolicitudot? HTTP/1.1" 200 7206
190.171.144.234 - - [02/May/2022:17:43:07 -0300] "POST /cormun/servlet/trsolicitudot?2938a17b1254597d0f7a36b723f4f16b,,gx-no-cache=1651523407723 HTTP/1.1" 200 5719
190.171.144.234 - - [02/May/2022:17:43:07 -0300] "GET /cormun//static/Resources/PXToolsActionView.png HTTP/1.1" 200 398
190.171.144.234 - - [02/May/2022:17:43:07 -0300] "GET /cormun//static/Resources/PXToolsGridUpdate.png HTTP/1.1" 200 470
190.171.144.234 - - [02/May/2022:17:43:07 -0300] "GET /cormun//static/Resources/PXToolsGridDelete.png HTTP/1.1" 200 538
190.171.144.234 - - [02/May/2022:17:43:07 -0300] "GET /cormun//static/Resources/PXToolsRemoveAllAction.png HTTP/1.1" 200 487
192.168.10.11 - - [02/May/2022:17:43:21 -0300] "GET / HTTP/1.1" 200 11217
207.46.13.3 - - [02/May/2022:17:43:21 -0300] "GET /cormun/servlet/trlicenciaspermisoslog?16491258,L,20190417000000,_escaped_fragment_%3D&_escaped_fragment_= HTTP/1.1" 200 5251
190.171.144.234 - - [02/May/2022:17:43:26 -0300] "POST /cormun/servlet/trsolicitudot?2938a17b1254597d0f7a36b723f4f16b,,gx-no-cache=1651523426681 HTTP/1.1" 200 5698
190.171.144.234 - - [02/May/2022:17:43:30 -0300] "POST /cormun/servlet/trsolicitudot?2938a17b1254597d0f7a36b723f4f16b,,gx-no-cache=1651523430471 HTTP/1.1" 200 5697
190.171.144.234 - - [02/May/2022:17:43:41 -0300] "POST /cormun/servlet/trsolicitudot?2938a17b1254597d0f7a36b723f4f16b,,gx-no-cache=1651523441653 HTTP/1.1" 200 5696
190.171.144.234 - - [02/May/2022:17:43:43 -0300] "POST /cormun/servlet/trsolicitudot?2938a17b1254597d0f7a36b723f4f16b,,gx-no-cache=1651523443616 HTTP/1.1" 200 5698
190.171.144.234 - - [02/May/2022:17:43:44 -0300] "POST /cormun/servlet/trsolicitudot?2938a17b1254597d0f7a36b723f4f16b,,gx-no-cache=1651523444296 HTTP/1.1" 200 5698
190.171.144.234 - - [02/May/2022:17:43:52 -0300] "POST /cormun/servlet/trsolicitudot?a450a5ad7b38b0a4d54c5fd46a4b2f23,,gx-no-cache=1651523454014 HTTP/1.1" 200 6687
190.171.141.90 - - [02/May/2022:17:44:17 -0300] "GET /cormun/servlet/solicitudot?INS,0,0,false, HTTP/1.1" 200 15832
190.171.141.90 - - [02/May/2022:17:44:18 -0300] "GET /cormun/servlet/solicitudot?INS,0,0,false, HTTP/1.1" 200 15840
192.168.10.11 - - [02/May/2022:17:44:21 -0300] "GET / HTTP/1.1" 200 11217
190.171.144.234 - - [02/May/2022:17:44:23 -0300] "GET /cormun/servlet/hlogin HTTP/1.1" 200 1745
190.171.141.90 - - [02/May/2022:17:44:34 -0300] "POST /cormun/servlet/solicitudot?gx-no-cache=1651523493606 HTTP/1.1" 200 3934
190.171.141.90 - - [02/May/2022:17:44:34 -0300] "GET /cormun/static/Shared/jqueryui/images/ui-bg_highlight-soft_100_c6c2c8_1x100.png HTTP/1.1" 404 1117
190.171.141.90 - - [02/May/2022:17:44:34 -0300] "GET /cormun/static/Shared/jqueryui/images/ui-icons_82798d_256x240.png HTTP/1.1" 404 1089
190.171.141.90 - - [02/May/2022:17:44:34 -0300] "GET /cormun/static/Shared/jqueryui/images/ui-icons_ebccce_256x240.png HTTP/1.1" 404 1089
190.171.141.90 - - [02/May/2022:17:44:34 -0300] "GET /cormun/static/Shared/jqueryui/images/ui-bg_flat_55_994d53_40x100.png HTTP/1.1" 404 1097
190.171.141.90 - - [02/May/2022:17:44:42 -0300] "GET /cormun/servlet/prfichaempleado?,MD,,gxPopupLevel%3D0%3B HTTP/1.1" 200 9110
190.171.141.90 - - [02/May/2022:17:44:42 -0300] "GET /cormun/static/gxcfg.js?20201215571085 HTTP/1.1" 200 953
190.171.141.90 - - [02/May/2022:17:44:42 -0300] "GET /cormun/static/prfichaempleado.js?20201215572193 HTTP/1.1" 200 16006
190.171.144.234 - - [02/May/2022:17:44:46 -0300] "GET /cormun/servlet/hlogin HTTP/1.1" 200 1739
190.171.141.90 - - [02/May/2022:17:45:07 -0300] "POST /cormun/servlet/prfichaempleado?ae736d80f4c0a8525addbec4620d7e23,,MD,,gxPopupLevel%3D0%3B,gx-no-cache=1651523527000 HTTP/1.1" 200 3185
190.171.141.90 - - [02/May/2022:17:45:11 -0300] "POST /cormun/servlet/solicitudot?gx-no-cache=1651523530993 HTTP/1.1" 200 3937
190.171.141.90 - - [02/May/2022:17:45:11 -0300] "GET /cormun/servlet/solicitudot?ec00fa34589e9f9b29b59c862389332ec3a7d8823a467396dc3c92b758e0c6de0f0f787027894448f7b000c306f4b709,gx-no-cache=1651523531157 HTTP/1.1" 200 30
190.171.144.234 - - [02/May/2022:17:45:12 -0300] "POST /cormun/servlet/hlogin?2938a17b1254597d0f7a36b723f4f16b,gx-no-cache=1651523532854 HTTP/1.1" 200 452
192.168.10.11 - - [02/May/2022:17:45:21 -0300] "GET / HTTP/1.1" 200 11217
190.171.144.234 - - [02/May/2022:17:45:26 -0300] "GET /cormun/servlet/hlogin HTTP/1.1" 200 1750
190.171.141.90 - - [02/May/2022:17:45:32 -0300] "POST /cormun/servlet/solicitudot?gx-no-cache=1651523552156 HTTP/1.1" 200 3861
190.171.141.90 - - [02/May/2022:17:45:32 -0300] "POST /cormun/servlet/solicitudot?ae736d80f4c0a8525addbec4620d7e23,INS,0,0,false,,gx-no-cache=1651523552335 HTTP/1.1" 200 12681
190.171.141.90 - - [02/May/2022:17:45:36 -0300] "GET /cormun/servlet/prfichaempleado?,MD,,gxPopupLevel%3D0%3B HTTP/1.1" 200 9110
190.171.141.90 - - [02/May/2022:17:46:04 -0300] "POST /cormun/servlet/prfichaempleado?ae736d80f4c0a8525addbec4620d7e23,,MD,,gxPopupLevel%3D0%3B,gx-no-cache=1651523583849 HTTP/1.1" 200 6355
192.168.10.11 - - [02/May/2022:17:46:21 -0300] "GET / HTTP/1.1" 200 11217
190.171.141.90 - - [02/May/2022:17:46:29 -0300] "POST /cormun/servlet/prfichaempleado?ae736d80f4c0a8525addbec4620d7e23,,MD,,gxPopupLevel%3D0%3B,gx-no-cache=1651523608965 HTTP/1.1" 200 3180
190.171.144.234 - - [02/May/2022:17:46:32 -0300] "POST /cormun/servlet/hlogin?2938a17b1254597d0f7a36b723f4f16b,gx-no-cache=1651523612745 HTTP/1.1" 200 452
190.171.144.234 - - [02/May/2022:17:46:39 -0300] "POST /cormun/servlet/hlogin?2938a17b1254597d0f7a36b723f4f16b,gx-no-cache=1651523619804 HTTP/1.1" 200 452
190.171.141.90 - - [02/May/2022:17:46:40 -0300] "GET /cormun/servlet/solicitudot?ec00fa34589e9f9b29b59c862389332e549b77d77418f4c112a6b88bf41e7671ca1f56031ec483f273f1648a2b63d4d3,gx-no-cache=1651523619807 HTTP/1.1" 200 30
190.171.141.90 - - [02/May/2022:17:46:40 -0300] "GET /cormun/servlet/solicitudot?ec00fa34589e9f9b29b59c862389332ea92cb242029ff35c4b5f587bf04f98c2,gx-no-cache=1651523619835 HTTP/1.1" 200 94
190.171.141.90 - - [02/May/2022:17:46:40 -0300] "GET /cormun/servlet/solicitudot?ec00fa34589e9f9b29b59c862389332e86c60c8b04a013ee7430645c2d9f7ceb,gx-no-cache=1651523619872 HTTP/1.1" 200 29
190.171.144.234 - - [02/May/2022:17:47:07 -0300] "GET /cormun/servlet/trfichaempleado? HTTP/1.1" 200 11624
190.171.141.90 - - [02/May/2022:17:47:19 -0300] "GET /cormun/servlet/solicitudot?ec00fa34589e9f9b29b59c862389332ea92cb242029ff35c4b5f587bf04f98c2,gx-no-cache=1651523659565 HTTP/1.1" 200 94
192.168.10.11 - - [02/May/2022:17:47:21 -0300] "GET / HTTP/1.1" 200 11217
190.171.144.234 - - [02/May/2022:17:48:01 -0300] "GET /cormun/servlet/trfichaempleado? HTTP/1.1" 200 10864
190.171.144.234 - - [02/May/2022:17:48:01 -0300] "GET /cormun/servlet/trfichaempleado? HTTP/1.1" 200 10864
190.171.144.234 - - [02/May/2022:17:48:02 -0300] "GET /cormun/servlet/trfichaempleado? HTTP/1.1" 200 10697
192.168.10.11 - - [02/May/2022:17:48:21 -0300] "GET / HTTP/1.1" 200 11217
186.103.159.189 - - [02/May/2022:17:48:49 -0300] "GET /cormun/servlet/hlogin HTTP/1.1" 200 1722
186.103.159.189 - - [02/May/2022:17:48:57 -0300] "POST /cormun/servlet/hlogin?c1ed06e7e7931013ab4bb14de7bf04b4,gx-no-cache=1651523758016 HTTP/1.1" 200 90
186.103.159.189 - - [02/May/2022:17:48:57 -0300] "GET /cormun/servlet/hpexe_link HTTP/1.1" 200 947
186.103.159.189 - - [02/May/2022:17:48:57 -0300] "GET /cormun/servlet/hhome HTTP/1.1" 200 3998
186.103.159.189 - - [02/May/2022:17:48:58 -0300] "GET /cormun/servlet/hhome HTTP/1.1" 200 3996
186.103.159.189 - - [02/May/2022:17:49:01 -0300] "GET /cormun/servlet/trpermisosgoce? HTTP/1.1" 200 11235
186.103.159.189 - - [02/May/2022:17:49:02 -0300] "GET /cormun/servlet/trpermisosgoce? HTTP/1.1" 200 11234
186.103.159.189 - - [02/May/2022:17:49:04 -0300] "GET /cormun/servlet/permisogoce?INS,0,,, HTTP/1.1" 200 6866
186.103.159.189 - - [02/May/2022:17:49:05 -0300] "GET /cormun/servlet/permisogoce?INS,0,,, HTTP/1.1" 200 6866
186.103.159.189 - - [02/May/2022:17:49:07 -0300] "GET /cormun/static/Resources/resize.gif HTTP/1.1" 200 77
186.103.159.189 - - [02/May/2022:17:49:07 -0300] "GET /cormun/static/Resources/PXTools/ClosePrompt.png HTTP/1.1" 200 1036
186.103.159.189 - - [02/May/2022:17:49:08 -0300] "GET /cormun/servlet/prfichaempleado?,MD,,gxPopupLevel%3D0%3B HTTP/1.1" 200 9307
186.103.159.189 - - [02/May/2022:17:49:08 -0300] "GET /cormun/static/gxcfg.js?20201215571085 HTTP/1.1" 200 953
186.103.159.189 - - [02/May/2022:17:49:08 -0300] "GET /cormun/static/Resources/PXToolsMenuSearch.png HTTP/1.1" 200 336
186.103.159.189 - - [02/May/2022:17:49:08 -0300] "GET /cormun/static/menusearch.js?20201214473581 HTTP/1.1" 200 1424
186.103.159.189 - - [02/May/2022:17:49:08 -0300] "GET /cormun/static/prfichaempleado.js?20201215572193 HTTP/1.1" 200 16006
186.103.159.189 - - [02/May/2022:17:49:08 -0300] "GET /cormun/static/Resources/PXToolsMenuSearchCancel.png HTTP/1.1" 200 306
186.103.159.189 - - [02/May/2022:17:49:08 -0300] "GET /cormun/static/hmpwkw011.js?20201215495555 HTTP/1.1" 200 1968
186.103.159.189 - - [02/May/2022:17:49:16 -0300] "POST /cormun/servlet/prfichaempleado?c1ed06e7e7931013ab4bb14de7bf04b4,,MD,,gxPopupLevel%3D0%3B,gx-no-cache=1651523777111 HTTP/1.1" 200 3459
192.168.10.11 - - [02/May/2022:17:49:21 -0300] "GET / HTTP/1.1" 200 11217
186.103.159.189 - - [02/May/2022:17:49:21 -0300] "GET /cormun/servlet/permisogoce?898b6aeb8d5f85230ede21831d7eb1b3091cd3a70ae22bd983558c0e442e6374d21efa7c4d40e8197b186b6180ba13e7edbe57a964bd8ab049f4a84e96c1f4f9,gx-no-cache=1651523781947 HTTP/1.1" 200 87
186.103.159.189 - - [02/May/2022:17:49:21 -0300] "GET /cormun/static/menuarrow.gif HTTP/1.1" 404 1015
190.171.141.90 - - [02/May/2022:17:49:22 -0300] "GET /cormun/servlet/solicitudot?ec00fa34589e9f9b29b59c862389332e323457ff19540c6ef1916b0c9263cc35a5efe7bb8fa5b1349d95765f24e8fbc5de9590f6127a24c720ec9545163ef9bb,gx-no-cache=1651523781683 HTTP/1.1" 200 30
190.171.141.90 - - [02/May/2022:17:49:24 -0300] "GET /cormun/servlet/prbanco?,MD,,gxPopupLevel%3D0%3B HTTP/1.1" 200 6379
190.171.141.90 - - [02/May/2022:17:49:35 -0300] "GET /cormun/servlet/solicitudot?ec00fa34589e9f9b29b59c862389332ef0c5c756335bd115c869998725ff9674,gx-no-cache=1651523795027 HTTP/1.1" 200 45
186.103.159.189 - - [02/May/2022:17:49:35 -0300] "GET /cormun/servlet/permisogoce?898b6aeb8d5f85230ede21831d7eb1b35cb8dd834124669fb3c0161807c321c0904423f1ba11fff1e089ad28f91f014190d8324e1580791f06b9423033f266b1,gx-no-cache=1651523795711 HTTP/1.1" 200 46
190.171.143.90 - - [02/May/2022:17:49:40 -0300] "GET /cormun/servlet/hlogin HTTP/1.1" 200 1730
186.103.159.189 - - [02/May/2022:17:49:49 -0300] "POST /cormun/servlet/permisogoce?c1ed06e7e7931013ab4bb14de7bf04b4,INS,0,,,,gx-no-cache=1651523809424 HTTP/1.1" 200 93
186.103.159.189 - - [02/May/2022:17:49:49 -0300] "GET /cormun/servlet/hpexe_return? HTTP/1.1" 200 1006
186.103.159.189 - - [02/May/2022:17:49:49 -0300] "GET /cormun/servlet/trpermisosgoce HTTP/1.1" 200 11546
186.103.159.189 - - [02/May/2022:17:49:50 -0300] "GET /cormun/servlet/trpermisosgoce HTTP/1.1" 200 11541
190.171.141.90 - - [02/May/2022:17:49:52 -0300] "POST /cormun/servlet/solicitudot?gx-no-cache=1651523812599 HTTP/1.1" 200 255
190.171.141.90 - - [02/May/2022:17:49:59 -0300] "GET /cormun/servlet/solicitudot?ec00fa34589e9f9b29b59c862389332e31212d9defe3a6ada19e61c6d3793cc9a15cc99afa79f482ede8e85adc273ddff7d1d8729fad77025934a71dffe2147902dea31e6731cb70f9f1d79a54f7d69322324d8229624baf21bd29d5bcd59256611f597864780e0ed6bc3854d4b4d07e6414a022505d973315c8807bc9e793ac77660f50a262bcefed65f26785d28908914f5a76f488c39b8124fa776aea5c87eff2482cf3083e3827cca752c62bd27212708574426a18da2864bb299af7c5d7f07b634226f8c27534f28a1ebf11bfeb376c335b9210f16a502d359517a0710cb48cf5b70d83cbc05b30a5057eb3ea6d94e311b66dc7e60a5860c5d61abf5dd8adcfd1e85386b129ea55a3b7c95d78a99a8e84452de3c2c80297918262d70258c7cd87199ddfc1d95695a578f5764852bc9841a91e18b36aab6c296ce63c91bb9ff326cdbaa67aee576e7569f4ace620d61e22d09cbeac5e09387b945cd218d6ab3e899aeabf40c419ec08651cdd801d90c5dc554523dfe766d3335f6c4fa23c,gx-no-cache=1651523819182 HTTP/1.1" 200 30
190.171.143.90 - - [02/May/2022:17:49:59 -0300] "POST /cormun/servlet/hlogin?214c071cb960c170d4f0bd02370cdda5,gx-no-cache=1651523821364 HTTP/1.1" 200 90
190.171.143.90 - - [02/May/2022:17:49:59 -0300] "GET /cormun/servlet/hpexe_link HTTP/1.1" 200 954
190.171.143.90 - - [02/May/2022:17:49:59 -0300] "GET /cormun/servlet/hhome HTTP/1.1" 200 4306
190.171.143.90 - - [02/May/2022:17:50:00 -0300] "GET /cormun/servlet/hhome HTTP/1.1" 200 4302
190.171.143.90 - - [02/May/2022:17:50:04 -0300] "GET /cormun/servlet/trlicencias? HTTP/1.1" 200 9995
190.171.143.90 - - [02/May/2022:17:50:04 -0300] "GET /cormun/servlet/trlicencias? HTTP/1.1" 200 9992
190.171.141.90 - - [02/May/2022:17:50:04 -0300] "POST /cormun/servlet/solicitudot?gx-no-cache=1651523824267 HTTP/1.1" 200 30
190.171.141.90 - - [02/May/2022:17:50:11 -0300] "POST /cormun/servlet/solicitudot?gx-no-cache=1651523831451 HTTP/1.1" 200 30
186.103.159.189 - - [02/May/2022:17:50:13 -0300] "GET /cormun/servlet/apermisogoceprn?12517562,P,20220502163314,PU HTTP/1.1" 200 1662
192.168.10.11 - - [02/May/2022:17:50:21 -0300] "GET / HTTP/1.1" 200 11217
190.171.141.90 - - [02/May/2022:17:50:26 -0300] "GET /cormun/servlet/prcontratosol?19249493,,,,,MD,,gxPopupLevel%3D0%3B HTTP/1.1" 200 7981
190.171.141.90 - - [02/May/2022:17:50:26 -0300] "GET /cormun/static/gxcfg.js?2019914201458 HTTP/1.1" 200 953
190.171.141.90 - - [02/May/2022:17:50:27 -0300] "GET /cormun/static/prcontratosol.js?20199142014772 HTTP/1.1" 200 15806
190.171.141.90 - - [02/May/2022:17:50:28 -0300] "POST /cormun/servlet/acontrolpreferencessavestate?None,SCONTRERAS,true HTTP/1.1" 200 35
190.171.141.90 - - [02/May/2022:17:50:30 -0300] "POST /cormun/servlet/solicitudot?gx-no-cache=1651523850453 HTTP/1.1" 200 1454
190.171.141.90 - - [02/May/2022:17:50:30 -0300] "POST /cormun/servlet/solicitudot?gx-no-cache=1651523850488 HTTP/1.1" 200 38
190.171.141.90 - - [02/May/2022:17:50:30 -0300] "GET /cormun/servlet/solicitudot?ec00fa34589e9f9b29b59c862389332e95392426584e4d6166428bb83a6ea534f1a15483cac19a811ed3df6c1a3fd0b04580398b666941317380a8e94798f0f7f9370195f2d8e4d8eae9e3cf9f182d042f102a99fc786b6a212a404c78f295dda74338cdf9702c68c9ad22919c73cd5b,gx-no-cache=1651523850509 HTTP/1.1" 200 110
190.171.141.90 - - [02/May/2022:17:50:30 -0300] "POST /cormun/servlet/solicitudot?gx-no-cache=1651523850535 HTTP/1.1" 200 97
190.171.141.90 - - [02/May/2022:17:50:30 -0300] "GET /cormun/servlet/solicitudot?ec00fa34589e9f9b29b59c862389332e2f156af9c711aa384f86aafaa0b505f9101a05c550ffefc63b847ecbedfd6e954e5e920457da565498efd55c1818f8edf6fee6f803017647446bdf4fd3420489d82c38af86e7a86aaf98e07972fb418f653983e4ae8a708d0009e4e957db1c9c,gx-no-cache=1651523850563 HTTP/1.1" 200 29
190.171.141.90 - - [02/May/2022:17:50:30 -0300] "GET /cormun/servlet/solicitudot?ec00fa34589e9f9b29b59c862389332e1ce35084bfbcd7e78b1a9f99ad659d0a,gx-no-cache=1651523850583 HTTP/1.1" 200 30
190.171.141.90 - - [02/May/2022:17:50:36 -0300] "GET /cormun/servlet/prsolicitudot?19249493,,,,,MD,,gxPopupLevel%3D0%3B HTTP/1.1" 200 6008
190.171.141.90 - - [02/May/2022:17:50:36 -0300] "GET /cormun/static/gxcfg.js?20201215593468 HTTP/1.1" 200 953
190.171.141.90 - - [02/May/2022:17:50:36 -0300] "GET /cormun/static/prsolicitudot.js?20201215593721 HTTP/1.1" 200 13680
190.171.141.90 - - [02/May/2022:17:50:37 -0300] "POST /cormun/servlet/acontrolpreferencessavestate?None,SCONTRERAS,true HTTP/1.1" 200 35
190.171.141.90 - - [02/May/2022:17:50:42 -0300] "GET /cormun/servlet/prcontratosol?19249493,,,,,MD,,gxPopupLevel%3D0%3B HTTP/1.1" 200 7989
190.171.144.234 - - [02/May/2022:17:50:42 -0300] "POST /cormun/servlet/hlogin?2938a17b1254597d0f7a36b723f4f16b,gx-no-cache=1651523862827 HTTP/1.1" 200 451
190.171.141.90 - - [02/May/2022:17:51:06 -0300] "GET /cormun/servlet/prcontratosol?19249493,,,,,MD,,gxPopupLevel%3D0%3B HTTP/1.1" 200 7989
190.171.141.90 - - [02/May/2022:17:51:11 -0300] "POST /cormun/servlet/solicitudot?gx-no-cache=1651523891193 HTTP/1.1" 200 1454
190.171.141.90 - - [02/May/2022:17:51:11 -0300] "POST /cormun/servlet/solicitudot?gx-no-cache=1651523891225 HTTP/1.1" 200 38
190.171.141.90 - - [02/May/2022:17:51:11 -0300] "GET /cormun/servlet/solicitudot?ec00fa34589e9f9b29b59c862389332e95392426584e4d6166428bb83a6ea534f1a15483cac19a811ed3df6c1a3fd0b04580398b666941317380a8e94798f0f7f9370195f2d8e4d8eae9e3cf9f182d042f102a99fc786b6a212a404c78f295dda74338cdf9702c68c9ad22919c73cd5b,gx-no-cache=1651523891250 HTTP/1.1" 200 110
190.171.141.90 - - [02/May/2022:17:51:11 -0300] "POST /cormun/servlet/solicitudot?gx-no-cache=1651523891273 HTTP/1.1" 200 97
190.171.141.90 - - [02/May/2022:17:51:19 -0300] "POST /cormun/servlet/solicitudot?gx-no-cache=1651523898740 HTTP/1.1" 200 1454
190.171.141.90 - - [02/May/2022:17:51:19 -0300] "POST /cormun/servlet/solicitudot?gx-no-cache=1651523898776 HTTP/1.1" 200 38
192.168.10.11 - - [02/May/2022:17:51:21 -0300] "GET / HTTP/1.1" 200 11217
190.171.144.234 - - [02/May/2022:17:51:27 -0300] "GET /cormun/servlet/hlogin HTTP/1.1" 200 1742
190.171.143.90 - - [02/May/2022:17:51:34 -0300] "GET /cormun/servlet/trsolicitudot? HTTP/1.1" 200 7521
190.171.143.90 - - [02/May/2022:17:51:34 -0300] "GET /cormun/servlet/trsolicitudot? HTTP/1.1" 200 7521
190.171.143.90 - - [02/May/2022:17:51:44 -0300] "GET /cormun/servlet/solicitudot?INS,0,0,false, HTTP/1.1" 200 16022
190.171.143.90 - - [02/May/2022:17:51:44 -0300] "GET /cormun/servlet/solicitudot?INS,0,0,false, HTTP/1.1" 200 16029
192.168.10.11 - - [02/May/2022:17:52:21 -0300] "GET / HTTP/1.1" 200 11217
190.171.141.90 - - [02/May/2022:17:52:24 -0300] "GET /cormun/servlet/solicitudot?ec00fa34589e9f9b29b59c862389332e95392426584e4d6166428bb83a6ea534f1a15483cac19a811ed3df6c1a3fd0b04580398b666941317380a8e94798f0f7f9370195f2d8e4d8eae9e3cf9f182d042f102a99fc786b6a212a404c78f295dda74338cdf9702c68c9ad22919c73cd5b,gx-no-cache=1651523964333 HTTP/1.1" 200 110
190.171.141.90 - - [02/May/2022:17:52:24 -0300] "POST /cormun/servlet/solicitudot?gx-no-cache=1651523964369 HTTP/1.1" 200 97
190.171.141.90 - - [02/May/2022:17:52:37 -0300] "GET /cormun/servlet/solicitudot?ec00fa34589e9f9b29b59c862389332e3352b90e406b034e0c7c8af6192b0ab942a97aee73881fdecddcbfad6e92aab5,gx-no-cache=1651523977012 HTTP/1.1" 200 30
190.171.141.90 - - [02/May/2022:17:52:43 -0300] "POST /cormun/servlet/solicitudot?gx-no-cache=1651523982963 HTTP/1.1" 200 30
190.171.143.90 - - [02/May/2022:17:52:43 -0300] "POST /cormun/servlet/solicitudot?gx-no-cache=1651523985205 HTTP/1.1" 200 3924
190.171.143.90 - - [02/May/2022:17:52:44 -0300] "POST /cormun/servlet/solicitudot?214c071cb960c170d4f0bd02370cdda5,INS,0,0,false,,gx-no-cache=1651523985350 HTTP/1.1" 200 12749
190.171.141.90 - - [02/May/2022:17:52:56 -0300] "POST /cormun/servlet/solicitudot?ae736d80f4c0a8525addbec4620d7e23,INS,0,0,false,,gx-no-cache=1651523995695 HTTP/1.1" 200 93
190.171.141.90 - - [02/May/2022:17:52:56 -0300] "GET /cormun/servlet/hpexe_return? HTTP/1.1" 200 1011
190.171.141.90 - - [02/May/2022:17:52:56 -0300] "GET /cormun/servlet/trsolicitudot HTTP/1.1" 200 9263
190.171.141.90 - - [02/May/2022:17:52:56 -0300] "GET /cormun/servlet/trsolicitudot HTTP/1.1" 200 9259
190.171.141.90 - - [02/May/2022:17:53:02 -0300] "POST /cormun/servlet/trsolicitudot?ae736d80f4c0a8525addbec4620d7e23,gx-no-cache=1651524002294 HTTP/1.1" 200 113
190.171.141.90 - - [02/May/2022:17:53:02 -0300] "GET /cormun/servlet/solicitudot?UPD,2022,18594,false, HTTP/1.1" 200 16452
190.171.141.90 - - [02/May/2022:17:53:03 -0300] "GET /cormun/servlet/solicitudot?UPD,2022,18594,false, HTTP/1.1" 200 16463
190.171.141.90 - - [02/May/2022:17:53:03 -0300] "POST /cormun/servlet/solicitudot?gx-no-cache=1651524003303 HTTP/1.1" 200 3936
190.171.141.90 - - [02/May/2022:17:53:03 -0300] "POST /cormun/servlet/solicitudot?ae736d80f4c0a8525addbec4620d7e23,UPD,2022,18594,false,,gx-no-cache=1651524003431 HTTP/1.1" 200 12824
190.171.141.90 - - [02/May/2022:17:53:03 -0300] "GET /cormun/servlet/solicitudot?ec00fa34589e9f9b29b59c862389332ec6bd3e08fcd95fc2fa15f41118e4d378ca1f56031ec483f273f1648a2b63d4d3,gx-no-cache=1651524003603 HTTP/1.1" 200 30
190.171.141.90 - - [02/May/2022:17:53:03 -0300] "GET /cormun/servlet/solicitudot?ec00fa34589e9f9b29b59c862389332e7d476e983567b9ba813e1eab12195d981e890a1f041249d5eea1c238c80fc02cf895f7be3d13b5809ec6a0ba7eef5752,gx-no-cache=1651524003631 HTTP/1.1" 200 30
190.171.141.90 - - [02/May/2022:17:53:03 -0300] "GET /cormun/servlet/solicitudot?ec00fa34589e9f9b29b59c862389332e2863514efcf38220aa1580a04749a805d9294477ecca99157b84b2d5d000e4955a5ed02fe8ecdb026451d20ea00205cf,gx-no-cache=1651524003651 HTTP/1.1" 200 53
190.171.141.90 - - [02/May/2022:17:53:04 -0300] "POST /cormun/servlet/solicitudot?gx-no-cache=1651524003673 HTTP/1.1" 200 240
190.171.141.90 - - [02/May/2022:17:53:04 -0300] "GET /cormun/servlet/solicitudot?ec00fa34589e9f9b29b59c862389332e31212d9defe3a6ada19e61c6d3793cc95343b27ab531ad9f505fe2aa71e19438f7d1d8729fad77025934a71dffe2147902dea31e6731cb70f9f1d79a54f7d69322324d8229624baf21bd29d5bcd59256611f597864780e0ed6bc3854d4b4d07e6414a022505d973315c8807bc9e793ac77660f50a262bcefed65f26785d28908914f5a76f488c39b8124fa776aea5c87eff2482cf3083e3827cca752c62bd27212708574426a18da2864bb299af7c5d7f07b634226f8c27534f28a1ebf11bfeb376c335b9210f16a502d359517a0710cb48cf5b70d83cbc05b30a5057eb3ea6d94e311b66dc7e60a5860c5d61abf5dd8adcfd1e85386b129ea55a3b7c95d78a90544b9fa6887a36196d5507bbc43d8b96cade5714bf81911215897db08cc4dd53c24911854a3e7a4237b97d7abdd427aae824bcba457d9b23f55a3d4ec9223baacaaa9e4afc280e4b0fcefc0149de1e1ed989b3a659762e66604b731b8cf921e067752574ac44782ae733ac602896243,gx-no-cache=1651524003701 HTTP/1.1" 200 30
190.171.141.90 - - [02/May/2022:17:53:04 -0300] "POST /cormun/servlet/solicitudot?gx-no-cache=1651524003722 HTTP/1.1" 200 30
190.171.141.90 - - [02/May/2022:17:53:04 -0300] "POST /cormun/servlet/solicitudot?gx-no-cache=1651524003747 HTTP/1.1" 200 1454
190.171.141.90 - - [02/May/2022:17:53:04 -0300] "POST /cormun/servlet/solicitudot?gx-no-cache=1651524003777 HTTP/1.1" 200 41
190.171.143.90 - - [02/May/2022:17:53:07 -0300] "GET /cormun/servlet/solicitudot?a906097bf6b7514691a0bb080e488d6e34d13ca29f0583d4347cd102e594e9ab87cca908605a7b338526709290990456,gx-no-cache=1651524009200 HTTP/1.1" 200 30
190.171.141.90 - - [02/May/2022:17:53:14 -0300] "POST /cormun/servlet/solicitudot?gx-no-cache=1651524014279 HTTP/1.1" 200 30
190.171.141.90 - - [02/May/2022:17:53:16 -0300] "POST /cormun/servlet/solicitudot?gx-no-cache=1651524016647 HTTP/1.1" 200 1454
190.171.141.90 - - [02/May/2022:17:53:17 -0300] "POST /cormun/servlet/solicitudot?gx-no-cache=1651524016679 HTTP/1.1" 200 41
190.171.141.90 - - [02/May/2022:17:53:17 -0300] "GET /cormun/servlet/solicitudot?ec00fa34589e9f9b29b59c862389332e95392426584e4d6166428bb83a6ea534f1a15483cac19a811ed3df6c1a3fd0b04580398b666941317380a8e94798f0f7f9370195f2d8e4d8eae9e3cf9f182d042f102a99fc786b6a212a404c78f295dda74338cdf9702c68c9ad22919c73cd5b,gx-no-cache=1651524016700 HTTP/1.1" 200 110
190.171.141.90 - - [02/May/2022:17:53:17 -0300] "POST /cormun/servlet/solicitudot?gx-no-cache=1651524016725 HTTP/1.1" 200 97
190.171.141.90 - - [02/May/2022:17:53:17 -0300] "GET /cormun/servlet/solicitudot?ec00fa34589e9f9b29b59c862389332e8652e02ed35b5d8671d14b1cccd89a423f8715aa7a702d282b0c6f1c8ad7cabad8fc12cb0869cc681c6e86a66f61dd8dd18b452c44d75c15f8720364e0ee43a0faffe7cd6f7bbe4ce679c89e352f2446e9197680f67a77c045011a43596b0080c8c22af143d417f466823dffd2f69e4f587ff191aa59886166fc80cb74e21e1b70e365393f46d99a37184819c62c809a,gx-no-cache=1651524016750 HTTP/1.1" 200 29
190.171.141.90 - - [02/May/2022:17:53:17 -0300] "GET /cormun/servlet/solicitudot?ec00fa34589e9f9b29b59c862389332e3352b90e406b034e0c7c8af6192b0ab942a97aee73881fdecddcbfad6e92aab5,gx-no-cache=1651524016769 HTTP/1.1" 200 30
190.171.141.90 - - [02/May/2022:17:53:17 -0300] "POST /cormun/servlet/solicitudot?gx-no-cache=1651524016791 HTTP/1.1" 200 30
190.171.141.90 - - [02/May/2022:17:53:17 -0300] "POST /cormun/servlet/solicitudot?ae736d80f4c0a8525addbec4620d7e23,UPD,2022,18594,false,,gx-no-cache=1651524016816 HTTP/1.1" 200 93
190.171.141.90 - - [02/May/2022:17:53:17 -0300] "GET /cormun/servlet/hpexe_return? HTTP/1.1" 200 1018
190.171.141.90 - - [02/May/2022:17:53:17 -0300] "GET /cormun/servlet/trsolicitudot HTTP/1.1" 200 9233
190.171.141.90 - - [02/May/2022:17:53:17 -0300] "GET /cormun/servlet/trsolicitudot HTTP/1.1" 200 9227
192.168.10.11 - - [02/May/2022:17:53:21 -0300] "GET / HTTP/1.1" 200 11217
190.171.141.90 - - [02/May/2022:17:53:22 -0300] "POST /cormun/servlet/trsolicitudot?ae736d80f4c0a8525addbec4620d7e23,gx-no-cache=1651524022535 HTTP/1.1" 200 113
190.171.141.90 - - [02/May/2022:17:53:23 -0300] "GET /cormun/servlet/solicitudot?UPD,2022,18594,false, HTTP/1.1" 200 16449
190.171.141.90 - - [02/May/2022:17:53:23 -0300] "GET /cormun/servlet/solicitudot?UPD,2022,18594,false, HTTP/1.1" 200 16460
190.171.141.90 - - [02/May/2022:17:53:23 -0300] "POST /cormun/servlet/solicitudot?gx-no-cache=1651524023521 HTTP/1.1" 200 3936
190.171.141.90 - - [02/May/2022:17:53:24 -0300] "POST /cormun/servlet/solicitudot?ae736d80f4c0a8525addbec4620d7e23,UPD,2022,18594,false,,gx-no-cache=1651524023658 HTTP/1.1" 200 12822
190.171.141.90 - - [02/May/2022:17:53:24 -0300] "GET /cormun/servlet/solicitudot?ec00fa34589e9f9b29b59c862389332ec6bd3e08fcd95fc2fa15f41118e4d378ca1f56031ec483f273f1648a2b63d4d3,gx-no-cache=1651524023829 HTTP/1.1" 200 30
190.171.141.90 - - [02/May/2022:17:53:24 -0300] "GET /cormun/servlet/solicitudot?ec00fa34589e9f9b29b59c862389332e7d476e983567b9ba813e1eab12195d981e890a1f041249d5eea1c238c80fc02cf895f7be3d13b5809ec6a0ba7eef5752,gx-no-cache=1651524023856 HTTP/1.1" 200 30
190.171.141.90 - - [02/May/2022:17:53:24 -0300] "GET /cormun/servlet/solicitudot?ec00fa34589e9f9b29b59c862389332e2863514efcf38220aa1580a04749a805d9294477ecca99157b84b2d5d000e4955a5ed02fe8ecdb026451d20ea00205cf,gx-no-cache=1651524023876 HTTP/1.1" 200 53
190.171.141.90 - - [02/May/2022:17:53:24 -0300] "POST /cormun/servlet/solicitudot?gx-no-cache=1651524023899 HTTP/1.1" 200 238
190.171.141.90 - - [02/May/2022:17:53:24 -0300] "GET /cormun/servlet/solicitudot?ec00fa34589e9f9b29b59c862389332e31212d9defe3a6ada19e61c6d3793cc95343b27ab531ad9f505fe2aa71e19438f7d1d8729fad77025934a71dffe2147902dea31e6731cb70f9f1d79a54f7d69322324d8229624baf21bd29d5bcd59256611f597864780e0ed6bc3854d4b4d07e6414a022505d973315c8807bc9e793ac77660f50a262bcefed65f26785d28908914f5a76f488c39b8124fa776aea5c87eff2482cf3083e3827cca752c62bd27212708574426a18da2864bb299af7c5d7f07b634226f8c27534f28a1ebf11bfeb376c335b9210f16a502d359517a0710cb48cf5b70d83cbc05b30a5057eb3ea6d94e311b66dc7e60a5860c5d61abf5dd8adcfd1e85386b129ea55a3b7c95d78a90544b9fa6887a36196d5507bbc43d8b96cade5714bf81911215897db08cc4dd53c24911854a3e7a4237b97d7abdd427aae824bcba457d9b23f55a3d4ec9223baacaaa9e4afc280e4b0fcefc0149de1e1ed989b3a659762e66604b731b8cf921e067752574ac44782ae733ac602896243,gx-no-cache=1651524023926 HTTP/1.1" 200 30
190.171.141.90 - - [02/May/2022:17:53:24 -0300] "POST /cormun/servlet/solicitudot?gx-no-cache=1651524023946 HTTP/1.1" 200 30
190.171.141.90 - - [02/May/2022:17:53:24 -0300] "POST /cormun/servlet/solicitudot?gx-no-cache=1651524023971 HTTP/1.1" 200 1454
190.171.141.90 - - [02/May/2022:17:53:24 -0300] "POST /cormun/servlet/solicitudot?gx-no-cache=1651524024001 HTTP/1.1" 200 41
190.171.141.90 - - [02/May/2022:17:53:59 -0300] "GET /cormun/servlet/solicitudot?ec00fa34589e9f9b29b59c862389332e95392426584e4d6166428bb83a6ea534f1a15483cac19a811ed3df6c1a3fd0b04580398b666941317380a8e94798f0f7f9370195f2d8e4d8eae9e3cf9f182d042f102a99fc786b6a212a404c78f295dda74338cdf9702c68c9ad22919c73cd5b,gx-no-cache=1651524059467 HTTP/1.1" 200 110
190.171.141.90 - - [02/May/2022:17:53:59 -0300] "POST /cormun/servlet/solicitudot?gx-no-cache=1651524059496 HTTP/1.1" 200 97
