190.171.153.26 - - [29/Apr/2022:10:50:12 -0300] "POST /cormun/servlet/solicitudot?gx-no-cache=1651239439528 HTTP/1.1" 200 256
190.171.153.26 - - [29/Apr/2022:10:50:12 -0300] "GET /cormun/servlet/solicitudot?e4b73d988bf9fd95c1be5d2b7bd47a7c811a1ba9dc58446f2e8cce67c7cdb3d410b74d40509377d3d5328a3200004c04cb4eb451ed305f0c75c8d91fce19898750d035e53216e8f0c8f856318bf295eed7e560921aa350eae77caf0bbd2d28513f6bb954d676d20f8c582a7db76d9914ff911bc749977ba51eada7c72903b7e6fbed7fe0828762659755f6cc8ac5fbc7a16ba3e8ce17155c154a097b5b14c18fc81411e16ca3aaaf4d62bc926e34294c546f5994b9f03c82f7649cd4e85973cb507351025c3a7987df3cfac8854bf6f3ec263e1319287a05b10f1df35f21bccdf9206781132029e7503fa4930e90b91e39307f70df30b5bf3879937e512ffb45c6eccc2813f211523555438d454e273a2449395535ec1cbf5e4f627216ee5777ef042b2429a5b10cccf460d937a218cffa03a87f82219de14251c0477f5b42100fa7ab0c6b4c6d96b559cc9d8d5cc230447dafc16dec258d0e525d2bafc469621a7447de3194d4c193cdb814de790975708744b2d593d47e14c0eba15a6cd279,gx-no-cache=1651239439559 HTTP/1.1" 200 30
190.171.153.26 - - [29/Apr/2022:10:50:12 -0300] "POST /cormun/servlet/solicitudot?gx-no-cache=1651239439585 HTTP/1.1" 200 30
190.171.153.26 - - [29/Apr/2022:10:50:12 -0300] "POST /cormun/servlet/solicitudot?gx-no-cache=1651239439638 HTTP/1.1" 200 1454
190.171.153.26 - - [29/Apr/2022:10:50:12 -0300] "POST /cormun/servlet/solicitudot?gx-no-cache=1651239439688 HTTP/1.1" 200 41
190.171.149.90 - - [29/Apr/2022:10:50:20 -0300] "POST /cormun/servlet/hlogin?ef160c6918629f79c098c22e6598fb67,gx-no-cache=1651239440822 HTTP/1.1" 200 90
190.171.149.90 - - [29/Apr/2022:10:50:20 -0300] "GET /cormun/servlet/hpexe_link HTTP/1.1" 200 951
190.171.149.90 - - [29/Apr/2022:10:50:20 -0300] "GET /cormun/servlet/hhome HTTP/1.1" 200 3948
190.171.149.90 - - [29/Apr/2022:10:50:20 -0300] "GET /cormun/servlet/hhome HTTP/1.1" 200 3945
190.171.153.26 - - [29/Apr/2022:10:50:23 -0300] "GET /cormun/servlet/solicitudot?e4b73d988bf9fd95c1be5d2b7bd47a7c2ad56e5ba72088179418aebde8ffe1cf67144d5c194f4c3398725f36fd51509a4c0b19e13c1c7cbbb143435189ee852fa3cb5041cc69bf76a810817fe347d83821634903d11abf85e1ab4747e6c6a3902d5c88b337c374e8a2a0350d62a4e83c,gx-no-cache=1651239450082 HTTP/1.1" 200 110
190.171.153.26 - - [29/Apr/2022:10:50:23 -0300] "POST /cormun/servlet/solicitudot?gx-no-cache=1651239450146 HTTP/1.1" 200 97
190.171.153.26 - - [29/Apr/2022:10:50:23 -0300] "GET /cormun/servlet/solicitudot?e4b73d988bf9fd95c1be5d2b7bd47a7c05dcff6273482b9ad56b11797f2d0600ee09a1704fda499630ee3e0d56d232392591dc983c6582be707dfb838ac0e3782d20dcb66e221c1e1a552f1d5ad94309fae3274f71cf65bf84ba52e7e1ee3b530929eb3b63e4b06c8f9ed1cd5f9bdf3a7e29b724ca6dd6888905fb6b83e471b915ecddff6bcb091965a43a31c62467117a38c21a23a2dd386c69dc543b73862c,gx-no-cache=1651239450182 HTTP/1.1" 200 29
190.171.153.26 - - [29/Apr/2022:10:50:23 -0300] "GET /cormun/servlet/solicitudot?e4b73d988bf9fd95c1be5d2b7bd47a7cb9e072cd39f2be3a4e87e037ac14da0f761b6d760d3ad460427de1682b33d57c,gx-no-cache=1651239450206 HTTP/1.1" 200 30
190.171.153.26 - - [29/Apr/2022:10:50:23 -0300] "POST /cormun/servlet/solicitudot?gx-no-cache=1651239450230 HTTP/1.1" 200 30
190.171.149.90 - - [29/Apr/2022:10:50:39 -0300] "GET /cormun/servlet/trlicencias? HTTP/1.1" 200 10146
190.171.149.90 - - [29/Apr/2022:10:50:40 -0300] "GET /cormun/servlet/trlicencias? HTTP/1.1" 200 10143
192.168.10.11 - - [29/Apr/2022:10:50:40 -0300] "GET / HTTP/1.1" 200 11217
190.171.153.26 - - [29/Apr/2022:10:50:56 -0300] "POST /cormun/servlet/solicitudot?f1620a70ee21a23f1cc34ec49a7a1e48,UPD,2022,18515,false,,gx-no-cache=1651239483311 HTTP/1.1" 200 93
190.171.153.26 - - [29/Apr/2022:10:50:56 -0300] "GET /cormun/servlet/hpexe_return? HTTP/1.1" 200 1020
190.171.153.26 - - [29/Apr/2022:10:50:56 -0300] "GET /cormun/static/gxcfg.js?201991422392976 HTTP/1.1" 200 953
190.171.153.26 - - [29/Apr/2022:10:50:57 -0300] "GET /cormun/servlet/trsolicitudot HTTP/1.1" 200 9047
191.126.29.43 - - [29/Apr/2022:10:51:10 -0300] "GET /cormun/servlet/solicitudot?INS,0,0,false, HTTP/1.1" 200 15578
191.126.29.43 - - [29/Apr/2022:10:51:10 -0300] "GET /cormun/static/calendar-system.css?85620 HTTP/1.1" 200 5572
191.126.29.43 - - [29/Apr/2022:10:51:10 -0300] "GET /cormun/static/gxcfg.js?20203414241232 HTTP/1.1" 200 953
191.126.29.43 - - [29/Apr/2022:10:51:10 -0300] "GET /cormun/static/Resources/prompt.gif HTTP/1.1" 200 902
191.126.29.43 - - [29/Apr/2022:10:51:10 -0300] "GET /cormun/static/solicitudot.js?20203414242792 HTTP/1.1" 200 74114
191.126.29.43 - - [29/Apr/2022:10:51:11 -0300] "GET /cormun/servlet/solicitudot?INS,0,0,false, HTTP/1.1" 200 15585
190.171.153.26 - - [29/Apr/2022:10:51:20 -0300] "POST /cormun/servlet/trsolicitudot?f1620a70ee21a23f1cc34ec49a7a1e48,gx-no-cache=1651239507226 HTTP/1.1" 200 6466
190.171.153.26 - - [29/Apr/2022:10:51:20 -0300] "GET /cormun/static/Shared/jqueryui/images/ui-bg_highlight-soft_100_c6c2c8_1x100.png HTTP/1.1" 404 1117
190.171.153.26 - - [29/Apr/2022:10:51:20 -0300] "GET /cormun/static/Shared/jqueryui/images/ui-icons_82798d_256x240.png HTTP/1.1" 404 1089
190.171.153.26 - - [29/Apr/2022:10:51:20 -0300] "GET /cormun/static/Shared/jqueryui/images/ui-icons_8d78a5_256x240.png HTTP/1.1" 404 1089
190.171.153.26 - - [29/Apr/2022:10:51:20 -0300] "GET /cormun/static/Shared/jqueryui/images/ui-bg_flat_55_fafafa_40x100.png HTTP/1.1" 404 1097
192.168.10.11 - - [29/Apr/2022:10:51:40 -0300] "GET / HTTP/1.1" 200 11217
191.126.29.43 - - [29/Apr/2022:10:51:47 -0300] "POST /cormun/servlet/solicitudot?gx-no-cache=1651239527678 HTTP/1.1" 200 3858
191.126.29.43 - - [29/Apr/2022:10:51:48 -0300] "POST /cormun/servlet/solicitudot?d824fa5e586f57ec8130fc79c67cab26,INS,0,0,false,,gx-no-cache=1651239528076 HTTP/1.1" 200 12399
191.126.29.43 - - [29/Apr/2022:10:51:48 -0300] "GET /cormun/servlet/solicitudot?e42c1969f617bc787e9a892c21578b27c77a32b499bf91094b05e7e551369d521eb651d3e1f2344533f8ffc193bb1771,gx-no-cache=1651239528659 HTTP/1.1" 200 111
191.126.29.43 - - [29/Apr/2022:10:51:48 -0300] "GET /cormun/static/Shared/jqueryui/images/ui-bg_highlight-soft_100_c6c2c8_1x100.png HTTP/1.1" 404 1117
191.126.29.43 - - [29/Apr/2022:10:51:48 -0300] "GET /cormun/static/Shared/jqueryui/images/ui-icons_82798d_256x240.png HTTP/1.1" 404 1089
191.126.29.43 - - [29/Apr/2022:10:51:48 -0300] "GET /cormun/static/Shared/jqueryui/images/ui-bg_flat_55_994d53_40x100.png HTTP/1.1" 404 1097
191.126.29.43 - - [29/Apr/2022:10:51:48 -0300] "GET /cormun/static/Shared/jqueryui/images/ui-icons_ebccce_256x240.png HTTP/1.1" 404 1089
190.171.153.26 - - [29/Apr/2022:10:52:02 -0300] "POST /cormun/servlet/trsolicitudot?f1620a70ee21a23f1cc34ec49a7a1e48,gx-no-cache=1651239548740 HTTP/1.1" 200 8420
191.126.29.43 - - [29/Apr/2022:10:52:06 -0300] "GET /cormun/servlet/solicitudot?e42c1969f617bc787e9a892c21578b2758e21751c351d1d22d7c569569d45ef753474a0fc9d8bb9451d1107f9ff623d5,gx-no-cache=1651239546916 HTTP/1.1" 200 30
190.171.153.26 - - [29/Apr/2022:10:52:27 -0300] "POST /cormun/servlet/trsolicitudot?f1620a70ee21a23f1cc34ec49a7a1e48,gx-no-cache=1651239574193 HTTP/1.1" 200 4357
191.126.29.43 - - [29/Apr/2022:10:52:31 -0300] "GET /cormun/static/Resources/resize.gif HTTP/1.1" 200 77
191.126.29.43 - - [29/Apr/2022:10:52:31 -0300] "GET /cormun/static/Resources/PXTools/ClosePrompt.png HTTP/1.1" 200 1036
191.126.29.43 - - [29/Apr/2022:10:52:32 -0300] "GET /cormun/servlet/prfichaempleado?,MD,,gxPopupLevel%3D0%3B HTTP/1.1" 200 9134
191.126.29.43 - - [29/Apr/2022:10:52:32 -0300] "GET /cormun/static/gxui/gxui-all.css?120300 HTTP/1.1" 200 2179
191.126.29.43 - - [29/Apr/2022:10:52:32 -0300] "GET /cormun/static/gxcfg.js?20201215571085 HTTP/1.1" 200 953
191.126.29.43 - - [29/Apr/2022:10:52:33 -0300] "GET /cormun/static/prfichaempleado.js?20201215572193 HTTP/1.1" 200 16006
191.126.29.43 - - [29/Apr/2022:10:52:33 -0300] "GET /cormun/static/menusearch.js?20201214473581 HTTP/1.1" 200 1424
191.126.29.43 - - [29/Apr/2022:10:52:33 -0300] "GET /cormun/static/hmpwkw011.js?20201215495555 HTTP/1.1" 200 1968
191.126.29.43 - - [29/Apr/2022:10:52:34 -0300] "GET /cormun/static/Resources/PXToolsMenuSearch.png HTTP/1.1" 200 336
191.126.29.43 - - [29/Apr/2022:10:52:34 -0300] "GET /cormun/static/Resources/PXToolsMenuSearchCancel.png HTTP/1.1" 200 306
191.126.29.43 - - [29/Apr/2022:10:52:34 -0300] "GET /cormun/static/Shared/ext/resources/css/ext-all.css?215870 HTTP/1.1" 200 416045
192.168.10.11 - - [29/Apr/2022:10:52:40 -0300] "GET / HTTP/1.1" 200 11217
190.171.153.26 - - [29/Apr/2022:10:52:47 -0300] "POST /cormun/servlet/trsolicitudot?f1620a70ee21a23f1cc34ec49a7a1e48,gx-no-cache=1651239593874 HTTP/1.1" 200 6661
190.171.144.234 - - [29/Apr/2022:10:53:36 -0300] "GET /cormun/servlet/hlogin HTTP/1.1" 200 1725
190.171.144.234 - - [29/Apr/2022:10:53:36 -0300] "GET /cormun/servlet/hlogin HTTP/1.1" 200 1735
190.171.144.234 - - [29/Apr/2022:10:53:39 -0300] "POST /cormun/servlet/hlogin?9059fc3a8bbef21295a36d1c557018ad,gx-no-cache=1651239641108 HTTP/1.1" 200 90
190.171.144.234 - - [29/Apr/2022:10:53:39 -0300] "GET /cormun/servlet/hpexe_link HTTP/1.1" 200 953
190.171.144.234 - - [29/Apr/2022:10:53:39 -0300] "GET /cormun/servlet/hhome HTTP/1.1" 200 3985
190.171.144.234 - - [29/Apr/2022:10:53:39 -0300] "GET /cormun/servlet/hhome HTTP/1.1" 200 3981
192.168.10.11 - - [29/Apr/2022:10:53:40 -0300] "GET / HTTP/1.1" 200 11217
190.171.144.234 - - [29/Apr/2022:10:53:44 -0300] "GET /cormun/servlet/trlicencias? HTTP/1.1" 200 11077
190.171.144.234 - - [29/Apr/2022:10:53:44 -0300] "GET /cormun/servlet/trlicencias? HTTP/1.1" 200 11067
190.171.153.26 - - [29/Apr/2022:10:54:18 -0300] "POST /cormun/servlet/trsolicitudot?f1620a70ee21a23f1cc34ec49a7a1e48,gx-no-cache=1651239684701 HTTP/1.1" 200 8420
192.168.10.11 - - [29/Apr/2022:10:54:40 -0300] "GET / HTTP/1.1" 200 11217
190.171.144.234 - - [29/Apr/2022:10:54:53 -0300] "GET /cormun/servlet/hhome HTTP/1.1" 200 3985
190.171.144.234 - - [29/Apr/2022:10:54:53 -0300] "GET /cormun/servlet/hhome HTTP/1.1" 200 3981
190.171.153.26 - - [29/Apr/2022:10:54:55 -0300] "POST /cormun/servlet/trsolicitudot?f1620a70ee21a23f1cc34ec49a7a1e48,gx-no-cache=1651239721766 HTTP/1.1" 200 107
190.171.153.26 - - [29/Apr/2022:10:54:55 -0300] "GET /cormun/servlet/trsolicitudadjuntos?2022,18515, HTTP/1.1" 200 6065
190.171.153.26 - - [29/Apr/2022:10:54:55 -0300] "GET /cormun/static/gxcfg.js?20201215574222 HTTP/1.1" 304 -
190.171.153.26 - - [29/Apr/2022:10:54:55 -0300] "GET /cormun/static/Resources/PXToolsGridNew.png HTTP/1.1" 200 427
190.171.153.26 - - [29/Apr/2022:10:54:55 -0300] "GET /cormun/static/trsolicitudadjuntos.js?20201215574932 HTTP/1.1" 304 -
190.171.153.26 - - [29/Apr/2022:10:55:00 -0300] "GET /cormun/servlet/solicitudotadjuntos?INS,2022,18515,,1, HTTP/1.1" 200 6008
190.171.153.26 - - [29/Apr/2022:10:55:00 -0300] "GET /cormun/static/gxcfg.js?202012157947 HTTP/1.1" 304 -
190.171.153.26 - - [29/Apr/2022:10:55:00 -0300] "GET /cormun/static/solicitudotadjuntos.js?202012157966 HTTP/1.1" 304 -
190.171.153.26 - - [29/Apr/2022:10:55:00 -0300] "GET /cormun/static/about:blank HTTP/1.1" 404 1011
190.171.153.26 - - [29/Apr/2022:10:55:01 -0300] "GET /cormun/servlet/solicitudotadjuntos?e4b73d988bf9fd95c1be5d2b7bd47a7cb5199716e91594c9a6acc2e9802e66e3b6fd9e39b128fd11398f2933e7d46e44,gx-no-cache=1651239728064 HTTP/1.1" 200 30
190.171.153.26 - - [29/Apr/2022:10:55:01 -0300] "POST /cormun/servlet/solicitudotadjuntos?f1620a70ee21a23f1cc34ec49a7a1e48,INS,2022,18515,,1,,gx-no-cache=1651239728108 HTTP/1.1" 200 3909
190.171.153.26 - - [29/Apr/2022:10:55:05 -0300] "POST /cormun/servlet/solicitudotadjuntos?gx-no-cache=1651239732096 HTTP/1.1" 200 26
191.126.29.43 - - [29/Apr/2022:10:55:36 -0300] "GET /cormun/servlet/prbanco?,MD,,gxPopupLevel%3D0%3B HTTP/1.1" 200 6402
191.126.29.43 - - [29/Apr/2022:10:55:36 -0300] "GET /cormun/static/gxcfg.js?20201216131581 HTTP/1.1" 200 953
191.126.29.43 - - [29/Apr/2022:10:55:36 -0300] "GET /cormun/static/prbanco.js?20201216132311 HTTP/1.1" 200 10693
192.168.10.11 - - [29/Apr/2022:10:55:40 -0300] "GET / HTTP/1.1" 200 11217
191.126.29.43 - - [29/Apr/2022:10:55:42 -0300] "GET /cormun/servlet/solicitudot?e42c1969f617bc787e9a892c21578b27904150e9316fd1aa01e30537b8f796d10d0509ce992e3b3a50735d0b42554cf792f781526232ab3a9c6c37266bf91e13c3fd649826c090cface1c1f26fce25e3,gx-no-cache=1651239763267 HTTP/1.1" 200 30
190.171.153.26 - - [29/Apr/2022:10:55:51 -0300] "GET /cormun/servlet/solicitudotadjuntos?e4b73d988bf9fd95c1be5d2b7bd47a7cac57f0484e050e1c68887e12c4ab4523,gx-no-cache=1651239778552 HTTP/1.1" 200 30
190.171.153.26 - - [29/Apr/2022:10:55:51 -0300] "GET /cormun/servlet/solicitudotadjuntos?e4b73d988bf9fd95c1be5d2b7bd47a7cac57f0484e050e1c68887e12c4ab4523,gx-no-cache=1651239778581 HTTP/1.1" 200 30
190.171.153.26 - - [29/Apr/2022:10:55:52 -0300] "POST /cormun/servlet/solicitudotadjuntos?f1620a70ee21a23f1cc34ec49a7a1e48,INS,2022,18515,,1, HTTP/1.1" 200 116
190.171.153.26 - - [29/Apr/2022:10:55:52 -0300] "GET /cormun/servlet/hpexe_return? HTTP/1.1" 200 1031
190.171.153.26 - - [29/Apr/2022:10:55:52 -0300] "GET /cormun/servlet/trsolicitudadjuntos?2022,18515, HTTP/1.1" 200 8843
190.171.153.26 - - [29/Apr/2022:10:55:55 -0300] "GET /cormun/servlet/solicitudotadjuntos?INS,2022,18515,,1, HTTP/1.1" 200 6009
190.171.153.26 - - [29/Apr/2022:10:55:55 -0300] "GET /cormun/static/about:blank HTTP/1.1" 404 1011
190.171.153.26 - - [29/Apr/2022:10:55:56 -0300] "GET /cormun/servlet/solicitudotadjuntos?e4b73d988bf9fd95c1be5d2b7bd47a7cb5199716e91594c9a6acc2e9802e66e3b6fd9e39b128fd11398f2933e7d46e44,gx-no-cache=1651239782777 HTTP/1.1" 200 30
190.171.153.26 - - [29/Apr/2022:10:55:56 -0300] "POST /cormun/servlet/solicitudotadjuntos?f1620a70ee21a23f1cc34ec49a7a1e48,INS,2022,18515,,1,,gx-no-cache=1651239782810 HTTP/1.1" 200 3910
190.171.153.26 - - [29/Apr/2022:10:55:59 -0300] "POST /cormun/servlet/solicitudotadjuntos?gx-no-cache=1651239785751 HTTP/1.1" 200 26
191.126.29.43 - - [29/Apr/2022:10:56:06 -0300] "GET /cormun/servlet/solicitudot?e42c1969f617bc787e9a892c21578b27ab49bf9f14e8d70be2edc10a0faeb90d,gx-no-cache=1651239787112 HTTP/1.1" 200 45
190.171.153.26 - - [29/Apr/2022:10:56:12 -0300] "GET /cormun/servlet/solicitudotadjuntos?e4b73d988bf9fd95c1be5d2b7bd47a7cac57f0484e050e1c68887e12c4ab4523,gx-no-cache=1651239799384 HTTP/1.1" 200 30
190.171.153.26 - - [29/Apr/2022:10:56:12 -0300] "GET /cormun/servlet/solicitudotadjuntos?e4b73d988bf9fd95c1be5d2b7bd47a7cac57f0484e050e1c68887e12c4ab4523,gx-no-cache=1651239799408 HTTP/1.1" 200 30
190.171.153.26 - - [29/Apr/2022:10:56:12 -0300] "POST /cormun/servlet/solicitudotadjuntos?f1620a70ee21a23f1cc34ec49a7a1e48,INS,2022,18515,,1, HTTP/1.1" 200 116
190.171.153.26 - - [29/Apr/2022:10:56:12 -0300] "GET /cormun/servlet/hpexe_return? HTTP/1.1" 200 1031
190.171.153.26 - - [29/Apr/2022:10:56:12 -0300] "GET /cormun/servlet/trsolicitudadjuntos?2022,18515, HTTP/1.1" 200 9115
190.171.153.26 - - [29/Apr/2022:10:56:16 -0300] "GET /cormun/servlet/solicitudotadjuntos?INS,2022,18515,,1, HTTP/1.1" 200 6009
190.171.153.26 - - [29/Apr/2022:10:56:16 -0300] "GET /cormun/static/about:blank HTTP/1.1" 404 1011
190.171.153.26 - - [29/Apr/2022:10:56:17 -0300] "GET /cormun/servlet/solicitudotadjuntos?e4b73d988bf9fd95c1be5d2b7bd47a7cb5199716e91594c9a6acc2e9802e66e3b6fd9e39b128fd11398f2933e7d46e44,gx-no-cache=1651239804286 HTTP/1.1" 200 30
190.171.153.26 - - [29/Apr/2022:10:56:17 -0300] "POST /cormun/servlet/solicitudotadjuntos?f1620a70ee21a23f1cc34ec49a7a1e48,INS,2022,18515,,1,,gx-no-cache=1651239804316 HTTP/1.1" 200 3910
190.171.153.26 - - [29/Apr/2022:10:56:17 -0300] "GET /cormun/static/about:blank HTTP/1.1" 404 1011
190.171.153.26 - - [29/Apr/2022:10:56:21 -0300] "POST /cormun/servlet/solicitudotadjuntos?gx-no-cache=1651239808503 HTTP/1.1" 200 26
190.171.153.26 - - [29/Apr/2022:10:56:27 -0300] "GET /cormun/servlet/solicitudotadjuntos?e4b73d988bf9fd95c1be5d2b7bd47a7cac57f0484e050e1c68887e12c4ab4523,gx-no-cache=1651239814352 HTTP/1.1" 200 30
190.171.153.26 - - [29/Apr/2022:10:56:27 -0300] "GET /cormun/servlet/solicitudotadjuntos?e4b73d988bf9fd95c1be5d2b7bd47a7cac57f0484e050e1c68887e12c4ab4523,gx-no-cache=1651239814378 HTTP/1.1" 200 30
190.171.153.26 - - [29/Apr/2022:10:56:27 -0300] "POST /cormun/servlet/solicitudotadjuntos?f1620a70ee21a23f1cc34ec49a7a1e48,INS,2022,18515,,1, HTTP/1.1" 200 116
190.171.153.26 - - [29/Apr/2022:10:56:28 -0300] "GET /cormun/servlet/hpexe_return? HTTP/1.1" 200 1031
190.171.153.26 - - [29/Apr/2022:10:56:28 -0300] "GET /cormun/servlet/trsolicitudadjuntos?2022,18515, HTTP/1.1" 200 9291
190.171.153.26 - - [29/Apr/2022:10:56:30 -0300] "GET /cormun/servlet/solicitudotadjuntos?INS,2022,18515,,1, HTTP/1.1" 200 6009
190.171.153.26 - - [29/Apr/2022:10:56:30 -0300] "GET /cormun/static/about:blank HTTP/1.1" 404 1011
190.171.153.26 - - [29/Apr/2022:10:56:31 -0300] "GET /cormun/servlet/solicitudotadjuntos?e4b73d988bf9fd95c1be5d2b7bd47a7cb5199716e91594c9a6acc2e9802e66e3b6fd9e39b128fd11398f2933e7d46e44,gx-no-cache=1651239818356 HTTP/1.1" 200 30
190.171.153.26 - - [29/Apr/2022:10:56:31 -0300] "POST /cormun/servlet/solicitudotadjuntos?f1620a70ee21a23f1cc34ec49a7a1e48,INS,2022,18515,,1,,gx-no-cache=1651239818392 HTTP/1.1" 200 3910
190.171.153.26 - - [29/Apr/2022:10:56:31 -0300] "GET /cormun/static/about:blank HTTP/1.1" 404 1011
190.171.153.26 - - [29/Apr/2022:10:56:34 -0300] "POST /cormun/servlet/solicitudotadjuntos?gx-no-cache=1651239821174 HTTP/1.1" 200 26
191.126.29.43 - - [29/Apr/2022:10:56:39 -0300] "POST /cormun/servlet/solicitudot?gx-no-cache=1651239819898 HTTP/1.1" 200 297
191.126.29.43 - - [29/Apr/2022:10:56:39 -0300] "GET /cormun/servlet/solicitudot?e42c1969f617bc787e9a892c21578b27294497cccf50bbc9d17068242a47858d0904b5e834105a58d528d217669f7ba9cedab2ff42e7d0987cf620958c4178e23bf8b02677ae714bd3984317e3b9a8248aec4c1f05f21a2349c4b159609a44fbcdf391747fafee5ae6d13659d0e049810ee05d39ef8b371a07e16e8092f777ad990436d2e65f103f52ccd9ed4c9b9219d0eae8dae888275f1e765fb6f201a80a0430aa2c2efb25ffed3e95dcc071396097be9a6128f0d43851b4742c975e2e8ba2b69db9d0b0401b1e72993a07c66bdee068a9503f02965f1aece3c0a3c532f216dd91fb10b1e154ef68d7d7d03661acc48efd362f734dbbee452087f6d47c57b89f57d6b19e7cd4b64038cc3a0d30ea3dec6e1cd74c6e5928df911eb244e9d59c016badef136621dde2cd0913cff8cee8b08186979660b9ae317b45412b99e5b0f2ac115cf2364e1848ffc98cdf25159107008381fc11dcdd6a25eb87d56852e7b668fd6a431a80c71fa22a75f688b2bd7de420512883f64a979653574705c5dc89bbfc0315d4113dc0496fca5def46,gx-no-cache=1651239820058 HTTP/1.1" 200 30
192.168.10.11 - - [29/Apr/2022:10:56:40 -0300] "GET / HTTP/1.1" 200 11217
190.171.153.26 - - [29/Apr/2022:10:56:45 -0300] "GET /cormun/servlet/solicitudotadjuntos?e4b73d988bf9fd95c1be5d2b7bd47a7cac57f0484e050e1c68887e12c4ab4523,gx-no-cache=1651239832175 HTTP/1.1" 200 30
190.171.153.26 - - [29/Apr/2022:10:56:45 -0300] "GET /cormun/servlet/solicitudotadjuntos?e4b73d988bf9fd95c1be5d2b7bd47a7cac57f0484e050e1c68887e12c4ab4523,gx-no-cache=1651239832202 HTTP/1.1" 200 30
190.171.153.26 - - [29/Apr/2022:10:56:45 -0300] "POST /cormun/servlet/solicitudotadjuntos?f1620a70ee21a23f1cc34ec49a7a1e48,INS,2022,18515,,1, HTTP/1.1" 200 116
190.171.153.26 - - [29/Apr/2022:10:56:45 -0300] "GET /cormun/servlet/hpexe_return? HTTP/1.1" 200 1031
190.171.153.26 - - [29/Apr/2022:10:56:45 -0300] "GET /cormun/servlet/trsolicitudadjuntos?2022,18515, HTTP/1.1" 200 9587
190.171.153.26 - - [29/Apr/2022:10:56:48 -0300] "GET /cormun/servlet/solicitudotadjuntos?INS,2022,18515,,1, HTTP/1.1" 200 6009
190.171.153.26 - - [29/Apr/2022:10:56:48 -0300] "GET /cormun/static/about:blank HTTP/1.1" 404 1011
190.171.153.26 - - [29/Apr/2022:10:56:49 -0300] "GET /cormun/servlet/solicitudotadjuntos?e4b73d988bf9fd95c1be5d2b7bd47a7cb5199716e91594c9a6acc2e9802e66e3b6fd9e39b128fd11398f2933e7d46e44,gx-no-cache=1651239836131 HTTP/1.1" 200 30
190.171.153.26 - - [29/Apr/2022:10:56:49 -0300] "POST /cormun/servlet/solicitudotadjuntos?f1620a70ee21a23f1cc34ec49a7a1e48,INS,2022,18515,,1,,gx-no-cache=1651239836158 HTTP/1.1" 200 3910
191.126.29.43 - - [29/Apr/2022:10:56:52 -0300] "POST /cormun/servlet/solicitudot?gx-no-cache=1651239833032 HTTP/1.1" 200 30
190.171.153.26 - - [29/Apr/2022:10:56:52 -0300] "POST /cormun/servlet/solicitudotadjuntos?gx-no-cache=1651239839529 HTTP/1.1" 200 26
191.126.29.43 - - [29/Apr/2022:10:56:57 -0300] "POST /cormun/servlet/solicitudot?gx-no-cache=1651239837316 HTTP/1.1" 200 1454
191.126.29.43 - - [29/Apr/2022:10:56:57 -0300] "POST /cormun/servlet/solicitudot?gx-no-cache=1651239837521 HTTP/1.1" 200 38
191.126.29.43 - - [29/Apr/2022:10:56:57 -0300] "GET /cormun/servlet/solicitudot?e42c1969f617bc787e9a892c21578b2758371ccb8bad3e62af4b620c1c3f8b95574841dc8c11766a49b8ff4f34ec2aa1e97ad44b4e850f029074cc4702e367eef2d2a2b454d579fbeafe7f29b36e99a87a5b819b5506766418083bdc4709e157b21cde00aac29f067f329639e5969864,gx-no-cache=1651239837612 HTTP/1.1" 200 110
190.171.153.26 - - [29/Apr/2022:10:57:01 -0300] "GET /cormun/servlet/solicitudotadjuntos?e4b73d988bf9fd95c1be5d2b7bd47a7cac57f0484e050e1c68887e12c4ab4523,gx-no-cache=1651239848279 HTTP/1.1" 200 30
190.171.153.26 - - [29/Apr/2022:10:57:01 -0300] "GET /cormun/servlet/solicitudotadjuntos?e4b73d988bf9fd95c1be5d2b7bd47a7cac57f0484e050e1c68887e12c4ab4523,gx-no-cache=1651239848306 HTTP/1.1" 200 30
190.171.153.26 - - [29/Apr/2022:10:57:01 -0300] "POST /cormun/servlet/solicitudotadjuntos?f1620a70ee21a23f1cc34ec49a7a1e48,INS,2022,18515,,1, HTTP/1.1" 200 116
190.171.153.26 - - [29/Apr/2022:10:57:01 -0300] "GET /cormun/servlet/hpexe_return? HTTP/1.1" 200 1031
190.171.153.26 - - [29/Apr/2022:10:57:02 -0300] "GET /cormun/servlet/trsolicitudadjuntos?2022,18515, HTTP/1.1" 200 9908
191.126.29.43 - - [29/Apr/2022:10:57:03 -0300] "POST /cormun/servlet/solicitudot?gx-no-cache=1651239844107 HTTP/1.1" 200 64
190.171.153.26 - - [29/Apr/2022:10:57:04 -0300] "GET /cormun/servlet/solicitudotadjuntos?INS,2022,18515,,1, HTTP/1.1" 200 6008
190.171.153.26 - - [29/Apr/2022:10:57:04 -0300] "GET /cormun/static/about:blank HTTP/1.1" 404 1011
190.171.153.26 - - [29/Apr/2022:10:57:04 -0300] "GET /cormun/servlet/solicitudotadjuntos?e4b73d988bf9fd95c1be5d2b7bd47a7cb5199716e91594c9a6acc2e9802e66e3b6fd9e39b128fd11398f2933e7d46e44,gx-no-cache=1651239851572 HTTP/1.1" 200 30
190.171.153.26 - - [29/Apr/2022:10:57:04 -0300] "POST /cormun/servlet/solicitudotadjuntos?f1620a70ee21a23f1cc34ec49a7a1e48,INS,2022,18515,,1,,gx-no-cache=1651239851603 HTTP/1.1" 200 3909
190.171.153.26 - - [29/Apr/2022:10:57:08 -0300] "POST /cormun/servlet/solicitudotadjuntos?gx-no-cache=1651239854775 HTTP/1.1" 200 26
190.171.153.26 - - [29/Apr/2022:10:57:14 -0300] "GET /cormun/servlet/solicitudotadjuntos?e4b73d988bf9fd95c1be5d2b7bd47a7cac57f0484e050e1c68887e12c4ab4523,gx-no-cache=1651239861535 HTTP/1.1" 200 30
190.171.153.26 - - [29/Apr/2022:10:57:14 -0300] "GET /cormun/servlet/solicitudotadjuntos?e4b73d988bf9fd95c1be5d2b7bd47a7cac57f0484e050e1c68887e12c4ab4523,gx-no-cache=1651239861557 HTTP/1.1" 200 30
190.171.153.26 - - [29/Apr/2022:10:57:15 -0300] "POST /cormun/servlet/solicitudotadjuntos?f1620a70ee21a23f1cc34ec49a7a1e48,INS,2022,18515,,1, HTTP/1.1" 200 116
190.171.153.26 - - [29/Apr/2022:10:57:15 -0300] "GET /cormun/servlet/hpexe_return? HTTP/1.1" 200 1031
190.171.153.26 - - [29/Apr/2022:10:57:15 -0300] "GET /cormun/servlet/trsolicitudadjuntos?2022,18515, HTTP/1.1" 200 10076
191.126.29.43 - - [29/Apr/2022:10:57:17 -0300] "GET /cormun/servlet/solicitudot?e42c1969f617bc787e9a892c21578b27dbd14c76b5b4891bc6b2c75735ce7349e8f06441f4e02863895e33b229f1055be1ca8cefe21e4400f485d4fce6735733e0311ce5f8722247df5b160c164b80f4063b05d1453579d59f309e09c8fdfab2e1c92bd9215aa836296d7c789fe203da,gx-no-cache=1651239857656 HTTP/1.1" 200 29
191.126.29.43 - - [29/Apr/2022:10:57:17 -0300] "GET /cormun/static/menuarrow.gif HTTP/1.1" 404 1015
191.126.29.43 - - [29/Apr/2022:10:57:20 -0300] "GET /cormun/servlet/solicitudot?e42c1969f617bc787e9a892c21578b270e695b84606d7d55845781dea89b88cefa87291e082fa31354ec25eb50e044d0,gx-no-cache=1651239861119 HTTP/1.1" 200 30
190.171.153.26 - - [29/Apr/2022:10:57:21 -0300] "GET /cormun/servlet/trsolicitudot? HTTP/1.1" 200 11202
191.126.29.43 - - [29/Apr/2022:10:57:28 -0300] "POST /cormun/servlet/solicitudot?gx-no-cache=1651239868563 HTTP/1.1" 200 30
190.171.153.26 - - [29/Apr/2022:10:57:30 -0300] "POST /cormun/servlet/trsolicitudot?f1620a70ee21a23f1cc34ec49a7a1e48,,gx-no-cache=1651239877051 HTTP/1.1" 200 8459
190.171.153.26 - - [29/Apr/2022:10:57:30 -0300] "POST /cormun/servlet/trsolicitudot?f1620a70ee21a23f1cc34ec49a7a1e48,,gx-no-cache=1651239877349 HTTP/1.1" 200 8405
192.168.10.11 - - [29/Apr/2022:10:57:40 -0300] "GET / HTTP/1.1" 200 11217
190.171.153.26 - - [29/Apr/2022:10:57:53 -0300] "GET /cormun/servlet/solicitudot?INS,0,0,false, HTTP/1.1" 200 15684
190.171.153.26 - - [29/Apr/2022:10:57:53 -0300] "GET /cormun/static/gxcfg.js?20203414241232 HTTP/1.1" 200 953
190.171.153.26 - - [29/Apr/2022:10:58:04 -0300] "POST /cormun/servlet/solicitudot?gx-no-cache=1651239911106 HTTP/1.1" 200 3974
190.171.153.26 - - [29/Apr/2022:10:58:04 -0300] "POST /cormun/servlet/solicitudot?f1620a70ee21a23f1cc34ec49a7a1e48,INS,0,0,false,,gx-no-cache=1651239911277 HTTP/1.1" 200 12530
190.171.153.26 - - [29/Apr/2022:10:58:10 -0300] "GET /cormun/servlet/solicitudot?e4b73d988bf9fd95c1be5d2b7bd47a7ced5f7621d9e6ae0174e9ed32c9fafa147b3681a155367487d8bcb8ede020bc6f,gx-no-cache=1651239917626 HTTP/1.1" 200 30
190.171.153.26 - - [29/Apr/2022:10:58:11 -0300] "GET /cormun/servlet/solicitudot?e4b73d988bf9fd95c1be5d2b7bd47a7c222d82bed45e14ff8aff4224a7b52851cecece42ca0f4ccd66ede4c6b5e4142c8c86612a010f0052c5c5e96d44267be2,gx-no-cache=1651239917765 HTTP/1.1" 200 30
190.171.153.26 - - [29/Apr/2022:10:58:11 -0300] "GET /cormun/servlet/solicitudot?e4b73d988bf9fd95c1be5d2b7bd47a7c66982884696ed0dd85ce5f8333b74897,gx-no-cache=1651239917787 HTTP/1.1" 200 51
190.171.153.26 - - [29/Apr/2022:10:58:11 -0300] "POST /cormun/servlet/solicitudot?gx-no-cache=1651239917816 HTTP/1.1" 200 255
190.171.153.26 - - [29/Apr/2022:10:58:11 -0300] "GET /cormun/servlet/solicitudot?e4b73d988bf9fd95c1be5d2b7bd47a7c811a1ba9dc58446f2e8cce67c7cdb3d410b74d40509377d3d5328a3200004c04cb4eb451ed305f0c75c8d91fce19898750d035e53216e8f0c8f856318bf295eed7e560921aa350eae77caf0bbd2d28513f6bb954d676d20f8c582a7db76d9914ff911bc749977ba51eada7c72903b7e6fbed7fe0828762659755f6cc8ac5fbc7a16ba3e8ce17155c154a097b5b14c18fc81411e16ca3aaaf4d62bc926e34294c546f5994b9f03c82f7649cd4e85973cb507351025c3a7987df3cfac8854bf6f3ec263e1319287a05b10f1df35f21bccdf9206781132029e7503fa4930e90b91e39307f70df30b5bf3879937e512ffb45c6eccc2813f211523555438d454e273a2449395535ec1cbf5e4f627216ee5777ef042b2429a5b10cccf460d937a218cffa03a87f82219de14251c0477f5b42100fa7ab0c6b4c6d96b559cc9d8d5cc230447dafc16dec258d0e525d2bafc469621a7447de3194d4c193cdb814de790975da04afac400efabb7ad4b7b6b7c158d2,gx-no-cache=1651239917848 HTTP/1.1" 200 30
190.171.153.26 - - [29/Apr/2022:10:58:11 -0300] "POST /cormun/servlet/solicitudot?gx-no-cache=1651239917870 HTTP/1.1" 200 30
190.171.153.26 - - [29/Apr/2022:10:58:11 -0300] "POST /cormun/servlet/solicitudot?gx-no-cache=1651239917896 HTTP/1.1" 200 1454
190.171.153.26 - - [29/Apr/2022:10:58:11 -0300] "POST /cormun/servlet/solicitudot?gx-no-cache=1651239917949 HTTP/1.1" 200 38
192.168.10.11 - - [29/Apr/2022:10:58:40 -0300] "GET / HTTP/1.1" 200 11217
191.126.29.43 - - [29/Apr/2022:10:58:53 -0300] "GET /cormun/servlet/solicitudot?e42c1969f617bc787e9a892c21578b27294497cccf50bbc9d17068242a47858d0904b5e834105a58d528d217669f7ba9cedab2ff42e7d0987cf620958c4178e23bf8b02677ae714bd3984317e3b9a8248aec4c1f05f21a2349c4b159609a44fbcdf391747fafee5ae6d13659d0e049810ee05d39ef8b371a07e16e8092f777ad990436d2e65f103f52ccd9ed4c9b9219d0eae8dae888275f1e765fb6f201a80a0430aa2c2efb25ffed3e95dcc071396097be9a6128f0d43851b4742c975e2e8ba2b69db9d0b0401b1e72993a07c66bdee068a9503f02965f1aece3c0a3c532f216dd91fb10b1e154ef68d7d7d03661acc48efd362f734dbbee452087f6d47c57b89f57d6b19e7cd4b64038cc3a0d30ea3dec6e1cd74c6e5928df911eb244e9d59c016badef136621dde2cd0913cff8cee8b08186979660b9ae317b45412b99e5b0f2ac115cf2364e1848ffc98cdf25159107008381fc11dcdd6a25eb87d56852e7b668fd6a431a80c71fa22a75f688b2756040d743049e911c52822bfbfd83d2dc89bbfc0315d4113dc0496fca5def46,gx-no-cache=1651239953672 HTTP/1.1" 200 30
191.126.29.43 - - [29/Apr/2022:10:58:53 -0300] "POST /cormun/servlet/solicitudot?gx-no-cache=1651239953816 HTTP/1.1" 200 30
191.126.29.43 - - [29/Apr/2022:10:58:53 -0300] "POST /cormun/servlet/solicitudot?gx-no-cache=1651239953913 HTTP/1.1" 200 1454
191.126.29.43 - - [29/Apr/2022:10:58:53 -0300] "POST /cormun/servlet/solicitudot?gx-no-cache=1651239954067 HTTP/1.1" 200 41
191.126.29.43 - - [29/Apr/2022:10:58:53 -0300] "GET /cormun/servlet/solicitudot?e42c1969f617bc787e9a892c21578b2758371ccb8bad3e62af4b620c1c3f8b95574841dc8c11766a49b8ff4f34ec2aa1e97ad44b4e850f029074cc4702e367eef2d2a2b454d579fbeafe7f29b36e99a87a5b819b5506766418083bdc4709e157b21cde00aac29f067f329639e5969864,gx-no-cache=1651239954160 HTTP/1.1" 200 110
191.126.29.43 - - [29/Apr/2022:10:58:53 -0300] "POST /cormun/servlet/solicitudot?gx-no-cache=1651239954238 HTTP/1.1" 200 79
191.126.29.43 - - [29/Apr/2022:10:58:54 -0300] "GET /cormun/servlet/solicitudot?e42c1969f617bc787e9a892c21578b270e695b84606d7d55845781dea89b88cefa87291e082fa31354ec25eb50e044d0,gx-no-cache=1651239954403 HTTP/1.1" 200 30
191.126.29.43 - - [29/Apr/2022:10:58:54 -0300] "POST /cormun/servlet/solicitudot?gx-no-cache=1651239954495 HTTP/1.1" 200 30
191.126.29.43 - - [29/Apr/2022:10:58:54 -0300] "POST /cormun/servlet/solicitudot?d824fa5e586f57ec8130fc79c67cab26,INS,0,0,false,,gx-no-cache=1651239954644 HTTP/1.1" 200 12869
191.126.29.43 - - [29/Apr/2022:10:59:26 -0300] "POST /cormun/servlet/solicitudot?gx-no-cache=1651239986424 HTTP/1.1" 200 30
191.126.29.43 - - [29/Apr/2022:10:59:29 -0300] "POST /cormun/servlet/solicitudot?gx-no-cache=1651239989472 HTTP/1.1" 200 1454
191.126.29.43 - - [29/Apr/2022:10:59:29 -0300] "POST /cormun/servlet/solicitudot?gx-no-cache=1651239989590 HTTP/1.1" 200 41
191.126.29.43 - - [29/Apr/2022:10:59:29 -0300] "GET /cormun/servlet/solicitudot?e42c1969f617bc787e9a892c21578b2758371ccb8bad3e62af4b620c1c3f8b95574841dc8c11766a49b8ff4f34ec2aa1e97ad44b4e850f029074cc4702e367eef2d2a2b454d579fbeafe7f29b36e99a87a5b819b5506766418083bdc4709e157b21cde00aac29f067f329639e5969864,gx-no-cache=1651239989678 HTTP/1.1" 200 110
191.126.29.43 - - [29/Apr/2022:10:59:29 -0300] "POST /cormun/servlet/solicitudot?gx-no-cache=1651239989762 HTTP/1.1" 200 79
191.126.29.43 - - [29/Apr/2022:10:59:29 -0300] "GET /cormun/servlet/solicitudot?e42c1969f617bc787e9a892c21578b270e695b84606d7d55845781dea89b88cefa87291e082fa31354ec25eb50e044d0,gx-no-cache=1651239989876 HTTP/1.1" 200 30
191.126.29.43 - - [29/Apr/2022:10:59:29 -0300] "POST /cormun/servlet/solicitudot?gx-no-cache=1651239989960 HTTP/1.1" 200 30
191.126.29.43 - - [29/Apr/2022:10:59:30 -0300] "POST /cormun/servlet/solicitudot?d824fa5e586f57ec8130fc79c67cab26,INS,0,0,false,,gx-no-cache=1651239990059 HTTP/1.1" 200 93
191.126.29.43 - - [29/Apr/2022:10:59:30 -0300] "GET /cormun/servlet/hpexe_return? HTTP/1.1" 200 1013
191.126.29.43 - - [29/Apr/2022:10:59:30 -0300] "GET /cormun/static/hpexe_return.js?201991422392984 HTTP/1.1" 200 1633
191.126.29.43 - - [29/Apr/2022:10:59:30 -0300] "GET /cormun/static/gxcfg.js?201991422392976 HTTP/1.1" 200 953
191.126.29.43 - - [29/Apr/2022:10:59:30 -0300] "GET /cormun/servlet/trsolicitudot HTTP/1.1" 200 8471
191.126.29.43 - - [29/Apr/2022:10:59:31 -0300] "GET /cormun//static/Resources/PXToolsActionView.png HTTP/1.1" 200 398
191.126.29.43 - - [29/Apr/2022:10:59:31 -0300] "GET /cormun//static/Resources/PXToolsGridDelete.png HTTP/1.1" 200 538
191.126.29.43 - - [29/Apr/2022:10:59:31 -0300] "GET /cormun//static/Resources/PXTools/ActionInsert.png HTTP/1.1" 200 1482
191.126.29.43 - - [29/Apr/2022:10:59:31 -0300] "GET /cormun//static/Resources/PXToolsGridUpdate.png HTTP/1.1" 200 470
191.126.29.43 - - [29/Apr/2022:10:59:31 -0300] "GET /cormun//static/Resources/PXToolsRemoveAllAction.png HTTP/1.1" 200 487
191.126.29.43 - - [29/Apr/2022:10:59:31 -0300] "GET /cormun/servlet/trsolicitudot HTTP/1.1" 200 8466
191.126.29.43 - - [29/Apr/2022:10:59:35 -0300] "POST /cormun/servlet/trsolicitudot?d824fa5e586f57ec8130fc79c67cab26,gx-no-cache=1651239995760 HTTP/1.1" 200 4586
191.126.29.43 - - [29/Apr/2022:10:59:35 -0300] "GET /cormun/static/Shared/jqueryui/images/ui-icons_82798d_256x240.png HTTP/1.1" 404 1089
191.126.29.43 - - [29/Apr/2022:10:59:35 -0300] "GET /cormun/static/Shared/jqueryui/images/ui-bg_highlight-soft_100_c6c2c8_1x100.png HTTP/1.1" 404 1117
191.126.29.43 - - [29/Apr/2022:10:59:35 -0300] "GET /cormun/static/Shared/jqueryui/images/ui-icons_8d78a5_256x240.png HTTP/1.1" 404 1089
191.126.29.43 - - [29/Apr/2022:10:59:35 -0300] "GET /cormun/static/Shared/jqueryui/images/ui-bg_flat_55_fafafa_40x100.png HTTP/1.1" 404 1097
191.126.29.43 - - [29/Apr/2022:10:59:36 -0300] "POST /cormun/servlet/trsolicitudot?d824fa5e586f57ec8130fc79c67cab26,gx-no-cache=1651239996157 HTTP/1.1" 200 4336
192.168.10.11 - - [29/Apr/2022:10:59:40 -0300] "GET / HTTP/1.1" 200 11217
191.126.29.43 - - [29/Apr/2022:10:59:44 -0300] "GET /cormun/servlet/hlogin HTTP/1.1" 200 1730
190.171.153.26 - - [29/Apr/2022:11:00:08 -0300] "POST /cormun/servlet/solicitudot?gx-no-cache=1651240035702 HTTP/1.1" 200 30
191.126.29.43 - - [29/Apr/2022:11:00:10 -0300] "GET /cormun/servlet/hlogin HTTP/1.1" 200 1725
191.126.29.43 - - [29/Apr/2022:11:00:11 -0300] "GET /cormun/servlet/hlogin HTTP/1.1" 200 1726
191.126.29.43 - - [29/Apr/2022:11:00:14 -0300] "POST /cormun/servlet/hlogin?2583d37e4a6889cc4533673bcaa6cbb6,gx-no-cache=1651240035225 HTTP/1.1" 200 90
191.126.29.43 - - [29/Apr/2022:11:00:15 -0300] "GET /cormun/servlet/hpexe_link HTTP/1.1" 200 952
191.126.29.43 - - [29/Apr/2022:11:00:15 -0300] "GET /cormun/servlet/hhome HTTP/1.1" 200 4252
191.126.29.43 - - [29/Apr/2022:11:00:16 -0300] "GET /cormun/servlet/hhome HTTP/1.1" 200 4248
190.171.153.26 - - [29/Apr/2022:11:00:17 -0300] "POST /cormun/servlet/solicitudot?gx-no-cache=1651240044308 HTTP/1.1" 200 1454
190.171.153.26 - - [29/Apr/2022:11:00:17 -0300] "POST /cormun/servlet/solicitudot?gx-no-cache=1651240044356 HTTP/1.1" 200 38
190.171.153.26 - - [29/Apr/2022:11:00:17 -0300] "GET /cormun/servlet/solicitudot?e4b73d988bf9fd95c1be5d2b7bd47a7c2ad56e5ba72088179418aebde8ffe1cf67144d5c194f4c3398725f36fd51509a4c0b19e13c1c7cbbb143435189ee852fa3cb5041cc69bf76a810817fe347d83821634903d11abf85e1ab4747e6c6a3902d5c88b337c374e8a2a0350d62a4e83c,gx-no-cache=1651240044388 HTTP/1.1" 200 110
190.171.153.26 - - [29/Apr/2022:11:00:17 -0300] "POST /cormun/servlet/solicitudot?gx-no-cache=1651240044410 HTTP/1.1" 200 110
191.126.29.43 - - [29/Apr/2022:11:00:19 -0300] "GET /cormun/servlet/trautorizarsolicitud? HTTP/1.1" 200 8764
191.126.29.43 - - [29/Apr/2022:11:00:20 -0300] "GET /cormun/servlet/trautorizarsolicitud? HTTP/1.1" 200 8763
190.171.153.26 - - [29/Apr/2022:11:00:22 -0300] "GET /cormun/servlet/solicitudot?e4b73d988bf9fd95c1be5d2b7bd47a7c1ff033e75c715ec9b5168b11df194fdfb2e47581115621c82dd0c7e8ca1326d78f01868fffb95747784b2005c398b3b038775c139f0e0f97ad385536a1ddea4519bdfea1e73c45669ee13dd210a255ba89487e2af1a9d2aa7676f700f10dfda702f928776f727de8efcda1cda65a2b2ac1906e361d6f816431bcbe66d81ce0952e88310f554669632829cc4618128af4,gx-no-cache=1651240048891 HTTP/1.1" 200 29
190.171.153.26 - - [29/Apr/2022:11:00:24 -0300] "GET /cormun/static/menuarrow.gif HTTP/1.1" 404 1015
191.126.29.43 - - [29/Apr/2022:11:00:25 -0300] "POST /cormun/servlet/trautorizarsolicitud?2583d37e4a6889cc4533673bcaa6cbb6,,gx-no-cache=1651240045688 HTTP/1.1" 200 4784
191.126.29.43 - - [29/Apr/2022:11:00:25 -0300] "GET /cormun/static/Shared/jqueryui/images/ui-bg_highlight-soft_100_c6c2c8_1x100.png HTTP/1.1" 404 1117
191.126.29.43 - - [29/Apr/2022:11:00:25 -0300] "GET /cormun/static/Shared/jqueryui/images/ui-icons_82798d_256x240.png HTTP/1.1" 404 1089
191.126.29.43 - - [29/Apr/2022:11:00:25 -0300] "GET /cormun/static/Shared/jqueryui/images/ui-bg_flat_55_fafafa_40x100.png HTTP/1.1" 404 1097
191.126.29.43 - - [29/Apr/2022:11:00:25 -0300] "GET /cormun/static/Shared/jqueryui/images/ui-icons_8d78a5_256x240.png HTTP/1.1" 404 1089
191.126.29.43 - - [29/Apr/2022:11:00:26 -0300] "POST /cormun/servlet/trautorizarsolicitud?2583d37e4a6889cc4533673bcaa6cbb6,,gx-no-cache=1651240046278 HTTP/1.1" 200 4529
191.126.29.43 - - [29/Apr/2022:11:00:33 -0300] "GET /cormun/servlet/hhome HTTP/1.1" 200 4252
191.126.29.43 - - [29/Apr/2022:11:00:33 -0300] "GET /cormun/servlet/hhome HTTP/1.1" 200 4248
190.171.153.26 - - [29/Apr/2022:11:00:35 -0300] "GET /cormun/servlet/solicitudot?e4b73d988bf9fd95c1be5d2b7bd47a7cb9e072cd39f2be3a4e87e037ac14da0f85646527c6c26c31231c4cd0048f1815,gx-no-cache=1651240062587 HTTP/1.1" 200 30
192.168.10.11 - - [29/Apr/2022:11:00:40 -0300] "GET / HTTP/1.1" 200 11217
191.126.29.43 - - [29/Apr/2022:11:00:42 -0300] "GET /cormun/servlet/trsolicitudot? HTTP/1.1" 200 7052
191.126.29.43 - - [29/Apr/2022:11:00:42 -0300] "GET /cormun/servlet/trsolicitudot? HTTP/1.1" 200 7052
191.126.29.43 - - [29/Apr/2022:11:00:45 -0300] "GET /cormun/servlet/solicitudot?INS,0,0,false, HTTP/1.1" 200 15578
191.126.29.43 - - [29/Apr/2022:11:00:46 -0300] "GET /cormun/servlet/solicitudot?INS,0,0,false, HTTP/1.1" 200 15586
191.126.29.43 - - [29/Apr/2022:11:01:00 -0300] "POST /cormun/servlet/solicitudot?gx-no-cache=1651240080675 HTTP/1.1" 200 3858
191.126.29.43 - - [29/Apr/2022:11:01:00 -0300] "POST /cormun/servlet/solicitudot?d824fa5e586f57ec8130fc79c67cab26,INS,0,0,false,,gx-no-cache=1651240081137 HTTP/1.1" 200 12399
191.126.29.43 - - [29/Apr/2022:11:01:03 -0300] "GET /cormun/servlet/solicitudot?e42c1969f617bc787e9a892c21578b2758e21751c351d1d22d7c569569d45ef753474a0fc9d8bb9451d1107f9ff623d5,gx-no-cache=1651240083915 HTTP/1.1" 200 30
192.168.10.11 - - [29/Apr/2022:11:01:40 -0300] "GET / HTTP/1.1" 200 11217
190.171.153.26 - - [29/Apr/2022:11:01:59 -0300] "POST /cormun/servlet/solicitudot?f1620a70ee21a23f1cc34ec49a7a1e48,INS,0,0,false,,gx-no-cache=1651240145944 HTTP/1.1" 200 93
190.171.153.26 - - [29/Apr/2022:11:01:59 -0300] "GET /cormun/servlet/hpexe_return? HTTP/1.1" 200 1014
190.171.153.26 - - [29/Apr/2022:11:01:59 -0300] "GET /cormun/servlet/trsolicitudot? HTTP/1.1" 200 11198
191.126.29.43 - - [29/Apr/2022:11:02:04 -0300] "GET /cormun/servlet/solicitudot?e42c1969f617bc787e9a892c21578b27904150e9316fd1aa01e30537b8f796d10d0509ce992e3b3a50735d0b42554cf792f781526232ab3a9c6c37266bf91e13c3fd649826c090cface1c1f26fce25e3,gx-no-cache=1651240144711 HTTP/1.1" 200 30
191.126.29.43 - - [29/Apr/2022:11:02:08 -0300] "GET /cormun/servlet/prbanco?,MD,,gxPopupLevel%3D0%3B HTTP/1.1" 200 6402
190.171.153.26 - - [29/Apr/2022:11:02:09 -0300] "GET /cormun/static/menuarrow.gif HTTP/1.1" 404 1015
191.126.29.43 - - [29/Apr/2022:11:02:15 -0300] "GET /cormun/servlet/solicitudot?e42c1969f617bc787e9a892c21578b27ab49bf9f14e8d70be2edc10a0faeb90d,gx-no-cache=1651240155431 HTTP/1.1" 200 45
190.171.153.26 - - [29/Apr/2022:11:02:17 -0300] "POST /cormun/servlet/trsolicitudot?f1620a70ee21a23f1cc34ec49a7a1e48,,gx-no-cache=1651240164536 HTTP/1.1" 200 8791
190.171.153.26 - - [29/Apr/2022:11:02:27 -0300] "GET /cormun/servlet/trpermisosingoce? HTTP/1.1" 200 6882
190.171.153.26 - - [29/Apr/2022:11:02:27 -0300] "GET /cormun/static/gxcfg.js?2020121653066 HTTP/1.1" 200 953
190.171.153.26 - - [29/Apr/2022:11:02:27 -0300] "GET /cormun/static/trpermisosingoce.js?2020121655097 HTTP/1.1" 200 34472
190.171.153.26 - - [29/Apr/2022:11:02:37 -0300] "POST /cormun/servlet/trpermisosingoce?f1620a70ee21a23f1cc34ec49a7a1e48,,gx-no-cache=1651240183927 HTTP/1.1" 200 4216
191.126.29.43 - - [29/Apr/2022:11:02:37 -0300] "POST /cormun/servlet/solicitudot?gx-no-cache=1651240177792 HTTP/1.1" 200 297
191.126.29.43 - - [29/Apr/2022:11:02:37 -0300] "GET /cormun/servlet/solicitudot?e42c1969f617bc787e9a892c21578b27294497cccf50bbc9d17068242a47858d0904b5e834105a58d528d217669f7ba9cedab2ff42e7d0987cf620958c4178e23bf8b02677ae714bd3984317e3b9a8248aec4c1f05f21a2349c4b159609a44fbcdf391747fafee5ae6d13659d0e049810ee05d39ef8b371a07e16e8092f777ad990436d2e65f103f52ccd9ed4c9b9219d0eae8dae888275f1e765fb6f201a80a0430aa2c2efb25ffed3e95dcc071396097be9a6128f0d43851b4742c975e2e8ba2b69db9d0b0401b1e72993a07c66bdee068a9503f02965f1aece3c0a3c532f216dd91fb10b1e154ef68d7d7d03661acc48efd362f734dbbee452087f6d47c57b89f57d6b19e7cd4b64038cc3a0d30ea3dec6e1cd74c6e5928df911eb244e9d59c016badef136621dde2cd0913cff8cee8b08186979660b9ae317b45412b99e5b0f2ac115cf2364e1848ffc98cdf25159107008381fc11dcdd6a25eb87d56852e7b668fd6a431a80c71fa22a75f688b2bd7de420512883f64a979653574705c5dc89bbfc0315d4113dc0496fca5def46,gx-no-cache=1651240177972 HTTP/1.1" 200 30
191.126.29.43 - - [29/Apr/2022:11:02:37 -0300] "POST /cormun/servlet/solicitudot?gx-no-cache=1651240178076 HTTP/1.1" 200 30
191.126.29.43 - - [29/Apr/2022:11:02:37 -0300] "POST /cormun/servlet/solicitudot?gx-no-cache=1651240178175 HTTP/1.1" 200 1454
191.126.29.43 - - [29/Apr/2022:11:02:38 -0300] "POST /cormun/servlet/solicitudot?gx-no-cache=1651240178452 HTTP/1.1" 200 38
190.171.153.26 - - [29/Apr/2022:11:02:38 -0300] "POST /cormun/servlet/trpermisosingoce?f1620a70ee21a23f1cc34ec49a7a1e48,,gx-no-cache=1651240185501 HTTP/1.1" 200 4214
190.171.153.26 - - [29/Apr/2022:11:02:39 -0300] "POST /cormun/servlet/trpermisosingoce?f1620a70ee21a23f1cc34ec49a7a1e48,,gx-no-cache=1651240186427 HTTP/1.1" 200 4215
192.168.10.11 - - [29/Apr/2022:11:02:40 -0300] "GET / HTTP/1.1" 200 11217
190.171.153.26 - - [29/Apr/2022:11:02:51 -0300] "POST /cormun/servlet/trpermisosingoce?f1620a70ee21a23f1cc34ec49a7a1e48,,gx-no-cache=1651240198271 HTTP/1.1" 200 4216
190.171.153.26 - - [29/Apr/2022:11:02:53 -0300] "POST /cormun/servlet/trpermisosingoce?f1620a70ee21a23f1cc34ec49a7a1e48,,gx-no-cache=1651240199818 HTTP/1.1" 200 4215
190.171.153.26 - - [29/Apr/2022:11:02:53 -0300] "POST /cormun/servlet/trpermisosingoce?f1620a70ee21a23f1cc34ec49a7a1e48,,gx-no-cache=1651240200617 HTTP/1.1" 200 4216
190.171.153.26 - - [29/Apr/2022:11:02:57 -0300] "POST /cormun/servlet/trpermisosingoce?f1620a70ee21a23f1cc34ec49a7a1e48,,gx-no-cache=1651240203737 HTTP/1.1" 200 4216
190.171.153.26 - - [29/Apr/2022:11:03:10 -0300] "POST /cormun/servlet/trpermisosingoce?f1620a70ee21a23f1cc34ec49a7a1e48,,gx-no-cache=1651240217295 HTTP/1.1" 200 4217
190.171.153.26 - - [29/Apr/2022:11:03:29 -0300] "GET /cormun/servlet/trpermisosingoce? HTTP/1.1" 200 6880
192.168.10.11 - - [29/Apr/2022:11:03:40 -0300] "GET / HTTP/1.1" 200 11217
190.171.153.26 - - [29/Apr/2022:11:03:46 -0300] "GET /cormun/servlet/trpermisosgoce? HTTP/1.1" 200 11281
190.171.153.26 - - [29/Apr/2022:11:03:46 -0300] "GET /cormun/static/gxcfg.js?2020121631564 HTTP/1.1" 200 953
190.171.153.26 - - [29/Apr/2022:11:03:46 -0300] "GET /cormun/static/trpermisosgoce.js?2020121633681 HTTP/1.1" 304 -
191.126.29.43 - - [29/Apr/2022:11:04:14 -0300] "GET /cormun/servlet/solicitudot?e42c1969f617bc787e9a892c21578b2758371ccb8bad3e62af4b620c1c3f8b95574841dc8c11766a49b8ff4f34ec2aa1e97ad44b4e850f029074cc4702e367eef2d2a2b454d579fbeafe7f29b36e99a87a5b819b5506766418083bdc4709e157b21cde00aac29f067f329639e5969864,gx-no-cache=1651240274533 HTTP/1.1" 200 110
191.126.29.43 - - [29/Apr/2022:11:04:20 -0300] "POST /cormun/servlet/solicitudot?gx-no-cache=1651240280806 HTTP/1.1" 200 72
191.126.29.43 - - [29/Apr/2022:11:04:23 -0300] "POST /cormun/servlet/solicitudot?gx-no-cache=1651240284195 HTTP/1.1" 200 79
191.126.29.43 - - [29/Apr/2022:11:04:30 -0300] "GET /cormun/servlet/solicitudot?e42c1969f617bc787e9a892c21578b27dbd14c76b5b4891bc6b2c75735ce7349e8f06441f4e02863895e33b229f1055be1ca8cefe21e4400f485d4fce6735733e0311ce5f8722247df5b160c164b80f4063b05d1453579d59f309e09c8fdfab2e1c92bd9215aa836296d7c789fe203da,gx-no-cache=1651240291320 HTTP/1.1" 200 29
191.126.29.43 - - [29/Apr/2022:11:04:31 -0300] "GET /cormun/static/menuarrow.gif HTTP/1.1" 404 1015
191.126.29.43 - - [29/Apr/2022:11:04:35 -0300] "GET /cormun/servlet/solicitudot?e42c1969f617bc787e9a892c21578b270e695b84606d7d55845781dea89b88cefa87291e082fa31354ec25eb50e044d0,gx-no-cache=1651240295423 HTTP/1.1" 200 30
190.171.153.26 - - [29/Apr/2022:11:04:37 -0300] "GET /cormun/servlet/trsolicitudot? HTTP/1.1" 200 11605
192.168.10.11 - - [29/Apr/2022:11:04:40 -0300] "GET / HTTP/1.1" 200 11217
191.126.29.43 - - [29/Apr/2022:11:04:41 -0300] "POST /cormun/servlet/solicitudot?gx-no-cache=1651240301603 HTTP/1.1" 200 30
190.171.153.26 - - [29/Apr/2022:11:04:41 -0300] "GET /cormun/servlet/solicitudot?INS,0,0,false, HTTP/1.1" 200 15685
190.171.153.26 - - [29/Apr/2022:11:04:55 -0300] "POST /cormun/servlet/solicitudot?gx-no-cache=1651240322279 HTTP/1.1" 200 3974
190.171.153.26 - - [29/Apr/2022:11:04:55 -0300] "POST /cormun/servlet/solicitudot?f1620a70ee21a23f1cc34ec49a7a1e48,INS,0,0,false,,gx-no-cache=1651240322442 HTTP/1.1" 200 12531
190.171.153.26 - - [29/Apr/2022:11:05:01 -0300] "GET /cormun/servlet/solicitudot?e4b73d988bf9fd95c1be5d2b7bd47a7ced5f7621d9e6ae0174e9ed32c9fafa147b3681a155367487d8bcb8ede020bc6f,gx-no-cache=1651240328440 HTTP/1.1" 200 30
190.171.153.26 - - [29/Apr/2022:11:05:01 -0300] "GET /cormun/servlet/solicitudot?e4b73d988bf9fd95c1be5d2b7bd47a7c222d82bed45e14ff8aff4224a7b52851cecece42ca0f4ccd66ede4c6b5e4142c8c86612a010f0052c5c5e96d44267be2,gx-no-cache=1651240328526 HTTP/1.1" 200 30
190.171.153.26 - - [29/Apr/2022:11:05:01 -0300] "GET /cormun/servlet/solicitudot?e4b73d988bf9fd95c1be5d2b7bd47a7c66982884696ed0dd85ce5f8333b74897,gx-no-cache=1651240328547 HTTP/1.1" 200 51
190.171.153.26 - - [29/Apr/2022:11:05:01 -0300] "POST /cormun/servlet/solicitudot?gx-no-cache=1651240328568 HTTP/1.1" 200 255
190.171.153.26 - - [29/Apr/2022:11:05:01 -0300] "GET /cormun/servlet/solicitudot?e4b73d988bf9fd95c1be5d2b7bd47a7c811a1ba9dc58446f2e8cce67c7cdb3d410b74d40509377d3d5328a3200004c04cb4eb451ed305f0c75c8d91fce19898750d035e53216e8f0c8f856318bf295eed7e560921aa350eae77caf0bbd2d28513f6bb954d676d20f8c582a7db76d9914ff911bc749977ba51eada7c72903b7e6fbed7fe0828762659755f6cc8ac5fbc7a16ba3e8ce17155c154a097b5b14c18fc81411e16ca3aaaf4d62bc926e34294c546f5994b9f03c82f7649cd4e85973cb507351025c3a7987df3cfac8854bf6f3ec263e1319287a05b10f1df35f21bccdf9206781132029e7503fa4930e90b91e39307f70df30b5bf3879937e512ffb45c6eccc2813f211523555438d454e273a2449395535ec1cbf5e4f627216ee5777ef042b2429a5b10cccf460d937a218cffa03a87f82219de14251c0477f5b42100fa7ab0c6b4c6d96b559cc9d8d5cc230447dafc16dec258d0e525d2bafc469621a7447de3194d4c193cdb814de790975da04afac400efabb7ad4b7b6b7c158d2,gx-no-cache=1651240328658 HTTP/1.1" 200 30
190.171.153.26 - - [29/Apr/2022:11:05:01 -0300] "POST /cormun/servlet/solicitudot?gx-no-cache=1651240328697 HTTP/1.1" 200 30
190.171.153.26 - - [29/Apr/2022:11:05:02 -0300] "POST /cormun/servlet/solicitudot?gx-no-cache=1651240328738 HTTP/1.1" 200 1454
190.171.153.26 - - [29/Apr/2022:11:05:02 -0300] "POST /cormun/servlet/solicitudot?gx-no-cache=1651240328858 HTTP/1.1" 200 38
190.171.153.26 - - [29/Apr/2022:11:05:17 -0300] "POST /cormun/servlet/solicitudot?f1620a70ee21a23f1cc34ec49a7a1e48,INS,0,0,false,,gx-no-cache=1651240344202 HTTP/1.1" 200 93
190.171.153.26 - - [29/Apr/2022:11:05:17 -0300] "GET /cormun/servlet/hpexe_return? HTTP/1.1" 200 1014
190.171.153.26 - - [29/Apr/2022:11:05:17 -0300] "GET /cormun/servlet/trsolicitudot HTTP/1.1" 200 11609
190.171.153.26 - - [29/Apr/2022:11:05:27 -0300] "GET /cormun/servlet/trpermisosgoce? HTTP/1.1" 200 11282
192.168.10.11 - - [29/Apr/2022:11:05:40 -0300] "GET / HTTP/1.1" 200 11217
191.126.29.43 - - [29/Apr/2022:11:05:49 -0300] "POST /cormun/servlet/solicitudot?d824fa5e586f57ec8130fc79c67cab26,INS,0,0,false,,gx-no-cache=1651240369492 HTTP/1.1" 200 93
191.126.29.43 - - [29/Apr/2022:11:05:50 -0300] "GET /cormun/servlet/hpexe_return? HTTP/1.1" 200 1013
191.126.29.43 - - [29/Apr/2022:11:05:51 -0300] "GET /cormun/servlet/trsolicitudot HTTP/1.1" 200 8517
191.126.29.43 - - [29/Apr/2022:11:05:51 -0300] "GET /cormun/servlet/trsolicitudot HTTP/1.1" 200 8511
191.126.29.43 - - [29/Apr/2022:11:05:54 -0300] "POST /cormun/servlet/trsolicitudot?d824fa5e586f57ec8130fc79c67cab26,gx-no-cache=1651240374844 HTTP/1.1" 200 6002
191.126.29.43 - - [29/Apr/2022:11:05:54 -0300] "GET /cormun/static/Shared/jqueryui/images/ui-bg_highlight-soft_100_c6c2c8_1x100.png HTTP/1.1" 404 1117
191.126.29.43 - - [29/Apr/2022:11:05:55 -0300] "GET /cormun/static/Shared/jqueryui/images/ui-icons_82798d_256x240.png HTTP/1.1" 404 1089
191.126.29.43 - - [29/Apr/2022:11:05:55 -0300] "GET /cormun/static/Shared/jqueryui/images/ui-icons_8d78a5_256x240.png HTTP/1.1" 404 1089
191.126.29.43 - - [29/Apr/2022:11:05:55 -0300] "GET /cormun/static/Shared/jqueryui/images/ui-bg_flat_55_fafafa_40x100.png HTTP/1.1" 404 1097
191.126.29.43 - - [29/Apr/2022:11:05:59 -0300] "POST /cormun/servlet/trsolicitudot?d824fa5e586f57ec8130fc79c67cab26,gx-no-cache=1651240379833 HTTP/1.1" 200 6002
191.126.29.43 - - [29/Apr/2022:11:06:05 -0300] "GET /cormun/servlet/trautorizarsolicitud? HTTP/1.1" 200 7369
191.126.29.43 - - [29/Apr/2022:11:06:05 -0300] "GET /cormun/servlet/trautorizarsolicitud? HTTP/1.1" 200 7368
191.126.29.43 - - [29/Apr/2022:11:06:10 -0300] "GET /cormun/servlet/trautorizarsolicitud? HTTP/1.1" 200 7368
191.126.29.43 - - [29/Apr/2022:11:06:11 -0300] "GET /cormun/servlet/trautorizarsolicitud? HTTP/1.1" 200 7368
192.168.10.11 - - [29/Apr/2022:11:06:40 -0300] "GET / HTTP/1.1" 200 11217
191.126.29.43 - - [29/Apr/2022:11:06:47 -0300] "POST /cormun/servlet/trsolicitudot?d824fa5e586f57ec8130fc79c67cab26,gx-no-cache=1651240427658 HTTP/1.1" 200 6002
190.171.153.26 - - [29/Apr/2022:11:06:55 -0300] "GET /cormun/servlet/trsolicitudot? HTTP/1.1" 200 11605
190.171.153.26 - - [29/Apr/2022:11:06:57 -0300] "GET /cormun/servlet/solicitudot?INS,0,0,false, HTTP/1.1" 200 15685
190.171.153.26 - - [29/Apr/2022:11:07:09 -0300] "POST /cormun/servlet/solicitudot?gx-no-cache=1651240456431 HTTP/1.1" 200 3974
190.171.153.26 - - [29/Apr/2022:11:07:09 -0300] "POST /cormun/servlet/solicitudot?f1620a70ee21a23f1cc34ec49a7a1e48,INS,0,0,false,,gx-no-cache=1651240456605 HTTP/1.1" 200 12532
190.171.153.26 - - [29/Apr/2022:11:07:12 -0300] "GET /cormun/servlet/solicitudot?e4b73d988bf9fd95c1be5d2b7bd47a7ced5f7621d9e6ae0174e9ed32c9fafa147b3681a155367487d8bcb8ede020bc6f,gx-no-cache=1651240459075 HTTP/1.1" 200 30
