192.168.10.96 - - [28/Apr/2022:10:05:06 -0300] "GET /cormun/static/PXToolsJavascripts/pexe_upload.js HTTP/1.1" 200 1423
192.168.10.96 - - [28/Apr/2022:10:05:06 -0300] "GET /cormun/static/PXToolsJavascripts/pexe_tabdivfix.js HTTP/1.1" 200 876
192.168.10.96 - - [28/Apr/2022:10:05:06 -0300] "GET /cormun/static/PXToolsJavascripts/pexe_tabs.js HTTP/1.1" 200 3748
192.168.10.96 - - [28/Apr/2022:10:05:06 -0300] "GET /cormun/static/PXToolsJavascripts/PXToolsJavascriptsRender.js HTTP/1.1" 200 367
192.168.10.96 - - [28/Apr/2022:10:05:06 -0300] "GET /cormun/static/Shared/ext/locale/ext-lang-en.js HTTP/1.1" 200 10940
192.168.10.96 - - [28/Apr/2022:10:05:06 -0300] "GET /cormun/static/hhome.js?20201215495544 HTTP/1.1" 200 777
192.168.10.96 - - [28/Apr/2022:10:05:06 -0300] "GET /cormun/static/hwchdr01.js?20201214473739 HTTP/1.1" 200 996
192.168.10.96 - - [28/Apr/2022:10:05:06 -0300] "GET /cormun/static/RunJS/RunJS.js HTTP/1.1" 200 288
192.168.10.96 - - [28/Apr/2022:10:05:06 -0300] "GET /cormun/static/hpexe_scripts.js?20201214471411 HTTP/1.1" 200 1544
192.168.10.96 - - [28/Apr/2022:10:05:06 -0300] "GET /cormun/static/hpexe_recentlink.js?20201214471090 HTTP/1.1" 200 2144
192.168.10.96 - - [28/Apr/2022:10:05:06 -0300] "GET /cormun/static/hpexe_messagecontroller.js?201991422154126 HTTP/1.1" 200 870
192.168.10.96 - - [28/Apr/2022:10:05:06 -0300] "GET /cormun/static/hpexe_messagepopupcomponent.js?2020121447232 HTTP/1.1" 200 605
192.168.10.96 - - [28/Apr/2022:10:05:06 -0300] "GET /cormun/static/Resources/PXToolsDataTitle.png HTTP/1.1" 200 1173
192.168.10.96 - - [28/Apr/2022:10:05:06 -0300] "GET /cormun/static/Resources/Llave.png HTTP/1.1" 200 1395
192.168.10.96 - - [28/Apr/2022:10:05:06 -0300] "GET /cormun/static/Resources/ImgHome.png HTTP/1.1" 200 1364
192.168.10.96 - - [28/Apr/2022:10:05:06 -0300] "GET /cormun/static/Resources/Logo2019_Small.png HTTP/1.1" 200 10855
192.168.10.96 - - [28/Apr/2022:10:05:06 -0300] "GET /cormun/static/hpexe_messagegenexuscomponent.js?2020121447173 HTTP/1.1" 200 587
192.168.10.96 - - [28/Apr/2022:10:05:06 -0300] "GET /cormun/static/Resources/ImgLogin.png HTTP/1.1" 200 1432
192.168.10.96 - - [28/Apr/2022:10:05:06 -0300] "GET /cormun/static/cmcontrolpreferences.js?20199141926336 HTTP/1.1" 200 1375
192.168.10.96 - - [28/Apr/2022:10:05:06 -0300] "GET /cormun/static/Shared/jquery/jquery-1.4.2.min.js HTTP/1.1" 200 72174
192.168.10.96 - - [28/Apr/2022:10:05:06 -0300] "GET /cormun/static/gxui/gxui-all.js HTTP/1.1" 200 107772
192.168.10.96 - - [28/Apr/2022:10:05:06 -0300] "GET /cormun/static/SmoothNavMenu/resources/ddsmoothmenu.js HTTP/1.1" 200 12712
192.168.10.96 - - [28/Apr/2022:10:05:06 -0300] "GET /cormun/static/SmoothNavMenu/resources/SmoothNavMenuRender.js HTTP/1.1" 200 5951
192.168.10.96 - - [28/Apr/2022:10:05:06 -0300] "GET /cormun/static/scaMessage/js/jquery.pnotify.min.js HTTP/1.1" 200 13038
192.168.10.96 - - [28/Apr/2022:10:05:06 -0300] "GET /cormun/static/scaMessage/scaMessageRender.js HTTP/1.1" 200 11977
192.168.10.96 - - [28/Apr/2022:10:05:06 -0300] "GET /cormun/static/hmpwkw03.js?20201215501896 HTTP/1.1" 200 3973
192.168.10.96 - - [28/Apr/2022:10:05:06 -0300] "GET /cormun/static/Shared/jqueryui/jquery-ui.min.js HTTP/1.1" 200 240427
192.168.10.96 - - [28/Apr/2022:10:05:06 -0300] "GET /cormun/static/Shared/jquery/jquery-1.10.2.min.js HTTP/1.1" 200 273199
192.168.10.96 - - [28/Apr/2022:10:05:06 -0300] "GET /cormun/static/Shared/ext/ext-all.js HTTP/1.1" 200 1289687
192.168.10.96 - - [28/Apr/2022:10:05:06 -0300] "GET /cormun/static/SmoothNavMenu/resources/images/down.gif HTTP/1.1" 200 854
192.168.10.96 - - [28/Apr/2022:10:05:06 -0300] "GET /cormun/servlet/hhome HTTP/1.1" 200 3786
192.168.10.96 - - [28/Apr/2022:10:05:08 -0300] "GET /cormun/servlet/trsolicitudgral? HTTP/1.1" 200 28697
192.168.10.96 - - [28/Apr/2022:10:05:08 -0300] "GET /cormun/static/gxui/gxui-all.css?110300 HTTP/1.1" 200 2179
192.168.10.96 - - [28/Apr/2022:10:05:08 -0300] "GET /cormun/static/calendar-system.css?75620 HTTP/1.1" 200 5572
192.168.10.96 - - [28/Apr/2022:10:05:08 -0300] "GET /cormun/static/gxcfg.js?20191021621534 HTTP/1.1" 200 953
192.168.10.96 - - [28/Apr/2022:10:05:08 -0300] "GET /cormun/static/calendar-setup.js?85251 HTTP/1.1" 200 2588
192.168.10.96 - - [28/Apr/2022:10:05:08 -0300] "GET /cormun/static/calendar.js?85251 HTTP/1.1" 200 26246
192.168.10.96 - - [28/Apr/2022:10:05:08 -0300] "GET /cormun/static/calendar-es.js?85251 HTTP/1.1" 200 1901
192.168.10.96 - - [28/Apr/2022:10:05:08 -0300] "GET /cormun/static/gxdec.js?85251 HTTP/1.1" 200 19579
192.168.10.96 - - [28/Apr/2022:10:05:08 -0300] "GET /cormun/static/trsolicitudgral.js?20191021621224 HTTP/1.1" 200 55173
192.168.10.96 - - [28/Apr/2022:10:05:09 -0300] "GET /cormun/static/Resources/PXTools/calendar.png HTTP/1.1" 200 1306
192.168.10.96 - - [28/Apr/2022:10:05:09 -0300] "GET /cormun/static/Shared/ext/resources/css/ext-all.css?205870 HTTP/1.1" 200 416045
192.168.10.96 - - [28/Apr/2022:10:05:09 -0300] "GET /cormun/static/Resources/PXToolsDataSearch.png HTTP/1.1" 200 435
192.168.10.96 - - [28/Apr/2022:10:05:09 -0300] "GET /cormun/static/Resources/PXToolsGridFirstDisabled.gif HTTP/1.1" 200 100
192.168.10.96 - - [28/Apr/2022:10:05:09 -0300] "GET /cormun/static/Resources/PXToolsGridNextDisabled.gif HTTP/1.1" 200 90
192.168.10.96 - - [28/Apr/2022:10:05:09 -0300] "GET /cormun/static/Resources/PXToolsGridPreviousDisabled.gif HTTP/1.1" 200 90
192.168.10.96 - - [28/Apr/2022:10:05:09 -0300] "GET /cormun/static/Resources/PXToolsGridPage.gif HTTP/1.1" 200 725
192.168.10.96 - - [28/Apr/2022:10:05:09 -0300] "GET /cormun/static/Resources/PXToolsActionExcel.png HTTP/1.1" 200 727
192.168.10.96 - - [28/Apr/2022:10:05:09 -0300] "GET /cormun/static/Resources/PXToolsAddAllStandardAction.png HTTP/1.1" 200 628
192.168.10.96 - - [28/Apr/2022:10:05:09 -0300] "GET /cormun/static/Resources/PXToolsGridLastDisabled.gif HTTP/1.1" 200 98
192.168.10.96 - - [28/Apr/2022:10:05:09 -0300] "GET /cormun/static/Resources/PXToolsRemoveAllStandardAction.png HTTP/1.1" 200 495
192.168.10.96 - - [28/Apr/2022:10:05:09 -0300] "GET /cormun/static/Resources/desc.gif HTTP/1.1" 200 65
192.168.10.96 - - [28/Apr/2022:10:05:09 -0300] "GET /cormun//static/Resources/PXToolsGridDelete.png HTTP/1.1" 200 538
192.168.10.96 - - [28/Apr/2022:10:05:09 -0300] "GET /cormun//static/Resources/PXToolsGridUpdate.png HTTP/1.1" 200 470
192.168.10.96 - - [28/Apr/2022:10:05:09 -0300] "GET /cormun/static/Resources/asc.gif HTTP/1.1" 200 67
192.168.10.96 - - [28/Apr/2022:10:05:09 -0300] "GET /cormun/static/Shared/ext/resources/themes/images/default/panel/bg-headersPanel.png HTTP/1.1" 200 255
192.168.10.96 - - [28/Apr/2022:10:05:09 -0300] "GET /cormun/static/Shared/ext/resources/themes/images/default/tools/tool-sprites.gif HTTP/1.1" 200 5434
192.168.10.96 - - [28/Apr/2022:10:05:09 -0300] "GET /cormun/servlet/trsolicitudgral? HTTP/1.1" 200 28694
192.168.10.96 - - [28/Apr/2022:10:05:15 -0300] "POST /cormun/servlet/trsolicitudgral?892d0a75e7c2f051ff402afd2524041e,,gx-no-cache=1651150164863 HTTP/1.1" 200 5254
192.168.10.11 - - [28/Apr/2022:10:05:21 -0300] "GET / HTTP/1.1" 200 11217
192.168.10.96 - - [28/Apr/2022:10:05:24 -0300] "POST /cormun/servlet/trsolicitudgral?892d0a75e7c2f051ff402afd2524041e,,gx-no-cache=1651150173821 HTTP/1.1" 200 6687
190.95.2.157 - - [28/Apr/2022:10:06:18 -0300] "GET /cormun/servlet/hlogin HTTP/1.1" 200 1731
190.95.2.157 - - [28/Apr/2022:10:06:18 -0300] "GET /cormun/servlet/hlogin HTTP/1.1" 200 1741
192.168.10.11 - - [28/Apr/2022:10:06:21 -0300] "GET / HTTP/1.1" 200 11217
190.95.2.157 - - [28/Apr/2022:10:06:30 -0300] "POST /cormun/servlet/hlogin?e0de4e030d1c46f2ae491da15a19ecc5,gx-no-cache=1651150413402 HTTP/1.1" 200 90
190.95.2.157 - - [28/Apr/2022:10:06:30 -0300] "GET /cormun/servlet/hpexe_link HTTP/1.1" 200 956
190.95.2.157 - - [28/Apr/2022:10:06:30 -0300] "GET /cormun/servlet/hhome HTTP/1.1" 200 4290
190.95.2.157 - - [28/Apr/2022:10:06:31 -0300] "GET /cormun/servlet/hhome HTTP/1.1" 200 4287
191.126.22.4 - - [28/Apr/2022:10:06:34 -0300] "GET /cormun/servlet/trpermisosgoce? HTTP/1.1" 200 8683
191.126.22.4 - - [28/Apr/2022:10:06:35 -0300] "GET /cormun/static/gxui/gxui-all.css?120300 HTTP/1.1" 200 2179
191.126.22.4 - - [28/Apr/2022:10:06:35 -0300] "GET /cormun/static/calendar-system.css?85620 HTTP/1.1" 200 5572
191.126.22.4 - - [28/Apr/2022:10:06:35 -0300] "GET /cormun/static/gxcfg.js?2020121631564 HTTP/1.1" 200 953
191.126.22.4 - - [28/Apr/2022:10:06:35 -0300] "GET /cormun/static/calendar-setup.js?85251 HTTP/1.1" 200 2588
191.126.22.4 - - [28/Apr/2022:10:06:35 -0300] "GET /cormun/static/calendar-es.js?85251 HTTP/1.1" 200 1901
191.126.22.4 - - [28/Apr/2022:10:06:35 -0300] "GET /cormun/static/calendar.js?85251 HTTP/1.1" 200 26246
191.126.22.4 - - [28/Apr/2022:10:06:36 -0300] "GET /cormun/static/gxdec.js?85251 HTTP/1.1" 200 19579
191.126.22.4 - - [28/Apr/2022:10:06:36 -0300] "GET /cormun/static/trpermisosgoce.js?2020121633681 HTTP/1.1" 200 35904
191.126.22.4 - - [28/Apr/2022:10:06:37 -0300] "GET /cormun/static/Shared/ext/resources/css/ext-all.css?215870 HTTP/1.1" 200 416045
191.126.22.4 - - [28/Apr/2022:10:06:38 -0300] "GET /cormun/static/Resources/PXTools/calendar.png HTTP/1.1" 200 1306
191.126.22.4 - - [28/Apr/2022:10:06:38 -0300] "GET /cormun/static/Resources/PXToolsDataSearch.png HTTP/1.1" 200 435
191.126.22.4 - - [28/Apr/2022:10:06:38 -0300] "GET /cormun/static/Resources/PXToolsGridFirstDisabled.gif HTTP/1.1" 200 100
191.126.22.4 - - [28/Apr/2022:10:06:38 -0300] "GET /cormun/static/Resources/PXToolsGridPreviousDisabled.gif HTTP/1.1" 200 90
191.126.22.4 - - [28/Apr/2022:10:06:39 -0300] "GET /cormun/static/Resources/PXToolsGridNextDisabled.gif HTTP/1.1" 200 90
191.126.22.4 - - [28/Apr/2022:10:06:39 -0300] "GET /cormun/static/Resources/PXToolsGridPage.gif HTTP/1.1" 200 725
191.126.22.4 - - [28/Apr/2022:10:06:39 -0300] "GET /cormun/static/Resources/PXToolsGridLastDisabled.gif HTTP/1.1" 200 98
191.126.22.4 - - [28/Apr/2022:10:06:39 -0300] "GET /cormun/static/Resources/PXToolsActionExcel.png HTTP/1.1" 200 727
191.126.22.4 - - [28/Apr/2022:10:06:39 -0300] "GET /cormun/static/Resources/PXToolsAddAllAction.png HTTP/1.1" 200 495
191.126.22.4 - - [28/Apr/2022:10:06:40 -0300] "GET /cormun/static/Resources/asc.gif HTTP/1.1" 200 67
191.126.22.4 - - [28/Apr/2022:10:06:40 -0300] "GET /cormun/static/Resources/desc.gif HTTP/1.1" 200 65
191.126.22.4 - - [28/Apr/2022:10:06:40 -0300] "GET /cormun//static/Resources/PXToolsGridUpdate.png HTTP/1.1" 200 470
191.126.22.4 - - [28/Apr/2022:10:06:40 -0300] "GET /cormun/servlet/trpermisosgoce? HTTP/1.1" 200 8673
191.126.22.4 - - [28/Apr/2022:10:06:40 -0300] "GET /cormun//static/Resources/PXToolsActionPrint.png HTTP/1.1" 200 404
191.126.22.4 - - [28/Apr/2022:10:06:40 -0300] "GET /cormun//static/Resources/PXToolsGridDisplay.png HTTP/1.1" 200 525
191.126.22.4 - - [28/Apr/2022:10:06:40 -0300] "GET /cormun//static/Resources/PXToolsHeaderHelp.png HTTP/1.1" 200 1333
191.126.22.4 - - [28/Apr/2022:10:06:40 -0300] "GET /cormun//static/Resources/PXToolsHeaderFavorites.png HTTP/1.1" 200 1414
191.126.22.4 - - [28/Apr/2022:10:06:40 -0300] "GET /cormun//static/Resources/PXToolsGridDelete.png HTTP/1.1" 200 538
191.126.22.4 - - [28/Apr/2022:10:06:40 -0300] "GET /cormun//static/Resources/PXTools/ActionInsert.png HTTP/1.1" 200 1482
191.126.22.4 - - [28/Apr/2022:10:06:40 -0300] "GET /cormun/static/Shared/ext/resources/themes/images/default/tools/tool-sprites.gif HTTP/1.1" 200 5434
191.126.22.4 - - [28/Apr/2022:10:06:40 -0300] "GET /cormun/static/Shared/ext/resources/themes/images/default/panel/bg-headersPanel.png HTTP/1.1" 200 255
190.95.2.157 - - [28/Apr/2022:10:06:43 -0300] "GET /cormun/servlet/trpermisosgoce? HTTP/1.1" 200 9122
190.95.2.157 - - [28/Apr/2022:10:06:44 -0300] "GET /cormun/servlet/trpermisosgoce? HTTP/1.1" 200 9120
191.126.22.4 - - [28/Apr/2022:10:06:48 -0300] "GET /cormun/static/menuarrow.gif HTTP/1.1" 404 1015
190.95.2.157 - - [28/Apr/2022:10:06:52 -0300] "GET /cormun/servlet/permisogoce?INS,0,,, HTTP/1.1" 200 7178
190.95.2.157 - - [28/Apr/2022:10:06:52 -0300] "GET /cormun/servlet/permisogoce?INS,0,,, HTTP/1.1" 200 7178
192.168.10.96 - - [28/Apr/2022:10:06:58 -0300] "GET /cormun/servlet/trsolicitudgral? HTTP/1.1" 200 9722
192.168.10.96 - - [28/Apr/2022:10:06:58 -0300] "GET /cormun/servlet/trsolicitudgral? HTTP/1.1" 200 9722
190.95.2.157 - - [28/Apr/2022:10:07:13 -0300] "GET /cormun/servlet/prfichaempleado?,MD,,gxPopupLevel%3D0%3B HTTP/1.1" 200 9314
192.168.10.11 - - [28/Apr/2022:10:07:21 -0300] "GET / HTTP/1.1" 200 11217
190.95.2.157 - - [28/Apr/2022:10:07:26 -0300] "POST /cormun/servlet/prfichaempleado?e0de4e030d1c46f2ae491da15a19ecc5,,MD,,gxPopupLevel%3D0%3B,gx-no-cache=1651150469188 HTTP/1.1" 200 3170
191.126.22.4 - - [28/Apr/2022:10:07:28 -0300] "GET /cormun/servlet/permisogoce?INS,0,,, HTTP/1.1" 200 6711
191.126.22.4 - - [28/Apr/2022:10:07:29 -0300] "GET /cormun/static/gxcfg.js?20201215124560 HTTP/1.1" 200 953
191.126.22.4 - - [28/Apr/2022:10:07:29 -0300] "GET /cormun/static/Resources/prompt.gif HTTP/1.1" 200 902
191.126.22.4 - - [28/Apr/2022:10:07:29 -0300] "GET /cormun/static/permisogoce.js?20201215124939 HTTP/1.1" 200 27919
191.126.22.4 - - [28/Apr/2022:10:07:29 -0300] "GET /cormun/servlet/permisogoce?INS,0,,, HTTP/1.1" 200 6710
190.95.2.157 - - [28/Apr/2022:10:07:33 -0300] "GET /cormun/servlet/permisogoce?5b82a6f4462a9e0c56def7033ea763f78e3e7da393756f4a5a9cf87e7001c2f5c71bec8a04c161aa0520a1b3d60bb5a7b53c79f26bd5f1b9c523442b5c9b7ff3,gx-no-cache=1651150476548 HTTP/1.1" 200 79
190.95.2.157 - - [28/Apr/2022:10:07:34 -0300] "GET /cormun/static/menuarrow.gif HTTP/1.1" 404 1015
190.95.2.157 - - [28/Apr/2022:10:07:45 -0300] "GET /cormun/servlet/permisogoce?5b82a6f4462a9e0c56def7033ea763f7f34ba53de8def36dec5c19d673dc8978554203f91a7ecf2aa14f8a871c823dfe0d3051ec0da2650b91de158526c434cf,gx-no-cache=1651150487945 HTTP/1.1" 200 47
191.126.22.4 - - [28/Apr/2022:10:07:48 -0300] "GET /cormun/servlet/permisogoce?b13ca0ee3eba2e17b1c76751ffc7a985bf2d9ac710494918e79b61912cb04a5acc6d74ee488c4c018e6aa7c1f80a591e289bfa05a8b9ce0bd03e16a961c427c2,gx-no-cache=1651150487568 HTTP/1.1" 200 82
191.126.22.4 - - [28/Apr/2022:10:07:49 -0300] "GET /cormun/static/menuarrow.gif HTTP/1.1" 404 1015
190.95.2.157 - - [28/Apr/2022:10:07:55 -0300] "POST /cormun/servlet/permisogoce?e0de4e030d1c46f2ae491da15a19ecc5,INS,0,,,,gx-no-cache=1651150497637 HTTP/1.1" 200 93
190.95.2.157 - - [28/Apr/2022:10:07:55 -0300] "GET /cormun/servlet/hpexe_return? HTTP/1.1" 200 1014
190.95.2.157 - - [28/Apr/2022:10:07:55 -0300] "GET /cormun/servlet/trpermisosgoce HTTP/1.1" 200 9361
190.95.2.157 - - [28/Apr/2022:10:07:56 -0300] "GET /cormun/servlet/trpermisosgoce HTTP/1.1" 200 9357
190.95.2.157 - - [28/Apr/2022:10:08:00 -0300] "GET /cormun/servlet/trpermisosadjuntos?10009991,20220428085102,P, HTTP/1.1" 200 6605
191.126.22.4 - - [28/Apr/2022:10:08:00 -0300] "GET /cormun/servlet/permisogoce?b13ca0ee3eba2e17b1c76751ffc7a985a383f005ed3e3da68f3c5f95608898c6b2d3f995486dc3a45a621bae41bc23ff0f3ce7c74f890b531e086e539914e703,gx-no-cache=1651150500494 HTTP/1.1" 200 47
190.95.2.157 - - [28/Apr/2022:10:08:00 -0300] "GET /cormun/servlet/trpermisosadjuntos?10009991,20220428085102,P, HTTP/1.1" 200 6605
190.95.2.157 - - [28/Apr/2022:10:08:02 -0300] "GET /cormun/servlet/permisosadjuntos?INS,10009991,P,20220428085102,, HTTP/1.1" 200 5932
190.95.2.157 - - [28/Apr/2022:10:08:02 -0300] "GET /cormun/static/about:blank HTTP/1.1" 404 1011
190.95.2.157 - - [28/Apr/2022:10:08:02 -0300] "GET /cormun/servlet/permisosadjuntos?INS,10009991,P,20220428085102,, HTTP/1.1" 200 5922
191.126.22.4 - - [28/Apr/2022:10:08:04 -0300] "GET /cormun/static/Resources/resize.gif HTTP/1.1" 200 77
191.126.22.4 - - [28/Apr/2022:10:08:05 -0300] "GET /cormun/static/Resources/PXTools/ClosePrompt.png HTTP/1.1" 200 1036
191.126.22.4 - - [28/Apr/2022:10:08:05 -0300] "GET /cormun/servlet/puconsultapgoce?14011465,MD,gxPopupLevel%3D0%3B HTTP/1.1" 200 4187
191.126.22.4 - - [28/Apr/2022:10:08:05 -0300] "GET /cormun/static/gxcfg.js?2020121674770 HTTP/1.1" 200 953
191.126.22.4 - - [28/Apr/2022:10:08:05 -0300] "GET /cormun/pexe_menus.js HTTP/1.1" 404 1001
191.126.22.4 - - [28/Apr/2022:10:08:05 -0300] "GET /cormun/pexe_layers.js HTTP/1.1" 404 1003
191.126.22.4 - - [28/Apr/2022:10:08:05 -0300] "GET /cormun/pexe_windows.js HTTP/1.1" 404 1005
191.126.22.4 - - [28/Apr/2022:10:08:05 -0300] "GET /cormun/pexe_link.js HTTP/1.1" 404 999
191.126.22.4 - - [28/Apr/2022:10:08:05 -0300] "GET /cormun/pexe_cookies.js HTTP/1.1" 404 1005
191.126.22.4 - - [28/Apr/2022:10:08:05 -0300] "GET /cormun/pexe_griddivfix.js HTTP/1.1" 404 1011
191.126.22.4 - - [28/Apr/2022:10:08:05 -0300] "GET /cormun/pexe_grid.js HTTP/1.1" 404 999
191.126.22.4 - - [28/Apr/2022:10:08:05 -0300] "GET /cormun/pexe_picture.js HTTP/1.1" 404 1005
191.126.22.4 - - [28/Apr/2022:10:08:05 -0300] "GET /cormun/pexe_treedivfix.js HTTP/1.1" 404 1011
191.126.22.4 - - [28/Apr/2022:10:08:05 -0300] "GET /cormun/pexe_autoreload.js HTTP/1.1" 404 1011
191.126.22.4 - - [28/Apr/2022:10:08:06 -0300] "GET /cormun/pexe_menudivfix.js HTTP/1.1" 404 1011
191.126.22.4 - - [28/Apr/2022:10:08:06 -0300] "GET /cormun/pexe_tabdivfix.js HTTP/1.1" 404 1009
191.126.22.4 - - [28/Apr/2022:10:08:06 -0300] "GET /cormun/static/Resources/PXToolsMenuTopBackground.png HTTP/1.1" 200 1153
191.126.22.4 - - [28/Apr/2022:10:08:06 -0300] "GET /cormun/static/mpprompt.js?20201215583973 HTTP/1.1" 200 940
191.126.22.4 - - [28/Apr/2022:10:08:06 -0300] "GET /cormun/static/puconsultapgoce.js?2020121675052 HTTP/1.1" 200 22470
190.95.2.157 - - [28/Apr/2022:10:08:08 -0300] "POST /cormun/servlet/permisosadjuntos?e0de4e030d1c46f2ae491da15a19ecc5,INS,10009991,P,20220428085102,, HTTP/1.1" 200 116
190.95.2.157 - - [28/Apr/2022:10:08:08 -0300] "GET /cormun/servlet/hpexe_return? HTTP/1.1" 200 1043
190.95.2.157 - - [28/Apr/2022:10:08:08 -0300] "GET /cormun/servlet/trpermisosadjuntos?10009991,20220428085102,P, HTTP/1.1" 200 7098
190.95.2.157 - - [28/Apr/2022:10:08:08 -0300] "GET /cormun/servlet/trpermisosadjuntos?10009991,20220428085102,P, HTTP/1.1" 200 7093
190.95.2.157 - - [28/Apr/2022:10:08:12 -0300] "POST /cormun/servlet/trpermisosadjuntos?e0de4e030d1c46f2ae491da15a19ecc5,10009991,20220428085102,P,,gx-no-cache=1651150514804 HTTP/1.1" 200 90
190.95.2.157 - - [28/Apr/2022:10:08:12 -0300] "GET /cormun/servlet/hpexe_link HTTP/1.1" 200 988
190.95.2.157 - - [28/Apr/2022:10:08:12 -0300] "GET /cormun/servlet/trpermisosgoce HTTP/1.1" 200 9358
190.95.2.157 - - [28/Apr/2022:10:08:12 -0300] "GET /cormun/servlet/trpermisosgoce HTTP/1.1" 200 9357
191.126.22.4 - - [28/Apr/2022:10:08:14 -0300] "POST /cormun/servlet/permisogoce?d38312534abc1d719100f5a4e0834b0c,INS,0,,,,gx-no-cache=1651150514009 HTTP/1.1" 200 93
191.126.22.4 - - [28/Apr/2022:10:08:14 -0300] "GET /cormun/servlet/hpexe_return? HTTP/1.1" 200 1015
191.126.22.4 - - [28/Apr/2022:10:08:14 -0300] "GET /cormun/static/hpexe_return.js?201991422392984 HTTP/1.1" 200 1633
191.126.22.4 - - [28/Apr/2022:10:08:14 -0300] "GET /cormun/static/gxcfg.js?201991422392976 HTTP/1.1" 200 953
191.126.22.4 - - [28/Apr/2022:10:08:14 -0300] "GET /cormun/servlet/trpermisosgoce HTTP/1.1" 200 8871
190.95.2.157 - - [28/Apr/2022:10:08:16 -0300] "GET /cormun/servlet/apermisogoceprn?10009991,P,20220428085102,PU HTTP/1.1" 200 1665
191.126.22.4 - - [28/Apr/2022:10:08:16 -0300] "GET /cormun/servlet/trpermisosgoce HTTP/1.1" 200 8867
192.168.10.11 - - [28/Apr/2022:10:08:21 -0300] "GET / HTTP/1.1" 200 11217
191.126.22.4 - - [28/Apr/2022:10:08:23 -0300] "GET /cormun/servlet/apermisogoceprn?14011465,P,20220428085138,PU HTTP/1.1" 200 1654
190.95.2.157 - - [28/Apr/2022:10:08:25 -0300] "POST /cormun/servlet/trpermisosgoce?e0de4e030d1c46f2ae491da15a19ecc5,gx-no-cache=1651150528231 HTTP/1.1" 200 6607
190.95.2.157 - - [28/Apr/2022:10:08:25 -0300] "GET /cormun/static/Shared/jqueryui/images/ui-icons_82798d_256x240.png HTTP/1.1" 404 1089
190.95.2.157 - - [28/Apr/2022:10:08:25 -0300] "GET /cormun/static/Shared/jqueryui/images/ui-bg_highlight-soft_100_c6c2c8_1x100.png HTTP/1.1" 404 1117
190.95.2.157 - - [28/Apr/2022:10:08:25 -0300] "GET /cormun/static/Shared/jqueryui/images/ui-bg_flat_55_fafafa_40x100.png HTTP/1.1" 404 1097
190.95.2.157 - - [28/Apr/2022:10:08:26 -0300] "GET /cormun/static/Shared/jqueryui/images/ui-icons_8d78a5_256x240.png HTTP/1.1" 404 1089
181.212.42.153 - - [28/Apr/2022:10:08:45 -0300] "GET /cormun/servlet/licenciaspermisos?INS,0,,, HTTP/1.1" 200 7573
181.212.42.153 - - [28/Apr/2022:10:08:46 -0300] "GET /cormun/servlet/licenciaspermisos?INS,0,,, HTTP/1.1" 200 7581
190.95.2.157 - - [28/Apr/2022:10:08:47 -0300] "GET /cormun/servlet/trautorizarsolicitud? HTTP/1.1" 200 7401
190.95.2.157 - - [28/Apr/2022:10:08:47 -0300] "GET /cormun/servlet/trautorizarsolicitud? HTTP/1.1" 200 7400
181.212.42.153 - - [28/Apr/2022:10:08:49 -0300] "GET /cormun/servlet/trpermisosgoce? HTTP/1.1" 200 13697
181.212.42.153 - - [28/Apr/2022:10:08:49 -0300] "GET /cormun/servlet/trpermisosgoce? HTTP/1.1" 200 13698
181.212.42.153 - - [28/Apr/2022:10:08:51 -0300] "GET /cormun/servlet/permisogoce?INS,0,,, HTTP/1.1" 200 6825
190.95.2.157 - - [28/Apr/2022:10:08:51 -0300] "POST /cormun/servlet/trautorizarsolicitud?e0de4e030d1c46f2ae491da15a19ecc5,,gx-no-cache=1651150554012 HTTP/1.1" 200 110
181.212.42.153 - - [28/Apr/2022:10:08:51 -0300] "GET /cormun/servlet/permisogoce?INS,0,,, HTTP/1.1" 200 6825
190.95.2.157 - - [28/Apr/2022:10:08:51 -0300] "POST /cormun/servlet/trautorizarsolicitud?e0de4e030d1c46f2ae491da15a19ecc5,,gx-no-cache=1651150554205 HTTP/1.1" 200 4539
190.95.2.157 - - [28/Apr/2022:10:08:51 -0300] "GET /cormun/AutorizarSolicitud-5611.xls HTTP/1.1" 200 4608
181.212.42.153 - - [28/Apr/2022:10:08:55 -0300] "GET /cormun/servlet/prfichaempleado?,MD,,gxPopupLevel%3D0%3B HTTP/1.1" 200 9267
181.212.42.153 - - [28/Apr/2022:10:08:59 -0300] "POST /cormun/servlet/prfichaempleado?eda3dbd5f5b63d24ddfce7492cfc392a,,MD,,gxPopupLevel%3D0%3B,gx-no-cache=1651150928729 HTTP/1.1" 200 3406
181.212.42.153 - - [28/Apr/2022:10:09:01 -0300] "GET /cormun/servlet/permisogoce?550db4d6a2af9e708d97f2b36aee4a138f8396fb6f032b3ea955505a309f39d8d61457c02c18267ea1a401ee7b336bbb1a86bb92cca6cce553b6a9fe0a6983f2,gx-no-cache=1651150931272 HTTP/1.1" 200 85
181.212.42.153 - - [28/Apr/2022:10:09:01 -0300] "GET /cormun/static/menuarrow.gif HTTP/1.1" 404 1015
181.212.42.153 - - [28/Apr/2022:10:09:04 -0300] "GET /cormun/servlet/permisogoce?550db4d6a2af9e708d97f2b36aee4a13744749fcedfe3f93a45c9b476042e6c498a9408702adc622725e62091791003fd53b3e780b530fe3c034cb750bebc6ab,gx-no-cache=1651150934340 HTTP/1.1" 200 47
181.212.42.153 - - [28/Apr/2022:10:09:06 -0300] "POST /cormun/servlet/permisogoce?eda3dbd5f5b63d24ddfce7492cfc392a,INS,0,,,,gx-no-cache=1651150935296 HTTP/1.1" 200 93
181.212.42.153 - - [28/Apr/2022:10:09:06 -0300] "GET /cormun/servlet/hpexe_return? HTTP/1.1" 200 1012
181.212.42.153 - - [28/Apr/2022:10:09:06 -0300] "GET /cormun/servlet/trpermisosgoce HTTP/1.1" 200 13942
181.212.42.153 - - [28/Apr/2022:10:09:06 -0300] "GET /cormun/servlet/trpermisosgoce HTTP/1.1" 200 13936
181.212.42.153 - - [28/Apr/2022:10:09:08 -0300] "GET /cormun/servlet/apermisogoceprn?18798648,P,20220428085301,PU HTTP/1.1" 200 1647
181.212.42.153 - - [28/Apr/2022:10:09:14 -0300] "GET /cormun/servlet/permisogoce?INS,0,,, HTTP/1.1" 200 6825
181.212.42.153 - - [28/Apr/2022:10:09:15 -0300] "GET /cormun/servlet/permisogoce?INS,0,,, HTTP/1.1" 200 6825
181.212.42.153 - - [28/Apr/2022:10:09:16 -0300] "GET /cormun/servlet/prfichaempleado?,MD,,gxPopupLevel%3D0%3B HTTP/1.1" 200 9267
192.168.10.11 - - [28/Apr/2022:10:09:21 -0300] "GET / HTTP/1.1" 200 11217
181.212.42.153 - - [28/Apr/2022:10:09:24 -0300] "POST /cormun/servlet/prfichaempleado?eda3dbd5f5b63d24ddfce7492cfc392a,,MD,,gxPopupLevel%3D0%3B,gx-no-cache=1651150953621 HTTP/1.1" 200 6105
181.212.42.153 - - [28/Apr/2022:10:09:33 -0300] "GET /cormun/servlet/permisogoce?550db4d6a2af9e708d97f2b36aee4a13caf1e5be9cb627adb00edaf5fa6962c7d61457c02c18267ea1a401ee7b336bbb1a86bb92cca6cce553b6a9fe0a6983f2,gx-no-cache=1651150962588 HTTP/1.1" 200 84
181.212.42.153 - - [28/Apr/2022:10:09:33 -0300] "GET /cormun/static/menuarrow.gif HTTP/1.1" 404 1015
181.212.42.153 - - [28/Apr/2022:10:09:36 -0300] "GET /cormun/servlet/permisogoce?550db4d6a2af9e708d97f2b36aee4a1358fa0e4a4cf7ac3196c3e4549d04d3bd0e5d9d6a4c303d50621bb999edf85a3fd53b3e780b530fe3c034cb750bebc6ab,gx-no-cache=1651150965875 HTTP/1.1" 200 48
181.212.42.153 - - [28/Apr/2022:10:09:37 -0300] "POST /cormun/servlet/permisogoce?eda3dbd5f5b63d24ddfce7492cfc392a,INS,0,,,,gx-no-cache=1651150966812 HTTP/1.1" 200 93
181.212.42.153 - - [28/Apr/2022:10:09:37 -0300] "GET /cormun/servlet/hpexe_return? HTTP/1.1" 200 1012
181.212.42.153 - - [28/Apr/2022:10:09:37 -0300] "GET /cormun/servlet/trpermisosgoce HTTP/1.1" 200 14146
181.212.42.153 - - [28/Apr/2022:10:09:38 -0300] "GET /cormun/servlet/trpermisosgoce HTTP/1.1" 200 14127
181.212.42.153 - - [28/Apr/2022:10:09:41 -0300] "GET /cormun/servlet/apermisogoceprn?18143626,P,20220428085324,PU HTTP/1.1" 200 1649
192.168.10.11 - - [28/Apr/2022:10:10:21 -0300] "GET / HTTP/1.1" 200 11217
192.168.10.11 - - [28/Apr/2022:10:11:21 -0300] "GET / HTTP/1.1" 200 11217
190.171.143.82 - - [28/Apr/2022:10:11:31 -0300] "GET /cormun/servlet/hlogin HTTP/1.1" 200 1728
190.171.143.82 - - [28/Apr/2022:10:11:36 -0300] "POST /cormun/servlet/hlogin?6e2d8685d163f56eb5301a175c62b210,gx-no-cache=1651150716238 HTTP/1.1" 200 90
190.171.143.82 - - [28/Apr/2022:10:11:36 -0300] "GET /cormun/servlet/hpexe_link HTTP/1.1" 200 955
190.171.143.82 - - [28/Apr/2022:10:11:36 -0300] "GET /cormun/servlet/hhome HTTP/1.1" 200 4356
190.171.143.82 - - [28/Apr/2022:10:11:38 -0300] "GET /cormun/servlet/hhome HTTP/1.1" 200 4354
190.171.143.82 - - [28/Apr/2022:10:11:46 -0300] "GET /cormun/servlet/trlicencias? HTTP/1.1" 200 13838
190.171.143.82 - - [28/Apr/2022:10:11:48 -0300] "GET /cormun/servlet/trlicencias? HTTP/1.1" 200 13796
190.171.143.82 - - [28/Apr/2022:10:11:50 -0300] "POST /cormun/servlet/trlicencias?6e2d8685d163f56eb5301a175c62b210,,gx-no-cache=1651150730425 HTTP/1.1" 200 11555
192.168.10.96 - - [28/Apr/2022:10:12:02 -0300] "GET /cormun/servlet/trsolicitudgral? HTTP/1.1" 200 9722
192.168.10.96 - - [28/Apr/2022:10:12:02 -0300] "GET /cormun/servlet/trsolicitudgral? HTTP/1.1" 200 9722
192.168.10.96 - - [28/Apr/2022:10:12:10 -0300] "POST /cormun/servlet/trsolicitudgral?892d0a75e7c2f051ff402afd2524041e,,gx-no-cache=1651150579224 HTTP/1.1" 200 26266
192.168.10.96 - - [28/Apr/2022:10:12:10 -0300] "GET /cormun/static/Resources/PXToolsGridLast.gif HTTP/1.1" 200 370
192.168.10.96 - - [28/Apr/2022:10:12:10 -0300] "GET /cormun/static/Resources/PXToolsGridNext.gif HTTP/1.1" 200 369
190.171.143.82 - - [28/Apr/2022:10:12:17 -0300] "GET /cormun/servlet/trlicencias? HTTP/1.1" 200 13796
192.168.10.96 - - [28/Apr/2022:10:12:18 -0300] "POST /cormun/servlet/trsolicitudgral?892d0a75e7c2f051ff402afd2524041e,,gx-no-cache=1651150588110 HTTP/1.1" 200 14201
192.168.10.96 - - [28/Apr/2022:10:12:19 -0300] "GET /cormun/static/Resources/PXToolsGridPrevious.gif HTTP/1.1" 200 369
192.168.10.96 - - [28/Apr/2022:10:12:19 -0300] "GET /cormun/static/Resources/PXToolsGridFirst.gif HTTP/1.1" 200 379
190.171.143.82 - - [28/Apr/2022:10:12:19 -0300] "GET /cormun/servlet/trlicencias? HTTP/1.1" 200 13796
192.168.10.11 - - [28/Apr/2022:10:12:21 -0300] "GET / HTTP/1.1" 200 11217
190.171.142.26 - - [28/Apr/2022:10:13:00 -0300] "GET /cormun/servlet/hlogin HTTP/1.1" 200 1730
190.171.142.26 - - [28/Apr/2022:10:13:06 -0300] "POST /cormun/servlet/hlogin?7b0292348eb91dbbf30b5cbd62ef9d91,gx-no-cache=1651150807628 HTTP/1.1" 200 90
190.171.142.26 - - [28/Apr/2022:10:13:06 -0300] "GET /cormun/servlet/hpexe_link HTTP/1.1" 200 956
190.171.142.26 - - [28/Apr/2022:10:13:07 -0300] "GET /cormun/servlet/hhome HTTP/1.1" 200 3976
190.171.142.26 - - [28/Apr/2022:10:13:07 -0300] "GET /cormun/servlet/hhome HTTP/1.1" 200 3973
190.171.142.26 - - [28/Apr/2022:10:13:12 -0300] "GET /cormun/servlet/trsolicitudot? HTTP/1.1" 200 7197
190.171.142.26 - - [28/Apr/2022:10:13:12 -0300] "GET /cormun/servlet/trsolicitudot? HTTP/1.1" 200 7196
190.171.142.26 - - [28/Apr/2022:10:13:15 -0300] "GET /cormun/servlet/solicitudot?INS,0,0,false, HTTP/1.1" 200 15706
190.171.142.26 - - [28/Apr/2022:10:13:16 -0300] "GET /cormun/servlet/solicitudot?INS,0,0,false, HTTP/1.1" 200 15714
192.168.10.11 - - [28/Apr/2022:10:13:21 -0300] "GET / HTTP/1.1" 200 11217
190.171.142.26 - - [28/Apr/2022:10:13:31 -0300] "POST /cormun/servlet/solicitudot?gx-no-cache=1651150832556 HTTP/1.1" 200 3858
190.171.142.26 - - [28/Apr/2022:10:13:32 -0300] "POST /cormun/servlet/solicitudot?7b0292348eb91dbbf30b5cbd62ef9d91,INS,0,0,false,,gx-no-cache=1651150832746 HTTP/1.1" 200 12400
190.171.142.26 - - [28/Apr/2022:10:13:34 -0300] "GET /cormun/servlet/solicitudot?634db857cb44e0fceb394f843280c5e3a19f118695682ca22f77fb5849cdecaff98a3c450b1dbe1d48a3de0fb7265616,gx-no-cache=1651150835006 HTTP/1.1" 200 30
192.168.10.96 - - [28/Apr/2022:10:14:04 -0300] "POST /cormun/servlet/trsolicitudgral?892d0a75e7c2f051ff402afd2524041e,,gx-no-cache=1651150694040 HTTP/1.1" 200 5252
192.168.10.96 - - [28/Apr/2022:10:14:07 -0300] "POST /cormun/servlet/trsolicitudgral?892d0a75e7c2f051ff402afd2524041e,,gx-no-cache=1651150696742 HTTP/1.1" 200 6642
192.168.10.96 - - [28/Apr/2022:10:14:15 -0300] "POST /cormun/servlet/trsolicitudgral?892d0a75e7c2f051ff402afd2524041e,,gx-no-cache=1651150704942 HTTP/1.1" 200 6662
192.168.10.96 - - [28/Apr/2022:10:14:16 -0300] "POST /cormun/servlet/trsolicitudgral?892d0a75e7c2f051ff402afd2524041e,,gx-no-cache=1651150706517 HTTP/1.1" 200 6661
192.168.10.11 - - [28/Apr/2022:10:14:21 -0300] "GET / HTTP/1.1" 200 11217
192.168.10.96 - - [28/Apr/2022:10:14:35 -0300] "POST /cormun/servlet/trsolicitudgral?892d0a75e7c2f051ff402afd2524041e,,gx-no-cache=1651150724921 HTTP/1.1" 200 5477
192.168.10.96 - - [28/Apr/2022:10:14:35 -0300] "GET /cormun/static/Shared/jqueryui/images/ui-bg_highlight-soft_100_c6c2c8_1x100.png HTTP/1.1" 404 1117
192.168.10.96 - - [28/Apr/2022:10:14:35 -0300] "GET /cormun/static/Shared/jqueryui/images/ui-icons_82798d_256x240.png HTTP/1.1" 404 1089
192.168.10.96 - - [28/Apr/2022:10:14:35 -0300] "GET /cormun/static/Shared/jqueryui/images/ui-bg_flat_55_fafafa_40x100.png HTTP/1.1" 404 1097
192.168.10.96 - - [28/Apr/2022:10:14:35 -0300] "GET /cormun/static/Shared/jqueryui/images/ui-icons_8d78a5_256x240.png HTTP/1.1" 404 1089
192.168.10.96 - - [28/Apr/2022:10:14:36 -0300] "GET /cormun/servlet/trsolicitudgral? HTTP/1.1" 200 8288
192.168.10.96 - - [28/Apr/2022:10:14:37 -0300] "GET /cormun/servlet/trsolicitudgral? HTTP/1.1" 200 8288
192.168.10.96 - - [28/Apr/2022:10:14:41 -0300] "POST /cormun/servlet/trsolicitudgral?892d0a75e7c2f051ff402afd2524041e,,gx-no-cache=1651150730761 HTTP/1.1" 200 7327
190.171.142.26 - - [28/Apr/2022:10:14:53 -0300] "GET /cormun/servlet/solicitudot?634db857cb44e0fceb394f843280c5e35812cf30dd3a0c9036ce8b3e1641441fcc3d9da09a6e7fe47c8d677a01df8033c756bbb3445f79f345e30c1ed9f5c131,gx-no-cache=1651150914208 HTTP/1.1" 200 30
190.171.142.26 - - [28/Apr/2022:10:14:55 -0300] "GET /cormun/servlet/solicitudot?634db857cb44e0fceb394f843280c5e379c1904872e058b7b1f3718f9b4c9388,gx-no-cache=1651150916002 HTTP/1.1" 200 53
190.171.142.26 - - [28/Apr/2022:10:15:14 -0300] "POST /cormun/servlet/solicitudot?gx-no-cache=1651150935148 HTTP/1.1" 200 297
190.171.142.26 - - [28/Apr/2022:10:15:14 -0300] "GET /cormun/servlet/solicitudot?634db857cb44e0fceb394f843280c5e37672472d07ec69138b76fc6847e987a043f7b1d396d6c132194f079d245c7b82990e7ee13cf73fac7657f83843c1557dc00e537db52f4f526011736e07ab3015906f1369d4551963b38ac821c0881cb67cceedc9926fa678e6a247e82854cc3499f7e20ac4648087f07aae0ef2b2e0d8ce1989f21063a823e5dca1acbd8c854f46b1789e3a1ab16bc38e656907d77fc570c1c3a2d350b62042ff2e535ca0f4ffda68fee7f129bd0ab84256617f639b4256e163e1263ce1d303cdadc2b78681149f3122e3b495676955b97fa42e20f2ab95515aacb938d5b18a6aedbd08355bda2b8722f602536a49e634d9b43dc756a93bb6afed66c29f40308314187de5724be846344292212ff012f4b9af2212abec782b39f829c54ee45c987c05c32a14dc7c21fb3072f95c1f90e0719f027663b89df0d388488f8347e00358a4be7c358c0b7b61b380ae40dbab98db776af15582fc7ed6c74d951f12cf78aa01f42e1c33a382f6d2a4697a7b57c1cca0fd4f20eec9fa1f049dd1354669f4097ca3152ee1,gx-no-cache=1651150935195 HTTP/1.1" 200 30
190.171.142.26 - - [28/Apr/2022:10:15:17 -0300] "POST /cormun/servlet/solicitudot?gx-no-cache=1651150938511 HTTP/1.1" 200 30
192.168.10.11 - - [28/Apr/2022:10:15:21 -0300] "GET / HTTP/1.1" 200 11217
192.168.10.96 - - [28/Apr/2022:10:15:36 -0300] "POST /cormun/servlet/trsolicitudgral?892d0a75e7c2f051ff402afd2524041e,,gx-no-cache=1651150786169 HTTP/1.1" 200 6717
192.168.10.96 - - [28/Apr/2022:10:15:36 -0300] "GET /cormun/static/Shared/jqueryui/images/ui-icons_82798d_256x240.png HTTP/1.1" 404 1089
192.168.10.96 - - [28/Apr/2022:10:15:36 -0300] "GET /cormun/static/Shared/jqueryui/images/ui-bg_highlight-soft_100_c6c2c8_1x100.png HTTP/1.1" 404 1117
192.168.10.96 - - [28/Apr/2022:10:15:36 -0300] "GET /cormun/static/Shared/jqueryui/images/ui-icons_8d78a5_256x240.png HTTP/1.1" 404 1089
192.168.10.96 - - [28/Apr/2022:10:15:36 -0300] "GET /cormun/static/Shared/jqueryui/images/ui-bg_flat_55_fafafa_40x100.png HTTP/1.1" 404 1097
190.171.142.26 - - [28/Apr/2022:10:15:39 -0300] "POST /cormun/servlet/solicitudot?gx-no-cache=1651150960504 HTTP/1.1" 200 1454
190.171.142.26 - - [28/Apr/2022:10:15:39 -0300] "POST /cormun/servlet/solicitudot?gx-no-cache=1651150960571 HTTP/1.1" 200 38
192.168.10.96 - - [28/Apr/2022:10:15:40 -0300] "POST /cormun/servlet/trsolicitudgral?892d0a75e7c2f051ff402afd2524041e,,gx-no-cache=1651150790261 HTTP/1.1" 200 5250
191.126.22.4 - - [28/Apr/2022:10:15:43 -0300] "GET /cormun/static/menuarrow.gif HTTP/1.1" 404 1015
192.168.10.96 - - [28/Apr/2022:10:15:44 -0300] "POST /cormun/servlet/trsolicitudgral?892d0a75e7c2f051ff402afd2524041e,,gx-no-cache=1651150794613 HTTP/1.1" 200 5252
192.168.10.96 - - [28/Apr/2022:10:15:48 -0300] "POST /cormun/servlet/trsolicitudgral?892d0a75e7c2f051ff402afd2524041e,,gx-no-cache=1651150798622 HTTP/1.1" 200 5251
192.168.10.96 - - [28/Apr/2022:10:15:52 -0300] "POST /cormun/servlet/trsolicitudgral?892d0a75e7c2f051ff402afd2524041e,,gx-no-cache=1651150802013 HTTP/1.1" 200 5253
192.168.10.96 - - [28/Apr/2022:10:15:55 -0300] "POST /cormun/servlet/trsolicitudgral?892d0a75e7c2f051ff402afd2524041e,,gx-no-cache=1651150805349 HTTP/1.1" 200 6645
192.168.10.11 - - [28/Apr/2022:10:16:21 -0300] "GET / HTTP/1.1" 200 11217
190.171.142.26 - - [28/Apr/2022:10:16:28 -0300] "GET /cormun/servlet/solicitudot?634db857cb44e0fceb394f843280c5e3ea4aa1bad2c396d78a70d076e739c0aaddfbd785d543ffa127c545201026f21dded9e82214e6335d762f464478cbf0f650bfe8a48e4bc804f532d10d0f2f1d2be29305bfc3cfc0ff8c287c0362388e2f01ea6b345fc3a1280adfde8f5df28648,gx-no-cache=1651151009113 HTTP/1.1" 200 110
190.171.142.26 - - [28/Apr/2022:10:16:28 -0300] "POST /cormun/servlet/solicitudot?gx-no-cache=1651151009170 HTTP/1.1" 200 83
192.168.10.96 - - [28/Apr/2022:10:16:35 -0300] "POST /cormun/servlet/trsolicitudgral?892d0a75e7c2f051ff402afd2524041e,,gx-no-cache=1651150845211 HTTP/1.1" 200 5463
192.168.10.96 - - [28/Apr/2022:10:16:37 -0300] "GET /cormun/servlet/trsolicitudgral? HTTP/1.1" 200 8287
191.126.22.4 - - [28/Apr/2022:10:16:37 -0300] "GET /cormun/servlet/permisogoce?INS,0,,, HTTP/1.1" 200 6710
192.168.10.96 - - [28/Apr/2022:10:16:37 -0300] "GET /cormun/servlet/trsolicitudgral? HTTP/1.1" 200 8287
190.171.142.26 - - [28/Apr/2022:10:16:37 -0300] "GET /cormun/servlet/solicitudot?634db857cb44e0fceb394f843280c5e30aa5b347cdb0243ab7a31ace139e7fd27bbce50f4a0a574b7d40c940bec97df64e553fbe3c909319e2db545c7466d97cc49eaf509a32ee96a26bfdf340b1c597bbb82f242ad63c3e8da8ef6de4530257fce5710fc2662f1120605df7409aaf1f,gx-no-cache=1651151018243 HTTP/1.1" 200 29
190.171.142.26 - - [28/Apr/2022:10:16:37 -0300] "GET /cormun/static/menuarrow.gif HTTP/1.1" 404 1015
191.126.22.4 - - [28/Apr/2022:10:16:37 -0300] "GET /cormun/servlet/permisogoce?INS,0,,, HTTP/1.1" 200 6710
192.168.10.96 - - [28/Apr/2022:10:16:41 -0300] "POST /cormun/servlet/trsolicitudgral?892d0a75e7c2f051ff402afd2524041e,,gx-no-cache=1651150851433 HTTP/1.1" 200 6627
192.168.10.96 - - [28/Apr/2022:10:16:50 -0300] "POST /cormun/servlet/trsolicitudgral?892d0a75e7c2f051ff402afd2524041e,,gx-no-cache=1651150860577 HTTP/1.1" 200 5464
192.168.10.96 - - [28/Apr/2022:10:16:50 -0300] "GET /cormun/static/Shared/jqueryui/images/ui-icons_82798d_256x240.png HTTP/1.1" 404 1089
192.168.10.96 - - [28/Apr/2022:10:16:50 -0300] "GET /cormun/static/Shared/jqueryui/images/ui-bg_highlight-soft_100_c6c2c8_1x100.png HTTP/1.1" 404 1117
192.168.10.96 - - [28/Apr/2022:10:16:50 -0300] "GET /cormun/static/Shared/jqueryui/images/ui-icons_8d78a5_256x240.png HTTP/1.1" 404 1089
192.168.10.96 - - [28/Apr/2022:10:16:50 -0300] "GET /cormun/static/Shared/jqueryui/images/ui-bg_flat_55_fafafa_40x100.png HTTP/1.1" 404 1097
192.168.10.96 - - [28/Apr/2022:10:16:52 -0300] "GET /cormun/servlet/trsolicitudgral? HTTP/1.1" 200 8288
192.168.10.96 - - [28/Apr/2022:10:16:52 -0300] "GET /cormun/servlet/trsolicitudgral? HTTP/1.1" 200 8288
192.168.10.96 - - [28/Apr/2022:10:16:55 -0300] "POST /cormun/servlet/trsolicitudgral?892d0a75e7c2f051ff402afd2524041e,,gx-no-cache=1651150865312 HTTP/1.1" 200 6657
191.126.22.4 - - [28/Apr/2022:10:16:55 -0300] "GET /cormun/servlet/permisogoce?b13ca0ee3eba2e17b1c76751ffc7a98584a4415b2bcd3074bb063d7fea0f0fe8cc6d74ee488c4c018e6aa7c1f80a591e289bfa05a8b9ce0bd03e16a961c427c2,gx-no-cache=1651151036169 HTTP/1.1" 200 176
191.126.22.4 - - [28/Apr/2022:10:16:55 -0300] "GET /cormun/static/Shared/jqueryui/images/ui-bg_highlight-soft_100_c6c2c8_1x100.png HTTP/1.1" 404 1117
191.126.22.4 - - [28/Apr/2022:10:16:55 -0300] "GET /cormun/static/Shared/jqueryui/images/ui-icons_82798d_256x240.png HTTP/1.1" 404 1089
191.126.22.4 - - [28/Apr/2022:10:16:55 -0300] "GET /cormun/static/Shared/jqueryui/images/ui-bg_flat_55_994d53_40x100.png HTTP/1.1" 404 1097
191.126.22.4 - - [28/Apr/2022:10:16:55 -0300] "GET /cormun/static/Shared/jqueryui/images/ui-icons_ebccce_256x240.png HTTP/1.1" 404 1089
192.168.10.96 - - [28/Apr/2022:10:16:59 -0300] "POST /cormun/servlet/trsolicitudgral?892d0a75e7c2f051ff402afd2524041e,,gx-no-cache=1651150869544 HTTP/1.1" 200 5253
192.168.10.96 - - [28/Apr/2022:10:17:02 -0300] "POST /cormun/servlet/trsolicitudgral?892d0a75e7c2f051ff402afd2524041e,,gx-no-cache=1651150872598 HTTP/1.1" 200 7838
192.168.10.11 - - [28/Apr/2022:10:17:21 -0300] "GET / HTTP/1.1" 200 11217
192.168.10.96 - - [28/Apr/2022:10:17:40 -0300] "POST /cormun/servlet/trsolicitudgral?892d0a75e7c2f051ff402afd2524041e,,gx-no-cache=1651150910194 HTTP/1.1" 200 7488
192.168.10.96 - - [28/Apr/2022:10:17:40 -0300] "GET /cormun/static/Shared/jqueryui/images/ui-icons_82798d_256x240.png HTTP/1.1" 404 1089
192.168.10.96 - - [28/Apr/2022:10:17:40 -0300] "GET /cormun/static/Shared/jqueryui/images/ui-bg_highlight-soft_100_c6c2c8_1x100.png HTTP/1.1" 404 1117
192.168.10.96 - - [28/Apr/2022:10:17:40 -0300] "GET /cormun/static/Shared/jqueryui/images/ui-icons_8d78a5_256x240.png HTTP/1.1" 404 1089
192.168.10.96 - - [28/Apr/2022:10:17:40 -0300] "GET /cormun/static/Shared/jqueryui/images/ui-bg_flat_55_fafafa_40x100.png HTTP/1.1" 404 1097
192.168.10.96 - - [28/Apr/2022:10:17:44 -0300] "POST /cormun/servlet/trsolicitudgral?892d0a75e7c2f051ff402afd2524041e,,gx-no-cache=1651150913815 HTTP/1.1" 200 5254
190.171.142.26 - - [28/Apr/2022:10:17:44 -0300] "GET /cormun/servlet/solicitudot?634db857cb44e0fceb394f843280c5e36c2d7a967e2992de10db1704c0f5573825131929e71a66ff74e9c97d0043a26f,gx-no-cache=1651151085549 HTTP/1.1" 200 30
192.168.10.96 - - [28/Apr/2022:10:17:47 -0300] "POST /cormun/servlet/trsolicitudgral?892d0a75e7c2f051ff402afd2524041e,,gx-no-cache=1651150917629 HTTP/1.1" 200 5253
192.168.10.96 - - [28/Apr/2022:10:17:52 -0300] "POST /cormun/servlet/trsolicitudgral?892d0a75e7c2f051ff402afd2524041e,,gx-no-cache=1651150922342 HTTP/1.1" 200 5252
192.168.10.96 - - [28/Apr/2022:10:17:56 -0300] "POST /cormun/servlet/trsolicitudgral?892d0a75e7c2f051ff402afd2524041e,,gx-no-cache=1651150926309 HTTP/1.1" 200 5252
192.168.10.96 - - [28/Apr/2022:10:18:00 -0300] "POST /cormun/servlet/trsolicitudgral?892d0a75e7c2f051ff402afd2524041e,,gx-no-cache=1651150930340 HTTP/1.1" 200 8187
190.171.142.26 - - [28/Apr/2022:10:18:03 -0300] "POST /cormun/servlet/solicitudot?gx-no-cache=1651151104625 HTTP/1.1" 200 30
190.171.142.26 - - [28/Apr/2022:10:18:04 -0300] "POST /cormun/servlet/solicitudot?7b0292348eb91dbbf30b5cbd62ef9d91,INS,0,0,false,,gx-no-cache=1651151104662 HTTP/1.1" 200 93
190.171.142.26 - - [28/Apr/2022:10:18:04 -0300] "GET /cormun/servlet/hpexe_return? HTTP/1.1" 200 1014
190.171.142.26 - - [28/Apr/2022:10:18:04 -0300] "GET /cormun/servlet/trsolicitudot HTTP/1.1" 200 8609
190.171.142.26 - - [28/Apr/2022:10:18:05 -0300] "GET /cormun/servlet/trsolicitudot HTTP/1.1" 200 8603
190.171.142.26 - - [28/Apr/2022:10:18:10 -0300] "GET /cormun/servlet/solicitudot?INS,0,0,false, HTTP/1.1" 200 15705
190.171.142.26 - - [28/Apr/2022:10:18:10 -0300] "GET /cormun/servlet/solicitudot?INS,0,0,false, HTTP/1.1" 200 15712
190.171.142.26 - - [28/Apr/2022:10:18:20 -0300] "POST /cormun/servlet/solicitudot?gx-no-cache=1651151120891 HTTP/1.1" 200 4025
190.171.142.26 - - [28/Apr/2022:10:18:20 -0300] "GET /cormun/static/Shared/jqueryui/images/ui-bg_highlight-soft_100_c6c2c8_1x100.png HTTP/1.1" 404 1117
190.171.142.26 - - [28/Apr/2022:10:18:20 -0300] "GET /cormun/static/Shared/jqueryui/images/ui-icons_82798d_256x240.png HTTP/1.1" 404 1089
190.171.142.26 - - [28/Apr/2022:10:18:20 -0300] "GET /cormun/static/Shared/jqueryui/images/ui-icons_ebccce_256x240.png HTTP/1.1" 404 1089
190.171.142.26 - - [28/Apr/2022:10:18:20 -0300] "GET /cormun/static/Shared/jqueryui/images/ui-bg_flat_55_994d53_40x100.png HTTP/1.1" 404 1097
192.168.10.11 - - [28/Apr/2022:10:18:21 -0300] "GET / HTTP/1.1" 200 11217
190.171.142.26 - - [28/Apr/2022:10:18:31 -0300] "POST /cormun/servlet/solicitudot?gx-no-cache=1651151132039 HTTP/1.1" 200 4025
190.171.142.26 - - [28/Apr/2022:10:18:37 -0300] "GET /cormun/servlet/solicitudot?634db857cb44e0fceb394f843280c5e363dc2112fb4fd73b61e34d04ea219d12f98a3c450b1dbe1d48a3de0fb7265616,gx-no-cache=1651151137810 HTTP/1.1" 200 30
192.168.10.11 - - [28/Apr/2022:10:19:21 -0300] "GET / HTTP/1.1" 200 11217
190.171.142.26 - - [28/Apr/2022:10:20:03 -0300] "GET /cormun/servlet/solicitudot?634db857cb44e0fceb394f843280c5e34166baaf55693a02d685d526e3f3d1a34c4d3a86524e04f794e6dc5ffe062891,gx-no-cache=1651151223766 HTTP/1.1" 200 30
190.171.142.26 - - [28/Apr/2022:10:20:05 -0300] "GET /cormun/servlet/solicitudot?634db857cb44e0fceb394f843280c5e379c1904872e058b7b1f3718f9b4c9388,gx-no-cache=1651151225789 HTTP/1.1" 200 53
192.168.10.11 - - [28/Apr/2022:10:20:21 -0300] "GET / HTTP/1.1" 200 11217
190.171.142.26 - - [28/Apr/2022:10:20:29 -0300] "GET /cormun/servlet/solicitudot?634db857cb44e0fceb394f843280c5e3312c8b9d10868930db64e802f00393ea4f41f026e71036eb9c15421631c46fffe58c5a1fb570b428d5d7ec722428484ffeb407349801db3ba9bcd882bce17d545fdac951df2758077edfd85ebff9060887e4f17a614fb15121cdc4f9ab9488a8d891451cf6559bd63fb805bda19ba50f8cdaffd073aecf01e38addcbca4386dc97e4bb60a54b0ea148cdd637bf8347a6729b56e2bfc7855e321df23385490be4efd27e7156671b5910f8f3821a9872860b49677d628586837830a3bdedd367d7adb8e4701bb097f158967bb9c4586cb23ad908fb0c477e9cfadd4ee7a38e40097bbce50f4a0a574b7d40c940bec97df6a133cebdb1061411d599c6f7f0bdca44d62bfeb22551d6dff350b6ec429b55bb5b083b5b6a33f7268e4fefda7eed39b6bfd621e578c820d300d8f799ba82e3315cd3825bc762c4e7e96cfafb6001091d,gx-no-cache=1651151250700 HTTP/1.1" 200 297
190.171.142.26 - - [28/Apr/2022:10:20:32 -0300] "GET /cormun/servlet/solicitudot?634db857cb44e0fceb394f843280c5e37672472d07ec69138b76fc6847e987a043f7b1d396d6c132194f079d245c7b82990e7ee13cf73fac7657f83843c1557dc00e537db52f4f526011736e07ab3015906f1369d4551963b38ac821c0881cb67cceedc9926fa678e6a247e82854cc3499f7e20ac4648087f07aae0ef2b2e0d8ce1989f21063a823e5dca1acbd8c854f46b1789e3a1ab16bc38e656907d77fc570c1c3a2d350b62042ff2e535ca0f4ffda68fee7f129bd0ab84256617f639b4256e163e1263ce1d303cdadc2b78681149f3122e3b495676955b97fa42e20f2ab95515aacb938d5b18a6aedbd08355bda2b8722f602536a49e634d9b43dc756a93bb6afed66c29f40308314187de5724be846344292212ff012f4b9af2212abec782b39f829c54ee45c987c05c32a14dc7c21fb3072f95c1f90e0719f027663b89df0d388488f8347e00358a4be7c358c0b7b61b380ae40dbab98db776af15582fc7ed6c74d951f12cf78aa01f42e1c33a382f6d2a4697a7b57c1cca0fd4f20eec9fa1f049dd1354669f4097ca3152ee1,gx-no-cache=1651151253696 HTTP/1.1" 200 30
190.171.142.26 - - [28/Apr/2022:10:20:35 -0300] "POST /cormun/servlet/solicitudot?gx-no-cache=1651151255863 HTTP/1.1" 200 30
190.171.142.26 - - [28/Apr/2022:10:20:37 -0300] "POST /cormun/servlet/solicitudot?gx-no-cache=1651151257738 HTTP/1.1" 200 1448
190.171.142.26 - - [28/Apr/2022:10:20:37 -0300] "POST /cormun/servlet/solicitudot?gx-no-cache=1651151257784 HTTP/1.1" 200 38
192.168.10.96 - - [28/Apr/2022:10:20:42 -0300] "GET /cormun/servlet/vesolicitudgral?2022,18381,, HTTP/1.1" 200 8319
192.168.10.96 - - [28/Apr/2022:10:20:42 -0300] "GET /cormun/static/gxcfg.js?20201215594983 HTTP/1.1" 200 953
192.168.10.96 - - [28/Apr/2022:10:20:42 -0300] "GET /cormun/static/vesolicitudgral.js?20201215595069 HTTP/1.1" 200 6721
192.168.10.96 - - [28/Apr/2022:10:20:42 -0300] "GET /cormun/pexe_scrolldiv.js HTTP/1.1" 404 1009
192.168.10.96 - - [28/Apr/2022:10:20:42 -0300] "GET /cormun/static/Resources/PXToolsTabFirstSelected.png HTTP/1.1" 200 1270
192.168.10.96 - - [28/Apr/2022:10:20:42 -0300] "GET /cormun/static/Resources/PXToolsTabPrevious.gif HTTP/1.1" 200 172
192.168.10.96 - - [28/Apr/2022:10:20:42 -0300] "GET /cormun/static/Resources/PXToolsTabLastUnselected.png HTTP/1.1" 200 1297
192.168.10.96 - - [28/Apr/2022:10:20:42 -0300] "GET /cormun/static/hwcviewtabs.js?201991422154026 HTTP/1.1" 200 1074
192.168.10.96 - - [28/Apr/2022:10:20:42 -0300] "GET /cormun/static/hpexe_tabsview.js?2020121447381 HTTP/1.1" 200 1661
192.168.10.96 - - [28/Apr/2022:10:20:42 -0300] "GET /cormun/static/Resources/PXToolsTabNext.gif HTTP/1.1" 200 168
192.168.10.96 - - [28/Apr/2022:10:20:42 -0300] "GET /cormun/static/tbsolicitudgral01.js?20199142226376 HTTP/1.1" 200 31320
192.168.10.96 - - [28/Apr/2022:10:20:42 -0300] "GET /cormun/static/calendar-system.css HTTP/1.1" 200 5572
192.168.10.96 - - [28/Apr/2022:10:20:42 -0300] "GET /cormun/static/Resources/PXToolsTabBackSelected.png HTTP/1.1" 200 1157
192.168.10.96 - - [28/Apr/2022:10:20:42 -0300] "GET /cormun/static/Resources/PXToolsTabBackUnselected.png HTTP/1.1" 200 1175
192.168.10.96 - - [28/Apr/2022:10:20:42 -0300] "GET /cormun/static/Resources/PXToolsTabSelectedUnselected.png HTTP/1.1" 200 1451
192.168.10.96 - - [28/Apr/2022:10:20:42 -0300] "GET /cormun/static/Resources/PXToolsTabUnselectedUnselected.png HTTP/1.1" 200 1470
192.168.10.96 - - [28/Apr/2022:10:20:42 -0300] "GET /cormun/servlet/vesolicitudgral?2022,18381,, HTTP/1.1" 200 8320
192.168.10.96 - - [28/Apr/2022:10:20:42 -0300] "GET /cormun/pexe_scrolldiv.js HTTP/1.1" 404 1009
192.168.10.96 - - [28/Apr/2022:10:20:42 -0300] "GET /cormun/servlet/vesolicitudgral?2022,18381,, HTTP/1.1" 200 8320
192.168.10.96 - - [28/Apr/2022:10:20:42 -0300] "GET /cormun/servlet/vesolicitudgral?2022,18381,, HTTP/1.1" 200 8320
192.168.10.96 - - [28/Apr/2022:10:20:48 -0300] "POST /cormun/servlet/vesolicitudgral?892d0a75e7c2f051ff402afd2524041e,2022,18381,,,gx-no-cache=1651151097977 HTTP/1.1" 200 12045
192.168.10.96 - - [28/Apr/2022:10:20:48 -0300] "GET /cormun/static/Shared/jqueryui/images/ui-icons_82798d_256x240.png HTTP/1.1" 404 1089
192.168.10.96 - - [28/Apr/2022:10:20:48 -0300] "GET /cormun/static/Shared/jqueryui/images/ui-bg_highlight-soft_100_c6c2c8_1x100.png HTTP/1.1" 404 1117
192.168.10.96 - - [28/Apr/2022:10:20:48 -0300] "GET /cormun/static/Shared/jqueryui/images/ui-bg_flat_55_fafafa_40x100.png HTTP/1.1" 404 1097
192.168.10.96 - - [28/Apr/2022:10:20:48 -0300] "GET /cormun/static/Shared/jqueryui/images/ui-icons_8d78a5_256x240.png HTTP/1.1" 404 1089
192.168.10.96 - - [28/Apr/2022:10:20:48 -0300] "POST /cormun/servlet/vesolicitudgral?892d0a75e7c2f051ff402afd2524041e,2022,18381,,,gx-no-cache=1651151098183 HTTP/1.1" 200 11979
192.168.10.96 - - [28/Apr/2022:10:20:48 -0300] "GET /cormun//static/Resources/PXToolsTabLastUnselected.png HTTP/1.1" 200 1297
190.171.142.26 - - [28/Apr/2022:10:21:14 -0300] "GET /cormun/servlet/solicitudot?634db857cb44e0fceb394f843280c5e3ea4aa1bad2c396d78a70d076e739c0aaddfbd785d543ffa127c545201026f21dded9e82214e6335d762f464478cbf0f650bfe8a48e4bc804f532d10d0f2f1d2be29305bfc3cfc0ff8c287c0362388e2f01ea6b345fc3a1280adfde8f5df28648,gx-no-cache=1651151294867 HTTP/1.1" 200 110
190.171.142.26 - - [28/Apr/2022:10:21:18 -0300] "POST /cormun/servlet/solicitudot?gx-no-cache=1651151299381 HTTP/1.1" 200 83
192.168.10.11 - - [28/Apr/2022:10:21:21 -0300] "GET / HTTP/1.1" 200 11217
190.171.142.26 - - [28/Apr/2022:10:21:27 -0300] "GET /cormun/servlet/solicitudot?634db857cb44e0fceb394f843280c5e30aa5b347cdb0243ab7a31ace139e7fd27bbce50f4a0a574b7d40c940bec97df6a133cebdb1061411d599c6f7f0bdca447d66693a8630c8f84f387e07141ec537,gx-no-cache=1651151307992 HTTP/1.1" 200 29
190.171.142.26 - - [28/Apr/2022:10:21:27 -0300] "GET /cormun/static/menuarrow.gif HTTP/1.1" 404 1015
190.171.142.26 - - [28/Apr/2022:10:21:30 -0300] "GET /cormun/servlet/solicitudot?634db857cb44e0fceb394f843280c5e36c2d7a967e2992de10db1704c0f5573825131929e71a66ff74e9c97d0043a26f,gx-no-cache=1651151311206 HTTP/1.1" 200 30
191.126.22.4 - - [28/Apr/2022:10:21:37 -0300] "GET /cormun/servlet/hlogin HTTP/1.1" 200 1727
191.126.22.4 - - [28/Apr/2022:10:21:37 -0300] "GET /cormun/servlet/hlogin HTTP/1.1" 200 1727
190.171.142.26 - - [28/Apr/2022:10:21:45 -0300] "POST /cormun/servlet/solicitudot?gx-no-cache=1651151326250 HTTP/1.1" 200 30
190.171.142.26 - - [28/Apr/2022:10:21:45 -0300] "POST /cormun/servlet/solicitudot?7b0292348eb91dbbf30b5cbd62ef9d91,INS,0,0,false,,gx-no-cache=1651151326279 HTTP/1.1" 200 12796
191.126.22.4 - - [28/Apr/2022:10:21:52 -0300] "POST /cormun/servlet/hlogin?fb19386f1e6235d472a7d8516aad81fc,gx-no-cache=1651151332761 HTTP/1.1" 200 90
191.126.22.4 - - [28/Apr/2022:10:21:52 -0300] "GET /cormun/servlet/hpexe_link HTTP/1.1" 200 953
