190.171.142.26 - - [28/Apr/2022:11:03:14 -0300] "GET /cormun/static/PXToolsJavascripts/pexe_griddivfix.js HTTP/1.1" 200 6644
190.171.142.26 - - [28/Apr/2022:11:03:14 -0300] "GET /cormun/static/PXToolsJavascripts/pexe_link.js HTTP/1.1" 200 5671
190.171.142.26 - - [28/Apr/2022:11:03:14 -0300] "GET /cormun/static/PXToolsJavascripts/pexe_menudivfix.js HTTP/1.1" 200 333
190.171.142.26 - - [28/Apr/2022:11:03:14 -0300] "GET /cormun/static/PXToolsJavascripts/pexe_menus.js HTTP/1.1" 200 1286
190.171.142.26 - - [28/Apr/2022:11:03:14 -0300] "GET /cormun/static/PXToolsJavascripts/pexe_layers.js HTTP/1.1" 200 4114
190.171.142.26 - - [28/Apr/2022:11:03:14 -0300] "GET /cormun/static/PXToolsJavascripts/pexe_oavdivfix.js HTTP/1.1" 200 639
190.171.142.26 - - [28/Apr/2022:11:03:14 -0300] "GET /cormun/static/PXToolsJavascripts/pexe_oav.js HTTP/1.1" 200 645
190.171.142.26 - - [28/Apr/2022:11:03:14 -0300] "GET /cormun/static/PXToolsJavascripts/pexe_popup.js HTTP/1.1" 200 13458
190.171.142.26 - - [28/Apr/2022:11:03:14 -0300] "GET /cormun/static/PXToolsJavascripts/pexe_picture.js HTTP/1.1" 200 689
190.171.142.26 - - [28/Apr/2022:11:03:14 -0300] "GET /cormun/static/PXToolsJavascripts/pexe_scrolldiv.js HTTP/1.1" 200 4138
190.171.142.26 - - [28/Apr/2022:11:03:14 -0300] "GET /cormun/static/PXToolsJavascripts/pexe_upload.js HTTP/1.1" 200 1423
190.171.142.26 - - [28/Apr/2022:11:03:14 -0300] "GET /cormun/static/PXToolsJavascripts/pexe_tabdivfix.js HTTP/1.1" 200 876
190.171.142.26 - - [28/Apr/2022:11:03:14 -0300] "GET /cormun/static/PXToolsJavascripts/pexe_tabs.js HTTP/1.1" 200 3748
190.171.142.26 - - [28/Apr/2022:11:03:14 -0300] "GET /cormun/static/PXToolsJavascripts/PXToolsJavascriptsRender.js HTTP/1.1" 200 367
190.171.142.26 - - [28/Apr/2022:11:03:14 -0300] "GET /cormun/static/RunJS/RunJS.js HTTP/1.1" 200 288
190.171.142.26 - - [28/Apr/2022:11:03:14 -0300] "GET /cormun/static/Shared/ext/locale/ext-lang-en.js HTTP/1.1" 200 10940
190.171.142.26 - - [28/Apr/2022:11:03:14 -0300] "GET /cormun/static/hwchdr01.js?20201214473739 HTTP/1.1" 200 996
190.171.142.26 - - [28/Apr/2022:11:03:14 -0300] "GET /cormun/static/hhome.js?20201215495544 HTTP/1.1" 200 777
190.171.142.26 - - [28/Apr/2022:11:03:14 -0300] "GET /cormun/static/hpexe_recentlink.js?20201214471090 HTTP/1.1" 200 2144
190.171.142.26 - - [28/Apr/2022:11:03:14 -0300] "GET /cormun/static/Resources/PXToolsDataTitle.png HTTP/1.1" 200 1173
190.171.142.26 - - [28/Apr/2022:11:03:14 -0300] "GET /cormun/static/Resources/ImgHome.png HTTP/1.1" 200 1364
190.171.142.26 - - [28/Apr/2022:11:03:14 -0300] "GET /cormun/static/Resources/ImgLogin.png HTTP/1.1" 200 1432
190.171.142.26 - - [28/Apr/2022:11:03:14 -0300] "GET /cormun/static/Resources/Logo2019_Small.png HTTP/1.1" 200 10855
190.171.142.26 - - [28/Apr/2022:11:03:14 -0300] "GET /cormun/static/Resources/Llave.png HTTP/1.1" 200 1395
190.171.142.26 - - [28/Apr/2022:11:03:14 -0300] "GET /cormun/static/hpexe_scripts.js?20201214471411 HTTP/1.1" 200 1544
190.171.142.26 - - [28/Apr/2022:11:03:14 -0300] "GET /cormun/static/gxui/gxui-all.js HTTP/1.1" 200 107772
190.171.142.26 - - [28/Apr/2022:11:03:14 -0300] "GET /cormun/static/hpexe_messagepopupcomponent.js?2020121447232 HTTP/1.1" 200 605
190.171.142.26 - - [28/Apr/2022:11:03:14 -0300] "GET /cormun/static/hpexe_messagecontroller.js?201991422154126 HTTP/1.1" 200 870
190.171.142.26 - - [28/Apr/2022:11:03:14 -0300] "GET /cormun/static/hpexe_messagegenexuscomponent.js?2020121447173 HTTP/1.1" 200 587
190.171.142.26 - - [28/Apr/2022:11:03:14 -0300] "GET /cormun/static/cmcontrolpreferences.js?20199141926336 HTTP/1.1" 200 1375
190.171.142.26 - - [28/Apr/2022:11:03:14 -0300] "GET /cormun/static/SmoothNavMenu/resources/ddsmoothmenu.js HTTP/1.1" 200 12712
190.171.142.26 - - [28/Apr/2022:11:03:14 -0300] "GET /cormun/static/SmoothNavMenu/resources/SmoothNavMenuRender.js HTTP/1.1" 200 5951
190.171.142.26 - - [28/Apr/2022:11:03:14 -0300] "GET /cormun/static/Shared/jquery/jquery-1.4.2.min.js HTTP/1.1" 200 72174
190.171.142.26 - - [28/Apr/2022:11:03:14 -0300] "GET /cormun/static/scaMessage/js/jquery.pnotify.min.js HTTP/1.1" 200 13038
190.171.142.26 - - [28/Apr/2022:11:03:14 -0300] "GET /cormun/static/scaMessage/scaMessageRender.js HTTP/1.1" 200 11977
190.171.142.26 - - [28/Apr/2022:11:03:14 -0300] "GET /cormun/static/hmpwkw03.js?20201215501896 HTTP/1.1" 200 3973
190.171.142.26 - - [28/Apr/2022:11:03:14 -0300] "GET /cormun/static/Shared/jqueryui/jquery-ui.min.js HTTP/1.1" 200 240427
190.171.142.26 - - [28/Apr/2022:11:03:14 -0300] "GET /cormun/static/Shared/jquery/jquery-1.10.2.min.js HTTP/1.1" 200 273199
190.171.142.26 - - [28/Apr/2022:11:03:14 -0300] "GET /cormun/static/Shared/ext/ext-all.js HTTP/1.1" 200 1289687
190.171.142.26 - - [28/Apr/2022:11:03:15 -0300] "GET /cormun/static/SmoothNavMenu/resources/images/down.gif HTTP/1.1" 200 854
190.171.142.26 - - [28/Apr/2022:11:03:15 -0300] "GET /cormun/servlet/hhome HTTP/1.1" 200 3970
192.168.10.96 - - [28/Apr/2022:11:03:20 -0300] "GET /cormun/PublicTempStorage/upload_000190118695066.docx HTTP/1.1" 304 -
190.171.142.26 - - [28/Apr/2022:11:03:20 -0300] "GET /cormun/servlet/trsolicitudot? HTTP/1.1" 200 8603
190.171.142.26 - - [28/Apr/2022:11:03:20 -0300] "GET /cormun/static/gxui/gxui-all.css?110300 HTTP/1.1" 200 2179
190.171.142.26 - - [28/Apr/2022:11:03:20 -0300] "GET /cormun/static/calendar-system.css?75620 HTTP/1.1" 200 5572
190.171.142.26 - - [28/Apr/2022:11:03:20 -0300] "GET /cormun/static/gxcfg.js?201991910464971 HTTP/1.1" 200 953
190.171.142.26 - - [28/Apr/2022:11:03:20 -0300] "GET /cormun/static/calendar.js?85251 HTTP/1.1" 200 26246
190.171.142.26 - - [28/Apr/2022:11:03:20 -0300] "GET /cormun/static/calendar-setup.js?85251 HTTP/1.1" 200 2588
190.171.142.26 - - [28/Apr/2022:11:03:20 -0300] "GET /cormun/static/calendar-es.js?85251 HTTP/1.1" 200 1901
190.171.142.26 - - [28/Apr/2022:11:03:20 -0300] "GET /cormun/static/gxdec.js?85251 HTTP/1.1" 200 19579
190.171.142.26 - - [28/Apr/2022:11:03:20 -0300] "GET /cormun/static/trsolicitudot.js?201991910465845 HTTP/1.1" 200 54041
190.171.142.26 - - [28/Apr/2022:11:03:20 -0300] "GET /cormun/static/Shared/ext/resources/css/ext-all.css?205870 HTTP/1.1" 200 416045
190.171.142.26 - - [28/Apr/2022:11:03:20 -0300] "GET /cormun/static/Resources/PXTools/calendar.png HTTP/1.1" 200 1306
190.171.142.26 - - [28/Apr/2022:11:03:20 -0300] "GET /cormun/static/Resources/PXToolsDataSearch.png HTTP/1.1" 200 435
190.171.142.26 - - [28/Apr/2022:11:03:20 -0300] "GET /cormun/static/Resources/PXToolsGridFirstDisabled.gif HTTP/1.1" 200 100
190.171.142.26 - - [28/Apr/2022:11:03:20 -0300] "GET /cormun/static/Resources/PXToolsGridPage.gif HTTP/1.1" 200 725
190.171.142.26 - - [28/Apr/2022:11:03:20 -0300] "GET /cormun/static/Resources/PXToolsGridLastDisabled.gif HTTP/1.1" 200 98
190.171.142.26 - - [28/Apr/2022:11:03:20 -0300] "GET /cormun/static/Resources/PXToolsActionExcel.png HTTP/1.1" 200 727
190.171.142.26 - - [28/Apr/2022:11:03:20 -0300] "GET /cormun/static/Resources/PXToolsGridNextDisabled.gif HTTP/1.1" 200 90
190.171.142.26 - - [28/Apr/2022:11:03:20 -0300] "GET /cormun/static/Resources/PXToolsGridPreviousDisabled.gif HTTP/1.1" 200 90
190.171.142.26 - - [28/Apr/2022:11:03:20 -0300] "GET /cormun/static/Resources/PXToolsAddAllAction.png HTTP/1.1" 200 495
190.171.142.26 - - [28/Apr/2022:11:03:20 -0300] "GET /cormun/static/Resources/desc.gif HTTP/1.1" 200 65
190.171.142.26 - - [28/Apr/2022:11:03:20 -0300] "GET /cormun//static/Resources/PXToolsGridUpdate.png HTTP/1.1" 200 470
190.171.142.26 - - [28/Apr/2022:11:03:20 -0300] "GET /cormun/static/Resources/asc.gif HTTP/1.1" 200 67
190.171.142.26 - - [28/Apr/2022:11:03:20 -0300] "GET /cormun//static/Resources/PXToolsActionView.png HTTP/1.1" 200 398
190.171.142.26 - - [28/Apr/2022:11:03:20 -0300] "GET /cormun//static/Resources/PXToolsGridDelete.png HTTP/1.1" 200 538
190.171.142.26 - - [28/Apr/2022:11:03:20 -0300] "GET /cormun//static/Resources/PXTools/ActionInsert.png HTTP/1.1" 200 1482
190.171.142.26 - - [28/Apr/2022:11:03:20 -0300] "GET /cormun//static/Resources/PXToolsRemoveAllAction.png HTTP/1.1" 200 487
190.171.142.26 - - [28/Apr/2022:11:03:20 -0300] "GET /cormun/static/Shared/ext/resources/themes/images/default/panel/bg-headersPanel.png HTTP/1.1" 200 255
190.171.142.26 - - [28/Apr/2022:11:03:20 -0300] "GET /cormun/static/Shared/ext/resources/themes/images/default/tools/tool-sprites.gif HTTP/1.1" 200 5434
190.171.142.26 - - [28/Apr/2022:11:03:20 -0300] "GET /cormun/servlet/trsolicitudot? HTTP/1.1" 200 8601
192.168.10.11 - - [28/Apr/2022:11:03:21 -0300] "GET / HTTP/1.1" 200 11217
190.171.142.26 - - [28/Apr/2022:11:03:23 -0300] "GET /cormun/servlet/solicitudot?INS,0,0,false, HTTP/1.1" 200 15703
190.171.142.26 - - [28/Apr/2022:11:03:23 -0300] "GET /cormun/static/calendar-system.css?85620 HTTP/1.1" 200 5572
190.171.142.26 - - [28/Apr/2022:11:03:23 -0300] "GET /cormun/static/gxcfg.js?20203414241232 HTTP/1.1" 200 953
190.171.142.26 - - [28/Apr/2022:11:03:23 -0300] "GET /cormun/static/solicitudot.js?20203414242792 HTTP/1.1" 200 74114
190.171.142.26 - - [28/Apr/2022:11:03:23 -0300] "GET /cormun/static/Resources/prompt.gif HTTP/1.1" 200 902
190.171.142.26 - - [28/Apr/2022:11:03:24 -0300] "GET /cormun/servlet/solicitudot?INS,0,0,false, HTTP/1.1" 200 15710
186.103.156.166 - - [28/Apr/2022:11:03:27 -0300] "GET /cormun/servlet/hlogin HTTP/1.1" 200 1729
186.103.156.166 - - [28/Apr/2022:11:03:27 -0300] "GET /favicon.ico HTTP/1.1" 200 21630
192.168.10.96 - - [28/Apr/2022:11:03:31 -0300] "GET /cormun/PublicTempStorage/img_20220330_carnet67889.pdf HTTP/1.1" 200 680134
192.168.10.96 - - [28/Apr/2022:11:03:33 -0300] "GET /cormun/servlet/vesolicitudgral?2022,18381,,SolicitudOTAdjuntos HTTP/1.1" 200 10897
192.168.10.96 - - [28/Apr/2022:11:03:34 -0300] "GET /cormun/servlet/vesolicitudgral?2022,18381,,SolicitudOTAdjuntos HTTP/1.1" 200 10898
190.171.142.26 - - [28/Apr/2022:11:03:34 -0300] "POST /cormun/servlet/solicitudot?gx-no-cache=1651153834466 HTTP/1.1" 200 3858
190.171.142.26 - - [28/Apr/2022:11:03:34 -0300] "POST /cormun/servlet/solicitudot?847826d5051f2e0fe97cc6b78edbd64b,INS,0,0,false,,gx-no-cache=1651153834622 HTTP/1.1" 200 12400
192.168.10.96 - - [28/Apr/2022:11:03:34 -0300] "POST /cormun/servlet/acontrolpreferencessavestate?None,RRHH+DANIELA,true HTTP/1.1" 200 35
186.103.156.166 - - [28/Apr/2022:11:03:37 -0300] "POST /cormun/servlet/hlogin?19c11f98d9ee6f91341c209fcc2aeab2,gx-no-cache=1651150237177 HTTP/1.1" 200 90
186.103.156.166 - - [28/Apr/2022:11:03:37 -0300] "GET /cormun/servlet/hpexe_link HTTP/1.1" 200 952
186.103.156.166 - - [28/Apr/2022:11:03:37 -0300] "GET /cormun/servlet/hhome HTTP/1.1" 200 3855
190.171.142.26 - - [28/Apr/2022:11:03:38 -0300] "GET /cormun/servlet/solicitudot?82d8405fc6fcd94811af950c6372b3be4ee8f02a90b1e17b0e64d512b5dc25222e740b811cd4e33276fa0e172e23e4f8,gx-no-cache=1651153837853 HTTP/1.1" 200 30
186.103.156.166 - - [28/Apr/2022:11:03:38 -0300] "GET /cormun/servlet/hhome HTTP/1.1" 200 3851
186.103.156.166 - - [28/Apr/2022:11:03:41 -0300] "GET /cormun/servlet/trpermisosgoce? HTTP/1.1" 200 9099
186.103.156.166 - - [28/Apr/2022:11:03:41 -0300] "GET /cormun/servlet/trpermisosgoce? HTTP/1.1" 200 9097
186.103.156.166 - - [28/Apr/2022:11:03:44 -0300] "GET /cormun/servlet/permisogoce?INS,0,,, HTTP/1.1" 200 6717
186.103.156.166 - - [28/Apr/2022:11:03:44 -0300] "GET /cormun/servlet/permisogoce?INS,0,,, HTTP/1.1" 200 6716
186.103.156.166 - - [28/Apr/2022:11:03:56 -0300] "GET /cormun/servlet/permisogoce?c8a51e1c7818621c3dfacf9b9fdd8b136c415a2e7eda30dd659bc2233d0fefba08f47d4c12fb4f4f12c6654d6540c3f1665b60e3b8757010b4722375236afdf5,gx-no-cache=1651150256349 HTTP/1.1" 200 78
186.103.156.166 - - [28/Apr/2022:11:03:59 -0300] "GET /cormun/static/menuarrow.gif HTTP/1.1" 404 1015
190.171.142.26 - - [28/Apr/2022:11:04:03 -0300] "POST /cormun/servlet/solicitudot?gx-no-cache=1651153862883 HTTP/1.1" 200 3952
190.171.142.26 - - [28/Apr/2022:11:04:03 -0300] "POST /cormun/servlet/solicitudot?847826d5051f2e0fe97cc6b78edbd64b,INS,0,0,false,,gx-no-cache=1651153863222 HTTP/1.1" 200 12577
190.171.142.26 - - [28/Apr/2022:11:04:05 -0300] "GET /cormun/servlet/solicitudot?82d8405fc6fcd94811af950c6372b3beeedebddf42c778dbfaee03c8c2c00c0e4698f7ddd695c7b92b93e2f6353e06fe,gx-no-cache=1651153865213 HTTP/1.1" 200 30
190.171.154.42 - - [28/Apr/2022:11:04:06 -0300] "GET /cormun/servlet/hlogin HTTP/1.1" 200 1726
190.171.152.242 - - [28/Apr/2022:11:04:07 -0300] "GET /cormun/servlet/prbanco?,MD,,gxPopupLevel%3D0%3B HTTP/1.1" 200 6556
190.171.152.242 - - [28/Apr/2022:11:04:07 -0300] "GET /cormun/static/gxcfg.js?20201216131581 HTTP/1.1" 200 953
190.171.152.242 - - [28/Apr/2022:11:04:07 -0300] "GET /cormun/static/prbanco.js?20201216132311 HTTP/1.1" 200 10693
186.103.156.166 - - [28/Apr/2022:11:04:07 -0300] "GET /cormun/servlet/permisogoce?c8a51e1c7818621c3dfacf9b9fdd8b1303853745fe52d56399f67c8158db366e2ea5b6061f977565ce96c1bf76d67429ccf9c765a925ff7df90f99fb2d41818f,gx-no-cache=1651150267472 HTTP/1.1" 200 47
186.103.156.166 - - [28/Apr/2022:11:04:12 -0300] "POST /cormun/servlet/permisogoce?19c11f98d9ee6f91341c209fcc2aeab2,INS,0,,,,gx-no-cache=1651150271826 HTTP/1.1" 200 93
186.103.156.166 - - [28/Apr/2022:11:04:12 -0300] "GET /cormun/servlet/hpexe_return? HTTP/1.1" 200 1011
186.103.156.166 - - [28/Apr/2022:11:04:12 -0300] "GET /cormun/servlet/trpermisosgoce HTTP/1.1" 200 9373
186.103.156.166 - - [28/Apr/2022:11:04:13 -0300] "GET /cormun/servlet/trpermisosgoce HTTP/1.1" 200 9367
190.171.152.242 - - [28/Apr/2022:11:04:13 -0300] "GET /cormun/servlet/solicitudot?94cfbb2336e6ac12afc8cb932cbd595aa185cd13ccd8213c397c947ece629a7d601350848305f014749935d4699c908c,gx-no-cache=1651153874687 HTTP/1.1" 200 30
186.103.156.166 - - [28/Apr/2022:11:04:16 -0300] "GET /cormun/servlet/apermisogoceprn?15112808,P,20220428094754,PU HTTP/1.1" 200 1656
190.171.152.242 - - [28/Apr/2022:11:04:18 -0300] "GET /cormun/servlet/solicitudot?94cfbb2336e6ac12afc8cb932cbd595a7fdddc5b14e5911821ee9b61d0c9a7b2,gx-no-cache=1651153879387 HTTP/1.1" 200 51
190.171.152.242 - - [28/Apr/2022:11:04:18 -0300] "POST /cormun/servlet/solicitudot?gx-no-cache=1651153879431 HTTP/1.1" 200 255
190.171.152.242 - - [28/Apr/2022:11:04:18 -0300] "GET /cormun/servlet/solicitudot?94cfbb2336e6ac12afc8cb932cbd595a5af32d715236c80aface70a4c67a384d7e446da6814d1fbc5c34c31904ec3af0054951e9c95109b203e43b168496edc4fbe50bbf2e3f1fa8afbf64862d0684a0fa8fb178374d825011de8d49b2c6b27c35988dcfb01a9951335c19326faed26b5cd9ddd61cdead662840785fc6f041d70206d6ff5dfd376984dd7408ab06c0a9588c8226698cb24bdfe73d2093956d42517f6b769855d7e10033e7540ac57341e0f3958a2234512237786070596524c3bd268277e1f5af43508ac998ee824fa370222e2313d658ca836522fe916ed5827e0d72df00436be1b93e954e4ba4e63b6e39d5fb5efa8e5a90a34a370cf1660986ad4b1e5fa495ea24d40b60b66e1ab346aa5b39a89350cced6d6b2457dfc26a217fca29217f9b79eecd259c5059f70d9771c7b758afb0728bf549411162803d7826d68650503dd3ba1fed8a848f3ff330f1bb40906ff61fe269391cafa38d92c74c355d7b875528f5f3e8fc654b0c511e707b96e954b0752d601ad9b0332f65,gx-no-cache=1651153879468 HTTP/1.1" 200 30
190.171.152.242 - - [28/Apr/2022:11:04:20 -0300] "POST /cormun/servlet/solicitudot?gx-no-cache=1651153881338 HTTP/1.1" 200 30
192.168.10.11 - - [28/Apr/2022:11:04:21 -0300] "GET / HTTP/1.1" 200 11217
190.171.154.42 - - [28/Apr/2022:11:04:21 -0300] "POST /cormun/servlet/hlogin?fce50aa427a2950e91a1d23636d25e57,gx-no-cache=1651153881243 HTTP/1.1" 200 90
190.171.154.42 - - [28/Apr/2022:11:04:21 -0300] "GET /cormun/servlet/hpexe_link HTTP/1.1" 200 954
190.171.152.242 - - [28/Apr/2022:11:04:21 -0300] "POST /cormun/servlet/solicitudot?gx-no-cache=1651153882883 HTTP/1.1" 200 1453
190.171.152.242 - - [28/Apr/2022:11:04:22 -0300] "POST /cormun/servlet/solicitudot?gx-no-cache=1651153882922 HTTP/1.1" 200 38
190.171.152.242 - - [28/Apr/2022:11:04:22 -0300] "GET /cormun/servlet/solicitudot?94cfbb2336e6ac12afc8cb932cbd595ae1aac6039d48b681d67b0a228b1a826ff370f79c46ae2c68558563dc898f2521cfa897fc2612c3aec3442129a6540b7a90f865a891f3b80da559e913a6ceb5bee74a861e8e75561f79798525535561c4591862259076afd0b78f6a5600ab9928,gx-no-cache=1651153882946 HTTP/1.1" 200 110
190.171.154.42 - - [28/Apr/2022:11:04:22 -0300] "GET /cormun/servlet/hhome HTTP/1.1" 200 4176
190.171.154.42 - - [28/Apr/2022:11:04:24 -0300] "GET /cormun/servlet/hhome HTTP/1.1" 200 4172
192.168.10.96 - - [28/Apr/2022:11:04:26 -0300] "GET /cormun/PublicTempStorage/certificadoafphabitat_%281%296742838.pdf HTTP/1.1" 200 75372
190.171.152.242 - - [28/Apr/2022:11:04:28 -0300] "POST /cormun/servlet/solicitudot?gx-no-cache=1651153889309 HTTP/1.1" 200 69
190.171.152.242 - - [28/Apr/2022:11:04:33 -0300] "GET /cormun/servlet/solicitudot?94cfbb2336e6ac12afc8cb932cbd595a08fafd01040406f7a74a4aaa5c3e2004bf88b2fa70562a5143c4d8c47b2f70df44ba4ff4c6662a2aa5d78fda4a6c1461d8cf5cf0314fba3ccdbe0a265d9b0ad2c88e4410808bf336a6a89693871c48c13bdadaf4b0ec60fa685b099bcf2151551266fb342eab4af4c65dca80efb7ebb8b1e20d2d99c817fd5b0889a02ca4852a663b4eceffb2ab2455e8ecc497125a2e,gx-no-cache=1651153894273 HTTP/1.1" 200 29
190.171.152.242 - - [28/Apr/2022:11:04:33 -0300] "GET /cormun/static/menuarrow.gif HTTP/1.1" 404 1015
190.171.154.42 - - [28/Apr/2022:11:04:37 -0300] "GET /cormun/servlet/trlicencias? HTTP/1.1" 200 12718
190.171.152.242 - - [28/Apr/2022:11:04:37 -0300] "GET /cormun/servlet/solicitudot?94cfbb2336e6ac12afc8cb932cbd595a390c7ac77886558da9776ecf93473ea8ac9db5cd2bb9dc8465a3049413ac51fe,gx-no-cache=1651153898911 HTTP/1.1" 200 30
192.168.10.96 - - [28/Apr/2022:11:04:39 -0300] "GET /cormun/servlet/vesolicitudgral?2022,18381,,SolicitudOTAdjuntos HTTP/1.1" 200 10895
192.168.10.96 - - [28/Apr/2022:11:04:39 -0300] "GET /cormun/servlet/vesolicitudgral?2022,18381,,SolicitudOTAdjuntos HTTP/1.1" 200 10898
190.171.154.42 - - [28/Apr/2022:11:04:39 -0300] "GET /cormun/servlet/trlicencias? HTTP/1.1" 200 12728
192.168.10.96 - - [28/Apr/2022:11:04:40 -0300] "POST /cormun/servlet/acontrolpreferencessavestate?None,RRHH+DANIELA,true HTTP/1.1" 200 35
192.168.10.96 - - [28/Apr/2022:11:04:41 -0300] "GET /cormun/PublicTempStorage/fonasa8219946.pdf HTTP/1.1" 200 81130
190.171.152.242 - - [28/Apr/2022:11:04:44 -0300] "POST /cormun/servlet/solicitudot?gx-no-cache=1651153905364 HTTP/1.1" 200 30
190.171.154.42 - - [28/Apr/2022:11:04:48 -0300] "POST /cormun/servlet/trlicencias?fce50aa427a2950e91a1d23636d25e57,,gx-no-cache=1651153907731 HTTP/1.1" 200 15720
192.168.10.96 - - [28/Apr/2022:11:04:58 -0300] "GET /cormun/servlet/vesolicitudgral?2022,18381,,SolicitudOTAdjuntos HTTP/1.1" 200 10896
192.168.10.96 - - [28/Apr/2022:11:04:58 -0300] "GET /cormun/servlet/vesolicitudgral?2022,18381,,SolicitudOTAdjuntos HTTP/1.1" 200 10897
192.168.10.96 - - [28/Apr/2022:11:04:59 -0300] "POST /cormun/servlet/acontrolpreferencessavestate?None,RRHH+DANIELA,true HTTP/1.1" 200 35
192.168.10.96 - - [28/Apr/2022:11:05:00 -0300] "GET /cormun/servlet/vesolicitudgral?2022,18381,,General HTTP/1.1" 200 8328
192.168.10.96 - - [28/Apr/2022:11:05:00 -0300] "GET /cormun/pexe_scrolldiv.js HTTP/1.1" 404 1009
192.168.10.96 - - [28/Apr/2022:11:05:00 -0300] "GET /cormun/servlet/vesolicitudgral?2022,18381,,General HTTP/1.1" 200 8328
190.171.152.242 - - [28/Apr/2022:11:05:20 -0300] "POST /cormun/servlet/solicitudot?fceb95cd5ea1705f37d47110cd9aa85f,INS,0,0,false,,gx-no-cache=1651153941307 HTTP/1.1" 200 93
190.171.152.242 - - [28/Apr/2022:11:05:20 -0300] "GET /cormun/servlet/hpexe_return? HTTP/1.1" 200 1032
190.171.152.242 - - [28/Apr/2022:11:05:21 -0300] "GET /cormun/servlet/trsolicitudot?gx-no-cache=1651152612259 HTTP/1.1" 200 8642
190.171.152.242 - - [28/Apr/2022:11:05:21 -0300] "GET /cormun/servlet/trsolicitudot?gx-no-cache=1651152612259 HTTP/1.1" 200 8659
192.168.10.11 - - [28/Apr/2022:11:05:21 -0300] "GET / HTTP/1.1" 200 11217
190.171.152.242 - - [28/Apr/2022:11:05:23 -0300] "POST /cormun/servlet/trsolicitudot?fceb95cd5ea1705f37d47110cd9aa85f,gx-no-cache=1651152612259,gx-no-cache=1651153944548 HTTP/1.1" 200 4582
190.171.152.242 - - [28/Apr/2022:11:05:23 -0300] "GET /cormun/static/Shared/jqueryui/images/ui-bg_highlight-soft_100_c6c2c8_1x100.png HTTP/1.1" 404 1117
190.171.152.242 - - [28/Apr/2022:11:05:23 -0300] "GET /cormun/static/Shared/jqueryui/images/ui-icons_82798d_256x240.png HTTP/1.1" 404 1089
190.171.152.242 - - [28/Apr/2022:11:05:23 -0300] "GET /cormun/static/Shared/jqueryui/images/ui-bg_flat_55_fafafa_40x100.png HTTP/1.1" 404 1097
190.171.152.242 - - [28/Apr/2022:11:05:23 -0300] "GET /cormun/static/Shared/jqueryui/images/ui-icons_8d78a5_256x240.png HTTP/1.1" 404 1089
190.171.152.242 - - [28/Apr/2022:11:05:23 -0300] "POST /cormun/servlet/trsolicitudot?fceb95cd5ea1705f37d47110cd9aa85f,gx-no-cache=1651152612259,gx-no-cache=1651153944741 HTTP/1.1" 200 4344
192.168.10.17 - - [28/Apr/2022:11:05:27 -0300] "GET /cormun/servlet/trsolicitudgral? HTTP/1.1" 200 21114
192.168.10.17 - - [28/Apr/2022:11:05:28 -0300] "GET /cormun/servlet/trsolicitudgral? HTTP/1.1" 200 21110
190.171.142.26 - - [28/Apr/2022:11:05:30 -0300] "GET /cormun/static/Resources/PXTools/ClosePrompt.png HTTP/1.1" 200 1036
190.171.142.26 - - [28/Apr/2022:11:05:30 -0300] "GET /cormun/static/Resources/resize.gif HTTP/1.1" 200 77
190.171.142.26 - - [28/Apr/2022:11:05:31 -0300] "GET /cormun/servlet/prbanco?,MD,,gxPopupLevel%3D0%3B HTTP/1.1" 200 6525
190.171.142.26 - - [28/Apr/2022:11:05:31 -0300] "GET /cormun/static/gxui/gxui-all.css?120300 HTTP/1.1" 200 2179
190.171.142.26 - - [28/Apr/2022:11:05:31 -0300] "GET /cormun/static/gxcfg.js?20201216131581 HTTP/1.1" 200 953
190.171.142.26 - - [28/Apr/2022:11:05:31 -0300] "GET /cormun/static/prbanco.js?20201216132311 HTTP/1.1" 200 10693
190.171.142.26 - - [28/Apr/2022:11:05:31 -0300] "GET /cormun/static/menusearch.js?20201214473581 HTTP/1.1" 200 1424
190.171.142.26 - - [28/Apr/2022:11:05:31 -0300] "GET /cormun/static/hmpwkw011.js?20201215495555 HTTP/1.1" 200 1968
190.171.142.26 - - [28/Apr/2022:11:05:31 -0300] "GET /cormun/static/Shared/ext/resources/css/ext-all.css?215870 HTTP/1.1" 200 416045
190.171.142.26 - - [28/Apr/2022:11:05:31 -0300] "GET /cormun/static/Resources/PXToolsMenuSearch.png HTTP/1.1" 200 336
190.171.142.26 - - [28/Apr/2022:11:05:31 -0300] "GET /cormun/static/Resources/PXToolsMenuSearchCancel.png HTTP/1.1" 200 306
190.171.142.26 - - [28/Apr/2022:11:05:34 -0300] "GET /cormun/servlet/solicitudot?82d8405fc6fcd94811af950c6372b3bea715c3bf7017f006c0440ed85f8106623674ae1c224b10ecfc6484c6067520ea,gx-no-cache=1651153954424 HTTP/1.1" 200 30
192.168.10.17 - - [28/Apr/2022:11:05:35 -0300] "GET /cormun/servlet/vesolicitudgral?2022,18546,, HTTP/1.1" 200 8360
192.168.10.17 - - [28/Apr/2022:11:05:35 -0300] "GET /cormun/pexe_scrolldiv.js HTTP/1.1" 404 1009
192.168.10.17 - - [28/Apr/2022:11:05:35 -0300] "GET /cormun/servlet/vesolicitudgral?2022,18546,, HTTP/1.1" 200 8360
190.171.142.26 - - [28/Apr/2022:11:05:36 -0300] "GET /cormun/servlet/solicitudot?82d8405fc6fcd94811af950c6372b3be6b3233b3bf86f7a5d9caaec3839c6c54,gx-no-cache=1651153955927 HTTP/1.1" 200 53
192.168.10.17 - - [28/Apr/2022:11:05:47 -0300] "GET /cormun/servlet/vesolicitudgral?2022,18546,,SolicitudOTAdjuntos HTTP/1.1" 200 10818
192.168.10.17 - - [28/Apr/2022:11:05:47 -0300] "GET /cormun/pexe_scrolldiv.js HTTP/1.1" 404 1009
192.168.10.17 - - [28/Apr/2022:11:05:47 -0300] "GET /cormun/servlet/vesolicitudgral?2022,18546,,SolicitudOTAdjuntos HTTP/1.1" 200 10824
192.168.10.17 - - [28/Apr/2022:11:05:48 -0300] "POST /cormun/servlet/acontrolpreferencessavestate?None,RRHH+DANIELA,true HTTP/1.1" 200 35
192.168.10.17 - - [28/Apr/2022:11:05:50 -0300] "GET /cormun/PublicTempStorage/cedula_identidad222416.pdf HTTP/1.1" 200 334600
191.126.22.4 - - [28/Apr/2022:11:05:51 -0300] "POST /cormun/servlet/trsolicitudcuentarbd?4ffdd4d57ed627698825518b6d695ad4,,gx-no-cache=1651153971915 HTTP/1.1" 200 4069
190.171.142.26 - - [28/Apr/2022:11:05:53 -0300] "POST /cormun/servlet/solicitudot?gx-no-cache=1651153973143 HTTP/1.1" 200 297
190.171.142.26 - - [28/Apr/2022:11:05:53 -0300] "GET /cormun/servlet/solicitudot?82d8405fc6fcd94811af950c6372b3bef317fac8823287ac97a88457dce7703837b7cda12cc636251100b37f9141eb8c0adc4705648e17d1bdf6fb10d85410b36471d97edaa639df7d3330c437206a4a0eca45055d2ee75c4ebd7a81f02c15eafd90a74ee5a85cc31c2d7328593ae3b241a061cb85fc4ebed89e59f8b7e5c2503200735cd5dd64f6aa914247e375d79575ed32e404f9a17b8f29578e3ac1a3a9450bc2d4409c93dbf690bfabdfc05e517868fbf689646198dc9b352581c574e4d635f3b713a6c9578761d018eb3b874e9c785043b7b9600e04b9e5d097dc75d02ce9e4defe3d081ae9f46cd86aaf111173a412afbea932a9619b68531d25e8a74a851084a5daa2998f7dda20025059b47837da525fad28ccb92ae2339dbcf687ef3d3d6c0c72b1c6e233abbae32257c57c9c7dcba7403e6ad1bac618e7858c1c5890d1fe7c9d4c0b2677bb1528e32d308ccec5eb9d53fffc645abb0edb50b22aff9e4e98fa61f9683a4fd0294e99d96099559e3037f1b9d54caed551155a7d4d387957d6c70c9e06f2e98679d723cc3f,gx-no-cache=1651153973197 HTTP/1.1" 200 30
190.171.142.26 - - [28/Apr/2022:11:05:55 -0300] "POST /cormun/servlet/solicitudot?gx-no-cache=1651153975722 HTTP/1.1" 200 30
191.126.22.4 - - [28/Apr/2022:11:05:56 -0300] "GET /cormun/servlet/trsolicitudot? HTTP/1.1" 200 8879
191.126.22.4 - - [28/Apr/2022:11:05:56 -0300] "GET /cormun/servlet/hhome HTTP/1.1" 200 3836
191.126.22.4 - - [28/Apr/2022:11:05:57 -0300] "GET /cormun/servlet/hhome HTTP/1.1" 200 3833
190.171.142.26 - - [28/Apr/2022:11:05:58 -0300] "POST /cormun/servlet/solicitudot?gx-no-cache=1651153977896 HTTP/1.1" 200 1454
190.171.142.26 - - [28/Apr/2022:11:05:58 -0300] "POST /cormun/servlet/solicitudot?gx-no-cache=1651153977937 HTTP/1.1" 200 38
191.126.22.4 - - [28/Apr/2022:11:06:00 -0300] "GET /cormun/servlet/trsolicitudcuentarbd? HTTP/1.1" 200 6580
191.126.22.4 - - [28/Apr/2022:11:06:01 -0300] "GET /cormun/servlet/trsolicitudcuentarbd? HTTP/1.1" 200 6580
192.168.10.17 - - [28/Apr/2022:11:06:09 -0300] "GET /cormun/servlet/vesolicitudgral?2022,18546,,SolicitudOTAdjuntos HTTP/1.1" 200 10824
191.126.22.4 - - [28/Apr/2022:11:06:09 -0300] "POST /cormun/servlet/trsolicitudcuentarbd?4ffdd4d57ed627698825518b6d695ad4,,gx-no-cache=1651153989672 HTTP/1.1" 200 4058
192.168.10.17 - - [28/Apr/2022:11:06:09 -0300] "GET /cormun/servlet/vesolicitudgral?2022,18546,,SolicitudOTAdjuntos HTTP/1.1" 200 10822
192.168.10.17 - - [28/Apr/2022:11:06:11 -0300] "POST /cormun/servlet/acontrolpreferencessavestate?None,RRHH+DANIELA,true HTTP/1.1" 200 35
191.126.22.4 - - [28/Apr/2022:11:06:15 -0300] "GET /cormun/static/menuarrow.gif HTTP/1.1" 404 1015
192.168.10.11 - - [28/Apr/2022:11:06:21 -0300] "GET / HTTP/1.1" 200 11217
191.126.22.4 - - [28/Apr/2022:11:06:32 -0300] "POST /cormun/servlet/trsolicitudcuentarbd?4ffdd4d57ed627698825518b6d695ad4,,gx-no-cache=1651154012905 HTTP/1.1" 200 4061
190.171.152.242 - - [28/Apr/2022:11:06:33 -0300] "GET /cormun/servlet/solicitudot?INS,0,0,false, HTTP/1.1" 200 15738
190.171.152.242 - - [28/Apr/2022:11:06:34 -0300] "GET /cormun/servlet/solicitudot?INS,0,0,false, HTTP/1.1" 200 15724
191.126.22.4 - - [28/Apr/2022:11:06:34 -0300] "POST /cormun/servlet/trsolicitudcuentarbd?4ffdd4d57ed627698825518b6d695ad4,,gx-no-cache=1651154015032 HTTP/1.1" 200 4061
190.171.152.242 - - [28/Apr/2022:11:06:40 -0300] "GET /cormun/servlet/prfichaempleado?,MD,,gxPopupLevel%3D0%3B HTTP/1.1" 200 9301
191.126.22.4 - - [28/Apr/2022:11:06:40 -0300] "GET /cormun/servlet/trsolicitudot? HTTP/1.1" 200 8873
191.126.22.4 - - [28/Apr/2022:11:06:40 -0300] "GET /cormun/servlet/trsolicitudot? HTTP/1.1" 200 8873
186.103.156.166 - - [28/Apr/2022:11:06:44 -0300] "GET /cormun/servlet/trpermisosadjuntos?15112808,20220428094754,P, HTTP/1.1" 200 6179
186.103.156.166 - - [28/Apr/2022:11:06:44 -0300] "GET /cormun/servlet/trpermisosadjuntos?15112808,20220428094754,P, HTTP/1.1" 200 6179
186.103.156.166 - - [28/Apr/2022:11:06:47 -0300] "GET /cormun/servlet/permisosadjuntos?INS,15112808,P,20220428094754,, HTTP/1.1" 200 5499
186.103.156.166 - - [28/Apr/2022:11:06:47 -0300] "GET /cormun/static/about:blank HTTP/1.1" 404 1011
186.103.156.166 - - [28/Apr/2022:11:06:47 -0300] "GET /cormun/servlet/permisosadjuntos?INS,15112808,P,20220428094754,, HTTP/1.1" 200 5489
190.171.152.242 - - [28/Apr/2022:11:06:54 -0300] "POST /cormun/servlet/prfichaempleado?fceb95cd5ea1705f37d47110cd9aa85f,,MD,,gxPopupLevel%3D0%3B,gx-no-cache=1651154035100 HTTP/1.1" 200 3411
192.168.10.17 - - [28/Apr/2022:11:06:54 -0300] "GET /cormun/PublicTempStorage/cert._apf7633001.pdf HTTP/1.1" 200 25785
190.171.152.242 - - [28/Apr/2022:11:06:57 -0300] "POST /cormun/servlet/solicitudot?gx-no-cache=1651154038147 HTTP/1.1" 200 3964
190.171.152.242 - - [28/Apr/2022:11:06:57 -0300] "POST /cormun/servlet/solicitudot?fceb95cd5ea1705f37d47110cd9aa85f,INS,0,0,false,,gx-no-cache=1651154038297 HTTP/1.1" 200 12534
190.171.152.242 - - [28/Apr/2022:11:07:02 -0300] "GET /cormun/servlet/solicitudot?94cfbb2336e6ac12afc8cb932cbd595aa5dc34b9275d770761af99d96c9f19150c89f99632af8e3a8420184986c62bba,gx-no-cache=1651154043229 HTTP/1.1" 200 30
190.171.142.26 - - [28/Apr/2022:11:07:09 -0300] "GET /cormun/servlet/solicitudot?82d8405fc6fcd94811af950c6372b3be2975bbda966c588bff68d2fc0d7b7810d8ce4df567419d9c65e8e603028bd84295e0249a88a0b78f3645c0eb45c22009dd1cfa150512b6943d5d561ab265223f3017ae6c6fb48f5e15bd7ddf3dd709f77c24b3753a71cde4223558f046e85264,gx-no-cache=1651154049652 HTTP/1.1" 200 110
190.171.142.26 - - [28/Apr/2022:11:07:09 -0300] "POST /cormun/servlet/solicitudot?gx-no-cache=1651154049719 HTTP/1.1" 200 64
190.171.142.26 - - [28/Apr/2022:11:07:18 -0300] "POST /cormun/servlet/solicitudot?gx-no-cache=1651154058762 HTTP/1.1" 200 83
191.126.22.4 - - [28/Apr/2022:11:07:19 -0300] "POST /cormun/servlet/trsolicitudot?4ffdd4d57ed627698825518b6d695ad4,,gx-no-cache=1651154059936 HTTP/1.1" 200 113
192.168.10.17 - - [28/Apr/2022:11:07:19 -0300] "GET /cormun/servlet/vesolicitudgral?2022,18546,,SolicitudOTAdjuntos HTTP/1.1" 200 10821
191.126.22.4 - - [28/Apr/2022:11:07:20 -0300] "GET /cormun/servlet/solicitudot?UPD,2022,18468,false, HTTP/1.1" 200 16116
191.126.22.4 - - [28/Apr/2022:11:07:20 -0300] "GET /cormun/static/gxcfg.js?20203414241232 HTTP/1.1" 200 953
192.168.10.17 - - [28/Apr/2022:11:07:20 -0300] "GET /cormun/servlet/vesolicitudgral?2022,18546,,SolicitudOTAdjuntos HTTP/1.1" 200 10823
191.126.22.4 - - [28/Apr/2022:11:07:20 -0300] "GET /cormun/static/solicitudot.js?20203414242792 HTTP/1.1" 200 74114
191.126.22.4 - - [28/Apr/2022:11:07:20 -0300] "GET /cormun/servlet/solicitudot?UPD,2022,18468,false, HTTP/1.1" 200 16127
192.168.10.17 - - [28/Apr/2022:11:07:21 -0300] "POST /cormun/servlet/acontrolpreferencessavestate?None,RRHH+DANIELA,true HTTP/1.1" 200 35
191.126.22.4 - - [28/Apr/2022:11:07:21 -0300] "POST /cormun/servlet/solicitudot?gx-no-cache=1651154061688 HTTP/1.1" 200 3926
192.168.10.11 - - [28/Apr/2022:11:07:21 -0300] "GET / HTTP/1.1" 200 11217
191.126.22.4 - - [28/Apr/2022:11:07:21 -0300] "POST /cormun/servlet/solicitudot?4ffdd4d57ed627698825518b6d695ad4,UPD,2022,18468,false,,gx-no-cache=1651154061994 HTTP/1.1" 200 12521
191.126.22.4 - - [28/Apr/2022:11:07:22 -0300] "GET /cormun/servlet/solicitudot?8ed1e55634b8724717caeb2d3db51e9de79175f6a38ecfae24bd2770627a52247eef43d4a55ca298b0230335e254b69e,gx-no-cache=1651154062415 HTTP/1.1" 200 30
191.126.22.4 - - [28/Apr/2022:11:07:22 -0300] "GET /cormun/servlet/solicitudot?8ed1e55634b8724717caeb2d3db51e9d916f89e20dddec2fa2abb3cab56b2662d37155b7eaa8e78ad16f107088da3fbd3b5e588c748229baced41b1f8b7ee97f,gx-no-cache=1651154062538 HTTP/1.1" 200 30
191.126.22.4 - - [28/Apr/2022:11:07:22 -0300] "GET /cormun/servlet/solicitudot?8ed1e55634b8724717caeb2d3db51e9d5213bddbd3f1f4f0a9b3f3c6b9dc3e1ade48a59a206e43d2848fb0b2a9b76ca7,gx-no-cache=1651154062646 HTTP/1.1" 200 45
192.168.10.17 - - [28/Apr/2022:11:07:22 -0300] "GET /cormun/PublicTempStorage/cert._fonasa7820048.pdf HTTP/1.1" 200 73455
191.126.22.4 - - [28/Apr/2022:11:07:22 -0300] "POST /cormun/servlet/solicitudot?gx-no-cache=1651154062730 HTTP/1.1" 200 297
191.126.22.4 - - [28/Apr/2022:11:07:22 -0300] "GET /cormun/servlet/solicitudot?8ed1e55634b8724717caeb2d3db51e9d677e62c0cb4a80b43a1fdba9021daa3d98cee28c6dcff7bcea981ce6d0a9ca95079948e550f21d3dbac045dca400e523c8934a8a316bb5852e322535839c2eea34ab1f130efc1bcbc56783eb413cfe37439c22c7b74ceb08089f8987669687433f5e0157871e255bac16f3b9e6b33e8f89e2143c48f08e218bc60868e89d240dff2845908d50376d1c232fee06a6e1cbda3753e963ddd47cdfe21aaec78a0dc214545a211d9134e2c234d8f1c205ff63bb495401dee6fab8d4dfff5ebd7e5269a33dddcbb63cad97fec8f180bca34ef07d088a827a53ce9869e1ee96837287dbac7a2bc675dedc231a260bd9ab07d694dc423fb77282235198964a87e8fef5dac3ccdc2dee356fc306bbd13752a763bf132d76f6c531caabb6c5f293195c170e09631fbd011d179f10527a766989a2e3e739f43e6bbd1c1937f3c9f9226ac36202484b0b1a65f69030a47c95f61a1ec9aa0822f96c1ca0a88f90888c66ed80f4b126aeedd1ec7c6a4e77cc9e9f13bd3c798bab6857ba447869ace96392457d96,gx-no-cache=1651154062840 HTTP/1.1" 200 30
191.126.22.4 - - [28/Apr/2022:11:07:22 -0300] "POST /cormun/servlet/solicitudot?gx-no-cache=1651154062959 HTTP/1.1" 200 30
191.126.22.4 - - [28/Apr/2022:11:07:22 -0300] "POST /cormun/servlet/solicitudot?gx-no-cache=1651154063049 HTTP/1.1" 200 1454
191.126.22.4 - - [28/Apr/2022:11:07:22 -0300] "POST /cormun/servlet/solicitudot?gx-no-cache=1651154063209 HTTP/1.1" 200 41
190.171.142.26 - - [28/Apr/2022:11:07:26 -0300] "GET /cormun/servlet/solicitudot?82d8405fc6fcd94811af950c6372b3be1017267b8f654cddb1388808a8d3bb162379f68239d3065836a04edcecf9f0e9ed0e2cc1fd280e99adb74fce1e325e5ade71339e73900c02b5251c39d41ce010293d79cd99925ca19ff51519b0eab3ac0bcb7d09cf86f3b08074eb65db8453c6,gx-no-cache=1651154066143 HTTP/1.1" 200 29
190.171.142.26 - - [28/Apr/2022:11:07:26 -0300] "GET /cormun/static/menuarrow.gif HTTP/1.1" 404 1015
191.126.22.4 - - [28/Apr/2022:11:07:29 -0300] "GET /cormun/servlet/solicitudot?8ed1e55634b8724717caeb2d3db51e9d9ac1f558b9c3beadace41b9869e690d544fab251dc616d6f61c24413ee52982b204575222595fbc38b44e2ff0ccc74f2df2b1ac223058c8b28e0d1894eeef75614c3668708c89c95473669dbaedb215614002983133777167ffdfb25697b9bfe,gx-no-cache=1651154068955 HTTP/1.1" 200 110
191.126.22.4 - - [28/Apr/2022:11:07:29 -0300] "POST /cormun/servlet/solicitudot?gx-no-cache=1651154069658 HTTP/1.1" 200 67
191.126.22.4 - - [28/Apr/2022:11:07:29 -0300] "GET /cormun/servlet/solicitudot?8ed1e55634b8724717caeb2d3db51e9d8ab617e8d5e75fb26ad81b1da1ff958c03571281287cd0138d0d15b55048853f9d22b557105b978fd61f08528502ea04419ade1e515311f94b5dbcfe0e76d08cc2fc3741f8d37f9a9346bc56bf4f8d86982fb72d019536836c4226ec418f6029,gx-no-cache=1651154069962 HTTP/1.1" 200 29
190.171.142.26 - - [28/Apr/2022:11:07:31 -0300] "GET /cormun/servlet/solicitudot?82d8405fc6fcd94811af950c6372b3be3a8e09773ae91211f7520a22f6cf3f1bdb44b12285b5ed6e2d79f83a0d6b6d80,gx-no-cache=1651154071813 HTTP/1.1" 200 30
192.168.10.17 - - [28/Apr/2022:11:07:33 -0300] "GET /cormun/servlet/vesolicitudgral?2022,18546,,SolicitudOTAdjuntos HTTP/1.1" 200 10820
192.168.10.17 - - [28/Apr/2022:11:07:33 -0300] "GET /cormun/servlet/vesolicitudgral?2022,18546,,SolicitudOTAdjuntos HTTP/1.1" 200 10819
192.168.10.17 - - [28/Apr/2022:11:07:34 -0300] "POST /cormun/servlet/acontrolpreferencessavestate?None,RRHH+DANIELA,true HTTP/1.1" 200 35
192.168.10.17 - - [28/Apr/2022:11:07:36 -0300] "GET /cormun/PublicTempStorage/curriculum_vitae6435198.pdf HTTP/1.1" 200 45893
192.168.10.96 - - [28/Apr/2022:11:07:39 -0300] "GET /cormun/servlet/trsolicitudgral? HTTP/1.1" 200 8301
192.168.10.96 - - [28/Apr/2022:11:07:39 -0300] "GET /cormun/servlet/trsolicitudgral? HTTP/1.1" 200 8286
191.126.22.4 - - [28/Apr/2022:11:07:40 -0300] "GET /cormun/servlet/trsolicitudot? HTTP/1.1" 200 8873
191.126.22.4 - - [28/Apr/2022:11:07:41 -0300] "GET /cormun/servlet/trsolicitudot? HTTP/1.1" 200 8873
190.171.142.26 - - [28/Apr/2022:11:07:42 -0300] "POST /cormun/servlet/solicitudot?gx-no-cache=1651154082695 HTTP/1.1" 200 30
190.171.142.26 - - [28/Apr/2022:11:07:43 -0300] "POST /cormun/servlet/solicitudot?847826d5051f2e0fe97cc6b78edbd64b,INS,0,0,false,,gx-no-cache=1651154082728 HTTP/1.1" 200 93
190.171.142.26 - - [28/Apr/2022:11:07:43 -0300] "GET /cormun/servlet/hpexe_return? HTTP/1.1" 200 1012
190.171.142.26 - - [28/Apr/2022:11:07:43 -0300] "GET /cormun/static/gxcfg.js?201991422392976 HTTP/1.1" 200 953
190.171.142.26 - - [28/Apr/2022:11:07:43 -0300] "GET /cormun/static/hpexe_return.js?201991422392984 HTTP/1.1" 200 1633
190.171.142.26 - - [28/Apr/2022:11:07:43 -0300] "GET /cormun/servlet/trsolicitudot HTTP/1.1" 200 9033
190.171.142.26 - - [28/Apr/2022:11:07:43 -0300] "GET /cormun/servlet/trsolicitudot HTTP/1.1" 200 9027
190.171.149.90 - - [28/Apr/2022:11:07:43 -0300] "GET /cormun/servlet/hlogin HTTP/1.1" 200 1725
192.168.10.17 - - [28/Apr/2022:11:07:44 -0300] "GET /cormun/servlet/vesolicitudgral?2022,18546,,SolicitudOTAdjuntos HTTP/1.1" 200 10821
192.168.10.17 - - [28/Apr/2022:11:07:45 -0300] "GET /cormun/servlet/vesolicitudgral?2022,18546,,SolicitudOTAdjuntos HTTP/1.1" 200 10821
191.126.22.4 - - [28/Apr/2022:11:07:45 -0300] "POST /cormun/servlet/trsolicitudot?4ffdd4d57ed627698825518b6d695ad4,,gx-no-cache=1651154085927 HTTP/1.1" 200 5758
192.168.10.17 - - [28/Apr/2022:11:07:45 -0300] "POST /cormun/servlet/acontrolpreferencessavestate?None,RRHH+DANIELA,true HTTP/1.1" 200 35
191.126.22.4 - - [28/Apr/2022:11:07:45 -0300] "GET /cormun/static/Shared/jqueryui/images/ui-bg_highlight-soft_100_c6c2c8_1x100.png HTTP/1.1" 404 1117
191.126.22.4 - - [28/Apr/2022:11:07:45 -0300] "GET /cormun/static/Shared/jqueryui/images/ui-icons_82798d_256x240.png HTTP/1.1" 404 1089
191.126.22.4 - - [28/Apr/2022:11:07:45 -0300] "GET /cormun/static/Shared/jqueryui/images/ui-bg_flat_55_fafafa_40x100.png HTTP/1.1" 404 1097
191.126.22.4 - - [28/Apr/2022:11:07:45 -0300] "GET /cormun/static/Shared/jqueryui/images/ui-icons_8d78a5_256x240.png HTTP/1.1" 404 1089
191.126.22.4 - - [28/Apr/2022:11:07:46 -0300] "POST /cormun/servlet/trsolicitudot?4ffdd4d57ed627698825518b6d695ad4,,gx-no-cache=1651154086563 HTTP/1.1" 200 5702
190.171.149.90 - - [28/Apr/2022:11:07:46 -0300] "POST /cormun/servlet/hlogin?59bdedcb88272e3d8216de93173fde20,gx-no-cache=1651154088613 HTTP/1.1" 200 90
190.171.149.90 - - [28/Apr/2022:11:07:46 -0300] "GET /cormun/servlet/hpexe_link HTTP/1.1" 200 953
190.171.149.90 - - [28/Apr/2022:11:07:46 -0300] "GET /cormun/servlet/hhome HTTP/1.1" 200 3945
192.168.10.17 - - [28/Apr/2022:11:07:47 -0300] "GET /cormun/servlet/vesolicitudgral?2022,18546,,General HTTP/1.1" 200 8365
192.168.10.17 - - [28/Apr/2022:11:07:47 -0300] "GET /cormun/pexe_scrolldiv.js HTTP/1.1" 404 1009
190.171.149.90 - - [28/Apr/2022:11:07:47 -0300] "GET /cormun/servlet/hhome HTTP/1.1" 200 3942
192.168.10.17 - - [28/Apr/2022:11:07:47 -0300] "GET /cormun/servlet/vesolicitudgral?2022,18546,,General HTTP/1.1" 200 8365
191.126.22.4 - - [28/Apr/2022:11:07:47 -0300] "POST /cormun/servlet/trsolicitudot?4ffdd4d57ed627698825518b6d695ad4,,gx-no-cache=1651154087975 HTTP/1.1" 200 5904
190.171.152.242 - - [28/Apr/2022:11:07:49 -0300] "GET /cormun/servlet/solicitudot?94cfbb2336e6ac12afc8cb932cbd595a2e09b372e375c8d7e1c43e9c1678bf6887e047716cbece174dbf2389fbbd03020c89f99632af8e3a8420184986c62bba,gx-no-cache=1651154090403 HTTP/1.1" 200 30
190.171.152.242 - - [28/Apr/2022:11:07:49 -0300] "GET /cormun/servlet/solicitudot?94cfbb2336e6ac12afc8cb932cbd595aba29114ffa22830e98953b376da7784a,gx-no-cache=1651154090447 HTTP/1.1" 200 53
190.171.149.90 - - [28/Apr/2022:11:07:50 -0300] "GET /cormun/servlet/trlicencias? HTTP/1.1" 200 10148
191.126.22.4 - - [28/Apr/2022:11:07:50 -0300] "POST /cormun/servlet/trsolicitudot?4ffdd4d57ed627698825518b6d695ad4,,gx-no-cache=1651154090280 HTTP/1.1" 200 5903
190.171.149.90 - - [28/Apr/2022:11:07:50 -0300] "GET /cormun/servlet/trlicencias? HTTP/1.1" 200 10145
191.126.22.4 - - [28/Apr/2022:11:07:53 -0300] "POST /cormun/servlet/trsolicitudot?4ffdd4d57ed627698825518b6d695ad4,,gx-no-cache=1651154093983 HTTP/1.1" 200 5903
190.171.152.242 - - [28/Apr/2022:11:07:54 -0300] "POST /cormun/servlet/solicitudot?gx-no-cache=1651154094976 HTTP/1.1" 200 255
190.171.152.242 - - [28/Apr/2022:11:07:54 -0300] "GET /cormun/servlet/solicitudot?94cfbb2336e6ac12afc8cb932cbd595a5af32d715236c80aface70a4c67a384d7e446da6814d1fbc5c34c31904ec3af0054951e9c95109b203e43b168496edc4fbe50bbf2e3f1fa8afbf64862d0684a0fa8fb178374d825011de8d49b2c6b27c35988dcfb01a9951335c19326faed26b5cd9ddd61cdead662840785fc6f041d70206d6ff5dfd376984dd7408ab06c0a9588c8226698cb24bdfe73d2093956d42517f6b769855d7e10033e7540ac57341e0f3958a2234512237786070596524c3bd268277e1f5af43508ac998ee824fa370222e2313d658ca836522fe916ed5827e0d72df00436be1b93e954e4ba4e63b6e39d5fb5efa8e5a90a34a370cf1660986ad4b1e5fa495ea24d40b60b66e1ab346aa5b39a89350cced6d6b2457dfc26a217fca29217f9b79eecd259c5059f70d9771c7b758afb0728bf549411162803d7826d68650503dd3ba1fed8a848f3ff330f1bb40906ff61fe269391cafa38d92c74c355d7b875528f5f3e8fc654b0c511e707b96e954b0752d601ad9b0332f65,gx-no-cache=1651154095022 HTTP/1.1" 200 30
190.171.152.242 - - [28/Apr/2022:11:07:55 -0300] "POST /cormun/servlet/solicitudot?gx-no-cache=1651154096169 HTTP/1.1" 200 30
190.171.152.242 - - [28/Apr/2022:11:07:56 -0300] "POST /cormun/servlet/solicitudot?gx-no-cache=1651154097772 HTTP/1.1" 200 1454
190.171.152.242 - - [28/Apr/2022:11:07:56 -0300] "POST /cormun/servlet/solicitudot?gx-no-cache=1651154097854 HTTP/1.1" 200 38
190.171.152.242 - - [28/Apr/2022:11:07:57 -0300] "GET /cormun/servlet/solicitudot?94cfbb2336e6ac12afc8cb932cbd595ae1aac6039d48b681d67b0a228b1a826ff370f79c46ae2c68558563dc898f2521cfa897fc2612c3aec3442129a6540b7a90f865a891f3b80da559e913a6ceb5bee74a861e8e75561f79798525535561c4591862259076afd0b78f6a5600ab9928,gx-no-cache=1651154097881 HTTP/1.1" 200 110
190.171.152.242 - - [28/Apr/2022:11:07:58 -0300] "POST /cormun/servlet/solicitudot?gx-no-cache=1651154099459 HTTP/1.1" 200 69
190.171.152.242 - - [28/Apr/2022:11:07:59 -0300] "GET /cormun/servlet/solicitudot?94cfbb2336e6ac12afc8cb932cbd595a08fafd01040406f7a74a4aaa5c3e2004bf88b2fa70562a5143c4d8c47b2f70df44ba4ff4c6662a2aa5d78fda4a6c1461d8cf5cf0314fba3ccdbe0a265d9b0ad2c88e4410808bf336a6a89693871c48c13bdadaf4b0ec60fa685b099bcf2151551266fb342eab4af4c65dca80efb7ebb8b1e20d2d99c817fd5b0889a02ca4852a663b4eceffb2ab2455e8ecc497125a2e,gx-no-cache=1651154100811 HTTP/1.1" 200 29
191.126.22.4 - - [28/Apr/2022:11:08:00 -0300] "POST /cormun/servlet/trsolicitudot?4ffdd4d57ed627698825518b6d695ad4,,gx-no-cache=1651154100128 HTTP/1.1" 200 4521
191.126.22.4 - - [28/Apr/2022:11:08:00 -0300] "POST /cormun/servlet/trsolicitudot?4ffdd4d57ed627698825518b6d695ad4,,gx-no-cache=1651154100982 HTTP/1.1" 200 4324
190.171.152.242 - - [28/Apr/2022:11:08:06 -0300] "GET /cormun/static/menuarrow.gif HTTP/1.1" 404 1015
191.126.22.4 - - [28/Apr/2022:11:08:06 -0300] "GET /cormun/servlet/hlogin HTTP/1.1" 200 1729
191.126.22.4 - - [28/Apr/2022:11:08:06 -0300] "GET /cormun/servlet/hlogin HTTP/1.1" 200 1729
191.126.22.4 - - [28/Apr/2022:11:08:07 -0300] "GET /cormun/servlet/hlogin HTTP/1.1" 200 1740
191.126.22.4 - - [28/Apr/2022:11:08:07 -0300] "GET /cormun/static/Resources/Logo2019_Grande.png HTTP/1.1" 200 31733
191.126.22.4 - - [28/Apr/2022:11:08:07 -0300] "GET /cormun/static/Resources/Logo2019_Grande.png HTTP/1.1" 206 1
191.126.22.4 - - [28/Apr/2022:11:08:07 -0300] "GET /cormun/static/Resources/Logo2019_Grande.png HTTP/1.1" 206 18763
190.171.152.242 - - [28/Apr/2022:11:08:09 -0300] "GET /cormun/servlet/solicitudot?94cfbb2336e6ac12afc8cb932cbd595a390c7ac77886558da9776ecf93473ea8ac9db5cd2bb9dc8465a3049413ac51fe,gx-no-cache=1651154110287 HTTP/1.1" 200 30
191.126.22.4 - - [28/Apr/2022:11:08:10 -0300] "POST /cormun/servlet/hlogin?61157056741e1dca9610f80c741a3c98,gx-no-cache=1651154110521 HTTP/1.1" 200 90
191.126.22.4 - - [28/Apr/2022:11:08:10 -0300] "GET /cormun/servlet/hpexe_link HTTP/1.1" 200 955
191.126.22.4 - - [28/Apr/2022:11:08:10 -0300] "GET /cormun/servlet/hhome HTTP/1.1" 200 4257
191.126.22.4 - - [28/Apr/2022:11:08:11 -0300] "GET /cormun/servlet/hhome HTTP/1.1" 200 4253
190.171.142.26 - - [28/Apr/2022:11:08:15 -0300] "GET /cormun/servlet/hlogin HTTP/1.1" 200 1727
190.171.152.242 - - [28/Apr/2022:11:08:16 -0300] "POST /cormun/servlet/solicitudot?gx-no-cache=1651154117125 HTTP/1.1" 200 30
191.126.22.4 - - [28/Apr/2022:11:08:17 -0300] "GET /cormun/servlet/trautorizarsolicitud? HTTP/1.1" 200 8769
191.126.22.4 - - [28/Apr/2022:11:08:18 -0300] "GET /cormun/servlet/trautorizarsolicitud? HTTP/1.1" 200 8767
192.168.10.11 - - [28/Apr/2022:11:08:21 -0300] "GET / HTTP/1.1" 200 11217
191.126.22.4 - - [28/Apr/2022:11:08:23 -0300] "POST /cormun/servlet/trautorizarsolicitud?61157056741e1dca9610f80c741a3c98,,gx-no-cache=1651154123845 HTTP/1.1" 200 116
191.126.22.4 - - [28/Apr/2022:11:08:23 -0300] "GET /cormun/servlet/solicitudotlog?INS,2022,18468,0,REC, HTTP/1.1" 200 6076
191.126.22.4 - - [28/Apr/2022:11:08:23 -0300] "GET /cormun/static/gxcfg.js?2020121572485 HTTP/1.1" 200 953
191.126.22.4 - - [28/Apr/2022:11:08:23 -0300] "GET /cormun/static/solicitudotlog.js?2020121572497 HTTP/1.1" 200 8934
191.126.22.4 - - [28/Apr/2022:11:08:24 -0300] "GET /cormun/servlet/solicitudotlog?INS,2022,18468,0,REC, HTTP/1.1" 200 6076
191.126.22.4 - - [28/Apr/2022:11:08:24 -0300] "GET /cormun/servlet/solicitudotlog?676b6f87fb657d6fb00deba8e83d3b9248f4c52f0d2226852b0cb2a08a8d17361930e59bbafc16f87b0ea45021a626fb2628d6f644b3b8fce524771bf999647a0fead97ec822df3ad1993d6707785e5395e28027b182976ab4dcbe8a4f5e7bd02380bcd7eec8151805b8e0e248573b5d5142c7f6685f153c9b2e46c7d2cc2773ef750740668f9c19713f2a212fe0c31310c08622cee1cc330837c9a3ec9a45ab,gx-no-cache=1651154125105 HTTP/1.1" 200 94
190.171.142.26 - - [28/Apr/2022:11:08:30 -0300] "POST /cormun/servlet/hlogin?847826d5051f2e0fe97cc6b78edbd64b,gx-no-cache=1651154130170 HTTP/1.1" 200 90
190.171.142.26 - - [28/Apr/2022:11:08:30 -0300] "GET /cormun/servlet/hpexe_link HTTP/1.1" 200 955
190.171.142.26 - - [28/Apr/2022:11:08:30 -0300] "GET /cormun/servlet/hhome HTTP/1.1" 200 4250
190.171.142.26 - - [28/Apr/2022:11:08:30 -0300] "GET /cormun/static/SmoothNavMenu/resources/images/right.gif HTTP/1.1" 200 860
190.171.142.26 - - [28/Apr/2022:11:08:30 -0300] "GET /cormun/servlet/hhome HTTP/1.1" 200 4246
191.126.22.4 - - [28/Apr/2022:11:08:34 -0300] "GET /cormun/servlet/trautorizarsolicitud? HTTP/1.1" 200 8769
191.126.22.4 - - [28/Apr/2022:11:08:34 -0300] "GET /cormun/servlet/trautorizarsolicitud? HTTP/1.1" 200 8767
190.171.142.26 - - [28/Apr/2022:11:08:35 -0300] "GET /cormun/servlet/trsolicitudot? HTTP/1.1" 200 9298
190.171.142.26 - - [28/Apr/2022:11:08:36 -0300] "GET /cormun/servlet/trsolicitudot? HTTP/1.1" 200 9296
191.126.22.4 - - [28/Apr/2022:11:08:39 -0300] "POST /cormun/servlet/trautorizarsolicitud?61157056741e1dca9610f80c741a3c98,,gx-no-cache=1651154140060 HTTP/1.1" 200 116
191.126.22.4 - - [28/Apr/2022:11:08:39 -0300] "GET /cormun/servlet/solicitudotlog?INS,2022,18468,0,ANU, HTTP/1.1" 200 6077
191.126.22.4 - - [28/Apr/2022:11:08:40 -0300] "GET /cormun/servlet/solicitudotlog?INS,2022,18468,0,ANU, HTTP/1.1" 200 6077
191.126.22.4 - - [28/Apr/2022:11:08:40 -0300] "GET /cormun/servlet/solicitudotlog?676b6f87fb657d6fb00deba8e83d3b9248f4c52f0d2226852b0cb2a08a8d17361930e59bbafc16f87b0ea45021a626fb2628d6f644b3b8fce524771bf999647a0fead97ec822df3ad1993d6707785e5395e28027b182976ab4dcbe8a4f5e7bd02380bcd7eec8151805b8e0e248573b5d5142c7f6685f153c9b2e46c7d2cc2773ef750740668f9c19713f2a212fe0c31310c08622cee1cc330837c9a3ec9a45ab,gx-no-cache=1651154141162 HTTP/1.1" 200 94
191.126.22.4 - - [28/Apr/2022:11:08:49 -0300] "POST /cormun/servlet/solicitudotlog?61157056741e1dca9610f80c741a3c98,INS,2022,18468,0,ANU,,gx-no-cache=1651154149346 HTTP/1.1" 200 4061
190.171.142.26 - - [28/Apr/2022:11:08:49 -0300] "GET /cormun/static/menuarrow.gif HTTP/1.1" 404 1015
191.126.22.4 - - [28/Apr/2022:11:08:49 -0300] "GET /cormun/static/Shared/jqueryui/images/ui-bg_highlight-soft_100_c6c2c8_1x100.png HTTP/1.1" 404 1117
191.126.22.4 - - [28/Apr/2022:11:08:49 -0300] "GET /cormun/static/Shared/jqueryui/images/ui-bg_flat_55_994d53_40x100.png HTTP/1.1" 404 1097
191.126.22.4 - - [28/Apr/2022:11:08:49 -0300] "GET /cormun/static/Shared/jqueryui/images/ui-icons_82798d_256x240.png HTTP/1.1" 404 1089
191.126.22.4 - - [28/Apr/2022:11:08:49 -0300] "GET /cormun/static/Shared/jqueryui/images/ui-icons_ebccce_256x240.png HTTP/1.1" 404 1089
190.171.142.26 - - [28/Apr/2022:11:08:56 -0300] "POST /cormun/servlet/trsolicitudot?847826d5051f2e0fe97cc6b78edbd64b,,gx-no-cache=1651154156146 HTTP/1.1" 200 16713
191.126.22.4 - - [28/Apr/2022:11:09:17 -0300] "POST /cormun/servlet/solicitudotlog?61157056741e1dca9610f80c741a3c98,INS,2022,18468,0,ANU,,gx-no-cache=1651154177337 HTTP/1.1" 200 93
191.126.22.4 - - [28/Apr/2022:11:09:17 -0300] "GET /cormun/servlet/hpexe_return? HTTP/1.1" 200 1032
191.126.22.4 - - [28/Apr/2022:11:09:17 -0300] "GET /cormun/servlet/trautorizarsolicitud HTTP/1.1" 200 7377
191.126.22.4 - - [28/Apr/2022:11:09:17 -0300] "GET /cormun/servlet/trautorizarsolicitud HTTP/1.1" 200 7374
192.168.10.11 - - [28/Apr/2022:11:09:21 -0300] "GET / HTTP/1.1" 200 11217
190.171.142.26 - - [28/Apr/2022:11:09:44 -0300] "POST /cormun/servlet/trsolicitudot?847826d5051f2e0fe97cc6b78edbd64b,,gx-no-cache=1651154204195 HTTP/1.1" 200 8632
190.171.142.26 - - [28/Apr/2022:11:09:56 -0300] "GET /cormun/servlet/trsolicitudot? HTTP/1.1" 200 11388
190.171.142.26 - - [28/Apr/2022:11:09:57 -0300] "GET /cormun/servlet/trsolicitudot? HTTP/1.1" 200 11388
192.168.10.11 - - [28/Apr/2022:11:10:21 -0300] "GET / HTTP/1.1" 200 11217
191.126.22.4 - - [28/Apr/2022:11:10:23 -0300] "GET /cormun/servlet/trsolicitudcuentarbd? HTTP/1.1" 200 6583
191.126.22.4 - - [28/Apr/2022:11:10:24 -0300] "GET /cormun/servlet/trsolicitudcuentarbd? HTTP/1.1" 200 6583
191.126.22.4 - - [28/Apr/2022:11:10:25 -0300] "GET /cormun/servlet/hhome HTTP/1.1" 200 3836
186.103.156.166 - - [28/Apr/2022:11:10:25 -0300] "POST /cormun/servlet/permisosadjuntos?19c11f98d9ee6f91341c209fcc2aeab2,INS,15112808,P,20220428094754,, HTTP/1.1" 200 116
186.103.156.166 - - [28/Apr/2022:11:10:25 -0300] "GET /cormun/servlet/hpexe_return? HTTP/1.1" 200 1038
186.103.156.166 - - [28/Apr/2022:11:10:25 -0300] "GET /cormun/servlet/trpermisosadjuntos?15112808,20220428094754,P, HTTP/1.1" 200 6651
191.126.22.4 - - [28/Apr/2022:11:10:26 -0300] "GET /cormun/servlet/hhome HTTP/1.1" 200 3833
186.103.156.166 - - [28/Apr/2022:11:10:26 -0300] "GET /cormun/servlet/trpermisosadjuntos?15112808,20220428094754,P, HTTP/1.1" 200 6648
