190.171.142.26 - - [28/Apr/2022:11:43:12 -0300] "POST /cormun/servlet/solicitudotadjuntos?847826d5051f2e0fe97cc6b78edbd64b,INS,2022,18563,,1, HTTP/1.1" 200 116
190.171.142.26 - - [28/Apr/2022:11:43:12 -0300] "GET /cormun/servlet/hpexe_return? HTTP/1.1" 200 1030
190.171.142.26 - - [28/Apr/2022:11:43:12 -0300] "GET /cormun/servlet/trsolicitudadjuntos?2022,18563, HTTP/1.1" 200 8839
190.171.142.26 - - [28/Apr/2022:11:43:13 -0300] "GET /cormun/servlet/trsolicitudadjuntos?2022,18563, HTTP/1.1" 200 8835
190.171.153.26 - - [28/Apr/2022:11:43:13 -0300] "POST /cormun/servlet/solicitudot?gx-no-cache=1651156218278 HTTP/1.1" 200 30
190.171.142.26 - - [28/Apr/2022:11:43:17 -0300] "GET /cormun/servlet/solicitudotadjuntos?INS,2022,18563,,1, HTTP/1.1" 200 6026
190.171.142.26 - - [28/Apr/2022:11:43:17 -0300] "GET /cormun/static/about:blank HTTP/1.1" 404 1011
190.171.142.26 - - [28/Apr/2022:11:43:17 -0300] "GET /cormun/servlet/solicitudotadjuntos?INS,2022,18563,,1, HTTP/1.1" 200 6019
190.171.142.26 - - [28/Apr/2022:11:43:18 -0300] "GET /cormun/servlet/solicitudotadjuntos?82d8405fc6fcd94811af950c6372b3bea3e3d9fe1c51e58e9add683a2f20059920e79b893e3b5c281e11aee6019fbd8d,gx-no-cache=1651156218309 HTTP/1.1" 200 30
190.171.142.26 - - [28/Apr/2022:11:43:18 -0300] "POST /cormun/servlet/solicitudotadjuntos?847826d5051f2e0fe97cc6b78edbd64b,INS,2022,18563,,1,,gx-no-cache=1651156218393 HTTP/1.1" 200 3878
190.171.142.10 - - [28/Apr/2022:11:43:20 -0300] "GET /cormun/servlet/hlogin HTTP/1.1" 200 1726
190.171.142.26 - - [28/Apr/2022:11:43:20 -0300] "POST /cormun/servlet/solicitudotadjuntos?gx-no-cache=1651156220703 HTTP/1.1" 200 26
190.171.142.10 - - [28/Apr/2022:11:43:21 -0300] "GET /cormun/servlet/hlogin HTTP/1.1" 200 1736
65.49.20.68 - - [28/Apr/2022:11:43:21 -0300] "-" 400 -
192.168.10.11 - - [28/Apr/2022:11:43:21 -0300] "GET / HTTP/1.1" 200 11217
190.171.142.26 - - [28/Apr/2022:11:43:26 -0300] "GET /cormun/servlet/solicitudotadjuntos?82d8405fc6fcd94811af950c6372b3be8d405fe8f85030b9c5102bf939d45f66,gx-no-cache=1651156226701 HTTP/1.1" 200 30
190.171.142.26 - - [28/Apr/2022:11:43:26 -0300] "GET /cormun/servlet/solicitudotadjuntos?82d8405fc6fcd94811af950c6372b3be8d405fe8f85030b9c5102bf939d45f66,gx-no-cache=1651156226728 HTTP/1.1" 200 30
190.171.142.26 - - [28/Apr/2022:11:43:27 -0300] "POST /cormun/servlet/solicitudotadjuntos?847826d5051f2e0fe97cc6b78edbd64b,INS,2022,18563,,1, HTTP/1.1" 200 116
190.171.142.26 - - [28/Apr/2022:11:43:27 -0300] "GET /cormun/servlet/hpexe_return? HTTP/1.1" 200 1030
190.171.142.26 - - [28/Apr/2022:11:43:27 -0300] "GET /cormun/servlet/trsolicitudadjuntos?2022,18563, HTTP/1.1" 200 9086
190.171.142.26 - - [28/Apr/2022:11:43:28 -0300] "GET /cormun/servlet/trsolicitudadjuntos?2022,18563, HTTP/1.1" 200 9083
190.171.142.26 - - [28/Apr/2022:11:43:30 -0300] "GET /cormun/servlet/solicitudotadjuntos?INS,2022,18563,,1, HTTP/1.1" 200 6026
190.171.142.26 - - [28/Apr/2022:11:43:31 -0300] "GET /cormun/static/about:blank HTTP/1.1" 404 1011
190.171.142.26 - - [28/Apr/2022:11:43:31 -0300] "GET /cormun/servlet/solicitudotadjuntos?INS,2022,18563,,1, HTTP/1.1" 200 6019
190.171.142.26 - - [28/Apr/2022:11:43:31 -0300] "GET /cormun/servlet/solicitudotadjuntos?82d8405fc6fcd94811af950c6372b3bea3e3d9fe1c51e58e9add683a2f20059920e79b893e3b5c281e11aee6019fbd8d,gx-no-cache=1651156231561 HTTP/1.1" 200 30
190.171.142.26 - - [28/Apr/2022:11:43:31 -0300] "POST /cormun/servlet/solicitudotadjuntos?847826d5051f2e0fe97cc6b78edbd64b,INS,2022,18563,,1,,gx-no-cache=1651156231608 HTTP/1.1" 200 3878
190.171.142.26 - - [28/Apr/2022:11:43:34 -0300] "POST /cormun/servlet/solicitudotadjuntos?gx-no-cache=1651156233904 HTTP/1.1" 200 26
190.171.142.10 - - [28/Apr/2022:11:43:34 -0300] "POST /cormun/servlet/hlogin?7b057675332cbbd453fa3eb76d1d653b,gx-no-cache=1651152630798 HTTP/1.1" 200 90
190.171.142.10 - - [28/Apr/2022:11:43:34 -0300] "GET /cormun/servlet/hpexe_link HTTP/1.1" 200 951
190.171.153.26 - - [28/Apr/2022:11:43:35 -0300] "POST /cormun/servlet/solicitudot?367709705a9eb19dd1044ed2bdfea622,INS,0,0,false,,gx-no-cache=1651156239833 HTTP/1.1" 200 12897
190.171.142.10 - - [28/Apr/2022:11:43:35 -0300] "GET /cormun/servlet/hhome HTTP/1.1" 200 3983
190.171.153.26 - - [28/Apr/2022:11:43:35 -0300] "GET /cormun/static/Shared/jqueryui/images/ui-bg_highlight-soft_100_c6c2c8_1x100.png HTTP/1.1" 404 1117
190.171.153.26 - - [28/Apr/2022:11:43:35 -0300] "GET /cormun/static/Shared/jqueryui/images/ui-icons_82798d_256x240.png HTTP/1.1" 404 1089
190.171.153.26 - - [28/Apr/2022:11:43:35 -0300] "GET /cormun/static/Shared/jqueryui/images/ui-bg_flat_55_994d53_40x100.png HTTP/1.1" 404 1097
190.171.153.26 - - [28/Apr/2022:11:43:35 -0300] "GET /cormun/static/Shared/jqueryui/images/ui-icons_ebccce_256x240.png HTTP/1.1" 404 1089
190.171.142.10 - - [28/Apr/2022:11:43:37 -0300] "GET /cormun/servlet/hhome HTTP/1.1" 200 3979
192.168.10.96 - - [28/Apr/2022:11:43:37 -0300] "GET /cormun/servlet/trautorizarot? HTTP/1.1" 200 10781
192.168.10.96 - - [28/Apr/2022:11:43:38 -0300] "GET /cormun/servlet/trautorizarot? HTTP/1.1" 200 10773
192.168.10.96 - - [28/Apr/2022:11:43:38 -0300] "GET /cormun/servlet/trsolicitudgral? HTTP/1.1" 200 9719
192.168.10.96 - - [28/Apr/2022:11:43:39 -0300] "GET /cormun/servlet/trsolicitudgral? HTTP/1.1" 200 9719
190.171.142.26 - - [28/Apr/2022:11:43:40 -0300] "GET /cormun/servlet/solicitudotadjuntos?82d8405fc6fcd94811af950c6372b3be8d405fe8f85030b9c5102bf939d45f66,gx-no-cache=1651156240659 HTTP/1.1" 200 30
190.171.142.26 - - [28/Apr/2022:11:43:40 -0300] "GET /cormun/servlet/solicitudotadjuntos?82d8405fc6fcd94811af950c6372b3be8d405fe8f85030b9c5102bf939d45f66,gx-no-cache=1651156240673 HTTP/1.1" 200 30
190.171.142.26 - - [28/Apr/2022:11:43:40 -0300] "POST /cormun/servlet/solicitudotadjuntos?847826d5051f2e0fe97cc6b78edbd64b,INS,2022,18563,,1, HTTP/1.1" 200 116
190.171.142.26 - - [28/Apr/2022:11:43:41 -0300] "GET /cormun/servlet/hpexe_return? HTTP/1.1" 200 1030
190.171.142.26 - - [28/Apr/2022:11:43:41 -0300] "GET /cormun/servlet/trsolicitudadjuntos?2022,18563, HTTP/1.1" 200 9269
190.171.142.26 - - [28/Apr/2022:11:43:41 -0300] "GET /cormun/servlet/trsolicitudadjuntos?2022,18563, HTTP/1.1" 200 9266
190.171.142.10 - - [28/Apr/2022:11:43:42 -0300] "GET /cormun/servlet/trlicencias? HTTP/1.1" 200 17344
190.171.142.10 - - [28/Apr/2022:11:43:43 -0300] "GET /cormun/servlet/trlicencias? HTTP/1.1" 200 17344
190.171.142.26 - - [28/Apr/2022:11:43:44 -0300] "GET /cormun/servlet/solicitudotadjuntos?INS,2022,18563,,1, HTTP/1.1" 200 6026
190.171.142.26 - - [28/Apr/2022:11:43:44 -0300] "GET /cormun/static/about:blank HTTP/1.1" 404 1011
190.171.142.26 - - [28/Apr/2022:11:43:44 -0300] "GET /cormun/servlet/solicitudotadjuntos?INS,2022,18563,,1, HTTP/1.1" 200 6019
190.171.142.26 - - [28/Apr/2022:11:43:45 -0300] "GET /cormun/servlet/solicitudotadjuntos?82d8405fc6fcd94811af950c6372b3bea3e3d9fe1c51e58e9add683a2f20059920e79b893e3b5c281e11aee6019fbd8d,gx-no-cache=1651156245078 HTTP/1.1" 200 30
190.171.142.26 - - [28/Apr/2022:11:43:45 -0300] "POST /cormun/servlet/solicitudotadjuntos?847826d5051f2e0fe97cc6b78edbd64b,INS,2022,18563,,1,,gx-no-cache=1651156245111 HTTP/1.1" 200 3878
192.168.10.17 - - [28/Apr/2022:11:43:45 -0300] "GET /cormun/servlet/trsolicitudgral? HTTP/1.1" 200 15309
192.168.10.17 - - [28/Apr/2022:11:43:45 -0300] "GET /cormun/servlet/trsolicitudgral? HTTP/1.1" 200 15304
190.171.142.26 - - [28/Apr/2022:11:43:48 -0300] "POST /cormun/servlet/solicitudotadjuntos?gx-no-cache=1651156248005 HTTP/1.1" 200 26
190.171.153.26 - - [28/Apr/2022:11:43:49 -0300] "POST /cormun/servlet/solicitudot?gx-no-cache=1651156255116 HTTP/1.1" 200 30
190.171.142.26 - - [28/Apr/2022:11:43:53 -0300] "GET /cormun/servlet/solicitudotadjuntos?82d8405fc6fcd94811af950c6372b3be8d405fe8f85030b9c5102bf939d45f66,gx-no-cache=1651156253230 HTTP/1.1" 200 30
190.171.142.26 - - [28/Apr/2022:11:43:53 -0300] "GET /cormun/servlet/solicitudotadjuntos?82d8405fc6fcd94811af950c6372b3be8d405fe8f85030b9c5102bf939d45f66,gx-no-cache=1651156253258 HTTP/1.1" 200 30
190.171.142.26 - - [28/Apr/2022:11:43:53 -0300] "POST /cormun/servlet/solicitudotadjuntos?847826d5051f2e0fe97cc6b78edbd64b,INS,2022,18563,,1, HTTP/1.1" 200 116
190.171.142.26 - - [28/Apr/2022:11:43:53 -0300] "GET /cormun/servlet/hpexe_return? HTTP/1.1" 200 1030
190.171.142.26 - - [28/Apr/2022:11:43:54 -0300] "GET /cormun/servlet/trsolicitudadjuntos?2022,18563, HTTP/1.1" 200 9529
190.171.142.26 - - [28/Apr/2022:11:43:54 -0300] "GET /cormun/servlet/trsolicitudadjuntos?2022,18563, HTTP/1.1" 200 9527
192.168.10.17 - - [28/Apr/2022:11:43:55 -0300] "GET /cormun/servlet/vesolicitudgral?2022,18469,, HTTP/1.1" 200 8327
192.168.10.17 - - [28/Apr/2022:11:43:55 -0300] "GET /cormun/pexe_scrolldiv.js HTTP/1.1" 404 1009
192.168.10.17 - - [28/Apr/2022:11:43:56 -0300] "GET /cormun/servlet/vesolicitudgral?2022,18469,, HTTP/1.1" 200 8327
190.171.142.26 - - [28/Apr/2022:11:43:56 -0300] "GET /cormun/servlet/solicitudotadjuntos?INS,2022,18563,,1, HTTP/1.1" 200 6026
190.171.142.26 - - [28/Apr/2022:11:43:56 -0300] "GET /cormun/static/about:blank HTTP/1.1" 404 1011
190.171.142.26 - - [28/Apr/2022:11:43:57 -0300] "GET /cormun/servlet/solicitudotadjuntos?INS,2022,18563,,1, HTTP/1.1" 200 6019
190.171.142.26 - - [28/Apr/2022:11:43:57 -0300] "GET /cormun/servlet/solicitudotadjuntos?82d8405fc6fcd94811af950c6372b3bea3e3d9fe1c51e58e9add683a2f20059920e79b893e3b5c281e11aee6019fbd8d,gx-no-cache=1651156257392 HTTP/1.1" 200 30
190.171.142.26 - - [28/Apr/2022:11:43:57 -0300] "POST /cormun/servlet/solicitudotadjuntos?847826d5051f2e0fe97cc6b78edbd64b,INS,2022,18563,,1,,gx-no-cache=1651156257428 HTTP/1.1" 200 3878
190.171.153.26 - - [28/Apr/2022:11:43:59 -0300] "POST /cormun/servlet/solicitudot?gx-no-cache=1651156264230 HTTP/1.1" 200 1454
190.171.153.26 - - [28/Apr/2022:11:43:59 -0300] "POST /cormun/servlet/solicitudot?gx-no-cache=1651156264310 HTTP/1.1" 200 41
190.171.153.26 - - [28/Apr/2022:11:43:59 -0300] "GET /cormun/servlet/solicitudot?269633dc891fd6e13a9f0a812ca6848d4c68ea1a4d0674c03f51779b732aa1a13fb114fb7e001d4444010c893620322b1e1c266e2bc1daf4a6f27dbfa795adcca9c6d98ddc5c3b45a6cedcae2ed89f35ba89157f7cf1b21fdd7c63f335cfc03a90244c017ecdb5fb7a3a0c7afa13cdea,gx-no-cache=1651156264370 HTTP/1.1" 200 110
190.171.153.26 - - [28/Apr/2022:11:43:59 -0300] "POST /cormun/servlet/solicitudot?gx-no-cache=1651156264402 HTTP/1.1" 200 109
190.171.153.26 - - [28/Apr/2022:11:43:59 -0300] "GET /cormun/servlet/solicitudot?269633dc891fd6e13a9f0a812ca6848d8d079a3dd88c804915f8a2ad2028019a71b591acdadad26e409436de4f194cde,gx-no-cache=1651156264434 HTTP/1.1" 200 30
190.171.153.26 - - [28/Apr/2022:11:43:59 -0300] "POST /cormun/servlet/solicitudot?gx-no-cache=1651156264457 HTTP/1.1" 200 30
190.171.153.26 - - [28/Apr/2022:11:43:59 -0300] "POST /cormun/servlet/solicitudot?367709705a9eb19dd1044ed2bdfea622,INS,0,0,false,,gx-no-cache=1651156264484 HTTP/1.1" 200 12939
190.171.142.26 - - [28/Apr/2022:11:44:00 -0300] "POST /cormun/servlet/solicitudotadjuntos?gx-no-cache=1651156260817 HTTP/1.1" 200 26
190.171.142.26 - - [28/Apr/2022:11:44:06 -0300] "GET /cormun/servlet/solicitudotadjuntos?82d8405fc6fcd94811af950c6372b3be8d405fe8f85030b9c5102bf939d45f66,gx-no-cache=1651156266625 HTTP/1.1" 200 30
190.171.142.26 - - [28/Apr/2022:11:44:06 -0300] "GET /cormun/servlet/solicitudotadjuntos?82d8405fc6fcd94811af950c6372b3be8d405fe8f85030b9c5102bf939d45f66,gx-no-cache=1651156266646 HTTP/1.1" 200 30
190.171.142.26 - - [28/Apr/2022:11:44:07 -0300] "POST /cormun/servlet/solicitudotadjuntos?847826d5051f2e0fe97cc6b78edbd64b,INS,2022,18563,,1, HTTP/1.1" 200 116
190.171.142.26 - - [28/Apr/2022:11:44:07 -0300] "GET /cormun/servlet/hpexe_return? HTTP/1.1" 200 1030
190.171.142.26 - - [28/Apr/2022:11:44:07 -0300] "GET /cormun/servlet/trsolicitudadjuntos?2022,18563, HTTP/1.1" 200 9815
190.171.142.26 - - [28/Apr/2022:11:44:08 -0300] "GET /cormun/servlet/trsolicitudadjuntos?2022,18563, HTTP/1.1" 200 9813
190.171.142.26 - - [28/Apr/2022:11:44:14 -0300] "GET /cormun/servlet/solicitudotadjuntos?INS,2022,18563,,1, HTTP/1.1" 200 6026
190.171.142.26 - - [28/Apr/2022:11:44:15 -0300] "GET /cormun/static/about:blank HTTP/1.1" 404 1011
190.171.142.26 - - [28/Apr/2022:11:44:15 -0300] "GET /cormun/servlet/solicitudotadjuntos?INS,2022,18563,,1, HTTP/1.1" 200 6019
190.171.142.26 - - [28/Apr/2022:11:44:15 -0300] "GET /cormun/servlet/solicitudotadjuntos?82d8405fc6fcd94811af950c6372b3bea3e3d9fe1c51e58e9add683a2f20059920e79b893e3b5c281e11aee6019fbd8d,gx-no-cache=1651156275548 HTTP/1.1" 200 30
190.171.142.26 - - [28/Apr/2022:11:44:15 -0300] "POST /cormun/servlet/solicitudotadjuntos?847826d5051f2e0fe97cc6b78edbd64b,INS,2022,18563,,1,,gx-no-cache=1651156275566 HTTP/1.1" 200 3878
190.171.142.26 - - [28/Apr/2022:11:44:18 -0300] "POST /cormun/servlet/solicitudotadjuntos?gx-no-cache=1651156278187 HTTP/1.1" 200 26
190.171.153.26 - - [28/Apr/2022:11:44:21 -0300] "GET /cormun/servlet/solicitudot?269633dc891fd6e13a9f0a812ca6848d4c68ea1a4d0674c03f51779b732aa1a13fb114fb7e001d4444010c893620322b1e1c266e2bc1daf4a6f27dbfa795adcca9c6d98ddc5c3b45a6cedcae2ed89f35ba89157f7cf1b21fdd7c63f335cfc03a90244c017ecdb5fb7a3a0c7afa13cdea,gx-no-cache=1651156286798 HTTP/1.1" 200 110
192.168.10.11 - - [28/Apr/2022:11:44:21 -0300] "GET / HTTP/1.1" 200 11217
190.171.153.26 - - [28/Apr/2022:11:44:21 -0300] "GET /cormun/servlet/solicitudot?269633dc891fd6e13a9f0a812ca6848d8d079a3dd88c804915f8a2ad2028019a71b591acdadad26e409436de4f194cde,gx-no-cache=1651156286847 HTTP/1.1" 200 30
190.171.153.26 - - [28/Apr/2022:11:44:21 -0300] "POST /cormun/servlet/solicitudot?gx-no-cache=1651156286887 HTTP/1.1" 200 30
190.171.153.26 - - [28/Apr/2022:11:44:21 -0300] "POST /cormun/servlet/solicitudot?367709705a9eb19dd1044ed2bdfea622,INS,0,0,false,,gx-no-cache=1651156286932 HTTP/1.1" 200 13022
190.171.142.26 - - [28/Apr/2022:11:44:23 -0300] "GET /cormun/servlet/solicitudotadjuntos?82d8405fc6fcd94811af950c6372b3be8d405fe8f85030b9c5102bf939d45f66,gx-no-cache=1651156283203 HTTP/1.1" 200 30
190.171.142.26 - - [28/Apr/2022:11:44:23 -0300] "GET /cormun/servlet/solicitudotadjuntos?82d8405fc6fcd94811af950c6372b3be8d405fe8f85030b9c5102bf939d45f66,gx-no-cache=1651156283224 HTTP/1.1" 200 30
190.171.142.26 - - [28/Apr/2022:11:44:23 -0300] "POST /cormun/servlet/solicitudotadjuntos?847826d5051f2e0fe97cc6b78edbd64b,INS,2022,18563,,1, HTTP/1.1" 200 116
190.171.142.26 - - [28/Apr/2022:11:44:23 -0300] "GET /cormun/servlet/hpexe_return? HTTP/1.1" 200 1030
190.171.142.26 - - [28/Apr/2022:11:44:24 -0300] "GET /cormun/servlet/trsolicitudadjuntos?2022,18563, HTTP/1.1" 200 9990
190.171.142.26 - - [28/Apr/2022:11:44:24 -0300] "GET /cormun/servlet/trsolicitudadjuntos?2022,18563, HTTP/1.1" 200 9991
190.171.153.26 - - [28/Apr/2022:11:44:26 -0300] "POST /cormun/servlet/solicitudot?367709705a9eb19dd1044ed2bdfea622,INS,0,0,false,,gx-no-cache=1651156291723 HTTP/1.1" 200 93
190.171.153.26 - - [28/Apr/2022:11:44:26 -0300] "GET /cormun/servlet/hpexe_return? HTTP/1.1" 200 1012
190.171.153.26 - - [28/Apr/2022:11:44:26 -0300] "GET /cormun/static/gxcfg.js?201991422392976 HTTP/1.1" 200 953
190.171.153.26 - - [28/Apr/2022:11:44:26 -0300] "GET /cormun/servlet/trsolicitudot HTTP/1.1" 200 9044
190.171.142.26 - - [28/Apr/2022:11:44:28 -0300] "GET /cormun/servlet/trsolicitudot? HTTP/1.1" 200 9399
190.171.142.26 - - [28/Apr/2022:11:44:28 -0300] "GET /cormun/servlet/trsolicitudot? HTTP/1.1" 200 9392
192.168.10.11 - - [28/Apr/2022:11:45:21 -0300] "GET / HTTP/1.1" 200 11217
190.171.142.26 - - [28/Apr/2022:11:45:36 -0300] "POST /cormun/servlet/trsolicitudot?847826d5051f2e0fe97cc6b78edbd64b,,gx-no-cache=1651156356182 HTTP/1.1" 200 113
190.171.142.26 - - [28/Apr/2022:11:45:36 -0300] "GET /cormun/servlet/solicitudot?UPD,2022,18563,false, HTTP/1.1" 200 16234
190.171.142.26 - - [28/Apr/2022:11:45:37 -0300] "GET /cormun/servlet/solicitudot?UPD,2022,18563,false, HTTP/1.1" 200 16245
190.171.142.26 - - [28/Apr/2022:11:45:37 -0300] "POST /cormun/servlet/solicitudot?gx-no-cache=1651156357439 HTTP/1.1" 200 3925
190.171.142.26 - - [28/Apr/2022:11:45:37 -0300] "POST /cormun/servlet/solicitudot?847826d5051f2e0fe97cc6b78edbd64b,UPD,2022,18563,false,,gx-no-cache=1651156357565 HTTP/1.1" 200 12534
190.171.142.26 - - [28/Apr/2022:11:45:37 -0300] "GET /cormun/servlet/solicitudot?82d8405fc6fcd94811af950c6372b3be08f549842c312ad4666483dc612c99964698f7ddd695c7b92b93e2f6353e06fe,gx-no-cache=1651156357761 HTTP/1.1" 200 30
190.171.142.26 - - [28/Apr/2022:11:45:37 -0300] "GET /cormun/servlet/solicitudot?82d8405fc6fcd94811af950c6372b3bea79a2b1a25e4b5f34478f95b4dbcd73ef8a3a76eb509384509e568175d6ff7f66e5c09c30c3fe1fdebfd848df944d492,gx-no-cache=1651156357786 HTTP/1.1" 200 30
190.171.142.26 - - [28/Apr/2022:11:45:37 -0300] "GET /cormun/servlet/solicitudot?82d8405fc6fcd94811af950c6372b3bea8245c57b8b88362fe9861ffe259c94970308a0ab305bdd7d6e759af5894efa29dd66a1313a0131f0c2066d9a1a66c83,gx-no-cache=1651156357809 HTTP/1.1" 200 53
190.171.142.26 - - [28/Apr/2022:11:45:37 -0300] "POST /cormun/servlet/solicitudot?gx-no-cache=1651156357840 HTTP/1.1" 200 297
190.171.142.26 - - [28/Apr/2022:11:45:38 -0300] "GET /cormun/servlet/solicitudot?82d8405fc6fcd94811af950c6372b3bef317fac8823287ac97a88457dce7703837b7cda12cc636251100b37f9141eb8c0adc4705648e17d1bdf6fb10d85410b36471d97edaa639df7d3330c437206a4a0eca45055d2ee75c4ebd7a81f02c15eafd90a74ee5a85cc31c2d7328593ae3b241a061cb85fc4ebed89e59f8b7e5c2503200735cd5dd64f6aa914247e375d79575ed32e404f9a17b8f29578e3ac1a3a9450bc2d4409c93dbf690bfabdfc05e517868fbf689646198dc9b352581c574e4d635f3b713a6c9578761d018eb3b874e9c785043b7b9600e04b9e5d097dc75d02ce9e4defe3d081ae9f46cd86aaf111173a412afbea932a9619b68531d25e8a74a851084a5daa2998f7dda20025059b47837da525fad28ccb92ae2339dbcf687ef3d3d6c0c72b1c6e233abbae32257c57c9c7dcba7403e6ad1bac618e7858c1c5890d1fe7c9d4c0b2677bb1528e32d308ccec5eb9d53fffc645abb0edb50b22aff9e4e98fa61f9683a4fd0294e99d960a5b998470a1f39414b4a0263e2219854387957d6c70c9e06f2e98679d723cc3f,gx-no-cache=1651156357882 HTTP/1.1" 200 30
190.171.142.26 - - [28/Apr/2022:11:45:38 -0300] "POST /cormun/servlet/solicitudot?gx-no-cache=1651156357909 HTTP/1.1" 200 30
190.171.142.26 - - [28/Apr/2022:11:45:38 -0300] "POST /cormun/servlet/solicitudot?gx-no-cache=1651156357946 HTTP/1.1" 200 1454
190.171.142.26 - - [28/Apr/2022:11:45:38 -0300] "POST /cormun/servlet/solicitudot?gx-no-cache=1651156357987 HTTP/1.1" 200 41
190.171.142.26 - - [28/Apr/2022:11:45:50 -0300] "POST /cormun/servlet/solicitudot?gx-no-cache=1651156370029 HTTP/1.1" 200 30
190.171.142.26 - - [28/Apr/2022:11:45:50 -0300] "POST /cormun/servlet/solicitudot?gx-no-cache=1651156370067 HTTP/1.1" 200 1454
190.171.142.26 - - [28/Apr/2022:11:45:50 -0300] "POST /cormun/servlet/solicitudot?gx-no-cache=1651156370108 HTTP/1.1" 200 41
190.171.142.26 - - [28/Apr/2022:11:45:50 -0300] "GET /cormun/servlet/solicitudot?82d8405fc6fcd94811af950c6372b3be2975bbda966c588bff68d2fc0d7b7810d8ce4df567419d9c65e8e603028bd84295e0249a88a0b78f3645c0eb45c22009dd1cfa150512b6943d5d561ab265223f3017ae6c6fb48f5e15bd7ddf3dd709f77c24b3753a71cde4223558f046e85264,gx-no-cache=1651156370144 HTTP/1.1" 200 110
190.171.142.26 - - [28/Apr/2022:11:45:50 -0300] "POST /cormun/servlet/solicitudot?gx-no-cache=1651156370172 HTTP/1.1" 200 79
190.171.142.26 - - [28/Apr/2022:11:45:50 -0300] "GET /cormun/servlet/solicitudot?82d8405fc6fcd94811af950c6372b3be9113fd6dfb8854e04dee8b9343dfacba6882af1bad150f283d36a5ebdd4e966cad7ddd055e3ce6b345c3e657e763a5e45f28d65a6166e51257576b588123ba75159bf6a542a1812946476d6166a97d6ae1ead0f4c89c9701a37a694075b33bd4,gx-no-cache=1651156370202 HTTP/1.1" 200 29
190.171.142.26 - - [28/Apr/2022:11:45:50 -0300] "GET /cormun/servlet/solicitudot?82d8405fc6fcd94811af950c6372b3be3a8e09773ae91211f7520a22f6cf3f1bdb44b12285b5ed6e2d79f83a0d6b6d80,gx-no-cache=1651156370227 HTTP/1.1" 200 30
190.171.142.26 - - [28/Apr/2022:11:45:50 -0300] "POST /cormun/servlet/solicitudot?gx-no-cache=1651156370253 HTTP/1.1" 200 30
190.171.142.26 - - [28/Apr/2022:11:45:50 -0300] "POST /cormun/servlet/solicitudot?847826d5051f2e0fe97cc6b78edbd64b,UPD,2022,18563,false,,gx-no-cache=1651156370287 HTTP/1.1" 200 93
190.171.142.26 - - [28/Apr/2022:11:45:50 -0300] "GET /cormun/servlet/hpexe_return? HTTP/1.1" 200 1018
190.171.142.26 - - [28/Apr/2022:11:45:50 -0300] "GET /cormun/servlet/trsolicitudot HTTP/1.1" 200 9396
190.171.142.26 - - [28/Apr/2022:11:45:51 -0300] "GET /cormun/servlet/trsolicitudot HTTP/1.1" 200 9392
192.168.10.11 - - [28/Apr/2022:11:46:21 -0300] "GET / HTTP/1.1" 200 11217
192.168.10.96 - - [28/Apr/2022:11:46:44 -0300] "POST /cormun/servlet/trsolicitudgral?892d0a75e7c2f051ff402afd2524041e,,gx-no-cache=1651156254511 HTTP/1.1" 200 6661
192.168.10.96 - - [28/Apr/2022:11:47:10 -0300] "GET /cormun/servlet/vesolicitudgral?2022,18430,, HTTP/1.1" 200 8426
192.168.10.96 - - [28/Apr/2022:11:47:10 -0300] "GET /cormun/pexe_scrolldiv.js HTTP/1.1" 404 1009
192.168.10.96 - - [28/Apr/2022:11:47:10 -0300] "GET /cormun/servlet/vesolicitudgral?2022,18430,, HTTP/1.1" 200 8426
192.168.10.17 - - [28/Apr/2022:11:47:20 -0300] "GET /cormun/servlet/trsolicitudgral? HTTP/1.1" 200 14867
192.168.10.17 - - [28/Apr/2022:11:47:20 -0300] "GET /cormun/servlet/trsolicitudgral? HTTP/1.1" 200 14862
192.168.10.11 - - [28/Apr/2022:11:47:21 -0300] "GET / HTTP/1.1" 200 11217
192.168.10.17 - - [28/Apr/2022:11:47:26 -0300] "GET /cormun/servlet/vesolicitudgral?2022,18457,, HTTP/1.1" 200 8345
192.168.10.17 - - [28/Apr/2022:11:47:26 -0300] "GET /cormun/pexe_scrolldiv.js HTTP/1.1" 404 1009
192.168.10.17 - - [28/Apr/2022:11:47:26 -0300] "GET /cormun/servlet/vesolicitudgral?2022,18457,, HTTP/1.1" 200 8344
192.168.10.11 - - [28/Apr/2022:11:48:21 -0300] "GET / HTTP/1.1" 200 11217
192.168.10.11 - - [28/Apr/2022:11:49:21 -0300] "GET / HTTP/1.1" 200 11217
192.168.10.11 - - [28/Apr/2022:11:50:21 -0300] "GET / HTTP/1.1" 200 11217
192.168.10.17 - - [28/Apr/2022:11:50:59 -0300] "GET /cormun/servlet/trsolicitudgral? HTTP/1.1" 200 13268
192.168.10.17 - - [28/Apr/2022:11:50:59 -0300] "GET /cormun/servlet/trsolicitudgral? HTTP/1.1" 200 13264
192.168.10.17 - - [28/Apr/2022:11:51:04 -0300] "GET /cormun/servlet/vesolicitudgral?2022,18456,, HTTP/1.1" 200 8450
192.168.10.17 - - [28/Apr/2022:11:51:04 -0300] "GET /cormun/pexe_scrolldiv.js HTTP/1.1" 404 1009
192.168.10.17 - - [28/Apr/2022:11:51:05 -0300] "GET /cormun/servlet/vesolicitudgral?2022,18456,, HTTP/1.1" 200 8449
192.168.10.11 - - [28/Apr/2022:11:51:21 -0300] "GET / HTTP/1.1" 200 11217
190.171.142.26 - - [28/Apr/2022:11:51:33 -0300] "POST /cormun/servlet/trsolicitudot?847826d5051f2e0fe97cc6b78edbd64b,gx-no-cache=1651156713799 HTTP/1.1" 200 107
190.171.142.26 - - [28/Apr/2022:11:51:34 -0300] "GET /cormun/servlet/trsolicitudadjuntos?2022,18558, HTTP/1.1" 200 6081
190.171.142.26 - - [28/Apr/2022:11:51:34 -0300] "GET /cormun/servlet/trsolicitudadjuntos?2022,18558, HTTP/1.1" 200 6081
190.171.142.26 - - [28/Apr/2022:11:51:37 -0300] "GET /cormun/servlet/solicitudotadjuntos?INS,2022,18558,,1, HTTP/1.1" 200 6026
190.171.142.26 - - [28/Apr/2022:11:51:37 -0300] "GET /cormun/static/about:blank HTTP/1.1" 404 1011
190.171.142.26 - - [28/Apr/2022:11:51:37 -0300] "GET /cormun/servlet/solicitudotadjuntos?INS,2022,18558,,1, HTTP/1.1" 200 6019
190.171.142.26 - - [28/Apr/2022:11:51:38 -0300] "GET /cormun/servlet/solicitudotadjuntos?82d8405fc6fcd94811af950c6372b3bef9d76c805b4964db6de64f7cebaf996420e79b893e3b5c281e11aee6019fbd8d,gx-no-cache=1651156717915 HTTP/1.1" 200 30
190.171.142.26 - - [28/Apr/2022:11:51:38 -0300] "POST /cormun/servlet/solicitudotadjuntos?847826d5051f2e0fe97cc6b78edbd64b,INS,2022,18558,,1,,gx-no-cache=1651156717945 HTTP/1.1" 200 3878
190.171.142.26 - - [28/Apr/2022:11:51:41 -0300] "POST /cormun/servlet/solicitudotadjuntos?gx-no-cache=1651156721626 HTTP/1.1" 200 26
190.171.142.26 - - [28/Apr/2022:11:51:56 -0300] "GET /cormun/servlet/solicitudotadjuntos?82d8405fc6fcd94811af950c6372b3be8d405fe8f85030b9c5102bf939d45f66,gx-no-cache=1651156735983 HTTP/1.1" 200 30
190.171.142.26 - - [28/Apr/2022:11:51:56 -0300] "GET /cormun/servlet/solicitudotadjuntos?82d8405fc6fcd94811af950c6372b3be8d405fe8f85030b9c5102bf939d45f66,gx-no-cache=1651156735999 HTTP/1.1" 200 30
190.171.142.26 - - [28/Apr/2022:11:51:56 -0300] "POST /cormun/servlet/solicitudotadjuntos?847826d5051f2e0fe97cc6b78edbd64b,INS,2022,18558,,1, HTTP/1.1" 200 116
190.171.142.26 - - [28/Apr/2022:11:51:56 -0300] "GET /cormun/servlet/hpexe_return? HTTP/1.1" 200 1030
190.171.142.26 - - [28/Apr/2022:11:51:56 -0300] "GET /cormun/servlet/trsolicitudadjuntos?2022,18558, HTTP/1.1" 200 8836
190.171.142.26 - - [28/Apr/2022:11:51:57 -0300] "GET /cormun/servlet/trsolicitudadjuntos?2022,18558, HTTP/1.1" 200 8830
190.171.142.26 - - [28/Apr/2022:11:51:59 -0300] "GET /cormun/PublicTempStorage/c._identidad9636919.pdf HTTP/1.1" 200 452131
192.168.10.17 - - [28/Apr/2022:11:52:05 -0300] "GET /cormun/servlet/trsolicitudgral? HTTP/1.1" 200 12681
192.168.10.17 - - [28/Apr/2022:11:52:06 -0300] "GET /cormun/servlet/trsolicitudgral? HTTP/1.1" 200 12677
192.168.10.17 - - [28/Apr/2022:11:52:11 -0300] "GET /cormun/servlet/vesolicitudgral?2022,18453,, HTTP/1.1" 200 8368
192.168.10.17 - - [28/Apr/2022:11:52:11 -0300] "GET /cormun/pexe_scrolldiv.js HTTP/1.1" 404 1009
192.168.10.17 - - [28/Apr/2022:11:52:11 -0300] "GET /cormun/servlet/vesolicitudgral?2022,18453,, HTTP/1.1" 200 8367
192.168.10.11 - - [28/Apr/2022:11:52:21 -0300] "GET / HTTP/1.1" 200 11217
190.171.142.26 - - [28/Apr/2022:11:52:22 -0300] "GET /cormun/servlet/hlogin HTTP/1.1" 200 1727
190.171.142.26 - - [28/Apr/2022:11:52:29 -0300] "POST /cormun/servlet/hlogin?847826d5051f2e0fe97cc6b78edbd64b,gx-no-cache=1651156769167 HTTP/1.1" 200 90
190.171.142.26 - - [28/Apr/2022:11:52:29 -0300] "GET /cormun/servlet/hpexe_link HTTP/1.1" 200 975
190.171.142.26 - - [28/Apr/2022:11:52:29 -0300] "GET /cormun/servlet/trsolicitudadjuntos?2022,18558, HTTP/1.1" 200 8834
190.171.142.26 - - [28/Apr/2022:11:52:29 -0300] "GET /cormun/servlet/trsolicitudadjuntos?2022,18558, HTTP/1.1" 200 8832
190.171.142.26 - - [28/Apr/2022:11:52:33 -0300] "GET /cormun/servlet/solicitudotadjuntos?INS,2022,18558,,1, HTTP/1.1" 200 6027
190.171.142.26 - - [28/Apr/2022:11:52:33 -0300] "GET /cormun/static/about:blank HTTP/1.1" 404 1011
190.171.142.26 - - [28/Apr/2022:11:52:33 -0300] "GET /cormun/servlet/solicitudotadjuntos?INS,2022,18558,,1, HTTP/1.1" 200 6021
190.171.142.26 - - [28/Apr/2022:11:52:34 -0300] "GET /cormun/servlet/solicitudotadjuntos?82d8405fc6fcd94811af950c6372b3bef9d76c805b4964db6de64f7cebaf996420e79b893e3b5c281e11aee6019fbd8d,gx-no-cache=1651156773895 HTTP/1.1" 200 30
190.171.142.26 - - [28/Apr/2022:11:52:34 -0300] "POST /cormun/servlet/solicitudotadjuntos?847826d5051f2e0fe97cc6b78edbd64b,INS,2022,18558,,1,,gx-no-cache=1651156773918 HTTP/1.1" 200 3879
190.171.142.26 - - [28/Apr/2022:11:52:36 -0300] "POST /cormun/servlet/solicitudotadjuntos?gx-no-cache=1651156776517 HTTP/1.1" 200 26
190.171.142.26 - - [28/Apr/2022:11:52:42 -0300] "GET /cormun/servlet/solicitudotadjuntos?82d8405fc6fcd94811af950c6372b3be8d405fe8f85030b9c5102bf939d45f66,gx-no-cache=1651156782677 HTTP/1.1" 200 30
190.171.142.26 - - [28/Apr/2022:11:52:42 -0300] "GET /cormun/servlet/solicitudotadjuntos?82d8405fc6fcd94811af950c6372b3be8d405fe8f85030b9c5102bf939d45f66,gx-no-cache=1651156782696 HTTP/1.1" 200 30
190.171.142.26 - - [28/Apr/2022:11:52:43 -0300] "POST /cormun/servlet/solicitudotadjuntos?847826d5051f2e0fe97cc6b78edbd64b,INS,2022,18558,,1, HTTP/1.1" 200 116
190.171.142.26 - - [28/Apr/2022:11:52:43 -0300] "GET /cormun/servlet/hpexe_return? HTTP/1.1" 200 1030
190.171.142.26 - - [28/Apr/2022:11:52:43 -0300] "GET /cormun/servlet/trsolicitudadjuntos?2022,18558, HTTP/1.1" 200 9066
190.171.142.26 - - [28/Apr/2022:11:52:43 -0300] "GET /cormun/servlet/trsolicitudadjuntos?2022,18558, HTTP/1.1" 200 9067
190.171.142.26 - - [28/Apr/2022:11:52:45 -0300] "GET /cormun/servlet/solicitudotadjuntos?INS,2022,18558,,1, HTTP/1.1" 200 6027
190.171.142.26 - - [28/Apr/2022:11:52:45 -0300] "GET /cormun/static/about:blank HTTP/1.1" 404 1011
190.171.142.26 - - [28/Apr/2022:11:52:45 -0300] "GET /cormun/servlet/solicitudotadjuntos?INS,2022,18558,,1, HTTP/1.1" 200 6021
190.171.142.26 - - [28/Apr/2022:11:52:46 -0300] "GET /cormun/servlet/solicitudotadjuntos?82d8405fc6fcd94811af950c6372b3bef9d76c805b4964db6de64f7cebaf996420e79b893e3b5c281e11aee6019fbd8d,gx-no-cache=1651156786171 HTTP/1.1" 200 30
190.171.142.26 - - [28/Apr/2022:11:52:46 -0300] "POST /cormun/servlet/solicitudotadjuntos?847826d5051f2e0fe97cc6b78edbd64b,INS,2022,18558,,1,,gx-no-cache=1651156786192 HTTP/1.1" 200 3879
190.171.142.26 - - [28/Apr/2022:11:52:49 -0300] "POST /cormun/servlet/solicitudotadjuntos?gx-no-cache=1651156789695 HTTP/1.1" 200 26
190.171.142.26 - - [28/Apr/2022:11:52:54 -0300] "GET /cormun/servlet/solicitudotadjuntos?82d8405fc6fcd94811af950c6372b3be8d405fe8f85030b9c5102bf939d45f66,gx-no-cache=1651156794455 HTTP/1.1" 200 30
190.171.142.26 - - [28/Apr/2022:11:52:54 -0300] "GET /cormun/servlet/solicitudotadjuntos?82d8405fc6fcd94811af950c6372b3be8d405fe8f85030b9c5102bf939d45f66,gx-no-cache=1651156794474 HTTP/1.1" 200 30
190.171.142.26 - - [28/Apr/2022:11:52:54 -0300] "POST /cormun/servlet/solicitudotadjuntos?847826d5051f2e0fe97cc6b78edbd64b,INS,2022,18558,,1, HTTP/1.1" 200 116
190.171.142.26 - - [28/Apr/2022:11:52:54 -0300] "GET /cormun/servlet/hpexe_return? HTTP/1.1" 200 1030
190.171.142.26 - - [28/Apr/2022:11:52:55 -0300] "GET /cormun/servlet/trsolicitudadjuntos?2022,18558, HTTP/1.1" 200 9236
190.171.142.26 - - [28/Apr/2022:11:52:55 -0300] "GET /cormun/servlet/trsolicitudadjuntos?2022,18558, HTTP/1.1" 200 9237
190.171.142.26 - - [28/Apr/2022:11:52:57 -0300] "GET /cormun/servlet/solicitudotadjuntos?INS,2022,18558,,1, HTTP/1.1" 200 6027
190.171.142.26 - - [28/Apr/2022:11:52:58 -0300] "GET /cormun/static/about:blank HTTP/1.1" 404 1011
190.171.142.26 - - [28/Apr/2022:11:52:58 -0300] "GET /cormun/servlet/solicitudotadjuntos?INS,2022,18558,,1, HTTP/1.1" 200 6021
190.171.142.26 - - [28/Apr/2022:11:52:58 -0300] "GET /cormun/servlet/solicitudotadjuntos?82d8405fc6fcd94811af950c6372b3bef9d76c805b4964db6de64f7cebaf996420e79b893e3b5c281e11aee6019fbd8d,gx-no-cache=1651156798621 HTTP/1.1" 200 30
190.171.142.26 - - [28/Apr/2022:11:52:58 -0300] "POST /cormun/servlet/solicitudotadjuntos?847826d5051f2e0fe97cc6b78edbd64b,INS,2022,18558,,1,,gx-no-cache=1651156798657 HTTP/1.1" 200 3879
190.171.142.26 - - [28/Apr/2022:11:53:01 -0300] "POST /cormun/servlet/solicitudotadjuntos?gx-no-cache=1651156801153 HTTP/1.1" 200 26
190.171.142.26 - - [28/Apr/2022:11:53:06 -0300] "GET /cormun/servlet/solicitudotadjuntos?82d8405fc6fcd94811af950c6372b3be8d405fe8f85030b9c5102bf939d45f66,gx-no-cache=1651156806419 HTTP/1.1" 200 30
190.171.142.26 - - [28/Apr/2022:11:53:06 -0300] "GET /cormun/servlet/solicitudotadjuntos?82d8405fc6fcd94811af950c6372b3be8d405fe8f85030b9c5102bf939d45f66,gx-no-cache=1651156806435 HTTP/1.1" 200 30
190.171.142.26 - - [28/Apr/2022:11:53:06 -0300] "POST /cormun/servlet/solicitudotadjuntos?847826d5051f2e0fe97cc6b78edbd64b,INS,2022,18558,,1, HTTP/1.1" 200 116
190.171.142.26 - - [28/Apr/2022:11:53:06 -0300] "GET /cormun/servlet/hpexe_return? HTTP/1.1" 200 1030
190.171.142.26 - - [28/Apr/2022:11:53:07 -0300] "GET /cormun/servlet/trsolicitudadjuntos?2022,18558, HTTP/1.1" 200 9486
190.171.142.26 - - [28/Apr/2022:11:53:07 -0300] "GET /cormun/servlet/trsolicitudadjuntos?2022,18558, HTTP/1.1" 200 9485
190.171.142.26 - - [28/Apr/2022:11:53:09 -0300] "GET /cormun/servlet/solicitudotadjuntos?INS,2022,18558,,1, HTTP/1.1" 200 6027
190.171.142.26 - - [28/Apr/2022:11:53:09 -0300] "GET /cormun/static/about:blank HTTP/1.1" 404 1011
190.171.142.26 - - [28/Apr/2022:11:53:09 -0300] "GET /cormun/servlet/solicitudotadjuntos?INS,2022,18558,,1, HTTP/1.1" 200 6021
190.171.142.26 - - [28/Apr/2022:11:53:10 -0300] "GET /cormun/servlet/solicitudotadjuntos?82d8405fc6fcd94811af950c6372b3bef9d76c805b4964db6de64f7cebaf996420e79b893e3b5c281e11aee6019fbd8d,gx-no-cache=1651156810057 HTTP/1.1" 200 30
190.171.142.26 - - [28/Apr/2022:11:53:10 -0300] "POST /cormun/servlet/solicitudotadjuntos?847826d5051f2e0fe97cc6b78edbd64b,INS,2022,18558,,1,,gx-no-cache=1651156810075 HTTP/1.1" 200 3879
190.171.142.26 - - [28/Apr/2022:11:53:13 -0300] "POST /cormun/servlet/solicitudotadjuntos?gx-no-cache=1651156813313 HTTP/1.1" 200 26
190.171.142.26 - - [28/Apr/2022:11:53:17 -0300] "GET /cormun/servlet/solicitudotadjuntos?82d8405fc6fcd94811af950c6372b3be8d405fe8f85030b9c5102bf939d45f66,gx-no-cache=1651156817753 HTTP/1.1" 200 30
190.171.142.26 - - [28/Apr/2022:11:53:17 -0300] "GET /cormun/servlet/solicitudotadjuntos?82d8405fc6fcd94811af950c6372b3be8d405fe8f85030b9c5102bf939d45f66,gx-no-cache=1651156817767 HTTP/1.1" 200 30
190.171.142.26 - - [28/Apr/2022:11:53:18 -0300] "POST /cormun/servlet/solicitudotadjuntos?847826d5051f2e0fe97cc6b78edbd64b,INS,2022,18558,,1, HTTP/1.1" 200 116
190.171.142.26 - - [28/Apr/2022:11:53:18 -0300] "GET /cormun/servlet/hpexe_return? HTTP/1.1" 200 1030
190.171.142.26 - - [28/Apr/2022:11:53:18 -0300] "GET /cormun/servlet/trsolicitudadjuntos?2022,18558, HTTP/1.1" 200 9778
190.171.142.26 - - [28/Apr/2022:11:53:19 -0300] "GET /cormun/servlet/trsolicitudadjuntos?2022,18558, HTTP/1.1" 200 9776
190.171.142.26 - - [28/Apr/2022:11:53:21 -0300] "GET /cormun/servlet/solicitudotadjuntos?INS,2022,18558,,1, HTTP/1.1" 200 6027
192.168.10.11 - - [28/Apr/2022:11:53:21 -0300] "GET / HTTP/1.1" 200 11217
190.171.142.26 - - [28/Apr/2022:11:53:21 -0300] "GET /cormun/static/about:blank HTTP/1.1" 404 1011
190.171.142.26 - - [28/Apr/2022:11:53:21 -0300] "GET /cormun/servlet/solicitudotadjuntos?INS,2022,18558,,1, HTTP/1.1" 200 6021
190.171.142.26 - - [28/Apr/2022:11:53:22 -0300] "GET /cormun/servlet/solicitudotadjuntos?82d8405fc6fcd94811af950c6372b3bef9d76c805b4964db6de64f7cebaf996420e79b893e3b5c281e11aee6019fbd8d,gx-no-cache=1651156822203 HTTP/1.1" 200 30
190.171.142.26 - - [28/Apr/2022:11:53:22 -0300] "POST /cormun/servlet/solicitudotadjuntos?847826d5051f2e0fe97cc6b78edbd64b,INS,2022,18558,,1,,gx-no-cache=1651156822236 HTTP/1.1" 200 3879
181.212.42.153 - - [28/Apr/2022:11:53:23 -0300] "GET /cormun/servlet/trsolicitudot? HTTP/1.1" 200 6332
181.212.42.153 - - [28/Apr/2022:11:53:23 -0300] "GET /cormun/servlet/hlogin HTTP/1.1" 200 1746
181.212.42.153 - - [28/Apr/2022:11:53:23 -0300] "GET /cormun/servlet/trsolicitudot? HTTP/1.1" 200 6327
181.212.42.153 - - [28/Apr/2022:11:53:23 -0300] "GET /cormun/servlet/trsolicitudot? HTTP/1.1" 200 6327
190.171.142.26 - - [28/Apr/2022:11:53:24 -0300] "POST /cormun/servlet/solicitudotadjuntos?gx-no-cache=1651156824381 HTTP/1.1" 200 26
190.171.142.26 - - [28/Apr/2022:11:53:25 -0300] "GET /cormun/servlet/solicitudotadjuntos?82d8405fc6fcd94811af950c6372b3be8d405fe8f85030b9c5102bf939d45f66,gx-no-cache=1651156825292 HTTP/1.1" 200 30
190.171.142.26 - - [28/Apr/2022:11:53:25 -0300] "GET /cormun/servlet/solicitudotadjuntos?82d8405fc6fcd94811af950c6372b3be8d405fe8f85030b9c5102bf939d45f66,gx-no-cache=1651156825309 HTTP/1.1" 200 30
190.171.142.26 - - [28/Apr/2022:11:53:25 -0300] "POST /cormun/servlet/solicitudotadjuntos?847826d5051f2e0fe97cc6b78edbd64b,INS,2022,18558,,1,,gx-no-cache=1651156825327 HTTP/1.1" 200 93
190.171.142.26 - - [28/Apr/2022:11:53:25 -0300] "GET /cormun/servlet/hpexe_return? HTTP/1.1" 200 1030
190.171.142.26 - - [28/Apr/2022:11:53:25 -0300] "GET /cormun/servlet/trsolicitudadjuntos?2022,18558, HTTP/1.1" 200 9881
192.168.10.17 - - [28/Apr/2022:11:53:26 -0300] "GET /cormun/servlet/vesolicitudgral?2022,18453,,SolicitudOTAdjuntos HTTP/1.1" 200 10854
192.168.10.17 - - [28/Apr/2022:11:53:26 -0300] "GET /cormun/pexe_scrolldiv.js HTTP/1.1" 404 1009
190.171.142.26 - - [28/Apr/2022:11:53:26 -0300] "GET /cormun/servlet/trsolicitudadjuntos?2022,18558, HTTP/1.1" 200 9883
192.168.10.17 - - [28/Apr/2022:11:53:26 -0300] "GET /cormun/servlet/vesolicitudgral?2022,18453,,SolicitudOTAdjuntos HTTP/1.1" 200 10852
192.168.10.17 - - [28/Apr/2022:11:53:27 -0300] "POST /cormun/servlet/acontrolpreferencessavestate?None,RRHH+DANIELA,true HTTP/1.1" 200 35
181.212.42.153 - - [28/Apr/2022:11:53:29 -0300] "POST /cormun/servlet/hlogin?2e8e871c502cd2888351c570dfefa7ec,gx-no-cache=1651157199450 HTTP/1.1" 200 90
181.212.42.153 - - [28/Apr/2022:11:53:29 -0300] "GET /cormun/servlet/hpexe_link HTTP/1.1" 200 959
181.212.42.153 - - [28/Apr/2022:11:53:29 -0300] "GET /cormun/servlet/trsolicitudot HTTP/1.1" 200 7011
181.212.42.153 - - [28/Apr/2022:11:53:30 -0300] "GET /cormun/servlet/trsolicitudot HTTP/1.1" 200 7009
192.168.10.17 - - [28/Apr/2022:11:53:31 -0300] "GET /cormun/PublicTempStorage/ci-91863027.pdf HTTP/1.1" 200 182632
181.212.42.153 - - [28/Apr/2022:11:53:34 -0300] "GET /cormun/servlet/trsolicitudot? HTTP/1.1" 200 7009
181.212.42.153 - - [28/Apr/2022:11:53:34 -0300] "GET /cormun/servlet/trsolicitudot? HTTP/1.1" 200 7009
181.212.42.153 - - [28/Apr/2022:11:53:38 -0300] "POST /cormun/servlet/trsolicitudot?2e8e871c502cd2888351c570dfefa7ec,,gx-no-cache=1651157208168 HTTP/1.1" 200 10416
190.171.142.26 - - [28/Apr/2022:11:53:40 -0300] "GET /cormun/servlet/solicitudotadjuntos?INS,2022,18558,,1, HTTP/1.1" 200 6027
190.171.142.26 - - [28/Apr/2022:11:53:40 -0300] "GET /cormun/static/about:blank HTTP/1.1" 404 1011
190.171.142.26 - - [28/Apr/2022:11:53:40 -0300] "GET /cormun/servlet/solicitudotadjuntos?INS,2022,18558,,1, HTTP/1.1" 200 6021
190.171.142.26 - - [28/Apr/2022:11:53:40 -0300] "GET /cormun/servlet/solicitudotadjuntos?82d8405fc6fcd94811af950c6372b3bef9d76c805b4964db6de64f7cebaf996420e79b893e3b5c281e11aee6019fbd8d,gx-no-cache=1651156840776 HTTP/1.1" 200 30
190.171.142.26 - - [28/Apr/2022:11:53:40 -0300] "POST /cormun/servlet/solicitudotadjuntos?847826d5051f2e0fe97cc6b78edbd64b,INS,2022,18558,,1,,gx-no-cache=1651156840797 HTTP/1.1" 200 3879
190.171.142.26 - - [28/Apr/2022:11:53:42 -0300] "POST /cormun/servlet/solicitudotadjuntos?gx-no-cache=1651156842779 HTTP/1.1" 200 26
181.212.42.153 - - [28/Apr/2022:11:53:44 -0300] "POST /cormun/servlet/trsolicitudot?2e8e871c502cd2888351c570dfefa7ec,,gx-no-cache=1651157214072 HTTP/1.1" 200 103
181.212.42.153 - - [28/Apr/2022:11:53:44 -0300] "GET /cormun/SolicitudOT-2891.xls HTTP/1.1" 200 10240
190.171.142.26 - - [28/Apr/2022:11:53:47 -0300] "GET /cormun/servlet/solicitudotadjuntos?82d8405fc6fcd94811af950c6372b3be8d405fe8f85030b9c5102bf939d45f66,gx-no-cache=1651156846955 HTTP/1.1" 200 30
190.171.142.26 - - [28/Apr/2022:11:53:47 -0300] "GET /cormun/servlet/solicitudotadjuntos?82d8405fc6fcd94811af950c6372b3be8d405fe8f85030b9c5102bf939d45f66,gx-no-cache=1651156846975 HTTP/1.1" 200 30
190.171.142.26 - - [28/Apr/2022:11:53:47 -0300] "POST /cormun/servlet/solicitudotadjuntos?847826d5051f2e0fe97cc6b78edbd64b,INS,2022,18558,,1, HTTP/1.1" 200 6202
190.171.142.26 - - [28/Apr/2022:11:53:47 -0300] "GET /cormun/static/Shared/jqueryui/images/ui-bg_highlight-soft_100_c6c2c8_1x100.png HTTP/1.1" 404 1117
190.171.142.26 - - [28/Apr/2022:11:53:47 -0300] "GET /cormun/static/Shared/jqueryui/images/ui-icons_82798d_256x240.png HTTP/1.1" 404 1089
190.171.142.26 - - [28/Apr/2022:11:53:47 -0300] "GET /cormun/static/Shared/jqueryui/images/ui-icons_ebccce_256x240.png HTTP/1.1" 404 1089
190.171.142.26 - - [28/Apr/2022:11:53:47 -0300] "GET /cormun/static/Shared/jqueryui/images/ui-bg_flat_55_994d53_40x100.png HTTP/1.1" 404 1097
190.171.142.26 - - [28/Apr/2022:11:53:47 -0300] "GET /cormun/PrivateTempStorage/upload_00000413.pdf HTTP/1.1" 200 366645
190.171.142.26 - - [28/Apr/2022:11:53:51 -0300] "GET /cormun/servlet/solicitudotadjuntos?82d8405fc6fcd94811af950c6372b3be01ea4ea74e379449e25a6dcc4cb00fdb387957d6c70c9e06f2e98679d723cc3f,gx-no-cache=1651156851060 HTTP/1.1" 200 30
190.171.142.26 - - [28/Apr/2022:11:53:51 -0300] "POST /cormun/servlet/solicitudotadjuntos?847826d5051f2e0fe97cc6b78edbd64b,INS,2022,18558,,1, HTTP/1.1" 200 6202
190.171.142.26 - - [28/Apr/2022:11:53:51 -0300] "GET /cormun/PrivateTempStorage/upload_00000425.pdf HTTP/1.1" 200 366645
190.171.142.26 - - [28/Apr/2022:11:53:54 -0300] "POST /cormun/servlet/solicitudotadjuntos?847826d5051f2e0fe97cc6b78edbd64b,INS,2022,18558,,1, HTTP/1.1" 200 116
190.171.142.26 - - [28/Apr/2022:11:53:54 -0300] "GET /cormun/servlet/hpexe_return? HTTP/1.1" 200 1030
190.171.142.26 - - [28/Apr/2022:11:53:55 -0300] "GET /cormun/servlet/trsolicitudadjuntos?2022,18558, HTTP/1.1" 200 9881
190.171.142.26 - - [28/Apr/2022:11:53:56 -0300] "GET /cormun/servlet/trsolicitudadjuntos?2022,18558, HTTP/1.1" 200 9882
190.171.142.26 - - [28/Apr/2022:11:54:00 -0300] "GET /cormun/servlet/solicitudotadjuntos?DLT,2022,18558,CV,0, HTTP/1.1" 200 5893
190.171.142.26 - - [28/Apr/2022:11:54:00 -0300] "GET /cormun/static/about:blank HTTP/1.1" 404 1011
190.171.142.26 - - [28/Apr/2022:11:54:00 -0300] "GET /cormun/static/Shared/jqueryui/images/ui-bg_highlight-soft_100_c6c2c8_1x100.png HTTP/1.1" 404 1117
190.171.142.26 - - [28/Apr/2022:11:54:00 -0300] "GET /cormun/static/Shared/jqueryui/images/ui-icons_82798d_256x240.png HTTP/1.1" 404 1089
190.171.142.26 - - [28/Apr/2022:11:54:00 -0300] "GET /cormun/static/Shared/jqueryui/images/ui-bg_flat_55_fafafa_40x100.png HTTP/1.1" 404 1097
190.171.142.26 - - [28/Apr/2022:11:54:00 -0300] "GET /cormun/static/Shared/jqueryui/images/ui-icons_8d78a5_256x240.png HTTP/1.1" 404 1089
190.171.142.26 - - [28/Apr/2022:11:54:00 -0300] "GET /cormun/servlet/solicitudotadjuntos?DLT,2022,18558,CV,0, HTTP/1.1" 200 5887
190.171.142.26 - - [28/Apr/2022:11:54:06 -0300] "POST /cormun/servlet/solicitudotadjuntos?847826d5051f2e0fe97cc6b78edbd64b,DLT,2022,18558,CV,0,,gx-no-cache=1651156866116 HTTP/1.1" 200 93
190.171.142.26 - - [28/Apr/2022:11:54:06 -0300] "GET /cormun/servlet/hpexe_return? HTTP/1.1" 200 1032
190.171.142.26 - - [28/Apr/2022:11:54:06 -0300] "GET /cormun/servlet/trsolicitudadjuntos?2022,18558, HTTP/1.1" 200 9779
190.171.142.26 - - [28/Apr/2022:11:54:07 -0300] "GET /cormun/servlet/trsolicitudadjuntos?2022,18558, HTTP/1.1" 200 9776
190.171.142.26 - - [28/Apr/2022:11:54:09 -0300] "GET /cormun/servlet/solicitudotadjuntos?INS,2022,18558,,1, HTTP/1.1" 200 6026
190.171.142.26 - - [28/Apr/2022:11:54:09 -0300] "GET /cormun/static/about:blank HTTP/1.1" 404 1011
190.171.142.26 - - [28/Apr/2022:11:54:09 -0300] "GET /cormun/servlet/solicitudotadjuntos?INS,2022,18558,,1, HTTP/1.1" 200 6020
190.171.142.26 - - [28/Apr/2022:11:54:09 -0300] "GET /cormun/servlet/solicitudotadjuntos?82d8405fc6fcd94811af950c6372b3bef9d76c805b4964db6de64f7cebaf996420e79b893e3b5c281e11aee6019fbd8d,gx-no-cache=1651156869784 HTTP/1.1" 200 30
190.171.142.26 - - [28/Apr/2022:11:54:09 -0300] "POST /cormun/servlet/solicitudotadjuntos?847826d5051f2e0fe97cc6b78edbd64b,INS,2022,18558,,1,,gx-no-cache=1651156869802 HTTP/1.1" 200 3878
190.171.142.10 - - [28/Apr/2022:11:54:10 -0300] "GET /cormun/servlet/hlogin HTTP/1.1" 200 1724
190.171.142.26 - - [28/Apr/2022:11:54:11 -0300] "POST /cormun/servlet/solicitudotadjuntos?gx-no-cache=1651156871844 HTTP/1.1" 200 26
190.171.142.10 - - [28/Apr/2022:11:54:15 -0300] "POST /cormun/servlet/hlogin?0faee8683e72a9e596486e05ed216c69,gx-no-cache=1651156878154 HTTP/1.1" 200 90
190.171.142.10 - - [28/Apr/2022:11:54:15 -0300] "GET /cormun/servlet/hpexe_link HTTP/1.1" 200 952
190.171.142.10 - - [28/Apr/2022:11:54:16 -0300] "GET /cormun/servlet/hhome HTTP/1.1" 200 4115
190.171.142.26 - - [28/Apr/2022:11:54:16 -0300] "GET /cormun/servlet/solicitudotadjuntos?82d8405fc6fcd94811af950c6372b3be8d405fe8f85030b9c5102bf939d45f66,gx-no-cache=1651156876057 HTTP/1.1" 200 30
190.171.142.26 - - [28/Apr/2022:11:54:16 -0300] "GET /cormun/servlet/solicitudotadjuntos?82d8405fc6fcd94811af950c6372b3be8d405fe8f85030b9c5102bf939d45f66,gx-no-cache=1651156876075 HTTP/1.1" 200 30
190.171.142.10 - - [28/Apr/2022:11:54:16 -0300] "GET /cormun/servlet/hhome HTTP/1.1" 200 4113
190.171.142.26 - - [28/Apr/2022:11:54:16 -0300] "POST /cormun/servlet/solicitudotadjuntos?847826d5051f2e0fe97cc6b78edbd64b,INS,2022,18558,,1, HTTP/1.1" 200 116
190.171.142.26 - - [28/Apr/2022:11:54:16 -0300] "GET /cormun/servlet/hpexe_return? HTTP/1.1" 200 1030
190.171.142.26 - - [28/Apr/2022:11:54:16 -0300] "GET /cormun/servlet/trsolicitudadjuntos?2022,18558, HTTP/1.1" 200 9950
190.171.142.26 - - [28/Apr/2022:11:54:17 -0300] "GET /cormun/servlet/trsolicitudadjuntos?2022,18558, HTTP/1.1" 200 9950
190.171.142.10 - - [28/Apr/2022:11:54:19 -0300] "GET /cormun/servlet/trlicencias? HTTP/1.1" 200 17478
190.171.142.10 - - [28/Apr/2022:11:54:19 -0300] "GET /cormun/servlet/trlicencias? HTTP/1.1" 200 17485
192.168.10.11 - - [28/Apr/2022:11:54:21 -0300] "GET / HTTP/1.1" 200 11217
190.171.142.26 - - [28/Apr/2022:11:54:23 -0300] "GET /cormun/servlet/trsolicitudot? HTTP/1.1" 200 9399
190.171.142.26 - - [28/Apr/2022:11:54:23 -0300] "GET /cormun/servlet/trsolicitudot? HTTP/1.1" 200 9392
190.171.142.26 - - [28/Apr/2022:11:54:27 -0300] "POST /cormun/servlet/trsolicitudot?847826d5051f2e0fe97cc6b78edbd64b,,gx-no-cache=1651156886966 HTTP/1.1" 200 107
190.171.142.26 - - [28/Apr/2022:11:54:27 -0300] "GET /cormun/servlet/trsolicitudadjuntos?2022,18553, HTTP/1.1" 200 6080
190.171.142.26 - - [28/Apr/2022:11:54:27 -0300] "GET /cormun/servlet/trsolicitudadjuntos?2022,18553, HTTP/1.1" 200 6080
190.171.142.26 - - [28/Apr/2022:11:54:30 -0300] "GET /cormun/servlet/solicitudotadjuntos?INS,2022,18553,,1, HTTP/1.1" 200 6026
190.171.142.26 - - [28/Apr/2022:11:54:30 -0300] "GET /cormun/static/about:blank HTTP/1.1" 404 1011
190.171.142.26 - - [28/Apr/2022:11:54:31 -0300] "GET /cormun/servlet/solicitudotadjuntos?INS,2022,18553,,1, HTTP/1.1" 200 6020
192.168.10.17 - - [28/Apr/2022:11:54:31 -0300] "GET /cormun/servlet/vesolicitudgral?2022,18453,,SolicitudOTAdjuntos HTTP/1.1" 200 10852
190.171.142.26 - - [28/Apr/2022:11:54:31 -0300] "GET /cormun/servlet/solicitudotadjuntos?82d8405fc6fcd94811af950c6372b3be2197132c4f8ac7a3c482d26d1037986520e79b893e3b5c281e11aee6019fbd8d,gx-no-cache=1651156891368 HTTP/1.1" 200 30
190.171.142.26 - - [28/Apr/2022:11:54:31 -0300] "POST /cormun/servlet/solicitudotadjuntos?847826d5051f2e0fe97cc6b78edbd64b,INS,2022,18553,,1,,gx-no-cache=1651156891401 HTTP/1.1" 200 3878
192.168.10.17 - - [28/Apr/2022:11:54:31 -0300] "GET /cormun/servlet/vesolicitudgral?2022,18453,,SolicitudOTAdjuntos HTTP/1.1" 200 10854
192.168.10.17 - - [28/Apr/2022:11:54:32 -0300] "POST /cormun/servlet/acontrolpreferencessavestate?None,RRHH+DANIELA,true HTTP/1.1" 200 35
190.171.142.26 - - [28/Apr/2022:11:54:33 -0300] "POST /cormun/servlet/solicitudotadjuntos?gx-no-cache=1651156893124 HTTP/1.1" 200 26
192.168.10.17 - - [28/Apr/2022:11:54:34 -0300] "GET /cormun/PublicTempStorage/curriculum_educativo7075497.pdf HTTP/1.1" 200 28850
190.171.142.26 - - [28/Apr/2022:11:54:41 -0300] "GET /cormun/servlet/solicitudotadjuntos?82d8405fc6fcd94811af950c6372b3be8d405fe8f85030b9c5102bf939d45f66,gx-no-cache=1651156901446 HTTP/1.1" 200 30
190.171.142.26 - - [28/Apr/2022:11:54:41 -0300] "GET /cormun/servlet/solicitudotadjuntos?82d8405fc6fcd94811af950c6372b3be8d405fe8f85030b9c5102bf939d45f66,gx-no-cache=1651156901460 HTTP/1.1" 200 30
190.171.142.26 - - [28/Apr/2022:11:54:41 -0300] "POST /cormun/servlet/solicitudotadjuntos?847826d5051f2e0fe97cc6b78edbd64b,INS,2022,18553,,1, HTTP/1.1" 200 116
190.171.142.26 - - [28/Apr/2022:11:54:41 -0300] "GET /cormun/servlet/hpexe_return? HTTP/1.1" 200 1030
190.171.142.26 - - [28/Apr/2022:11:54:41 -0300] "GET /cormun/servlet/trsolicitudadjuntos?2022,18553, HTTP/1.1" 200 8851
190.171.142.26 - - [28/Apr/2022:11:54:42 -0300] "GET /cormun/servlet/trsolicitudadjuntos?2022,18553, HTTP/1.1" 200 8848
190.171.142.26 - - [28/Apr/2022:11:54:44 -0300] "GET /cormun/servlet/solicitudotadjuntos?INS,2022,18553,,1, HTTP/1.1" 200 6026
190.171.142.26 - - [28/Apr/2022:11:54:44 -0300] "GET /cormun/static/about:blank HTTP/1.1" 404 1011
190.171.142.26 - - [28/Apr/2022:11:54:44 -0300] "GET /cormun/servlet/solicitudotadjuntos?INS,2022,18553,,1, HTTP/1.1" 200 6020
190.171.142.26 - - [28/Apr/2022:11:54:44 -0300] "GET /cormun/servlet/solicitudotadjuntos?82d8405fc6fcd94811af950c6372b3be2197132c4f8ac7a3c482d26d1037986520e79b893e3b5c281e11aee6019fbd8d,gx-no-cache=1651156904700 HTTP/1.1" 200 30
190.171.142.26 - - [28/Apr/2022:11:54:44 -0300] "POST /cormun/servlet/solicitudotadjuntos?847826d5051f2e0fe97cc6b78edbd64b,INS,2022,18553,,1,,gx-no-cache=1651156904747 HTTP/1.1" 200 3878
190.171.142.26 - - [28/Apr/2022:11:54:46 -0300] "POST /cormun/servlet/solicitudotadjuntos?gx-no-cache=1651156906740 HTTP/1.1" 200 26
190.171.142.26 - - [28/Apr/2022:11:54:51 -0300] "GET /cormun/servlet/solicitudotadjuntos?82d8405fc6fcd94811af950c6372b3be8d405fe8f85030b9c5102bf939d45f66,gx-no-cache=1651156911601 HTTP/1.1" 200 30
190.171.142.26 - - [28/Apr/2022:11:54:51 -0300] "GET /cormun/servlet/solicitudotadjuntos?82d8405fc6fcd94811af950c6372b3be8d405fe8f85030b9c5102bf939d45f66,gx-no-cache=1651156911619 HTTP/1.1" 200 30
190.171.142.26 - - [28/Apr/2022:11:54:52 -0300] "POST /cormun/servlet/solicitudotadjuntos?847826d5051f2e0fe97cc6b78edbd64b,INS,2022,18553,,1, HTTP/1.1" 200 116
190.171.142.26 - - [28/Apr/2022:11:54:52 -0300] "GET /cormun/servlet/hpexe_return? HTTP/1.1" 200 1030
190.171.142.26 - - [28/Apr/2022:11:54:52 -0300] "GET /cormun/servlet/trsolicitudadjuntos?2022,18553, HTTP/1.1" 200 9081
190.171.142.26 - - [28/Apr/2022:11:54:52 -0300] "GET /cormun/servlet/trsolicitudadjuntos?2022,18553, HTTP/1.1" 200 9080
190.171.142.26 - - [28/Apr/2022:11:54:54 -0300] "GET /cormun/servlet/solicitudotadjuntos?INS,2022,18553,,1, HTTP/1.1" 200 6026
190.171.142.26 - - [28/Apr/2022:11:54:55 -0300] "GET /cormun/static/about:blank HTTP/1.1" 404 1011
190.171.142.26 - - [28/Apr/2022:11:54:55 -0300] "GET /cormun/servlet/solicitudotadjuntos?INS,2022,18553,,1, HTTP/1.1" 200 6020
190.171.142.26 - - [28/Apr/2022:11:54:55 -0300] "GET /cormun/servlet/solicitudotadjuntos?82d8405fc6fcd94811af950c6372b3be2197132c4f8ac7a3c482d26d1037986520e79b893e3b5c281e11aee6019fbd8d,gx-no-cache=1651156915500 HTTP/1.1" 200 30
190.171.142.26 - - [28/Apr/2022:11:54:55 -0300] "POST /cormun/servlet/solicitudotadjuntos?847826d5051f2e0fe97cc6b78edbd64b,INS,2022,18553,,1,,gx-no-cache=1651156915520 HTTP/1.1" 200 3878
190.171.142.26 - - [28/Apr/2022:11:54:58 -0300] "POST /cormun/servlet/solicitudotadjuntos?gx-no-cache=1651156918035 HTTP/1.1" 200 26
