190.171.149.82 - - [26/Apr/2022:12:04:20 -0300] "GET /cormun/static/SmoothNavMenu/resources/images/right.gif HTTP/1.1" 200 860
190.171.149.82 - - [26/Apr/2022:12:04:20 -0300] "GET /cormun/servlet/hhome HTTP/1.1" 200 4190
190.171.149.82 - - [26/Apr/2022:12:04:27 -0300] "GET /cormun/servlet/trautorizarpermisogoce? HTTP/1.1" 200 8122
190.171.149.82 - - [26/Apr/2022:12:04:27 -0300] "GET /cormun/static/gxcfg.js?2020121645532 HTTP/1.1" 200 953
190.171.149.82 - - [26/Apr/2022:12:04:27 -0300] "GET /cormun/static/trautorizarpermisogoce.js?2020121651492 HTTP/1.1" 200 34948
190.171.149.82 - - [26/Apr/2022:12:04:27 -0300] "GET /cormun/servlet/trautorizarpermisogoce? HTTP/1.1" 200 8120
192.168.10.11 - - [26/Apr/2022:12:04:30 -0300] "GET / HTTP/1.1" 200 11217
190.171.149.82 - - [26/Apr/2022:12:04:33 -0300] "POST /cormun/servlet/trautorizarpermisogoce?9b3407c26d842b9e5dc1e11d548bf019,,gx-no-cache=1650984722688 HTTP/1.1" 200 5275
190.171.149.82 - - [26/Apr/2022:12:04:33 -0300] "GET /cormun/static/Shared/jqueryui/images/ui-bg_highlight-soft_100_c6c2c8_1x100.png HTTP/1.1" 404 1117
190.171.149.82 - - [26/Apr/2022:12:04:33 -0300] "GET /cormun/static/Shared/jqueryui/images/ui-icons_82798d_256x240.png HTTP/1.1" 404 1089
190.171.149.82 - - [26/Apr/2022:12:04:33 -0300] "GET /cormun/static/Shared/jqueryui/images/ui-bg_flat_55_fafafa_40x100.png HTTP/1.1" 404 1097
190.171.149.82 - - [26/Apr/2022:12:04:33 -0300] "GET /cormun/static/Shared/jqueryui/images/ui-icons_8d78a5_256x240.png HTTP/1.1" 404 1089
190.171.149.82 - - [26/Apr/2022:12:04:34 -0300] "POST /cormun/servlet/trautorizarpermisogoce?9b3407c26d842b9e5dc1e11d548bf019,,gx-no-cache=1650984724374 HTTP/1.1" 200 4522
186.67.172.234 - - [26/Apr/2022:12:05:17 -0300] "GET /cormun/servlet/prbanco?,MD,,gxPopupLevel%3D0%3B HTTP/1.1" 200 6671
186.67.172.234 - - [26/Apr/2022:12:05:17 -0300] "GET /cormun/static/gxcfg.js?20201216131581 HTTP/1.1" 200 953
186.67.172.234 - - [26/Apr/2022:12:05:17 -0300] "GET /cormun/static/prbanco.js?20201216132311 HTTP/1.1" 200 10693
192.168.10.11 - - [26/Apr/2022:12:05:30 -0300] "GET / HTTP/1.1" 200 11217
186.67.172.234 - - [26/Apr/2022:12:05:48 -0300] "GET /cormun/servlet/solicitudot?ce6bdbf81f87d14e98f2bc47cbaddd16218c26e6db7d07427588c6ebd6587238f5b94d2737410e038cd8314838eb6862f6fe010b08e8fbd6fe64cb58382f2bba,gx-no-cache=1650984797778 HTTP/1.1" 200 30
186.67.172.234 - - [26/Apr/2022:12:06:00 -0300] "GET /cormun/servlet/solicitudot?ce6bdbf81f87d14e98f2bc47cbaddd16e3d2f95077cdbfab4e93316da9d45507,gx-no-cache=1650984809954 HTTP/1.1" 200 55
186.67.172.234 - - [26/Apr/2022:12:06:11 -0300] "POST /cormun/servlet/solicitudot?gx-no-cache=1650984821383 HTTP/1.1" 200 240
186.67.172.234 - - [26/Apr/2022:12:06:12 -0300] "GET /cormun/servlet/solicitudot?ce6bdbf81f87d14e98f2bc47cbaddd167333fbfc0ca1374cd1ae4a4e28203ce704d33ec5e55ccfcd6ba4e3a73e57bacc1859b1fa6c859f772e52d0dd7391de549c1fdb1130acaf5097ab15c04732bbbefbd63531cd51b9b1d043d0383a8cfef6f5fd50e83f5c55d390531efc22699f30de2020051cb247b5f7125eaa8045e378dfbdfb5f5c37918ee62bc64813ee862a467f4a9487d9937b78159f68a7855c893a943f494e485bfa54a3e7906f7dcfbb5bcb6af9b319614703d47035cf937f824722d492680a2e403861146efe815c3ab5e0f9a5220656c362bdc203d415c0dd52f213192bb9e72beaede0e46205efd59fcbae3610c4afc3daa482fa4d2837ef1b046d7c2ee78d48a9bbabffd055bcc56ec87fa6210c7ff51c245c64b5205fa5f5b58096496a5d496ee8d74c69ea6e61c54d5d217d99f752b9207456a3ce97544c1f5c06468c92c7725e11bc1c4181a104f03f628347900c1a7435a4fdbffbfe7651740153ca6f2982d1f6008a9d1c089d125a0c426c7a6589d7b603ca63e2b3,gx-no-cache=1650984822746 HTTP/1.1" 200 30
186.67.172.234 - - [26/Apr/2022:12:06:14 -0300] "POST /cormun/servlet/solicitudot?gx-no-cache=1650984824695 HTTP/1.1" 200 30
186.67.172.234 - - [26/Apr/2022:12:06:20 -0300] "GET /cormun/servlet/prsolicitudot?18798868,,,,,MD,,gxPopupLevel%3D0%3B HTTP/1.1" 200 6094
186.67.172.234 - - [26/Apr/2022:12:06:20 -0300] "GET /cormun/static/gxcfg.js?20201215593468 HTTP/1.1" 200 953
186.67.172.234 - - [26/Apr/2022:12:06:20 -0300] "GET /cormun/static/prsolicitudot.js?20201215593721 HTTP/1.1" 200 13680
192.168.10.11 - - [26/Apr/2022:12:06:30 -0300] "GET / HTTP/1.1" 200 11217
186.67.172.234 - - [26/Apr/2022:12:06:33 -0300] "POST /cormun/servlet/solicitudot?gx-no-cache=1650984843176 HTTP/1.1" 200 1536
186.67.172.234 - - [26/Apr/2022:12:06:33 -0300] "GET /cormun/static/Shared/jqueryui/images/ui-bg_highlight-soft_100_c6c2c8_1x100.png HTTP/1.1" 404 1117
186.67.172.234 - - [26/Apr/2022:12:06:33 -0300] "GET /cormun/static/Shared/jqueryui/images/ui-icons_82798d_256x240.png HTTP/1.1" 404 1089
186.67.172.234 - - [26/Apr/2022:12:06:33 -0300] "GET /cormun/static/Shared/jqueryui/images/ui-bg_flat_55_994d53_40x100.png HTTP/1.1" 404 1097
186.67.172.234 - - [26/Apr/2022:12:06:33 -0300] "GET /cormun/static/Shared/jqueryui/images/ui-icons_ebccce_256x240.png HTTP/1.1" 404 1089
186.67.172.234 - - [26/Apr/2022:12:06:33 -0300] "POST /cormun/servlet/solicitudot?gx-no-cache=1650984843215 HTTP/1.1" 200 117
186.67.172.234 - - [26/Apr/2022:12:06:33 -0300] "GET /cormun/servlet/solicitudot?ce6bdbf81f87d14e98f2bc47cbaddd168061325e272a66224a0e11f6597d7b8ffae312d3da9364648269a0ccf84a6bb4cad57fb4d045354bce92cc77478a5ab0af91c133f2fbe89222d73f2cdbbb9cde50e8f81f46a1480222ddbcae50a85ecc957af1739bd3cba7e41ceaef03015907,gx-no-cache=1650984843235 HTTP/1.1" 200 110
186.67.172.234 - - [26/Apr/2022:12:06:33 -0300] "POST /cormun/servlet/solicitudot?gx-no-cache=1650984843255 HTTP/1.1" 200 64
186.67.172.234 - - [26/Apr/2022:12:06:33 -0300] "GET /cormun/servlet/solicitudot?ce6bdbf81f87d14e98f2bc47cbaddd1605f9b3db4d81c63aa9aa4c33c8afc58e8af6f611b2c2f4ff3e3dd8eec5c53f40c639cecba1bc82664e2a1de64ccfac28e918510e973d2b018f37f8039d3c260ea99cbe57a0a970b6608002d6ec5f126aaf02935134b51325761201b909effe06,gx-no-cache=1650984843277 HTTP/1.1" 200 29
186.67.172.234 - - [26/Apr/2022:12:06:33 -0300] "GET /cormun/servlet/solicitudot?ce6bdbf81f87d14e98f2bc47cbaddd166fb1c2fa3804ba3445b44f3851f0ed25,gx-no-cache=1650984843294 HTTP/1.1" 200 30
186.67.172.234 - - [26/Apr/2022:12:06:34 -0300] "GET /cormun/servlet/prcontratosol?18798868,,,,,MD,,gxPopupLevel%3D0%3B HTTP/1.1" 200 7732
186.67.172.234 - - [26/Apr/2022:12:06:34 -0300] "GET /cormun/static/gxcfg.js?2019914201458 HTTP/1.1" 200 953
186.67.172.234 - - [26/Apr/2022:12:06:34 -0300] "GET /cormun/static/prcontratosol.js?20199142014772 HTTP/1.1" 200 15806
186.67.172.234 - - [26/Apr/2022:12:06:34 -0300] "GET /cormun/static/Resources/Spanish/PXTools.css?19172979 HTTP/1.1" 200 100853
190.171.153.50 - - [26/Apr/2022:12:06:36 -0300] "GET /cormun/servlet/solicitudot?d79289a8c0d94aeba4c1dafcd332bce75ae89d3d110dc2b3bdd7ad737ba06837e59f01a72594834876303ad7b09c34c8de087d4db8193762efee4c19ee351f16c62627090e1e95d4b36d6b87800b58a992131c5a3eb8d1462ce96e1ade3ee4075026e7ffa0ce755aeb92d35af0c98e09,gx-no-cache=1650985171919 HTTP/1.1" 200 110
186.67.172.234 - - [26/Apr/2022:12:06:40 -0300] "POST /cormun/servlet/solicitudot?gx-no-cache=1650984850360 HTTP/1.1" 200 1536
186.67.172.234 - - [26/Apr/2022:12:06:40 -0300] "POST /cormun/servlet/solicitudot?gx-no-cache=1650984850388 HTTP/1.1" 200 117
186.67.172.234 - - [26/Apr/2022:12:06:40 -0300] "GET /cormun/servlet/solicitudot?ce6bdbf81f87d14e98f2bc47cbaddd168061325e272a66224a0e11f6597d7b8ffae312d3da9364648269a0ccf84a6bb4cad57fb4d045354bce92cc77478a5ab0af91c133f2fbe89222d73f2cdbbb9cde50e8f81f46a1480222ddbcae50a85ecc957af1739bd3cba7e41ceaef03015907,gx-no-cache=1650984850407 HTTP/1.1" 200 110
186.67.172.234 - - [26/Apr/2022:12:06:40 -0300] "GET /cormun/servlet/solicitudot?ce6bdbf81f87d14e98f2bc47cbaddd1698fb84f6e60ed0dfec6bfce2c40c1f4473efaa45cfb3158ca9a7c2a276514fdb,gx-no-cache=1650984850427 HTTP/1.1" 200 134
186.67.172.234 - - [26/Apr/2022:12:06:45 -0300] "GET /cormun/servlet/prsolicitudot?18798868,,,,,MD,,gxPopupLevel%3D0%3B HTTP/1.1" 200 6094
186.67.172.234 - - [26/Apr/2022:12:06:53 -0300] "POST /cormun/servlet/solicitudot?gx-no-cache=1650984862943 HTTP/1.1" 200 1536
186.67.172.234 - - [26/Apr/2022:12:06:53 -0300] "POST /cormun/servlet/solicitudot?gx-no-cache=1650984862971 HTTP/1.1" 200 121
186.67.172.234 - - [26/Apr/2022:12:06:53 -0300] "GET /cormun/servlet/solicitudot?ce6bdbf81f87d14e98f2bc47cbaddd168061325e272a66224a0e11f6597d7b8ffae312d3da9364648269a0ccf84a6bb4cad57fb4d045354bce92cc77478a5ab0af91c133f2fbe89222d73f2cdbbb9cde50e8f81f46a1480222ddbcae50a85ecc957af1739bd3cba7e41ceaef03015907,gx-no-cache=1650984862990 HTTP/1.1" 200 110
186.67.172.234 - - [26/Apr/2022:12:06:53 -0300] "GET /cormun/servlet/solicitudot?ce6bdbf81f87d14e98f2bc47cbaddd1698fb84f6e60ed0dfec6bfce2c40c1f4473efaa45cfb3158ca9a7c2a276514fdb,gx-no-cache=1650984863011 HTTP/1.1" 200 134
186.67.172.234 - - [26/Apr/2022:12:06:57 -0300] "GET /cormun/servlet/prpersonalsolicitud?18798868,,,,,MD,,gxPopupLevel%3D0%3B HTTP/1.1" 200 5747
186.67.172.234 - - [26/Apr/2022:12:06:57 -0300] "GET /cormun/static/gxcfg.js?20199142022523 HTTP/1.1" 200 953
186.67.172.234 - - [26/Apr/2022:12:06:57 -0300] "GET /cormun/static/prpersonalsolicitud.js?20199142022764 HTTP/1.1" 200 13873
186.67.172.234 - - [26/Apr/2022:12:07:09 -0300] "GET /cormun/servlet/prsolicitudot?18798868,,,,,MD,,gxPopupLevel%3D0%3B HTTP/1.1" 200 6094
186.67.172.234 - - [26/Apr/2022:12:07:11 -0300] "POST /cormun/servlet/solicitudot?gx-no-cache=1650984881061 HTTP/1.1" 200 1536
186.67.172.234 - - [26/Apr/2022:12:07:11 -0300] "POST /cormun/servlet/solicitudot?gx-no-cache=1650984881094 HTTP/1.1" 200 121
186.67.172.234 - - [26/Apr/2022:12:07:11 -0300] "GET /cormun/servlet/solicitudot?ce6bdbf81f87d14e98f2bc47cbaddd168061325e272a66224a0e11f6597d7b8ffae312d3da9364648269a0ccf84a6bb4cad57fb4d045354bce92cc77478a5ab0af91c133f2fbe89222d73f2cdbbb9cde50e8f81f46a1480222ddbcae50a85ecc957af1739bd3cba7e41ceaef03015907,gx-no-cache=1650984881114 HTTP/1.1" 200 110
186.67.172.234 - - [26/Apr/2022:12:07:11 -0300] "GET /cormun/servlet/solicitudot?ce6bdbf81f87d14e98f2bc47cbaddd1698fb84f6e60ed0dfec6bfce2c40c1f4473efaa45cfb3158ca9a7c2a276514fdb,gx-no-cache=1650984881136 HTTP/1.1" 200 134
186.67.172.234 - - [26/Apr/2022:12:07:18 -0300] "POST /cormun/servlet/solicitudot?gx-no-cache=1650984888328 HTTP/1.1" 200 30
192.168.10.11 - - [26/Apr/2022:12:07:30 -0300] "GET / HTTP/1.1" 200 11217
186.67.172.234 - - [26/Apr/2022:12:07:40 -0300] "GET /cormun/servlet/prlicenciaspermisos?7918129,L,,MD,,gxPopupLevel%3D0%3B HTTP/1.1" 200 7851
186.67.172.234 - - [26/Apr/2022:12:07:44 -0300] "POST /cormun/servlet/solicitudot?gx-no-cache=1650984914187 HTTP/1.1" 200 1455
190.171.153.50 - - [26/Apr/2022:12:08:28 -0300] "POST /cormun/servlet/solicitudot?gx-no-cache=1650985283922 HTTP/1.1" 200 64
192.168.10.11 - - [26/Apr/2022:12:08:30 -0300] "GET / HTTP/1.1" 200 11217
186.67.172.234 - - [26/Apr/2022:12:08:40 -0300] "POST /cormun/servlet/solicitudot?gx-no-cache=1650984970724 HTTP/1.1" 200 41
186.67.172.234 - - [26/Apr/2022:12:09:00 -0300] "GET /cormun/servlet/solicitudot?ce6bdbf81f87d14e98f2bc47cbaddd168061325e272a66224a0e11f6597d7b8ffae312d3da9364648269a0ccf84a6bb4cad57fb4d045354bce92cc77478a5ab0af91c133f2fbe89222d73f2cdbbb9cde50e8f81f46a1480222ddbcae50a85ecc957af1739bd3cba7e41ceaef03015907,gx-no-cache=1650984990206 HTTP/1.1" 200 110
186.67.172.234 - - [26/Apr/2022:12:09:00 -0300] "POST /cormun/servlet/solicitudot?gx-no-cache=1650984990232 HTTP/1.1" 200 97
186.67.172.234 - - [26/Apr/2022:12:09:10 -0300] "GET /cormun/static/menuarrow.gif HTTP/1.1" 404 1015
186.67.172.234 - - [26/Apr/2022:12:09:25 -0300] "GET /cormun/servlet/solicitudot?ce6bdbf81f87d14e98f2bc47cbaddd16c3b572eb60b36215cd136257695eacdf5e288fec07d4eb286717dbd2c5f688d6,gx-no-cache=1650985015034 HTTP/1.1" 200 30
192.168.10.11 - - [26/Apr/2022:12:09:30 -0300] "GET / HTTP/1.1" 200 11217
186.67.172.234 - - [26/Apr/2022:12:09:53 -0300] "POST /cormun/servlet/solicitudot?gx-no-cache=1650985043128 HTTP/1.1" 200 34
186.67.172.234 - - [26/Apr/2022:12:10:08 -0300] "GET /cormun/servlet/prlicenciaspermisos?7918129,L,,MD,,gxPopupLevel%3D0%3B HTTP/1.1" 200 7851
186.67.172.234 - - [26/Apr/2022:12:10:18 -0300] "GET /cormun/servlet/solicitudot?ce6bdbf81f87d14e98f2bc47cbaddd168061325e272a66224a0e11f6597d7b8ffae312d3da9364648269a0ccf84a6bb4cad57fb4d045354bce92cc77478a5ab0af91c133f2fbe89222d73f2cdbbb9cde50e8f81f46a1480222ddbcae50a85ecc957af1739bd3cba7e41ceaef03015907,gx-no-cache=1650985068769 HTTP/1.1" 200 110
186.67.172.234 - - [26/Apr/2022:12:10:19 -0300] "GET /cormun/servlet/solicitudot?ce6bdbf81f87d14e98f2bc47cbaddd16c3b572eb60b36215cd136257695eacdf91203b7cd9e2b1809b92d9171197ab7e,gx-no-cache=1650985068793 HTTP/1.1" 200 30
186.67.172.234 - - [26/Apr/2022:12:10:19 -0300] "POST /cormun/servlet/solicitudot?gx-no-cache=1650985068813 HTTP/1.1" 200 34
186.67.172.234 - - [26/Apr/2022:12:10:19 -0300] "POST /cormun/servlet/solicitudot?8eb1996702695aa0922f0be605b26d45,INS,0,0,false,,gx-no-cache=1650985068841 HTTP/1.1" 200 93
186.67.172.234 - - [26/Apr/2022:12:10:19 -0300] "GET /cormun/servlet/hpexe_return? HTTP/1.1" 200 1010
186.67.172.234 - - [26/Apr/2022:12:10:19 -0300] "GET /cormun/static/gxcfg.js?201991422392976 HTTP/1.1" 200 953
186.67.172.234 - - [26/Apr/2022:12:10:19 -0300] "GET /cormun/static/hpexe_return.js?201991422392984 HTTP/1.1" 200 1633
186.67.172.234 - - [26/Apr/2022:12:10:19 -0300] "GET /cormun/servlet/trsolicitudot HTTP/1.1" 200 8919
186.67.172.234 - - [26/Apr/2022:12:10:19 -0300] "GET /cormun//static/Resources/PXToolsActionView.png HTTP/1.1" 200 398
186.67.172.234 - - [26/Apr/2022:12:10:19 -0300] "GET /cormun//static/Resources/PXToolsGridUpdate.png HTTP/1.1" 200 470
186.67.172.234 - - [26/Apr/2022:12:10:19 -0300] "GET /cormun//static/Resources/PXToolsGridDelete.png HTTP/1.1" 200 538
186.67.172.234 - - [26/Apr/2022:12:10:19 -0300] "GET /cormun//static/Resources/PXToolsRemoveAllAction.png HTTP/1.1" 200 487
186.67.172.234 - - [26/Apr/2022:12:10:19 -0300] "GET /cormun/servlet/trsolicitudot HTTP/1.1" 200 8917
186.67.172.234 - - [26/Apr/2022:12:10:24 -0300] "GET /cormun/servlet/solicitudot?INS,0,0,false, HTTP/1.1" 200 16078
186.67.172.234 - - [26/Apr/2022:12:10:24 -0300] "GET /cormun/servlet/solicitudot?INS,0,0,false, HTTP/1.1" 200 16085
192.168.10.11 - - [26/Apr/2022:12:10:30 -0300] "GET / HTTP/1.1" 200 11217
186.67.172.234 - - [26/Apr/2022:12:10:40 -0300] "GET /cormun/servlet/trsolicitudot? HTTP/1.1" 200 8918
186.67.172.234 - - [26/Apr/2022:12:10:41 -0300] "GET /cormun/servlet/trsolicitudot? HTTP/1.1" 200 8917
186.67.172.234 - - [26/Apr/2022:12:10:54 -0300] "GET /cormun/servlet/solicitudot?INS,0,0,false, HTTP/1.1" 200 16078
186.67.172.234 - - [26/Apr/2022:12:10:54 -0300] "GET /cormun/servlet/solicitudot?INS,0,0,false, HTTP/1.1" 200 16085
192.168.10.96 - - [26/Apr/2022:12:11:01 -0300] "POST /cormun/servlet/trsolicitudgral?20347531d677c48e300056ebf3a5f551,,gx-no-cache=1650984939796 HTTP/1.1" 440 972
192.168.10.96 - - [26/Apr/2022:12:11:02 -0300] "GET /cormun/servlet/trsolicitudgral? HTTP/1.1" 500 10
192.168.10.96 - - [26/Apr/2022:12:11:04 -0300] "GET /cormun/servlet/hlogin HTTP/1.1" 200 1730
186.67.172.234 - - [26/Apr/2022:12:11:05 -0300] "POST /cormun/servlet/solicitudot?gx-no-cache=1650985115435 HTTP/1.1" 200 3858
186.67.172.234 - - [26/Apr/2022:12:11:05 -0300] "POST /cormun/servlet/solicitudot?8eb1996702695aa0922f0be605b26d45,INS,0,0,false,,gx-no-cache=1650985115560 HTTP/1.1" 200 12670
192.168.10.96 - - [26/Apr/2022:12:11:06 -0300] "POST /cormun/servlet/hlogin?cd6efbafcfcc11fdf9698c939c7552a5,gx-no-cache=1650984944651 HTTP/1.1" 200 90
192.168.10.96 - - [26/Apr/2022:12:11:06 -0300] "GET /cormun/servlet/hpexe_link HTTP/1.1" 200 955
192.168.10.96 - - [26/Apr/2022:12:11:06 -0300] "GET /cormun/servlet/hhome HTTP/1.1" 200 3790
192.168.10.96 - - [26/Apr/2022:12:11:06 -0300] "GET /cormun/servlet/hhome HTTP/1.1" 200 3787
186.67.172.234 - - [26/Apr/2022:12:11:07 -0300] "GET /cormun/servlet/solicitudot?ce6bdbf81f87d14e98f2bc47cbaddd16fb6a1bc2b997dab9e95a09eff6f2d754ce9f10051f47c51ca4eef6a86355dbb7,gx-no-cache=1650985117603 HTTP/1.1" 200 30
192.168.10.96 - - [26/Apr/2022:12:11:09 -0300] "GET /cormun/servlet/trsolicitudgral? HTTP/1.1" 200 27978
190.171.153.50 - - [26/Apr/2022:12:11:09 -0300] "POST /cormun/servlet/solicitudot?gx-no-cache=1650985445448 HTTP/1.1" 200 59
192.168.10.96 - - [26/Apr/2022:12:11:10 -0300] "GET /cormun/servlet/trsolicitudgral? HTTP/1.1" 200 27976
192.168.10.96 - - [26/Apr/2022:12:11:14 -0300] "POST /cormun/servlet/trsolicitudgral?cd6efbafcfcc11fdf9698c939c7552a5,,gx-no-cache=1650984951905 HTTP/1.1" 200 25510
192.168.10.96 - - [26/Apr/2022:12:11:17 -0300] "POST /cormun/servlet/trsolicitudgral?cd6efbafcfcc11fdf9698c939c7552a5,,gx-no-cache=1650984955326 HTTP/1.1" 200 26792
190.171.153.50 - - [26/Apr/2022:12:11:19 -0300] "GET /cormun/servlet/solicitudot?d79289a8c0d94aeba4c1dafcd332bce723ecb66459363a65f5a4e4541f3749959c37474f5a523010a9bd3735d9b2efe5ea7936b9af8751295fab3e10d59680f8ebdfbacb0cf96f06b91e512fd4004f854b421003362b68a05c59c9045979eaa6f13c6a1ef72ba9f743f3e52f7476cbb2,gx-no-cache=1650985455430 HTTP/1.1" 200 29
190.171.153.50 - - [26/Apr/2022:12:11:19 -0300] "GET /cormun/static/menuarrow.gif HTTP/1.1" 404 1015
192.168.10.96 - - [26/Apr/2022:12:11:26 -0300] "POST /cormun/servlet/trsolicitudgral?cd6efbafcfcc11fdf9698c939c7552a5,,gx-no-cache=1650984964356 HTTP/1.1" 200 6627
192.168.10.11 - - [26/Apr/2022:12:11:30 -0300] "GET / HTTP/1.1" 200 11217
192.168.10.96 - - [26/Apr/2022:12:11:33 -0300] "POST /cormun/servlet/trsolicitudgral?cd6efbafcfcc11fdf9698c939c7552a5,,gx-no-cache=1650984971851 HTTP/1.1" 200 6653
190.171.153.50 - - [26/Apr/2022:12:11:34 -0300] "GET /cormun/servlet/solicitudot?d79289a8c0d94aeba4c1dafcd332bce78bbc6bd08c95ebdb0109f3ae73336b1596ebcba60858aa6adff895b706d0eff1,gx-no-cache=1650985470472 HTTP/1.1" 200 30
192.168.10.96 - - [26/Apr/2022:12:11:37 -0300] "POST /cormun/servlet/trsolicitudgral?cd6efbafcfcc11fdf9698c939c7552a5,,gx-no-cache=1650984975351 HTTP/1.1" 200 5253
190.171.153.50 - - [26/Apr/2022:12:11:44 -0300] "POST /cormun/servlet/solicitudot?gx-no-cache=1650985480558 HTTP/1.1" 200 30
192.168.10.96 - - [26/Apr/2022:12:11:45 -0300] "POST /cormun/servlet/trsolicitudgral?cd6efbafcfcc11fdf9698c939c7552a5,,gx-no-cache=1650984983816 HTTP/1.1" 200 7087
192.168.10.96 - - [26/Apr/2022:12:11:51 -0300] "POST /cormun/servlet/trsolicitudgral?cd6efbafcfcc11fdf9698c939c7552a5,,gx-no-cache=1650984989578 HTTP/1.1" 200 5252
192.168.10.96 - - [26/Apr/2022:12:11:54 -0300] "POST /cormun/servlet/trsolicitudgral?cd6efbafcfcc11fdf9698c939c7552a5,,gx-no-cache=1650984992706 HTTP/1.1" 200 5253
192.168.10.96 - - [26/Apr/2022:12:12:00 -0300] "POST /cormun/servlet/trsolicitudgral?cd6efbafcfcc11fdf9698c939c7552a5,,gx-no-cache=1650984998281 HTTP/1.1" 200 5252
192.168.10.96 - - [26/Apr/2022:12:12:06 -0300] "POST /cormun/servlet/trsolicitudgral?cd6efbafcfcc11fdf9698c939c7552a5,,gx-no-cache=1650985004178 HTTP/1.1" 200 8187
192.168.10.96 - - [26/Apr/2022:12:12:11 -0300] "POST /cormun/servlet/trsolicitudgral?cd6efbafcfcc11fdf9698c939c7552a5,,gx-no-cache=1650985009914 HTTP/1.1" 200 6678
192.168.10.17 - - [26/Apr/2022:12:12:13 -0300] "GET /cormun/servlet/vesolicitudgral?2022,18394,,SolicitudOTAdjuntos HTTP/1.1" 200 10241
192.168.10.17 - - [26/Apr/2022:12:12:13 -0300] "GET /cormun/pexe_scrolldiv.js HTTP/1.1" 404 1009
192.168.10.17 - - [26/Apr/2022:12:12:14 -0300] "GET /cormun/servlet/hlogin HTTP/1.1" 200 1765
192.168.10.17 - - [26/Apr/2022:12:12:14 -0300] "GET /cormun/servlet/vesolicitudgral?2022,18394,,SolicitudOTAdjuntos HTTP/1.1" 200 10243
192.168.10.96 - - [26/Apr/2022:12:12:18 -0300] "GET /cormun/servlet/vesolicitudgral?2022,18493,, HTTP/1.1" 200 8360
192.168.10.96 - - [26/Apr/2022:12:12:18 -0300] "GET /cormun/pexe_scrolldiv.js HTTP/1.1" 404 1009
192.168.10.96 - - [26/Apr/2022:12:12:19 -0300] "GET /cormun/servlet/vesolicitudgral?2022,18493,, HTTP/1.1" 200 8359
186.67.172.234 - - [26/Apr/2022:12:12:22 -0300] "GET /cormun/servlet/solicitudot?ce6bdbf81f87d14e98f2bc47cbaddd168068f9b23b88e19efec7e7539fbf728f03548c19708c7697f78fcbc55bac9dd10b19c4a233910d53709f57f0573b8667,gx-no-cache=1650985192547 HTTP/1.1" 200 30
192.168.10.17 - - [26/Apr/2022:12:12:23 -0300] "POST /cormun/servlet/hlogin?448ed1a4fa1599e183201b1f1b275b00,gx-no-cache=1650985021878 HTTP/1.1" 200 471
186.67.172.234 - - [26/Apr/2022:12:12:25 -0300] "GET /cormun/servlet/solicitudot?ce6bdbf81f87d14e98f2bc47cbaddd160a92d86771315710eb066e209abca0fa,gx-no-cache=1650985195482 HTTP/1.1" 200 53
192.168.10.11 - - [26/Apr/2022:12:12:30 -0300] "GET / HTTP/1.1" 200 11217
186.67.172.234 - - [26/Apr/2022:12:12:35 -0300] "POST /cormun/servlet/solicitudot?gx-no-cache=1650985205232 HTTP/1.1" 200 240
186.67.172.234 - - [26/Apr/2022:12:12:36 -0300] "GET /cormun/servlet/solicitudot?ce6bdbf81f87d14e98f2bc47cbaddd167333fbfc0ca1374cd1ae4a4e28203ce704d33ec5e55ccfcd6ba4e3a73e57bacc1859b1fa6c859f772e52d0dd7391de549c1fdb1130acaf5097ab15c04732bbbefbd63531cd51b9b1d043d0383a8cfef6f5fd50e83f5c55d390531efc22699f30de2020051cb247b5f7125eaa8045e378dfbdfb5f5c37918ee62bc64813ee862a467f4a9487d9937b78159f68a7855c893a943f494e485bfa54a3e7906f7dcfbb5bcb6af9b319614703d47035cf937f824722d492680a2e403861146efe815c3ab5e0f9a5220656c362bdc203d415c0dd52f213192bb9e72beaede0e46205efd59fcbae3610c4afc3daa482fa4d2837ef1b046d7c2ee78d48a9bbabffd055bcc56ec87fa6210c7ff51c245c64b5205fa5f5b58096496a5d496ee8d74c69ea6e61c54d5d217d99f752b9207456a3ce97544c1f5c06468c92c7725e11bc1c4181a104f03f628347900c1a7435a4fdbffbfe7651740153ca6f2982d1f6008a9d1c089d125a0c426c7a6589d7b603ca63e2b3,gx-no-cache=1650985206569 HTTP/1.1" 200 30
192.168.10.17 - - [26/Apr/2022:12:12:37 -0300] "POST /cormun/servlet/hlogin?448ed1a4fa1599e183201b1f1b275b00,gx-no-cache=1650985035643 HTTP/1.1" 200 90
192.168.10.17 - - [26/Apr/2022:12:12:37 -0300] "GET /cormun/servlet/hpexe_link HTTP/1.1" 200 982
192.168.10.17 - - [26/Apr/2022:12:12:37 -0300] "GET /cormun/servlet/vesolicitudgral?2022,18394,,SolicitudOTAdjuntos HTTP/1.1" 200 10694
192.168.10.17 - - [26/Apr/2022:12:12:37 -0300] "GET /cormun/pexe_scrolldiv.js HTTP/1.1" 404 1009
192.168.10.17 - - [26/Apr/2022:12:12:38 -0300] "GET /cormun/servlet/vesolicitudgral?2022,18394,,SolicitudOTAdjuntos HTTP/1.1" 200 10701
192.168.10.17 - - [26/Apr/2022:12:12:38 -0300] "POST /cormun/servlet/acontrolpreferencessavestate?None,RRHH+DANIELA,true HTTP/1.1" 200 35
186.67.172.234 - - [26/Apr/2022:12:12:39 -0300] "POST /cormun/servlet/solicitudot?gx-no-cache=1650985208774 HTTP/1.1" 200 30
192.168.10.17 - - [26/Apr/2022:12:12:41 -0300] "GET /cormun/PublicTempStorage/carnet.frca.cortes5023627.pdf HTTP/1.1" 200 108473
192.168.10.96 - - [26/Apr/2022:12:12:47 -0300] "POST /cormun/servlet/vesolicitudgral?cd6efbafcfcc11fdf9698c939c7552a5,2022,18493,,,gx-no-cache=1650985045610 HTTP/1.1" 200 12100
192.168.10.96 - - [26/Apr/2022:12:12:47 -0300] "GET /cormun/static/Shared/jqueryui/images/ui-bg_highlight-soft_100_c6c2c8_1x100.png HTTP/1.1" 404 1117
192.168.10.96 - - [26/Apr/2022:12:12:47 -0300] "GET /cormun/static/Shared/jqueryui/images/ui-icons_82798d_256x240.png HTTP/1.1" 404 1089
192.168.10.96 - - [26/Apr/2022:12:12:47 -0300] "GET /cormun/static/Shared/jqueryui/images/ui-bg_flat_55_fafafa_40x100.png HTTP/1.1" 404 1097
192.168.10.96 - - [26/Apr/2022:12:12:47 -0300] "GET /cormun/static/Shared/jqueryui/images/ui-icons_8d78a5_256x240.png HTTP/1.1" 404 1089
192.168.10.96 - - [26/Apr/2022:12:12:47 -0300] "POST /cormun/servlet/vesolicitudgral?cd6efbafcfcc11fdf9698c939c7552a5,2022,18493,,,gx-no-cache=1650985045829 HTTP/1.1" 200 12033
186.67.172.234 - - [26/Apr/2022:12:12:48 -0300] "GET /cormun/servlet/prlicenciaspermisos?7918129,L,,MD,,gxPopupLevel%3D0%3B HTTP/1.1" 200 7851
192.168.10.96 - - [26/Apr/2022:12:12:49 -0300] "GET /cormun/servlet/trsolicitudgral? HTTP/1.1" 200 8300
192.168.10.96 - - [26/Apr/2022:12:12:49 -0300] "GET /cormun/servlet/trsolicitudgral? HTTP/1.1" 200 8288
192.168.10.96 - - [26/Apr/2022:12:12:55 -0300] "POST /cormun/servlet/trsolicitudgral?cd6efbafcfcc11fdf9698c939c7552a5,,gx-no-cache=1650985053286 HTTP/1.1" 200 5265
192.168.10.96 - - [26/Apr/2022:12:12:55 -0300] "POST /cormun/servlet/trsolicitudgral?cd6efbafcfcc11fdf9698c939c7552a5,,gx-no-cache=1650985054066 HTTP/1.1" 200 5265
186.67.172.234 - - [26/Apr/2022:12:13:00 -0300] "POST /cormun/servlet/solicitudot?gx-no-cache=1650985229922 HTTP/1.1" 200 1455
192.168.10.96 - - [26/Apr/2022:12:13:03 -0300] "POST /cormun/servlet/trsolicitudgral?cd6efbafcfcc11fdf9698c939c7552a5,,gx-no-cache=1650985061475 HTTP/1.1" 200 6640
192.168.10.17 - - [26/Apr/2022:12:13:03 -0300] "GET /cormun/servlet/vesolicitudgral?2022,18394,,SolicitudOTAdjuntos HTTP/1.1" 200 10696
192.168.10.17 - - [26/Apr/2022:12:13:04 -0300] "GET /cormun/servlet/vesolicitudgral?2022,18394,,SolicitudOTAdjuntos HTTP/1.1" 200 10700
192.168.10.17 - - [26/Apr/2022:12:13:04 -0300] "POST /cormun/servlet/acontrolpreferencessavestate?None,RRHH+DANIELA,true HTTP/1.1" 200 35
192.168.10.17 - - [26/Apr/2022:12:13:06 -0300] "GET /cormun/PublicTempStorage/curriculum.francisca.cortes9251746.pdf HTTP/1.1" 200 378462
192.168.10.96 - - [26/Apr/2022:12:13:08 -0300] "GET /cormun/servlet/vesolicitudgral?2022,18445,, HTTP/1.1" 200 8351
192.168.10.96 - - [26/Apr/2022:12:13:08 -0300] "GET /cormun/pexe_scrolldiv.js HTTP/1.1" 404 1009
192.168.10.96 - - [26/Apr/2022:12:13:08 -0300] "GET /cormun/servlet/vesolicitudgral?2022,18445,, HTTP/1.1" 200 8351
192.168.10.96 - - [26/Apr/2022:12:13:10 -0300] "POST /cormun/servlet/vesolicitudgral?cd6efbafcfcc11fdf9698c939c7552a5,2022,18445,,,gx-no-cache=1650985068357 HTTP/1.1" 200 12090
192.168.10.96 - - [26/Apr/2022:12:13:10 -0300] "GET /cormun/static/Shared/jqueryui/images/ui-icons_82798d_256x240.png HTTP/1.1" 404 1089
192.168.10.96 - - [26/Apr/2022:12:13:10 -0300] "GET /cormun/static/Shared/jqueryui/images/ui-bg_highlight-soft_100_c6c2c8_1x100.png HTTP/1.1" 404 1117
192.168.10.96 - - [26/Apr/2022:12:13:10 -0300] "GET /cormun/static/Shared/jqueryui/images/ui-bg_flat_55_fafafa_40x100.png HTTP/1.1" 404 1097
192.168.10.96 - - [26/Apr/2022:12:13:10 -0300] "GET /cormun/static/Shared/jqueryui/images/ui-icons_8d78a5_256x240.png HTTP/1.1" 404 1089
192.168.10.96 - - [26/Apr/2022:12:13:10 -0300] "POST /cormun/servlet/vesolicitudgral?cd6efbafcfcc11fdf9698c939c7552a5,2022,18445,,,gx-no-cache=1650985068554 HTTP/1.1" 200 12022
192.168.10.96 - - [26/Apr/2022:12:13:11 -0300] "GET /cormun/servlet/trsolicitudgral? HTTP/1.1" 200 8299
192.168.10.96 - - [26/Apr/2022:12:13:12 -0300] "GET /cormun/servlet/trsolicitudgral? HTTP/1.1" 200 8287
192.168.10.96 - - [26/Apr/2022:12:13:18 -0300] "POST /cormun/servlet/trsolicitudgral?cd6efbafcfcc11fdf9698c939c7552a5,,gx-no-cache=1650985076207 HTTP/1.1" 200 7433
192.168.10.11 - - [26/Apr/2022:12:13:30 -0300] "GET / HTTP/1.1" 200 11217
186.67.172.234 - - [26/Apr/2022:12:13:44 -0300] "POST /cormun/servlet/solicitudot?gx-no-cache=1650985274597 HTTP/1.1" 200 41
192.168.10.17 - - [26/Apr/2022:12:13:48 -0300] "GET /cormun/servlet/vesolicitudgral?2022,18394,,SolicitudOTAdjuntos HTTP/1.1" 200 10704
192.168.10.17 - - [26/Apr/2022:12:13:49 -0300] "GET /cormun/servlet/vesolicitudgral?2022,18394,,SolicitudOTAdjuntos HTTP/1.1" 200 10701
192.168.10.17 - - [26/Apr/2022:12:13:49 -0300] "POST /cormun/servlet/acontrolpreferencessavestate?None,RRHH+DANIELA,true HTTP/1.1" 200 35
192.168.10.17 - - [26/Apr/2022:12:13:57 -0300] "GET /cormun/PublicTempStorage/afp.fca.cortes7657854.pdf HTTP/1.1" 200 111593
186.67.172.234 - - [26/Apr/2022:12:14:04 -0300] "GET /cormun/servlet/solicitudot?ce6bdbf81f87d14e98f2bc47cbaddd168061325e272a66224a0e11f6597d7b8ffae312d3da9364648269a0ccf84a6bb4cad57fb4d045354bce92cc77478a5ab0af91c133f2fbe89222d73f2cdbbb9cde50e8f81f46a1480222ddbcae50a85ecc957af1739bd3cba7e41ceaef03015907,gx-no-cache=1650985294651 HTTP/1.1" 200 110
186.67.172.234 - - [26/Apr/2022:12:14:04 -0300] "POST /cormun/servlet/solicitudot?gx-no-cache=1650985294680 HTTP/1.1" 200 97
186.67.172.234 - - [26/Apr/2022:12:14:12 -0300] "GET /cormun/servlet/solicitudot?ce6bdbf81f87d14e98f2bc47cbaddd1605f9b3db4d81c63aa9aa4c33c8afc58e8af6f611b2c2f4ff3e3dd8eec5c53f40c639cecba1bc82664e2a1de64ccfac28e918510e973d2b018f37f8039d3c260ea99cbe57a0a970b6608002d6ec5f126aaf02935134b51325761201b909effe06,gx-no-cache=1650985302007 HTTP/1.1" 200 29
186.67.172.234 - - [26/Apr/2022:12:14:12 -0300] "GET /cormun/static/menuarrow.gif HTTP/1.1" 404 1015
192.168.10.17 - - [26/Apr/2022:12:14:13 -0300] "GET /cormun/servlet/vesolicitudgral?2022,18394,,SolicitudOTAdjuntos HTTP/1.1" 200 10704
192.168.10.17 - - [26/Apr/2022:12:14:13 -0300] "GET /cormun/servlet/vesolicitudgral?2022,18394,,SolicitudOTAdjuntos HTTP/1.1" 200 10703
192.168.10.17 - - [26/Apr/2022:12:14:14 -0300] "POST /cormun/servlet/acontrolpreferencessavestate?None,RRHH+DANIELA,true HTTP/1.1" 200 35
186.67.172.234 - - [26/Apr/2022:12:14:15 -0300] "GET /cormun/servlet/solicitudot?ce6bdbf81f87d14e98f2bc47cbaddd16c3b572eb60b36215cd136257695eacdf5e288fec07d4eb286717dbd2c5f688d6,gx-no-cache=1650985305176 HTTP/1.1" 200 30
186.67.172.234 - - [26/Apr/2022:12:14:15 -0300] "POST /cormun/servlet/solicitudot?gx-no-cache=1650985305205 HTTP/1.1" 200 34
192.168.10.17 - - [26/Apr/2022:12:14:15 -0300] "GET /cormun/PublicTempStorage/fonasa.fca.cortes5635540.pdf HTTP/1.1" 200 128608
192.168.10.11 - - [26/Apr/2022:12:14:30 -0300] "GET / HTTP/1.1" 200 11217
186.67.172.234 - - [26/Apr/2022:12:14:38 -0300] "POST /cormun/servlet/solicitudot?8eb1996702695aa0922f0be605b26d45,INS,0,0,false,,gx-no-cache=1650985328026 HTTP/1.1" 200 93
186.67.172.234 - - [26/Apr/2022:12:14:38 -0300] "GET /cormun/servlet/hpexe_return? HTTP/1.1" 200 1010
186.67.172.234 - - [26/Apr/2022:12:14:38 -0300] "GET /cormun/servlet/trsolicitudot HTTP/1.1" 200 9291
186.67.172.234 - - [26/Apr/2022:12:14:38 -0300] "GET /cormun/servlet/trsolicitudot HTTP/1.1" 200 9287
186.67.172.234 - - [26/Apr/2022:12:15:08 -0300] "POST /cormun/servlet/trsolicitudot?8eb1996702695aa0922f0be605b26d45,gx-no-cache=1650985358228 HTTP/1.1" 200 112
186.67.172.234 - - [26/Apr/2022:12:15:08 -0300] "GET /cormun/servlet/solicitudot?UPD,2022,18531,false, HTTP/1.1" 200 16630
186.67.172.234 - - [26/Apr/2022:12:15:08 -0300] "GET /cormun/servlet/solicitudot?UPD,2022,18531,false, HTTP/1.1" 200 16641
186.67.172.234 - - [26/Apr/2022:12:15:09 -0300] "POST /cormun/servlet/solicitudot?gx-no-cache=1650985359125 HTTP/1.1" 200 3921
186.67.172.234 - - [26/Apr/2022:12:15:09 -0300] "POST /cormun/servlet/solicitudot?8eb1996702695aa0922f0be605b26d45,UPD,2022,18531,false,,gx-no-cache=1650985359232 HTTP/1.1" 200 12815
186.67.172.234 - - [26/Apr/2022:12:15:09 -0300] "GET /cormun/servlet/solicitudot?ce6bdbf81f87d14e98f2bc47cbaddd1648c610960836cc69df2643d0418bace8f0ee94bc191757249a9da74d41b17231,gx-no-cache=1650985359390 HTTP/1.1" 200 30
186.67.172.234 - - [26/Apr/2022:12:15:09 -0300] "GET /cormun/servlet/solicitudot?ce6bdbf81f87d14e98f2bc47cbaddd16218c26e6db7d07427588c6ebd6587238f5b94d2737410e038cd8314838eb686258b2b534fb60014e22732fd55dc87d49,gx-no-cache=1650985359416 HTTP/1.1" 200 30
186.67.172.234 - - [26/Apr/2022:12:15:09 -0300] "GET /cormun/servlet/solicitudot?ce6bdbf81f87d14e98f2bc47cbaddd16c7115b6498d9147e0f76939c87c9df95473d0ddcecb5486d5baa834ae13a98f26c308c088ce93cfc71125d654c457f18,gx-no-cache=1650985359433 HTTP/1.1" 200 55
186.67.172.234 - - [26/Apr/2022:12:15:09 -0300] "POST /cormun/servlet/solicitudot?gx-no-cache=1650985359455 HTTP/1.1" 200 240
186.67.172.234 - - [26/Apr/2022:12:15:09 -0300] "GET /cormun/servlet/solicitudot?ce6bdbf81f87d14e98f2bc47cbaddd167333fbfc0ca1374cd1ae4a4e28203ce704d33ec5e55ccfcd6ba4e3a73e57bacc1859b1fa6c859f772e52d0dd7391de549c1fdb1130acaf5097ab15c04732bbbefbd63531cd51b9b1d043d0383a8cfef6f5fd50e83f5c55d390531efc22699f30de2020051cb247b5f7125eaa8045e378dfbdfb5f5c37918ee62bc64813ee862a467f4a9487d9937b78159f68a7855c893a943f494e485bfa54a3e7906f7dcfbb5bcb6af9b319614703d47035cf937f824722d492680a2e403861146efe815c3ab5e0f9a5220656c362bdc203d415c0dd52f213192bb9e72beaede0e46205efd59fcbae3610c4afc3daa482fa4d2837ef1b046d7c2ee78d48a9bbabffd055bcc56ec87fa6210c7ff51c245c64b5205fa5f5b58096496a5d496ee8d74c69ea6e61c54d5d217d99f752b9207456a3ce97544c1f5c06468c92c7725e11bc1c4181a104f03f628347900c1a7435a4fdbffbfe7651740153ca6f2982d1f6008a9d1c08f7b4d955791b8daa15096dcc8301c19d,gx-no-cache=1650985359477 HTTP/1.1" 200 30
186.67.172.234 - - [26/Apr/2022:12:15:09 -0300] "POST /cormun/servlet/solicitudot?gx-no-cache=1650985359494 HTTP/1.1" 200 30
186.67.172.234 - - [26/Apr/2022:12:15:09 -0300] "POST /cormun/servlet/solicitudot?gx-no-cache=1650985359514 HTTP/1.1" 200 1455
186.67.172.234 - - [26/Apr/2022:12:15:09 -0300] "POST /cormun/servlet/solicitudot?gx-no-cache=1650985359586 HTTP/1.1" 200 41
190.171.153.50 - - [26/Apr/2022:12:15:16 -0300] "POST /cormun/servlet/solicitudot?ea6fd9dc752e6d63d69ac38f9baf42aa,INS,0,0,false,,gx-no-cache=1650985692001 HTTP/1.1" 200 93
186.67.172.234 - - [26/Apr/2022:12:15:16 -0300] "GET /cormun/servlet/solicitudot?ce6bdbf81f87d14e98f2bc47cbaddd168061325e272a66224a0e11f6597d7b8ffae312d3da9364648269a0ccf84a6bb4cad57fb4d045354bce92cc77478a5ab0af91c133f2fbe89222d73f2cdbbb9cde50e8f81f46a1480222ddbcae50a85ecc957af1739bd3cba7e41ceaef03015907,gx-no-cache=1650985366514 HTTP/1.1" 200 110
186.67.172.234 - - [26/Apr/2022:12:15:16 -0300] "POST /cormun/servlet/solicitudot?gx-no-cache=1650985366533 HTTP/1.1" 200 97
186.67.172.234 - - [26/Apr/2022:12:15:16 -0300] "GET /cormun/servlet/solicitudot?ce6bdbf81f87d14e98f2bc47cbaddd16518f894058c9dd8f191139c25cb6704e1a6ef699a105cd0e629cabdf5f1634df04dcfce1ddd9602bf5f60ec08cd15ef886500f6bfa6f4ea3b21163bc043af45e13bf102882190e13968f423684557df879fb8e960470ece3d85fb805e656fe6218abc323e897121447050ba07c13850595efa6c82fba42be958d3b4c2ac25efa8bfeefb8f30a60959454d70ed5d48576bf71fd13c08ddc0955f1196245806e0b1acb701514713c26d14588d1814ad584722b35ac85dffe4b47cf90d8ed386952,gx-no-cache=1650985366555 HTTP/1.1" 200 29
186.67.172.234 - - [26/Apr/2022:12:15:16 -0300] "GET /cormun/servlet/solicitudot?ce6bdbf81f87d14e98f2bc47cbaddd16c3b572eb60b36215cd136257695eacdf5e288fec07d4eb286717dbd2c5f688d6,gx-no-cache=1650985366572 HTTP/1.1" 200 30
186.67.172.234 - - [26/Apr/2022:12:15:16 -0300] "POST /cormun/servlet/solicitudot?gx-no-cache=1650985366589 HTTP/1.1" 200 34
190.171.153.50 - - [26/Apr/2022:12:15:16 -0300] "GET /cormun/servlet/hpexe_return? HTTP/1.1" 200 1012
186.67.172.234 - - [26/Apr/2022:12:15:17 -0300] "POST /cormun/servlet/solicitudot?8eb1996702695aa0922f0be605b26d45,UPD,2022,18531,false,,gx-no-cache=1650985366612 HTTP/1.1" 200 93
186.67.172.234 - - [26/Apr/2022:12:15:17 -0300] "GET /cormun/servlet/hpexe_return? HTTP/1.1" 200 1016
190.171.153.50 - - [26/Apr/2022:12:15:17 -0300] "GET /cormun/servlet/trsolicitudot HTTP/1.1" 200 8831
186.67.172.234 - - [26/Apr/2022:12:15:17 -0300] "GET /cormun/servlet/trsolicitudot HTTP/1.1" 200 9291
186.67.172.234 - - [26/Apr/2022:12:15:17 -0300] "GET /cormun/servlet/trsolicitudot HTTP/1.1" 200 9287
190.171.153.50 - - [26/Apr/2022:12:15:17 -0300] "GET /cormun//static/Resources/PXToolsActionView.png HTTP/1.1" 200 398
190.171.153.50 - - [26/Apr/2022:12:15:17 -0300] "GET /cormun//static/Resources/PXToolsRemoveAllAction.png HTTP/1.1" 200 487
190.171.153.50 - - [26/Apr/2022:12:15:17 -0300] "GET /cormun/servlet/trsolicitudot HTTP/1.1" 200 8827
190.171.153.50 - - [26/Apr/2022:12:15:21 -0300] "GET /cormun/servlet/hlogin HTTP/1.1" 200 1746
192.168.10.17 - - [26/Apr/2022:12:15:25 -0300] "GET /cormun/servlet/vesolicitudgral?2022,18394,,SolicitudOTAdjuntos HTTP/1.1" 200 10703
186.67.172.234 - - [26/Apr/2022:12:15:25 -0300] "POST /cormun/servlet/trsolicitudot?8eb1996702695aa0922f0be605b26d45,gx-no-cache=1650985375307 HTTP/1.1" 200 112
192.168.10.17 - - [26/Apr/2022:12:15:25 -0300] "GET /cormun/servlet/vesolicitudgral?2022,18394,,SolicitudOTAdjuntos HTTP/1.1" 200 10704
186.67.172.234 - - [26/Apr/2022:12:15:25 -0300] "GET /cormun/servlet/solicitudot?UPD,2022,18532,false, HTTP/1.1" 200 16645
192.168.10.96 - - [26/Apr/2022:12:15:25 -0300] "POST /cormun/servlet/trsolicitudgral?cd6efbafcfcc11fdf9698c939c7552a5,,gx-no-cache=1650985203974 HTTP/1.1" 200 6699
192.168.10.96 - - [26/Apr/2022:12:15:25 -0300] "GET /cormun/static/Shared/jqueryui/images/ui-bg_highlight-soft_100_c6c2c8_1x100.png HTTP/1.1" 404 1117
192.168.10.96 - - [26/Apr/2022:12:15:25 -0300] "GET /cormun/static/Shared/jqueryui/images/ui-icons_82798d_256x240.png HTTP/1.1" 404 1089
192.168.10.96 - - [26/Apr/2022:12:15:25 -0300] "GET /cormun/static/Shared/jqueryui/images/ui-icons_8d78a5_256x240.png HTTP/1.1" 404 1089
192.168.10.96 - - [26/Apr/2022:12:15:25 -0300] "GET /cormun/static/Shared/jqueryui/images/ui-bg_flat_55_fafafa_40x100.png HTTP/1.1" 404 1097
186.67.172.234 - - [26/Apr/2022:12:15:26 -0300] "GET /cormun/servlet/solicitudot?UPD,2022,18532,false, HTTP/1.1" 200 16659
192.168.10.17 - - [26/Apr/2022:12:15:26 -0300] "POST /cormun/servlet/acontrolpreferencessavestate?None,RRHH+DANIELA,true HTTP/1.1" 200 35
186.67.172.234 - - [26/Apr/2022:12:15:26 -0300] "POST /cormun/servlet/solicitudot?gx-no-cache=1650985376257 HTTP/1.1" 200 3944
186.67.172.234 - - [26/Apr/2022:12:15:26 -0300] "POST /cormun/servlet/solicitudot?8eb1996702695aa0922f0be605b26d45,UPD,2022,18532,false,,gx-no-cache=1650985376359 HTTP/1.1" 200 12833
186.67.172.234 - - [26/Apr/2022:12:15:26 -0300] "GET /cormun/servlet/solicitudot?ce6bdbf81f87d14e98f2bc47cbaddd16fb6a1bc2b997dab9e95a09eff6f2d754f0ee94bc191757249a9da74d41b17231,gx-no-cache=1650985376512 HTTP/1.1" 200 30
186.67.172.234 - - [26/Apr/2022:12:15:26 -0300] "GET /cormun/servlet/solicitudot?ce6bdbf81f87d14e98f2bc47cbaddd168068f9b23b88e19efec7e7539fbf728f03548c19708c7697f78fcbc55bac9dd1d18b5adb640b09461d6abc6f2c931ed0,gx-no-cache=1650985376531 HTTP/1.1" 200 30
186.67.172.234 - - [26/Apr/2022:12:15:26 -0300] "GET /cormun/servlet/solicitudot?ce6bdbf81f87d14e98f2bc47cbaddd163386124a565610815650fcbd14f88e9d2dcd48592146844b37b3e17a36b61942184b08948d614774cbd472b8a55b76e3,gx-no-cache=1650985376548 HTTP/1.1" 200 53
186.67.172.234 - - [26/Apr/2022:12:15:26 -0300] "POST /cormun/servlet/solicitudot?gx-no-cache=1650985376569 HTTP/1.1" 200 240
186.67.172.234 - - [26/Apr/2022:12:15:26 -0300] "GET /cormun/servlet/solicitudot?ce6bdbf81f87d14e98f2bc47cbaddd167333fbfc0ca1374cd1ae4a4e28203ce704d33ec5e55ccfcd6ba4e3a73e57bacc1859b1fa6c859f772e52d0dd7391de549c1fdb1130acaf5097ab15c04732bbbefbd63531cd51b9b1d043d0383a8cfef6f5fd50e83f5c55d390531efc22699f30de2020051cb247b5f7125eaa8045e378dfbdfb5f5c37918ee62bc64813ee862a467f4a9487d9937b78159f68a7855c893a943f494e485bfa54a3e7906f7dcfbb5bcb6af9b319614703d47035cf937f824722d492680a2e403861146efe815c3ab5e0f9a5220656c362bdc203d415c0dd52f213192bb9e72beaede0e46205efd59fcbae3610c4afc3daa482fa4d2837ef1b046d7c2ee78d48a9bbabffd055bcc56ec87fa6210c7ff51c245c64b5205fa5f5b58096496a5d496ee8d74c69ea6e61c54d5d217d99f752b9207456a3ce97544c1f5c06468c92c7725e11bc1c4181a104f03f628347900c1a7435a4fdbffbfe7651740153ca6f2982d1f6008a9d1c08f7b4d955791b8daa15096dcc8301c19d,gx-no-cache=1650985376591 HTTP/1.1" 200 30
186.67.172.234 - - [26/Apr/2022:12:15:26 -0300] "POST /cormun/servlet/solicitudot?gx-no-cache=1650985376610 HTTP/1.1" 200 30
186.67.172.234 - - [26/Apr/2022:12:15:26 -0300] "POST /cormun/servlet/solicitudot?gx-no-cache=1650985376631 HTTP/1.1" 200 1455
186.67.172.234 - - [26/Apr/2022:12:15:26 -0300] "POST /cormun/servlet/solicitudot?gx-no-cache=1650985376700 HTTP/1.1" 200 41
192.168.10.17 - - [26/Apr/2022:12:15:27 -0300] "GET /cormun/servlet/vesolicitudgral?2022,18394,,General HTTP/1.1" 200 8252
192.168.10.17 - - [26/Apr/2022:12:15:27 -0300] "GET /cormun/pexe_scrolldiv.js HTTP/1.1" 404 1009
192.168.10.17 - - [26/Apr/2022:12:15:28 -0300] "GET /cormun/servlet/vesolicitudgral?2022,18394,,General HTTP/1.1" 200 8252
192.168.10.11 - - [26/Apr/2022:12:15:30 -0300] "GET / HTTP/1.1" 200 11217
186.67.172.234 - - [26/Apr/2022:12:15:30 -0300] "GET /cormun/servlet/trsolicitudot HTTP/1.1" 200 9291
186.67.172.234 - - [26/Apr/2022:12:15:30 -0300] "GET /cormun/servlet/trsolicitudot HTTP/1.1" 200 9287
186.67.172.234 - - [26/Apr/2022:12:15:32 -0300] "POST /cormun/servlet/trsolicitudot?8eb1996702695aa0922f0be605b26d45,gx-no-cache=1650985382580 HTTP/1.1" 200 5909
186.67.172.234 - - [26/Apr/2022:12:15:32 -0300] "GET /cormun/static/Shared/jqueryui/images/ui-icons_82798d_256x240.png HTTP/1.1" 404 1089
186.67.172.234 - - [26/Apr/2022:12:15:32 -0300] "GET /cormun/static/Shared/jqueryui/images/ui-bg_highlight-soft_100_c6c2c8_1x100.png HTTP/1.1" 404 1117
186.67.172.234 - - [26/Apr/2022:12:15:32 -0300] "GET /cormun/static/Shared/jqueryui/images/ui-bg_flat_55_fafafa_40x100.png HTTP/1.1" 404 1097
186.67.172.234 - - [26/Apr/2022:12:15:32 -0300] "GET /cormun/static/Shared/jqueryui/images/ui-icons_8d78a5_256x240.png HTTP/1.1" 404 1089
186.67.172.234 - - [26/Apr/2022:12:15:33 -0300] "POST /cormun/servlet/trsolicitudot?8eb1996702695aa0922f0be605b26d45,gx-no-cache=1650985382750 HTTP/1.1" 200 5852
186.67.172.234 - - [26/Apr/2022:12:15:34 -0300] "POST /cormun/servlet/trsolicitudot?8eb1996702695aa0922f0be605b26d45,gx-no-cache=1650985384064 HTTP/1.1" 200 4606
186.67.172.234 - - [26/Apr/2022:12:15:34 -0300] "POST /cormun/servlet/trsolicitudot?8eb1996702695aa0922f0be605b26d45,gx-no-cache=1650985384223 HTTP/1.1" 200 4350
186.67.172.234 - - [26/Apr/2022:12:15:36 -0300] "GET /cormun/servlet/trautorizarsolicitud? HTTP/1.1" 200 9828
186.67.172.234 - - [26/Apr/2022:12:15:37 -0300] "GET /cormun/servlet/trautorizarsolicitud? HTTP/1.1" 200 9828
192.168.10.96 - - [26/Apr/2022:12:15:43 -0300] "GET /cormun/servlet/vesolicitudgral?2022,18466,, HTTP/1.1" 200 8412
192.168.10.96 - - [26/Apr/2022:12:15:43 -0300] "GET /cormun/pexe_scrolldiv.js HTTP/1.1" 404 1009
192.168.10.96 - - [26/Apr/2022:12:15:43 -0300] "GET /cormun/servlet/vesolicitudgral?2022,18466,, HTTP/1.1" 200 8412
192.168.10.96 - - [26/Apr/2022:12:15:47 -0300] "GET /cormun/servlet/trsolicitudgral? HTTP/1.1" 200 9709
192.168.10.96 - - [26/Apr/2022:12:15:48 -0300] "GET /cormun/servlet/trsolicitudgral? HTTP/1.1" 200 9705
192.168.10.96 - - [26/Apr/2022:12:15:54 -0300] "GET /cormun/servlet/trsolicitudgral? HTTP/1.1" 200 9705
192.168.10.96 - - [26/Apr/2022:12:15:54 -0300] "GET /cormun/servlet/trsolicitudgral? HTTP/1.1" 200 9705
192.168.10.96 - - [26/Apr/2022:12:15:59 -0300] "POST /cormun/servlet/trsolicitudgral?cd6efbafcfcc11fdf9698c939c7552a5,,gx-no-cache=1650985237542 HTTP/1.1" 200 10703
192.168.10.11 - - [26/Apr/2022:12:16:30 -0300] "GET / HTTP/1.1" 200 11217
192.168.10.11 - - [26/Apr/2022:12:17:30 -0300] "GET / HTTP/1.1" 200 11217
190.171.141.90 - - [26/Apr/2022:12:18:16 -0300] "POST /cormun/servlet/trlicencias?e218f6ff0c25c99cb1a6e176dbccbeb4,,gx-no-cache=1650985545791 HTTP/1.1" 200 18347
192.168.10.11 - - [26/Apr/2022:12:18:30 -0300] "GET / HTTP/1.1" 200 11217
192.168.10.96 - - [26/Apr/2022:12:18:50 -0300] "POST /cormun/servlet/trsolicitudgral?cd6efbafcfcc11fdf9698c939c7552a5,,gx-no-cache=1650985408846 HTTP/1.1" 200 10439
192.168.10.96 - - [26/Apr/2022:12:18:50 -0300] "GET /cormun/static/Shared/jqueryui/images/ui-bg_highlight-soft_100_c6c2c8_1x100.png HTTP/1.1" 404 1117
192.168.10.96 - - [26/Apr/2022:12:18:50 -0300] "GET /cormun/static/Shared/jqueryui/images/ui-icons_82798d_256x240.png HTTP/1.1" 404 1089
192.168.10.96 - - [26/Apr/2022:12:18:50 -0300] "GET /cormun/static/Shared/jqueryui/images/ui-bg_flat_55_fafafa_40x100.png HTTP/1.1" 404 1097
192.168.10.96 - - [26/Apr/2022:12:18:50 -0300] "GET /cormun/static/Shared/jqueryui/images/ui-icons_8d78a5_256x240.png HTTP/1.1" 404 1089
200.54.237.82 - - [26/Apr/2022:12:18:53 -0300] "GET /cormun/servlet/trcontratounov2? HTTP/1.1" 200 5904
200.54.237.82 - - [26/Apr/2022:12:18:53 -0300] "GET /cormun/servlet/trcontratounov2? HTTP/1.1" 200 5914
200.54.237.82 - - [26/Apr/2022:12:18:54 -0300] "GET /cormun/servlet/hlogin HTTP/1.1" 200 1740
200.54.237.82 - - [26/Apr/2022:12:18:57 -0300] "POST /cormun/servlet/hlogin?04ec17914e32dd86eeba8769d1699e05,gx-no-cache=1650985586636 HTTP/1.1" 200 90
200.54.237.82 - - [26/Apr/2022:12:18:57 -0300] "GET /cormun/servlet/hpexe_link HTTP/1.1" 200 955
200.54.237.82 - - [26/Apr/2022:12:18:57 -0300] "GET /cormun/servlet/trcontratounov2 HTTP/1.1" 200 17826
200.54.237.82 - - [26/Apr/2022:12:18:58 -0300] "GET /cormun/servlet/trcontratounov2 HTTP/1.1" 200 17822
192.168.10.11 - - [26/Apr/2022:12:19:30 -0300] "GET / HTTP/1.1" 200 11217
192.168.10.17 - - [26/Apr/2022:12:19:40 -0300] "GET /cormun/servlet/vesolicitudgral?2022,18394,,SolicitudOTAdjuntos HTTP/1.1" 200 10711
192.168.10.17 - - [26/Apr/2022:12:19:40 -0300] "GET /cormun/pexe_scrolldiv.js HTTP/1.1" 404 1009
192.168.10.17 - - [26/Apr/2022:12:19:40 -0300] "GET /cormun/servlet/vesolicitudgral?2022,18394,,SolicitudOTAdjuntos HTTP/1.1" 200 10708
192.168.10.17 - - [26/Apr/2022:12:19:41 -0300] "POST /cormun/servlet/acontrolpreferencessavestate?None,RRHH+DANIELA,true HTTP/1.1" 200 35
192.168.10.17 - - [26/Apr/2022:12:19:43 -0300] "GET /cormun/PublicTempStorage/afp.fca.cortes593270.pdf HTTP/1.1" 200 111593
213.130.11.16 - - [26/Apr/2022:12:19:46 -0300] "CONNECT api.myip.com:443 HTTP/1.1" 400 -
213.130.11.16 - - [26/Apr/2022:12:19:47 -0300] "CONNECT api.myip.com:443 HTTP/1.1" 400 -
192.168.10.11 - - [26/Apr/2022:12:20:30 -0300] "GET / HTTP/1.1" 200 11217
192.168.10.17 - - [26/Apr/2022:12:20:38 -0300] "GET /cormun/servlet/vesolicitudgral?2022,18394,,SolicitudOTAdjuntos HTTP/1.1" 200 10712
192.168.10.17 - - [26/Apr/2022:12:20:39 -0300] "GET /cormun/servlet/vesolicitudgral?2022,18394,,SolicitudOTAdjuntos HTTP/1.1" 200 10706
192.168.10.17 - - [26/Apr/2022:12:20:40 -0300] "POST /cormun/servlet/acontrolpreferencessavestate?None,RRHH+DANIELA,true HTTP/1.1" 200 35
192.168.10.17 - - [26/Apr/2022:12:20:40 -0300] "GET /cormun/PublicTempStorage/fonasa.fca.cortes8070066.pdf HTTP/1.1" 200 128608
192.168.10.96 - - [26/Apr/2022:12:20:42 -0300] "GET /cormun/servlet/vesolicitudgral?2022,18388,, HTTP/1.1" 200 8401
192.168.10.96 - - [26/Apr/2022:12:20:42 -0300] "GET /cormun/pexe_scrolldiv.js HTTP/1.1" 404 1009
192.168.10.96 - - [26/Apr/2022:12:20:43 -0300] "GET /cormun/servlet/vesolicitudgral?2022,18388,, HTTP/1.1" 200 8401
192.168.10.17 - - [26/Apr/2022:12:20:50 -0300] "GET /cormun/servlet/vesolicitudgral?2022,18394,,SolicitudOTAdjuntos HTTP/1.1" 200 10709
192.168.10.17 - - [26/Apr/2022:12:20:50 -0300] "GET /cormun/servlet/vesolicitudgral?2022,18394,,SolicitudOTAdjuntos HTTP/1.1" 200 10710
192.168.10.17 - - [26/Apr/2022:12:20:51 -0300] "POST /cormun/servlet/acontrolpreferencessavestate?None,RRHH+DANIELA,true HTTP/1.1" 200 35
192.168.10.17 - - [26/Apr/2022:12:20:52 -0300] "GET /cormun/servlet/vesolicitudgral?2022,18394,,General HTTP/1.1" 200 8255
192.168.10.17 - - [26/Apr/2022:12:20:52 -0300] "GET /cormun/pexe_scrolldiv.js HTTP/1.1" 404 1009
192.168.10.17 - - [26/Apr/2022:12:20:52 -0300] "GET /cormun/servlet/vesolicitudgral?2022,18394,,General HTTP/1.1" 200 8255
192.168.10.11 - - [26/Apr/2022:12:21:30 -0300] "GET / HTTP/1.1" 200 11217
192.168.10.96 - - [26/Apr/2022:12:21:35 -0300] "POST /cormun/servlet/vesolicitudgral?cd6efbafcfcc11fdf9698c939c7552a5,2022,18388,,,gx-no-cache=1650985573511 HTTP/1.1" 200 12104
192.168.10.96 - - [26/Apr/2022:12:21:35 -0300] "GET /cormun/static/Shared/jqueryui/images/ui-icons_82798d_256x240.png HTTP/1.1" 404 1089
192.168.10.96 - - [26/Apr/2022:12:21:35 -0300] "GET /cormun/static/Shared/jqueryui/images/ui-bg_highlight-soft_100_c6c2c8_1x100.png HTTP/1.1" 404 1117
192.168.10.96 - - [26/Apr/2022:12:21:35 -0300] "GET /cormun/static/Shared/jqueryui/images/ui-bg_flat_55_fafafa_40x100.png HTTP/1.1" 404 1097
192.168.10.96 - - [26/Apr/2022:12:21:35 -0300] "GET /cormun/static/Shared/jqueryui/images/ui-icons_8d78a5_256x240.png HTTP/1.1" 404 1089
192.168.10.96 - - [26/Apr/2022:12:21:35 -0300] "POST /cormun/servlet/vesolicitudgral?cd6efbafcfcc11fdf9698c939c7552a5,2022,18388,,,gx-no-cache=1650985573706 HTTP/1.1" 200 12038
192.168.10.96 - - [26/Apr/2022:12:21:36 -0300] "GET /cormun/servlet/trsolicitudgral? HTTP/1.1" 200 13143
192.168.10.96 - - [26/Apr/2022:12:21:37 -0300] "GET /cormun/servlet/trsolicitudgral? HTTP/1.1" 200 13138
192.168.10.96 - - [26/Apr/2022:12:21:50 -0300] "GET /cormun/servlet/vesolicitudgral?2022,18358,, HTTP/1.1" 200 8362
192.168.10.96 - - [26/Apr/2022:12:21:50 -0300] "GET /cormun/pexe_scrolldiv.js HTTP/1.1" 404 1009
192.168.10.96 - - [26/Apr/2022:12:21:50 -0300] "GET /cormun/servlet/vesolicitudgral?2022,18358,, HTTP/1.1" 200 8362
192.168.10.96 - - [26/Apr/2022:12:22:10 -0300] "POST /cormun/servlet/vesolicitudgral?cd6efbafcfcc11fdf9698c939c7552a5,2022,18358,,,gx-no-cache=1650985609110 HTTP/1.1" 200 12072
192.168.10.96 - - [26/Apr/2022:12:22:11 -0300] "GET /cormun/static/Shared/jqueryui/images/ui-icons_82798d_256x240.png HTTP/1.1" 404 1089
192.168.10.96 - - [26/Apr/2022:12:22:11 -0300] "GET /cormun/static/Shared/jqueryui/images/ui-bg_highlight-soft_100_c6c2c8_1x100.png HTTP/1.1" 404 1117
192.168.10.96 - - [26/Apr/2022:12:22:11 -0300] "GET /cormun/static/Shared/jqueryui/images/ui-icons_8d78a5_256x240.png HTTP/1.1" 404 1089
192.168.10.96 - - [26/Apr/2022:12:22:11 -0300] "GET /cormun/static/Shared/jqueryui/images/ui-bg_flat_55_fafafa_40x100.png HTTP/1.1" 404 1097
192.168.10.96 - - [26/Apr/2022:12:22:11 -0300] "POST /cormun/servlet/vesolicitudgral?cd6efbafcfcc11fdf9698c939c7552a5,2022,18358,,,gx-no-cache=1650985609304 HTTP/1.1" 200 12006
192.168.10.96 - - [26/Apr/2022:12:22:13 -0300] "GET /cormun/servlet/trsolicitudgral? HTTP/1.1" 200 12751
192.168.10.96 - - [26/Apr/2022:12:22:13 -0300] "GET /cormun/servlet/trsolicitudgral? HTTP/1.1" 200 12746
192.168.10.96 - - [26/Apr/2022:12:22:17 -0300] "GET /cormun/servlet/vesolicitudgral?2022,18472,, HTTP/1.1" 200 8360
192.168.10.96 - - [26/Apr/2022:12:22:17 -0300] "GET /cormun/pexe_scrolldiv.js HTTP/1.1" 404 1009
192.168.10.96 - - [26/Apr/2022:12:22:17 -0300] "GET /cormun/servlet/vesolicitudgral?2022,18472,, HTTP/1.1" 200 8360
192.168.10.96 - - [26/Apr/2022:12:22:29 -0300] "POST /cormun/servlet/vesolicitudgral?cd6efbafcfcc11fdf9698c939c7552a5,2022,18472,,,gx-no-cache=1650985627997 HTTP/1.1" 200 90
192.168.10.96 - - [26/Apr/2022:12:22:29 -0300] "GET /cormun/servlet/hpexe_link HTTP/1.1" 200 971
192.168.10.96 - - [26/Apr/2022:12:22:29 -0300] "GET /cormun/servlet/trsolicitudgral HTTP/1.1" 200 12747
192.168.10.11 - - [26/Apr/2022:12:22:30 -0300] "GET / HTTP/1.1" 200 11217
192.168.10.96 - - [26/Apr/2022:12:22:30 -0300] "GET /cormun/servlet/trsolicitudgral HTTP/1.1" 200 12746
