192.168.10.11 - - [26/Apr/2022:10:50:30 -0300] "GET / HTTP/1.1" 200 11217
190.171.142.26 - - [26/Apr/2022:10:50:30 -0300] "GET /cormun/servlet/trpermisosgoce?gx-no-cache=1650978343815 HTTP/1.1" 200 14392
190.171.142.26 - - [26/Apr/2022:10:50:31 -0300] "GET /cormun/servlet/trpermisosgoce?gx-no-cache=1650978343815 HTTP/1.1" 200 14409
190.171.142.26 - - [26/Apr/2022:10:50:37 -0300] "GET /cormun/servlet/apermisogoceprn?15525103,P,20220426093415,PU HTTP/1.1" 200 1655
181.212.43.89 - - [26/Apr/2022:10:50:54 -0300] "GET /cormun/servlet/trlicencias? HTTP/1.1" 200 7528
181.212.43.89 - - [26/Apr/2022:10:50:54 -0300] "GET /cormun/servlet/hlogin HTTP/1.1" 200 1744
181.212.43.89 - - [26/Apr/2022:10:50:54 -0300] "GET /cormun/servlet/trlicencias? HTTP/1.1" 200 7523
181.212.43.89 - - [26/Apr/2022:10:50:54 -0300] "GET /cormun/servlet/trlicencias? HTTP/1.1" 200 7523
181.212.43.89 - - [26/Apr/2022:10:51:02 -0300] "POST /cormun/servlet/hlogin?c9098d157ed0161d569201874bec0845,gx-no-cache=1650980313941 HTTP/1.1" 200 90
181.212.43.89 - - [26/Apr/2022:10:51:02 -0300] "GET /cormun/servlet/hpexe_link HTTP/1.1" 200 958
181.212.43.89 - - [26/Apr/2022:10:51:02 -0300] "GET /cormun/servlet/trlicencias HTTP/1.1" 200 14352
181.212.43.89 - - [26/Apr/2022:10:51:03 -0300] "GET /cormun/servlet/trlicencias HTTP/1.1" 200 14350
192.168.10.11 - - [26/Apr/2022:10:51:30 -0300] "GET / HTTP/1.1" 200 11217
192.168.10.11 - - [26/Apr/2022:10:52:30 -0300] "GET / HTTP/1.1" 200 11217
190.171.142.26 - - [26/Apr/2022:10:53:06 -0300] "GET /cormun/servlet/permisogoce?INS,0,,, HTTP/1.1" 200 6858
190.171.142.26 - - [26/Apr/2022:10:53:06 -0300] "GET /cormun/servlet/permisogoce?INS,0,,, HTTP/1.1" 200 6836
181.212.43.89 - - [26/Apr/2022:10:53:19 -0300] "GET /cormun/servlet/trlicencias HTTP/1.1" 200 14352
181.212.43.89 - - [26/Apr/2022:10:53:20 -0300] "GET /cormun/servlet/trlicencias HTTP/1.1" 200 14350
192.168.10.11 - - [26/Apr/2022:10:53:30 -0300] "GET / HTTP/1.1" 200 11217
190.171.142.26 - - [26/Apr/2022:10:53:39 -0300] "GET /cormun/servlet/permisogoce?5bb56bc7dfd3bd924da6170ed14ab2ea26d47380f59d02443d5be196d527fcf99a0bfa6a7e077fcbd6a5a0ae0fb8e79e74cf3bc58288281aa7f88dd766a4c0cf,gx-no-cache=1650980469131 HTTP/1.1" 200 83
190.171.142.26 - - [26/Apr/2022:10:53:51 -0300] "GET /cormun/servlet/permisogoce?5bb56bc7dfd3bd924da6170ed14ab2eae4507ac3defd790ef2f753279d12e1a9372ecc8308ce2318988e6e450c2b832d7641d6dd1344269202afa805f70d079a,gx-no-cache=1650980481102 HTTP/1.1" 200 47
186.103.159.189 - - [26/Apr/2022:10:53:55 -0300] "GET /cormun/servlet/trlicencias? HTTP/1.1" 200 7521
186.103.159.189 - - [26/Apr/2022:10:53:56 -0300] "GET /cormun/servlet/hlogin HTTP/1.1" 200 1741
186.103.159.189 - - [26/Apr/2022:10:53:56 -0300] "GET /cormun/servlet/trlicencias? HTTP/1.1" 200 7521
186.103.159.189 - - [26/Apr/2022:10:53:56 -0300] "GET /cormun/servlet/trlicencias? HTTP/1.1" 200 7521
190.171.142.26 - - [26/Apr/2022:10:54:06 -0300] "POST /cormun/servlet/permisogoce?6aa79f8638853d4c18675454ae44655f,INS,0,,,,gx-no-cache=1650980495580 HTTP/1.1" 200 93
190.171.142.26 - - [26/Apr/2022:10:54:06 -0300] "GET /cormun/servlet/hpexe_return? HTTP/1.1" 200 1034
190.171.142.26 - - [26/Apr/2022:10:54:07 -0300] "GET /cormun/servlet/trpermisosgoce?gx-no-cache=1650978343815 HTTP/1.1" 200 14630
190.171.142.26 - - [26/Apr/2022:10:54:07 -0300] "GET /cormun/servlet/trpermisosgoce?gx-no-cache=1650978343815 HTTP/1.1" 200 14646
192.168.10.11 - - [26/Apr/2022:10:54:30 -0300] "GET / HTTP/1.1" 200 11217
190.171.142.26 - - [26/Apr/2022:10:54:44 -0300] "GET /cormun/servlet/apermisogoceprn?9500849,P,20220426093745,PU HTTP/1.1" 200 1653
190.171.142.26 - - [26/Apr/2022:10:55:07 -0300] "GET /cormun/servlet/permisogoce?INS,0,,, HTTP/1.1" 200 6857
190.171.142.26 - - [26/Apr/2022:10:55:08 -0300] "GET /cormun/servlet/permisogoce?INS,0,,, HTTP/1.1" 200 6835
192.168.10.11 - - [26/Apr/2022:10:55:30 -0300] "GET / HTTP/1.1" 200 11217
190.171.142.26 - - [26/Apr/2022:10:55:31 -0300] "GET /cormun/servlet/permisogoce?5bb56bc7dfd3bd924da6170ed14ab2ea066f256b6a921ac5b5202c74f1f978d217ba44cb261e8736fbe646c955fc4db3f42c55888260557ac395eeb31cac37f5,gx-no-cache=1650980581097 HTTP/1.1" 200 82
190.171.142.26 - - [26/Apr/2022:10:55:39 -0300] "GET /cormun/servlet/permisogoce?5bb56bc7dfd3bd924da6170ed14ab2eaf0163576a8968251e65261a627d5555d872313e4714c221ced586ae049bb34726865da05717f4af25c5e57814ee370aa,gx-no-cache=1650980588718 HTTP/1.1" 200 47
190.171.142.26 - - [26/Apr/2022:10:55:43 -0300] "POST /cormun/servlet/permisogoce?6aa79f8638853d4c18675454ae44655f,INS,0,,,,gx-no-cache=1650980592667 HTTP/1.1" 200 93
190.171.142.26 - - [26/Apr/2022:10:55:43 -0300] "GET /cormun/servlet/hpexe_return? HTTP/1.1" 200 1034
190.171.142.26 - - [26/Apr/2022:10:55:44 -0300] "GET /cormun/servlet/trpermisosgoce?gx-no-cache=1650978343815 HTTP/1.1" 200 14855
190.171.142.26 - - [26/Apr/2022:10:55:44 -0300] "GET /cormun/servlet/trpermisosgoce?gx-no-cache=1650978343815 HTTP/1.1" 200 14849
190.171.142.26 - - [26/Apr/2022:10:55:59 -0300] "GET /cormun/servlet/permisogoce?INS,0,,, HTTP/1.1" 200 6857
190.171.142.26 - - [26/Apr/2022:10:55:59 -0300] "GET /cormun/servlet/permisogoce?INS,0,,, HTTP/1.1" 200 6835
190.171.142.26 - - [26/Apr/2022:10:56:23 -0300] "GET /cormun/servlet/permisogoce?5bb56bc7dfd3bd924da6170ed14ab2ea0f9fecc8599a8be5e333f731272b8c9017ba44cb261e8736fbe646c955fc4db3f42c55888260557ac395eeb31cac37f5,gx-no-cache=1650980632667 HTTP/1.1" 200 74
190.171.142.26 - - [26/Apr/2022:10:56:29 -0300] "GET /cormun/servlet/permisogoce?5bb56bc7dfd3bd924da6170ed14ab2ea5c96575651dd737aacd9fd9a9ab71c8cbea1973407bbd1b88c99dc858010760e6865da05717f4af25c5e57814ee370aa,gx-no-cache=1650980639253 HTTP/1.1" 200 129
190.171.142.26 - - [26/Apr/2022:10:56:29 -0300] "GET /cormun/static/Shared/jqueryui/images/ui-icons_82798d_256x240.png HTTP/1.1" 404 1089
190.171.142.26 - - [26/Apr/2022:10:56:29 -0300] "GET /cormun/static/Shared/jqueryui/images/ui-bg_highlight-soft_100_c6c2c8_1x100.png HTTP/1.1" 404 1117
190.171.142.26 - - [26/Apr/2022:10:56:29 -0300] "GET /cormun/static/Shared/jqueryui/images/ui-icons_ebccce_256x240.png HTTP/1.1" 404 1089
190.171.142.26 - - [26/Apr/2022:10:56:29 -0300] "GET /cormun/static/Shared/jqueryui/images/ui-bg_flat_55_994d53_40x100.png HTTP/1.1" 404 1097
192.168.10.11 - - [26/Apr/2022:10:56:30 -0300] "GET / HTTP/1.1" 200 11217
190.171.142.26 - - [26/Apr/2022:10:56:35 -0300] "GET /cormun/servlet/permisogoce?5bb56bc7dfd3bd924da6170ed14ab2ea5c96575651dd737aacd9fd9a9ab71c8cc4b7556335fd4a8a3879e729ca71bae06865da05717f4af25c5e57814ee370aa,gx-no-cache=1650980645208 HTTP/1.1" 200 47
190.171.142.26 - - [26/Apr/2022:10:56:41 -0300] "POST /cormun/servlet/permisogoce?6aa79f8638853d4c18675454ae44655f,INS,0,,,,gx-no-cache=1650980650060 HTTP/1.1" 200 93
190.171.142.26 - - [26/Apr/2022:10:56:41 -0300] "GET /cormun/servlet/hpexe_return? HTTP/1.1" 200 1034
190.171.142.26 - - [26/Apr/2022:10:56:41 -0300] "GET /cormun/servlet/trpermisosgoce?gx-no-cache=1650978343815 HTTP/1.1" 200 15039
190.171.142.26 - - [26/Apr/2022:10:56:42 -0300] "GET /cormun/servlet/trpermisosgoce?gx-no-cache=1650978343815 HTTP/1.1" 200 15041
190.171.142.26 - - [26/Apr/2022:10:56:48 -0300] "GET /cormun/servlet/permisogoce?INS,0,,, HTTP/1.1" 200 6857
190.171.142.26 - - [26/Apr/2022:10:56:48 -0300] "GET /cormun/servlet/permisogoce?INS,0,,, HTTP/1.1" 200 6836
190.171.142.26 - - [26/Apr/2022:10:57:00 -0300] "GET /cormun/servlet/permisogoce?5bb56bc7dfd3bd924da6170ed14ab2ea9f9c1c3d07ba557b2ee7ebb0ed6c1f1b17ba44cb261e8736fbe646c955fc4db3f42c55888260557ac395eeb31cac37f5,gx-no-cache=1650980670239 HTTP/1.1" 200 80
192.168.10.17 - - [26/Apr/2022:10:57:02 -0300] "GET /cormun/servlet/trsolicitudgral? HTTP/1.1" 200 14430
192.168.10.17 - - [26/Apr/2022:10:57:03 -0300] "GET /cormun/servlet/trsolicitudgral? HTTP/1.1" 200 14424
192.168.10.17 - - [26/Apr/2022:10:57:11 -0300] "GET /cormun/servlet/vesolicitudgral?2022,18423,, HTTP/1.1" 200 8399
192.168.10.17 - - [26/Apr/2022:10:57:11 -0300] "GET /cormun/pexe_scrolldiv.js HTTP/1.1" 404 1009
192.168.10.17 - - [26/Apr/2022:10:57:12 -0300] "GET /cormun/servlet/vesolicitudgral?2022,18423,, HTTP/1.1" 200 8397
190.171.142.26 - - [26/Apr/2022:10:57:16 -0300] "GET /cormun/servlet/permisogoce?5bb56bc7dfd3bd924da6170ed14ab2ea93e79a5f47f0a45f815b6bff347c26e4f0ef25a1f01904a9061e83dcccf12f406865da05717f4af25c5e57814ee370aa,gx-no-cache=1650980685439 HTTP/1.1" 200 46
192.168.10.11 - - [26/Apr/2022:10:57:30 -0300] "GET / HTTP/1.1" 200 11217
190.171.142.26 - - [26/Apr/2022:10:57:37 -0300] "POST /cormun/servlet/permisogoce?6aa79f8638853d4c18675454ae44655f,INS,0,,,,gx-no-cache=1650980706403 HTTP/1.1" 200 93
190.171.142.26 - - [26/Apr/2022:10:57:37 -0300] "GET /cormun/servlet/hpexe_return? HTTP/1.1" 200 1034
190.171.142.26 - - [26/Apr/2022:10:57:37 -0300] "GET /cormun/servlet/trpermisosgoce?gx-no-cache=1650978343815 HTTP/1.1" 200 15249
190.171.142.26 - - [26/Apr/2022:10:57:38 -0300] "GET /cormun/servlet/trpermisosgoce?gx-no-cache=1650978343815 HTTP/1.1" 200 15265
190.171.142.26 - - [26/Apr/2022:10:57:57 -0300] "GET /cormun/servlet/permisogoce?UPD,12290944,P,20220426094127, HTTP/1.1" 200 6914
190.171.142.26 - - [26/Apr/2022:10:57:57 -0300] "GET /cormun/servlet/permisogoce?UPD,12290944,P,20220426094127, HTTP/1.1" 200 6892
190.171.142.26 - - [26/Apr/2022:10:57:58 -0300] "GET /cormun/servlet/permisogoce?5bb56bc7dfd3bd924da6170ed14ab2ea9f9c1c3d07ba557b2ee7ebb0ed6c1f1bea747df2b007bee0195635d4971f630ce5ece4e7b70ff40648a2308dbd1f7150,gx-no-cache=1650980727578 HTTP/1.1" 200 83
190.171.142.26 - - [26/Apr/2022:10:58:03 -0300] "GET /cormun/servlet/permisogoce?5bb56bc7dfd3bd924da6170ed14ab2ea93e79a5f47f0a45f815b6bff347c26e420db8c75928ea8c5dba0f11d6903d2c67bd6cbadac8abf24062804b1bc7c551f,gx-no-cache=1650980733248 HTTP/1.1" 200 47
190.171.142.26 - - [26/Apr/2022:10:58:16 -0300] "POST /cormun/servlet/permisogoce?6aa79f8638853d4c18675454ae44655f,UPD,12290944,P,20220426094127,,gx-no-cache=1650980745947 HTTP/1.1" 200 93
190.171.142.26 - - [26/Apr/2022:10:58:16 -0300] "GET /cormun/servlet/hpexe_return? HTTP/1.1" 200 1050
190.171.142.26 - - [26/Apr/2022:10:58:17 -0300] "GET /cormun/servlet/trpermisosgoce?gx-no-cache=1650978343815 HTTP/1.1" 200 15262
190.171.142.26 - - [26/Apr/2022:10:58:17 -0300] "GET /cormun/servlet/trpermisosgoce?gx-no-cache=1650978343815 HTTP/1.1" 200 15277
192.168.10.11 - - [26/Apr/2022:10:58:30 -0300] "GET / HTTP/1.1" 200 11217
192.168.10.17 - - [26/Apr/2022:10:58:43 -0300] "GET /cormun/servlet/vesolicitudgral?2022,18423,,SolicitudOTAdjuntos HTTP/1.1" 200 10856
192.168.10.17 - - [26/Apr/2022:10:58:43 -0300] "GET /cormun/pexe_scrolldiv.js HTTP/1.1" 404 1009
192.168.10.17 - - [26/Apr/2022:10:58:44 -0300] "GET /cormun/servlet/vesolicitudgral?2022,18423,,SolicitudOTAdjuntos HTTP/1.1" 200 10858
192.168.10.17 - - [26/Apr/2022:10:58:44 -0300] "POST /cormun/servlet/acontrolpreferencessavestate?None,RRHH+DANIELA,true HTTP/1.1" 200 35
190.171.142.26 - - [26/Apr/2022:10:58:49 -0300] "GET /cormun/servlet/permisogoce?INS,0,,, HTTP/1.1" 200 6857
190.171.142.26 - - [26/Apr/2022:10:58:49 -0300] "GET /cormun/servlet/permisogoce?INS,0,,, HTTP/1.1" 200 6835
192.168.10.17 - - [26/Apr/2022:10:58:50 -0300] "GET /cormun/PublicTempStorage/fotocopia_de_ced._de_ind._jacqueline_presle6442884.pdf HTTP/1.1" 200 103833
190.171.142.26 - - [26/Apr/2022:10:59:01 -0300] "GET /cormun/servlet/permisogoce?5bb56bc7dfd3bd924da6170ed14ab2ea5285153f0d4ca0f3a22ae104f6aedba517ba44cb261e8736fbe646c955fc4db3f42c55888260557ac395eeb31cac37f5,gx-no-cache=1650980791210 HTTP/1.1" 200 84
192.168.10.17 - - [26/Apr/2022:10:59:11 -0300] "GET /cormun/servlet/vesolicitudgral?2022,18423,,SolicitudOTAdjuntos HTTP/1.1" 200 10857
192.168.10.17 - - [26/Apr/2022:10:59:12 -0300] "GET /cormun/servlet/vesolicitudgral?2022,18423,,SolicitudOTAdjuntos HTTP/1.1" 200 10858
190.171.142.26 - - [26/Apr/2022:10:59:12 -0300] "GET /cormun/servlet/permisogoce?5bb56bc7dfd3bd924da6170ed14ab2ea1c0a9264167ed52e97d83420dd5938aae8d0d07775551169368773c076a92a119383f8b4cdfe00aa8985500f80519aaf,gx-no-cache=1650980802041 HTTP/1.1" 200 47
192.168.10.17 - - [26/Apr/2022:10:59:13 -0300] "POST /cormun/servlet/acontrolpreferencessavestate?None,RRHH+DANIELA,true HTTP/1.1" 200 35
192.168.10.17 - - [26/Apr/2022:10:59:19 -0300] "GET /cormun/PublicTempStorage/cert._de_afp_jacqueline_presle9441133.pdf HTTP/1.1" 200 116204
190.171.142.26 - - [26/Apr/2022:10:59:21 -0300] "POST /cormun/servlet/permisogoce?6aa79f8638853d4c18675454ae44655f,INS,0,,,,gx-no-cache=1650980810039 HTTP/1.1" 200 93
190.171.142.26 - - [26/Apr/2022:10:59:21 -0300] "GET /cormun/servlet/hpexe_return? HTTP/1.1" 200 1034
190.171.142.26 - - [26/Apr/2022:10:59:21 -0300] "GET /cormun/servlet/trpermisosgoce?gx-no-cache=1650978343815 HTTP/1.1" 200 15501
190.171.142.26 - - [26/Apr/2022:10:59:22 -0300] "GET /cormun/servlet/trpermisosgoce?gx-no-cache=1650978343815 HTTP/1.1" 200 15517
190.171.142.26 - - [26/Apr/2022:10:59:29 -0300] "GET /cormun/servlet/permisogoce?INS,0,,, HTTP/1.1" 200 6857
190.171.142.26 - - [26/Apr/2022:10:59:29 -0300] "GET /cormun/servlet/permisogoce?INS,0,,, HTTP/1.1" 200 6835
192.168.10.11 - - [26/Apr/2022:10:59:30 -0300] "GET / HTTP/1.1" 200 11217
190.171.142.26 - - [26/Apr/2022:10:59:39 -0300] "GET /cormun/servlet/permisogoce?5bb56bc7dfd3bd924da6170ed14ab2ea02a160ada4ab096d1677802d9bd1decd17ba44cb261e8736fbe646c955fc4db3f42c55888260557ac395eeb31cac37f5,gx-no-cache=1650980828907 HTTP/1.1" 200 73
192.168.10.17 - - [26/Apr/2022:10:59:41 -0300] "GET /cormun/servlet/vesolicitudgral?2022,18423,,SolicitudOTAdjuntos HTTP/1.1" 200 10859
192.168.10.17 - - [26/Apr/2022:10:59:41 -0300] "GET /cormun/servlet/vesolicitudgral?2022,18423,,SolicitudOTAdjuntos HTTP/1.1" 200 10861
192.168.10.17 - - [26/Apr/2022:10:59:42 -0300] "POST /cormun/servlet/acontrolpreferencessavestate?None,RRHH+DANIELA,true HTTP/1.1" 200 35
192.168.10.17 - - [26/Apr/2022:10:59:44 -0300] "GET /cormun/PublicTempStorage/cert._de_fonasa_jacqueline_presle4054520.pdf HTTP/1.1" 200 130228
190.171.142.26 - - [26/Apr/2022:10:59:45 -0300] "GET /cormun/servlet/permisogoce?5bb56bc7dfd3bd924da6170ed14ab2ea466ea45ae4271090ed02c0bb7cfafd79093c5ff00b4dc083661f650fe7bb406a6865da05717f4af25c5e57814ee370aa,gx-no-cache=1650980835151 HTTP/1.1" 200 47
190.171.142.26 - - [26/Apr/2022:10:59:49 -0300] "POST /cormun/servlet/permisogoce?6aa79f8638853d4c18675454ae44655f,INS,0,,,,gx-no-cache=1650980838344 HTTP/1.1" 200 93
190.171.142.26 - - [26/Apr/2022:10:59:49 -0300] "GET /cormun/servlet/hpexe_return? HTTP/1.1" 200 1034
190.171.142.26 - - [26/Apr/2022:10:59:49 -0300] "GET /cormun/servlet/trpermisosgoce?gx-no-cache=1650978343815 HTTP/1.1" 200 15704
190.171.142.26 - - [26/Apr/2022:10:59:50 -0300] "GET /cormun/servlet/trpermisosgoce?gx-no-cache=1650978343815 HTTP/1.1" 200 15720
192.168.10.17 - - [26/Apr/2022:10:59:58 -0300] "GET /cormun/servlet/vesolicitudgral?2022,18423,,SolicitudOTAdjuntos HTTP/1.1" 200 10857
192.168.10.17 - - [26/Apr/2022:10:59:58 -0300] "GET /cormun/servlet/vesolicitudgral?2022,18423,,SolicitudOTAdjuntos HTTP/1.1" 200 10859
192.168.10.17 - - [26/Apr/2022:10:59:59 -0300] "POST /cormun/servlet/acontrolpreferencessavestate?None,RRHH+DANIELA,true HTTP/1.1" 200 35
192.168.10.17 - - [26/Apr/2022:11:00:00 -0300] "GET /cormun/PublicTempStorage/cv_jacqueline_presle8771497.pdf HTTP/1.1" 200 150882
190.171.142.26 - - [26/Apr/2022:11:00:07 -0300] "GET /cormun/servlet/trlicencias? HTTP/1.1" 200 14865
190.171.142.26 - - [26/Apr/2022:11:00:08 -0300] "GET /cormun/servlet/trlicencias? HTTP/1.1" 200 14843
190.171.142.26 - - [26/Apr/2022:11:00:21 -0300] "GET /cormun/servlet/trpermisosgoce? HTTP/1.1" 200 15699
190.171.142.26 - - [26/Apr/2022:11:00:22 -0300] "GET /cormun/servlet/trpermisosgoce? HTTP/1.1" 200 15700
192.168.10.11 - - [26/Apr/2022:11:00:30 -0300] "GET / HTTP/1.1" 200 11217
190.171.142.26 - - [26/Apr/2022:11:00:39 -0300] "GET /cormun/servlet/permisogoce?INS,0,,, HTTP/1.1" 200 6836
190.171.142.26 - - [26/Apr/2022:11:00:39 -0300] "GET /cormun/servlet/permisogoce?INS,0,,, HTTP/1.1" 200 6836
190.171.142.26 - - [26/Apr/2022:11:00:49 -0300] "GET /cormun/servlet/permisogoce?5bb56bc7dfd3bd924da6170ed14ab2eaffde87e4157cf5479d41f3d8c27640d717ba44cb261e8736fbe646c955fc4db3f42c55888260557ac395eeb31cac37f5,gx-no-cache=1650980898852 HTTP/1.1" 200 81
190.171.142.26 - - [26/Apr/2022:11:00:57 -0300] "GET /cormun/servlet/permisogoce?5bb56bc7dfd3bd924da6170ed14ab2ea630463278daee4a160f97169ad28d226a13c3c32d21f60e28909f7e07f63e7996865da05717f4af25c5e57814ee370aa,gx-no-cache=1650980907316 HTTP/1.1" 200 48
190.171.142.26 - - [26/Apr/2022:11:01:05 -0300] "POST /cormun/servlet/permisogoce?6aa79f8638853d4c18675454ae44655f,INS,0,,,,gx-no-cache=1650980914092 HTTP/1.1" 200 93
190.171.142.26 - - [26/Apr/2022:11:01:05 -0300] "GET /cormun/servlet/hpexe_return? HTTP/1.1" 200 1013
190.171.142.26 - - [26/Apr/2022:11:01:05 -0300] "GET /cormun/servlet/trpermisosgoce HTTP/1.1" 200 15915
190.171.142.26 - - [26/Apr/2022:11:01:06 -0300] "GET /cormun/servlet/trpermisosgoce HTTP/1.1" 200 15908
190.171.142.26 - - [26/Apr/2022:11:01:08 -0300] "GET /cormun/servlet/permisogoce?INS,0,,, HTTP/1.1" 200 6836
190.171.142.26 - - [26/Apr/2022:11:01:09 -0300] "GET /cormun/servlet/permisogoce?INS,0,,, HTTP/1.1" 200 6836
190.171.142.26 - - [26/Apr/2022:11:01:23 -0300] "GET /cormun/servlet/permisogoce?5bb56bc7dfd3bd924da6170ed14ab2eaa34650ebf045e71f31c72ad1a27374da17ba44cb261e8736fbe646c955fc4db3f42c55888260557ac395eeb31cac37f5,gx-no-cache=1650980932904 HTTP/1.1" 200 83
192.168.10.11 - - [26/Apr/2022:11:01:30 -0300] "GET / HTTP/1.1" 200 11217
190.171.142.26 - - [26/Apr/2022:11:01:33 -0300] "GET /cormun/servlet/permisogoce?5bb56bc7dfd3bd924da6170ed14ab2ea1f81ad4672c1973497da0bb8a915291db42662d06177b096a00d05f886d6eba46865da05717f4af25c5e57814ee370aa,gx-no-cache=1650980942861 HTTP/1.1" 200 48
190.171.142.26 - - [26/Apr/2022:11:01:41 -0300] "POST /cormun/servlet/permisogoce?6aa79f8638853d4c18675454ae44655f,INS,0,,,,gx-no-cache=1650980950910 HTTP/1.1" 200 93
190.171.142.26 - - [26/Apr/2022:11:01:41 -0300] "GET /cormun/servlet/hpexe_return? HTTP/1.1" 200 1013
190.171.142.26 - - [26/Apr/2022:11:01:42 -0300] "GET /cormun/servlet/trpermisosgoce HTTP/1.1" 200 16099
190.171.142.26 - - [26/Apr/2022:11:01:42 -0300] "GET /cormun/servlet/trpermisosgoce HTTP/1.1" 200 16089
190.171.142.26 - - [26/Apr/2022:11:01:56 -0300] "GET /cormun/servlet/apermisogoceprn?12516634,P,20220426093946,PU HTTP/1.1" 200 1655
192.168.10.96 - - [26/Apr/2022:11:01:59 -0300] "GET /cormun/servlet/trsolicitudgral? HTTP/1.1" 200 10628
192.168.10.96 - - [26/Apr/2022:11:02:00 -0300] "GET /cormun/servlet/trsolicitudgral? HTTP/1.1" 200 10639
192.168.10.96 - - [26/Apr/2022:11:02:05 -0300] "GET /cormun/servlet/vesolicitudgral?2022,18524,, HTTP/1.1" 200 8391
192.168.10.96 - - [26/Apr/2022:11:02:05 -0300] "GET /cormun/pexe_scrolldiv.js HTTP/1.1" 404 1009
192.168.10.96 - - [26/Apr/2022:11:02:05 -0300] "GET /cormun/servlet/vesolicitudgral?2022,18524,, HTTP/1.1" 200 8390
192.168.10.96 - - [26/Apr/2022:11:02:10 -0300] "POST /cormun/servlet/vesolicitudgral?20347531d677c48e300056ebf3a5f551,2022,18524,,,gx-no-cache=1650980808988 HTTP/1.1" 200 12113
192.168.10.96 - - [26/Apr/2022:11:02:10 -0300] "GET /cormun/static/Shared/jqueryui/images/ui-icons_82798d_256x240.png HTTP/1.1" 404 1089
192.168.10.96 - - [26/Apr/2022:11:02:10 -0300] "GET /cormun/static/Shared/jqueryui/images/ui-bg_highlight-soft_100_c6c2c8_1x100.png HTTP/1.1" 404 1117
192.168.10.96 - - [26/Apr/2022:11:02:10 -0300] "GET /cormun/static/Shared/jqueryui/images/ui-bg_flat_55_fafafa_40x100.png HTTP/1.1" 404 1097
192.168.10.96 - - [26/Apr/2022:11:02:10 -0300] "GET /cormun/static/Shared/jqueryui/images/ui-icons_8d78a5_256x240.png HTTP/1.1" 404 1089
192.168.10.96 - - [26/Apr/2022:11:02:11 -0300] "POST /cormun/servlet/vesolicitudgral?20347531d677c48e300056ebf3a5f551,2022,18524,,,gx-no-cache=1650980809206 HTTP/1.1" 200 12047
190.171.142.26 - - [26/Apr/2022:11:02:11 -0300] "GET /cormun/servlet/apermisogoceprn?26534905,P,20220426094038,PU HTTP/1.1" 200 1648
192.168.10.96 - - [26/Apr/2022:11:02:12 -0300] "GET /cormun/servlet/trsolicitudgral? HTTP/1.1" 200 10216
192.168.10.96 - - [26/Apr/2022:11:02:12 -0300] "GET /cormun/servlet/trsolicitudgral? HTTP/1.1" 200 10213
192.168.10.96 - - [26/Apr/2022:11:02:15 -0300] "GET /cormun/servlet/vesolicitudgral?2022,18522,, HTTP/1.1" 200 8396
192.168.10.96 - - [26/Apr/2022:11:02:15 -0300] "GET /cormun/pexe_scrolldiv.js HTTP/1.1" 404 1009
192.168.10.96 - - [26/Apr/2022:11:02:15 -0300] "GET /cormun/servlet/vesolicitudgral?2022,18522,, HTTP/1.1" 200 8395
190.171.142.26 - - [26/Apr/2022:11:02:25 -0300] "GET /cormun/servlet/apermisogoceprn?12290944,P,20220426094127,PU HTTP/1.1" 200 1658
192.168.10.11 - - [26/Apr/2022:11:02:30 -0300] "GET / HTTP/1.1" 200 11217
192.168.10.96 - - [26/Apr/2022:11:02:33 -0300] "POST /cormun/servlet/vesolicitudgral?20347531d677c48e300056ebf3a5f551,2022,18522,,,gx-no-cache=1650980831658 HTTP/1.1" 200 12074
192.168.10.96 - - [26/Apr/2022:11:02:33 -0300] "GET /cormun/static/Shared/jqueryui/images/ui-bg_highlight-soft_100_c6c2c8_1x100.png HTTP/1.1" 404 1117
192.168.10.96 - - [26/Apr/2022:11:02:33 -0300] "GET /cormun/static/Shared/jqueryui/images/ui-bg_flat_55_fafafa_40x100.png HTTP/1.1" 404 1097
192.168.10.96 - - [26/Apr/2022:11:02:33 -0300] "GET /cormun/static/Shared/jqueryui/images/ui-icons_8d78a5_256x240.png HTTP/1.1" 404 1089
192.168.10.96 - - [26/Apr/2022:11:02:33 -0300] "GET /cormun/static/Shared/jqueryui/images/ui-icons_82798d_256x240.png HTTP/1.1" 404 1089
192.168.10.96 - - [26/Apr/2022:11:02:33 -0300] "POST /cormun/servlet/vesolicitudgral?20347531d677c48e300056ebf3a5f551,2022,18522,,,gx-no-cache=1650980831845 HTTP/1.1" 200 12008
192.168.10.17 - - [26/Apr/2022:11:02:35 -0300] "GET /cormun/servlet/vesolicitudgral?2022,18423,,SolicitudOTAdjuntos HTTP/1.1" 200 10864
192.168.10.17 - - [26/Apr/2022:11:02:36 -0300] "GET /cormun/servlet/vesolicitudgral?2022,18423,,SolicitudOTAdjuntos HTTP/1.1" 200 10864
192.168.10.96 - - [26/Apr/2022:11:02:36 -0300] "GET /cormun/servlet/trsolicitudgral? HTTP/1.1" 200 9684
192.168.10.96 - - [26/Apr/2022:11:02:36 -0300] "GET /cormun/servlet/trsolicitudgral? HTTP/1.1" 200 9680
192.168.10.17 - - [26/Apr/2022:11:02:37 -0300] "POST /cormun/servlet/acontrolpreferencessavestate?None,RRHH+DANIELA,true HTTP/1.1" 200 35
192.168.10.17 - - [26/Apr/2022:11:02:38 -0300] "GET /cormun/servlet/vesolicitudgral?2022,18423,,General HTTP/1.1" 200 8405
192.168.10.17 - - [26/Apr/2022:11:02:38 -0300] "GET /cormun/pexe_scrolldiv.js HTTP/1.1" 404 1009
192.168.10.17 - - [26/Apr/2022:11:02:38 -0300] "GET /cormun/servlet/vesolicitudgral?2022,18423,,General HTTP/1.1" 200 8405
192.168.10.96 - - [26/Apr/2022:11:02:40 -0300] "POST /cormun/servlet/trsolicitudgral?20347531d677c48e300056ebf3a5f551,,gx-no-cache=1650980838339 HTTP/1.1" 200 5263
192.168.10.96 - - [26/Apr/2022:11:02:43 -0300] "POST /cormun/servlet/trsolicitudgral?20347531d677c48e300056ebf3a5f551,,gx-no-cache=1650980841857 HTTP/1.1" 200 7755
190.171.142.26 - - [26/Apr/2022:11:02:47 -0300] "GET /cormun/servlet/apermisogoceprn?15125831,P,20220426094408,PU HTTP/1.1" 200 1642
192.168.10.96 - - [26/Apr/2022:11:03:07 -0300] "POST /cormun/servlet/trsolicitudgral?20347531d677c48e300056ebf3a5f551,,gx-no-cache=1650980865802 HTTP/1.1" 200 7375
192.168.10.96 - - [26/Apr/2022:11:03:13 -0300] "POST /cormun/servlet/trsolicitudgral?20347531d677c48e300056ebf3a5f551,,gx-no-cache=1650980871809 HTTP/1.1" 200 5262
192.168.10.96 - - [26/Apr/2022:11:03:17 -0300] "POST /cormun/servlet/trsolicitudgral?20347531d677c48e300056ebf3a5f551,,gx-no-cache=1650980875681 HTTP/1.1" 200 6658
192.168.10.96 - - [26/Apr/2022:11:03:21 -0300] "GET /cormun/servlet/vesolicitudgral?2022,18461,, HTTP/1.1" 200 8369
192.168.10.96 - - [26/Apr/2022:11:03:21 -0300] "GET /cormun/pexe_scrolldiv.js HTTP/1.1" 404 1009
192.168.10.96 - - [26/Apr/2022:11:03:22 -0300] "GET /cormun/servlet/vesolicitudgral?2022,18461,, HTTP/1.1" 200 8368
192.168.10.11 - - [26/Apr/2022:11:03:30 -0300] "GET / HTTP/1.1" 200 11217
190.171.142.26 - - [26/Apr/2022:11:03:42 -0300] "GET /cormun/servlet/apermisogoceprn?13947002,P,20220426090303,PU HTTP/1.1" 200 1650
192.168.10.96 - - [26/Apr/2022:11:03:49 -0300] "POST /cormun/servlet/vesolicitudgral?20347531d677c48e300056ebf3a5f551,2022,18461,,,gx-no-cache=1650980907663 HTTP/1.1" 200 12086
192.168.10.96 - - [26/Apr/2022:11:03:49 -0300] "GET /cormun/static/Shared/jqueryui/images/ui-bg_highlight-soft_100_c6c2c8_1x100.png HTTP/1.1" 404 1117
192.168.10.96 - - [26/Apr/2022:11:03:49 -0300] "GET /cormun/static/Shared/jqueryui/images/ui-icons_82798d_256x240.png HTTP/1.1" 404 1089
192.168.10.96 - - [26/Apr/2022:11:03:49 -0300] "GET /cormun/static/Shared/jqueryui/images/ui-icons_8d78a5_256x240.png HTTP/1.1" 404 1089
192.168.10.96 - - [26/Apr/2022:11:03:49 -0300] "GET /cormun/static/Shared/jqueryui/images/ui-bg_flat_55_fafafa_40x100.png HTTP/1.1" 404 1097
192.168.10.96 - - [26/Apr/2022:11:03:49 -0300] "POST /cormun/servlet/vesolicitudgral?20347531d677c48e300056ebf3a5f551,2022,18461,,,gx-no-cache=1650980907858 HTTP/1.1" 200 12020
192.168.10.96 - - [26/Apr/2022:11:03:51 -0300] "GET /cormun/servlet/trsolicitudgral? HTTP/1.1" 200 8300
192.168.10.96 - - [26/Apr/2022:11:03:51 -0300] "GET /cormun/servlet/trsolicitudgral? HTTP/1.1" 200 8287
190.171.142.26 - - [26/Apr/2022:11:03:51 -0300] "GET /cormun/servlet/apermisogoceprn?10798657,P,20220426090426,PU HTTP/1.1" 200 1651
192.168.10.17 - - [26/Apr/2022:11:03:55 -0300] "GET /cormun/servlet/trsolicitudgral? HTTP/1.1" 200 14002
192.168.10.96 - - [26/Apr/2022:11:03:55 -0300] "POST /cormun/servlet/trsolicitudgral?20347531d677c48e300056ebf3a5f551,,gx-no-cache=1650980913611 HTTP/1.1" 200 5264
192.168.10.17 - - [26/Apr/2022:11:03:55 -0300] "GET /cormun/servlet/trsolicitudgral? HTTP/1.1" 200 13995
192.168.10.96 - - [26/Apr/2022:11:03:59 -0300] "POST /cormun/servlet/trsolicitudgral?20347531d677c48e300056ebf3a5f551,,gx-no-cache=1650980917249 HTTP/1.1" 200 5265
192.168.10.17 - - [26/Apr/2022:11:04:00 -0300] "GET /cormun/servlet/vesolicitudgral?2022,18421,, HTTP/1.1" 200 8362
192.168.10.17 - - [26/Apr/2022:11:04:00 -0300] "GET /cormun/pexe_scrolldiv.js HTTP/1.1" 404 1009
192.168.10.17 - - [26/Apr/2022:11:04:00 -0300] "GET /cormun/servlet/vesolicitudgral?2022,18421,, HTTP/1.1" 200 8361
192.168.10.96 - - [26/Apr/2022:11:04:02 -0300] "POST /cormun/servlet/trsolicitudgral?20347531d677c48e300056ebf3a5f551,,gx-no-cache=1650980920474 HTTP/1.1" 200 6634
192.168.10.96 - - [26/Apr/2022:11:04:19 -0300] "POST /cormun/servlet/trsolicitudgral?20347531d677c48e300056ebf3a5f551,,gx-no-cache=1650980937818 HTTP/1.1" 200 7062
192.168.10.96 - - [26/Apr/2022:11:04:26 -0300] "GET /cormun/servlet/vesolicitudgral?2022,18449,, HTTP/1.1" 200 8386
192.168.10.96 - - [26/Apr/2022:11:04:26 -0300] "GET /cormun/pexe_scrolldiv.js HTTP/1.1" 404 1009
192.168.10.96 - - [26/Apr/2022:11:04:26 -0300] "GET /cormun/servlet/vesolicitudgral?2022,18449,, HTTP/1.1" 200 8385
192.168.10.11 - - [26/Apr/2022:11:04:30 -0300] "GET / HTTP/1.1" 200 11217
186.67.172.234 - - [26/Apr/2022:11:05:02 -0300] "GET /cormun/servlet/hlogin HTTP/1.1" 200 1732
186.67.172.234 - - [26/Apr/2022:11:05:02 -0300] "GET /cormun/static/gxcfg.js?201910216285969 HTTP/1.1" 200 953
186.67.172.234 - - [26/Apr/2022:11:05:02 -0300] "GET /cormun/static/gxtimezone.js?85251 HTTP/1.1" 200 5781
186.67.172.234 - - [26/Apr/2022:11:05:02 -0300] "GET /cormun/static/Resources/Spanish/PXTools.css?2294816 HTTP/1.1" 200 100853
186.67.172.234 - - [26/Apr/2022:11:05:02 -0300] "GET /cormun/static/messages.spa.js?85251 HTTP/1.1" 200 30736
186.67.172.234 - - [26/Apr/2022:11:05:02 -0300] "GET /cormun/static/hlogin.js?201910216285995 HTTP/1.1" 200 2136
186.67.172.234 - - [26/Apr/2022:11:05:02 -0300] "GET /cormun/static/gxgral.js?85251 HTTP/1.1" 200 384558
186.67.172.234 - - [26/Apr/2022:11:05:02 -0300] "GET /cormun/static/Resources/Logo2019_Grande.png HTTP/1.1" 200 31733
186.67.172.234 - - [26/Apr/2022:11:05:02 -0300] "GET /cormun/static/Resources/PXToolsLoginBackground.png HTTP/1.1" 200 1164
186.67.172.234 - - [26/Apr/2022:11:05:02 -0300] "GET /cormun/static/Resources/PXToolsLoginTop.png HTTP/1.1" 200 1337
186.67.172.234 - - [26/Apr/2022:11:05:02 -0300] "GET /cormun/static/Resources/PXToolsButtonLeft.png HTTP/1.1" 200 1310
186.67.172.234 - - [26/Apr/2022:11:05:02 -0300] "GET /cormun/static/Resources/PXToolsLoginBottom.png HTTP/1.1" 200 1389
186.67.172.234 - - [26/Apr/2022:11:05:02 -0300] "GET /cormun/static/Resources/PXToolsButtonBackground.png HTTP/1.1" 200 1176
186.67.172.234 - - [26/Apr/2022:11:05:02 -0300] "GET /cormun/static/Resources/PXToolsButtonRight.png HTTP/1.1" 200 1294
186.67.172.234 - - [26/Apr/2022:11:05:02 -0300] "GET /cormun/servlet/hlogin HTTP/1.1" 200 1743
186.67.172.234 - - [26/Apr/2022:11:05:02 -0300] "GET /cormun/static/Resources/indicator.gif HTTP/1.1" 200 1553
186.67.172.234 - - [26/Apr/2022:11:05:02 -0300] "GET /favicon.ico HTTP/1.1" 200 21630
190.171.142.26 - - [26/Apr/2022:11:05:06 -0300] "GET /cormun/servlet/apermisogoceprn?13947002,P,20220426094518,PU HTTP/1.1" 200 1650
190.171.142.26 - - [26/Apr/2022:11:05:16 -0300] "GET /cormun/servlet/apermisogoceprn?17520705,P,20220426094547,PU HTTP/1.1" 200 1646
192.168.10.11 - - [26/Apr/2022:11:05:30 -0300] "GET / HTTP/1.1" 200 11217
190.171.142.26 - - [26/Apr/2022:11:06:02 -0300] "GET /cormun/servlet/apermisogoceprn?19926654,P,20220426094328,PU HTTP/1.1" 200 1649
192.168.10.11 - - [26/Apr/2022:11:06:30 -0300] "GET / HTTP/1.1" 200 11217
190.171.141.90 - - [26/Apr/2022:11:06:46 -0300] "GET /cormun/static/menuarrow.gif HTTP/1.1" 404 1015
190.171.141.90 - - [26/Apr/2022:11:06:49 -0300] "POST /cormun/servlet/trlicencias?e218f6ff0c25c99cb1a6e176dbccbeb4,gx-no-cache=1650981259212 HTTP/1.1" 200 18347
190.171.141.90 - - [26/Apr/2022:11:06:50 -0300] "GET /cormun/static/Resources/PXToolsGridNext.gif HTTP/1.1" 200 369
190.171.141.90 - - [26/Apr/2022:11:06:50 -0300] "GET /cormun/static/Resources/PXToolsGridLast.gif HTTP/1.1" 200 370
190.171.141.90 - - [26/Apr/2022:11:06:56 -0300] "POST /cormun/servlet/trlicencias?e218f6ff0c25c99cb1a6e176dbccbeb4,gx-no-cache=1650981265901 HTTP/1.1" 200 5799
192.168.10.96 - - [26/Apr/2022:11:06:58 -0300] "POST /cormun/servlet/vesolicitudgral?20347531d677c48e300056ebf3a5f551,2022,18449,,,gx-no-cache=1650981096436 HTTP/1.1" 200 12110
192.168.10.96 - - [26/Apr/2022:11:06:58 -0300] "GET /cormun/static/Shared/jqueryui/images/ui-bg_flat_55_fafafa_40x100.png HTTP/1.1" 404 1097
192.168.10.96 - - [26/Apr/2022:11:06:58 -0300] "GET /cormun/static/Shared/jqueryui/images/ui-icons_82798d_256x240.png HTTP/1.1" 404 1089
192.168.10.96 - - [26/Apr/2022:11:06:58 -0300] "GET /cormun/static/Shared/jqueryui/images/ui-icons_8d78a5_256x240.png HTTP/1.1" 404 1089
192.168.10.96 - - [26/Apr/2022:11:06:58 -0300] "GET /cormun/static/Shared/jqueryui/images/ui-bg_highlight-soft_100_c6c2c8_1x100.png HTTP/1.1" 404 1117
192.168.10.96 - - [26/Apr/2022:11:06:58 -0300] "POST /cormun/servlet/vesolicitudgral?20347531d677c48e300056ebf3a5f551,2022,18449,,,gx-no-cache=1650981096646 HTTP/1.1" 200 12043
192.168.10.96 - - [26/Apr/2022:11:07:00 -0300] "GET /cormun/servlet/trsolicitudgral? HTTP/1.1" 200 9709
192.168.10.96 - - [26/Apr/2022:11:07:00 -0300] "GET /cormun/servlet/trsolicitudgral? HTTP/1.1" 200 9704
192.168.10.96 - - [26/Apr/2022:11:07:07 -0300] "POST /cormun/servlet/trsolicitudgral?20347531d677c48e300056ebf3a5f551,,gx-no-cache=1650981105988 HTTP/1.1" 200 5266
192.168.10.17 - - [26/Apr/2022:11:07:11 -0300] "GET /cormun/servlet/vesolicitudgral?2022,18421,,SolicitudOTAdjuntos HTTP/1.1" 200 10891
192.168.10.17 - - [26/Apr/2022:11:07:11 -0300] "GET /cormun/pexe_scrolldiv.js HTTP/1.1" 404 1009
192.168.10.17 - - [26/Apr/2022:11:07:11 -0300] "GET /cormun/servlet/vesolicitudgral?2022,18421,,SolicitudOTAdjuntos HTTP/1.1" 200 10892
192.168.10.96 - - [26/Apr/2022:11:07:12 -0300] "POST /cormun/servlet/trsolicitudgral?20347531d677c48e300056ebf3a5f551,,gx-no-cache=1650981110601 HTTP/1.1" 200 7916
192.168.10.17 - - [26/Apr/2022:11:07:12 -0300] "POST /cormun/servlet/acontrolpreferencessavestate?None,RRHH+DANIELA,true HTTP/1.1" 200 35
190.171.141.90 - - [26/Apr/2022:11:07:16 -0300] "GET /cormun/servlet/licenciaspermisos?DSP,15260589,L,20220318000000, HTTP/1.1" 200 7079
190.171.141.90 - - [26/Apr/2022:11:07:16 -0300] "GET /cormun/servlet/licenciaspermisos?DSP,15260589,L,20220318000000, HTTP/1.1" 200 7079
190.171.141.90 - - [26/Apr/2022:11:07:21 -0300] "GET /cormun/servlet/trlicencias HTTP/1.1" 200 8506
190.171.141.90 - - [26/Apr/2022:11:07:22 -0300] "GET /cormun/servlet/trlicencias HTTP/1.1" 200 8504
192.168.10.17 - - [26/Apr/2022:11:07:23 -0300] "GET /cormun/PublicTempStorage/c.v._ana_maria_fuenzalida1770483.docx HTTP/1.1" 200 22363
190.171.141.90 - - [26/Apr/2022:11:07:25 -0300] "GET /cormun/servlet/alicenciaprn?15260589,L,20220318000000,PU HTTP/1.1" 200 1527
192.168.10.11 - - [26/Apr/2022:11:07:30 -0300] "GET / HTTP/1.1" 200 11217
190.171.142.26 - - [26/Apr/2022:11:08:08 -0300] "GET /cormun/servlet/apermisogoceprn?12692799,P,20220426091012,PU HTTP/1.1" 200 1662
192.168.10.17 - - [26/Apr/2022:11:08:13 -0300] "GET /cormun/PublicTempStorage/fotocopia_de_ced._de_ident._ana_maria_fuenzalida4009229.pdf HTTP/1.1" 200 106547
192.168.10.17 - - [26/Apr/2022:11:08:21 -0300] "GET /cormun/servlet/vesolicitudgral?2022,18421,,SolicitudOTAdjuntos HTTP/1.1" 200 10892
192.168.10.17 - - [26/Apr/2022:11:08:22 -0300] "GET /cormun/servlet/vesolicitudgral?2022,18421,,SolicitudOTAdjuntos HTTP/1.1" 200 10892
192.168.10.17 - - [26/Apr/2022:11:08:22 -0300] "POST /cormun/servlet/acontrolpreferencessavestate?None,RRHH+DANIELA,true HTTP/1.1" 200 35
192.168.10.17 - - [26/Apr/2022:11:08:24 -0300] "GET /cormun/servlet/vesolicitudgral?2022,18421,,General HTTP/1.1" 200 8363
192.168.10.17 - - [26/Apr/2022:11:08:24 -0300] "GET /cormun/pexe_scrolldiv.js HTTP/1.1" 404 1009
192.168.10.17 - - [26/Apr/2022:11:08:24 -0300] "GET /cormun/servlet/vesolicitudgral?2022,18421,,General HTTP/1.1" 200 8363
192.168.10.11 - - [26/Apr/2022:11:08:30 -0300] "GET / HTTP/1.1" 200 11217
192.168.10.96 - - [26/Apr/2022:11:08:46 -0300] "POST /cormun/servlet/trsolicitudgral?20347531d677c48e300056ebf3a5f551,,gx-no-cache=1650981205115 HTTP/1.1" 200 7565
192.168.10.96 - - [26/Apr/2022:11:08:46 -0300] "GET /cormun/static/Shared/jqueryui/images/ui-icons_82798d_256x240.png HTTP/1.1" 404 1089
192.168.10.96 - - [26/Apr/2022:11:08:46 -0300] "GET /cormun/static/Shared/jqueryui/images/ui-bg_highlight-soft_100_c6c2c8_1x100.png HTTP/1.1" 404 1117
192.168.10.96 - - [26/Apr/2022:11:08:46 -0300] "GET /cormun/static/Shared/jqueryui/images/ui-bg_flat_55_fafafa_40x100.png HTTP/1.1" 404 1097
192.168.10.96 - - [26/Apr/2022:11:08:46 -0300] "GET /cormun/static/Shared/jqueryui/images/ui-icons_8d78a5_256x240.png HTTP/1.1" 404 1089
192.168.10.11 - - [26/Apr/2022:11:09:30 -0300] "GET / HTTP/1.1" 200 11217
192.168.10.96 - - [26/Apr/2022:11:09:47 -0300] "POST /cormun/servlet/trsolicitudgral?20347531d677c48e300056ebf3a5f551,,gx-no-cache=1650981265730 HTTP/1.1" 200 7187
192.168.10.96 - - [26/Apr/2022:11:09:52 -0300] "POST /cormun/servlet/trsolicitudgral?20347531d677c48e300056ebf3a5f551,,gx-no-cache=1650981270923 HTTP/1.1" 200 6708
192.168.10.11 - - [26/Apr/2022:11:10:30 -0300] "GET / HTTP/1.1" 200 11217
192.168.10.11 - - [26/Apr/2022:11:11:30 -0300] "GET / HTTP/1.1" 200 11217
181.212.43.89 - - [26/Apr/2022:11:12:23 -0300] "GET /cormun/servlet/hlogin HTTP/1.1" 200 1726
181.212.43.89 - - [26/Apr/2022:11:12:24 -0300] "GET /cormun/servlet/hlogin HTTP/1.1" 200 1736
192.168.10.11 - - [26/Apr/2022:11:12:30 -0300] "GET / HTTP/1.1" 200 11217
181.212.43.89 - - [26/Apr/2022:11:12:32 -0300] "POST /cormun/servlet/hlogin?5ed9e8aa95760ae50e574350a15c48bf,gx-no-cache=1650981602346 HTTP/1.1" 200 90
181.212.43.89 - - [26/Apr/2022:11:12:32 -0300] "GET /cormun/servlet/hpexe_link HTTP/1.1" 200 953
181.212.43.89 - - [26/Apr/2022:11:12:32 -0300] "GET /cormun/servlet/hhome HTTP/1.1" 200 4005
181.212.43.89 - - [26/Apr/2022:11:12:33 -0300] "GET /cormun/servlet/hhome HTTP/1.1" 200 4001
181.212.43.89 - - [26/Apr/2022:11:12:38 -0300] "GET /cormun/servlet/trlicencias? HTTP/1.1" 200 14292
181.212.43.89 - - [26/Apr/2022:11:12:39 -0300] "GET /cormun/servlet/trlicencias? HTTP/1.1" 200 14289
192.168.10.96 - - [26/Apr/2022:11:12:43 -0300] "GET /cormun/servlet/trlicenciasgenerales? HTTP/1.1" 200 14733
192.168.10.96 - - [26/Apr/2022:11:12:43 -0300] "GET /cormun/static/gxcfg.js?201991422444547 HTTP/1.1" 200 953
192.168.10.96 - - [26/Apr/2022:11:12:43 -0300] "GET /cormun/static/trlicenciasgenerales.js?201991422445161 HTTP/1.1" 200 37698
192.168.10.96 - - [26/Apr/2022:11:12:43 -0300] "GET /cormun//static/Resources/PXToolsGridDisplay.png HTTP/1.1" 200 525
192.168.10.96 - - [26/Apr/2022:11:12:43 -0300] "GET /cormun//static/Resources/PXToolsHeaderHelp.png HTTP/1.1" 200 1333
192.168.10.96 - - [26/Apr/2022:11:12:43 -0300] "GET /cormun//static/Resources/PXToolsHeaderFavorites.png HTTP/1.1" 200 1414
192.168.10.96 - - [26/Apr/2022:11:12:43 -0300] "GET /cormun//static/Resources/PXTools/ActionInsert.png HTTP/1.1" 200 1482
192.168.10.96 - - [26/Apr/2022:11:12:43 -0300] "GET /cormun/servlet/trlicenciasgenerales? HTTP/1.1" 200 14732
192.168.10.96 - - [26/Apr/2022:11:12:45 -0300] "GET /cormun/servlet/trrenunciasgenerales? HTTP/1.1" 200 9350
192.168.10.96 - - [26/Apr/2022:11:12:45 -0300] "GET /cormun/static/gxcfg.js?202012169761 HTTP/1.1" 200 953
192.168.10.96 - - [26/Apr/2022:11:12:45 -0300] "GET /cormun/static/trrenunciasgenerales.js?2020121691292 HTTP/1.1" 200 28597
192.168.10.96 - - [26/Apr/2022:11:12:45 -0300] "GET /cormun/servlet/trrenunciasgenerales? HTTP/1.1" 200 9351
192.168.10.96 - - [26/Apr/2022:11:12:50 -0300] "GET /cormun/servlet/trsolicitudgral? HTTP/1.1" 200 9717
192.168.10.96 - - [26/Apr/2022:11:12:51 -0300] "GET /cormun/servlet/trsolicitudgral? HTTP/1.1" 200 9717
192.168.10.96 - - [26/Apr/2022:11:12:59 -0300] "POST /cormun/servlet/trsolicitudgral?20347531d677c48e300056ebf3a5f551,,gx-no-cache=1650981457396 HTTP/1.1" 200 10497
192.168.10.17 - - [26/Apr/2022:11:13:12 -0300] "GET /cormun/servlet/trsolicitudgral? HTTP/1.1" 200 13475
192.168.10.17 - - [26/Apr/2022:11:13:12 -0300] "GET /cormun/servlet/trsolicitudgral? HTTP/1.1" 200 13468
192.168.10.17 - - [26/Apr/2022:11:13:16 -0300] "GET /cormun/servlet/vesolicitudgral?2022,18419,, HTTP/1.1" 200 8362
192.168.10.17 - - [26/Apr/2022:11:13:16 -0300] "GET /cormun/pexe_scrolldiv.js HTTP/1.1" 404 1009
192.168.10.17 - - [26/Apr/2022:11:13:16 -0300] "GET /cormun/servlet/vesolicitudgral?2022,18419,, HTTP/1.1" 200 8362
192.168.10.11 - - [26/Apr/2022:11:13:30 -0300] "GET / HTTP/1.1" 200 11217
192.168.10.17 - - [26/Apr/2022:11:13:41 -0300] "GET /cormun/servlet/vesolicitudgral?2022,18419,,SolicitudOTAdjuntos HTTP/1.1" 200 10769
192.168.10.17 - - [26/Apr/2022:11:13:41 -0300] "GET /cormun/pexe_scrolldiv.js HTTP/1.1" 404 1009
192.168.10.17 - - [26/Apr/2022:11:13:42 -0300] "GET /cormun/servlet/vesolicitudgral?2022,18419,,SolicitudOTAdjuntos HTTP/1.1" 200 10772
192.168.10.17 - - [26/Apr/2022:11:13:42 -0300] "POST /cormun/servlet/acontrolpreferencessavestate?None,RRHH+DANIELA,true HTTP/1.1" 200 35
181.212.43.89 - - [26/Apr/2022:11:14:11 -0300] "GET /cormun/servlet/trsolicitudot? HTTP/1.1" 200 7223
181.212.43.89 - - [26/Apr/2022:11:14:12 -0300] "GET /cormun/servlet/trsolicitudot? HTTP/1.1" 200 7224
181.212.43.89 - - [26/Apr/2022:11:14:14 -0300] "GET /cormun/servlet/solicitudot?INS,0,0,false, HTTP/1.1" 200 15731
181.212.43.89 - - [26/Apr/2022:11:14:15 -0300] "GET /cormun/servlet/solicitudot?INS,0,0,false, HTTP/1.1" 200 15739
192.168.10.17 - - [26/Apr/2022:11:14:20 -0300] "GET /cormun/PublicTempStorage/rut6320643.pdf HTTP/1.1" 200 66093
181.212.43.89 - - [26/Apr/2022:11:14:26 -0300] "POST /cormun/servlet/solicitudot?gx-no-cache=1650981716614 HTTP/1.1" 200 3850
181.212.43.89 - - [26/Apr/2022:11:14:27 -0300] "POST /cormun/servlet/solicitudot?5ed9e8aa95760ae50e574350a15c48bf,INS,0,0,false,,gx-no-cache=1650981716782 HTTP/1.1" 200 12387
181.212.43.89 - - [26/Apr/2022:11:14:27 -0300] "GET /cormun/servlet/solicitudot?dbf94275caf18685bb4af911edfa4c8190e5fb5d0260993726fe8bedecef96edb5dd42667b2c5283fb3a4fc1234a0a21,gx-no-cache=1650981717038 HTTP/1.1" 200 30
192.168.10.11 - - [26/Apr/2022:11:14:30 -0300] "GET / HTTP/1.1" 200 11217
192.168.10.17 - - [26/Apr/2022:11:14:47 -0300] "GET /cormun/servlet/vesolicitudgral?2022,18419,,SolicitudOTAdjuntos HTTP/1.1" 200 10771
192.168.10.17 - - [26/Apr/2022:11:14:48 -0300] "GET /cormun/servlet/vesolicitudgral?2022,18419,,SolicitudOTAdjuntos HTTP/1.1" 200 10767
192.168.10.17 - - [26/Apr/2022:11:14:48 -0300] "POST /cormun/servlet/acontrolpreferencessavestate?None,RRHH+DANIELA,true HTTP/1.1" 200 35
192.168.10.17 - - [26/Apr/2022:11:14:53 -0300] "GET /cormun/PublicTempStorage/curriculum6768696.pdf HTTP/1.1" 200 117038
200.54.237.82 - - [26/Apr/2022:11:15:13 -0300] "GET /cormun/servlet/trcontratounov2 HTTP/1.1" 200 5925
200.54.237.82 - - [26/Apr/2022:11:15:15 -0300] "GET /cormun/servlet/trcontratounov2 HTTP/1.1" 200 5923
200.54.237.82 - - [26/Apr/2022:11:15:15 -0300] "GET /cormun/servlet/hlogin HTTP/1.1" 200 1747
192.168.10.17 - - [26/Apr/2022:11:15:22 -0300] "GET /cormun/servlet/vesolicitudgral?2022,18419,,SolicitudOTAdjuntos HTTP/1.1" 200 10770
192.168.10.17 - - [26/Apr/2022:11:15:22 -0300] "GET /cormun/servlet/vesolicitudgral?2022,18419,,SolicitudOTAdjuntos HTTP/1.1" 200 10771
192.168.10.17 - - [26/Apr/2022:11:15:23 -0300] "POST /cormun/servlet/acontrolpreferencessavestate?None,RRHH+DANIELA,true HTTP/1.1" 200 35
192.168.10.17 - - [26/Apr/2022:11:15:25 -0300] "GET /cormun/PublicTempStorage/afp8844398.pdf HTTP/1.1" 200 87968
192.168.10.11 - - [26/Apr/2022:11:15:30 -0300] "GET / HTTP/1.1" 200 11217
192.168.10.17 - - [26/Apr/2022:11:15:44 -0300] "GET /cormun/servlet/vesolicitudgral?2022,18419,,SolicitudOTAdjuntos HTTP/1.1" 200 10770
192.168.10.17 - - [26/Apr/2022:11:15:45 -0300] "GET /cormun/servlet/vesolicitudgral?2022,18419,,SolicitudOTAdjuntos HTTP/1.1" 200 10772
192.168.10.17 - - [26/Apr/2022:11:15:45 -0300] "POST /cormun/servlet/acontrolpreferencessavestate?None,RRHH+DANIELA,true HTTP/1.1" 200 35
181.212.42.153 - - [26/Apr/2022:11:15:46 -0300] "GET /cormun/servlet/trlicencias? HTTP/1.1" 200 7531
181.212.42.153 - - [26/Apr/2022:11:15:46 -0300] "GET /cormun/servlet/hlogin HTTP/1.1" 200 1745
181.212.42.153 - - [26/Apr/2022:11:15:46 -0300] "GET /cormun/servlet/trlicencias? HTTP/1.1" 200 7525
181.212.42.153 - - [26/Apr/2022:11:15:46 -0300] "GET /cormun/servlet/trlicencias? HTTP/1.1" 200 7525
192.168.10.17 - - [26/Apr/2022:11:15:48 -0300] "GET /cormun/PublicTempStorage/fonasa1991673.pdf HTTP/1.1" 200 78296
181.212.42.153 - - [26/Apr/2022:11:15:52 -0300] "POST /cormun/servlet/hlogin?5b3c5dcf9017d488c285862a6d434a41,gx-no-cache=1650982167852 HTTP/1.1" 200 90
181.212.42.153 - - [26/Apr/2022:11:15:52 -0300] "GET /cormun/servlet/hpexe_link HTTP/1.1" 200 959
181.212.42.153 - - [26/Apr/2022:11:15:53 -0300] "GET /cormun/servlet/trlicencias HTTP/1.1" 200 14188
181.212.42.153 - - [26/Apr/2022:11:15:53 -0300] "GET /cormun/servlet/trlicencias HTTP/1.1" 200 14185
192.168.10.17 - - [26/Apr/2022:11:15:59 -0300] "GET /cormun/servlet/vesolicitudgral?2022,18419,,SolicitudOTAdjuntos HTTP/1.1" 200 10770
192.168.10.17 - - [26/Apr/2022:11:15:59 -0300] "GET /cormun/servlet/vesolicitudgral?2022,18419,,SolicitudOTAdjuntos HTTP/1.1" 200 10773
181.212.42.153 - - [26/Apr/2022:11:16:00 -0300] "GET /cormun/servlet/trsolicitudot? HTTP/1.1" 200 7185
181.212.42.153 - - [26/Apr/2022:11:16:00 -0300] "GET /cormun/servlet/trsolicitudot? HTTP/1.1" 200 7187
192.168.10.17 - - [26/Apr/2022:11:16:00 -0300] "POST /cormun/servlet/acontrolpreferencessavestate?None,RRHH+DANIELA,true HTTP/1.1" 200 35
192.168.10.17 - - [26/Apr/2022:11:16:03 -0300] "GET /cormun/servlet/vesolicitudgral?2022,18419,,General HTTP/1.1" 200 8363
192.168.10.17 - - [26/Apr/2022:11:16:03 -0300] "GET /cormun/pexe_scrolldiv.js HTTP/1.1" 404 1009
192.168.10.17 - - [26/Apr/2022:11:16:03 -0300] "GET /cormun/servlet/vesolicitudgral?2022,18419,,General HTTP/1.1" 200 8363
181.212.42.153 - - [26/Apr/2022:11:16:05 -0300] "GET /cormun/servlet/solicitudot?INS,0,0,false, HTTP/1.1" 200 15687
181.212.42.153 - - [26/Apr/2022:11:16:05 -0300] "GET /cormun/servlet/solicitudot?INS,0,0,false, HTTP/1.1" 200 15695
181.212.42.153 - - [26/Apr/2022:11:16:11 -0300] "POST /cormun/servlet/solicitudot?gx-no-cache=1650982186889 HTTP/1.1" 200 3850
181.212.42.153 - - [26/Apr/2022:11:16:12 -0300] "POST /cormun/servlet/solicitudot?5b3c5dcf9017d488c285862a6d434a41,INS,0,0,false,,gx-no-cache=1650982187000 HTTP/1.1" 200 12392
181.212.42.153 - - [26/Apr/2022:11:16:14 -0300] "GET /cormun/servlet/solicitudot?0694675c60c37ba9f577b477e29154d00fe0819ceb312733deef0c49bbc5e0e765ece9013c68cfe77dd29bb2f6922be9,gx-no-cache=1650982189634 HTTP/1.1" 200 30
192.168.10.11 - - [26/Apr/2022:11:16:30 -0300] "GET / HTTP/1.1" 200 11217
192.168.10.96 - - [26/Apr/2022:11:16:44 -0300] "POST /cormun/servlet/trsolicitudgral?20347531d677c48e300056ebf3a5f551,,gx-no-cache=1650981682492 HTTP/1.1" 200 6678
181.212.43.89 - - [26/Apr/2022:11:16:48 -0300] "GET /cormun/servlet/prbanco?,MD,,gxPopupLevel%3D0%3B HTTP/1.1" 200 6569
181.212.43.89 - - [26/Apr/2022:11:17:02 -0300] "GET /cormun/servlet/solicitudot?dbf94275caf18685bb4af911edfa4c81dd531396af1b4cf6431091f9fa1c68ec14decdbb3812836da541a7ffad6c1bb4022e7a982542c91a2f92f3a922791b84,gx-no-cache=1650981871775 HTTP/1.1" 200 30
192.168.10.96 - - [26/Apr/2022:11:17:04 -0300] "POST /cormun/servlet/trsolicitudgral?20347531d677c48e300056ebf3a5f551,,gx-no-cache=1650981702588 HTTP/1.1" 200 5486
192.168.10.96 - - [26/Apr/2022:11:17:04 -0300] "GET /cormun/static/Shared/jqueryui/images/ui-icons_82798d_256x240.png HTTP/1.1" 404 1089
192.168.10.96 - - [26/Apr/2022:11:17:04 -0300] "GET /cormun/static/Shared/jqueryui/images/ui-bg_highlight-soft_100_c6c2c8_1x100.png HTTP/1.1" 404 1117
192.168.10.96 - - [26/Apr/2022:11:17:04 -0300] "GET /cormun/static/Shared/jqueryui/images/ui-bg_flat_55_fafafa_40x100.png HTTP/1.1" 404 1097
192.168.10.96 - - [26/Apr/2022:11:17:04 -0300] "GET /cormun/static/Shared/jqueryui/images/ui-icons_8d78a5_256x240.png HTTP/1.1" 404 1089
181.212.43.89 - - [26/Apr/2022:11:17:05 -0300] "GET /cormun/servlet/solicitudot?dbf94275caf18685bb4af911edfa4c813bda13c3f17eddbaae86433b4c0f967c,gx-no-cache=1650981874838 HTTP/1.1" 200 53
192.168.10.96 - - [26/Apr/2022:11:17:09 -0300] "POST /cormun/servlet/trsolicitudgral?20347531d677c48e300056ebf3a5f551,,gx-no-cache=1650981707361 HTTP/1.1" 200 5261
192.168.10.96 - - [26/Apr/2022:11:17:11 -0300] "POST /cormun/servlet/trsolicitudgral?20347531d677c48e300056ebf3a5f551,,gx-no-cache=1650981709831 HTTP/1.1" 200 5259
181.212.42.153 - - [26/Apr/2022:11:17:15 -0300] "GET /cormun/servlet/prbanco?,MD,,gxPopupLevel%3D0%3B HTTP/1.1" 200 6528
192.168.10.96 - - [26/Apr/2022:11:17:17 -0300] "POST /cormun/servlet/trsolicitudgral?20347531d677c48e300056ebf3a5f551,,gx-no-cache=1650981715448 HTTP/1.1" 200 5261
181.212.42.153 - - [26/Apr/2022:11:17:18 -0300] "GET /cormun/servlet/solicitudot?0694675c60c37ba9f577b477e29154d05c51cdaf682ddaa21460e42f9f6570a154e7a5b484eb95703b22ccb382218f096dae33ce95bd1f9fffea5bb94052a79f,gx-no-cache=1650982253108 HTTP/1.1" 200 30
181.212.42.153 - - [26/Apr/2022:11:17:18 -0300] "GET /cormun/servlet/solicitudot?0694675c60c37ba9f577b477e29154d05df8358e303739feec65e514708aa8d4,gx-no-cache=1650982253838 HTTP/1.1" 200 53
200.54.237.82 - - [26/Apr/2022:11:17:20 -0300] "POST /cormun/servlet/hlogin?137b500992fdef08f3dbc7f9f852717d,gx-no-cache=1650981890198 HTTP/1.1" 200 90
200.54.237.82 - - [26/Apr/2022:11:17:20 -0300] "GET /cormun/servlet/hpexe_link HTTP/1.1" 200 962
200.54.237.82 - - [26/Apr/2022:11:17:21 -0300] "GET /cormun/servlet/trcontratounov2 HTTP/1.1" 200 17820
200.54.237.82 - - [26/Apr/2022:11:17:21 -0300] "GET /cormun/servlet/trcontratounov2 HTTP/1.1" 200 17833
181.212.42.153 - - [26/Apr/2022:11:17:26 -0300] "POST /cormun/servlet/solicitudot?gx-no-cache=1650982261851 HTTP/1.1" 200 256
181.212.42.153 - - [26/Apr/2022:11:17:28 -0300] "POST /cormun/servlet/solicitudot?gx-no-cache=1650982263423 HTTP/1.1" 200 243
192.168.10.11 - - [26/Apr/2022:11:17:30 -0300] "GET / HTTP/1.1" 200 11217
181.212.42.153 - - [26/Apr/2022:11:17:30 -0300] "GET /cormun/servlet/solicitudot?0694675c60c37ba9f577b477e29154d085ac85b5247232f08f6dbf86e534ef7dd9866802fca429ac525fce0ee2ff08db7e662305b66299c469691b184ed34fcc80b82ad738fa2a1772cf63a4b11d4a697f373091fbfae71b2614ceaacda422f433e160df0fc731c6d4682c9fcc6282a1742bd280005ede5719360171115484f706b1d5c9a48ba47e2ff936116ff07577f60f657bcc17432ed3d661fa2ddfe049d929410ced7d77b18fd88e76369ac56825618769d21c5a2dd410285cab75b8c6dc2a988b6346c1de44d49398be10d95490f97559a8fdf435370ca809221df6bb7a512253245862bc9a71e67e0907b54f62ed9fe14114d051a97b85b0d6495793d7ff596801d6c3cda0e809fade4690ccb5808300b1b9e04ffeddf86a858909f9951ba55bc01218144cf9ccf48e7ba9224c0e2083cbb6accb0731f7131e5cdf52dda0a4bbaccbac998052295a26b9cea74b4b7304754342b261a0affae73f3b2077f815e710636fa2b8d68851b9c1be0438701893194b43cfc621c7fb5e2f80f3,gx-no-cache=1650982265169 HTTP/1.1" 200 30
181.212.43.89 - - [26/Apr/2022:11:17:30 -0300] "POST /cormun/servlet/solicitudot?gx-no-cache=1650981900505 HTTP/1.1" 200 297
181.212.43.89 - - [26/Apr/2022:11:17:30 -0300] "GET /cormun/servlet/solicitudot?dbf94275caf18685bb4af911edfa4c81af542a73e638edee433eff42e6f59bcedf5098d0d552af3a912800c27a16662f10e8bd711f2c44dd3bc5d55e15e28e00d7353b09c4d105004baf5c8e114db79ef494ff9fc2d4599722701bbecd856dc0b5b21532dca240b60be64865e21f8e1457481ed58d6dde8ac3df152605ae65ef832b5492fbcd18511fdeee991d6c7cd0d78ae25909cead2e282941ec2bfa944c013d6c61e027dfe4d56669cb237a27caf8fd603d1ea8a8eceee6917af368af0904c168980c9173ea621a61d5376eb163a2f0d7629f25adf8ce5d20b83e0f307aae61e58fc6a2084108098969c6b257324fcf7f75d85c8e8368faa9358c500a34f55d9576f9abe57d60705425b1c076c833b10af4bb7261f12b24a156c654bc9f608e3aed3931818b5737d96805992bbf30d20f4f8805921add3d6af820d37543c4bd8ac0cc497d29c325b1fc6f5368d871a3eab74227f76dcbfa626c553f6a3c8b6da413062d45efe1b2eb34c69ec1e12c22e471a07938552e899373a223095fb5f34307a15f0f4dac46aff84d722f80,gx-no-cache=1650981900562 HTTP/1.1" 200 30
