192.168.10.11 - - [26/Apr/2022:10:30:30 -0300] "GET / HTTP/1.1" 200 11217
190.171.142.26 - - [26/Apr/2022:10:30:39 -0300] "GET /cormun/servlet/permisogoce?INS,0,,, HTTP/1.1" 200 6857
190.171.142.26 - - [26/Apr/2022:10:30:39 -0300] "GET /cormun/servlet/permisogoce?INS,0,,, HTTP/1.1" 200 6836
190.171.142.26 - - [26/Apr/2022:10:31:03 -0300] "GET /cormun/servlet/permisogoce?5bb56bc7dfd3bd924da6170ed14ab2ea4becf8c05ae4acf32a7eabd345a0484917ba44cb261e8736fbe646c955fc4db3f42c55888260557ac395eeb31cac37f5,gx-no-cache=1650979113192 HTTP/1.1" 200 82
190.171.142.50 - - [26/Apr/2022:10:31:27 -0300] "GET /cormun/servlet/hlogin HTTP/1.1" 200 1725
190.171.142.50 - - [26/Apr/2022:10:31:27 -0300] "GET /cormun/servlet/hlogin HTTP/1.1" 200 1736
192.168.10.11 - - [26/Apr/2022:10:31:30 -0300] "GET / HTTP/1.1" 200 11217
190.171.142.50 - - [26/Apr/2022:10:31:38 -0300] "POST /cormun/servlet/hlogin?dc2914b90c5f930d40e8c14f41ddb96d,gx-no-cache=1650981521581 HTTP/1.1" 200 90
190.171.142.50 - - [26/Apr/2022:10:31:38 -0300] "GET /cormun/servlet/hpexe_link HTTP/1.1" 200 953
190.171.142.50 - - [26/Apr/2022:10:31:38 -0300] "GET /cormun/servlet/hhome HTTP/1.1" 200 3944
190.171.142.50 - - [26/Apr/2022:10:31:38 -0300] "GET /cormun/servlet/hhome HTTP/1.1" 200 3941
192.168.10.17 - - [26/Apr/2022:10:31:40 -0300] "GET /cormun/servlet/trsolicitudgral? HTTP/1.1" 200 16027
192.168.10.17 - - [26/Apr/2022:10:31:41 -0300] "GET /cormun/servlet/trsolicitudgral? HTTP/1.1" 200 16020
190.171.142.50 - - [26/Apr/2022:10:31:41 -0300] "GET /cormun/servlet/trsolicitudot? HTTP/1.1" 200 7167
190.171.142.50 - - [26/Apr/2022:10:31:41 -0300] "GET /cormun/servlet/trsolicitudot? HTTP/1.1" 200 7166
192.168.10.17 - - [26/Apr/2022:10:31:44 -0300] "GET /cormun/servlet/vesolicitudgral?2022,18448,, HTTP/1.1" 200 8455
192.168.10.17 - - [26/Apr/2022:10:31:44 -0300] "GET /cormun/pexe_scrolldiv.js HTTP/1.1" 404 1009
192.168.10.17 - - [26/Apr/2022:10:31:45 -0300] "GET /cormun/servlet/vesolicitudgral?2022,18448,, HTTP/1.1" 200 8456
190.171.142.50 - - [26/Apr/2022:10:32:01 -0300] "GET /cormun/servlet/solicitudot?INS,0,0,false, HTTP/1.1" 200 15671
190.171.142.50 - - [26/Apr/2022:10:32:01 -0300] "GET /cormun/servlet/solicitudot?INS,0,0,false, HTTP/1.1" 200 15678
190.171.153.50 - - [26/Apr/2022:10:32:20 -0300] "POST /cormun/servlet/solicitudot?gx-no-cache=1650979515798 HTTP/1.1" 200 3930
190.171.153.50 - - [26/Apr/2022:10:32:20 -0300] "POST /cormun/servlet/solicitudot?016cd9cbc561d1bebe45328ee1d365b3,INS,0,0,false,,gx-no-cache=1650979515922 HTTP/1.1" 200 12797
190.171.153.50 - - [26/Apr/2022:10:32:20 -0300] "GET /cormun/servlet/solicitudot?fc9ce4892891ceabdb6b08d33dbe2b37b546dd036e759f412af6a5f97960e47266bb18a61a6274e160bef864007818cc,gx-no-cache=1650979516589 HTTP/1.1" 200 30
192.168.10.11 - - [26/Apr/2022:10:32:30 -0300] "GET / HTTP/1.1" 200 11217
190.171.153.50 - - [26/Apr/2022:10:32:33 -0300] "GET /cormun/servlet/hlogin HTTP/1.1" 200 1752
190.171.142.26 - - [26/Apr/2022:10:32:34 -0300] "GET /cormun/servlet/permisogoce?5bb56bc7dfd3bd924da6170ed14ab2eae6844d5b98bc55f8c9f39f89c25caaf44edae4cc271ae473869cd1cb4d7af4836865da05717f4af25c5e57814ee370aa,gx-no-cache=1650979203864 HTTP/1.1" 200 47
190.171.141.90 - - [26/Apr/2022:10:32:38 -0300] "POST /cormun/servlet/trlicencias?e218f6ff0c25c99cb1a6e176dbccbeb4,gx-no-cache=1650979207852 HTTP/1.1" 200 11775
181.203.48.174 - - [26/Apr/2022:10:32:55 -0300] "GET /cormun/servlet/hlogin HTTP/1.1" 200 1731
181.203.48.174 - - [26/Apr/2022:10:33:00 -0300] "POST /cormun/servlet/hlogin?03d6d74e92a83c19d27827e228d7d78e,gx-no-cache=1650979231020 HTTP/1.1" 200 90
181.203.48.174 - - [26/Apr/2022:10:33:04 -0300] "GET /cormun/servlet/hpexe_link HTTP/1.1" 200 964
181.203.48.174 - - [26/Apr/2022:10:33:04 -0300] "GET /cormun/servlet/trpermisosgoce? HTTP/1.1" 200 15297
181.203.48.174 - - [26/Apr/2022:10:33:11 -0300] "GET /cormun/servlet/trpermisosgoce? HTTP/1.1" 200 15308
181.203.48.174 - - [26/Apr/2022:10:33:14 -0300] "GET /cormun/servlet/trlicencias? HTTP/1.1" 200 12927
181.203.48.174 - - [26/Apr/2022:10:33:26 -0300] "GET /cormun/servlet/trlicencias? HTTP/1.1" 200 12925
192.168.10.11 - - [26/Apr/2022:10:33:30 -0300] "GET / HTTP/1.1" 200 11217
190.171.142.26 - - [26/Apr/2022:10:33:30 -0300] "GET /cormun/servlet/permisogoce?5bb56bc7dfd3bd924da6170ed14ab2eae6844d5b98bc55f8c9f39f89c25caaf406a8daf27f9689c6206ada97558751c86f12a9e3d97877949619f8d5d9eb12ec,gx-no-cache=1650979259812 HTTP/1.1" 200 47
190.171.142.50 - - [26/Apr/2022:10:33:35 -0300] "POST /cormun/servlet/solicitudot?gx-no-cache=1650981637998 HTTP/1.1" 200 3858
190.171.142.50 - - [26/Apr/2022:10:33:35 -0300] "POST /cormun/servlet/solicitudot?dc2914b90c5f930d40e8c14f41ddb96d,INS,0,0,false,,gx-no-cache=1650981638129 HTTP/1.1" 200 12396
190.171.142.26 - - [26/Apr/2022:10:33:36 -0300] "POST /cormun/servlet/permisogoce?6aa79f8638853d4c18675454ae44655f,INS,0,,,,gx-no-cache=1650979265412 HTTP/1.1" 200 93
190.171.142.26 - - [26/Apr/2022:10:33:36 -0300] "GET /cormun/servlet/hpexe_return? HTTP/1.1" 200 1034
190.171.142.26 - - [26/Apr/2022:10:33:36 -0300] "GET /cormun/servlet/hpexe_return? HTTP/1.1" 200 1024
190.171.142.26 - - [26/Apr/2022:10:33:36 -0300] "GET /cormun/servlet/trpermisosgoce?gx-no-cache=1650978343815 HTTP/1.1" 200 12467
190.171.142.26 - - [26/Apr/2022:10:33:37 -0300] "GET /cormun/servlet/trpermisosgoce?gx-no-cache=1650978343815 HTTP/1.1" 200 12483
190.171.142.50 - - [26/Apr/2022:10:33:37 -0300] "GET /cormun/servlet/solicitudot?706d4ed7843df0c24e3d2398c390a8fdb8e4413166defd341b9385a01afcda470eba91241c812f805a31a1192dcd5b0c,gx-no-cache=1650981640885 HTTP/1.1" 200 30
190.171.142.26 - - [26/Apr/2022:10:33:43 -0300] "GET /cormun/servlet/apermisogoceprn?14202165,P,20220426091517,PU HTTP/1.1" 200 1652
190.171.142.26 - - [26/Apr/2022:10:33:59 -0300] "GET /cormun/servlet/permisogoce?INS,0,,, HTTP/1.1" 200 6857
190.171.142.26 - - [26/Apr/2022:10:34:00 -0300] "GET /cormun/servlet/permisogoce?INS,0,,, HTTP/1.1" 200 6835
190.171.142.26 - - [26/Apr/2022:10:34:15 -0300] "GET /cormun/servlet/permisogoce?5bb56bc7dfd3bd924da6170ed14ab2ea4becf8c05ae4acf32a7eabd345a0484917ba44cb261e8736fbe646c955fc4db3f42c55888260557ac395eeb31cac37f5,gx-no-cache=1650979305009 HTTP/1.1" 200 85
190.171.142.26 - - [26/Apr/2022:10:34:26 -0300] "GET /cormun/servlet/permisogoce?5bb56bc7dfd3bd924da6170ed14ab2eae6844d5b98bc55f8c9f39f89c25caaf410940b0ce5ef35a526dfcae15a22904c9383f8b4cdfe00aa8985500f80519aaf,gx-no-cache=1650979316151 HTTP/1.1" 200 48
192.168.10.11 - - [26/Apr/2022:10:34:30 -0300] "GET / HTTP/1.1" 200 11217
190.171.142.26 - - [26/Apr/2022:10:34:31 -0300] "POST /cormun/servlet/permisogoce?6aa79f8638853d4c18675454ae44655f,INS,0,,,,gx-no-cache=1650979320057 HTTP/1.1" 200 93
190.171.142.26 - - [26/Apr/2022:10:34:31 -0300] "GET /cormun/servlet/hpexe_return? HTTP/1.1" 200 1034
190.171.142.26 - - [26/Apr/2022:10:34:31 -0300] "GET /cormun/servlet/trpermisosgoce?gx-no-cache=1650978343815 HTTP/1.1" 200 12652
190.171.142.26 - - [26/Apr/2022:10:34:31 -0300] "GET /cormun/servlet/trpermisosgoce?gx-no-cache=1650978343815 HTTP/1.1" 200 12668
190.171.142.26 - - [26/Apr/2022:10:34:38 -0300] "GET /cormun/servlet/apermisogoceprn?14202165,P,20220426091838,PU HTTP/1.1" 200 1652
192.168.10.17 - - [26/Apr/2022:10:34:54 -0300] "GET /cormun/servlet/vesolicitudgral?2022,18448,,SolicitudOTAdjuntos HTTP/1.1" 200 7035
192.168.10.17 - - [26/Apr/2022:10:34:54 -0300] "GET /cormun/pexe_scrolldiv.js HTTP/1.1" 404 1009
192.168.10.17 - - [26/Apr/2022:10:34:55 -0300] "GET /cormun/servlet/vesolicitudgral?2022,18448,,SolicitudOTAdjuntos HTTP/1.1" 200 7035
192.168.10.17 - - [26/Apr/2022:10:34:55 -0300] "POST /cormun/servlet/acontrolpreferencessavestate?None,RRHH+DANIELA,true HTTP/1.1" 200 35
192.168.10.17 - - [26/Apr/2022:10:34:57 -0300] "GET /cormun/servlet/vesolicitudgral?2022,18448,,General HTTP/1.1" 200 8459
192.168.10.17 - - [26/Apr/2022:10:34:57 -0300] "GET /cormun/pexe_scrolldiv.js HTTP/1.1" 404 1009
192.168.10.17 - - [26/Apr/2022:10:34:57 -0300] "GET /cormun/servlet/vesolicitudgral?2022,18448,,General HTTP/1.1" 200 8459
190.171.142.26 - - [26/Apr/2022:10:35:07 -0300] "GET /cormun/servlet/permisogoce?INS,0,,, HTTP/1.1" 200 6857
190.171.142.26 - - [26/Apr/2022:10:35:08 -0300] "GET /cormun/servlet/permisogoce?INS,0,,, HTTP/1.1" 200 6836
200.54.237.82 - - [26/Apr/2022:10:35:10 -0300] "GET /cormun/servlet/trcontratounov2 HTTP/1.1" 200 17813
200.54.237.82 - - [26/Apr/2022:10:35:10 -0300] "GET /cormun/servlet/trcontratounov2 HTTP/1.1" 200 17833
190.171.142.50 - - [26/Apr/2022:10:35:11 -0300] "GET /cormun/servlet/prbanco?,MD,,gxPopupLevel%3D0%3B HTTP/1.1" 200 6503
190.171.142.50 - - [26/Apr/2022:10:35:14 -0300] "GET /cormun/servlet/solicitudot?706d4ed7843df0c24e3d2398c390a8fd64e4bfe1c87a7b0c83a9ba875b6e2a20fdf141bdd3cbb97bd4163f2f26285b055b9d0071f0dc1a18d6d6575ad09c7d22,gx-no-cache=1650981737726 HTTP/1.1" 200 30
190.171.142.50 - - [26/Apr/2022:10:35:15 -0300] "GET /cormun/servlet/solicitudot?706d4ed7843df0c24e3d2398c390a8fd34772d14a7b46a75041db1ac9d8a98ef,gx-no-cache=1650981738963 HTTP/1.1" 200 53
192.168.10.11 - - [26/Apr/2022:10:35:30 -0300] "GET / HTTP/1.1" 200 11217
190.171.142.50 - - [26/Apr/2022:10:35:30 -0300] "POST /cormun/servlet/solicitudot?gx-no-cache=1650981753786 HTTP/1.1" 200 240
190.171.142.50 - - [26/Apr/2022:10:35:33 -0300] "GET /cormun/servlet/solicitudot?706d4ed7843df0c24e3d2398c390a8fdcc9ab42ca02fad487fbb91aa634a9b533b4e0acb65ca9da70ede9902c469840d911dc7e5e894b4761d39d752459023d47d16286919921c96708efaa0824b13c122e363aebcb178873feada15915d50a113e98a4a616afc80085e0f50408119fdcfe7471d709c22327ac7c664a337c5c395569ab41895f0c21a5620dde322d91812ad2b19e22f2a287ab80d8b58d56c791cf7178bf7b98fd6d7df04d37005b59caec1cea48b11c78c1b90767f17dae734705e6b642a36ab3af4ab08c256ebea179d465cf3ba6abbbc655a980b2aafc0ef306e3a18eff2c2de2efb209bab6ebb2f5da5898c54811270845f69590e1fcb52b979c9dc7950953c6b9dcc95978dd7b1dc72bf8d834fd0d8e10da89e1a4aee45c90fe7b0df032d68b51f5a8ee8227966010ec70b9f834e86ecb75bab06787cf336f5323460bbbfdcd658ffd3043c620d7ab3f6caeabb8f37c2f37f941828299c2fceb118d96305de2c9b5ae48d0e0ae1a70586e7a940cbbc85bc4d011bee0570,gx-no-cache=1650981756292 HTTP/1.1" 200 30
190.171.142.50 - - [26/Apr/2022:10:35:36 -0300] "POST /cormun/servlet/solicitudot?gx-no-cache=1650981759707 HTTP/1.1" 200 30
190.171.142.50 - - [26/Apr/2022:10:35:39 -0300] "GET /cormun/servlet/prfichaempleado?,MD,,gxPopupLevel%3D0%3B HTTP/1.1" 200 9244
190.171.141.138 - - [26/Apr/2022:10:35:45 -0300] "GET /cormun/servlet/trlicencias? HTTP/1.1" 200 7530
190.171.141.138 - - [26/Apr/2022:10:35:46 -0300] "GET /cormun/servlet/hlogin HTTP/1.1" 200 1747
190.171.141.138 - - [26/Apr/2022:10:35:46 -0300] "GET /cormun/servlet/trlicencias? HTTP/1.1" 200 7526
190.171.141.138 - - [26/Apr/2022:10:35:46 -0300] "GET /cormun/servlet/trlicencias? HTTP/1.1" 200 7526
190.171.142.50 - - [26/Apr/2022:10:35:47 -0300] "POST /cormun/servlet/prfichaempleado?dc2914b90c5f930d40e8c14f41ddb96d,,MD,,gxPopupLevel%3D0%3B,gx-no-cache=1650981770972 HTTP/1.1" 200 3401
190.171.141.138 - - [26/Apr/2022:10:35:48 -0300] "POST /cormun/servlet/hlogin?0ec9c82b685842049a2423268d407c8b,gx-no-cache=1650979399231 HTTP/1.1" 200 90
190.171.141.138 - - [26/Apr/2022:10:35:48 -0300] "GET /cormun/servlet/hpexe_link HTTP/1.1" 200 961
190.171.141.138 - - [26/Apr/2022:10:35:48 -0300] "GET /cormun/servlet/trlicencias HTTP/1.1" 200 10063
190.171.141.138 - - [26/Apr/2022:10:35:48 -0300] "GET /cormun/servlet/trlicencias HTTP/1.1" 200 10061
190.171.142.50 - - [26/Apr/2022:10:35:57 -0300] "GET /cormun/servlet/prlicenciaspermisos?16792496,L,,MD,,gxPopupLevel%3D0%3B HTTP/1.1" 200 5711
190.171.142.50 - - [26/Apr/2022:10:36:13 -0300] "POST /cormun/servlet/solicitudot?gx-no-cache=1650981796918 HTTP/1.1" 200 1457
190.171.142.26 - - [26/Apr/2022:10:36:20 -0300] "GET /cormun/servlet/permisogoce?5bb56bc7dfd3bd924da6170ed14ab2ea5b981a2e918f59a2e8f9de9711a0402e17ba44cb261e8736fbe646c955fc4db3f42c55888260557ac395eeb31cac37f5,gx-no-cache=1650979429613 HTTP/1.1" 200 83
192.168.10.11 - - [26/Apr/2022:10:36:30 -0300] "GET / HTTP/1.1" 200 11217
190.171.142.26 - - [26/Apr/2022:10:36:34 -0300] "GET /cormun/servlet/permisogoce?5bb56bc7dfd3bd924da6170ed14ab2ea5a50f933956a16543c2e18c9a63f3e8cb22e61f8e0ceb34c40cc4e2a951419ba6865da05717f4af25c5e57814ee370aa,gx-no-cache=1650979444036 HTTP/1.1" 200 47
190.171.142.26 - - [26/Apr/2022:10:36:39 -0300] "POST /cormun/servlet/permisogoce?6aa79f8638853d4c18675454ae44655f,INS,0,,,,gx-no-cache=1650979448323 HTTP/1.1" 200 93
190.171.142.26 - - [26/Apr/2022:10:36:39 -0300] "GET /cormun/servlet/hpexe_return? HTTP/1.1" 200 1034
190.171.142.26 - - [26/Apr/2022:10:36:39 -0300] "GET /cormun/servlet/trpermisosgoce?gx-no-cache=1650978343815 HTTP/1.1" 200 12879
190.171.142.26 - - [26/Apr/2022:10:36:40 -0300] "GET /cormun/servlet/trpermisosgoce?gx-no-cache=1650978343815 HTTP/1.1" 200 12894
190.171.142.26 - - [26/Apr/2022:10:36:48 -0300] "GET /cormun/servlet/apermisogoceprn?16884126,P,20220426091946,PU HTTP/1.1" 200 1663
190.171.142.50 - - [26/Apr/2022:10:36:50 -0300] "POST /cormun/servlet/solicitudot?gx-no-cache=1650981833574 HTTP/1.1" 200 41
192.168.10.96 - - [26/Apr/2022:10:36:58 -0300] "GET /cormun/servlet/trsolicitudgral? HTTP/1.1" 500 10
192.168.10.96 - - [26/Apr/2022:10:37:00 -0300] "GET /cormun/servlet/hlogin HTTP/1.1" 200 1727
192.168.10.96 - - [26/Apr/2022:10:37:02 -0300] "POST /cormun/servlet/hlogin?20347531d677c48e300056ebf3a5f551,gx-no-cache=1650979300483 HTTP/1.1" 200 90
192.168.10.96 - - [26/Apr/2022:10:37:02 -0300] "GET /cormun/servlet/hpexe_link HTTP/1.1" 200 955
192.168.10.96 - - [26/Apr/2022:10:37:02 -0300] "GET /cormun/servlet/hhome HTTP/1.1" 200 3789
192.168.10.96 - - [26/Apr/2022:10:37:02 -0300] "GET /cormun/servlet/hhome HTTP/1.1" 200 3787
192.168.10.96 - - [26/Apr/2022:10:37:06 -0300] "GET /cormun/servlet/trsolicitudgral? HTTP/1.1" 200 28323
192.168.10.96 - - [26/Apr/2022:10:37:07 -0300] "GET /cormun/servlet/trsolicitudgral? HTTP/1.1" 200 28322
190.171.142.50 - - [26/Apr/2022:10:37:15 -0300] "GET /cormun/servlet/solicitudot?706d4ed7843df0c24e3d2398c390a8fd838027607e238b04fc72ee623a760ccf58a02a14fca3b5db3d886c5d5f3467a728bbb3896d5e62fb464240589e04029664be27712593c8c0c375d48edd25664fb846757085c885df814830e4172cd93703fcaebceeb6e2164b4159ab00c0ca80,gx-no-cache=1650981859018 HTTP/1.1" 200 110
192.168.10.11 - - [26/Apr/2022:10:37:30 -0300] "GET / HTTP/1.1" 200 11217
190.171.142.50 - - [26/Apr/2022:10:37:41 -0300] "POST /cormun/servlet/solicitudot?gx-no-cache=1650981884228 HTTP/1.1" 200 97
190.171.142.26 - - [26/Apr/2022:10:37:45 -0300] "GET /cormun/servlet/permisogoce?INS,0,,, HTTP/1.1" 200 6856
190.171.142.26 - - [26/Apr/2022:10:37:45 -0300] "GET /cormun/servlet/permisogoce?INS,0,,, HTTP/1.1" 200 6835
190.171.142.26 - - [26/Apr/2022:10:38:02 -0300] "GET /cormun/servlet/permisogoce?5bb56bc7dfd3bd924da6170ed14ab2eac3262ff4374d68493d6dcfe54818bf369a0bfa6a7e077fcbd6a5a0ae0fb8e79e74cf3bc58288281aa7f88dd766a4c0cf,gx-no-cache=1650979531958 HTTP/1.1" 200 79
190.171.142.26 - - [26/Apr/2022:10:38:29 -0300] "GET /cormun/servlet/permisogoce?5bb56bc7dfd3bd924da6170ed14ab2ea1511d383feb7e93f79bef9b2dd06ec9e23738834e3b2201fb3ad6d43f8ba5bd07641d6dd1344269202afa805f70d079a,gx-no-cache=1650979558473 HTTP/1.1" 200 46
192.168.10.11 - - [26/Apr/2022:10:38:30 -0300] "GET / HTTP/1.1" 200 11217
190.171.142.50 - - [26/Apr/2022:10:38:37 -0300] "GET /cormun/servlet/solicitudot?706d4ed7843df0c24e3d2398c390a8fd8d2d1891a84190ea29888473e977342506fc8dd8def4a6f22f36167603b12ed1fbee7851f30ad8fcefe661d6ebffc69bc934bbe02e0cd6b024e03a3e5c414e50b8ada92893d12d2ed5ff8af8b9241178f2abb98948b58185565fbbf0f90e035b,gx-no-cache=1650981940209 HTTP/1.1" 200 29
190.171.142.50 - - [26/Apr/2022:10:38:37 -0300] "GET /cormun/static/menuarrow.gif HTTP/1.1" 404 1015
192.168.10.96 - - [26/Apr/2022:10:38:39 -0300] "POST /cormun/servlet/trsolicitudgral?20347531d677c48e300056ebf3a5f551,,gx-no-cache=1650979397780 HTTP/1.1" 200 5252
190.171.142.50 - - [26/Apr/2022:10:38:39 -0300] "GET /cormun/servlet/solicitudot?706d4ed7843df0c24e3d2398c390a8fd271decbed0e164ed7ba14b54f76159e3d50faf564d228f7c99f816e7264d60c1,gx-no-cache=1650981942810 HTTP/1.1" 200 30
190.171.142.50 - - [26/Apr/2022:10:38:39 -0300] "POST /cormun/servlet/solicitudot?gx-no-cache=1650981942832 HTTP/1.1" 200 34
190.171.142.26 - - [26/Apr/2022:10:38:43 -0300] "GET /cormun/static/menuarrow.gif HTTP/1.1" 404 1015
190.171.142.50 - - [26/Apr/2022:10:38:57 -0300] "POST /cormun/servlet/solicitudot?dc2914b90c5f930d40e8c14f41ddb96d,INS,0,0,false,,gx-no-cache=1650981959955 HTTP/1.1" 200 93
190.171.142.50 - - [26/Apr/2022:10:38:57 -0300] "GET /cormun/servlet/hpexe_return? HTTP/1.1" 200 1010
190.171.142.50 - - [26/Apr/2022:10:38:57 -0300] "GET /cormun/servlet/trsolicitudot HTTP/1.1" 200 8629
190.171.142.50 - - [26/Apr/2022:10:38:57 -0300] "GET /cormun/servlet/trsolicitudot HTTP/1.1" 200 8623
190.171.142.26 - - [26/Apr/2022:10:39:03 -0300] "POST /cormun/servlet/permisogoce?6aa79f8638853d4c18675454ae44655f,INS,0,,,,gx-no-cache=1650979592207 HTTP/1.1" 200 93
190.171.142.50 - - [26/Apr/2022:10:39:03 -0300] "POST /cormun/servlet/trsolicitudot?dc2914b90c5f930d40e8c14f41ddb96d,gx-no-cache=1650981966251 HTTP/1.1" 200 112
190.171.142.26 - - [26/Apr/2022:10:39:03 -0300] "GET /cormun/servlet/hpexe_return? HTTP/1.1" 200 1034
190.171.142.50 - - [26/Apr/2022:10:39:03 -0300] "GET /cormun/servlet/solicitudot?UPD,2022,18526,false, HTTP/1.1" 200 16223
190.171.142.26 - - [26/Apr/2022:10:39:03 -0300] "GET /cormun/servlet/trpermisosgoce?gx-no-cache=1650978343815 HTTP/1.1" 200 13100
190.171.142.50 - - [26/Apr/2022:10:39:03 -0300] "GET /cormun/servlet/solicitudot?UPD,2022,18526,false, HTTP/1.1" 200 16234
190.171.142.26 - - [26/Apr/2022:10:39:04 -0300] "GET /cormun/servlet/trpermisosgoce?gx-no-cache=1650978343815 HTTP/1.1" 200 13117
190.171.142.50 - - [26/Apr/2022:10:39:04 -0300] "POST /cormun/servlet/solicitudot?gx-no-cache=1650981967174 HTTP/1.1" 200 3939
190.171.142.50 - - [26/Apr/2022:10:39:04 -0300] "POST /cormun/servlet/solicitudot?dc2914b90c5f930d40e8c14f41ddb96d,UPD,2022,18526,false,,gx-no-cache=1650981967297 HTTP/1.1" 200 12568
190.171.142.50 - - [26/Apr/2022:10:39:04 -0300] "GET /cormun/servlet/solicitudot?706d4ed7843df0c24e3d2398c390a8fdb8e4413166defd341b9385a01afcda4721bd59f88eaec666a7e9e5e5beb7bb26,gx-no-cache=1650981967449 HTTP/1.1" 200 30
190.171.142.50 - - [26/Apr/2022:10:39:04 -0300] "GET /cormun/servlet/solicitudot?706d4ed7843df0c24e3d2398c390a8fd64e4bfe1c87a7b0c83a9ba875b6e2a20fdf141bdd3cbb97bd4163f2f26285b052829ed978dbe1a56d87529df101d36f9,gx-no-cache=1650981967470 HTTP/1.1" 200 30
190.171.142.50 - - [26/Apr/2022:10:39:04 -0300] "GET /cormun/servlet/solicitudot?706d4ed7843df0c24e3d2398c390a8fde2b558f4485c0ab8df0004a77bd2456b55f87de5e065926e1bf54aafc4b1c6429a15f6ec0b633b613b38de151c6ddbcb,gx-no-cache=1650981967494 HTTP/1.1" 200 53
190.171.142.50 - - [26/Apr/2022:10:39:04 -0300] "POST /cormun/servlet/solicitudot?gx-no-cache=1650981967515 HTTP/1.1" 200 240
190.171.142.50 - - [26/Apr/2022:10:39:04 -0300] "GET /cormun/servlet/solicitudot?706d4ed7843df0c24e3d2398c390a8fdcc9ab42ca02fad487fbb91aa634a9b533b4e0acb65ca9da70ede9902c469840d911dc7e5e894b4761d39d752459023d47d16286919921c96708efaa0824b13c122e363aebcb178873feada15915d50a113e98a4a616afc80085e0f50408119fdcfe7471d709c22327ac7c664a337c5c395569ab41895f0c21a5620dde322d91812ad2b19e22f2a287ab80d8b58d56c791cf7178bf7b98fd6d7df04d37005b59caec1cea48b11c78c1b90767f17dae734705e6b642a36ab3af4ab08c256ebea179d465cf3ba6abbbc655a980b2aafc0ef306e3a18eff2c2de2efb209bab6ebb2f5da5898c54811270845f69590e1fcb52b979c9dc7950953c6b9dcc95978dd7b1dc72bf8d834fd0d8e10da89e1a4aee45c90fe7b0df032d68b51f5a8ee8227966010ec70b9f834e86ecb75bab06787cf336f5323460bbbfdcd658ffd3043c620d7ab3f6caeabb8f37c2f37f941828299c2fceb118d96305de2c9b5ae48d0e0ae1e5101d0f3853ff31a4fc94c354715c6c,gx-no-cache=1650981967538 HTTP/1.1" 200 30
190.171.142.50 - - [26/Apr/2022:10:39:04 -0300] "POST /cormun/servlet/solicitudot?gx-no-cache=1650981967557 HTTP/1.1" 200 30
190.171.142.50 - - [26/Apr/2022:10:39:04 -0300] "POST /cormun/servlet/solicitudot?gx-no-cache=1650981967578 HTTP/1.1" 200 1456
190.171.142.50 - - [26/Apr/2022:10:39:04 -0300] "POST /cormun/servlet/solicitudot?gx-no-cache=1650981967646 HTTP/1.1" 200 41
190.171.142.50 - - [26/Apr/2022:10:39:06 -0300] "GET /cormun/servlet/solicitudot?706d4ed7843df0c24e3d2398c390a8fd838027607e238b04fc72ee623a760ccf58a02a14fca3b5db3d886c5d5f3467a728bbb3896d5e62fb464240589e04029664be27712593c8c0c375d48edd25664fb846757085c885df814830e4172cd93703fcaebceeb6e2164b4159ab00c0ca80,gx-no-cache=1650981969337 HTTP/1.1" 200 110
190.171.142.50 - - [26/Apr/2022:10:39:06 -0300] "POST /cormun/servlet/solicitudot?gx-no-cache=1650981969357 HTTP/1.1" 200 97
190.171.142.50 - - [26/Apr/2022:10:39:07 -0300] "GET /cormun/servlet/solicitudot?706d4ed7843df0c24e3d2398c390a8fdd5e2baa567e6a3eabd4e03f701a5e7d9ba4be62eead062e8f86c8014f584f8c982a991ec5790f5090e7c145ee5bebcb3fc62c90d7de84bae22c2894bc842cff48838a59da8d9c55501384d6eb987898f3bb00e51825d973699e5aa39c6e2b39f064321bede6a73343c1a2c9530274f35accbf08d3861b78d3e62f453b88f586c7b2394b601b60eba21bcdea0e45edd4aa604cca1737be188ec0a95bfa94c66e84445b276e408b1418420f371df5b24397c7d4fe8d64a94ed647f8385b8128fc3,gx-no-cache=1650981970299 HTTP/1.1" 200 30
190.171.142.50 - - [26/Apr/2022:10:39:11 -0300] "GET /cormun/servlet/solicitudot?706d4ed7843df0c24e3d2398c390a8fd271decbed0e164ed7ba14b54f76159e3d50faf564d228f7c99f816e7264d60c1,gx-no-cache=1650981974433 HTTP/1.1" 200 30
190.171.142.50 - - [26/Apr/2022:10:39:11 -0300] "POST /cormun/servlet/solicitudot?gx-no-cache=1650981974454 HTTP/1.1" 200 34
190.171.142.50 - - [26/Apr/2022:10:39:11 -0300] "POST /cormun/servlet/solicitudot?dc2914b90c5f930d40e8c14f41ddb96d,UPD,2022,18526,false,,gx-no-cache=1650981974474 HTTP/1.1" 200 93
190.171.142.50 - - [26/Apr/2022:10:39:11 -0300] "GET /cormun/servlet/hpexe_return? HTTP/1.1" 200 1016
190.171.142.50 - - [26/Apr/2022:10:39:11 -0300] "GET /cormun/servlet/trsolicitudot HTTP/1.1" 200 8629
190.171.142.50 - - [26/Apr/2022:10:39:11 -0300] "GET /cormun/servlet/trsolicitudot HTTP/1.1" 200 8623
190.171.142.26 - - [26/Apr/2022:10:39:12 -0300] "GET /cormun/servlet/apermisogoceprn?7677020,P,20220426092223,PU HTTP/1.1" 200 1648
192.168.10.17 - - [26/Apr/2022:10:39:24 -0300] "GET /cormun/servlet/trsolicitudgral? HTTP/1.1" 200 15694
192.168.10.17 - - [26/Apr/2022:10:39:25 -0300] "GET /cormun/servlet/trsolicitudgral? HTTP/1.1" 200 15687
192.168.10.11 - - [26/Apr/2022:10:39:30 -0300] "GET / HTTP/1.1" 200 11217
190.171.142.50 - - [26/Apr/2022:10:39:32 -0300] "GET /cormun/servlet/solicitudot?INS,0,0,false, HTTP/1.1" 200 15671
190.171.142.50 - - [26/Apr/2022:10:39:32 -0300] "GET /cormun/servlet/solicitudot?INS,0,0,false, HTTP/1.1" 200 15678
190.171.142.50 - - [26/Apr/2022:10:39:42 -0300] "POST /cormun/servlet/solicitudot?gx-no-cache=1650982005716 HTTP/1.1" 200 3858
190.171.142.50 - - [26/Apr/2022:10:39:42 -0300] "POST /cormun/servlet/solicitudot?dc2914b90c5f930d40e8c14f41ddb96d,INS,0,0,false,,gx-no-cache=1650982005828 HTTP/1.1" 200 12394
190.171.142.26 - - [26/Apr/2022:10:39:44 -0300] "GET /cormun/servlet/permisogoce?INS,0,,, HTTP/1.1" 200 6857
190.171.142.26 - - [26/Apr/2022:10:39:44 -0300] "GET /cormun/servlet/permisogoce?INS,0,,, HTTP/1.1" 200 6834
190.171.142.50 - - [26/Apr/2022:10:39:45 -0300] "GET /cormun/servlet/solicitudot?706d4ed7843df0c24e3d2398c390a8fdb8e4413166defd341b9385a01afcda470eba91241c812f805a31a1192dcd5b0c,gx-no-cache=1650982008459 HTTP/1.1" 200 30
192.168.10.17 - - [26/Apr/2022:10:39:48 -0300] "GET /cormun/servlet/vesolicitudgral?2022,18439,, HTTP/1.1" 200 8389
192.168.10.17 - - [26/Apr/2022:10:39:48 -0300] "GET /cormun/pexe_scrolldiv.js HTTP/1.1" 404 1009
192.168.10.17 - - [26/Apr/2022:10:39:49 -0300] "GET /cormun/servlet/vesolicitudgral?2022,18439,, HTTP/1.1" 200 8388
190.171.142.26 - - [26/Apr/2022:10:39:56 -0300] "GET /cormun/servlet/permisogoce?5bb56bc7dfd3bd924da6170ed14ab2ea7a2d4654413fa9a66453da7d5ed79fd717ba44cb261e8736fbe646c955fc4db3f42c55888260557ac395eeb31cac37f5,gx-no-cache=1650979645836 HTTP/1.1" 200 77
190.171.142.26 - - [26/Apr/2022:10:40:02 -0300] "GET /cormun/servlet/permisogoce?5bb56bc7dfd3bd924da6170ed14ab2eabd4b2f31a0e2588d7e51a169eb255ca8a2c1a907dee5a2d524dfd40d0aa2cc476865da05717f4af25c5e57814ee370aa,gx-no-cache=1650979652317 HTTP/1.1" 200 47
190.171.142.26 - - [26/Apr/2022:10:40:06 -0300] "GET /cormun/static/menuarrow.gif HTTP/1.1" 404 1015
190.171.142.26 - - [26/Apr/2022:10:40:10 -0300] "POST /cormun/servlet/permisogoce?6aa79f8638853d4c18675454ae44655f,INS,0,,,,gx-no-cache=1650979659457 HTTP/1.1" 200 93
190.171.142.26 - - [26/Apr/2022:10:40:10 -0300] "GET /cormun/servlet/hpexe_return? HTTP/1.1" 200 1034
190.171.142.26 - - [26/Apr/2022:10:40:10 -0300] "GET /cormun/servlet/trpermisosgoce?gx-no-cache=1650978343815 HTTP/1.1" 200 13335
190.171.142.26 - - [26/Apr/2022:10:40:11 -0300] "GET /cormun/servlet/trpermisosgoce?gx-no-cache=1650978343815 HTTP/1.1" 200 13350
190.171.142.26 - - [26/Apr/2022:10:40:23 -0300] "GET /cormun/servlet/apermisogoceprn?15114135,P,20220426092422,PU HTTP/1.1" 200 1644
192.168.10.11 - - [26/Apr/2022:10:40:30 -0300] "GET / HTTP/1.1" 200 11217
190.171.142.26 - - [26/Apr/2022:10:40:39 -0300] "GET /cormun/servlet/permisogoce?INS,0,,, HTTP/1.1" 200 6857
190.171.142.26 - - [26/Apr/2022:10:40:39 -0300] "GET /cormun/servlet/permisogoce?INS,0,,, HTTP/1.1" 200 6836
190.171.142.50 - - [26/Apr/2022:10:40:49 -0300] "GET /cormun/servlet/solicitudot?706d4ed7843df0c24e3d2398c390a8fd64e4bfe1c87a7b0c83a9ba875b6e2a20fdf141bdd3cbb97bd4163f2f26285b055b9d0071f0dc1a18d6d6575ad09c7d22,gx-no-cache=1650982072584 HTTP/1.1" 200 30
190.171.142.50 - - [26/Apr/2022:10:40:49 -0300] "GET /cormun/servlet/solicitudot?706d4ed7843df0c24e3d2398c390a8fd4e7e7875d91a6bdfdddacdf881011687,gx-no-cache=1650982072613 HTTP/1.1" 200 29
190.171.142.26 - - [26/Apr/2022:10:40:50 -0300] "GET /cormun/servlet/permisogoce?5bb56bc7dfd3bd924da6170ed14ab2ea50717e1eb8dddc746c2662a1f92e2b3d17ba44cb261e8736fbe646c955fc4db3f42c55888260557ac395eeb31cac37f5,gx-no-cache=1650979699391 HTTP/1.1" 200 79
190.171.142.50 - - [26/Apr/2022:10:40:51 -0300] "POST /cormun/servlet/solicitudot?gx-no-cache=1650982074944 HTTP/1.1" 200 240
190.171.142.50 - - [26/Apr/2022:10:40:56 -0300] "GET /cormun/servlet/solicitudot?706d4ed7843df0c24e3d2398c390a8fdcc9ab42ca02fad487fbb91aa634a9b533b4e0acb65ca9da70ede9902c469840d911dc7e5e894b4761d39d752459023d47d16286919921c96708efaa0824b13c122e363aebcb178873feada15915d50a113e98a4a616afc80085e0f50408119fdcfe7471d709c22327ac7c664a337c5c395569ab41895f0c21a5620dde322d91812ad2b19e22f2a287ab80d8b58d56c791cf7178bf7b98fd6d7df04d37005b59caec1cea48b11c78c1b90767f17dae734705e6b642a36ab3af4ab08c256ebea179d465cf3ba6abbbc655a980b2aafc0ef306e3a18eff2c2de2efb209bab6ebb2f5da5898c54811270845f69590e1fcb52b979c9dc7950953c6b9dcc95978dd7b1dc72bf8d834fd0d8e10da89e1a4aee45c90fe7b0df032d68b51f5a8ee8227966010ec70b9f834e86ecb75bab06787cf336f5323460bbbfdcd658ffd3043c620d7ab3f6caeabb8f37c2f37f941828299c2fceb118d96305de2c9b5ae48d0e0ae1a70586e7a940cbbc85bc4d011bee0570,gx-no-cache=1650982079858 HTTP/1.1" 200 30
190.171.142.50 - - [26/Apr/2022:10:41:00 -0300] "POST /cormun/servlet/solicitudot?gx-no-cache=1650982083120 HTTP/1.1" 200 30
190.171.142.50 - - [26/Apr/2022:10:41:02 -0300] "GET /cormun/servlet/prsolicitudot?19588993,,,,,MD,,gxPopupLevel%3D0%3B HTTP/1.1" 200 5953
190.171.142.50 - - [26/Apr/2022:10:41:05 -0300] "POST /cormun/servlet/solicitudot?gx-no-cache=1650982089006 HTTP/1.1" 200 1536
190.171.142.50 - - [26/Apr/2022:10:41:05 -0300] "GET /cormun/static/Shared/jqueryui/images/ui-bg_highlight-soft_100_c6c2c8_1x100.png HTTP/1.1" 404 1117
190.171.142.50 - - [26/Apr/2022:10:41:05 -0300] "GET /cormun/static/Shared/jqueryui/images/ui-icons_82798d_256x240.png HTTP/1.1" 404 1089
190.171.142.50 - - [26/Apr/2022:10:41:05 -0300] "GET /cormun/static/Shared/jqueryui/images/ui-icons_ebccce_256x240.png HTTP/1.1" 404 1089
190.171.142.50 - - [26/Apr/2022:10:41:05 -0300] "GET /cormun/static/Shared/jqueryui/images/ui-bg_flat_55_994d53_40x100.png HTTP/1.1" 404 1097
190.171.142.50 - - [26/Apr/2022:10:41:05 -0300] "POST /cormun/servlet/solicitudot?gx-no-cache=1650982089051 HTTP/1.1" 200 117
190.171.142.50 - - [26/Apr/2022:10:41:06 -0300] "GET /cormun/servlet/solicitudot?706d4ed7843df0c24e3d2398c390a8fd838027607e238b04fc72ee623a760ccf58a02a14fca3b5db3d886c5d5f3467a728bbb3896d5e62fb464240589e04029664be27712593c8c0c375d48edd25664fb846757085c885df814830e4172cd93703fcaebceeb6e2164b4159ab00c0ca80,gx-no-cache=1650982089077 HTTP/1.1" 200 110
190.171.142.50 - - [26/Apr/2022:10:41:06 -0300] "POST /cormun/servlet/solicitudot?gx-no-cache=1650982089100 HTTP/1.1" 200 64
190.171.142.50 - - [26/Apr/2022:10:41:06 -0300] "GET /cormun/servlet/solicitudot?706d4ed7843df0c24e3d2398c390a8fd8d2d1891a84190ea29888473e977342506fc8dd8def4a6f22f36167603b12ed1fbee7851f30ad8fcefe661d6ebffc69bc934bbe02e0cd6b024e03a3e5c414e50b8ada92893d12d2ed5ff8af8b9241178f2abb98948b58185565fbbf0f90e035b,gx-no-cache=1650982089124 HTTP/1.1" 200 29
190.171.142.50 - - [26/Apr/2022:10:41:06 -0300] "GET /cormun/servlet/solicitudot?706d4ed7843df0c24e3d2398c390a8fd271decbed0e164ed7ba14b54f76159e3b2418d8a74b0f4fc7e509ed10c98370d,gx-no-cache=1650982089142 HTTP/1.1" 200 30
190.171.142.50 - - [26/Apr/2022:10:41:08 -0300] "GET /cormun/servlet/prfichaempleado?,MD,,gxPopupLevel%3D0%3B HTTP/1.1" 200 9244
190.171.142.26 - - [26/Apr/2022:10:41:10 -0300] "GET /cormun/servlet/permisogoce?5bb56bc7dfd3bd924da6170ed14ab2ead9ce5d2ed9a96d8ad09d04a596b36e8c767fafcb64e219c255a3a0997d719be99383f8b4cdfe00aa8985500f80519aaf,gx-no-cache=1650979719810 HTTP/1.1" 200 47
190.171.142.50 - - [26/Apr/2022:10:41:16 -0300] "POST /cormun/servlet/prfichaempleado?dc2914b90c5f930d40e8c14f41ddb96d,,MD,,gxPopupLevel%3D0%3B,gx-no-cache=1650982099426 HTTP/1.1" 200 3401
190.171.142.26 - - [26/Apr/2022:10:41:17 -0300] "POST /cormun/servlet/permisogoce?6aa79f8638853d4c18675454ae44655f,INS,0,,,,gx-no-cache=1650979726180 HTTP/1.1" 200 93
190.171.142.26 - - [26/Apr/2022:10:41:17 -0300] "GET /cormun/servlet/hpexe_return? HTTP/1.1" 200 1034
190.171.142.26 - - [26/Apr/2022:10:41:17 -0300] "GET /cormun/servlet/trpermisosgoce?gx-no-cache=1650978343815 HTTP/1.1" 200 13545
190.171.142.26 - - [26/Apr/2022:10:41:18 -0300] "GET /cormun/servlet/trpermisosgoce?gx-no-cache=1650978343815 HTTP/1.1" 200 13560
179.127.117.48 - - [26/Apr/2022:10:41:18 -0300] "GET / HTTP/1.1" 200 11217
190.171.142.50 - - [26/Apr/2022:10:41:20 -0300] "GET /cormun/servlet/prlicenciaspermisos?16792496,L,,MD,,gxPopupLevel%3D0%3B HTTP/1.1" 200 5711
190.171.142.50 - - [26/Apr/2022:10:41:22 -0300] "POST /cormun/servlet/solicitudot?gx-no-cache=1650982105379 HTTP/1.1" 200 1457
190.171.142.26 - - [26/Apr/2022:10:41:24 -0300] "GET /cormun/servlet/apermisogoceprn?11364373,P,20220426092517,PU HTTP/1.1" 200 1656
190.171.142.50 - - [26/Apr/2022:10:41:24 -0300] "POST /cormun/servlet/solicitudot?gx-no-cache=1650982107378 HTTP/1.1" 200 41
192.168.10.11 - - [26/Apr/2022:10:41:30 -0300] "GET / HTTP/1.1" 200 11217
190.171.142.26 - - [26/Apr/2022:10:41:43 -0300] "GET /cormun/servlet/permisogoce?INS,0,,, HTTP/1.1" 200 6857
190.171.142.26 - - [26/Apr/2022:10:41:43 -0300] "GET /cormun/servlet/permisogoce?INS,0,,, HTTP/1.1" 200 6835
190.171.142.50 - - [26/Apr/2022:10:41:47 -0300] "GET /cormun/servlet/solicitudot?706d4ed7843df0c24e3d2398c390a8fd838027607e238b04fc72ee623a760ccf58a02a14fca3b5db3d886c5d5f3467a728bbb3896d5e62fb464240589e04029664be27712593c8c0c375d48edd25664fb846757085c885df814830e4172cd93703fcaebceeb6e2164b4159ab00c0ca80,gx-no-cache=1650982130833 HTTP/1.1" 200 110
190.171.142.50 - - [26/Apr/2022:10:41:47 -0300] "POST /cormun/servlet/solicitudot?gx-no-cache=1650982130877 HTTP/1.1" 200 72
190.171.142.50 - - [26/Apr/2022:10:42:00 -0300] "POST /cormun/servlet/solicitudot?gx-no-cache=1650982143936 HTTP/1.1" 200 32
190.171.142.26 - - [26/Apr/2022:10:42:06 -0300] "GET /cormun/servlet/permisogoce?5bb56bc7dfd3bd924da6170ed14ab2eac62084c0e8d115b6e6c05015e0fce28217ba44cb261e8736fbe646c955fc4db3f42c55888260557ac395eeb31cac37f5,gx-no-cache=1650979775376 HTTP/1.1" 200 83
190.171.142.26 - - [26/Apr/2022:10:42:15 -0300] "GET /cormun/servlet/permisogoce?5bb56bc7dfd3bd924da6170ed14ab2ead4c168cf7d4ce7c3e0f9f0e8bfee1539ac531bf12e854daa1a5e1157bd2030fe9383f8b4cdfe00aa8985500f80519aaf,gx-no-cache=1650979785261 HTTP/1.1" 200 48
190.171.142.26 - - [26/Apr/2022:10:42:23 -0300] "GET /cormun/static/menuarrow.gif HTTP/1.1" 404 1015
190.171.142.50 - - [26/Apr/2022:10:42:23 -0300] "POST /cormun/servlet/solicitudot?gx-no-cache=1650982166752 HTTP/1.1" 200 105
192.168.10.11 - - [26/Apr/2022:10:42:30 -0300] "GET / HTTP/1.1" 200 11217
190.171.142.50 - - [26/Apr/2022:10:42:46 -0300] "POST /cormun/servlet/solicitudot?gx-no-cache=1650982189760 HTTP/1.1" 200 79
190.171.142.50 - - [26/Apr/2022:10:42:52 -0300] "GET /cormun/servlet/solicitudot?706d4ed7843df0c24e3d2398c390a8fd271decbed0e164ed7ba14b54f76159e3d50faf564d228f7c99f816e7264d60c1,gx-no-cache=1650982195192 HTTP/1.1" 200 30
190.171.142.50 - - [26/Apr/2022:10:42:52 -0300] "POST /cormun/servlet/solicitudot?gx-no-cache=1650982195213 HTTP/1.1" 200 32
190.171.142.26 - - [26/Apr/2022:10:42:58 -0300] "POST /cormun/servlet/permisogoce?6aa79f8638853d4c18675454ae44655f,INS,0,,,,gx-no-cache=1650979827540 HTTP/1.1" 200 93
190.171.142.26 - - [26/Apr/2022:10:42:58 -0300] "GET /cormun/servlet/hpexe_return? HTTP/1.1" 200 1034
190.171.142.26 - - [26/Apr/2022:10:42:58 -0300] "GET /cormun/servlet/trpermisosgoce?gx-no-cache=1650978343815 HTTP/1.1" 200 13717
190.171.142.26 - - [26/Apr/2022:10:42:59 -0300] "GET /cormun/servlet/trpermisosgoce?gx-no-cache=1650978343815 HTTP/1.1" 200 13750
190.171.142.26 - - [26/Apr/2022:10:43:04 -0300] "GET /cormun/servlet/apermisogoceprn?15104613,P,20220426092622,PU HTTP/1.1" 200 1653
190.171.142.50 - - [26/Apr/2022:10:43:04 -0300] "POST /cormun/servlet/solicitudot?dc2914b90c5f930d40e8c14f41ddb96d,INS,0,0,false,,gx-no-cache=1650982207329 HTTP/1.1" 200 93
190.171.142.50 - - [26/Apr/2022:10:43:04 -0300] "GET /cormun/servlet/hpexe_return? HTTP/1.1" 200 1010
190.171.142.50 - - [26/Apr/2022:10:43:04 -0300] "GET /cormun/servlet/trsolicitudot HTTP/1.1" 200 8960
190.171.142.50 - - [26/Apr/2022:10:43:05 -0300] "GET /cormun/servlet/trsolicitudot HTTP/1.1" 200 8956
190.171.142.50 - - [26/Apr/2022:10:43:09 -0300] "POST /cormun/servlet/trsolicitudot?dc2914b90c5f930d40e8c14f41ddb96d,gx-no-cache=1650982212146 HTTP/1.1" 200 112
190.171.142.50 - - [26/Apr/2022:10:43:09 -0300] "GET /cormun/servlet/solicitudot?UPD,2022,18527,false, HTTP/1.1" 200 16165
190.171.142.50 - - [26/Apr/2022:10:43:09 -0300] "GET /cormun/servlet/solicitudot?UPD,2022,18527,false, HTTP/1.1" 200 16175
190.171.142.50 - - [26/Apr/2022:10:43:10 -0300] "POST /cormun/servlet/solicitudot?gx-no-cache=1650982213058 HTTP/1.1" 200 3923
190.171.142.50 - - [26/Apr/2022:10:43:10 -0300] "POST /cormun/servlet/solicitudot?dc2914b90c5f930d40e8c14f41ddb96d,UPD,2022,18527,false,,gx-no-cache=1650982213163 HTTP/1.1" 200 12530
190.171.142.50 - - [26/Apr/2022:10:43:10 -0300] "GET /cormun/servlet/solicitudot?706d4ed7843df0c24e3d2398c390a8fdb8e4413166defd341b9385a01afcda4721bd59f88eaec666a7e9e5e5beb7bb26,gx-no-cache=1650982213311 HTTP/1.1" 200 30
190.171.142.50 - - [26/Apr/2022:10:43:10 -0300] "GET /cormun/servlet/solicitudot?706d4ed7843df0c24e3d2398c390a8fd64e4bfe1c87a7b0c83a9ba875b6e2a20fdf141bdd3cbb97bd4163f2f26285b052829ed978dbe1a56d87529df101d36f9,gx-no-cache=1650982213332 HTTP/1.1" 200 30
190.171.142.50 - - [26/Apr/2022:10:43:10 -0300] "GET /cormun/servlet/solicitudot?706d4ed7843df0c24e3d2398c390a8fd4e7e7875d91a6bdfdddacdf881011687,gx-no-cache=1650982213350 HTTP/1.1" 200 29
190.171.142.50 - - [26/Apr/2022:10:43:10 -0300] "POST /cormun/servlet/solicitudot?gx-no-cache=1650982213374 HTTP/1.1" 200 239
190.171.142.50 - - [26/Apr/2022:10:43:10 -0300] "GET /cormun/servlet/solicitudot?706d4ed7843df0c24e3d2398c390a8fdcc9ab42ca02fad487fbb91aa634a9b533b4e0acb65ca9da70ede9902c469840d911dc7e5e894b4761d39d752459023d47d16286919921c96708efaa0824b13c122e363aebcb178873feada15915d50a113e98a4a616afc80085e0f50408119fdcfe7471d709c22327ac7c664a337c5c395569ab41895f0c21a5620dde322d91812ad2b19e22f2a287ab80d8b58d56c791cf7178bf7b98fd6d7df04d37005b59caec1cea48b11c78c1b90767f17dae734705e6b642a36ab3af4ab08c256ebea179d465cf3ba6abbbc655a980b2aafc0ef306e3a18eff2c2de2efb209bab6ebb2f5da5898c54811270845f69590e1fcb52b979c9dc7950953c6b9dcc95978dd7b1dc72bf8d834fd0d8e10da89e1a4aee45c90fe7b0df032d68b51f5a8ee8227966010ec70b9f834e86ecb75bab06787cf336f5323460bbbfdcd658ffd3043c620d7ab3f6caeabb8f37c2f37f941828299c2fceb118d96305de2c9b5ae48d0e0ae1e5101d0f3853ff31a4fc94c354715c6c,gx-no-cache=1650982213397 HTTP/1.1" 200 30
190.171.142.50 - - [26/Apr/2022:10:43:10 -0300] "POST /cormun/servlet/solicitudot?gx-no-cache=1650982213415 HTTP/1.1" 200 30
190.171.142.50 - - [26/Apr/2022:10:43:10 -0300] "POST /cormun/servlet/solicitudot?gx-no-cache=1650982213435 HTTP/1.1" 200 1456
190.171.142.50 - - [26/Apr/2022:10:43:10 -0300] "POST /cormun/servlet/solicitudot?gx-no-cache=1650982213502 HTTP/1.1" 200 41
190.171.142.50 - - [26/Apr/2022:10:43:11 -0300] "GET /cormun/servlet/solicitudot?706d4ed7843df0c24e3d2398c390a8fd838027607e238b04fc72ee623a760ccf58a02a14fca3b5db3d886c5d5f3467a728bbb3896d5e62fb464240589e04029664be27712593c8c0c375d48edd25664fb846757085c885df814830e4172cd93703fcaebceeb6e2164b4159ab00c0ca80,gx-no-cache=1650982215032 HTTP/1.1" 200 110
190.171.142.50 - - [26/Apr/2022:10:43:11 -0300] "POST /cormun/servlet/solicitudot?gx-no-cache=1650982215052 HTTP/1.1" 200 97
190.171.142.50 - - [26/Apr/2022:10:43:12 -0300] "GET /cormun/servlet/solicitudot?706d4ed7843df0c24e3d2398c390a8fdd5e2baa567e6a3eabd4e03f701a5e7d9ba4be62eead062e8f86c8014f584f8c982a991ec5790f5090e7c145ee5bebcb3fc62c90d7de84bae22c2894bc842cff48838a59da8d9c55501384d6eb987898f3bb00e51825d973699e5aa39c6e2b39f064321bede6a73343c1a2c9530274f35accbf08d3861b78d3e62f453b88f586c7b2394b601b60eba21bcdea0e45edd4aa604cca1737be188ec0a95bfa94c66e84445b276e408b1418420f371df5b24397c7d4fe8d64a94ed647f8385b8128fc3,gx-no-cache=1650982215960 HTTP/1.1" 200 30
190.171.142.26 - - [26/Apr/2022:10:43:22 -0300] "GET /cormun/servlet/permisogoce?INS,0,,, HTTP/1.1" 200 6857
190.171.142.26 - - [26/Apr/2022:10:43:22 -0300] "GET /cormun/servlet/permisogoce?INS,0,,, HTTP/1.1" 200 6835
190.171.142.50 - - [26/Apr/2022:10:43:23 -0300] "POST /cormun/servlet/solicitudot?gx-no-cache=1650982226169 HTTP/1.1" 200 79
190.171.142.50 - - [26/Apr/2022:10:43:29 -0300] "GET /cormun/servlet/solicitudot?706d4ed7843df0c24e3d2398c390a8fd271decbed0e164ed7ba14b54f76159e3d50faf564d228f7c99f816e7264d60c1,gx-no-cache=1650982232175 HTTP/1.1" 200 30
190.171.142.50 - - [26/Apr/2022:10:43:29 -0300] "POST /cormun/servlet/solicitudot?gx-no-cache=1650982232197 HTTP/1.1" 200 32
190.171.142.50 - - [26/Apr/2022:10:43:29 -0300] "POST /cormun/servlet/solicitudot?dc2914b90c5f930d40e8c14f41ddb96d,UPD,2022,18527,false,,gx-no-cache=1650982232253 HTTP/1.1" 200 93
190.171.142.50 - - [26/Apr/2022:10:43:29 -0300] "GET /cormun/servlet/hpexe_return? HTTP/1.1" 200 1016
190.171.142.50 - - [26/Apr/2022:10:43:29 -0300] "GET /cormun/servlet/trsolicitudot HTTP/1.1" 200 8961
190.171.142.50 - - [26/Apr/2022:10:43:29 -0300] "GET /cormun/servlet/trsolicitudot HTTP/1.1" 200 8957
192.168.10.11 - - [26/Apr/2022:10:43:30 -0300] "GET / HTTP/1.1" 200 11217
190.171.142.26 - - [26/Apr/2022:10:43:39 -0300] "GET /cormun/servlet/permisogoce?5bb56bc7dfd3bd924da6170ed14ab2ead69a574dce0680995da960b4f36e2dbf17ba44cb261e8736fbe646c955fc4db3f42c55888260557ac395eeb31cac37f5,gx-no-cache=1650979868862 HTTP/1.1" 200 82
190.171.142.50 - - [26/Apr/2022:10:43:51 -0300] "POST /cormun/servlet/trsolicitudot?dc2914b90c5f930d40e8c14f41ddb96d,gx-no-cache=1650982254355 HTTP/1.1" 200 5850
190.171.142.50 - - [26/Apr/2022:10:43:51 -0300] "GET /cormun/static/Shared/jqueryui/images/ui-bg_highlight-soft_100_c6c2c8_1x100.png HTTP/1.1" 404 1117
190.171.142.50 - - [26/Apr/2022:10:43:51 -0300] "GET /cormun/static/Shared/jqueryui/images/ui-icons_8d78a5_256x240.png HTTP/1.1" 404 1089
190.171.142.50 - - [26/Apr/2022:10:43:51 -0300] "GET /cormun/static/Shared/jqueryui/images/ui-bg_flat_55_fafafa_40x100.png HTTP/1.1" 404 1097
190.171.142.50 - - [26/Apr/2022:10:43:51 -0300] "GET /cormun/static/Shared/jqueryui/images/ui-icons_82798d_256x240.png HTTP/1.1" 404 1089
190.171.142.50 - - [26/Apr/2022:10:43:51 -0300] "POST /cormun/servlet/trsolicitudot?dc2914b90c5f930d40e8c14f41ddb96d,gx-no-cache=1650982254532 HTTP/1.1" 200 5795
190.171.142.50 - - [26/Apr/2022:10:43:52 -0300] "POST /cormun/servlet/trsolicitudot?dc2914b90c5f930d40e8c14f41ddb96d,gx-no-cache=1650982255784 HTTP/1.1" 200 4593
190.171.142.50 - - [26/Apr/2022:10:43:52 -0300] "POST /cormun/servlet/trsolicitudot?dc2914b90c5f930d40e8c14f41ddb96d,gx-no-cache=1650982255906 HTTP/1.1" 200 4339
190.171.142.26 - - [26/Apr/2022:10:43:59 -0300] "GET /cormun/servlet/permisogoce?5bb56bc7dfd3bd924da6170ed14ab2ea386a2d75fc8cb445375079f27849702d60023ab8ef48a592238e59eb69a907069383f8b4cdfe00aa8985500f80519aaf,gx-no-cache=1650979888897 HTTP/1.1" 200 47
190.171.142.50 - - [26/Apr/2022:10:44:02 -0300] "GET /cormun/servlet/hlogin HTTP/1.1" 200 1742
190.171.142.26 - - [26/Apr/2022:10:44:03 -0300] "POST /cormun/servlet/permisogoce?6aa79f8638853d4c18675454ae44655f,INS,0,,,,gx-no-cache=1650979892567 HTTP/1.1" 200 93
190.171.142.26 - - [26/Apr/2022:10:44:03 -0300] "GET /cormun/servlet/hpexe_return? HTTP/1.1" 200 1034
190.171.142.26 - - [26/Apr/2022:10:44:03 -0300] "GET /cormun/servlet/trpermisosgoce?gx-no-cache=1650978343815 HTTP/1.1" 200 13935
190.171.142.26 - - [26/Apr/2022:10:44:04 -0300] "GET /cormun/servlet/trpermisosgoce?gx-no-cache=1650978343815 HTTP/1.1" 200 13951
190.171.142.26 - - [26/Apr/2022:10:44:09 -0300] "GET /cormun/servlet/apermisogoceprn?15104613,P,20220426092622,PU HTTP/1.1" 200 1654
190.171.142.50 - - [26/Apr/2022:10:44:10 -0300] "POST /cormun/servlet/hlogin?dc2914b90c5f930d40e8c14f41ddb96d,gx-no-cache=1650982273687 HTTP/1.1" 200 90
190.171.142.50 - - [26/Apr/2022:10:44:10 -0300] "GET /cormun/servlet/hpexe_link HTTP/1.1" 200 953
190.171.142.50 - - [26/Apr/2022:10:44:10 -0300] "GET /cormun/servlet/hhome HTTP/1.1" 200 4212
190.171.142.50 - - [26/Apr/2022:10:44:10 -0300] "GET /cormun/servlet/hhome HTTP/1.1" 200 4208
190.171.142.50 - - [26/Apr/2022:10:44:14 -0300] "GET /cormun/servlet/trautorizarsolicitud? HTTP/1.1" 200 9114
190.171.142.50 - - [26/Apr/2022:10:44:14 -0300] "GET /cormun/static/gxcfg.js?201991422414522 HTTP/1.1" 200 953
190.171.142.50 - - [26/Apr/2022:10:44:14 -0300] "GET /cormun/static/trautorizarsolicitud.js?201991422415463 HTTP/1.1" 200 53910
190.171.142.50 - - [26/Apr/2022:10:44:15 -0300] "GET /cormun/servlet/trautorizarsolicitud? HTTP/1.1" 200 9112
190.171.142.26 - - [26/Apr/2022:10:44:18 -0300] "GET /cormun/servlet/apermisogoceprn?13568375,P,20220426092801,PU HTTP/1.1" 200 1652
190.171.142.50 - - [26/Apr/2022:10:44:25 -0300] "POST /cormun/servlet/trautorizarsolicitud?dc2914b90c5f930d40e8c14f41ddb96d,,gx-no-cache=1650982288737 HTTP/1.1" 200 6044
190.171.142.50 - - [26/Apr/2022:10:44:25 -0300] "GET /cormun/static/Shared/jqueryui/images/ui-icons_82798d_256x240.png HTTP/1.1" 404 1089
190.171.142.50 - - [26/Apr/2022:10:44:25 -0300] "GET /cormun/static/Shared/jqueryui/images/ui-bg_highlight-soft_100_c6c2c8_1x100.png HTTP/1.1" 404 1117
190.171.142.50 - - [26/Apr/2022:10:44:25 -0300] "GET /cormun/static/Shared/jqueryui/images/ui-bg_flat_55_fafafa_40x100.png HTTP/1.1" 404 1097
190.171.142.50 - - [26/Apr/2022:10:44:25 -0300] "GET /cormun/static/Shared/jqueryui/images/ui-icons_8d78a5_256x240.png HTTP/1.1" 404 1089
190.171.142.50 - - [26/Apr/2022:10:44:25 -0300] "POST /cormun/servlet/trautorizarsolicitud?dc2914b90c5f930d40e8c14f41ddb96d,,gx-no-cache=1650982288903 HTTP/1.1" 200 5988
190.171.142.50 - - [26/Apr/2022:10:44:26 -0300] "POST /cormun/servlet/trautorizarsolicitud?dc2914b90c5f930d40e8c14f41ddb96d,,gx-no-cache=1650982289519 HTTP/1.1" 200 4794
190.171.142.50 - - [26/Apr/2022:10:44:26 -0300] "POST /cormun/servlet/trautorizarsolicitud?dc2914b90c5f930d40e8c14f41ddb96d,,gx-no-cache=1650982289656 HTTP/1.1" 200 4536
192.168.10.11 - - [26/Apr/2022:10:44:30 -0300] "GET / HTTP/1.1" 200 11217
190.171.142.26 - - [26/Apr/2022:10:44:43 -0300] "GET /cormun/servlet/permisogoce?INS,0,,, HTTP/1.1" 200 6856
190.171.142.26 - - [26/Apr/2022:10:44:43 -0300] "GET /cormun/servlet/permisogoce?INS,0,,, HTTP/1.1" 200 6834
192.168.10.96 - - [26/Apr/2022:10:44:57 -0300] "POST /cormun/servlet/trsolicitudgral?20347531d677c48e300056ebf3a5f551,,gx-no-cache=1650979775171 HTTP/1.1" 200 7957
192.168.10.17 - - [26/Apr/2022:10:45:00 -0300] "GET /cormun/servlet/trsolicitudgral? HTTP/1.1" 200 15339
192.168.10.17 - - [26/Apr/2022:10:45:01 -0300] "GET /cormun/servlet/trsolicitudgral? HTTP/1.1" 200 15336
192.168.10.17 - - [26/Apr/2022:10:45:07 -0300] "GET /cormun/servlet/vesolicitudgral?2022,18433,, HTTP/1.1" 200 8360
192.168.10.17 - - [26/Apr/2022:10:45:07 -0300] "GET /cormun/pexe_scrolldiv.js HTTP/1.1" 404 1009
192.168.10.17 - - [26/Apr/2022:10:45:07 -0300] "GET /cormun/servlet/vesolicitudgral?2022,18433,, HTTP/1.1" 200 8360
192.168.10.96 - - [26/Apr/2022:10:45:21 -0300] "POST /cormun/servlet/trsolicitudgral?20347531d677c48e300056ebf3a5f551,,gx-no-cache=1650979799253 HTTP/1.1" 200 7645
192.168.10.96 - - [26/Apr/2022:10:45:21 -0300] "GET /cormun/static/Shared/jqueryui/images/ui-bg_highlight-soft_100_c6c2c8_1x100.png HTTP/1.1" 404 1117
192.168.10.96 - - [26/Apr/2022:10:45:21 -0300] "GET /cormun/static/Shared/jqueryui/images/ui-icons_82798d_256x240.png HTTP/1.1" 404 1089
192.168.10.96 - - [26/Apr/2022:10:45:21 -0300] "GET /cormun/static/Shared/jqueryui/images/ui-icons_8d78a5_256x240.png HTTP/1.1" 404 1089
192.168.10.96 - - [26/Apr/2022:10:45:21 -0300] "GET /cormun/static/Shared/jqueryui/images/ui-bg_flat_55_fafafa_40x100.png HTTP/1.1" 404 1097
190.171.142.26 - - [26/Apr/2022:10:45:27 -0300] "GET /cormun/servlet/permisogoce?5bb56bc7dfd3bd924da6170ed14ab2ea80e4a913061ac4814416c48481dfb76217ba44cb261e8736fbe646c955fc4db3f42c55888260557ac395eeb31cac37f5,gx-no-cache=1650979976638 HTTP/1.1" 200 75
192.168.10.11 - - [26/Apr/2022:10:45:30 -0300] "GET / HTTP/1.1" 200 11217
190.171.142.26 - - [26/Apr/2022:10:45:38 -0300] "GET /cormun/servlet/permisogoce?5bb56bc7dfd3bd924da6170ed14ab2eaa6105c6b5b762fab6e4b2a397ea03117f7be24c6521dc0e1e3fa2228de9bd3736865da05717f4af25c5e57814ee370aa,gx-no-cache=1650979987981 HTTP/1.1" 200 47
190.171.142.26 - - [26/Apr/2022:10:45:46 -0300] "GET /cormun/servlet/permisogoce?5bb56bc7dfd3bd924da6170ed14ab2eaa6105c6b5b762fab6e4b2a397ea03117d535d2963ee9cc84865bcbce3e5fd183498eacee77eb68d208da0d9f55b4adb3,gx-no-cache=1650979995451 HTTP/1.1" 200 47
190.171.142.26 - - [26/Apr/2022:10:45:49 -0300] "POST /cormun/servlet/permisogoce?6aa79f8638853d4c18675454ae44655f,INS,0,,,,gx-no-cache=1650979998488 HTTP/1.1" 200 93
190.171.142.26 - - [26/Apr/2022:10:45:49 -0300] "GET /cormun/servlet/hpexe_return? HTTP/1.1" 200 1034
190.171.142.26 - - [26/Apr/2022:10:45:49 -0300] "GET /cormun/servlet/trpermisosgoce?gx-no-cache=1650978343815 HTTP/1.1" 200 14156
190.171.142.26 - - [26/Apr/2022:10:45:50 -0300] "GET /cormun/servlet/trpermisosgoce?gx-no-cache=1650978343815 HTTP/1.1" 200 14171
192.168.10.11 - - [26/Apr/2022:10:46:30 -0300] "GET / HTTP/1.1" 200 11217
192.168.10.17 - - [26/Apr/2022:10:46:33 -0300] "GET /cormun/servlet/trsolicitudgral? HTTP/1.1" 200 14860
192.168.10.17 - - [26/Apr/2022:10:46:34 -0300] "GET /cormun/servlet/trsolicitudgral? HTTP/1.1" 200 14856
192.168.10.17 - - [26/Apr/2022:10:46:41 -0300] "GET /cormun/servlet/vesolicitudgral?2022,18426,, HTTP/1.1" 200 8370
192.168.10.17 - - [26/Apr/2022:10:46:41 -0300] "GET /cormun/pexe_scrolldiv.js HTTP/1.1" 404 1009
192.168.10.17 - - [26/Apr/2022:10:46:41 -0300] "GET /cormun/servlet/vesolicitudgral?2022,18426,, HTTP/1.1" 200 8369
192.168.10.11 - - [26/Apr/2022:10:47:30 -0300] "GET / HTTP/1.1" 200 11217
192.168.10.17 - - [26/Apr/2022:10:47:55 -0300] "GET /cormun/servlet/vesolicitudgral?2022,18426,,SolicitudOTAdjuntos HTTP/1.1" 200 7033
192.168.10.17 - - [26/Apr/2022:10:47:55 -0300] "GET /cormun/pexe_scrolldiv.js HTTP/1.1" 404 1009
192.168.10.17 - - [26/Apr/2022:10:47:55 -0300] "GET /cormun/servlet/vesolicitudgral?2022,18426,,SolicitudOTAdjuntos HTTP/1.1" 200 7034
192.168.10.17 - - [26/Apr/2022:10:47:56 -0300] "POST /cormun/servlet/acontrolpreferencessavestate?None,RRHH+DANIELA,true HTTP/1.1" 200 35
192.168.10.17 - - [26/Apr/2022:10:48:04 -0300] "GET /cormun/servlet/vesolicitudgral?2022,18426,,General HTTP/1.1" 200 8372
192.168.10.17 - - [26/Apr/2022:10:48:04 -0300] "GET /cormun/pexe_scrolldiv.js HTTP/1.1" 404 1009
192.168.10.17 - - [26/Apr/2022:10:48:05 -0300] "GET /cormun/servlet/vesolicitudgral?2022,18426,,General HTTP/1.1" 200 8372
192.168.10.11 - - [26/Apr/2022:10:48:30 -0300] "GET / HTTP/1.1" 200 11217
190.171.141.90 - - [26/Apr/2022:10:48:43 -0300] "POST /cormun/servlet/trlicencias?e218f6ff0c25c99cb1a6e176dbccbeb4,gx-no-cache=1650980172620 HTTP/1.1" 200 11774
190.171.142.26 - - [26/Apr/2022:10:49:25 -0300] "GET /cormun/servlet/apermisogoceprn?18040376,P,20220426092922,PU HTTP/1.1" 200 1657
192.168.10.11 - - [26/Apr/2022:10:49:30 -0300] "GET / HTTP/1.1" 200 11217
190.171.142.26 - - [26/Apr/2022:10:49:36 -0300] "GET /cormun/servlet/permisogoce?INS,0,,, HTTP/1.1" 200 6857
190.171.142.26 - - [26/Apr/2022:10:49:37 -0300] "GET /cormun/servlet/permisogoce?INS,0,,, HTTP/1.1" 200 6835
190.171.142.26 - - [26/Apr/2022:10:50:15 -0300] "GET /cormun/servlet/permisogoce?5bb56bc7dfd3bd924da6170ed14ab2ea9106636266f33347ba91a92bdd95cd9817ba44cb261e8736fbe646c955fc4db3f42c55888260557ac395eeb31cac37f5,gx-no-cache=1650980264841 HTTP/1.1" 200 78
190.171.142.26 - - [26/Apr/2022:10:50:25 -0300] "GET /cormun/servlet/permisogoce?5bb56bc7dfd3bd924da6170ed14ab2eadd6c5cfb58627f81d930f9668021e1c6fcb291178d57ee8f04422e77cb0c8eca6865da05717f4af25c5e57814ee370aa,gx-no-cache=1650980275301 HTTP/1.1" 200 47
190.171.142.26 - - [26/Apr/2022:10:50:29 -0300] "POST /cormun/servlet/permisogoce?6aa79f8638853d4c18675454ae44655f,INS,0,,,,gx-no-cache=1650980278923 HTTP/1.1" 200 93
190.171.142.26 - - [26/Apr/2022:10:50:29 -0300] "GET /cormun/servlet/hpexe_return? HTTP/1.1" 200 1034
