192.168.10.96 - - [26/Apr/2022:16:15:55 -0300] "GET /cormun/servlet/trsolicitudgral? HTTP/1.1" 500 10
192.168.10.96 - - [26/Apr/2022:16:15:57 -0300] "GET /cormun/servlet/trsolicitudgral? HTTP/1.1" 500 10
192.168.10.96 - - [26/Apr/2022:16:15:58 -0300] "GET /cormun/servlet/trsolicitudgral? HTTP/1.1" 500 10
192.168.10.96 - - [26/Apr/2022:16:16:00 -0300] "GET /cormun/servlet/hlogin HTTP/1.1" 200 1730
192.168.10.96 - - [26/Apr/2022:16:16:04 -0300] "POST /cormun/servlet/hlogin?7ebde8941ad8928fc207fcac21495086,gx-no-cache=1650999642374 HTTP/1.1" 200 90
192.168.10.96 - - [26/Apr/2022:16:16:04 -0300] "GET /cormun/servlet/hpexe_link HTTP/1.1" 200 957
192.168.10.96 - - [26/Apr/2022:16:16:04 -0300] "GET /cormun/servlet/hhome HTTP/1.1" 200 3791
192.168.10.96 - - [26/Apr/2022:16:16:04 -0300] "GET /cormun/servlet/hhome HTTP/1.1" 200 3788
192.168.10.11 - - [26/Apr/2022:16:16:30 -0300] "GET / HTTP/1.1" 200 11217
192.168.10.11 - - [26/Apr/2022:16:17:30 -0300] "GET / HTTP/1.1" 200 11217
192.168.10.11 - - [26/Apr/2022:16:18:30 -0300] "GET / HTTP/1.1" 200 11217
192.168.10.11 - - [26/Apr/2022:16:19:30 -0300] "GET / HTTP/1.1" 200 11217
192.168.10.11 - - [26/Apr/2022:16:20:30 -0300] "GET / HTTP/1.1" 200 11217
192.168.10.96 - - [26/Apr/2022:16:21:18 -0300] "GET /cormun/servlet/trsolicitudgral? HTTP/1.1" 200 28188
192.168.10.96 - - [26/Apr/2022:16:21:19 -0300] "GET /cormun/servlet/trsolicitudgral? HTTP/1.1" 200 28187
192.168.10.11 - - [26/Apr/2022:16:21:30 -0300] "GET / HTTP/1.1" 200 11217
192.168.10.11 - - [26/Apr/2022:16:22:30 -0300] "GET / HTTP/1.1" 200 11217
192.168.10.11 - - [26/Apr/2022:16:23:30 -0300] "GET / HTTP/1.1" 200 11217
192.168.10.11 - - [26/Apr/2022:16:24:30 -0300] "GET / HTTP/1.1" 200 11217
192.168.10.11 - - [26/Apr/2022:16:25:30 -0300] "GET / HTTP/1.1" 200 11217
192.168.10.11 - - [26/Apr/2022:16:26:30 -0300] "GET / HTTP/1.1" 200 11217
192.168.10.11 - - [26/Apr/2022:16:27:30 -0300] "GET / HTTP/1.1" 200 11217
192.168.10.11 - - [26/Apr/2022:16:28:30 -0300] "GET / HTTP/1.1" 200 11217
192.168.10.11 - - [26/Apr/2022:16:29:30 -0300] "GET / HTTP/1.1" 200 11217
192.168.10.11 - - [26/Apr/2022:16:30:30 -0300] "GET / HTTP/1.1" 200 11217
192.168.10.11 - - [26/Apr/2022:16:31:30 -0300] "GET / HTTP/1.1" 200 11217
192.168.10.11 - - [26/Apr/2022:16:32:30 -0300] "GET / HTTP/1.1" 200 11217
192.168.10.11 - - [26/Apr/2022:16:33:30 -0300] "GET / HTTP/1.1" 200 11217
192.168.10.11 - - [26/Apr/2022:16:34:30 -0300] "GET / HTTP/1.1" 200 11217
190.171.142.26 - - [26/Apr/2022:16:34:58 -0300] "GET /cormun/servlet/hlogin HTTP/1.1" 200 1728
190.171.142.26 - - [26/Apr/2022:16:35:04 -0300] "POST /cormun/servlet/hlogin?9fcb21a09305e34898aaee35a0f81bbc,gx-no-cache=1651000953464 HTTP/1.1" 200 90
190.171.142.26 - - [26/Apr/2022:16:35:04 -0300] "GET /cormun/servlet/hpexe_link HTTP/1.1" 200 953
190.171.142.26 - - [26/Apr/2022:16:35:04 -0300] "GET /cormun/servlet/hhome HTTP/1.1" 200 3971
190.171.142.26 - - [26/Apr/2022:16:35:04 -0300] "GET /cormun/servlet/hhome HTTP/1.1" 200 3967
190.171.142.26 - - [26/Apr/2022:16:35:10 -0300] "GET /cormun/servlet/trsolicitudot? HTTP/1.1" 200 7192
190.171.142.26 - - [26/Apr/2022:16:35:10 -0300] "GET /cormun/servlet/trsolicitudot? HTTP/1.1" 200 7191
190.171.142.26 - - [26/Apr/2022:16:35:14 -0300] "GET /cormun/servlet/solicitudot?INS,0,0,false, HTTP/1.1" 200 15701
190.171.142.26 - - [26/Apr/2022:16:35:15 -0300] "GET /cormun/servlet/solicitudot?INS,0,0,false, HTTP/1.1" 200 15709
190.171.142.26 - - [26/Apr/2022:16:35:22 -0300] "POST /cormun/servlet/solicitudot?gx-no-cache=1651000971214 HTTP/1.1" 200 3965
190.171.142.26 - - [26/Apr/2022:16:35:22 -0300] "POST /cormun/servlet/solicitudot?9fcb21a09305e34898aaee35a0f81bbc,INS,0,0,false,,gx-no-cache=1651000971411 HTTP/1.1" 200 12508
190.171.142.26 - - [26/Apr/2022:16:35:27 -0300] "GET /cormun/servlet/solicitudot?49903b862ee04fdbeb0e760af9c9e25ae5fbac61c8103ed38ff33f938cad9570e53283031c22c62c72464fede7496d86,gx-no-cache=1651000976204 HTTP/1.1" 200 30
192.168.10.11 - - [26/Apr/2022:16:35:30 -0300] "GET / HTTP/1.1" 200 11217
190.171.142.26 - - [26/Apr/2022:16:35:32 -0300] "GET /cormun/servlet/solicitudot?49903b862ee04fdbeb0e760af9c9e25a453b1b53bdaf9260c4c58125c03b3e049d5610c1d536e8fd09bc5fdc8059b96c1b0ffcc364e6ca526463796dbe44ee63,gx-no-cache=1651000981315 HTTP/1.1" 200 30
190.171.142.26 - - [26/Apr/2022:16:35:32 -0300] "GET /cormun/servlet/solicitudot?49903b862ee04fdbeb0e760af9c9e25a1c828f6e558c521e86e62e6fe820b5eb,gx-no-cache=1651000981359 HTTP/1.1" 200 53
190.171.142.26 - - [26/Apr/2022:16:35:32 -0300] "POST /cormun/servlet/solicitudot?gx-no-cache=1651000981420 HTTP/1.1" 200 255
190.171.142.26 - - [26/Apr/2022:16:35:32 -0300] "GET /cormun/servlet/solicitudot?49903b862ee04fdbeb0e760af9c9e25af963468a42b9456849656236714207bfd01ffd98729d29b73d04d8eeff42d7f85bdbfd43a4faa22bf69ada0a4d06d561b7efead4f809290adf314e956b28d4e64f0c58e76bc6a896f3543cbd3d649fa6562dbed42ad5b6948e682bd3bbae3fade1e6c0394cd8e1230cccb56f7e8b8a122552440cd9284a1b5bc82ca23aecb2f3ae1e4866166648dc0d49e1a590de5e0baf37d0f7921086b84e50855e0f930505d79379a79280b5562865575811be87cd045b6451bc7d4799930bc6d8d6427c7fb841deb126531725f56d2641a61776f2611b7f7a5564989319279b729dd34ef290d9aae294132b798c783f809d50225cd42b03baabc8711f64c3f13838f3674ac2ad1a7ba72e1065af890f92a377cd7528d455e532de3db4185f90902640b98447adb5aa71c9059c263f850758a09bf35f4be0fed4753011e93ec57f38a95612ef52aab2980c10a7e86f352aadbfcec60577e2d70c5c8233e76a14a6825abc47cb52a7cc990ac887dcc65f598506c6b5,gx-no-cache=1651000981467 HTTP/1.1" 200 30
190.171.142.26 - - [26/Apr/2022:16:35:38 -0300] "POST /cormun/servlet/solicitudot?gx-no-cache=1651000987304 HTTP/1.1" 200 30
190.171.142.26 - - [26/Apr/2022:16:35:40 -0300] "GET /cormun/servlet/prcontratosol?17524797,,,,,MD,,gxPopupLevel%3D0%3B HTTP/1.1" 200 8622
190.171.142.26 - - [26/Apr/2022:16:35:47 -0300] "POST /cormun/servlet/solicitudot?gx-no-cache=1651000996211 HTTP/1.1" 200 1536
190.171.142.26 - - [26/Apr/2022:16:35:47 -0300] "GET /cormun/static/Shared/jqueryui/images/ui-icons_82798d_256x240.png HTTP/1.1" 404 1089
190.171.142.26 - - [26/Apr/2022:16:35:47 -0300] "GET /cormun/static/Shared/jqueryui/images/ui-bg_highlight-soft_100_c6c2c8_1x100.png HTTP/1.1" 404 1117
190.171.142.26 - - [26/Apr/2022:16:35:47 -0300] "GET /cormun/static/Shared/jqueryui/images/ui-bg_flat_55_994d53_40x100.png HTTP/1.1" 404 1097
190.171.142.26 - - [26/Apr/2022:16:35:47 -0300] "GET /cormun/static/Shared/jqueryui/images/ui-icons_ebccce_256x240.png HTTP/1.1" 404 1089
190.171.142.26 - - [26/Apr/2022:16:35:47 -0300] "POST /cormun/servlet/solicitudot?gx-no-cache=1651000996321 HTTP/1.1" 200 117
190.171.142.26 - - [26/Apr/2022:16:35:47 -0300] "GET /cormun/servlet/solicitudot?49903b862ee04fdbeb0e760af9c9e25a6b2cdcd2130aad38e607ec4fbbc8476922504d632313d2aa18895a3b3b054f6a493dd9a8539ee36e369b9a4e8a01aad982ffd88c41c1ef7bfe499cca9c5196bfcc3a629698ea6507c9a9f3d212875bd8b6af93bd6448270f02bf0b1346c69da6,gx-no-cache=1651000996358 HTTP/1.1" 200 110
190.171.142.26 - - [26/Apr/2022:16:35:47 -0300] "POST /cormun/servlet/solicitudot?gx-no-cache=1651000996390 HTTP/1.1" 200 64
190.171.142.26 - - [26/Apr/2022:16:35:47 -0300] "GET /cormun/servlet/solicitudot?49903b862ee04fdbeb0e760af9c9e25a18ba51b514f9e41a9e545771f45ebdd375260148e82be6497efe355a7982e20bd3ba038add7780581d9887229f2700881679a104b1a72f23576846f54e04305786e96ed6c7b333be88b53e0b1af8f655f8e2d0d77592700f1ac5d11a84ebc3037343d337d644d4e819b57aca0b4e91a06023f60e1cd89799741a9983a99fe08636058d3860572937d3fc223ae5bd630a,gx-no-cache=1651000996437 HTTP/1.1" 200 29
190.171.142.26 - - [26/Apr/2022:16:35:47 -0300] "GET /cormun/servlet/solicitudot?49903b862ee04fdbeb0e760af9c9e25a6bc5980af2dd9aaa0b5d6d46a88a183f55ba6552678c2af37d07e6b0a3e97f74,gx-no-cache=1651000996477 HTTP/1.1" 200 134
190.171.142.26 - - [26/Apr/2022:16:35:55 -0300] "GET /cormun/static/menuarrow.gif HTTP/1.1" 404 1015
190.171.142.26 - - [26/Apr/2022:16:36:15 -0300] "GET /cormun/servlet/prlicenciaspermisos?12444548,L,,MD,,gxPopupLevel%3D0%3B HTTP/1.1" 200 5982
192.168.10.11 - - [26/Apr/2022:16:36:30 -0300] "GET / HTTP/1.1" 200 11217
190.171.142.26 - - [26/Apr/2022:16:36:32 -0300] "POST /cormun/servlet/solicitudot?gx-no-cache=1651001041475 HTTP/1.1" 200 1454
192.168.10.11 - - [26/Apr/2022:16:37:30 -0300] "GET / HTTP/1.1" 200 11217
167.94.145.58 - - [26/Apr/2022:16:38:08 -0300] "GET / HTTP/1.1" 200 11217
167.94.145.58 - - [26/Apr/2022:16:38:08 -0300] "GET / HTTP/1.1" 200 11217
167.94.145.58 - - [26/Apr/2022:16:38:09 -0300] "PRI * HTTP/2.0" 505 -
192.168.10.11 - - [26/Apr/2022:16:38:30 -0300] "GET / HTTP/1.1" 200 11217
192.168.10.11 - - [26/Apr/2022:16:39:30 -0300] "GET / HTTP/1.1" 200 11217
192.168.10.11 - - [26/Apr/2022:16:40:30 -0300] "GET / HTTP/1.1" 200 11217
192.168.10.96 - - [26/Apr/2022:16:40:35 -0300] "GET /cormun/servlet/trsolicitudgral? HTTP/1.1" 200 28187
192.168.10.96 - - [26/Apr/2022:16:40:37 -0300] "GET /cormun/servlet/trsolicitudgral? HTTP/1.1" 200 28187
192.168.10.11 - - [26/Apr/2022:16:41:30 -0300] "GET / HTTP/1.1" 200 11217
192.168.10.11 - - [26/Apr/2022:16:42:30 -0300] "GET / HTTP/1.1" 200 11217
192.168.10.11 - - [26/Apr/2022:16:43:30 -0300] "GET / HTTP/1.1" 200 11217
186.67.172.234 - - [26/Apr/2022:16:44:13 -0300] "GET /cormun/servlet/trsolicitudot? HTTP/1.1" 200 6325
186.67.172.234 - - [26/Apr/2022:16:44:14 -0300] "GET /cormun/servlet/hlogin HTTP/1.1" 200 1739
186.67.172.234 - - [26/Apr/2022:16:44:14 -0300] "GET /cormun/servlet/trsolicitudot? HTTP/1.1" 200 6322
186.67.172.234 - - [26/Apr/2022:16:44:19 -0300] "POST /cormun/servlet/hlogin?6b840a44620973221744f99eb0e68dfd,gx-no-cache=1651001509172 HTTP/1.1" 200 90
186.67.172.234 - - [26/Apr/2022:16:44:19 -0300] "GET /cormun/servlet/hpexe_link HTTP/1.1" 200 955
186.67.172.234 - - [26/Apr/2022:16:44:19 -0300] "GET /cormun/servlet/trsolicitudot HTTP/1.1" 200 7410
186.67.172.234 - - [26/Apr/2022:16:44:20 -0300] "GET /cormun/servlet/trsolicitudot HTTP/1.1" 200 7409
192.168.10.11 - - [26/Apr/2022:16:44:30 -0300] "GET / HTTP/1.1" 200 11217
186.67.172.234 - - [26/Apr/2022:16:44:31 -0300] "GET /cormun/servlet/solicitudot?INS,0,0,false, HTTP/1.1" 200 16075
186.67.172.234 - - [26/Apr/2022:16:44:32 -0300] "GET /cormun/servlet/solicitudot?INS,0,0,false, HTTP/1.1" 200 16083
186.67.172.234 - - [26/Apr/2022:16:44:50 -0300] "POST /cormun/servlet/solicitudot?gx-no-cache=1651001539704 HTTP/1.1" 200 3850
186.67.172.234 - - [26/Apr/2022:16:44:50 -0300] "POST /cormun/servlet/solicitudot?6b840a44620973221744f99eb0e68dfd,INS,0,0,false,,gx-no-cache=1651001539821 HTTP/1.1" 200 12660
186.67.172.234 - - [26/Apr/2022:16:44:52 -0300] "GET /cormun/servlet/solicitudot?c182a822be09a356d0ae97d14760770d552aa38e587e7559dd2c45a02470dd38a23459ac6d822d3bef258f239b5a6de9,gx-no-cache=1651001542160 HTTP/1.1" 200 30
192.168.10.11 - - [26/Apr/2022:16:45:30 -0300] "GET / HTTP/1.1" 200 11217
192.168.10.11 - - [26/Apr/2022:16:46:30 -0300] "GET / HTTP/1.1" 200 11217
192.168.10.11 - - [26/Apr/2022:16:47:30 -0300] "GET / HTTP/1.1" 200 11217
192.168.10.11 - - [26/Apr/2022:16:48:30 -0300] "GET / HTTP/1.1" 200 11217
192.168.10.11 - - [26/Apr/2022:16:49:30 -0300] "GET / HTTP/1.1" 200 11217
186.103.159.189 - - [26/Apr/2022:16:49:46 -0300] "GET /cormun/servlet/hlogin HTTP/1.1" 200 1742
192.168.10.11 - - [26/Apr/2022:16:50:30 -0300] "GET / HTTP/1.1" 200 11217
186.67.172.234 - - [26/Apr/2022:16:50:52 -0300] "GET /cormun/servlet/prbanco?,MD,,gxPopupLevel%3D0%3B HTTP/1.1" 200 6668
186.67.172.234 - - [26/Apr/2022:16:50:52 -0300] "GET /cormun/static/gxcfg.js?20201216131581 HTTP/1.1" 200 953
186.67.172.234 - - [26/Apr/2022:16:50:52 -0300] "GET /cormun/static/prbanco.js?20201216132311 HTTP/1.1" 200 10693
186.67.172.234 - - [26/Apr/2022:16:50:56 -0300] "GET /cormun/servlet/solicitudot?c182a822be09a356d0ae97d14760770d9e05e824f718bb87888a4844fdd717d4ccf1e47a5dd4677adbb4cedfaa3b97739c4302b12c1d3cb4a2174ba1a912075e,gx-no-cache=1651001906377 HTTP/1.1" 200 30
186.67.172.234 - - [26/Apr/2022:16:50:57 -0300] "GET /cormun/servlet/solicitudot?c182a822be09a356d0ae97d14760770d9fbd566470b0d9c2a90daa4ae7aada4e,gx-no-cache=1651001907280 HTTP/1.1" 200 51
186.67.172.234 - - [26/Apr/2022:16:51:14 -0300] "POST /cormun/servlet/solicitudot?gx-no-cache=1651001924363 HTTP/1.1" 200 255
186.67.172.234 - - [26/Apr/2022:16:51:16 -0300] "GET /cormun/servlet/solicitudot?c182a822be09a356d0ae97d14760770d902b51740132a5ae14e7b1ea5402b50d929b5decc00a6d301cc1a8e84fd1bb9130e7e44036105114f56feaf54f65c8c365ec8186c6596c6de3689113ec89aa51c32e0023fbd31cfb2df820c1536a2ab2e7f9e99da567fe296b9aca84d900230274dc7abe9033775410cd1489f9bb930c815c77f3d7fea92f621689ba83c57ec6e5ec79052f2e4193fef500c06cd2da329f0023142db9b66217af18410feb039547145152ac06892c2629b2877f08d16a24affde6dd9f27f12360fd482a635200aa5a16376480af5f5bcda4c66e40089612c13c310bb91d47f09587c9a8cfd8c60a3081bad8af8f42ed719636509ea1e9170db9295ab56d3383bb8fd1f22f3c7e0cdb8d8b4f343637add70a84806a7bc6e70435ca9050652051534d9529c6758a9b4be76dda62be76df93b06104f579a81ce895ffb30e4bb2e1e5b855bcd58a8f74af0bd487eecf03601d14ba2ca4a335b3b0ccc373e06cbca5031cca302e63b6052877aa00747776ff1b242c2c3173a7,gx-no-cache=1651001926029 HTTP/1.1" 200 30
186.67.172.234 - - [26/Apr/2022:16:51:23 -0300] "POST /cormun/servlet/solicitudot?gx-no-cache=1651001932859 HTTP/1.1" 200 30
186.67.172.234 - - [26/Apr/2022:16:51:26 -0300] "POST /cormun/servlet/solicitudot?gx-no-cache=1651001935590 HTTP/1.1" 200 1452
186.67.172.234 - - [26/Apr/2022:16:51:26 -0300] "POST /cormun/servlet/solicitudot?gx-no-cache=1651001935619 HTTP/1.1" 200 38
192.168.10.11 - - [26/Apr/2022:16:51:30 -0300] "GET / HTTP/1.1" 200 11217
186.67.172.234 - - [26/Apr/2022:16:51:38 -0300] "GET /cormun/servlet/solicitudot?c182a822be09a356d0ae97d14760770d7b50c18204dcefcefd28f31b91c9379669f2ec49cb1e3b54bbaeeacb19de5782d63b30522a076cf2aeebac6db7900f778abf5efe50cb82939fa64950bf5b838364c4cf8547871a16426de66c660dde2aa8fc4b99bce959be99a6b47becfa30d6,gx-no-cache=1651001947822 HTTP/1.1" 200 110
192.168.10.11 - - [26/Apr/2022:16:52:30 -0300] "GET / HTTP/1.1" 200 11217
186.67.172.234 - - [26/Apr/2022:16:52:43 -0300] "POST /cormun/servlet/solicitudot?gx-no-cache=1651002013214 HTTP/1.1" 200 97
186.67.172.234 - - [26/Apr/2022:16:52:54 -0300] "GET /cormun/servlet/solicitudot?c182a822be09a356d0ae97d14760770dcb0b3ca35294f20549ad20421d3ccb4a37490e717600d1a034abd665f7502f8becf205918f2a897b57c3d34de63b3dd099963d16cb7468482f83987445475a750b0deb0716b9875897e7c2b729efa03110f85ccae29a5e728c1187c14eb34867,gx-no-cache=1651002024222 HTTP/1.1" 200 29
186.67.172.234 - - [26/Apr/2022:16:52:55 -0300] "GET /cormun/static/menuarrow.gif HTTP/1.1" 404 1015
186.67.172.234 - - [26/Apr/2022:16:53:08 -0300] "GET /cormun/servlet/solicitudot?c182a822be09a356d0ae97d14760770d493140c938a5afedd0639e908c0fe523d8d4f09a8d12e06559bb853106e31d81,gx-no-cache=1651002038003 HTTP/1.1" 200 30
186.67.172.234 - - [26/Apr/2022:16:53:20 -0300] "POST /cormun/servlet/solicitudot?gx-no-cache=1651002049735 HTTP/1.1" 200 30
192.168.10.11 - - [26/Apr/2022:16:53:30 -0300] "GET / HTTP/1.1" 200 11217
192.168.10.11 - - [26/Apr/2022:16:54:30 -0300] "GET / HTTP/1.1" 200 11217
192.168.10.11 - - [26/Apr/2022:16:55:30 -0300] "GET / HTTP/1.1" 200 11217
192.168.10.11 - - [26/Apr/2022:16:56:30 -0300] "GET / HTTP/1.1" 200 11217
192.168.10.11 - - [26/Apr/2022:16:57:30 -0300] "GET / HTTP/1.1" 200 11217
192.168.10.11 - - [26/Apr/2022:16:58:30 -0300] "GET / HTTP/1.1" 200 11217
186.67.172.234 - - [26/Apr/2022:16:58:47 -0300] "POST /cormun/servlet/solicitudot?gx-no-cache=1651002376616 HTTP/1.1" 200 72
186.67.172.234 - - [26/Apr/2022:16:58:53 -0300] "POST /cormun/servlet/solicitudot?gx-no-cache=1651002383189 HTTP/1.1" 200 105
192.168.10.11 - - [26/Apr/2022:16:59:30 -0300] "GET / HTTP/1.1" 200 11217
192.168.10.11 - - [26/Apr/2022:17:00:30 -0300] "GET / HTTP/1.1" 200 11217
192.168.10.11 - - [26/Apr/2022:17:01:30 -0300] "GET / HTTP/1.1" 200 11217
192.168.10.11 - - [26/Apr/2022:17:02:30 -0300] "GET / HTTP/1.1" 200 11217
181.212.42.153 - - [26/Apr/2022:17:02:51 -0300] "POST /cormun/servlet/hlogin?5b3c5dcf9017d488c285862a6d434a41,gx-no-cache=1651002987081 HTTP/1.1" 440 972
35.87.93.144 - - [26/Apr/2022:17:02:51 -0300] "GET / HTTP/1.1" 200 11217
181.212.42.153 - - [26/Apr/2022:17:02:52 -0300] "GET /cormun/servlet/hlogin HTTP/1.1" 200 1737
181.212.42.153 - - [26/Apr/2022:17:02:56 -0300] "POST /cormun/servlet/hlogin?f62e322d41c8cc9fdd666402ae823a99,gx-no-cache=1651002991969 HTTP/1.1" 200 90
181.212.42.153 - - [26/Apr/2022:17:02:56 -0300] "GET /cormun/servlet/hpexe_link HTTP/1.1" 200 953
181.212.42.153 - - [26/Apr/2022:17:02:56 -0300] "GET /cormun/servlet/hhome HTTP/1.1" 200 3966
181.212.42.153 - - [26/Apr/2022:17:02:56 -0300] "GET /cormun/servlet/hhome HTTP/1.1" 200 3962
181.212.42.153 - - [26/Apr/2022:17:02:59 -0300] "GET /cormun/servlet/trpermisosgoce? HTTP/1.1" 200 13445
181.212.42.153 - - [26/Apr/2022:17:03:00 -0300] "GET /cormun/servlet/trpermisosgoce? HTTP/1.1" 200 13443
181.212.42.153 - - [26/Apr/2022:17:03:02 -0300] "GET /cormun/servlet/permisogoce?INS,0,,, HTTP/1.1" 200 6828
181.212.42.153 - - [26/Apr/2022:17:03:02 -0300] "GET /cormun/servlet/permisogoce?INS,0,,, HTTP/1.1" 200 6828
181.212.42.153 - - [26/Apr/2022:17:03:09 -0300] "GET /cormun/servlet/permisogoce?903b0baf807bcc00631011094f5de364236787c4cc117c51d393258b534eb45bce5ec07f32104f11f8be13173806d671ce9aa153a05b024167a1fd92ca538d63,gx-no-cache=1651003004504 HTTP/1.1" 200 84
181.212.42.153 - - [26/Apr/2022:17:03:11 -0300] "GET /cormun/static/menuarrow.gif HTTP/1.1" 404 1015
181.212.42.153 - - [26/Apr/2022:17:03:16 -0300] "GET /cormun/servlet/permisogoce?903b0baf807bcc00631011094f5de36476dde068d13c889ea7bec44d6c42bc4b65942a5a0f0ffa67f3ec5890d2e61ba094abca6158b08ffe98750fc4b830aabb,gx-no-cache=1651003012160 HTTP/1.1" 200 47
181.212.42.153 - - [26/Apr/2022:17:03:18 -0300] "POST /cormun/servlet/permisogoce?f62e322d41c8cc9fdd666402ae823a99,INS,0,,,,gx-no-cache=1651003013051 HTTP/1.1" 200 93
181.212.42.153 - - [26/Apr/2022:17:03:18 -0300] "GET /cormun/servlet/hpexe_return? HTTP/1.1" 200 1012
181.212.42.153 - - [26/Apr/2022:17:03:18 -0300] "GET /cormun/servlet/trpermisosgoce HTTP/1.1" 200 13684
181.212.42.153 - - [26/Apr/2022:17:03:18 -0300] "GET /cormun/servlet/trpermisosgoce HTTP/1.1" 200 13670
181.212.42.153 - - [26/Apr/2022:17:03:20 -0300] "GET /cormun/servlet/apermisogoceprn?9064135,P,20220426154740,PU HTTP/1.1" 200 1655
192.168.10.11 - - [26/Apr/2022:17:03:30 -0300] "GET / HTTP/1.1" 200 11217
181.212.42.153 - - [26/Apr/2022:17:04:20 -0300] "GET /cormun/servlet/apermisogoceprn?9064135,P,20220426154740,PU HTTP/1.1" 200 1653
192.168.10.11 - - [26/Apr/2022:17:04:30 -0300] "GET / HTTP/1.1" 200 11217
190.171.142.10 - - [26/Apr/2022:17:05:12 -0300] "GET /cormun/servlet/hlogin HTTP/1.1" 200 1727
190.171.142.10 - - [26/Apr/2022:17:05:26 -0300] "POST /cormun/servlet/hlogin?a753a5cbce05db8bc1958034430756a1,gx-no-cache=1651002775949 HTTP/1.1" 200 90
190.171.142.10 - - [26/Apr/2022:17:05:26 -0300] "GET /cormun/servlet/hpexe_link HTTP/1.1" 200 953
190.171.142.10 - - [26/Apr/2022:17:05:27 -0300] "GET /cormun/servlet/hhome HTTP/1.1" 200 3988
190.171.142.10 - - [26/Apr/2022:17:05:29 -0300] "GET /cormun/servlet/hhome HTTP/1.1" 200 3984
192.168.10.11 - - [26/Apr/2022:17:05:30 -0300] "GET / HTTP/1.1" 200 11217
190.171.142.10 - - [26/Apr/2022:17:05:37 -0300] "GET /cormun/servlet/trsolicitudot? HTTP/1.1" 200 7216
190.171.142.10 - - [26/Apr/2022:17:05:38 -0300] "GET /cormun/servlet/trsolicitudot? HTTP/1.1" 200 7214
190.171.142.10 - - [26/Apr/2022:17:05:43 -0300] "POST /cormun/servlet/trsolicitudot?a753a5cbce05db8bc1958034430756a1,,gx-no-cache=1651002792175 HTTP/1.1" 200 6822
190.171.142.10 - - [26/Apr/2022:17:06:05 -0300] "POST /cormun/servlet/trsolicitudot?a753a5cbce05db8bc1958034430756a1,,gx-no-cache=1651002814196 HTTP/1.1" 200 6334
192.168.10.11 - - [26/Apr/2022:17:06:30 -0300] "GET / HTTP/1.1" 200 11217
186.103.156.166 - - [26/Apr/2022:17:07:10 -0300] "GET /cormun/servlet/hlogin HTTP/1.1" 200 1726
186.103.156.166 - - [26/Apr/2022:17:07:10 -0300] "GET /cormun/servlet/hlogin HTTP/1.1" 200 1735
186.103.156.166 - - [26/Apr/2022:17:07:14 -0300] "POST /cormun/servlet/hlogin?4ecb94239bc4e00b06ede81969ccae2e,gx-no-cache=1651002885055 HTTP/1.1" 200 90
186.103.156.166 - - [26/Apr/2022:17:07:14 -0300] "GET /cormun/servlet/hpexe_link HTTP/1.1" 200 950
186.103.156.166 - - [26/Apr/2022:17:07:14 -0300] "GET /cormun/servlet/hhome HTTP/1.1" 200 4211
186.103.156.166 - - [26/Apr/2022:17:07:14 -0300] "GET /cormun/servlet/hhome HTTP/1.1" 200 4209
192.168.10.11 - - [26/Apr/2022:17:07:30 -0300] "GET / HTTP/1.1" 200 11217
192.168.10.11 - - [26/Apr/2022:17:08:30 -0300] "GET / HTTP/1.1" 200 11217
192.168.10.11 - - [26/Apr/2022:17:09:30 -0300] "GET / HTTP/1.1" 200 11217
192.168.10.11 - - [26/Apr/2022:17:10:30 -0300] "GET / HTTP/1.1" 200 11217
192.168.10.11 - - [26/Apr/2022:17:11:30 -0300] "GET / HTTP/1.1" 200 11217
186.103.156.166 - - [26/Apr/2022:17:12:04 -0300] "GET /cormun/servlet/trsolicitudot? HTTP/1.1" 200 7435
186.103.156.166 - - [26/Apr/2022:17:12:05 -0300] "GET /cormun/servlet/trsolicitudot? HTTP/1.1" 200 7434
192.168.10.11 - - [26/Apr/2022:17:12:30 -0300] "GET / HTTP/1.1" 200 11217
186.103.156.166 - - [26/Apr/2022:17:12:32 -0300] "GET /cormun/servlet/hlogin HTTP/1.1" 200 1716
186.103.156.166 - - [26/Apr/2022:17:12:43 -0300] "POST /cormun/servlet/hlogin?6511d6b4a8b58efb9ce0c675755a04aa,gx-no-cache=1650999606513 HTTP/1.1" 200 90
186.103.156.166 - - [26/Apr/2022:17:12:43 -0300] "GET /cormun/servlet/hpexe_link HTTP/1.1" 200 944
186.103.156.166 - - [26/Apr/2022:17:12:43 -0300] "GET /cormun/servlet/hhome HTTP/1.1" 200 3845
186.103.156.166 - - [26/Apr/2022:17:12:43 -0300] "GET /cormun/servlet/hhome HTTP/1.1" 200 3842
186.103.156.166 - - [26/Apr/2022:17:12:47 -0300] "GET /cormun/servlet/trpermisosgoce? HTTP/1.1" 200 8666
186.103.156.166 - - [26/Apr/2022:17:12:47 -0300] "GET /cormun/servlet/trpermisosgoce? HTTP/1.1" 200 8664
186.103.156.166 - - [26/Apr/2022:17:12:50 -0300] "GET /cormun/servlet/permisogoce?INS,0,,, HTTP/1.1" 200 6708
186.103.156.166 - - [26/Apr/2022:17:12:50 -0300] "GET /cormun/servlet/permisogoce?INS,0,,, HTTP/1.1" 200 6707
186.103.156.166 - - [26/Apr/2022:17:13:06 -0300] "GET /cormun/servlet/permisogoce?bd37e634fd4f815508b8c0c38b7a34b4bbe714b49bafb099fa8d73958e158129d9b8d672bd3f296873fdbde8a7f022ebf7b0db77b2081c44e5174c673bf157c5,gx-no-cache=1650999629782 HTTP/1.1" 200 72
186.103.156.166 - - [26/Apr/2022:17:13:08 -0300] "GET /cormun/static/menuarrow.gif HTTP/1.1" 404 1015
190.171.141.114 - - [26/Apr/2022:17:13:16 -0300] "GET /cormun/servlet/hlogin HTTP/1.1" 200 1727
186.103.156.166 - - [26/Apr/2022:17:13:20 -0300] "GET /cormun/servlet/permisogoce?bd37e634fd4f815508b8c0c38b7a34b42ba6c3fd5673ad26173abd161e87f6eec5966257163889614af10d5c0f174789f524dd70b813007e082e23868dcc7ced,gx-no-cache=1650999643400 HTTP/1.1" 200 47
190.171.141.114 - - [26/Apr/2022:17:13:24 -0300] "POST /cormun/servlet/hlogin?6a23f0b21d22a658c71f23d60f0c7eb0,gx-no-cache=1651003255107 HTTP/1.1" 200 90
190.171.141.114 - - [26/Apr/2022:17:13:24 -0300] "GET /cormun/servlet/hpexe_link HTTP/1.1" 200 952
190.171.141.114 - - [26/Apr/2022:17:13:24 -0300] "GET /cormun/servlet/hhome HTTP/1.1" 200 4004
190.171.141.114 - - [26/Apr/2022:17:13:24 -0300] "GET /cormun/servlet/hhome HTTP/1.1" 200 4000
186.103.156.166 - - [26/Apr/2022:17:13:28 -0300] "POST /cormun/servlet/permisogoce?6511d6b4a8b58efb9ce0c675755a04aa,INS,0,,,,gx-no-cache=1650999651428 HTTP/1.1" 200 93
186.103.156.166 - - [26/Apr/2022:17:13:28 -0300] "GET /cormun/servlet/hpexe_return? HTTP/1.1" 200 1002
186.103.156.166 - - [26/Apr/2022:17:13:28 -0300] "GET /cormun/servlet/trpermisosgoce HTTP/1.1" 200 8916
190.171.141.114 - - [26/Apr/2022:17:13:29 -0300] "GET /cormun/servlet/trsolicitudot? HTTP/1.1" 200 7225
190.171.141.114 - - [26/Apr/2022:17:13:29 -0300] "GET /cormun/static/gxui/gxui-all.css?110300 HTTP/1.1" 200 2179
190.171.141.114 - - [26/Apr/2022:17:13:29 -0300] "GET /cormun/static/gxcfg.js?201991910464971 HTTP/1.1" 200 953
186.103.156.166 - - [26/Apr/2022:17:13:29 -0300] "GET /cormun/servlet/trpermisosgoce HTTP/1.1" 200 8912
190.171.141.114 - - [26/Apr/2022:17:13:29 -0300] "GET /cormun/static/calendar-system.css?75620 HTTP/1.1" 200 5572
190.171.141.114 - - [26/Apr/2022:17:13:29 -0300] "GET /cormun/static/trsolicitudot.js?201991910465845 HTTP/1.1" 200 54041
190.171.141.114 - - [26/Apr/2022:17:13:29 -0300] "GET /cormun/static/Shared/ext/resources/css/ext-all.css?205870 HTTP/1.1" 200 416045
190.171.141.114 - - [26/Apr/2022:17:13:29 -0300] "GET /cormun/servlet/trsolicitudot? HTTP/1.1" 200 7224
192.168.10.11 - - [26/Apr/2022:17:13:30 -0300] "GET / HTTP/1.1" 200 11217
190.171.141.114 - - [26/Apr/2022:17:13:32 -0300] "GET /cormun/servlet/solicitudot?INS,0,0,false, HTTP/1.1" 200 15730
190.171.141.114 - - [26/Apr/2022:17:13:32 -0300] "GET /cormun/static/gxcfg.js?20203414241232 HTTP/1.1" 200 953
190.171.141.114 - - [26/Apr/2022:17:13:32 -0300] "GET /cormun/static/solicitudot.js?20203414242792 HTTP/1.1" 200 74114
190.171.141.114 - - [26/Apr/2022:17:13:32 -0300] "GET /cormun/servlet/solicitudot?INS,0,0,false, HTTP/1.1" 200 15738
186.103.156.166 - - [26/Apr/2022:17:13:38 -0300] "GET /cormun/servlet/apermisogoceprn?16492844,P,20220426155729,PU HTTP/1.1" 200 1642
192.168.10.11 - - [26/Apr/2022:17:14:30 -0300] "GET / HTTP/1.1" 200 11217
186.67.172.234 - - [26/Apr/2022:17:15:12 -0300] "GET /cormun/servlet/solicitudot?c182a822be09a356d0ae97d14760770d493140c938a5afedd0639e908c0fe523d8d4f09a8d12e06559bb853106e31d81,gx-no-cache=1651003362493 HTTP/1.1" 200 30
186.67.172.234 - - [26/Apr/2022:17:15:13 -0300] "POST /cormun/servlet/solicitudot?gx-no-cache=1651003362530 HTTP/1.1" 200 30
186.67.172.234 - - [26/Apr/2022:17:15:13 -0300] "POST /cormun/servlet/solicitudot?6b840a44620973221744f99eb0e68dfd,INS,0,0,false,,gx-no-cache=1651003362554 HTTP/1.1" 200 93
186.67.172.234 - - [26/Apr/2022:17:15:13 -0300] "GET /cormun/servlet/hpexe_return? HTTP/1.1" 200 1006
186.67.172.234 - - [26/Apr/2022:17:15:13 -0300] "GET /cormun/servlet/trsolicitudot HTTP/1.1" 200 8905
186.67.172.234 - - [26/Apr/2022:17:15:13 -0300] "GET /cormun/servlet/trsolicitudot HTTP/1.1" 200 8901
186.67.172.234 - - [26/Apr/2022:17:15:19 -0300] "POST /cormun/servlet/trsolicitudot?6b840a44620973221744f99eb0e68dfd,gx-no-cache=1651003368564 HTTP/1.1" 200 107
186.67.172.234 - - [26/Apr/2022:17:15:19 -0300] "GET /cormun/servlet/trsolicitudadjuntos?2022,18536, HTTP/1.1" 200 6468
186.67.172.234 - - [26/Apr/2022:17:15:19 -0300] "GET /cormun/servlet/trsolicitudadjuntos?2022,18536, HTTP/1.1" 200 6468
186.67.172.234 - - [26/Apr/2022:17:15:21 -0300] "GET /cormun/servlet/solicitudotadjuntos?INS,2022,18536,,1, HTTP/1.1" 200 6408
186.67.172.234 - - [26/Apr/2022:17:15:21 -0300] "GET /cormun/static/about:blank HTTP/1.1" 404 1011
186.67.172.234 - - [26/Apr/2022:17:15:21 -0300] "GET /cormun/servlet/solicitudotadjuntos?INS,2022,18536,,1, HTTP/1.1" 200 6401
186.67.172.234 - - [26/Apr/2022:17:15:21 -0300] "GET /cormun/servlet/solicitudotadjuntos?c182a822be09a356d0ae97d14760770d598c93fb94462e88694419bb708e6b995a592327ecd6f3955228b047b2f223f6,gx-no-cache=1651003371251 HTTP/1.1" 200 30
186.67.172.234 - - [26/Apr/2022:17:15:21 -0300] "POST /cormun/servlet/solicitudotadjuntos?6b840a44620973221744f99eb0e68dfd,INS,2022,18536,,1,,gx-no-cache=1651003371275 HTTP/1.1" 200 4182
186.67.172.234 - - [26/Apr/2022:17:15:23 -0300] "POST /cormun/servlet/solicitudotadjuntos?gx-no-cache=1651003373502 HTTP/1.1" 200 26
192.168.10.11 - - [26/Apr/2022:17:15:30 -0300] "GET / HTTP/1.1" 200 11217
190.171.141.114 - - [26/Apr/2022:17:15:32 -0300] "POST /cormun/servlet/solicitudot?gx-no-cache=1651003382996 HTTP/1.1" 200 3850
190.171.141.114 - - [26/Apr/2022:17:15:32 -0300] "POST /cormun/servlet/solicitudot?6a23f0b21d22a658c71f23d60f0c7eb0,INS,0,0,false,,gx-no-cache=1651003383128 HTTP/1.1" 200 12393
190.171.141.114 - - [26/Apr/2022:17:15:35 -0300] "GET /cormun/servlet/solicitudot?b74069e2f4f7e4787f7ffcbf7835c8c1a22ccd915361e598cfdc2e54d95ce1a3e0fc3fad533df7c113416bc503098b2a,gx-no-cache=1651003386527 HTTP/1.1" 200 111
190.171.141.114 - - [26/Apr/2022:17:15:35 -0300] "GET /cormun/static/Shared/jqueryui/images/ui-bg_highlight-soft_100_c6c2c8_1x100.png HTTP/1.1" 404 1117
190.171.141.114 - - [26/Apr/2022:17:15:35 -0300] "GET /cormun/static/Shared/jqueryui/images/ui-icons_82798d_256x240.png HTTP/1.1" 404 1089
190.171.141.114 - - [26/Apr/2022:17:15:35 -0300] "GET /cormun/static/Shared/jqueryui/images/ui-icons_ebccce_256x240.png HTTP/1.1" 404 1089
190.171.141.114 - - [26/Apr/2022:17:15:35 -0300] "GET /cormun/static/Shared/jqueryui/images/ui-bg_flat_55_994d53_40x100.png HTTP/1.1" 404 1097
190.171.141.114 - - [26/Apr/2022:17:15:46 -0300] "POST /cormun/servlet/solicitudot?gx-no-cache=1651003397581 HTTP/1.1" 200 3937
190.171.141.114 - - [26/Apr/2022:17:15:46 -0300] "GET /cormun/servlet/solicitudot?b74069e2f4f7e4787f7ffcbf7835c8c16e4a1c32502acc8c1152f8fbf40aa3d472f900552df887dc195413e729296ce7,gx-no-cache=1651003397726 HTTP/1.1" 200 30
192.168.10.11 - - [26/Apr/2022:17:16:30 -0300] "GET / HTTP/1.1" 200 11217
218.255.11.35 - - [26/Apr/2022:17:16:42 -0300] "PUT /tRuzhjiLfS.jsp/ HTTP/1.1" 403 970
218.255.11.35 - - [26/Apr/2022:17:16:43 -0300] "GET /tRuzhjiLfS.jsp HTTP/1.1" 404 989
190.171.143.82 - - [26/Apr/2022:17:17:14 -0300] "GET /cormun/servlet/trpermisosgoce? HTTP/1.1" 200 6031
190.171.143.82 - - [26/Apr/2022:17:17:15 -0300] "GET /cormun/servlet/hlogin HTTP/1.1" 200 1747
190.171.143.82 - - [26/Apr/2022:17:17:16 -0300] "GET /cormun/servlet/trpermisosgoce? HTTP/1.1" 200 6031
190.171.143.82 - - [26/Apr/2022:17:17:18 -0300] "POST /cormun/servlet/hlogin?d5dbe069e656e4959a179b385eec6e64,gx-no-cache=1651003487524 HTTP/1.1" 200 90
190.171.143.82 - - [26/Apr/2022:17:17:18 -0300] "GET /cormun/servlet/hpexe_link HTTP/1.1" 200 960
190.171.143.82 - - [26/Apr/2022:17:17:19 -0300] "GET /cormun/servlet/trpermisosgoce HTTP/1.1" 200 11271
190.171.141.114 - - [26/Apr/2022:17:17:24 -0300] "POST /cormun/servlet/solicitudot?6a23f0b21d22a658c71f23d60f0c7eb0,INS,0,0,false,,gx-no-cache=1651003495444 HTTP/1.1" 200 12558
190.171.141.114 - - [26/Apr/2022:17:17:24 -0300] "GET /cormun/static/Shared/jqueryui/images/ui-bg_flat_55_fafafa_40x100.png HTTP/1.1" 404 1097
190.171.141.114 - - [26/Apr/2022:17:17:25 -0300] "GET /cormun/static/Shared/jqueryui/images/ui-icons_8d78a5_256x240.png HTTP/1.1" 404 1089
190.171.141.114 - - [26/Apr/2022:17:17:25 -0300] "POST /cormun/servlet/solicitudot?gx-no-cache=1651003495928 HTTP/1.1" 200 3996
190.171.143.82 - - [26/Apr/2022:17:17:27 -0300] "GET /cormun/servlet/trpermisosgoce HTTP/1.1" 200 11269
192.168.10.11 - - [26/Apr/2022:17:17:30 -0300] "GET / HTTP/1.1" 200 11217
190.171.143.82 - - [26/Apr/2022:17:17:31 -0300] "POST /cormun/servlet/trpermisosgoce?d5dbe069e656e4959a179b385eec6e64,gx-no-cache=1651003500590 HTTP/1.1" 200 8342
190.171.141.114 - - [26/Apr/2022:17:17:41 -0300] "GET /cormun/servlet/solicitudot?b74069e2f4f7e4787f7ffcbf7835c8c18861d253548fb5e70b61c61540ee8ff17ab49add44bb52fcea73d4b9709c1b1d,gx-no-cache=1651003511794 HTTP/1.1" 200 103
190.171.141.114 - - [26/Apr/2022:17:17:41 -0300] "GET /cormun/servlet/solicitudot?b74069e2f4f7e4787f7ffcbf7835c8c18e50d7356f3d0a31e7b083665f17f865,gx-no-cache=1651003511821 HTTP/1.1" 200 29
190.171.141.114 - - [26/Apr/2022:17:17:47 -0300] "POST /cormun/servlet/solicitudot?gx-no-cache=1651003518362 HTTP/1.1" 200 255
190.171.141.114 - - [26/Apr/2022:17:17:50 -0300] "GET /cormun/servlet/solicitudot?b74069e2f4f7e4787f7ffcbf7835c8c18caf447c0576505bcf4439a3f3dbec2256c3bc4b381d440ac709ed89642367720da48057960a84951f703bd3cb59a4c08d2d52db5f946f363459df1f4c8771d9f4f665b3f9779e3689ffc5cb46fa61fb7f2f44d4efecb84a35bd2c21ee85c80cc14d1e27ee24970afe5e69db3e9513105c759f439c6dd9524bf0c90b2952e1c802509ee1f6705179a8a310f0ecac38a0a63ec12351ab8e462abbf9f527a00816ed646643a855e8207f9cd6ba9e338761cf25bc4d6bdf9e3a3b29c3f3d0ecfc79d85b83d5032102c9ddb10b15b621e3c115f3f30775a2747ebccf6f1faeb6343b3b4f1439bac32a9740f145f31f3ecd832bf72c10305601f1b5d0fbfdc176bde02163b33482e4a1a57667ca0eb2f82cdc90f1bdf0031edb3f7a50b0a9fad16d64abb7162c4ac65c6d6595c47faaf1ec9a52ac18ff0189b5cda79ba397b668361efedf380f316874f9ecfbcb76dd4a56ec2b65caca5712146d4a8f6f3eccda7d38e26c9c679bf4aa3fafa6c56624501cca,gx-no-cache=1651003521588 HTTP/1.1" 200 30
190.171.141.114 - - [26/Apr/2022:17:18:00 -0300] "POST /cormun/servlet/solicitudot?gx-no-cache=1651003531010 HTTP/1.1" 200 30
190.171.141.114 - - [26/Apr/2022:17:18:03 -0300] "POST /cormun/servlet/solicitudot?gx-no-cache=1651003533501 HTTP/1.1" 200 1452
190.171.141.114 - - [26/Apr/2022:17:18:03 -0300] "POST /cormun/servlet/solicitudot?gx-no-cache=1651003534142 HTTP/1.1" 200 38
192.168.10.11 - - [26/Apr/2022:17:18:30 -0300] "GET / HTTP/1.1" 200 11217
192.168.10.11 - - [26/Apr/2022:17:19:30 -0300] "GET / HTTP/1.1" 200 11217
190.171.141.114 - - [26/Apr/2022:17:19:38 -0300] "GET /cormun/servlet/solicitudot?b74069e2f4f7e4787f7ffcbf7835c8c10be45bcde7fc9733600d59d42cf1f6cf266197a56637b96e5c84c43b8e3e09ed68e6ddc53f1c19a170bcd48df5947ebe170ecee9439d6dc9b0679babe72b0e04453a9e33c400d091ea19a64458ecfb79b05b3ae9973d7fffbfbfe88b2b8edf7a,gx-no-cache=1651003629005 HTTP/1.1" 200 110
186.67.172.234 - - [26/Apr/2022:17:20:06 -0300] "GET /cormun/servlet/solicitudotadjuntos?c182a822be09a356d0ae97d14760770d17228781add2070481bc9cc611d859ff,gx-no-cache=1651003655540 HTTP/1.1" 200 30
186.67.172.234 - - [26/Apr/2022:17:20:06 -0300] "GET /cormun/servlet/solicitudotadjuntos?c182a822be09a356d0ae97d14760770d17228781add2070481bc9cc611d859ff,gx-no-cache=1651003655558 HTTP/1.1" 200 30
186.67.172.234 - - [26/Apr/2022:17:20:06 -0300] "POST /cormun/servlet/solicitudotadjuntos?6b840a44620973221744f99eb0e68dfd,INS,2022,18536,,1, HTTP/1.1" 200 116
186.67.172.234 - - [26/Apr/2022:17:20:06 -0300] "GET /cormun/servlet/hpexe_return? HTTP/1.1" 200 1024
186.67.172.234 - - [26/Apr/2022:17:20:06 -0300] "GET /cormun/servlet/trsolicitudadjuntos?2022,18536, HTTP/1.1" 200 9276
186.67.172.234 - - [26/Apr/2022:17:20:06 -0300] "GET /cormun/servlet/trsolicitudadjuntos?2022,18536, HTTP/1.1" 200 9275
186.67.172.234 - - [26/Apr/2022:17:20:12 -0300] "GET /cormun/servlet/solicitudotadjuntos?INS,2022,18536,,1, HTTP/1.1" 200 6407
186.67.172.234 - - [26/Apr/2022:17:20:12 -0300] "GET /cormun/static/about:blank HTTP/1.1" 404 1011
186.67.172.234 - - [26/Apr/2022:17:20:12 -0300] "GET /cormun/servlet/solicitudotadjuntos?INS,2022,18536,,1, HTTP/1.1" 200 6400
186.67.172.234 - - [26/Apr/2022:17:20:12 -0300] "GET /cormun/servlet/solicitudotadjuntos?c182a822be09a356d0ae97d14760770d598c93fb94462e88694419bb708e6b995a592327ecd6f3955228b047b2f223f6,gx-no-cache=1651003662195 HTTP/1.1" 200 30
186.67.172.234 - - [26/Apr/2022:17:20:12 -0300] "POST /cormun/servlet/solicitudotadjuntos?6b840a44620973221744f99eb0e68dfd,INS,2022,18536,,1,,gx-no-cache=1651003662209 HTTP/1.1" 200 4181
186.67.172.234 - - [26/Apr/2022:17:20:14 -0300] "POST /cormun/servlet/solicitudotadjuntos?gx-no-cache=1651003664411 HTTP/1.1" 200 26
186.67.172.234 - - [26/Apr/2022:17:20:18 -0300] "GET /cormun/servlet/solicitudotadjuntos?c182a822be09a356d0ae97d14760770d17228781add2070481bc9cc611d859ff,gx-no-cache=1651003668508 HTTP/1.1" 200 30
186.67.172.234 - - [26/Apr/2022:17:20:18 -0300] "GET /cormun/servlet/solicitudotadjuntos?c182a822be09a356d0ae97d14760770d17228781add2070481bc9cc611d859ff,gx-no-cache=1651003668519 HTTP/1.1" 200 30
186.67.172.234 - - [26/Apr/2022:17:20:19 -0300] "POST /cormun/servlet/solicitudotadjuntos?6b840a44620973221744f99eb0e68dfd,INS,2022,18536,,1, HTTP/1.1" 200 116
186.67.172.234 - - [26/Apr/2022:17:20:19 -0300] "GET /cormun/servlet/hpexe_return? HTTP/1.1" 200 1024
186.67.172.234 - - [26/Apr/2022:17:20:19 -0300] "GET /cormun/servlet/trsolicitudadjuntos?2022,18536, HTTP/1.1" 200 9518
186.67.172.234 - - [26/Apr/2022:17:20:19 -0300] "GET /cormun/servlet/trsolicitudadjuntos?2022,18536, HTTP/1.1" 200 9515
186.67.172.234 - - [26/Apr/2022:17:20:21 -0300] "GET /cormun/servlet/solicitudotadjuntos?INS,2022,18536,,1, HTTP/1.1" 200 6408
186.67.172.234 - - [26/Apr/2022:17:20:21 -0300] "GET /cormun/static/about:blank HTTP/1.1" 404 1011
186.67.172.234 - - [26/Apr/2022:17:20:21 -0300] "GET /cormun/servlet/solicitudotadjuntos?INS,2022,18536,,1, HTTP/1.1" 200 6401
186.67.172.234 - - [26/Apr/2022:17:20:22 -0300] "GET /cormun/servlet/solicitudotadjuntos?c182a822be09a356d0ae97d14760770d598c93fb94462e88694419bb708e6b995a592327ecd6f3955228b047b2f223f6,gx-no-cache=1651003671683 HTTP/1.1" 200 30
186.67.172.234 - - [26/Apr/2022:17:20:22 -0300] "POST /cormun/servlet/solicitudotadjuntos?6b840a44620973221744f99eb0e68dfd,INS,2022,18536,,1,,gx-no-cache=1651003671699 HTTP/1.1" 200 4182
186.67.172.234 - - [26/Apr/2022:17:20:24 -0300] "POST /cormun/servlet/solicitudotadjuntos?gx-no-cache=1651003674372 HTTP/1.1" 200 26
190.171.141.114 - - [26/Apr/2022:17:20:28 -0300] "POST /cormun/servlet/solicitudot?gx-no-cache=1651003679238 HTTP/1.1" 200 69
192.168.10.11 - - [26/Apr/2022:17:20:30 -0300] "GET / HTTP/1.1" 200 11217
186.67.172.234 - - [26/Apr/2022:17:20:30 -0300] "GET /cormun/servlet/solicitudotadjuntos?c182a822be09a356d0ae97d14760770d17228781add2070481bc9cc611d859ff,gx-no-cache=1651003680356 HTTP/1.1" 200 30
186.67.172.234 - - [26/Apr/2022:17:20:30 -0300] "GET /cormun/servlet/solicitudotadjuntos?c182a822be09a356d0ae97d14760770d17228781add2070481bc9cc611d859ff,gx-no-cache=1651003680368 HTTP/1.1" 200 30
186.67.172.234 - - [26/Apr/2022:17:20:30 -0300] "POST /cormun/servlet/solicitudotadjuntos?6b840a44620973221744f99eb0e68dfd,INS,2022,18536,,1, HTTP/1.1" 200 116
186.67.172.234 - - [26/Apr/2022:17:20:30 -0300] "GET /cormun/servlet/hpexe_return? HTTP/1.1" 200 1024
186.67.172.234 - - [26/Apr/2022:17:20:31 -0300] "GET /cormun/servlet/trsolicitudadjuntos?2022,18536, HTTP/1.1" 200 9758
186.67.172.234 - - [26/Apr/2022:17:20:31 -0300] "GET /cormun/servlet/trsolicitudadjuntos?2022,18536, HTTP/1.1" 200 9754
190.171.141.138 - - [26/Apr/2022:17:20:38 -0300] "GET /cormun/servlet/hlogin HTTP/1.1" 200 1724
190.171.141.138 - - [26/Apr/2022:17:20:42 -0300] "POST /cormun/servlet/hlogin?82fe37b4a09b5f492e7ea173c46afcea,gx-no-cache=1651003692378 HTTP/1.1" 200 90
190.171.141.138 - - [26/Apr/2022:17:20:42 -0300] "GET /cormun/servlet/hpexe_link HTTP/1.1" 200 952
190.171.141.138 - - [26/Apr/2022:17:20:42 -0300] "GET /cormun/servlet/hhome HTTP/1.1" 200 4467
190.171.141.138 - - [26/Apr/2022:17:20:43 -0300] "GET /cormun/servlet/hhome HTTP/1.1" 200 4466
190.171.141.138 - - [26/Apr/2022:17:20:44 -0300] "GET /cormun/servlet/trlicencias? HTTP/1.1" 200 10190
190.171.141.138 - - [26/Apr/2022:17:20:44 -0300] "GET /cormun/servlet/trlicencias? HTTP/1.1" 200 10187
190.171.141.138 - - [26/Apr/2022:17:20:49 -0300] "GET /cormun/servlet/trpermisosgoce? HTTP/1.1" 200 13273
190.171.141.138 - - [26/Apr/2022:17:20:49 -0300] "GET /cormun/servlet/trpermisosgoce? HTTP/1.1" 200 13277
190.171.141.114 - - [26/Apr/2022:17:20:50 -0300] "POST /cormun/servlet/solicitudot?gx-no-cache=1651003701394 HTTP/1.1" 200 102
186.67.172.234 - - [26/Apr/2022:17:20:55 -0300] "GET /cormun/servlet/solicitudotadjuntos?INS,2022,18536,,1, HTTP/1.1" 200 6408
186.67.172.234 - - [26/Apr/2022:17:20:55 -0300] "GET /cormun/static/about:blank HTTP/1.1" 404 1011
186.67.172.234 - - [26/Apr/2022:17:20:55 -0300] "GET /cormun/servlet/solicitudotadjuntos?INS,2022,18536,,1, HTTP/1.1" 200 6401
186.67.172.234 - - [26/Apr/2022:17:20:56 -0300] "GET /cormun/servlet/solicitudotadjuntos?c182a822be09a356d0ae97d14760770d598c93fb94462e88694419bb708e6b995a592327ecd6f3955228b047b2f223f6,gx-no-cache=1651003705783 HTTP/1.1" 200 30
186.67.172.234 - - [26/Apr/2022:17:20:56 -0300] "POST /cormun/servlet/solicitudotadjuntos?6b840a44620973221744f99eb0e68dfd,INS,2022,18536,,1,,gx-no-cache=1651003705798 HTTP/1.1" 200 4182
190.171.141.138 - - [26/Apr/2022:17:20:56 -0300] "POST /cormun/servlet/trpermisosgoce?82fe37b4a09b5f492e7ea173c46afcea,,gx-no-cache=1651003706020 HTTP/1.1" 200 10016
190.171.141.138 - - [26/Apr/2022:17:20:56 -0300] "POST /cormun/servlet/trpermisosgoce?82fe37b4a09b5f492e7ea173c46afcea,,gx-no-cache=1651003706297 HTTP/1.1" 200 9994
186.67.172.234 - - [26/Apr/2022:17:20:58 -0300] "POST /cormun/servlet/solicitudotadjuntos?gx-no-cache=1651003708060 HTTP/1.1" 200 26
190.171.141.114 - - [26/Apr/2022:17:21:02 -0300] "GET /cormun/servlet/solicitudot?b74069e2f4f7e4787f7ffcbf7835c8c142dbbcbc11fa99df36d46d4f9f6598819d40d99a19de9e5c906e7ac80c881de7a4160565d8f0cafa9f108a552166b56700d2e730ab892431cc100687a1bdde57071d6e54568711e7b4661843ddc73edd24ade459b49f1c8cfa2ddfe0a52fbf88,gx-no-cache=1651003713377 HTTP/1.1" 200 29
190.171.141.114 - - [26/Apr/2022:17:21:02 -0300] "GET /cormun/static/menuarrow.gif HTTP/1.1" 404 1015
190.171.143.82 - - [26/Apr/2022:17:21:08 -0300] "GET /cormun/servlet/trpermisosadjuntos?16252974,20220417165700,P, HTTP/1.1" 200 6675
190.171.143.82 - - [26/Apr/2022:17:21:09 -0300] "GET /cormun/servlet/trpermisosadjuntos?16252974,20220417165700,P, HTTP/1.1" 200 6675
190.171.143.82 - - [26/Apr/2022:17:21:15 -0300] "GET /cormun/servlet/permisosadjuntos?INS,16252974,P,20220417165700,, HTTP/1.1" 200 6003
190.171.141.114 - - [26/Apr/2022:17:21:15 -0300] "GET /cormun/servlet/solicitudot?b74069e2f4f7e4787f7ffcbf7835c8c1d1207f0621de3ae5471c912b95ce06a4e0fc3fad533df7c113416bc503098b2a,gx-no-cache=1651003726656 HTTP/1.1" 200 30
190.171.143.82 - - [26/Apr/2022:17:21:16 -0300] "GET /cormun/static/about:blank HTTP/1.1" 404 1011
190.171.143.82 - - [26/Apr/2022:17:21:16 -0300] "GET /cormun/servlet/permisosadjuntos?INS,16252974,P,20220417165700,, HTTP/1.1" 200 5992
186.67.172.234 - - [26/Apr/2022:17:21:18 -0300] "GET /cormun/servlet/solicitudotadjuntos?c182a822be09a356d0ae97d14760770d17228781add2070481bc9cc611d859ff,gx-no-cache=1651003728093 HTTP/1.1" 200 30
186.67.172.234 - - [26/Apr/2022:17:21:18 -0300] "GET /cormun/servlet/solicitudotadjuntos?c182a822be09a356d0ae97d14760770d17228781add2070481bc9cc611d859ff,gx-no-cache=1651003728109 HTTP/1.1" 200 30
186.67.172.234 - - [26/Apr/2022:17:21:18 -0300] "POST /cormun/servlet/solicitudotadjuntos?6b840a44620973221744f99eb0e68dfd,INS,2022,18536,,1, HTTP/1.1" 200 116
186.67.172.234 - - [26/Apr/2022:17:21:18 -0300] "GET /cormun/servlet/hpexe_return? HTTP/1.1" 200 1024
186.67.172.234 - - [26/Apr/2022:17:21:19 -0300] "GET /cormun/servlet/trsolicitudadjuntos?2022,18536, HTTP/1.1" 200 10003
186.67.172.234 - - [26/Apr/2022:17:21:19 -0300] "GET /cormun/servlet/trsolicitudadjuntos?2022,18536, HTTP/1.1" 200 10001
186.67.172.234 - - [26/Apr/2022:17:21:21 -0300] "GET /cormun/servlet/solicitudotadjuntos?INS,2022,18536,,1, HTTP/1.1" 200 6407
186.67.172.234 - - [26/Apr/2022:17:21:21 -0300] "GET /cormun/static/about:blank HTTP/1.1" 404 1011
186.67.172.234 - - [26/Apr/2022:17:21:21 -0300] "GET /cormun/servlet/solicitudotadjuntos?INS,2022,18536,,1, HTTP/1.1" 200 6400
186.67.172.234 - - [26/Apr/2022:17:21:22 -0300] "GET /cormun/servlet/solicitudotadjuntos?c182a822be09a356d0ae97d14760770d598c93fb94462e88694419bb708e6b995a592327ecd6f3955228b047b2f223f6,gx-no-cache=1651003731720 HTTP/1.1" 200 30
186.67.172.234 - - [26/Apr/2022:17:21:22 -0300] "POST /cormun/servlet/solicitudotadjuntos?6b840a44620973221744f99eb0e68dfd,INS,2022,18536,,1,,gx-no-cache=1651003731739 HTTP/1.1" 200 4181
190.171.141.114 - - [26/Apr/2022:17:21:25 -0300] "POST /cormun/servlet/solicitudot?gx-no-cache=1651003736198 HTTP/1.1" 200 30
186.67.172.234 - - [26/Apr/2022:17:21:25 -0300] "POST /cormun/servlet/solicitudotadjuntos?gx-no-cache=1651003735475 HTTP/1.1" 200 26
192.168.10.11 - - [26/Apr/2022:17:21:30 -0300] "GET / HTTP/1.1" 200 11217
186.67.172.234 - - [26/Apr/2022:17:21:38 -0300] "GET /cormun/servlet/solicitudotadjuntos?c182a822be09a356d0ae97d14760770d17228781add2070481bc9cc611d859ff,gx-no-cache=1651003747628 HTTP/1.1" 200 30
186.67.172.234 - - [26/Apr/2022:17:21:38 -0300] "GET /cormun/servlet/solicitudotadjuntos?c182a822be09a356d0ae97d14760770d17228781add2070481bc9cc611d859ff,gx-no-cache=1651003747639 HTTP/1.1" 200 30
186.67.172.234 - - [26/Apr/2022:17:21:38 -0300] "POST /cormun/servlet/solicitudotadjuntos?6b840a44620973221744f99eb0e68dfd,INS,2022,18536,,1, HTTP/1.1" 200 116
186.67.172.234 - - [26/Apr/2022:17:21:38 -0300] "GET /cormun/servlet/hpexe_return? HTTP/1.1" 200 1024
186.67.172.234 - - [26/Apr/2022:17:21:38 -0300] "GET /cormun/servlet/trsolicitudadjuntos?2022,18536, HTTP/1.1" 200 10261
186.67.172.234 - - [26/Apr/2022:17:21:38 -0300] "GET /cormun/servlet/trsolicitudadjuntos?2022,18536, HTTP/1.1" 200 10259
186.67.172.234 - - [26/Apr/2022:17:21:41 -0300] "GET /cormun/servlet/solicitudotadjuntos?INS,2022,18536,,1, HTTP/1.1" 200 6407
186.67.172.234 - - [26/Apr/2022:17:21:41 -0300] "GET /cormun/static/about:blank HTTP/1.1" 404 1011
186.67.172.234 - - [26/Apr/2022:17:21:41 -0300] "GET /cormun/servlet/solicitudotadjuntos?INS,2022,18536,,1, HTTP/1.1" 200 6400
186.67.172.234 - - [26/Apr/2022:17:21:41 -0300] "GET /cormun/servlet/solicitudotadjuntos?c182a822be09a356d0ae97d14760770d598c93fb94462e88694419bb708e6b995a592327ecd6f3955228b047b2f223f6,gx-no-cache=1651003751259 HTTP/1.1" 200 30
186.67.172.234 - - [26/Apr/2022:17:21:41 -0300] "POST /cormun/servlet/solicitudotadjuntos?6b840a44620973221744f99eb0e68dfd,INS,2022,18536,,1,,gx-no-cache=1651003751280 HTTP/1.1" 200 4181
186.67.172.234 - - [26/Apr/2022:17:21:44 -0300] "POST /cormun/servlet/solicitudotadjuntos?gx-no-cache=1651003754292 HTTP/1.1" 200 26
186.67.172.234 - - [26/Apr/2022:17:21:51 -0300] "GET /cormun/servlet/solicitudotadjuntos?c182a822be09a356d0ae97d14760770d17228781add2070481bc9cc611d859ff,gx-no-cache=1651003760917 HTTP/1.1" 200 30
186.67.172.234 - - [26/Apr/2022:17:21:51 -0300] "GET /cormun/servlet/solicitudotadjuntos?c182a822be09a356d0ae97d14760770d17228781add2070481bc9cc611d859ff,gx-no-cache=1651003760929 HTTP/1.1" 200 30
186.67.172.234 - - [26/Apr/2022:17:21:51 -0300] "POST /cormun/servlet/solicitudotadjuntos?6b840a44620973221744f99eb0e68dfd,INS,2022,18536,,1, HTTP/1.1" 200 116
186.67.172.234 - - [26/Apr/2022:17:21:51 -0300] "GET /cormun/servlet/hpexe_return? HTTP/1.1" 200 1024
186.67.172.234 - - [26/Apr/2022:17:21:53 -0300] "GET /cormun/servlet/trsolicitudadjuntos?2022,18536, HTTP/1.1" 200 10455
190.171.143.82 - - [26/Apr/2022:17:21:53 -0300] "POST /cormun/servlet/permisosadjuntos?d5dbe069e656e4959a179b385eec6e64,INS,16252974,P,20220417165700,, HTTP/1.1" 200 6665
186.67.172.234 - - [26/Apr/2022:17:21:53 -0300] "GET /cormun/servlet/trsolicitudadjuntos?2022,18536, HTTP/1.1" 200 10454
190.171.143.82 - - [26/Apr/2022:17:21:53 -0300] "GET /cormun/static/Shared/jqueryui/images/ui-bg_highlight-soft_100_c6c2c8_1x100.png HTTP/1.1" 404 1117
190.171.143.82 - - [26/Apr/2022:17:21:53 -0300] "GET /cormun/static/Shared/jqueryui/images/ui-icons_82798d_256x240.png HTTP/1.1" 404 1089
190.171.143.82 - - [26/Apr/2022:17:21:53 -0300] "GET /cormun/static/Shared/jqueryui/images/ui-bg_flat_55_994d53_40x100.png HTTP/1.1" 404 1097
190.171.143.82 - - [26/Apr/2022:17:21:53 -0300] "GET /cormun/static/Shared/jqueryui/images/ui-icons_ebccce_256x240.png HTTP/1.1" 404 1089
190.171.143.82 - - [26/Apr/2022:17:21:54 -0300] "GET /cormun/PrivateTempStorage/upload_00007101.jpg HTTP/1.1" 200 3592532
186.67.172.234 - - [26/Apr/2022:17:21:55 -0300] "GET /cormun/servlet/solicitudotadjuntos?INS,2022,18536,,1, HTTP/1.1" 200 6407
186.67.172.234 - - [26/Apr/2022:17:21:55 -0300] "GET /cormun/static/about:blank HTTP/1.1" 404 1011
186.67.172.234 - - [26/Apr/2022:17:21:55 -0300] "GET /cormun/servlet/solicitudotadjuntos?INS,2022,18536,,1, HTTP/1.1" 200 6400
186.67.172.234 - - [26/Apr/2022:17:21:56 -0300] "GET /cormun/servlet/solicitudotadjuntos?c182a822be09a356d0ae97d14760770d598c93fb94462e88694419bb708e6b995a592327ecd6f3955228b047b2f223f6,gx-no-cache=1651003765722 HTTP/1.1" 200 30
186.67.172.234 - - [26/Apr/2022:17:21:56 -0300] "POST /cormun/servlet/solicitudotadjuntos?6b840a44620973221744f99eb0e68dfd,INS,2022,18536,,1,,gx-no-cache=1651003765737 HTTP/1.1" 200 4181
186.67.172.234 - - [26/Apr/2022:17:22:07 -0300] "POST /cormun/servlet/solicitudotadjuntos?6b840a44620973221744f99eb0e68dfd,INS,2022,18536,,1,,gx-no-cache=1651003776879 HTTP/1.1" 200 93
186.67.172.234 - - [26/Apr/2022:17:22:07 -0300] "GET /cormun/servlet/hpexe_return? HTTP/1.1" 200 1024
186.67.172.234 - - [26/Apr/2022:17:22:07 -0300] "GET /cormun/servlet/trsolicitudadjuntos?2022,18536, HTTP/1.1" 200 10458
186.67.172.234 - - [26/Apr/2022:17:22:08 -0300] "GET /cormun/servlet/trsolicitudadjuntos?2022,18536, HTTP/1.1" 200 10455
190.171.143.82 - - [26/Apr/2022:17:22:09 -0300] "POST /cormun/servlet/permisosadjuntos?d5dbe069e656e4959a179b385eec6e64,INS,16252974,P,20220417165700,, HTTP/1.1" 200 6666
190.171.143.82 - - [26/Apr/2022:17:22:10 -0300] "GET /cormun/PrivateTempStorage/upload_00007106.jpg HTTP/1.1" 200 3592532
186.67.172.234 - - [26/Apr/2022:17:22:10 -0300] "POST /cormun/servlet/trsolicitudadjuntos?6b840a44620973221744f99eb0e68dfd,2022,18536,,gx-no-cache=1651003779831 HTTP/1.1" 200 90
186.67.172.234 - - [26/Apr/2022:17:22:10 -0300] "GET /cormun/servlet/hpexe_link HTTP/1.1" 200 968
186.67.172.234 - - [26/Apr/2022:17:22:10 -0300] "GET /cormun/servlet/trsolicitudot HTTP/1.1" 200 8902
186.67.172.234 - - [26/Apr/2022:17:22:10 -0300] "GET /cormun/servlet/trsolicitudot HTTP/1.1" 200 8901
190.171.141.114 - - [26/Apr/2022:17:22:24 -0300] "GET /cormun/servlet/solicitudot?b74069e2f4f7e4787f7ffcbf7835c8c18861d253548fb5e70b61c61540ee8ff1fa0b276c917d4274c8e35cbe136cd7d536152dafb0c4c356626a7ea314fdeb28,gx-no-cache=1651003794802 HTTP/1.1" 200 30
