186.103.156.166 - - [26/Apr/2022:17:44:29 -0300] "GET /cormun/servlet/solicitudot?0308f3a2488613e7b4af7a514a0bbce08308fe5a0a43789200b68b5fb3441431f8f2e894ef27a1410dd1e8817f82d3a306fc454c638ba5122e1d2b7af3f9bc24fb2f4c9c606b31ee5850a16d7b33f6e5f2cfd2159926b4108b740176715d1e82ec3a934741e998cdcfcc4ccf620b2d29,gx-no-cache=1651005120536 HTTP/1.1" 200 29
192.168.10.11 - - [26/Apr/2022:17:44:30 -0300] "GET / HTTP/1.1" 200 11217
186.103.156.166 - - [26/Apr/2022:17:44:35 -0300] "GET /cormun/servlet/solicitudot?0308f3a2488613e7b4af7a514a0bbce0812f74fa954083b0727385e12920f75680790f1efc6e969904110bf9e7066baee40d3450be63b3618f2bdf5286049a4fe8a4a4c3cb8688d1b9192444527c4e80ad9058c3d91f87b5a9207a7858fbf49b3d7fa263cde64ad6ce89e8747f9737a9,gx-no-cache=1651005125865 HTTP/1.1" 200 110
186.103.156.166 - - [26/Apr/2022:17:44:36 -0300] "GET /cormun/static/menuarrow.gif HTTP/1.1" 404 1015
186.103.156.166 - - [26/Apr/2022:17:44:41 -0300] "GET /cormun/servlet/solicitudot?0308f3a2488613e7b4af7a514a0bbce050aec3192b22c1f4aa37ac7b08a456cdbe34b2279d15fda39393846f9df689aa,gx-no-cache=1651005132004 HTTP/1.1" 200 30
186.103.156.166 - - [26/Apr/2022:17:44:48 -0300] "POST /cormun/servlet/hlogin?6511d6b4a8b58efb9ce0c675755a04aa,gx-no-cache=1651001531667 HTTP/1.1" 200 90
186.103.156.166 - - [26/Apr/2022:17:44:48 -0300] "GET /cormun/servlet/hpexe_link HTTP/1.1" 200 944
186.103.156.166 - - [26/Apr/2022:17:44:48 -0300] "GET /cormun/servlet/hhome HTTP/1.1" 200 4308
186.103.156.166 - - [26/Apr/2022:17:44:48 -0300] "GET /cormun/servlet/hhome HTTP/1.1" 200 4304
186.103.156.166 - - [26/Apr/2022:17:44:49 -0300] "POST /cormun/servlet/solicitudot?gx-no-cache=1651005140147 HTTP/1.1" 200 34
186.103.156.166 - - [26/Apr/2022:17:44:50 -0300] "POST /cormun/servlet/solicitudot?4ecb94239bc4e00b06ede81969ccae2e,INS,0,0,false,,gx-no-cache=1651005140189 HTTP/1.1" 200 93
186.103.156.166 - - [26/Apr/2022:17:44:50 -0300] "GET /cormun/servlet/hpexe_return? HTTP/1.1" 200 1007
186.103.156.166 - - [26/Apr/2022:17:44:50 -0300] "GET /cormun/servlet/trsolicitudot HTTP/1.1" 200 8842
186.103.156.166 - - [26/Apr/2022:17:44:50 -0300] "GET /cormun/servlet/trsolicitudot HTTP/1.1" 200 8838
186.103.156.166 - - [26/Apr/2022:17:44:54 -0300] "GET /cormun/servlet/solicitudot?INS,0,0,false, HTTP/1.1" 200 15924
186.103.156.166 - - [26/Apr/2022:17:44:54 -0300] "GET /cormun/servlet/solicitudot?INS,0,0,false, HTTP/1.1" 200 15931
186.103.156.166 - - [26/Apr/2022:17:44:59 -0300] "GET /cormun/servlet/trautorizarpermisogoce? HTTP/1.1" 200 7996
186.103.156.166 - - [26/Apr/2022:17:44:59 -0300] "GET /cormun/servlet/trautorizarpermisogoce? HTTP/1.1" 200 7995
186.67.172.234 - - [26/Apr/2022:17:45:01 -0300] "GET /cormun/servlet/trautorizarpermisogoce? HTTP/1.1" 200 13484
186.67.172.234 - - [26/Apr/2022:17:45:01 -0300] "GET /cormun/static/gxcfg.js?2020121645532 HTTP/1.1" 200 953
186.67.172.234 - - [26/Apr/2022:17:45:01 -0300] "GET /cormun/static/trautorizarpermisogoce.js?2020121651492 HTTP/1.1" 200 34948
186.67.172.234 - - [26/Apr/2022:17:45:01 -0300] "GET /cormun/servlet/trautorizarpermisogoce? HTTP/1.1" 200 13463
186.67.172.234 - - [26/Apr/2022:17:45:12 -0300] "GET /cormun/servlet/trpermisosgoce? HTTP/1.1" 200 13929
186.67.172.234 - - [26/Apr/2022:17:45:13 -0300] "GET /cormun/static/gxcfg.js?2020121631564 HTTP/1.1" 200 953
186.67.172.234 - - [26/Apr/2022:17:45:13 -0300] "GET /cormun/static/trpermisosgoce.js?2020121633681 HTTP/1.1" 200 35904
186.67.172.234 - - [26/Apr/2022:17:45:13 -0300] "GET /cormun/servlet/trpermisosgoce? HTTP/1.1" 200 13922
186.67.172.234 - - [26/Apr/2022:17:45:24 -0300] "GET /cormun/servlet/trautorizarpermisogoce? HTTP/1.1" 200 13464
186.67.172.234 - - [26/Apr/2022:17:45:24 -0300] "GET /cormun/servlet/trautorizarpermisogoce? HTTP/1.1" 200 13463
186.103.156.166 - - [26/Apr/2022:17:45:27 -0300] "POST /cormun/servlet/trautorizarpermisogoce?6511d6b4a8b58efb9ce0c675755a04aa,,gx-no-cache=1651001570574 HTTP/1.1" 200 4511
186.103.156.166 - - [26/Apr/2022:17:45:27 -0300] "GET /cormun/static/Shared/jqueryui/images/ui-bg_highlight-soft_100_c6c2c8_1x100.png HTTP/1.1" 404 1117
186.103.156.166 - - [26/Apr/2022:17:45:27 -0300] "GET /cormun/static/Shared/jqueryui/images/ui-icons_8d78a5_256x240.png HTTP/1.1" 404 1089
186.103.156.166 - - [26/Apr/2022:17:45:27 -0300] "GET /cormun/static/Shared/jqueryui/images/ui-icons_82798d_256x240.png HTTP/1.1" 404 1089
186.103.156.166 - - [26/Apr/2022:17:45:27 -0300] "GET /cormun/static/Shared/jqueryui/images/ui-bg_flat_55_fafafa_40x100.png HTTP/1.1" 404 1097
186.67.172.234 - - [26/Apr/2022:17:45:29 -0300] "POST /cormun/servlet/trautorizarpermisogoce?6b840a44620973221744f99eb0e68dfd,,gx-no-cache=1651005179119 HTTP/1.1" 200 10388
186.67.172.234 - - [26/Apr/2022:17:45:29 -0300] "GET /cormun/static/Shared/jqueryui/images/ui-bg_highlight-soft_100_c6c2c8_1x100.png HTTP/1.1" 404 1117
186.67.172.234 - - [26/Apr/2022:17:45:29 -0300] "GET /cormun/static/Shared/jqueryui/images/ui-icons_82798d_256x240.png HTTP/1.1" 404 1089
186.67.172.234 - - [26/Apr/2022:17:45:29 -0300] "GET /cormun/static/Shared/jqueryui/images/ui-bg_flat_55_fafafa_40x100.png HTTP/1.1" 404 1097
186.67.172.234 - - [26/Apr/2022:17:45:29 -0300] "GET /cormun/static/Shared/jqueryui/images/ui-icons_8d78a5_256x240.png HTTP/1.1" 404 1089
192.168.10.11 - - [26/Apr/2022:17:45:30 -0300] "GET / HTTP/1.1" 200 11217
186.103.156.166 - - [26/Apr/2022:17:45:39 -0300] "GET /cormun/servlet/hlogin HTTP/1.1" 200 1742
186.67.172.234 - - [26/Apr/2022:17:45:41 -0300] "GET /cormun/servlet/trpermisosgoce? HTTP/1.1" 200 13929
186.67.172.234 - - [26/Apr/2022:17:45:42 -0300] "GET /cormun/servlet/trpermisosgoce? HTTP/1.1" 200 13921
186.67.172.234 - - [26/Apr/2022:17:45:44 -0300] "POST /cormun/servlet/trpermisosgoce?6b840a44620973221744f99eb0e68dfd,,gx-no-cache=1651005194184 HTTP/1.1" 200 11156
186.67.172.234 - - [26/Apr/2022:17:45:44 -0300] "GET /cormun/static/Shared/jqueryui/images/ui-bg_highlight-soft_100_c6c2c8_1x100.png HTTP/1.1" 404 1117
186.67.172.234 - - [26/Apr/2022:17:45:44 -0300] "GET /cormun/static/Shared/jqueryui/images/ui-icons_82798d_256x240.png HTTP/1.1" 404 1089
186.67.172.234 - - [26/Apr/2022:17:45:44 -0300] "GET /cormun/static/Shared/jqueryui/images/ui-icons_8d78a5_256x240.png HTTP/1.1" 404 1089
186.67.172.234 - - [26/Apr/2022:17:45:44 -0300] "GET /cormun/static/Shared/jqueryui/images/ui-bg_flat_55_fafafa_40x100.png HTTP/1.1" 404 1097
186.67.172.234 - - [26/Apr/2022:17:45:54 -0300] "GET /cormun/servlet/trautorizarpermisogoce? HTTP/1.1" 200 13224
186.67.172.234 - - [26/Apr/2022:17:45:54 -0300] "GET /cormun/servlet/trautorizarpermisogoce? HTTP/1.1" 200 13223
186.103.156.166 - - [26/Apr/2022:17:46:01 -0300] "POST /cormun/servlet/hlogin?6511d6b4a8b58efb9ce0c675755a04aa,gx-no-cache=1651001604595 HTTP/1.1" 200 90
186.103.156.166 - - [26/Apr/2022:17:46:01 -0300] "GET /cormun/servlet/hpexe_link HTTP/1.1" 200 944
186.103.156.166 - - [26/Apr/2022:17:46:01 -0300] "GET /cormun/servlet/hhome HTTP/1.1" 200 3845
186.103.156.166 - - [26/Apr/2022:17:46:01 -0300] "GET /cormun/servlet/hhome HTTP/1.1" 200 3842
186.103.156.166 - - [26/Apr/2022:17:46:08 -0300] "GET /cormun/servlet/trpermisosgoce? HTTP/1.1" 200 9091
186.103.156.166 - - [26/Apr/2022:17:46:08 -0300] "GET /cormun/servlet/trpermisosgoce? HTTP/1.1" 200 9089
192.168.10.11 - - [26/Apr/2022:17:46:30 -0300] "GET / HTTP/1.1" 200 11217
186.103.156.166 - - [26/Apr/2022:17:46:58 -0300] "GET /cormun/servlet/hlogin HTTP/1.1" 200 1737
186.67.172.234 - - [26/Apr/2022:17:47:23 -0300] "GET /cormun/servlet/trsolicitudot? HTTP/1.1" 200 8932
186.67.172.234 - - [26/Apr/2022:17:47:23 -0300] "GET /cormun/servlet/trsolicitudot? HTTP/1.1" 200 8932
192.168.10.11 - - [26/Apr/2022:17:47:30 -0300] "GET / HTTP/1.1" 200 11217
192.168.10.11 - - [26/Apr/2022:17:48:30 -0300] "GET / HTTP/1.1" 200 11217
190.171.141.106 - - [26/Apr/2022:17:48:34 -0300] "GET /cormun/servlet/trlicencias? HTTP/1.1" 200 7507
190.171.141.106 - - [26/Apr/2022:17:48:35 -0300] "GET /cormun/servlet/hlogin HTTP/1.1" 200 1740
190.171.141.106 - - [26/Apr/2022:17:48:35 -0300] "GET /cormun/servlet/trlicencias? HTTP/1.1" 200 7518
190.171.141.106 - - [26/Apr/2022:17:48:46 -0300] "POST /cormun/servlet/hlogin?c7b8e83ef105df7367a74bc7f9ea97cb,gx-no-cache=1651001849797 HTTP/1.1" 200 90
190.171.141.106 - - [26/Apr/2022:17:48:46 -0300] "GET /cormun/servlet/hpexe_link HTTP/1.1" 200 955
190.171.141.106 - - [26/Apr/2022:17:48:46 -0300] "GET /cormun/servlet/trlicencias HTTP/1.1" 200 14266
190.171.141.106 - - [26/Apr/2022:17:48:46 -0300] "GET /cormun/servlet/trlicencias HTTP/1.1" 200 14264
186.67.172.234 - - [26/Apr/2022:17:49:08 -0300] "GET /cormun/servlet/hlogin HTTP/1.1" 200 1730
186.67.172.234 - - [26/Apr/2022:17:49:08 -0300] "GET /cormun/servlet/hlogin HTTP/1.1" 200 1739
192.168.10.11 - - [26/Apr/2022:17:49:30 -0300] "GET / HTTP/1.1" 200 11217
190.171.143.82 - - [26/Apr/2022:17:49:37 -0300] "GET /cormun/servlet/hlogin HTTP/1.1" 200 1728
190.171.143.82 - - [26/Apr/2022:17:49:41 -0300] "POST /cormun/servlet/hlogin?d5dbe069e656e4959a179b385eec6e64,gx-no-cache=1651005429993 HTTP/1.1" 200 90
190.171.143.82 - - [26/Apr/2022:17:49:41 -0300] "GET /cormun/servlet/hpexe_link HTTP/1.1" 200 988
190.171.143.82 - - [26/Apr/2022:17:49:41 -0300] "GET /cormun/servlet/trpermisosadjuntos?16252974,20220417165700,P, HTTP/1.1" 200 6676
190.171.143.82 - - [26/Apr/2022:17:49:43 -0300] "GET /cormun/servlet/trpermisosadjuntos?16252974,20220417165700,P, HTTP/1.1" 200 6675
190.171.143.82 - - [26/Apr/2022:17:49:51 -0300] "GET /cormun/servlet/trpermisosgoce? HTTP/1.1" 200 11270
190.171.143.82 - - [26/Apr/2022:17:49:53 -0300] "GET /cormun/servlet/trpermisosgoce? HTTP/1.1" 200 11269
190.171.143.82 - - [26/Apr/2022:17:49:56 -0300] "POST /cormun/servlet/trpermisosgoce?d5dbe069e656e4959a179b385eec6e64,,gx-no-cache=1651005445666 HTTP/1.1" 200 8339
190.171.143.82 - - [26/Apr/2022:17:50:10 -0300] "GET /cormun/servlet/trpermisosadjuntos?9299830,20220415165937,P, HTTP/1.1" 200 6678
190.171.143.82 - - [26/Apr/2022:17:50:12 -0300] "GET /cormun/servlet/trpermisosadjuntos?9299830,20220415165937,P, HTTP/1.1" 200 6679
190.171.143.82 - - [26/Apr/2022:17:50:14 -0300] "GET /cormun/servlet/permisosadjuntos?INS,9299830,P,20220415165937,, HTTP/1.1" 200 6005
190.171.143.82 - - [26/Apr/2022:17:50:15 -0300] "GET /cormun/static/about:blank HTTP/1.1" 404 1011
190.171.143.82 - - [26/Apr/2022:17:50:15 -0300] "GET /cormun/servlet/permisosadjuntos?INS,9299830,P,20220415165937,, HTTP/1.1" 200 5995
190.171.143.82 - - [26/Apr/2022:17:50:27 -0300] "POST /cormun/servlet/permisosadjuntos?d5dbe069e656e4959a179b385eec6e64,INS,9299830,P,20220415165937,, HTTP/1.1" 200 116
190.171.143.82 - - [26/Apr/2022:17:50:27 -0300] "GET /cormun/servlet/hpexe_return? HTTP/1.1" 200 1041
190.171.143.82 - - [26/Apr/2022:17:50:28 -0300] "GET /cormun/servlet/trpermisosadjuntos?9299830,20220415165937,P, HTTP/1.1" 200 7184
190.171.143.82 - - [26/Apr/2022:17:50:29 -0300] "GET /cormun/servlet/trpermisosadjuntos?9299830,20220415165937,P, HTTP/1.1" 200 7181
192.168.10.11 - - [26/Apr/2022:17:50:30 -0300] "GET / HTTP/1.1" 200 11217
190.171.143.82 - - [26/Apr/2022:17:50:50 -0300] "GET /cormun/servlet/trpermisosgoce? HTTP/1.1" 200 11280
186.67.172.234 - - [26/Apr/2022:17:50:50 -0300] "POST /cormun/servlet/hlogin?6b0eb8085a661a70ab28206fee84aa03,gx-no-cache=1651005543224 HTTP/1.1" 200 90
186.67.172.234 - - [26/Apr/2022:17:50:50 -0300] "GET /cormun/servlet/hpexe_link HTTP/1.1" 200 956
186.67.172.234 - - [26/Apr/2022:17:50:50 -0300] "GET /cormun/servlet/hhome HTTP/1.1" 200 4371
186.67.172.234 - - [26/Apr/2022:17:50:51 -0300] "GET /cormun/servlet/hhome HTTP/1.1" 200 4367
190.171.143.82 - - [26/Apr/2022:17:50:51 -0300] "GET /cormun/servlet/trpermisosgoce? HTTP/1.1" 200 11269
190.171.143.82 - - [26/Apr/2022:17:50:54 -0300] "POST /cormun/servlet/trpermisosgoce?d5dbe069e656e4959a179b385eec6e64,,gx-no-cache=1651005503084 HTTP/1.1" 200 8346
186.67.172.234 - - [26/Apr/2022:17:50:55 -0300] "GET /cormun/servlet/trpermisosgoce? HTTP/1.1" 200 13944
186.67.172.234 - - [26/Apr/2022:17:50:56 -0300] "GET /cormun/servlet/trpermisosgoce? HTTP/1.1" 200 13943
186.103.156.166 - - [26/Apr/2022:17:51:00 -0300] "POST /cormun/servlet/solicitudot?gx-no-cache=1651005511085 HTTP/1.1" 200 3850
186.103.156.166 - - [26/Apr/2022:17:51:00 -0300] "POST /cormun/servlet/solicitudot?4ecb94239bc4e00b06ede81969ccae2e,INS,0,0,false,,gx-no-cache=1651005511509 HTTP/1.1" 200 12662
186.67.172.234 - - [26/Apr/2022:17:51:02 -0300] "GET /cormun/servlet/trpermisosingoceautorizar? HTTP/1.1" 200 7166
186.67.172.234 - - [26/Apr/2022:17:51:02 -0300] "GET /cormun/static/gxui/gxui-all.css?110300 HTTP/1.1" 200 2179
186.67.172.234 - - [26/Apr/2022:17:51:02 -0300] "GET /cormun/static/calendar-system.css?75620 HTTP/1.1" 200 5572
186.67.172.234 - - [26/Apr/2022:17:51:02 -0300] "GET /cormun/static/gxcfg.js?20199142052090 HTTP/1.1" 200 953
186.67.172.234 - - [26/Apr/2022:17:51:02 -0300] "GET /cormun/static/Resources/Spanish/PXTools.css?19172979 HTTP/1.1" 200 100853
186.67.172.234 - - [26/Apr/2022:17:51:02 -0300] "GET /cormun/static/trpermisosingoceautorizar.js?20199142052670 HTTP/1.1" 200 32551
186.67.172.234 - - [26/Apr/2022:17:51:02 -0300] "GET /cormun/static/Shared/ext/resources/css/ext-all.css?205870 HTTP/1.1" 200 416045
186.67.172.234 - - [26/Apr/2022:17:51:02 -0300] "GET /cormun/servlet/trpermisosingoceautorizar? HTTP/1.1" 200 7166
190.171.143.82 - - [26/Apr/2022:17:51:02 -0300] "GET /cormun/servlet/trpermisosadjuntos?9299830,20220415165937,P, HTTP/1.1" 200 7181
186.103.156.166 - - [26/Apr/2022:17:51:03 -0300] "GET /cormun/servlet/solicitudot?0308f3a2488613e7b4af7a514a0bbce0a5fbefe33b1d2a583dbe5fa68436611d7d2724f067344dbf6d46fb25b9c71d41,gx-no-cache=1651005514212 HTTP/1.1" 200 30
190.171.143.82 - - [26/Apr/2022:17:51:04 -0300] "GET /cormun/servlet/trpermisosadjuntos?9299830,20220415165937,P, HTTP/1.1" 200 7180
186.67.172.234 - - [26/Apr/2022:17:51:08 -0300] "GET /cormun/servlet/trautorizarpermisogoce? HTTP/1.1" 200 13218
186.67.172.234 - - [26/Apr/2022:17:51:08 -0300] "GET /cormun/static/gxcfg.js?2020121645532 HTTP/1.1" 200 953
186.67.172.234 - - [26/Apr/2022:17:51:08 -0300] "GET /cormun/static/trautorizarpermisogoce.js?2020121651492 HTTP/1.1" 200 34948
186.67.172.234 - - [26/Apr/2022:17:51:08 -0300] "GET /cormun/servlet/trautorizarpermisogoce? HTTP/1.1" 200 13217
190.171.143.82 - - [26/Apr/2022:17:51:13 -0300] "GET /cormun/PublicTempStorage/castillo4544395.pdf HTTP/1.1" 200 483876
190.171.143.82 - - [26/Apr/2022:17:51:24 -0300] "GET /cormun/servlet/hlogin HTTP/1.1" 200 1728
190.171.143.82 - - [26/Apr/2022:17:51:28 -0300] "POST /cormun/servlet/hlogin?d5dbe069e656e4959a179b385eec6e64,gx-no-cache=1651005537444 HTTP/1.1" 200 90
190.171.143.82 - - [26/Apr/2022:17:51:28 -0300] "GET /cormun/servlet/hpexe_link HTTP/1.1" 200 987
190.171.143.82 - - [26/Apr/2022:17:51:28 -0300] "GET /cormun/servlet/trpermisosadjuntos?9299830,20220415165937,P, HTTP/1.1" 200 7182
192.168.10.11 - - [26/Apr/2022:17:51:30 -0300] "GET / HTTP/1.1" 200 11217
190.171.143.82 - - [26/Apr/2022:17:51:30 -0300] "GET /cormun/servlet/trpermisosadjuntos?9299830,20220415165937,P, HTTP/1.1" 200 7181
190.171.143.82 - - [26/Apr/2022:17:51:44 -0300] "GET /cormun/servlet/trpermisosgoce? HTTP/1.1" 200 11280
190.171.143.82 - - [26/Apr/2022:17:51:45 -0300] "GET /cormun/servlet/trpermisosgoce? HTTP/1.1" 200 11269
190.171.143.82 - - [26/Apr/2022:17:51:49 -0300] "POST /cormun/servlet/trpermisosgoce?d5dbe069e656e4959a179b385eec6e64,,gx-no-cache=1651005558437 HTTP/1.1" 200 8346
186.103.156.166 - - [26/Apr/2022:17:52:10 -0300] "GET /cormun/servlet/solicitudot?0308f3a2488613e7b4af7a514a0bbce0d7f77345659c467071b53dc26bc18329077701533e5328fbd13ee9b10ddf5b0836ad40e5266890d728001939460d5469,gx-no-cache=1651005581095 HTTP/1.1" 200 30
186.103.156.166 - - [26/Apr/2022:17:52:13 -0300] "GET /cormun/servlet/solicitudot?0308f3a2488613e7b4af7a514a0bbce02c2c0b84ee2ec6dec27a1978b781e0c7,gx-no-cache=1651005583948 HTTP/1.1" 200 53
192.168.10.11 - - [26/Apr/2022:17:52:30 -0300] "GET / HTTP/1.1" 200 11217
186.103.156.166 - - [26/Apr/2022:17:52:30 -0300] "POST /cormun/servlet/solicitudot?gx-no-cache=1651005600960 HTTP/1.1" 200 240
186.103.156.166 - - [26/Apr/2022:17:52:32 -0300] "GET /cormun/servlet/solicitudot?0308f3a2488613e7b4af7a514a0bbce05a4400ff40ccef48051bbe35569317782e0ffc91d707a8b6478d93a4bece0f24a66abc3f0aec018b71ba846b0e680287df2025603c4abb333251c361d92ee29842ba84bed79d30b34be6c22606a8835a8ffeb734bc7403c2e5d5c500149a8ae4eb6e9650005a7d9a090217631dc86c6bfa2a930402752d6cccb30d8d088a2b1a199e95973380e0b39ebd59eef2e6eb7efafefc920b3c46971e2339096085ffa4c6a08c95c73a70e49aff6f146150cb092f814afaf7424262745064137a3b5e353fe45c1c366e746b736b0af42f5d273c450865337f7c6234854fe9ab4c6b5d953ed42821076307ba53e559c4bfbe59f5fc13867154d0b56ad0e13a838313ccd4482f4b03ebc5a03381652d8673115dd2af14059af07aae5bc7149f3e0cf99ecb1c1cd2469123bd1173905a29e70ae83d7637f10fac698fcd77dad4b65a1e6e42e44cad8e20d9bcb07a6c666dc6d77836b3fde5c1683160064e8db6bf8d5e8ca521e4bf77b010141ca10d64ee8dd6da9d,gx-no-cache=1651005602670 HTTP/1.1" 200 30
186.103.156.166 - - [26/Apr/2022:17:52:38 -0300] "POST /cormun/servlet/solicitudot?gx-no-cache=1651005608800 HTTP/1.1" 200 30
186.67.172.234 - - [26/Apr/2022:17:52:39 -0300] "POST /cormun/servlet/trautorizarpermisogoce?6b0eb8085a661a70ab28206fee84aa03,,gx-no-cache=1651005651236 HTTP/1.1" 200 10138
186.67.172.234 - - [26/Apr/2022:17:52:39 -0300] "GET /cormun/static/Shared/jqueryui/images/ui-bg_highlight-soft_100_c6c2c8_1x100.png HTTP/1.1" 404 1117
186.67.172.234 - - [26/Apr/2022:17:52:39 -0300] "GET /cormun/static/Shared/jqueryui/images/ui-icons_82798d_256x240.png HTTP/1.1" 404 1089
186.67.172.234 - - [26/Apr/2022:17:52:39 -0300] "GET /cormun/static/Shared/jqueryui/images/ui-bg_flat_55_fafafa_40x100.png HTTP/1.1" 404 1097
186.67.172.234 - - [26/Apr/2022:17:52:39 -0300] "GET /cormun/static/Shared/jqueryui/images/ui-icons_8d78a5_256x240.png HTTP/1.1" 404 1089
186.103.156.166 - - [26/Apr/2022:17:52:41 -0300] "GET /cormun/servlet/prfichaempleado?,MD,,gxPopupLevel%3D0%3B HTTP/1.1" 200 9234
186.103.156.166 - - [26/Apr/2022:17:52:49 -0300] "POST /cormun/servlet/prfichaempleado?4ecb94239bc4e00b06ede81969ccae2e,,MD,,gxPopupLevel%3D0%3B,gx-no-cache=1651005619948 HTTP/1.1" 200 3461
186.67.172.234 - - [26/Apr/2022:17:52:51 -0300] "POST /cormun/servlet/trautorizarpermisogoce?6b0eb8085a661a70ab28206fee84aa03,,gx-no-cache=1651005663345 HTTP/1.1" 200 9914
186.67.172.234 - - [26/Apr/2022:17:52:55 -0300] "POST /cormun/servlet/trautorizarpermisogoce?6b0eb8085a661a70ab28206fee84aa03,,gx-no-cache=1651005667384 HTTP/1.1" 200 9697
186.67.172.234 - - [26/Apr/2022:17:52:56 -0300] "POST /cormun/servlet/trautorizarpermisogoce?6b0eb8085a661a70ab28206fee84aa03,,gx-no-cache=1651005668887 HTTP/1.1" 200 9412
186.67.172.234 - - [26/Apr/2022:17:53:14 -0300] "GET /cormun/servlet/trautorizarpermisogoce? HTTP/1.1" 200 12136
186.67.172.234 - - [26/Apr/2022:17:53:15 -0300] "GET /cormun/servlet/trautorizarpermisogoce? HTTP/1.1" 200 12136
192.168.10.11 - - [26/Apr/2022:17:53:30 -0300] "GET / HTTP/1.1" 200 11217
186.103.156.166 - - [26/Apr/2022:17:53:49 -0300] "GET /cormun/servlet/prlicenciaspermisos?13620190,L,,MD,,gxPopupLevel%3D0%3B HTTP/1.1" 200 5091
186.103.156.166 - - [26/Apr/2022:17:53:54 -0300] "POST /cormun/servlet/solicitudot?gx-no-cache=1651005685471 HTTP/1.1" 200 1454
186.103.156.166 - - [26/Apr/2022:17:53:59 -0300] "GET /cormun/servlet/prlicenciaspermisos?13620190,L,,MD,,gxPopupLevel%3D0%3B HTTP/1.1" 200 5091
186.67.172.234 - - [26/Apr/2022:17:54:01 -0300] "POST /cormun/servlet/trautorizarpermisogoce?6b0eb8085a661a70ab28206fee84aa03,,gx-no-cache=1651005733170 HTTP/1.1" 200 9151
186.67.172.234 - - [26/Apr/2022:17:54:01 -0300] "GET /cormun/static/Shared/jqueryui/images/ui-bg_highlight-soft_100_c6c2c8_1x100.png HTTP/1.1" 404 1117
186.67.172.234 - - [26/Apr/2022:17:54:01 -0300] "GET /cormun/static/Shared/jqueryui/images/ui-icons_82798d_256x240.png HTTP/1.1" 404 1089
186.67.172.234 - - [26/Apr/2022:17:54:01 -0300] "GET /cormun/static/Shared/jqueryui/images/ui-bg_flat_55_fafafa_40x100.png HTTP/1.1" 404 1097
186.67.172.234 - - [26/Apr/2022:17:54:01 -0300] "GET /cormun/static/Shared/jqueryui/images/ui-icons_8d78a5_256x240.png HTTP/1.1" 404 1089
186.67.172.234 - - [26/Apr/2022:17:54:03 -0300] "POST /cormun/servlet/trautorizarpermisogoce?6b0eb8085a661a70ab28206fee84aa03,,gx-no-cache=1651005734319 HTTP/1.1" 200 8896
186.67.172.234 - - [26/Apr/2022:17:54:05 -0300] "POST /cormun/servlet/trautorizarpermisogoce?6b0eb8085a661a70ab28206fee84aa03,,gx-no-cache=1651005738023 HTTP/1.1" 200 8663
186.103.156.166 - - [26/Apr/2022:17:54:06 -0300] "GET /cormun/servlet/prfichaempleado?,MD,,gxPopupLevel%3D0%3B HTTP/1.1" 200 9234
186.67.172.234 - - [26/Apr/2022:17:54:07 -0300] "POST /cormun/servlet/trautorizarpermisogoce?6b0eb8085a661a70ab28206fee84aa03,,gx-no-cache=1651005739607 HTTP/1.1" 200 8269
186.67.172.234 - - [26/Apr/2022:17:54:08 -0300] "POST /cormun/servlet/trautorizarpermisogoce?6b0eb8085a661a70ab28206fee84aa03,,gx-no-cache=1651005741102 HTTP/1.1" 200 8032
186.67.172.234 - - [26/Apr/2022:17:54:10 -0300] "POST /cormun/servlet/trautorizarpermisogoce?6b0eb8085a661a70ab28206fee84aa03,,gx-no-cache=1651005742614 HTTP/1.1" 200 7798
186.103.156.166 - - [26/Apr/2022:17:54:11 -0300] "GET /cormun/servlet/prlicenciaspermisos?13620190,L,,MD,,gxPopupLevel%3D0%3B HTTP/1.1" 200 5091
186.67.172.234 - - [26/Apr/2022:17:54:13 -0300] "POST /cormun/servlet/trautorizarpermisogoce?6b0eb8085a661a70ab28206fee84aa03,,gx-no-cache=1651005745246 HTTP/1.1" 200 7595
186.67.172.234 - - [26/Apr/2022:17:54:16 -0300] "POST /cormun/servlet/trautorizarpermisogoce?6b0eb8085a661a70ab28206fee84aa03,,gx-no-cache=1651005748983 HTTP/1.1" 200 7316
186.67.172.234 - - [26/Apr/2022:17:54:19 -0300] "POST /cormun/servlet/trautorizarpermisogoce?6b0eb8085a661a70ab28206fee84aa03,,gx-no-cache=1651005751670 HTTP/1.1" 200 7071
186.67.172.234 - - [26/Apr/2022:17:54:20 -0300] "POST /cormun/servlet/trautorizarpermisogoce?6b0eb8085a661a70ab28206fee84aa03,,gx-no-cache=1651005753103 HTTP/1.1" 200 6853
186.103.156.166 - - [26/Apr/2022:17:54:21 -0300] "GET /cormun/servlet/prfichaempleado?,MD,,gxPopupLevel%3D0%3B HTTP/1.1" 200 9234
186.67.172.234 - - [26/Apr/2022:17:54:22 -0300] "POST /cormun/servlet/trautorizarpermisogoce?6b0eb8085a661a70ab28206fee84aa03,,gx-no-cache=1651005754686 HTTP/1.1" 200 6604
186.67.172.234 - - [26/Apr/2022:17:54:27 -0300] "GET /cormun/servlet/trpermisosgoce? HTTP/1.1" 200 13937
186.67.172.234 - - [26/Apr/2022:17:54:28 -0300] "GET /cormun/servlet/trpermisosgoce? HTTP/1.1" 200 13944
192.168.10.11 - - [26/Apr/2022:17:54:30 -0300] "GET / HTTP/1.1" 200 11217
186.67.172.234 - - [26/Apr/2022:17:54:31 -0300] "GET /cormun/servlet/trautorizarpermisogoce? HTTP/1.1" 200 9378
186.67.172.234 - - [26/Apr/2022:17:54:32 -0300] "GET /cormun/servlet/trautorizarpermisogoce? HTTP/1.1" 200 9378
186.103.156.166 - - [26/Apr/2022:17:54:32 -0300] "POST /cormun/servlet/prfichaempleado?4ecb94239bc4e00b06ede81969ccae2e,,MD,,gxPopupLevel%3D0%3B,gx-no-cache=1651005722258 HTTP/1.1" 200 3461
186.103.156.166 - - [26/Apr/2022:17:54:37 -0300] "GET /cormun/servlet/prlicenciaspermisos?16981270,L,,MD,,gxPopupLevel%3D0%3B HTTP/1.1" 200 5460
186.67.172.234 - - [26/Apr/2022:17:54:39 -0300] "POST /cormun/servlet/trautorizarpermisogoce?6b0eb8085a661a70ab28206fee84aa03,,gx-no-cache=1651005771752 HTTP/1.1" 200 6346
186.67.172.234 - - [26/Apr/2022:17:54:39 -0300] "GET /cormun/static/Shared/jqueryui/images/ui-bg_highlight-soft_100_c6c2c8_1x100.png HTTP/1.1" 404 1117
186.67.172.234 - - [26/Apr/2022:17:54:39 -0300] "GET /cormun/static/Shared/jqueryui/images/ui-icons_82798d_256x240.png HTTP/1.1" 404 1089
186.67.172.234 - - [26/Apr/2022:17:54:39 -0300] "GET /cormun/static/Shared/jqueryui/images/ui-icons_8d78a5_256x240.png HTTP/1.1" 404 1089
186.67.172.234 - - [26/Apr/2022:17:54:39 -0300] "GET /cormun/static/Shared/jqueryui/images/ui-bg_flat_55_fafafa_40x100.png HTTP/1.1" 404 1097
186.67.172.234 - - [26/Apr/2022:17:54:40 -0300] "POST /cormun/servlet/trautorizarpermisogoce?6b0eb8085a661a70ab28206fee84aa03,,gx-no-cache=1651005772791 HTTP/1.1" 200 6084
186.67.172.234 - - [26/Apr/2022:17:54:41 -0300] "POST /cormun/servlet/trautorizarpermisogoce?6b0eb8085a661a70ab28206fee84aa03,,gx-no-cache=1651005774046 HTTP/1.1" 200 5823
186.67.172.234 - - [26/Apr/2022:17:54:42 -0300] "POST /cormun/servlet/trautorizarpermisogoce?6b0eb8085a661a70ab28206fee84aa03,,gx-no-cache=1651005775190 HTTP/1.1" 200 5578
186.67.172.234 - - [26/Apr/2022:17:54:44 -0300] "POST /cormun/servlet/trautorizarpermisogoce?6b0eb8085a661a70ab28206fee84aa03,,gx-no-cache=1651005776270 HTTP/1.1" 200 5277
186.67.172.234 - - [26/Apr/2022:17:54:52 -0300] "POST /cormun/servlet/trautorizarpermisogoce?6b0eb8085a661a70ab28206fee84aa03,,gx-no-cache=1651005784293 HTTP/1.1" 200 4526
186.103.156.166 - - [26/Apr/2022:17:54:56 -0300] "POST /cormun/servlet/solicitudot?gx-no-cache=1651005747449 HTTP/1.1" 200 1457
186.103.156.166 - - [26/Apr/2022:17:54:59 -0300] "POST /cormun/servlet/solicitudot?gx-no-cache=1651005750333 HTTP/1.1" 200 41
186.67.172.234 - - [26/Apr/2022:17:55:00 -0300] "GET /cormun/servlet/trpermisosingoceautorizar? HTTP/1.1" 200 7168
186.67.172.234 - - [26/Apr/2022:17:55:00 -0300] "GET /cormun/servlet/trpermisosingoceautorizar? HTTP/1.1" 200 7167
186.67.172.234 - - [26/Apr/2022:17:55:05 -0300] "GET /cormun/servlet/trpermisosgoce? HTTP/1.1" 200 13917
186.67.172.234 - - [26/Apr/2022:17:55:05 -0300] "GET /cormun/servlet/trpermisosgoce? HTTP/1.1" 200 13925
186.103.156.166 - - [26/Apr/2022:17:55:23 -0300] "GET /cormun/servlet/solicitudot?0308f3a2488613e7b4af7a514a0bbce0812f74fa954083b0727385e12920f75680790f1efc6e969904110bf9e7066baee40d3450be63b3618f2bdf5286049a4fe8a4a4c3cb8688d1b9192444527c4e80ad9058c3d91f87b5a9207a7858fbf49b3d7fa263cde64ad6ce89e8747f9737a9,gx-no-cache=1651005774057 HTTP/1.1" 200 110
186.103.156.166 - - [26/Apr/2022:17:55:23 -0300] "POST /cormun/servlet/solicitudot?gx-no-cache=1651005774155 HTTP/1.1" 200 83
186.67.172.234 - - [26/Apr/2022:17:55:25 -0300] "GET /cormun/servlet/trautorizarpermisogoce? HTTP/1.1" 200 7209
186.67.172.234 - - [26/Apr/2022:17:55:25 -0300] "GET /cormun/servlet/trautorizarpermisogoce? HTTP/1.1" 200 7209
186.103.156.166 - - [26/Apr/2022:17:55:27 -0300] "GET /cormun/servlet/solicitudot?0308f3a2488613e7b4af7a514a0bbce08308fe5a0a43789200b68b5fb3441431f8f2e894ef27a1410dd1e8817f82d3a306fc454c638ba5122e1d2b7af3f9bc24fb2f4c9c606b31ee5850a16d7b33f6e5f2cfd2159926b4108b740176715d1e82ec3a934741e998cdcfcc4ccf620b2d29,gx-no-cache=1651005778083 HTTP/1.1" 200 29
186.103.156.166 - - [26/Apr/2022:17:55:27 -0300] "GET /cormun/static/menuarrow.gif HTTP/1.1" 404 1015
192.168.10.11 - - [26/Apr/2022:17:55:30 -0300] "GET / HTTP/1.1" 200 11217
186.67.172.234 - - [26/Apr/2022:17:55:35 -0300] "GET /cormun/servlet/trautorizarpermisogoce? HTTP/1.1" 200 7215
186.67.172.234 - - [26/Apr/2022:17:55:35 -0300] "GET /cormun/servlet/trautorizarpermisogoce? HTTP/1.1" 200 7215
186.103.156.166 - - [26/Apr/2022:17:55:37 -0300] "GET /cormun/servlet/solicitudot?0308f3a2488613e7b4af7a514a0bbce0859c0834cd632db2f1e1d70a3954d2d892ac18783d4bb644f28ee929e28583fa,gx-no-cache=1651005788295 HTTP/1.1" 200 30
186.103.156.166 - - [26/Apr/2022:17:55:37 -0300] "POST /cormun/servlet/solicitudot?gx-no-cache=1651005788564 HTTP/1.1" 200 34
186.103.156.166 - - [26/Apr/2022:17:55:38 -0300] "POST /cormun/servlet/solicitudot?4ecb94239bc4e00b06ede81969ccae2e,INS,0,0,false,,gx-no-cache=1651005788594 HTTP/1.1" 200 93
186.103.156.166 - - [26/Apr/2022:17:55:38 -0300] "GET /cormun/servlet/hpexe_return? HTTP/1.1" 200 1007
186.103.156.166 - - [26/Apr/2022:17:55:38 -0300] "GET /cormun/servlet/trsolicitudot HTTP/1.1" 200 9228
186.103.156.166 - - [26/Apr/2022:17:55:38 -0300] "GET /cormun/servlet/trsolicitudot HTTP/1.1" 200 9222
186.67.172.234 - - [26/Apr/2022:17:55:46 -0300] "GET /cormun/servlet/trsolicitudot? HTTP/1.1" 200 8932
186.67.172.234 - - [26/Apr/2022:17:55:47 -0300] "GET /cormun/servlet/trsolicitudot? HTTP/1.1" 200 8932
186.103.156.166 - - [26/Apr/2022:17:55:53 -0300] "POST /cormun/servlet/trsolicitudot?4ecb94239bc4e00b06ede81969ccae2e,gx-no-cache=1651005804182 HTTP/1.1" 200 113
186.103.156.166 - - [26/Apr/2022:17:55:54 -0300] "GET /cormun/servlet/solicitudot?UPD,2022,18538,false, HTTP/1.1" 200 16451
186.67.172.234 - - [26/Apr/2022:17:55:55 -0300] "GET /cormun/servlet/trfichaempleadohoras? HTTP/1.1" 500 10
186.67.172.234 - - [26/Apr/2022:17:55:58 -0300] "GET /cormun/servlet/trsolicitudot? HTTP/1.1" 200 8932
186.67.172.234 - - [26/Apr/2022:17:55:58 -0300] "GET /cormun/servlet/trsolicitudot? HTTP/1.1" 200 8932
186.67.172.234 - - [26/Apr/2022:17:56:00 -0300] "GET /cormun/servlet/trautorizarpermisogoce? HTTP/1.1" 200 7209
186.67.172.234 - - [26/Apr/2022:17:56:00 -0300] "GET /cormun/servlet/trautorizarpermisogoce? HTTP/1.1" 200 7209
186.103.156.166 - - [26/Apr/2022:17:56:01 -0300] "GET /cormun/servlet/solicitudot?UPD,2022,18538,false, HTTP/1.1" 200 16461
186.103.156.166 - - [26/Apr/2022:17:56:01 -0300] "POST /cormun/servlet/solicitudot?gx-no-cache=1651005812342 HTTP/1.1" 200 3925
186.103.156.166 - - [26/Apr/2022:17:56:02 -0300] "POST /cormun/servlet/solicitudot?4ecb94239bc4e00b06ede81969ccae2e,UPD,2022,18538,false,,gx-no-cache=1651005812717 HTTP/1.1" 200 12772
186.103.156.166 - - [26/Apr/2022:17:56:03 -0300] "GET /cormun/servlet/solicitudot?0308f3a2488613e7b4af7a514a0bbce0a5fbefe33b1d2a583dbe5fa68436611d55c3ffb86abd5c580a072bba2b1d749a,gx-no-cache=1651005813696 HTTP/1.1" 200 30
186.103.156.166 - - [26/Apr/2022:17:56:03 -0300] "GET /cormun/servlet/solicitudot?0308f3a2488613e7b4af7a514a0bbce0d7f77345659c467071b53dc26bc18329077701533e5328fbd13ee9b10ddf5b083038ac55afdc104baa1f6eb1aa336d49,gx-no-cache=1651005813721 HTTP/1.1" 200 30
186.103.156.166 - - [26/Apr/2022:17:56:03 -0300] "GET /cormun/servlet/solicitudot?0308f3a2488613e7b4af7a514a0bbce05e47e513b3a49606166573129fb0f76a0785c35417e71c456f906d16a0f56c5515a69e663fcdd4d1f3db1c95248f62df,gx-no-cache=1651005813742 HTTP/1.1" 200 53
186.103.156.166 - - [26/Apr/2022:17:56:03 -0300] "POST /cormun/servlet/solicitudot?gx-no-cache=1651005813772 HTTP/1.1" 200 238
186.103.156.166 - - [26/Apr/2022:17:56:03 -0300] "GET /cormun/servlet/solicitudot?0308f3a2488613e7b4af7a514a0bbce05a4400ff40ccef48051bbe35569317782e0ffc91d707a8b6478d93a4bece0f24a66abc3f0aec018b71ba846b0e680287df2025603c4abb333251c361d92ee29842ba84bed79d30b34be6c22606a8835a8ffeb734bc7403c2e5d5c500149a8ae4eb6e9650005a7d9a090217631dc86c6bfa2a930402752d6cccb30d8d088a2b1a199e95973380e0b39ebd59eef2e6eb7efafefc920b3c46971e2339096085ffa4c6a08c95c73a70e49aff6f146150cb092f814afaf7424262745064137a3b5e353fe45c1c366e746b736b0af42f5d273c450865337f7c6234854fe9ab4c6b5d9545643f0cad44a746cac84adb7a1dde4afc13867154d0b56ad0e13a838313ccd4482f4b03ebc5a03381652d8673115dd2af14059af07aae5bc7149f3e0cf99ecb1c1cd2469123bd1173905a29e70ae83d7637f10fac698fcd77dad4b65a1e6e42e44cad8e20d9bcb07a6c666dc6d77836b3fde5c1683160064e8db6bf8d5e8ca5c627fdb2658b18323c2ad209175a426a,gx-no-cache=1651005813800 HTTP/1.1" 200 30
186.103.156.166 - - [26/Apr/2022:17:56:03 -0300] "POST /cormun/servlet/solicitudot?gx-no-cache=1651005813821 HTTP/1.1" 200 30
186.103.156.166 - - [26/Apr/2022:17:56:03 -0300] "POST /cormun/servlet/solicitudot?gx-no-cache=1651005813850 HTTP/1.1" 200 1457
186.103.156.166 - - [26/Apr/2022:17:56:03 -0300] "POST /cormun/servlet/solicitudot?gx-no-cache=1651005813946 HTTP/1.1" 200 41
186.103.156.166 - - [26/Apr/2022:17:56:10 -0300] "GET /cormun/servlet/solicitudot?0308f3a2488613e7b4af7a514a0bbce0812f74fa954083b0727385e12920f75680790f1efc6e969904110bf9e7066baee40d3450be63b3618f2bdf5286049a4fe8a4a4c3cb8688d1b9192444527c4e80ad9058c3d91f87b5a9207a7858fbf49b3d7fa263cde64ad6ce89e8747f9737a9,gx-no-cache=1651005820869 HTTP/1.1" 200 110
186.103.156.166 - - [26/Apr/2022:17:56:10 -0300] "POST /cormun/servlet/solicitudot?gx-no-cache=1651005820909 HTTP/1.1" 200 83
186.103.156.166 - - [26/Apr/2022:17:56:10 -0300] "GET /cormun/servlet/solicitudot?0308f3a2488613e7b4af7a514a0bbce02be6bb828125cb23b3956203e2c2b851c57179c89087d03f8b257edb71ba623fd7219e6152a51d95b6d88017bc993ef3f6ef579db9ce5187a296df3b5973fbc481980e31473457b501ffab8fdba5ce188c566c093a98e1c4ee7ccf64e8b81052,gx-no-cache=1651005821414 HTTP/1.1" 200 29
186.103.156.166 - - [26/Apr/2022:17:56:11 -0300] "GET /cormun/servlet/solicitudot?0308f3a2488613e7b4af7a514a0bbce050aec3192b22c1f4aa37ac7b08a456cdbe34b2279d15fda39393846f9df689aa,gx-no-cache=1651005822029 HTTP/1.1" 200 30
186.67.172.234 - - [26/Apr/2022:17:56:11 -0300] "GET /cormun/servlet/trpermisosgoce? HTTP/1.1" 200 13936
186.67.172.234 - - [26/Apr/2022:17:56:12 -0300] "GET /cormun/servlet/trpermisosgoce? HTTP/1.1" 200 13935
186.103.156.166 - - [26/Apr/2022:17:56:14 -0300] "POST /cormun/servlet/solicitudot?gx-no-cache=1651005824932 HTTP/1.1" 200 34
186.103.156.166 - - [26/Apr/2022:17:56:14 -0300] "POST /cormun/servlet/solicitudot?4ecb94239bc4e00b06ede81969ccae2e,UPD,2022,18538,false,,gx-no-cache=1651005824962 HTTP/1.1" 200 93
186.103.156.166 - - [26/Apr/2022:17:56:15 -0300] "GET /cormun/servlet/hpexe_return? HTTP/1.1" 200 1013
186.103.156.166 - - [26/Apr/2022:17:56:15 -0300] "GET /cormun/servlet/trsolicitudot HTTP/1.1" 200 9208
186.103.156.166 - - [26/Apr/2022:17:56:16 -0300] "GET /cormun/servlet/trsolicitudot HTTP/1.1" 200 9206
192.168.10.11 - - [26/Apr/2022:17:56:30 -0300] "GET / HTTP/1.1" 200 11217
186.67.172.234 - - [26/Apr/2022:17:56:32 -0300] "GET /cormun/servlet/trautorizarpermisogoce? HTTP/1.1" 200 7209
186.67.172.234 - - [26/Apr/2022:17:56:32 -0300] "GET /cormun/servlet/trautorizarpermisogoce? HTTP/1.1" 200 7209
186.67.172.234 - - [26/Apr/2022:17:56:45 -0300] "POST /cormun/servlet/trautorizarpermisogoce?6b0eb8085a661a70ab28206fee84aa03,,gx-no-cache=1651005898002 HTTP/1.1" 200 4412
186.67.172.234 - - [26/Apr/2022:17:56:56 -0300] "GET /cormun/servlet/trpermisosgoce? HTTP/1.1" 200 13931
186.67.172.234 - - [26/Apr/2022:17:56:57 -0300] "GET /cormun/servlet/trpermisosgoce? HTTP/1.1" 200 13928
186.67.172.234 - - [26/Apr/2022:17:57:09 -0300] "GET /cormun/static/menuarrow.gif HTTP/1.1" 404 1015
186.67.172.234 - - [26/Apr/2022:17:57:14 -0300] "POST /cormun/servlet/trpermisosgoce?6b0eb8085a661a70ab28206fee84aa03,,gx-no-cache=1651005926282 HTTP/1.1" 200 12737
186.67.172.234 - - [26/Apr/2022:17:57:29 -0300] "POST /cormun/servlet/trpermisosgoce?6b0eb8085a661a70ab28206fee84aa03,,gx-no-cache=1651005941825 HTTP/1.1" 200 11136
192.168.10.11 - - [26/Apr/2022:17:57:30 -0300] "GET / HTTP/1.1" 200 11217
192.168.10.11 - - [26/Apr/2022:17:58:30 -0300] "GET / HTTP/1.1" 200 11217
192.168.10.11 - - [26/Apr/2022:17:59:30 -0300] "GET / HTTP/1.1" 200 11217
186.67.172.234 - - [26/Apr/2022:18:00:21 -0300] "GET /cormun/servlet/trpermisosgoce? HTTP/1.1" 200 13932
186.67.172.234 - - [26/Apr/2022:18:00:21 -0300] "GET /cormun/servlet/trpermisosgoce? HTTP/1.1" 200 13929
186.67.172.234 - - [26/Apr/2022:18:00:29 -0300] "GET /cormun/servlet/trpermisosgoce? HTTP/1.1" 200 13932
186.67.172.234 - - [26/Apr/2022:18:00:29 -0300] "GET /cormun/servlet/trpermisosgoce? HTTP/1.1" 200 13927
192.168.10.11 - - [26/Apr/2022:18:00:30 -0300] "GET / HTTP/1.1" 200 11217
186.67.172.234 - - [26/Apr/2022:18:01:02 -0300] "GET /cormun/servlet/hlogin HTTP/1.1" 200 1725
186.67.172.234 - - [26/Apr/2022:18:01:09 -0300] "POST /cormun/servlet/hlogin?052e2d411a7be56de2725c3ac36d6693,gx-no-cache=1651006161839 HTTP/1.1" 200 90
186.67.172.234 - - [26/Apr/2022:18:01:09 -0300] "GET /cormun/servlet/hpexe_link HTTP/1.1" 200 951
186.67.172.234 - - [26/Apr/2022:18:01:09 -0300] "GET /cormun/servlet/hhome HTTP/1.1" 200 4367
186.67.172.234 - - [26/Apr/2022:18:01:09 -0300] "GET /cormun/servlet/hhome HTTP/1.1" 200 4365
186.67.172.234 - - [26/Apr/2022:18:01:14 -0300] "GET /cormun/servlet/trpermisosgoce? HTTP/1.1" 200 13930
186.67.172.234 - - [26/Apr/2022:18:01:14 -0300] "GET /cormun/servlet/trpermisosgoce? HTTP/1.1" 200 13928
186.67.172.234 - - [26/Apr/2022:18:01:22 -0300] "GET /cormun/servlet/permisogoce?INS,0,,, HTTP/1.1" 200 7261
186.67.172.234 - - [26/Apr/2022:18:01:23 -0300] "GET /cormun/servlet/permisogoce?INS,0,,, HTTP/1.1" 200 7261
192.168.10.11 - - [26/Apr/2022:18:01:30 -0300] "GET / HTTP/1.1" 200 11217
186.67.172.234 - - [26/Apr/2022:18:02:20 -0300] "GET /cormun/servlet/permisogoce?089907122dcd4b7b95950f0e2d092fd7b2bd72524a4d7d9416e93b2d1b1a015990a6596bf7f669acaa6d7396a735d15031a6f85d47e048bf7cd34e11e9ee832d,gx-no-cache=1651006232439 HTTP/1.1" 200 74
186.67.172.234 - - [26/Apr/2022:18:02:20 -0300] "GET /cormun/static/menuarrow.gif HTTP/1.1" 404 1015
192.168.10.11 - - [26/Apr/2022:18:02:30 -0300] "GET / HTTP/1.1" 200 11217
190.171.141.138 - - [26/Apr/2022:18:02:47 -0300] "GET /cormun/servlet/trpermisosadjuntos?16880410,20220422120137,P, HTTP/1.1" 200 5450
190.171.141.138 - - [26/Apr/2022:18:02:47 -0300] "GET /cormun/servlet/hlogin HTTP/1.1" 200 1771
190.171.141.138 - - [26/Apr/2022:18:02:47 -0300] "GET /cormun/servlet/trpermisosadjuntos?16880410,20220422120137,P, HTTP/1.1" 200 5445
190.171.141.138 - - [26/Apr/2022:18:02:56 -0300] "GET /cormun/servlet/hlogin HTTP/1.1" 200 1727
190.171.141.138 - - [26/Apr/2022:18:03:17 -0300] "GET /cormun/servlet/hlogin HTTP/1.1" 200 1727
190.171.141.138 - - [26/Apr/2022:18:03:17 -0300] "GET /cormun/servlet/hlogin HTTP/1.1" 200 1727
192.168.10.11 - - [26/Apr/2022:18:03:30 -0300] "GET / HTTP/1.1" 200 11217
190.171.141.138 - - [26/Apr/2022:18:04:00 -0300] "GET /cormun/servlet/hlogin HTTP/1.1" 200 1727
190.171.141.138 - - [26/Apr/2022:18:04:00 -0300] "GET /favicon.ico HTTP/1.1" 200 21630
190.171.141.138 - - [26/Apr/2022:18:04:12 -0300] "POST /cormun/servlet/hlogin?3ae78f327b48b5fbe0c01b7aa20c71cb,gx-no-cache=1651006302001 HTTP/1.1" 200 90
190.171.141.138 - - [26/Apr/2022:18:04:12 -0300] "GET /cormun/servlet/hpexe_link HTTP/1.1" 200 984
190.171.141.138 - - [26/Apr/2022:18:04:12 -0300] "GET /cormun/servlet/trpermisosadjuntos?16880410,20220422120137,P, HTTP/1.1" 200 6633
190.171.141.138 - - [26/Apr/2022:18:04:12 -0300] "GET /cormun/servlet/trpermisosadjuntos?16880410,20220422120137,P, HTTP/1.1" 200 6633
190.171.141.138 - - [26/Apr/2022:18:04:21 -0300] "GET /cormun/servlet/trlicencias? HTTP/1.1" 200 10207
190.171.141.138 - - [26/Apr/2022:18:04:21 -0300] "GET /cormun/servlet/trlicencias? HTTP/1.1" 200 10187
192.168.10.11 - - [26/Apr/2022:18:04:30 -0300] "GET / HTTP/1.1" 200 11217
190.171.141.138 - - [26/Apr/2022:18:04:41 -0300] "GET /cormun/servlet/trlicencias? HTTP/1.1" 200 10187
190.171.141.138 - - [26/Apr/2022:18:04:41 -0300] "GET /cormun/servlet/trlicencias? HTTP/1.1" 200 10187
190.171.141.138 - - [26/Apr/2022:18:04:44 -0300] "GET /cormun/servlet/trfichaempleadohoras? HTTP/1.1" 500 10
190.171.141.138 - - [26/Apr/2022:18:04:45 -0300] "GET /cormun/servlet/trfichaempleadohoras? HTTP/1.1" 500 10
192.168.10.11 - - [26/Apr/2022:18:05:30 -0300] "GET / HTTP/1.1" 200 11217
190.95.2.157 - - [26/Apr/2022:18:05:54 -0300] "GET /cormun/servlet/hlogin HTTP/1.1" 200 1734
190.95.2.157 - - [26/Apr/2022:18:05:54 -0300] "GET /cormun/servlet/hlogin HTTP/1.1" 200 1744
190.95.2.157 - - [26/Apr/2022:18:06:01 -0300] "POST /cormun/servlet/hlogin?50720d7e3e4ef4f4c318c1b7d1862a71,gx-no-cache=1651006411004 HTTP/1.1" 200 90
190.95.2.157 - - [26/Apr/2022:18:06:01 -0300] "GET /cormun/servlet/hpexe_link HTTP/1.1" 200 960
190.95.2.157 - - [26/Apr/2022:18:06:01 -0300] "GET /cormun/servlet/hhome HTTP/1.1" 200 4294
190.95.2.157 - - [26/Apr/2022:18:06:02 -0300] "GET /cormun/servlet/hhome HTTP/1.1" 200 4290
190.171.141.138 - - [26/Apr/2022:18:06:03 -0300] "GET /cormun/servlet/trfichaempleadohoras? HTTP/1.1" 500 10
190.171.141.138 - - [26/Apr/2022:18:06:04 -0300] "GET /cormun/servlet/hlogin HTTP/1.1" 200 1727
190.95.2.157 - - [26/Apr/2022:18:06:05 -0300] "GET /cormun/servlet/trsolicitudot? HTTP/1.1" 200 7513
190.95.2.157 - - [26/Apr/2022:18:06:06 -0300] "GET /cormun/servlet/trsolicitudot? HTTP/1.1" 200 7512
190.171.141.138 - - [26/Apr/2022:18:06:07 -0300] "POST /cormun/servlet/hlogin?3ae78f327b48b5fbe0c01b7aa20c71cb,gx-no-cache=1651006416914 HTTP/1.1" 200 90
190.171.141.138 - - [26/Apr/2022:18:06:07 -0300] "GET /cormun/servlet/hpexe_link HTTP/1.1" 200 963
190.171.141.138 - - [26/Apr/2022:18:06:07 -0300] "GET /cormun/servlet/trfichaempleadohoras HTTP/1.1" 500 10
190.171.141.138 - - [26/Apr/2022:18:06:08 -0300] "GET /cormun/servlet/trfichaempleadohoras HTTP/1.1" 500 10
190.95.2.157 - - [26/Apr/2022:18:06:08 -0300] "GET /cormun/servlet/solicitudot?INS,0,0,false, HTTP/1.1" 200 16009
190.95.2.157 - - [26/Apr/2022:18:06:09 -0300] "GET /cormun/servlet/solicitudot?INS,0,0,false, HTTP/1.1" 200 16017
192.168.10.11 - - [26/Apr/2022:18:06:30 -0300] "GET / HTTP/1.1" 200 11217
192.168.10.11 - - [26/Apr/2022:18:07:30 -0300] "GET / HTTP/1.1" 200 11217
192.168.10.11 - - [26/Apr/2022:18:08:30 -0300] "GET / HTTP/1.1" 200 11217
66.249.85.125 - - [26/Apr/2022:18:09:00 -0300] "GET /cormun/static/Resources/Logo2019_Grande.png HTTP/1.1" 200 31733
192.168.10.17 - - [26/Apr/2022:18:09:04 -0300] "GET /cormun/servlet/hlogin HTTP/1.1" 200 1725
192.168.10.17 - - [26/Apr/2022:18:09:12 -0300] "POST /cormun/servlet/hlogin?e1c8aa2a7fbc55c93b8f616f11d983fe,gx-no-cache=1651006430178 HTTP/1.1" 200 90
192.168.10.17 - - [26/Apr/2022:18:09:12 -0300] "GET /cormun/servlet/hpexe_link HTTP/1.1" 200 949
192.168.10.17 - - [26/Apr/2022:18:09:12 -0300] "GET /cormun/servlet/hhome HTTP/1.1" 200 3786
192.168.10.17 - - [26/Apr/2022:18:09:12 -0300] "GET /cormun/servlet/hhome HTTP/1.1" 200 3783
192.168.10.11 - - [26/Apr/2022:18:09:30 -0300] "GET / HTTP/1.1" 200 11217
190.95.2.157 - - [26/Apr/2022:18:10:04 -0300] "POST /cormun/servlet/solicitudot?gx-no-cache=1651006653882 HTTP/1.1" 200 3952
190.95.2.157 - - [26/Apr/2022:18:10:04 -0300] "POST /cormun/servlet/solicitudot?50720d7e3e4ef4f4c318c1b7d1862a71,INS,0,0,false,,gx-no-cache=1651006654089 HTTP/1.1" 200 12774
190.95.2.157 - - [26/Apr/2022:18:10:14 -0300] "GET /cormun/servlet/solicitudot?045d559c6afe5a82de42e28189c6970b2c400041555d4cedc814694d4ea475284503a5d7bfa3392c6251e265b9eaac5f,gx-no-cache=1651006663776 HTTP/1.1" 200 30
190.95.2.157 - - [26/Apr/2022:18:10:14 -0300] "GET /cormun/servlet/solicitudot?045d559c6afe5a82de42e28189c6970b051bb94b285a82fda0754cfc6cd9dc441eb4e0288abba20458c71782fb0de93206e6ade4c4aba543230409e902aed690,gx-no-cache=1651006663859 HTTP/1.1" 200 30
190.95.2.157 - - [26/Apr/2022:18:10:14 -0300] "GET /cormun/servlet/solicitudot?045d559c6afe5a82de42e28189c6970bb56c6afbdfd22e7c845f59a2a5357905,gx-no-cache=1651006663880 HTTP/1.1" 200 51
190.95.2.157 - - [26/Apr/2022:18:10:14 -0300] "POST /cormun/servlet/solicitudot?gx-no-cache=1651006663903 HTTP/1.1" 200 255
190.95.2.157 - - [26/Apr/2022:18:10:14 -0300] "GET /cormun/servlet/solicitudot?045d559c6afe5a82de42e28189c6970b4eb778b11a28c5461281fc709036bacb4f3314ca3b763f51a9977c2020333761f2fbaccecfe3aa25c292581417c271a1467379818ae5d545dcb29ade16f9c1954c4613c6d5a30d74b2e016adb105047f8f773bd6ee7053920784c03723aa4b11b8c934aca75bfabf396040c53684b4aed1959123b6b38094e21152f61b676c799a0f7ffd362575c56b861bfba99217d56079524c6686ee063317eb5f65750249d6e99ad73f9733584242676154f756922a0fe9246b53f14ae67f0254efcf1c409d0b6aa725e0d5d3136e19c35d11b4c9d305cf6b8abd00026b97cc907ac058fa637b6fc1de180cb9bfb60f8829ceeb4d7af8f51a6dd837dae69e9e5050b0fc0b0f172f56b76a699f43ca2ff7183f08a412ab8d313379e6550d040fd5d3477037c318d5ff5f7ea58623be218505ae8dde283b1ea7737ff05665b84d73ae97df38c15400e5fe544923bbf17b410088ff1f5ef25ac6d7db0aee8f9535cffb5364b369b37f43dc42e5f26534d0f607059779,gx-no-cache=1651006663931 HTTP/1.1" 200 30
190.95.2.157 - - [26/Apr/2022:18:10:14 -0300] "POST /cormun/servlet/solicitudot?gx-no-cache=1651006663953 HTTP/1.1" 200 30
190.95.2.157 - - [26/Apr/2022:18:10:14 -0300] "POST /cormun/servlet/solicitudot?gx-no-cache=1651006663995 HTTP/1.1" 200 1454
190.95.2.157 - - [26/Apr/2022:18:10:14 -0300] "POST /cormun/servlet/solicitudot?gx-no-cache=1651006664044 HTTP/1.1" 200 38
190.95.2.157 - - [26/Apr/2022:18:10:14 -0300] "GET /cormun/servlet/solicitudot?045d559c6afe5a82de42e28189c6970b8518c3a7d35bc1ebf5e759a9abc3f4b2b0b715790ba0cf8bdbdba53118aa5c44c2e0f4e26c5e0c2126921a3811dc10b354d6a89aa73d706ad5b24951a60e44894cfc4f7eae3187299b5faf1d0d824857c4cf4e905f637a11d3fa4fd244e601e5,gx-no-cache=1651006664069 HTTP/1.1" 200 110
190.95.2.157 - - [26/Apr/2022:18:10:14 -0300] "POST /cormun/servlet/solicitudot?gx-no-cache=1651006664104 HTTP/1.1" 200 97
192.168.10.11 - - [26/Apr/2022:18:10:30 -0300] "GET / HTTP/1.1" 200 11217
190.95.2.157 - - [26/Apr/2022:18:10:30 -0300] "GET /cormun/servlet/solicitudot?045d559c6afe5a82de42e28189c6970bff01e39a94f537900b80622e383854a7c30230b9584825a2ad2335f058b46b97fcbd151f9eab37e6c993bc66cce610490bb09af3d3873dd19d4e07be1f59c084fe0beca795440034cbc407ee1723a2c1a2daa27d6676bcca77fd0bc1b9f4517001102da52e6ce15863f8456ae867c6b2139a3eeaf8c3636bb7e89848e4776deb8d64c1765b7e55d45c86823faf64298a,gx-no-cache=1651006679500 HTTP/1.1" 200 29
190.95.2.157 - - [26/Apr/2022:18:10:30 -0300] "GET /cormun/static/menuarrow.gif HTTP/1.1" 404 1015
190.95.2.157 - - [26/Apr/2022:18:10:39 -0300] "GET /cormun/servlet/solicitudot?045d559c6afe5a82de42e28189c6970bf6d0a433aed9894adaae02f815d9b48bb24fdb103a49005b5a71b79159d5acef,gx-no-cache=1651006688761 HTTP/1.1" 200 30
190.95.2.157 - - [26/Apr/2022:18:10:49 -0300] "POST /cormun/servlet/solicitudot?gx-no-cache=1651006699111 HTTP/1.1" 200 30
192.168.10.11 - - [26/Apr/2022:18:11:30 -0300] "GET / HTTP/1.1" 200 11217
190.95.2.157 - - [26/Apr/2022:18:11:30 -0300] "POST /cormun/servlet/solicitudot?gx-no-cache=1651006739643 HTTP/1.1" 200 30
190.95.2.157 - - [26/Apr/2022:18:11:37 -0300] "POST /cormun/servlet/solicitudot?gx-no-cache=1651006747275 HTTP/1.1" 200 30
190.95.2.157 - - [26/Apr/2022:18:11:42 -0300] "POST /cormun/servlet/solicitudot?gx-no-cache=1651006751775 HTTP/1.1" 200 1454
190.95.2.157 - - [26/Apr/2022:18:11:42 -0300] "POST /cormun/servlet/solicitudot?gx-no-cache=1651006751816 HTTP/1.1" 200 41
190.95.2.157 - - [26/Apr/2022:18:11:42 -0300] "GET /cormun/servlet/solicitudot?045d559c6afe5a82de42e28189c6970b8518c3a7d35bc1ebf5e759a9abc3f4b2b0b715790ba0cf8bdbdba53118aa5c44c2e0f4e26c5e0c2126921a3811dc10b354d6a89aa73d706ad5b24951a60e44894cfc4f7eae3187299b5faf1d0d824857c4cf4e905f637a11d3fa4fd244e601e5,gx-no-cache=1651006751844 HTTP/1.1" 200 110
190.95.2.157 - - [26/Apr/2022:18:11:42 -0300] "POST /cormun/servlet/solicitudot?gx-no-cache=1651006751880 HTTP/1.1" 200 97
190.95.2.157 - - [26/Apr/2022:18:11:42 -0300] "GET /cormun/servlet/solicitudot?045d559c6afe5a82de42e28189c6970bf6d0a433aed9894adaae02f815d9b48bb24fdb103a49005b5a71b79159d5acef,gx-no-cache=1651006751905 HTTP/1.1" 200 30
190.95.2.157 - - [26/Apr/2022:18:11:42 -0300] "POST /cormun/servlet/solicitudot?gx-no-cache=1651006751926 HTTP/1.1" 200 30
190.95.2.157 - - [26/Apr/2022:18:11:56 -0300] "POST /cormun/servlet/solicitudot?50720d7e3e4ef4f4c318c1b7d1862a71,INS,0,0,false,,gx-no-cache=1651006765181 HTTP/1.1" 200 93
190.95.2.157 - - [26/Apr/2022:18:11:56 -0300] "GET /cormun/servlet/hpexe_return? HTTP/1.1" 200 1017
190.95.2.157 - - [26/Apr/2022:18:11:56 -0300] "GET /cormun/servlet/trsolicitudot HTTP/1.1" 200 8927
190.95.2.157 - - [26/Apr/2022:18:11:56 -0300] "GET /cormun/servlet/trsolicitudot HTTP/1.1" 200 8926
190.95.2.157 - - [26/Apr/2022:18:12:06 -0300] "POST /cormun/servlet/trsolicitudot?50720d7e3e4ef4f4c318c1b7d1862a71,gx-no-cache=1651006776159 HTTP/1.1" 200 4861
190.95.2.157 - - [26/Apr/2022:18:12:07 -0300] "GET /cormun/static/Shared/jqueryui/images/ui-icons_82798d_256x240.png HTTP/1.1" 404 1089
190.95.2.157 - - [26/Apr/2022:18:12:07 -0300] "GET /cormun/static/Shared/jqueryui/images/ui-bg_highlight-soft_100_c6c2c8_1x100.png HTTP/1.1" 404 1117
190.95.2.157 - - [26/Apr/2022:18:12:07 -0300] "GET /cormun/static/Shared/jqueryui/images/ui-bg_flat_55_fafafa_40x100.png HTTP/1.1" 404 1097
190.95.2.157 - - [26/Apr/2022:18:12:07 -0300] "GET /cormun/static/Shared/jqueryui/images/ui-icons_8d78a5_256x240.png HTTP/1.1" 404 1089
190.95.2.157 - - [26/Apr/2022:18:12:07 -0300] "POST /cormun/servlet/trsolicitudot?50720d7e3e4ef4f4c318c1b7d1862a71,gx-no-cache=1651006776388 HTTP/1.1" 200 4619
190.95.2.157 - - [26/Apr/2022:18:12:12 -0300] "GET /cormun/servlet/trautorizarsolicitud? HTTP/1.1" 200 8814
190.95.2.157 - - [26/Apr/2022:18:12:12 -0300] "GET /cormun/servlet/trautorizarsolicitud? HTTP/1.1" 200 8812
190.95.2.157 - - [26/Apr/2022:18:12:18 -0300] "POST /cormun/servlet/trautorizarsolicitud?50720d7e3e4ef4f4c318c1b7d1862a71,,gx-no-cache=1651006787942 HTTP/1.1" 200 4787
190.95.2.157 - - [26/Apr/2022:18:12:18 -0300] "GET /cormun/static/Shared/jqueryui/images/ui-bg_flat_55_fafafa_40x100.png HTTP/1.1" 404 1097
190.95.2.157 - - [26/Apr/2022:18:12:18 -0300] "GET /cormun/static/Shared/jqueryui/images/ui-icons_82798d_256x240.png HTTP/1.1" 404 1089
190.95.2.157 - - [26/Apr/2022:18:12:18 -0300] "GET /cormun/static/Shared/jqueryui/images/ui-bg_highlight-soft_100_c6c2c8_1x100.png HTTP/1.1" 404 1117
190.95.2.157 - - [26/Apr/2022:18:12:18 -0300] "GET /cormun/static/Shared/jqueryui/images/ui-icons_8d78a5_256x240.png HTTP/1.1" 404 1089
190.95.2.157 - - [26/Apr/2022:18:12:18 -0300] "POST /cormun/servlet/trautorizarsolicitud?50720d7e3e4ef4f4c318c1b7d1862a71,,gx-no-cache=1651006788139 HTTP/1.1" 200 4547
190.95.2.157 - - [26/Apr/2022:18:12:21 -0300] "GET /cormun/servlet/trsolicitudot? HTTP/1.1" 200 7513
190.95.2.157 - - [26/Apr/2022:18:12:22 -0300] "GET /cormun/servlet/trsolicitudot? HTTP/1.1" 200 7512
190.95.2.157 - - [26/Apr/2022:18:12:26 -0300] "GET /cormun/servlet/solicitudot?INS,0,0,false, HTTP/1.1" 200 16011
190.95.2.157 - - [26/Apr/2022:18:12:26 -0300] "GET /cormun/servlet/solicitudot?INS,0,0,false, HTTP/1.1" 200 16019
192.168.10.11 - - [26/Apr/2022:18:12:30 -0300] "GET / HTTP/1.1" 200 11217
190.95.2.157 - - [26/Apr/2022:18:12:54 -0300] "POST /cormun/servlet/solicitudot?gx-no-cache=1651006823566 HTTP/1.1" 200 3990
190.95.2.157 - - [26/Apr/2022:18:12:54 -0300] "POST /cormun/servlet/solicitudot?50720d7e3e4ef4f4c318c1b7d1862a71,INS,0,0,false,,gx-no-cache=1651006823824 HTTP/1.1" 200 12822
190.95.2.157 - - [26/Apr/2022:18:12:56 -0300] "GET /cormun/servlet/solicitudot?045d559c6afe5a82de42e28189c6970b2625446ca4136b9d00367fce218c45354503a5d7bfa3392c6251e265b9eaac5f,gx-no-cache=1651006826303 HTTP/1.1" 200 30
