190.95.2.157 - - [26/Apr/2022:18:12:57 -0300] "GET /cormun/servlet/solicitudot?045d559c6afe5a82de42e28189c6970bc2b6cc4fa380e952651d69845ea4a1aeccd72798ff643b160b8b45c0616a0f780ef0c790544eea27ef9ca515a295061b,gx-no-cache=1651006826361 HTTP/1.1" 200 30
190.95.2.157 - - [26/Apr/2022:18:12:57 -0300] "GET /cormun/servlet/solicitudot?045d559c6afe5a82de42e28189c6970bb56c6afbdfd22e7c845f59a2a5357905,gx-no-cache=1651006826384 HTTP/1.1" 200 51
190.95.2.157 - - [26/Apr/2022:18:12:57 -0300] "POST /cormun/servlet/solicitudot?gx-no-cache=1651006826443 HTTP/1.1" 200 255
190.95.2.157 - - [26/Apr/2022:18:12:57 -0300] "GET /cormun/servlet/solicitudot?045d559c6afe5a82de42e28189c6970b4eb778b11a28c5461281fc709036bacb4f3314ca3b763f51a9977c2020333761f2fbaccecfe3aa25c292581417c271a1467379818ae5d545dcb29ade16f9c1954c4613c6d5a30d74b2e016adb105047f8f773bd6ee7053920784c03723aa4b11b8c934aca75bfabf396040c53684b4aed1959123b6b38094e21152f61b676c799a0f7ffd362575c56b861bfba99217d56079524c6686ee063317eb5f65750249d6e99ad73f9733584242676154f756922a0fe9246b53f14ae67f0254efcf1c409d0b6aa725e0d5d3136e19c35d11b4c9d305cf6b8abd00026b97cc907ac058fa637b6fc1de180cb9bfb60f8829ceeb4d7af8f51a6dd837dae69e9e5050b0fc0b0f172f56b76a699f43ca2ff7183f08a412ab8d313379e6550d040fd5d3477037c318d5ff5f7ea58623be218505ae8dde283b1ea7737ff05665b84d73ae97df38c15400e5fe544923bbf17b410088ff1f5ef25ac6d7db0aee8f9535cffb5364b369b37f43dc42e5f26534d0f607059779,gx-no-cache=1651006826468 HTTP/1.1" 200 30
190.95.2.157 - - [26/Apr/2022:18:12:59 -0300] "POST /cormun/servlet/solicitudot?gx-no-cache=1651006828915 HTTP/1.1" 200 30
190.95.2.157 - - [26/Apr/2022:18:13:02 -0300] "POST /cormun/servlet/solicitudot?gx-no-cache=1651006831988 HTTP/1.1" 200 1454
190.95.2.157 - - [26/Apr/2022:18:13:02 -0300] "POST /cormun/servlet/solicitudot?gx-no-cache=1651006832052 HTTP/1.1" 200 38
190.95.2.157 - - [26/Apr/2022:18:13:02 -0300] "GET /cormun/servlet/solicitudot?045d559c6afe5a82de42e28189c6970b8518c3a7d35bc1ebf5e759a9abc3f4b2b0b715790ba0cf8bdbdba53118aa5c44c2e0f4e26c5e0c2126921a3811dc10b354d6a89aa73d706ad5b24951a60e44894cfc4f7eae3187299b5faf1d0d824857c4cf4e905f637a11d3fa4fd244e601e5,gx-no-cache=1651006832077 HTTP/1.1" 200 110
190.95.2.157 - - [26/Apr/2022:18:13:02 -0300] "POST /cormun/servlet/solicitudot?gx-no-cache=1651006832099 HTTP/1.1" 200 97
190.95.2.157 - - [26/Apr/2022:18:13:11 -0300] "GET /cormun/servlet/solicitudot?045d559c6afe5a82de42e28189c6970bff01e39a94f537900b80622e383854a7c30230b9584825a2ad2335f058b46b97fcbd151f9eab37e6c993bc66cce610490bb09af3d3873dd19d4e07be1f59c084fe0beca795440034cbc407ee1723a2c1a2daa27d6676bcca77fd0bc1b9f4517001102da52e6ce15863f8456ae867c6b2139a3eeaf8c3636bb7e89848e4776deb8d64c1765b7e55d45c86823faf64298a,gx-no-cache=1651006840588 HTTP/1.1" 200 29
190.95.2.157 - - [26/Apr/2022:18:13:11 -0300] "GET /cormun/static/menuarrow.gif HTTP/1.1" 404 1015
190.95.2.157 - - [26/Apr/2022:18:13:19 -0300] "GET /cormun/servlet/solicitudot?045d559c6afe5a82de42e28189c6970bf6d0a433aed9894adaae02f815d9b48bbecb07032926706909e27c3d0cbf3468,gx-no-cache=1651006848625 HTTP/1.1" 200 30
190.95.2.157 - - [26/Apr/2022:18:13:25 -0300] "POST /cormun/servlet/solicitudot?gx-no-cache=1651006854968 HTTP/1.1" 200 30
192.168.10.11 - - [26/Apr/2022:18:13:30 -0300] "GET / HTTP/1.1" 200 11217
190.95.2.157 - - [26/Apr/2022:18:13:47 -0300] "POST /cormun/servlet/solicitudot?50720d7e3e4ef4f4c318c1b7d1862a71,INS,0,0,false,,gx-no-cache=1651006876205 HTTP/1.1" 200 93
190.95.2.157 - - [26/Apr/2022:18:13:47 -0300] "GET /cormun/servlet/hpexe_return? HTTP/1.1" 200 1017
190.95.2.157 - - [26/Apr/2022:18:13:47 -0300] "GET /cormun/servlet/trsolicitudot HTTP/1.1" 200 8928
190.95.2.157 - - [26/Apr/2022:18:13:47 -0300] "GET /cormun/servlet/trsolicitudot HTTP/1.1" 200 8924
190.95.2.157 - - [26/Apr/2022:18:13:58 -0300] "POST /cormun/servlet/trsolicitudot?50720d7e3e4ef4f4c318c1b7d1862a71,gx-no-cache=1651006888013 HTTP/1.1" 200 4862
190.95.2.157 - - [26/Apr/2022:18:13:58 -0300] "GET /cormun/static/Shared/jqueryui/images/ui-bg_highlight-soft_100_c6c2c8_1x100.png HTTP/1.1" 404 1117
190.95.2.157 - - [26/Apr/2022:18:13:58 -0300] "GET /cormun/static/Shared/jqueryui/images/ui-icons_82798d_256x240.png HTTP/1.1" 404 1089
190.95.2.157 - - [26/Apr/2022:18:13:58 -0300] "GET /cormun/static/Shared/jqueryui/images/ui-icons_8d78a5_256x240.png HTTP/1.1" 404 1089
190.95.2.157 - - [26/Apr/2022:18:13:58 -0300] "GET /cormun/static/Shared/jqueryui/images/ui-bg_flat_55_fafafa_40x100.png HTTP/1.1" 404 1097
190.95.2.157 - - [26/Apr/2022:18:13:58 -0300] "POST /cormun/servlet/trsolicitudot?50720d7e3e4ef4f4c318c1b7d1862a71,gx-no-cache=1651006888213 HTTP/1.1" 200 4619
190.95.2.157 - - [26/Apr/2022:18:14:02 -0300] "GET /cormun/servlet/trautorizarsolicitud? HTTP/1.1" 200 8810
190.95.2.157 - - [26/Apr/2022:18:14:02 -0300] "GET /cormun/servlet/trautorizarsolicitud? HTTP/1.1" 200 8809
190.95.2.157 - - [26/Apr/2022:18:14:08 -0300] "POST /cormun/servlet/trautorizarsolicitud?50720d7e3e4ef4f4c318c1b7d1862a71,,gx-no-cache=1651006897597 HTTP/1.1" 200 4787
190.95.2.157 - - [26/Apr/2022:18:14:08 -0300] "GET /cormun/static/Shared/jqueryui/images/ui-icons_82798d_256x240.png HTTP/1.1" 404 1089
190.95.2.157 - - [26/Apr/2022:18:14:08 -0300] "GET /cormun/static/Shared/jqueryui/images/ui-bg_flat_55_fafafa_40x100.png HTTP/1.1" 404 1097
190.95.2.157 - - [26/Apr/2022:18:14:08 -0300] "GET /cormun/static/Shared/jqueryui/images/ui-icons_8d78a5_256x240.png HTTP/1.1" 404 1089
190.95.2.157 - - [26/Apr/2022:18:14:08 -0300] "GET /cormun/static/Shared/jqueryui/images/ui-bg_highlight-soft_100_c6c2c8_1x100.png HTTP/1.1" 404 1117
190.95.2.157 - - [26/Apr/2022:18:14:08 -0300] "POST /cormun/servlet/trautorizarsolicitud?50720d7e3e4ef4f4c318c1b7d1862a71,,gx-no-cache=1651006897787 HTTP/1.1" 200 4547
192.168.10.11 - - [26/Apr/2022:18:14:30 -0300] "GET / HTTP/1.1" 200 11217
192.168.10.11 - - [26/Apr/2022:18:15:30 -0300] "GET / HTTP/1.1" 200 11217
192.168.10.11 - - [26/Apr/2022:18:16:30 -0300] "GET / HTTP/1.1" 200 11217
190.171.141.138 - - [26/Apr/2022:18:17:29 -0300] "GET /cormun/servlet/trfichaempleadohoras HTTP/1.1" 500 10
192.168.10.11 - - [26/Apr/2022:18:17:30 -0300] "GET / HTTP/1.1" 200 11217
190.171.141.138 - - [26/Apr/2022:18:17:31 -0300] "GET /cormun/servlet/hlogin HTTP/1.1" 200 1727
190.171.141.138 - - [26/Apr/2022:18:17:34 -0300] "POST /cormun/servlet/hlogin?3ae78f327b48b5fbe0c01b7aa20c71cb,gx-no-cache=1651007104561 HTTP/1.1" 200 90
190.171.141.138 - - [26/Apr/2022:18:17:34 -0300] "GET /cormun/servlet/hpexe_link HTTP/1.1" 200 963
190.171.141.138 - - [26/Apr/2022:18:17:35 -0300] "GET /cormun/servlet/trfichaempleadohoras HTTP/1.1" 500 10
190.171.141.138 - - [26/Apr/2022:18:17:36 -0300] "GET /cormun/servlet/trfichaempleadohoras HTTP/1.1" 500 10
192.168.10.17 - - [26/Apr/2022:18:18:09 -0300] "GET /cormun/servlet/trsolicitudgral? HTTP/1.1" 200 28125
192.168.10.17 - - [26/Apr/2022:18:18:10 -0300] "GET /cormun/servlet/trsolicitudgral? HTTP/1.1" 200 28123
192.168.10.17 - - [26/Apr/2022:18:18:30 -0300] "GET /cormun/servlet/trsolicitudgral? HTTP/1.1" 200 28123
192.168.10.11 - - [26/Apr/2022:18:18:30 -0300] "GET / HTTP/1.1" 200 11217
192.168.10.17 - - [26/Apr/2022:18:18:31 -0300] "GET /cormun/servlet/trsolicitudgral? HTTP/1.1" 200 28123
192.168.10.11 - - [26/Apr/2022:18:19:30 -0300] "GET / HTTP/1.1" 200 11217
190.171.143.82 - - [26/Apr/2022:18:19:36 -0300] "GET /cormun/servlet/trpermisosgoce? HTTP/1.1" 200 11269
190.171.143.82 - - [26/Apr/2022:18:19:38 -0300] "GET /cormun/servlet/trpermisosgoce? HTTP/1.1" 200 11269
190.171.143.82 - - [26/Apr/2022:18:19:41 -0300] "POST /cormun/servlet/trpermisosgoce?d5dbe069e656e4959a179b385eec6e64,,gx-no-cache=1651007230631 HTTP/1.1" 200 8342
190.171.143.82 - - [26/Apr/2022:18:20:03 -0300] "GET /cormun/servlet/trpermisosadjuntos?16252974,20220417165700,P, HTTP/1.1" 200 6675
190.171.143.82 - - [26/Apr/2022:18:20:05 -0300] "GET /cormun/servlet/trpermisosadjuntos?16252974,20220417165700,P, HTTP/1.1" 200 6675
190.171.143.82 - - [26/Apr/2022:18:20:08 -0300] "GET /cormun/servlet/permisosadjuntos?INS,16252974,P,20220417165700,, HTTP/1.1" 200 6005
190.171.143.82 - - [26/Apr/2022:18:20:09 -0300] "GET /cormun/static/about:blank HTTP/1.1" 404 1011
190.171.143.82 - - [26/Apr/2022:18:20:09 -0300] "GET /cormun/servlet/permisosadjuntos?INS,16252974,P,20220417165700,, HTTP/1.1" 200 5993
190.171.143.82 - - [26/Apr/2022:18:20:17 -0300] "POST /cormun/servlet/permisosadjuntos?d5dbe069e656e4959a179b385eec6e64,INS,16252974,P,20220417165700,, HTTP/1.1" 200 116
190.171.143.82 - - [26/Apr/2022:18:20:17 -0300] "GET /cormun/servlet/hpexe_return? HTTP/1.1" 200 1042
190.171.143.82 - - [26/Apr/2022:18:20:17 -0300] "GET /cormun/servlet/trpermisosadjuntos?16252974,20220417165700,P, HTTP/1.1" 200 7182
190.171.143.82 - - [26/Apr/2022:18:20:18 -0300] "GET /cormun/servlet/trpermisosadjuntos?16252974,20220417165700,P, HTTP/1.1" 200 7178
190.171.143.82 - - [26/Apr/2022:18:20:22 -0300] "GET /cormun/PublicTempStorage/macarena2402063.pdf HTTP/1.1" 200 557776
192.168.10.11 - - [26/Apr/2022:18:20:30 -0300] "GET / HTTP/1.1" 200 11217
190.171.143.82 - - [26/Apr/2022:18:20:31 -0300] "GET /cormun/servlet/hlogin HTTP/1.1" 200 1728
190.171.143.82 - - [26/Apr/2022:18:20:35 -0300] "POST /cormun/servlet/hlogin?d5dbe069e656e4959a179b385eec6e64,gx-no-cache=1651007284441 HTTP/1.1" 200 90
190.171.143.82 - - [26/Apr/2022:18:20:35 -0300] "GET /cormun/servlet/hpexe_link HTTP/1.1" 200 988
190.171.143.82 - - [26/Apr/2022:18:20:35 -0300] "GET /cormun/servlet/trpermisosadjuntos?16252974,20220417165700,P, HTTP/1.1" 200 7179
190.171.143.82 - - [26/Apr/2022:18:20:37 -0300] "GET /cormun/servlet/trpermisosadjuntos?16252974,20220417165700,P, HTTP/1.1" 200 7178
190.171.143.82 - - [26/Apr/2022:18:20:45 -0300] "POST /cormun/servlet/acontrolpreferencessavestate?None,GFAUNDEZ,true HTTP/1.1" 200 35
192.168.10.17 - - [26/Apr/2022:18:20:51 -0300] "GET /cormun/servlet/vesolicitudgral?2022,18541,, HTTP/1.1" 200 8380
192.168.10.17 - - [26/Apr/2022:18:20:51 -0300] "GET /cormun/pexe_scrolldiv.js HTTP/1.1" 404 1009
192.168.10.17 - - [26/Apr/2022:18:20:51 -0300] "GET /cormun/servlet/vesolicitudgral?2022,18541,, HTTP/1.1" 200 8379
190.171.143.82 - - [26/Apr/2022:18:20:53 -0300] "GET /cormun/servlet/trpermisosgoce? HTTP/1.1" 200 11270
190.171.143.82 - - [26/Apr/2022:18:20:55 -0300] "GET /cormun/servlet/trpermisosgoce? HTTP/1.1" 200 11269
190.171.143.82 - - [26/Apr/2022:18:20:57 -0300] "POST /cormun/servlet/trpermisosgoce?d5dbe069e656e4959a179b385eec6e64,,gx-no-cache=1651007306845 HTTP/1.1" 200 8346
192.168.10.17 - - [26/Apr/2022:18:21:01 -0300] "GET /cormun/servlet/trsolicitudgral? HTTP/1.1" 200 28123
192.168.10.17 - - [26/Apr/2022:18:21:02 -0300] "GET /cormun/servlet/trsolicitudgral? HTTP/1.1" 200 28123
190.171.143.82 - - [26/Apr/2022:18:21:03 -0300] "GET /cormun/servlet/trpermisosadjuntos?16252974,20220417165700,P, HTTP/1.1" 200 7180
190.171.143.82 - - [26/Apr/2022:18:21:04 -0300] "GET /cormun/servlet/trpermisosadjuntos?16252974,20220417165700,P, HTTP/1.1" 200 7179
190.171.143.82 - - [26/Apr/2022:18:21:07 -0300] "GET /cormun/servlet/trpermisosgoce? HTTP/1.1" 200 11270
190.171.143.82 - - [26/Apr/2022:18:21:09 -0300] "GET /cormun/servlet/trpermisosgoce? HTTP/1.1" 200 11269
190.171.143.82 - - [26/Apr/2022:18:21:22 -0300] "GET /cormun/servlet/trpermisosadjuntos?9299830,20220415165937,P, HTTP/1.1" 200 7181
190.171.143.82 - - [26/Apr/2022:18:21:23 -0300] "GET /cormun/servlet/trpermisosadjuntos?9299830,20220415165937,P, HTTP/1.1" 200 7181
190.171.143.82 - - [26/Apr/2022:18:21:25 -0300] "GET /cormun/PublicTempStorage/castillo1387016.pdf HTTP/1.1" 200 483876
192.168.10.11 - - [26/Apr/2022:18:21:30 -0300] "GET / HTTP/1.1" 200 11217
190.171.143.82 - - [26/Apr/2022:18:21:35 -0300] "GET /cormun/servlet/trpermisosadjuntos?9299830,20220415165937,P, HTTP/1.1" 200 7181
190.171.143.82 - - [26/Apr/2022:18:21:36 -0300] "GET /cormun/servlet/trpermisosadjuntos?9299830,20220415165937,P, HTTP/1.1" 200 7180
190.171.143.82 - - [26/Apr/2022:18:21:43 -0300] "GET /cormun/servlet/trpermisosgoce? HTTP/1.1" 200 11279
190.171.143.82 - - [26/Apr/2022:18:21:45 -0300] "GET /cormun/servlet/trpermisosgoce? HTTP/1.1" 200 11269
190.171.143.82 - - [26/Apr/2022:18:21:48 -0300] "POST /cormun/servlet/trpermisosgoce?d5dbe069e656e4959a179b385eec6e64,,gx-no-cache=1651007357062 HTTP/1.1" 200 8344
192.168.10.17 - - [26/Apr/2022:18:21:48 -0300] "GET /cormun/servlet/vesolicitudgral?2022,18541,, HTTP/1.1" 200 8380
192.168.10.17 - - [26/Apr/2022:18:21:48 -0300] "GET /cormun/pexe_scrolldiv.js HTTP/1.1" 404 1009
192.168.10.17 - - [26/Apr/2022:18:21:48 -0300] "GET /cormun/servlet/vesolicitudgral?2022,18541,, HTTP/1.1" 200 8379
190.171.143.82 - - [26/Apr/2022:18:21:50 -0300] "GET /cormun/servlet/trpermisosadjuntos?11150723,20220415170424,P, HTTP/1.1" 200 6667
190.171.143.82 - - [26/Apr/2022:18:21:52 -0300] "GET /cormun/servlet/trpermisosadjuntos?11150723,20220415170424,P, HTTP/1.1" 200 6667
190.171.143.82 - - [26/Apr/2022:18:21:54 -0300] "GET /cormun/servlet/permisosadjuntos?INS,11150723,P,20220415170424,, HTTP/1.1" 200 5996
190.171.143.82 - - [26/Apr/2022:18:21:55 -0300] "GET /cormun/static/about:blank HTTP/1.1" 404 1011
190.171.143.82 - - [26/Apr/2022:18:21:55 -0300] "GET /cormun/servlet/permisosadjuntos?INS,11150723,P,20220415170424,, HTTP/1.1" 200 5985
192.168.10.17 - - [26/Apr/2022:18:22:08 -0300] "GET /cormun/servlet/trsolicitudgral? HTTP/1.1" 200 28124
192.168.10.17 - - [26/Apr/2022:18:22:09 -0300] "GET /cormun/servlet/trsolicitudgral? HTTP/1.1" 200 28123
190.171.143.82 - - [26/Apr/2022:18:22:10 -0300] "GET /cormun/servlet/trpermisosadjuntos?11150723,20220415170424,P, HTTP/1.1" 200 6667
190.171.143.82 - - [26/Apr/2022:18:22:12 -0300] "GET /cormun/servlet/trpermisosadjuntos?11150723,20220415170424,P, HTTP/1.1" 200 6667
192.168.10.17 - - [26/Apr/2022:18:22:12 -0300] "POST /cormun/servlet/trsolicitudgral?e1c8aa2a7fbc55c93b8f616f11d983fe,,gx-no-cache=1651007210657 HTTP/1.1" 200 13897
190.171.143.82 - - [26/Apr/2022:18:22:16 -0300] "GET /cormun/servlet/trpermisosgoce? HTTP/1.1" 200 11270
190.171.143.82 - - [26/Apr/2022:18:22:18 -0300] "GET /cormun/servlet/trpermisosgoce? HTTP/1.1" 200 11269
190.171.143.82 - - [26/Apr/2022:18:22:20 -0300] "POST /cormun/servlet/trpermisosgoce?d5dbe069e656e4959a179b385eec6e64,,gx-no-cache=1651007389152 HTTP/1.1" 200 8346
192.168.10.17 - - [26/Apr/2022:18:22:24 -0300] "GET /cormun/servlet/vesolicitudgral?2022,18441,, HTTP/1.1" 200 8389
192.168.10.17 - - [26/Apr/2022:18:22:24 -0300] "GET /cormun/pexe_scrolldiv.js HTTP/1.1" 404 1009
192.168.10.17 - - [26/Apr/2022:18:22:24 -0300] "GET /cormun/servlet/vesolicitudgral?2022,18441,, HTTP/1.1" 200 8388
190.171.143.82 - - [26/Apr/2022:18:22:26 -0300] "GET /cormun/servlet/trpermisosadjuntos?9097127,20220411143102,P, HTTP/1.1" 200 6676
190.171.143.82 - - [26/Apr/2022:18:22:28 -0300] "GET /cormun/servlet/trpermisosadjuntos?9097127,20220411143102,P, HTTP/1.1" 200 6676
190.171.143.82 - - [26/Apr/2022:18:22:29 -0300] "GET /cormun/servlet/permisosadjuntos?INS,9097127,P,20220411143102,, HTTP/1.1" 200 6000
192.168.10.11 - - [26/Apr/2022:18:22:30 -0300] "GET / HTTP/1.1" 200 11217
190.171.143.82 - - [26/Apr/2022:18:22:31 -0300] "GET /cormun/static/about:blank HTTP/1.1" 404 1011
190.171.143.82 - - [26/Apr/2022:18:22:31 -0300] "GET /cormun/servlet/permisosadjuntos?INS,9097127,P,20220411143102,, HTTP/1.1" 200 5990
186.103.156.166 - - [26/Apr/2022:18:22:37 -0300] "POST /cormun/servlet/trsolicitudot?4ecb94239bc4e00b06ede81969ccae2e,gx-no-cache=1651007407545 HTTP/1.1" 200 6658
186.103.156.166 - - [26/Apr/2022:18:22:37 -0300] "GET /cormun/static/Shared/jqueryui/images/ui-bg_highlight-soft_100_c6c2c8_1x100.png HTTP/1.1" 404 1117
186.103.156.166 - - [26/Apr/2022:18:22:37 -0300] "GET /cormun/static/Shared/jqueryui/images/ui-icons_82798d_256x240.png HTTP/1.1" 404 1089
186.103.156.166 - - [26/Apr/2022:18:22:37 -0300] "GET /cormun/static/Shared/jqueryui/images/ui-bg_flat_55_fafafa_40x100.png HTTP/1.1" 404 1097
186.103.156.166 - - [26/Apr/2022:18:22:37 -0300] "GET /cormun/static/Shared/jqueryui/images/ui-icons_8d78a5_256x240.png HTTP/1.1" 404 1089
190.171.143.82 - - [26/Apr/2022:18:22:38 -0300] "POST /cormun/servlet/permisosadjuntos?d5dbe069e656e4959a179b385eec6e64,INS,9097127,P,20220411143102,, HTTP/1.1" 200 116
190.171.143.82 - - [26/Apr/2022:18:22:38 -0300] "GET /cormun/servlet/hpexe_return? HTTP/1.1" 200 1040
186.103.156.166 - - [26/Apr/2022:18:22:38 -0300] "POST /cormun/servlet/trsolicitudot?4ecb94239bc4e00b06ede81969ccae2e,gx-no-cache=1651007409288 HTTP/1.1" 200 107
190.171.143.82 - - [26/Apr/2022:18:22:38 -0300] "GET /cormun/servlet/trpermisosadjuntos?9097127,20220411143102,P, HTTP/1.1" 200 7183
186.103.156.166 - - [26/Apr/2022:18:22:38 -0300] "GET /cormun/servlet/trsolicitudadjuntos?2022,18539, HTTP/1.1" 200 6315
186.103.156.166 - - [26/Apr/2022:18:22:38 -0300] "GET /cormun/static/gxcfg.js?20201215574222 HTTP/1.1" 200 953
186.103.156.166 - - [26/Apr/2022:18:22:38 -0300] "GET /cormun/static/trsolicitudadjuntos.js?20201215574932 HTTP/1.1" 200 17922
186.103.156.166 - - [26/Apr/2022:18:22:39 -0300] "GET /cormun/static/Resources/PXToolsGridNew.png HTTP/1.1" 200 427
186.103.156.166 - - [26/Apr/2022:18:22:39 -0300] "GET /cormun/servlet/trsolicitudadjuntos?2022,18539, HTTP/1.1" 200 6315
190.171.143.82 - - [26/Apr/2022:18:22:40 -0300] "GET /cormun/servlet/trpermisosadjuntos?9097127,20220411143102,P, HTTP/1.1" 200 7179
190.171.143.82 - - [26/Apr/2022:18:22:42 -0300] "GET /cormun/PublicTempStorage/cuevas9280361.pdf HTTP/1.1" 200 444150
186.103.156.166 - - [26/Apr/2022:18:22:42 -0300] "GET /cormun/servlet/solicitudotadjuntos?INS,2022,18539,,2, HTTP/1.1" 200 6259
186.103.156.166 - - [26/Apr/2022:18:22:42 -0300] "GET /cormun/static/gxcfg.js?202012157947 HTTP/1.1" 200 953
186.103.156.166 - - [26/Apr/2022:18:22:43 -0300] "GET /cormun/static/solicitudotadjuntos.js?202012157966 HTTP/1.1" 200 11771
186.103.156.166 - - [26/Apr/2022:18:22:43 -0300] "GET /cormun/static/about:blank HTTP/1.1" 404 1011
186.103.156.166 - - [26/Apr/2022:18:22:43 -0300] "GET /cormun/servlet/solicitudotadjuntos?INS,2022,18539,,2, HTTP/1.1" 200 6253
186.103.156.166 - - [26/Apr/2022:18:22:43 -0300] "GET /cormun/servlet/solicitudotadjuntos?0308f3a2488613e7b4af7a514a0bbce0eac292f95ad86fab4c8cff5b116b2f2dafef18c1e3bb4f7d507658e4984e14dc,gx-no-cache=1651007414322 HTTP/1.1" 200 30
186.103.156.166 - - [26/Apr/2022:18:22:43 -0300] "POST /cormun/servlet/solicitudotadjuntos?4ecb94239bc4e00b06ede81969ccae2e,INS,2022,18539,,2,,gx-no-cache=1651007414344 HTTP/1.1" 200 4317
186.103.156.166 - - [26/Apr/2022:18:22:46 -0300] "POST /cormun/servlet/solicitudotadjuntos?gx-no-cache=1651007417349 HTTP/1.1" 200 26
190.171.143.82 - - [26/Apr/2022:18:22:48 -0300] "GET /cormun/servlet/trpermisosadjuntos?9097127,20220411143102,P, HTTP/1.1" 200 7183
190.171.143.82 - - [26/Apr/2022:18:22:49 -0300] "GET /cormun/servlet/trpermisosadjuntos?9097127,20220411143102,P, HTTP/1.1" 200 7179
186.103.156.166 - - [26/Apr/2022:18:22:55 -0300] "GET /cormun/servlet/solicitudotadjuntos?0308f3a2488613e7b4af7a514a0bbce09af86da2897205743ee59387d23e5bd0,gx-no-cache=1651007425680 HTTP/1.1" 200 30
186.103.156.166 - - [26/Apr/2022:18:22:55 -0300] "GET /cormun/servlet/solicitudotadjuntos?0308f3a2488613e7b4af7a514a0bbce09af86da2897205743ee59387d23e5bd0,gx-no-cache=1651007426370 HTTP/1.1" 200 30
186.103.156.166 - - [26/Apr/2022:18:22:56 -0300] "POST /cormun/servlet/solicitudotadjuntos?4ecb94239bc4e00b06ede81969ccae2e,INS,2022,18539,,2, HTTP/1.1" 200 116
186.103.156.166 - - [26/Apr/2022:18:22:56 -0300] "GET /cormun/servlet/hpexe_return? HTTP/1.1" 200 1025
186.103.156.166 - - [26/Apr/2022:18:22:56 -0300] "GET /cormun/servlet/trsolicitudadjuntos?2022,18539, HTTP/1.1" 200 9098
186.103.156.166 - - [26/Apr/2022:18:22:56 -0300] "GET /cormun/servlet/trsolicitudadjuntos?2022,18539, HTTP/1.1" 200 9097
186.103.156.166 - - [26/Apr/2022:18:22:59 -0300] "GET /cormun/servlet/solicitudotadjuntos?INS,2022,18539,,2, HTTP/1.1" 200 6259
186.103.156.166 - - [26/Apr/2022:18:22:59 -0300] "GET /cormun/static/about:blank HTTP/1.1" 404 1011
186.103.156.166 - - [26/Apr/2022:18:22:59 -0300] "GET /cormun/servlet/solicitudotadjuntos?INS,2022,18539,,2, HTTP/1.1" 200 6253
186.103.156.166 - - [26/Apr/2022:18:22:59 -0300] "GET /cormun/servlet/solicitudotadjuntos?0308f3a2488613e7b4af7a514a0bbce0eac292f95ad86fab4c8cff5b116b2f2dafef18c1e3bb4f7d507658e4984e14dc,gx-no-cache=1651007430603 HTTP/1.1" 200 30
186.103.156.166 - - [26/Apr/2022:18:23:00 -0300] "POST /cormun/servlet/solicitudotadjuntos?4ecb94239bc4e00b06ede81969ccae2e,INS,2022,18539,,2,,gx-no-cache=1651007430640 HTTP/1.1" 200 4317
190.171.143.82 - - [26/Apr/2022:18:23:00 -0300] "GET /cormun/servlet/trpermisosgoce? HTTP/1.1" 200 11270
190.171.143.82 - - [26/Apr/2022:18:23:01 -0300] "GET /cormun/servlet/trpermisosgoce? HTTP/1.1" 200 11269
190.171.143.82 - - [26/Apr/2022:18:23:04 -0300] "POST /cormun/servlet/trpermisosgoce?d5dbe069e656e4959a179b385eec6e64,,gx-no-cache=1651007433315 HTTP/1.1" 200 8352
190.171.143.82 - - [26/Apr/2022:18:23:09 -0300] "GET /cormun/servlet/trpermisosadjuntos?17522932,20220411143233,P, HTTP/1.1" 200 6673
190.171.143.82 - - [26/Apr/2022:18:23:10 -0300] "GET /cormun/servlet/trpermisosadjuntos?17522932,20220411143233,P, HTTP/1.1" 200 6673
190.171.143.82 - - [26/Apr/2022:18:23:12 -0300] "GET /cormun/servlet/permisosadjuntos?INS,17522932,P,20220411143233,, HTTP/1.1" 200 6001
190.171.143.82 - - [26/Apr/2022:18:23:14 -0300] "GET /cormun/static/about:blank HTTP/1.1" 404 1011
190.171.143.82 - - [26/Apr/2022:18:23:14 -0300] "GET /cormun/servlet/permisosadjuntos?INS,17522932,P,20220411143233,, HTTP/1.1" 200 5991
190.171.143.82 - - [26/Apr/2022:18:23:21 -0300] "POST /cormun/servlet/permisosadjuntos?d5dbe069e656e4959a179b385eec6e64,INS,17522932,P,20220411143233,, HTTP/1.1" 200 116
190.171.143.82 - - [26/Apr/2022:18:23:21 -0300] "GET /cormun/servlet/hpexe_return? HTTP/1.1" 200 1040
190.171.143.82 - - [26/Apr/2022:18:23:22 -0300] "GET /cormun/servlet/trpermisosadjuntos?17522932,20220411143233,P, HTTP/1.1" 200 7179
190.171.143.82 - - [26/Apr/2022:18:23:23 -0300] "GET /cormun/servlet/trpermisosadjuntos?17522932,20220411143233,P, HTTP/1.1" 200 7175
190.171.143.82 - - [26/Apr/2022:18:23:24 -0300] "GET /cormun/PublicTempStorage/lillo6375579.pdf HTTP/1.1" 200 465127
192.168.10.11 - - [26/Apr/2022:18:23:30 -0300] "GET / HTTP/1.1" 200 11217
190.171.143.82 - - [26/Apr/2022:18:23:31 -0300] "GET /cormun/servlet/trpermisosadjuntos?17522932,20220411143233,P, HTTP/1.1" 200 7179
190.171.143.82 - - [26/Apr/2022:18:23:32 -0300] "GET /cormun/servlet/trpermisosadjuntos?17522932,20220411143233,P, HTTP/1.1" 200 7176
186.103.156.166 - - [26/Apr/2022:18:23:37 -0300] "POST /cormun/servlet/solicitudotadjuntos?gx-no-cache=1651007468340 HTTP/1.1" 200 26
190.171.143.82 - - [26/Apr/2022:18:23:38 -0300] "GET /cormun/servlet/trpermisosgoce? HTTP/1.1" 200 11270
190.171.143.82 - - [26/Apr/2022:18:23:40 -0300] "GET /cormun/servlet/trpermisosgoce? HTTP/1.1" 200 11269
190.171.143.82 - - [26/Apr/2022:18:23:43 -0300] "POST /cormun/servlet/trpermisosgoce?d5dbe069e656e4959a179b385eec6e64,,gx-no-cache=1651007472218 HTTP/1.1" 200 8347
186.103.156.166 - - [26/Apr/2022:18:23:43 -0300] "GET /cormun/servlet/solicitudotadjuntos?0308f3a2488613e7b4af7a514a0bbce09af86da2897205743ee59387d23e5bd0,gx-no-cache=1651007474202 HTTP/1.1" 200 30
186.103.156.166 - - [26/Apr/2022:18:23:43 -0300] "GET /cormun/servlet/solicitudotadjuntos?0308f3a2488613e7b4af7a514a0bbce09af86da2897205743ee59387d23e5bd0,gx-no-cache=1651007474222 HTTP/1.1" 200 30
186.103.156.166 - - [26/Apr/2022:18:23:44 -0300] "POST /cormun/servlet/solicitudotadjuntos?4ecb94239bc4e00b06ede81969ccae2e,INS,2022,18539,,2, HTTP/1.1" 200 116
186.103.156.166 - - [26/Apr/2022:18:23:44 -0300] "GET /cormun/servlet/hpexe_return? HTTP/1.1" 200 1025
186.103.156.166 - - [26/Apr/2022:18:23:44 -0300] "GET /cormun/servlet/trsolicitudadjuntos?2022,18539, HTTP/1.1" 200 9326
186.103.156.166 - - [26/Apr/2022:18:23:44 -0300] "GET /cormun/servlet/trsolicitudadjuntos?2022,18539, HTTP/1.1" 200 9324
186.103.156.166 - - [26/Apr/2022:18:23:47 -0300] "GET /cormun/servlet/solicitudotadjuntos?INS,2022,18539,,2, HTTP/1.1" 200 6259
186.103.156.166 - - [26/Apr/2022:18:23:50 -0300] "GET /cormun/static/about:blank HTTP/1.1" 404 1011
186.103.156.166 - - [26/Apr/2022:18:23:50 -0300] "GET /cormun/servlet/solicitudotadjuntos?INS,2022,18539,,2, HTTP/1.1" 200 6253
186.103.156.166 - - [26/Apr/2022:18:23:51 -0300] "GET /cormun/servlet/solicitudotadjuntos?0308f3a2488613e7b4af7a514a0bbce0eac292f95ad86fab4c8cff5b116b2f2dafef18c1e3bb4f7d507658e4984e14dc,gx-no-cache=1651007481837 HTTP/1.1" 200 30
190.171.143.82 - - [26/Apr/2022:18:23:51 -0300] "GET /cormun/servlet/trpermisosadjuntos?17204627,20220411142746,P, HTTP/1.1" 200 6679
186.103.156.166 - - [26/Apr/2022:18:23:51 -0300] "POST /cormun/servlet/solicitudotadjuntos?4ecb94239bc4e00b06ede81969ccae2e,INS,2022,18539,,2,,gx-no-cache=1651007481862 HTTP/1.1" 200 4317
190.171.143.82 - - [26/Apr/2022:18:23:52 -0300] "GET /cormun/servlet/trpermisosadjuntos?17204627,20220411142746,P, HTTP/1.1" 200 6679
190.171.143.82 - - [26/Apr/2022:18:23:55 -0300] "GET /cormun/servlet/permisosadjuntos?INS,17204627,P,20220411142746,, HTTP/1.1" 200 6007
190.171.143.82 - - [26/Apr/2022:18:23:56 -0300] "GET /cormun/static/about:blank HTTP/1.1" 404 1011
190.171.143.82 - - [26/Apr/2022:18:23:56 -0300] "GET /cormun/servlet/permisosadjuntos?INS,17204627,P,20220411142746,, HTTP/1.1" 200 5996
190.171.143.82 - - [26/Apr/2022:18:24:05 -0300] "POST /cormun/servlet/permisosadjuntos?d5dbe069e656e4959a179b385eec6e64,INS,17204627,P,20220411142746,, HTTP/1.1" 200 116
190.171.143.82 - - [26/Apr/2022:18:24:05 -0300] "GET /cormun/servlet/hpexe_return? HTTP/1.1" 200 1041
190.171.143.82 - - [26/Apr/2022:18:24:05 -0300] "GET /cormun/servlet/trpermisosadjuntos?17204627,20220411142746,P, HTTP/1.1" 200 7186
186.103.156.166 - - [26/Apr/2022:18:24:06 -0300] "POST /cormun/servlet/solicitudotadjuntos?gx-no-cache=1651007497471 HTTP/1.1" 200 26
190.171.143.82 - - [26/Apr/2022:18:24:06 -0300] "GET /cormun/servlet/trpermisosadjuntos?17204627,20220411142746,P, HTTP/1.1" 200 7182
190.171.143.82 - - [26/Apr/2022:18:24:11 -0300] "GET /cormun/PublicTempStorage/lopez7736738.pdf HTTP/1.1" 200 497701
186.103.156.166 - - [26/Apr/2022:18:24:13 -0300] "GET /cormun/servlet/solicitudotadjuntos?0308f3a2488613e7b4af7a514a0bbce09af86da2897205743ee59387d23e5bd0,gx-no-cache=1651007503841 HTTP/1.1" 200 30
186.103.156.166 - - [26/Apr/2022:18:24:13 -0300] "GET /cormun/servlet/solicitudotadjuntos?0308f3a2488613e7b4af7a514a0bbce09af86da2897205743ee59387d23e5bd0,gx-no-cache=1651007503875 HTTP/1.1" 200 30
186.103.156.166 - - [26/Apr/2022:18:24:13 -0300] "POST /cormun/servlet/solicitudotadjuntos?4ecb94239bc4e00b06ede81969ccae2e,INS,2022,18539,,2, HTTP/1.1" 200 116
186.103.156.166 - - [26/Apr/2022:18:24:13 -0300] "GET /cormun/servlet/hpexe_return? HTTP/1.1" 200 1025
186.103.156.166 - - [26/Apr/2022:18:24:13 -0300] "GET /cormun/servlet/trsolicitudadjuntos?2022,18539, HTTP/1.1" 200 9534
186.103.156.166 - - [26/Apr/2022:18:24:14 -0300] "GET /cormun/servlet/trsolicitudadjuntos?2022,18539, HTTP/1.1" 200 9533
186.103.156.166 - - [26/Apr/2022:18:24:17 -0300] "GET /cormun/servlet/solicitudotadjuntos?INS,2022,18539,,2, HTTP/1.1" 200 6259
186.103.156.166 - - [26/Apr/2022:18:24:17 -0300] "GET /cormun/static/about:blank HTTP/1.1" 404 1011
186.103.156.166 - - [26/Apr/2022:18:24:18 -0300] "GET /cormun/servlet/solicitudotadjuntos?INS,2022,18539,,2, HTTP/1.1" 200 6253
186.103.156.166 - - [26/Apr/2022:18:24:18 -0300] "GET /cormun/servlet/solicitudotadjuntos?0308f3a2488613e7b4af7a514a0bbce0eac292f95ad86fab4c8cff5b116b2f2dafef18c1e3bb4f7d507658e4984e14dc,gx-no-cache=1651007509270 HTTP/1.1" 200 30
186.103.156.166 - - [26/Apr/2022:18:24:18 -0300] "POST /cormun/servlet/solicitudotadjuntos?4ecb94239bc4e00b06ede81969ccae2e,INS,2022,18539,,2,,gx-no-cache=1651007509294 HTTP/1.1" 200 4317
190.171.143.82 - - [26/Apr/2022:18:24:20 -0300] "GET /cormun/servlet/trpermisosadjuntos?17204627,20220411142746,P, HTTP/1.1" 200 7185
190.171.143.82 - - [26/Apr/2022:18:24:22 -0300] "GET /cormun/servlet/trpermisosadjuntos?17204627,20220411142746,P, HTTP/1.1" 200 7182
186.103.156.166 - - [26/Apr/2022:18:24:24 -0300] "POST /cormun/servlet/solicitudotadjuntos?gx-no-cache=1651007515237 HTTP/1.1" 200 26
186.103.156.166 - - [26/Apr/2022:18:24:26 -0300] "POST /cormun/servlet/solicitudotadjuntos?gx-no-cache=1651007516770 HTTP/1.1" 200 26
192.168.10.11 - - [26/Apr/2022:18:24:30 -0300] "GET / HTTP/1.1" 200 11217
190.171.143.82 - - [26/Apr/2022:18:24:32 -0300] "GET /cormun/servlet/trpermisosgoce? HTTP/1.1" 200 11270
186.103.156.166 - - [26/Apr/2022:18:24:33 -0300] "POST /cormun/servlet/solicitudotadjuntos?gx-no-cache=1651007523817 HTTP/1.1" 200 26
190.171.143.82 - - [26/Apr/2022:18:24:33 -0300] "GET /cormun/servlet/trpermisosgoce? HTTP/1.1" 200 11269
190.171.143.82 - - [26/Apr/2022:18:24:38 -0300] "GET /cormun/servlet/trpermisosadjuntos?17204627,20220411142746,P, HTTP/1.1" 200 7182
190.171.143.82 - - [26/Apr/2022:18:24:39 -0300] "GET /cormun/servlet/trpermisosadjuntos?17204627,20220411142746,P, HTTP/1.1" 200 7182
186.103.156.166 - - [26/Apr/2022:18:24:45 -0300] "POST /cormun/servlet/solicitudotadjuntos?4ecb94239bc4e00b06ede81969ccae2e,INS,2022,18539,,2,,gx-no-cache=1651007536043 HTTP/1.1" 200 93
186.103.156.166 - - [26/Apr/2022:18:24:45 -0300] "GET /cormun/servlet/hpexe_return? HTTP/1.1" 200 1025
186.103.156.166 - - [26/Apr/2022:18:24:45 -0300] "GET /cormun/servlet/trsolicitudadjuntos?2022,18539, HTTP/1.1" 200 9535
186.103.156.166 - - [26/Apr/2022:18:24:46 -0300] "GET /cormun/servlet/trsolicitudadjuntos?2022,18539, HTTP/1.1" 200 9531
190.171.143.82 - - [26/Apr/2022:18:24:47 -0300] "GET /cormun/servlet/trpermisosgoce? HTTP/1.1" 200 11270
186.103.156.166 - - [26/Apr/2022:18:24:48 -0300] "GET /cormun/servlet/solicitudotadjuntos?INS,2022,18539,,1, HTTP/1.1" 200 6261
186.103.156.166 - - [26/Apr/2022:18:24:48 -0300] "GET /cormun/static/about:blank HTTP/1.1" 404 1011
186.103.156.166 - - [26/Apr/2022:18:24:48 -0300] "GET /cormun/servlet/solicitudotadjuntos?INS,2022,18539,,1, HTTP/1.1" 200 6254
190.171.143.82 - - [26/Apr/2022:18:24:49 -0300] "GET /cormun/servlet/trpermisosgoce? HTTP/1.1" 200 11269
186.103.156.166 - - [26/Apr/2022:18:24:49 -0300] "GET /cormun/servlet/solicitudotadjuntos?0308f3a2488613e7b4af7a514a0bbce0eac292f95ad86fab4c8cff5b116b2f2dafef18c1e3bb4f7d507658e4984e14dc,gx-no-cache=1651007539908 HTTP/1.1" 200 30
186.103.156.166 - - [26/Apr/2022:18:24:49 -0300] "POST /cormun/servlet/solicitudotadjuntos?4ecb94239bc4e00b06ede81969ccae2e,INS,2022,18539,,1,,gx-no-cache=1651007539948 HTTP/1.1" 200 4178
186.103.156.166 - - [26/Apr/2022:18:24:53 -0300] "POST /cormun/servlet/solicitudotadjuntos?gx-no-cache=1651007544577 HTTP/1.1" 200 26
190.171.143.82 - - [26/Apr/2022:18:25:00 -0300] "GET /cormun/servlet/trpermisosadjuntos?16252974,20220417165700,P, HTTP/1.1" 200 7180
186.103.156.166 - - [26/Apr/2022:18:25:00 -0300] "GET /cormun/servlet/solicitudotadjuntos?0308f3a2488613e7b4af7a514a0bbce09af86da2897205743ee59387d23e5bd0,gx-no-cache=1651007551395 HTTP/1.1" 200 30
186.103.156.166 - - [26/Apr/2022:18:25:00 -0300] "GET /cormun/servlet/solicitudotadjuntos?0308f3a2488613e7b4af7a514a0bbce09af86da2897205743ee59387d23e5bd0,gx-no-cache=1651007551410 HTTP/1.1" 200 30
186.103.156.166 - - [26/Apr/2022:18:25:01 -0300] "POST /cormun/servlet/solicitudotadjuntos?4ecb94239bc4e00b06ede81969ccae2e,INS,2022,18539,,1, HTTP/1.1" 200 116
186.103.156.166 - - [26/Apr/2022:18:25:01 -0300] "GET /cormun/servlet/hpexe_return? HTTP/1.1" 200 1025
186.103.156.166 - - [26/Apr/2022:18:25:01 -0300] "GET /cormun/servlet/trsolicitudadjuntos?2022,18539, HTTP/1.1" 200 9752
190.171.143.82 - - [26/Apr/2022:18:25:01 -0300] "GET /cormun/servlet/trpermisosadjuntos?16252974,20220417165700,P, HTTP/1.1" 200 7179
186.103.156.166 - - [26/Apr/2022:18:25:02 -0300] "GET /cormun/servlet/trsolicitudadjuntos?2022,18539, HTTP/1.1" 200 9750
190.171.143.82 - - [26/Apr/2022:18:25:04 -0300] "GET /cormun/servlet/trpermisosgoce? HTTP/1.1" 200 11270
190.171.143.82 - - [26/Apr/2022:18:25:06 -0300] "GET /cormun/servlet/trpermisosgoce? HTTP/1.1" 200 11269
190.171.143.82 - - [26/Apr/2022:18:25:12 -0300] "POST /cormun/servlet/trpermisosgoce?d5dbe069e656e4959a179b385eec6e64,,gx-no-cache=1651007560897 HTTP/1.1" 200 8435
190.171.143.82 - - [26/Apr/2022:18:25:12 -0300] "GET /cormun/static/Shared/jqueryui/images/ui-bg_highlight-soft_100_c6c2c8_1x100.png HTTP/1.1" 404 1117
190.171.143.82 - - [26/Apr/2022:18:25:12 -0300] "GET /cormun/static/Shared/jqueryui/images/ui-icons_82798d_256x240.png HTTP/1.1" 404 1089
190.171.143.82 - - [26/Apr/2022:18:25:12 -0300] "GET /cormun/static/Shared/jqueryui/images/ui-bg_flat_55_fafafa_40x100.png HTTP/1.1" 404 1097
190.171.143.82 - - [26/Apr/2022:18:25:12 -0300] "GET /cormun/static/Shared/jqueryui/images/ui-icons_8d78a5_256x240.png HTTP/1.1" 404 1089
190.171.143.82 - - [26/Apr/2022:18:25:27 -0300] "GET /cormun/servlet/trpermisosadjuntos?9299830,20220415165937,P, HTTP/1.1" 200 7181
190.171.143.82 - - [26/Apr/2022:18:25:28 -0300] "GET /cormun/servlet/trpermisosadjuntos?9299830,20220415165937,P, HTTP/1.1" 200 7180
192.168.10.11 - - [26/Apr/2022:18:25:30 -0300] "GET / HTTP/1.1" 200 11217
190.171.143.82 - - [26/Apr/2022:18:25:31 -0300] "GET /cormun/servlet/trpermisosgoce? HTTP/1.1" 200 11311
190.171.143.82 - - [26/Apr/2022:18:25:32 -0300] "GET /cormun/servlet/trpermisosgoce? HTTP/1.1" 200 11310
192.168.10.11 - - [26/Apr/2022:18:26:30 -0300] "GET / HTTP/1.1" 200 11217
190.171.143.82 - - [26/Apr/2022:18:26:43 -0300] "POST /cormun/servlet/trpermisosgoce?d5dbe069e656e4959a179b385eec6e64,,gx-no-cache=1651007651956 HTTP/1.1" 200 8438
190.171.143.82 - - [26/Apr/2022:18:26:43 -0300] "GET /cormun/static/Shared/jqueryui/images/ui-bg_highlight-soft_100_c6c2c8_1x100.png HTTP/1.1" 404 1117
190.171.143.82 - - [26/Apr/2022:18:26:43 -0300] "GET /cormun/static/Shared/jqueryui/images/ui-icons_82798d_256x240.png HTTP/1.1" 404 1089
190.171.143.82 - - [26/Apr/2022:18:26:43 -0300] "GET /cormun/static/Shared/jqueryui/images/ui-bg_flat_55_fafafa_40x100.png HTTP/1.1" 404 1097
190.171.143.82 - - [26/Apr/2022:18:26:43 -0300] "GET /cormun/static/Shared/jqueryui/images/ui-icons_8d78a5_256x240.png HTTP/1.1" 404 1089
190.171.143.82 - - [26/Apr/2022:18:27:05 -0300] "GET /cormun/servlet/trpermisosadjuntos?17204627,20220411142746,P, HTTP/1.1" 200 7182
190.171.143.82 - - [26/Apr/2022:18:27:07 -0300] "GET /cormun/servlet/trpermisosadjuntos?17204627,20220411142746,P, HTTP/1.1" 200 7182
190.171.143.82 - - [26/Apr/2022:18:27:09 -0300] "GET /cormun/PublicTempStorage/lopez8798010.pdf HTTP/1.1" 200 497701
190.171.143.82 - - [26/Apr/2022:18:27:17 -0300] "GET /cormun/servlet/trpermisosadjuntos?17204627,20220411142746,P, HTTP/1.1" 200 7181
190.171.143.82 - - [26/Apr/2022:18:27:19 -0300] "GET /cormun/servlet/trpermisosadjuntos?17204627,20220411142746,P, HTTP/1.1" 200 7183
190.171.143.82 - - [26/Apr/2022:18:27:20 -0300] "GET /cormun/servlet/trpermisosgoce? HTTP/1.1" 200 11306
190.171.143.82 - - [26/Apr/2022:18:27:22 -0300] "GET /cormun/servlet/trpermisosgoce? HTTP/1.1" 200 11305
190.171.143.82 - - [26/Apr/2022:18:27:27 -0300] "POST /cormun/servlet/trpermisosgoce?d5dbe069e656e4959a179b385eec6e64,,gx-no-cache=1651007696440 HTTP/1.1" 200 8413
192.168.10.11 - - [26/Apr/2022:18:27:30 -0300] "GET / HTTP/1.1" 200 11217
190.171.143.82 - - [26/Apr/2022:18:27:31 -0300] "POST /cormun/servlet/trpermisosgoce?d5dbe069e656e4959a179b385eec6e64,,gx-no-cache=1651007700643 HTTP/1.1" 200 8435
190.171.143.82 - - [26/Apr/2022:18:27:32 -0300] "GET /cormun/static/Shared/jqueryui/images/ui-bg_highlight-soft_100_c6c2c8_1x100.png HTTP/1.1" 404 1117
190.171.143.82 - - [26/Apr/2022:18:27:32 -0300] "GET /cormun/static/Shared/jqueryui/images/ui-icons_82798d_256x240.png HTTP/1.1" 404 1089
190.171.143.82 - - [26/Apr/2022:18:27:32 -0300] "GET /cormun/static/Shared/jqueryui/images/ui-bg_flat_55_fafafa_40x100.png HTTP/1.1" 404 1097
190.171.143.82 - - [26/Apr/2022:18:27:32 -0300] "GET /cormun/static/Shared/jqueryui/images/ui-icons_8d78a5_256x240.png HTTP/1.1" 404 1089
190.171.143.82 - - [26/Apr/2022:18:27:46 -0300] "POST /cormun/servlet/trpermisosgoce?d5dbe069e656e4959a179b385eec6e64,,gx-no-cache=1651007715021 HTTP/1.1" 200 8434
192.168.10.17 - - [26/Apr/2022:18:27:59 -0300] "GET /cormun/servlet/trsolicitudgral? HTTP/1.1" 200 16618
192.168.10.17 - - [26/Apr/2022:18:28:00 -0300] "GET /cormun/servlet/trsolicitudgral? HTTP/1.1" 200 16615
190.171.143.82 - - [26/Apr/2022:18:28:05 -0300] "GET /cormun/servlet/trpermisosadjuntos?12398635,20220404123807,P, HTTP/1.1" 200 6672
190.171.143.82 - - [26/Apr/2022:18:28:06 -0300] "GET /cormun/servlet/trpermisosadjuntos?12398635,20220404123807,P, HTTP/1.1" 200 6671
190.171.143.82 - - [26/Apr/2022:18:28:08 -0300] "GET /cormun/servlet/permisosadjuntos?INS,12398635,P,20220404123807,, HTTP/1.1" 200 6003
190.171.143.82 - - [26/Apr/2022:18:28:10 -0300] "GET /cormun/static/about:blank HTTP/1.1" 404 1011
192.168.10.17 - - [26/Apr/2022:18:28:10 -0300] "GET /cormun/servlet/vesolicitudgral?2022,18429,, HTTP/1.1" 200 8417
192.168.10.17 - - [26/Apr/2022:18:28:10 -0300] "GET /cormun/pexe_scrolldiv.js HTTP/1.1" 404 1009
190.171.143.82 - - [26/Apr/2022:18:28:10 -0300] "GET /cormun/servlet/permisosadjuntos?INS,12398635,P,20220404123807,, HTTP/1.1" 200 5993
192.168.10.17 - - [26/Apr/2022:18:28:10 -0300] "GET /cormun/servlet/vesolicitudgral?2022,18429,, HTTP/1.1" 200 8416
190.171.143.82 - - [26/Apr/2022:18:28:19 -0300] "POST /cormun/servlet/permisosadjuntos?d5dbe069e656e4959a179b385eec6e64,INS,12398635,P,20220404123807,, HTTP/1.1" 200 116
190.171.143.82 - - [26/Apr/2022:18:28:19 -0300] "GET /cormun/servlet/hpexe_return? HTTP/1.1" 200 1041
190.171.143.82 - - [26/Apr/2022:18:28:20 -0300] "GET /cormun/servlet/trpermisosadjuntos?12398635,20220404123807,P, HTTP/1.1" 200 7179
190.171.143.82 - - [26/Apr/2022:18:28:21 -0300] "GET /cormun/servlet/trpermisosadjuntos?12398635,20220404123807,P, HTTP/1.1" 200 7174
190.171.143.82 - - [26/Apr/2022:18:28:27 -0300] "GET /cormun/servlet/trpermisosgoce? HTTP/1.1" 200 11304
190.171.143.82 - - [26/Apr/2022:18:28:29 -0300] "GET /cormun/servlet/trpermisosgoce? HTTP/1.1" 200 11302
192.168.10.11 - - [26/Apr/2022:18:28:30 -0300] "GET / HTTP/1.1" 200 11217
190.171.143.82 - - [26/Apr/2022:18:28:31 -0300] "POST /cormun/servlet/trpermisosgoce?d5dbe069e656e4959a179b385eec6e64,,gx-no-cache=1651007760444 HTTP/1.1" 200 8402
190.171.143.82 - - [26/Apr/2022:18:28:37 -0300] "POST /cormun/servlet/trpermisosgoce?d5dbe069e656e4959a179b385eec6e64,,gx-no-cache=1651007766445 HTTP/1.1" 200 8432
190.171.143.82 - - [26/Apr/2022:18:28:37 -0300] "GET /cormun/static/Shared/jqueryui/images/ui-icons_82798d_256x240.png HTTP/1.1" 404 1089
190.171.143.82 - - [26/Apr/2022:18:28:37 -0300] "GET /cormun/static/Shared/jqueryui/images/ui-bg_highlight-soft_100_c6c2c8_1x100.png HTTP/1.1" 404 1117
190.171.143.82 - - [26/Apr/2022:18:28:38 -0300] "GET /cormun/static/Shared/jqueryui/images/ui-bg_flat_55_fafafa_40x100.png HTTP/1.1" 404 1097
190.171.143.82 - - [26/Apr/2022:18:28:38 -0300] "GET /cormun/static/Shared/jqueryui/images/ui-icons_8d78a5_256x240.png HTTP/1.1" 404 1089
190.171.143.82 - - [26/Apr/2022:18:28:47 -0300] "POST /cormun/servlet/trpermisosgoce?d5dbe069e656e4959a179b385eec6e64,,gx-no-cache=1651007775837 HTTP/1.1" 200 8427
190.171.143.82 - - [26/Apr/2022:18:28:50 -0300] "GET /cormun/servlet/trpermisosadjuntos?18557986,20220404120200,P, HTTP/1.1" 200 6673
190.171.143.82 - - [26/Apr/2022:18:28:51 -0300] "GET /cormun/servlet/trpermisosadjuntos?18557986,20220404120200,P, HTTP/1.1" 200 6673
190.171.143.82 - - [26/Apr/2022:18:28:53 -0300] "GET /cormun/servlet/permisosadjuntos?INS,18557986,P,20220404120200,, HTTP/1.1" 200 6004
190.171.143.82 - - [26/Apr/2022:18:28:54 -0300] "GET /cormun/static/about:blank HTTP/1.1" 404 1011
190.171.143.82 - - [26/Apr/2022:18:28:54 -0300] "GET /cormun/servlet/permisosadjuntos?INS,18557986,P,20220404120200,, HTTP/1.1" 200 5994
190.171.143.82 - - [26/Apr/2022:18:29:01 -0300] "POST /cormun/servlet/permisosadjuntos?d5dbe069e656e4959a179b385eec6e64,INS,18557986,P,20220404120200,, HTTP/1.1" 200 116
190.171.143.82 - - [26/Apr/2022:18:29:01 -0300] "GET /cormun/servlet/hpexe_return? HTTP/1.1" 200 1042
190.171.143.82 - - [26/Apr/2022:18:29:01 -0300] "GET /cormun/servlet/trpermisosadjuntos?18557986,20220404120200,P, HTTP/1.1" 200 7180
190.171.143.82 - - [26/Apr/2022:18:29:02 -0300] "GET /cormun/servlet/trpermisosadjuntos?18557986,20220404120200,P, HTTP/1.1" 200 7175
190.171.143.82 - - [26/Apr/2022:18:29:04 -0300] "GET /cormun/PublicTempStorage/vilches2268475.pdf HTTP/1.1" 200 509021
190.171.143.82 - - [26/Apr/2022:18:29:16 -0300] "GET /cormun/servlet/trpermisosadjuntos?18557986,20220404120200,P, HTTP/1.1" 200 7179
190.171.143.82 - - [26/Apr/2022:18:29:18 -0300] "GET /cormun/servlet/trpermisosadjuntos?18557986,20220404120200,P, HTTP/1.1" 200 7175
190.171.143.82 - - [26/Apr/2022:18:29:22 -0300] "GET /cormun/servlet/trpermisosgoce? HTTP/1.1" 200 11282
190.171.143.82 - - [26/Apr/2022:18:29:23 -0300] "GET /cormun/servlet/trpermisosgoce? HTTP/1.1" 200 11281
190.171.143.82 - - [26/Apr/2022:18:29:25 -0300] "POST /cormun/servlet/trpermisosgoce?d5dbe069e656e4959a179b385eec6e64,,gx-no-cache=1651007814711 HTTP/1.1" 200 8397
192.168.10.11 - - [26/Apr/2022:18:29:30 -0300] "GET / HTTP/1.1" 200 11217
190.171.143.82 - - [26/Apr/2022:18:29:41 -0300] "POST /cormun/servlet/trpermisosgoce?d5dbe069e656e4959a179b385eec6e64,,gx-no-cache=1651007829919 HTTP/1.1" 200 8428
190.171.143.82 - - [26/Apr/2022:18:29:41 -0300] "GET /cormun/static/Shared/jqueryui/images/ui-bg_highlight-soft_100_c6c2c8_1x100.png HTTP/1.1" 404 1117
190.171.143.82 - - [26/Apr/2022:18:29:41 -0300] "GET /cormun/static/Shared/jqueryui/images/ui-icons_82798d_256x240.png HTTP/1.1" 404 1089
190.171.143.82 - - [26/Apr/2022:18:29:41 -0300] "GET /cormun/static/Shared/jqueryui/images/ui-bg_flat_55_fafafa_40x100.png HTTP/1.1" 404 1097
190.171.143.82 - - [26/Apr/2022:18:29:41 -0300] "GET /cormun/static/Shared/jqueryui/images/ui-icons_8d78a5_256x240.png HTTP/1.1" 404 1089
190.171.143.82 - - [26/Apr/2022:18:30:09 -0300] "GET /cormun/servlet/trpermisosadjuntos?17520834,20220404123640,P, HTTP/1.1" 200 6677
190.171.143.82 - - [26/Apr/2022:18:30:10 -0300] "GET /cormun/servlet/trpermisosadjuntos?17520834,20220404123640,P, HTTP/1.1" 200 6677
192.168.10.11 - - [26/Apr/2022:18:30:30 -0300] "GET / HTTP/1.1" 200 11217
190.171.143.82 - - [26/Apr/2022:18:30:38 -0300] "GET /cormun/servlet/permisosadjuntos?INS,17520834,P,20220404123640,, HTTP/1.1" 200 6008
190.171.143.82 - - [26/Apr/2022:18:30:40 -0300] "GET /cormun/static/about:blank HTTP/1.1" 404 1011
190.171.143.82 - - [26/Apr/2022:18:30:40 -0300] "GET /cormun/servlet/permisosadjuntos?INS,17520834,P,20220404123640,, HTTP/1.1" 200 5998
190.171.143.82 - - [26/Apr/2022:18:30:51 -0300] "POST /cormun/servlet/permisosadjuntos?d5dbe069e656e4959a179b385eec6e64,INS,17520834,P,20220404123640,, HTTP/1.1" 200 116
190.171.143.82 - - [26/Apr/2022:18:30:51 -0300] "GET /cormun/servlet/hpexe_return? HTTP/1.1" 200 1042
190.171.143.82 - - [26/Apr/2022:18:30:52 -0300] "GET /cormun/servlet/trpermisosadjuntos?17520834,20220404123640,P, HTTP/1.1" 200 7199
190.171.143.82 - - [26/Apr/2022:18:30:53 -0300] "GET /cormun/servlet/trpermisosadjuntos?17520834,20220404123640,P, HTTP/1.1" 200 7195
190.171.143.82 - - [26/Apr/2022:18:31:02 -0300] "GET /cormun/servlet/trpermisosgoce? HTTP/1.1" 200 11281
190.171.143.82 - - [26/Apr/2022:18:31:04 -0300] "GET /cormun/servlet/trpermisosgoce? HTTP/1.1" 200 11280
192.168.10.17 - - [26/Apr/2022:18:31:07 -0300] "GET /cormun/servlet/trsolicitudgral? HTTP/1.1" 200 16213
192.168.10.17 - - [26/Apr/2022:18:31:08 -0300] "GET /cormun/servlet/trsolicitudgral? HTTP/1.1" 200 16209
190.171.143.82 - - [26/Apr/2022:18:31:11 -0300] "POST /cormun/servlet/trpermisosgoce?d5dbe069e656e4959a179b385eec6e64,,gx-no-cache=1651007920187 HTTP/1.1" 200 8397
192.168.10.17 - - [26/Apr/2022:18:31:14 -0300] "GET /cormun/servlet/vesolicitudgral?2022,18425,, HTTP/1.1" 200 8337
192.168.10.17 - - [26/Apr/2022:18:31:14 -0300] "GET /cormun/pexe_scrolldiv.js HTTP/1.1" 404 1009
192.168.10.17 - - [26/Apr/2022:18:31:14 -0300] "GET /cormun/servlet/vesolicitudgral?2022,18425,, HTTP/1.1" 200 8337
190.171.143.82 - - [26/Apr/2022:18:31:29 -0300] "GET /cormun/servlet/trpermisosadjuntos?16881995,20220404090602,P, HTTP/1.1" 200 6674
192.168.10.11 - - [26/Apr/2022:18:31:30 -0300] "GET / HTTP/1.1" 200 11217
190.171.143.82 - - [26/Apr/2022:18:31:30 -0300] "GET /cormun/servlet/trpermisosadjuntos?16881995,20220404090602,P, HTTP/1.1" 200 6673
190.171.143.82 - - [26/Apr/2022:18:31:32 -0300] "GET /cormun/servlet/permisosadjuntos?INS,16881995,P,20220404090602,, HTTP/1.1" 200 5998
190.171.143.82 - - [26/Apr/2022:18:31:34 -0300] "GET /cormun/static/about:blank HTTP/1.1" 404 1011
190.171.143.82 - - [26/Apr/2022:18:31:34 -0300] "GET /cormun/servlet/permisosadjuntos?INS,16881995,P,20220404090602,, HTTP/1.1" 200 5988
192.168.10.17 - - [26/Apr/2022:18:31:38 -0300] "GET /cormun/servlet/vesolicitudgral?2022,18425,,SolicitudOTAdjuntos HTTP/1.1" 200 10875
192.168.10.17 - - [26/Apr/2022:18:31:38 -0300] "GET /cormun/pexe_scrolldiv.js HTTP/1.1" 404 1009
192.168.10.17 - - [26/Apr/2022:18:31:39 -0300] "GET /cormun/servlet/vesolicitudgral?2022,18425,,SolicitudOTAdjuntos HTTP/1.1" 200 10876
192.168.10.17 - - [26/Apr/2022:18:31:40 -0300] "POST /cormun/servlet/acontrolpreferencessavestate?None,RRHH+DANIELA,true HTTP/1.1" 200 35
190.171.143.82 - - [26/Apr/2022:18:31:40 -0300] "POST /cormun/servlet/permisosadjuntos?d5dbe069e656e4959a179b385eec6e64,INS,16881995,P,20220404090602,, HTTP/1.1" 200 116
190.171.143.82 - - [26/Apr/2022:18:31:40 -0300] "GET /cormun/servlet/hpexe_return? HTTP/1.1" 200 1041
190.171.143.82 - - [26/Apr/2022:18:31:41 -0300] "GET /cormun/servlet/trpermisosadjuntos?16881995,20220404090602,P, HTTP/1.1" 200 7182
190.171.143.82 - - [26/Apr/2022:18:31:42 -0300] "GET /cormun/servlet/trpermisosadjuntos?16881995,20220404090602,P, HTTP/1.1" 200 7177
192.168.10.17 - - [26/Apr/2022:18:31:45 -0300] "GET /cormun/PublicTempStorage/cedula_de_identidad3920677.pdf HTTP/1.1" 200 332298
190.171.143.82 - - [26/Apr/2022:18:31:45 -0300] "GET /cormun/servlet/trpermisosgoce? HTTP/1.1" 200 11280
190.171.143.82 - - [26/Apr/2022:18:31:47 -0300] "GET /cormun/servlet/trpermisosgoce? HTTP/1.1" 200 11280
190.171.143.82 - - [26/Apr/2022:18:31:49 -0300] "GET /cormun/servlet/trpermisosadjuntos?16881995,20220404090602,P, HTTP/1.1" 200 7182
190.171.143.82 - - [26/Apr/2022:18:31:51 -0300] "GET /cormun/servlet/trpermisosadjuntos?16881995,20220404090602,P, HTTP/1.1" 200 7178
192.168.10.17 - - [26/Apr/2022:18:31:51 -0300] "GET /cormun/servlet/vesolicitudgral?2022,18425,,SolicitudOTAdjuntos HTTP/1.1" 200 10874
192.168.10.17 - - [26/Apr/2022:18:31:52 -0300] "GET /cormun/servlet/vesolicitudgral?2022,18425,,SolicitudOTAdjuntos HTTP/1.1" 200 10877
192.168.10.17 - - [26/Apr/2022:18:31:52 -0300] "POST /cormun/servlet/acontrolpreferencessavestate?None,RRHH+DANIELA,true HTTP/1.1" 200 35
190.171.143.82 - - [26/Apr/2022:18:31:53 -0300] "GET /cormun/PublicTempStorage/merino7659457.pdf HTTP/1.1" 200 471114
190.171.143.82 - - [26/Apr/2022:18:32:00 -0300] "GET /cormun/servlet/trpermisosadjuntos?16881995,20220404090602,P, HTTP/1.1" 200 7182
190.171.143.82 - - [26/Apr/2022:18:32:01 -0300] "GET /cormun/servlet/trpermisosadjuntos?16881995,20220404090602,P, HTTP/1.1" 200 7177
190.171.143.82 - - [26/Apr/2022:18:32:05 -0300] "GET /cormun/servlet/trpermisosgoce? HTTP/1.1" 200 11280
190.171.143.82 - - [26/Apr/2022:18:32:06 -0300] "GET /cormun/servlet/trpermisosgoce? HTTP/1.1" 200 11280
190.171.143.82 - - [26/Apr/2022:18:32:09 -0300] "POST /cormun/servlet/trpermisosgoce?d5dbe069e656e4959a179b385eec6e64,,gx-no-cache=1651007978576 HTTP/1.1" 200 8394
192.168.10.17 - - [26/Apr/2022:18:32:12 -0300] "GET /cormun/PublicTempStorage/cert._afiliacion1458302.pdf HTTP/1.1" 200 270645
190.171.143.82 - - [26/Apr/2022:18:32:14 -0300] "GET /cormun/servlet/trpermisosadjuntos?13944665,20220404122541,P, HTTP/1.1" 200 6676
190.171.143.82 - - [26/Apr/2022:18:32:15 -0300] "GET /cormun/servlet/trpermisosadjuntos?13944665,20220404122541,P, HTTP/1.1" 200 6676
190.171.143.82 - - [26/Apr/2022:18:32:18 -0300] "GET /cormun/servlet/permisosadjuntos?INS,13944665,P,20220404122541,, HTTP/1.1" 200 6006
190.171.143.82 - - [26/Apr/2022:18:32:19 -0300] "GET /cormun/static/about:blank HTTP/1.1" 404 1011
190.171.143.82 - - [26/Apr/2022:18:32:19 -0300] "GET /cormun/servlet/permisosadjuntos?INS,13944665,P,20220404122541,, HTTP/1.1" 200 5996
190.171.143.82 - - [26/Apr/2022:18:32:26 -0300] "POST /cormun/servlet/permisosadjuntos?d5dbe069e656e4959a179b385eec6e64,INS,13944665,P,20220404122541,, HTTP/1.1" 200 116
190.171.143.82 - - [26/Apr/2022:18:32:26 -0300] "GET /cormun/servlet/hpexe_return? HTTP/1.1" 200 1042
190.171.143.82 - - [26/Apr/2022:18:32:27 -0300] "GET /cormun/servlet/trpermisosadjuntos?13944665,20220404122541,P, HTTP/1.1" 200 7185
190.171.143.82 - - [26/Apr/2022:18:32:28 -0300] "GET /cormun/servlet/trpermisosadjuntos?13944665,20220404122541,P, HTTP/1.1" 200 7181
192.168.10.17 - - [26/Apr/2022:18:32:29 -0300] "GET /cormun/servlet/vesolicitudgral?2022,18425,,SolicitudOTAdjuntos HTTP/1.1" 200 10877
190.171.143.82 - - [26/Apr/2022:18:32:30 -0300] "GET /cormun/PublicTempStorage/madariaga2337065.pdf HTTP/1.1" 200 478730
192.168.10.11 - - [26/Apr/2022:18:32:30 -0300] "GET / HTTP/1.1" 200 11217
192.168.10.17 - - [26/Apr/2022:18:32:30 -0300] "GET /cormun/servlet/vesolicitudgral?2022,18425,,SolicitudOTAdjuntos HTTP/1.1" 200 10878
192.168.10.17 - - [26/Apr/2022:18:32:30 -0300] "POST /cormun/servlet/acontrolpreferencessavestate?None,RRHH+DANIELA,true HTTP/1.1" 200 35
192.168.10.17 - - [26/Apr/2022:18:32:31 -0300] "GET /cormun/servlet/vesolicitudgral?2022,18425,,General HTTP/1.1" 200 8341
192.168.10.17 - - [26/Apr/2022:18:32:31 -0300] "GET /cormun/pexe_scrolldiv.js HTTP/1.1" 404 1009
192.168.10.17 - - [26/Apr/2022:18:32:32 -0300] "GET /cormun/servlet/vesolicitudgral?2022,18425,,General HTTP/1.1" 200 8341
