181.212.42.153 - - [26/Apr/2022:11:17:32 -0300] "POST /cormun/servlet/solicitudot?gx-no-cache=1650982267627 HTTP/1.1" 200 30
181.212.43.89 - - [26/Apr/2022:11:17:33 -0300] "POST /cormun/servlet/solicitudot?gx-no-cache=1650981903580 HTTP/1.1" 200 30
181.212.42.153 - - [26/Apr/2022:11:17:50 -0300] "POST /cormun/servlet/solicitudot?gx-no-cache=1650982285312 HTTP/1.1" 200 1457
181.212.42.153 - - [26/Apr/2022:11:17:51 -0300] "GET /cormun/servlet/prlicenciaspermisos?8656821,L,,MD,,gxPopupLevel%3D0%3B HTTP/1.1" 200 7807
181.212.42.153 - - [26/Apr/2022:11:17:58 -0300] "POST /cormun/servlet/solicitudot?gx-no-cache=1650982293106 HTTP/1.1" 200 41
181.212.42.153 - - [26/Apr/2022:11:18:21 -0300] "GET /cormun/servlet/solicitudot?0694675c60c37ba9f577b477e29154d068a14e9fd8b4343ad10d77d36966a13c202de8974de25ee16db8b06ec5e0dfd5fec3a22456ae724d2ca23edd42495a25d2d9e1763cfbe7880aa3fe2fb90f5735ece24ec9552144376cc9e7b6e45514e7191ac3af3734899b33fc9ecf4d4604fa,gx-no-cache=1650982316820 HTTP/1.1" 200 110
181.212.42.153 - - [26/Apr/2022:11:18:25 -0300] "POST /cormun/servlet/solicitudot?gx-no-cache=1650982320123 HTTP/1.1" 200 97
192.168.10.11 - - [26/Apr/2022:11:18:30 -0300] "GET / HTTP/1.1" 200 11217
181.212.43.89 - - [26/Apr/2022:11:19:06 -0300] "POST /cormun/servlet/solicitudot?gx-no-cache=1650981996680 HTTP/1.1" 200 1455
190.171.141.114 - - [26/Apr/2022:11:19:07 -0300] "GET /cormun/servlet/trpermisosgoce? HTTP/1.1" 200 6026
190.171.141.114 - - [26/Apr/2022:11:19:08 -0300] "GET /cormun/servlet/hlogin HTTP/1.1" 200 1739
190.171.141.114 - - [26/Apr/2022:11:19:08 -0300] "GET /cormun/servlet/trpermisosgoce? HTTP/1.1" 200 6023
181.212.43.89 - - [26/Apr/2022:11:19:09 -0300] "GET /cormun/servlet/prlicenciaspermisos?12691951,L,,MD,,gxPopupLevel%3D0%3B HTTP/1.1" 200 5628
190.171.141.114 - - [26/Apr/2022:11:19:19 -0300] "POST /cormun/servlet/hlogin?33cdd23ccc6a24c2e85930775417f59c,gx-no-cache=1650982010256 HTTP/1.1" 200 90
190.171.141.114 - - [26/Apr/2022:11:19:19 -0300] "GET /cormun/servlet/hpexe_link HTTP/1.1" 200 952
190.171.141.114 - - [26/Apr/2022:11:19:19 -0300] "GET /cormun/servlet/trpermisosgoce HTTP/1.1" 200 11070
190.171.141.114 - - [26/Apr/2022:11:19:20 -0300] "GET /cormun/servlet/trpermisosgoce HTTP/1.1" 200 11067
190.171.141.114 - - [26/Apr/2022:11:19:23 -0300] "GET /cormun/servlet/permisogoce?INS,0,,, HTTP/1.1" 200 6868
190.171.141.114 - - [26/Apr/2022:11:19:24 -0300] "GET /cormun/servlet/permisogoce?INS,0,,, HTTP/1.1" 200 6867
190.171.141.114 - - [26/Apr/2022:11:19:27 -0300] "GET /cormun/servlet/prfichaempleado?,MD,,gxPopupLevel%3D0%3B HTTP/1.1" 200 9311
181.212.43.89 - - [26/Apr/2022:11:19:29 -0300] "POST /cormun/servlet/solicitudot?gx-no-cache=1650982019045 HTTP/1.1" 200 41
192.168.10.11 - - [26/Apr/2022:11:19:30 -0300] "GET / HTTP/1.1" 200 11217
181.212.43.89 - - [26/Apr/2022:11:19:40 -0300] "GET /cormun/servlet/solicitudot?dbf94275caf18685bb4af911edfa4c8186a98859088fd6fa33774b5b5f9c21e306d6b9a29ba469758f1f81e8bc48328d911179fdc99cc5f43e6509dd329fc39c5c6653f50e5f03b8cbf05af0ebd9e68b4837047195aa845d00289c6269359b2acf571ef152ab99312bbbbb63f2da206b,gx-no-cache=1650982030469 HTTP/1.1" 200 110
181.212.43.89 - - [26/Apr/2022:11:19:40 -0300] "POST /cormun/servlet/solicitudot?gx-no-cache=1650982030529 HTTP/1.1" 200 79
181.212.43.89 - - [26/Apr/2022:11:19:45 -0300] "GET /cormun/servlet/solicitudot?dbf94275caf18685bb4af911edfa4c812b9fff7a4438225e2f7fef0ef07c045bdce925f6134d6018ebc55623c011a14413e3d4c5f5477e788538086444b3187318acfa5a3a5a94a18ceffe8d03aea45cc96b80d5aa9af4b4c764a735cece3324d39649dcec227acf454d413cfdcb5814,gx-no-cache=1650982035096 HTTP/1.1" 200 29
181.212.43.89 - - [26/Apr/2022:11:19:45 -0300] "GET /cormun/static/menuarrow.gif HTTP/1.1" 404 1015
190.171.141.114 - - [26/Apr/2022:11:19:58 -0300] "POST /cormun/servlet/prfichaempleado?33cdd23ccc6a24c2e85930775417f59c,,MD,,gxPopupLevel%3D0%3B,gx-no-cache=1650982049625 HTTP/1.1" 200 3163
181.212.42.153 - - [26/Apr/2022:11:20:03 -0300] "POST /cormun/servlet/solicitudot?gx-no-cache=1650982418571 HTTP/1.1" 200 97
190.171.141.114 - - [26/Apr/2022:11:20:05 -0300] "POST /cormun/servlet/prfichaempleado?33cdd23ccc6a24c2e85930775417f59c,,MD,,gxPopupLevel%3D0%3B,gx-no-cache=1650982055807 HTTP/1.1" 200 3163
190.171.141.114 - - [26/Apr/2022:11:20:07 -0300] "POST /cormun/servlet/prfichaempleado?33cdd23ccc6a24c2e85930775417f59c,,MD,,gxPopupLevel%3D0%3B,gx-no-cache=1650982058582 HTTP/1.1" 200 3163
181.212.42.153 - - [26/Apr/2022:11:20:07 -0300] "GET /cormun/servlet/solicitudot?0694675c60c37ba9f577b477e29154d00fbefa7ec78a80025baa033582bd5a7402f8f7c422004d460d405c25bdf2925102a88ca71bd55464e2119bd064bbf21283dbaae9a0aa14773b1f7e8fdbcca9a98b03257c7db515af3e8790328ca58ba8edbb916267c6788d6e05b6ffab218099,gx-no-cache=1650982423010 HTTP/1.1" 200 29
181.212.42.153 - - [26/Apr/2022:11:20:07 -0300] "GET /cormun/static/menuarrow.gif HTTP/1.1" 404 1015
181.212.42.153 - - [26/Apr/2022:11:20:11 -0300] "GET /cormun/servlet/solicitudot?0694675c60c37ba9f577b477e29154d00d9d19d0621555e6eec20ce31d84ddbee84d52e0ef5e143dde52aece5b58322a,gx-no-cache=1650982426342 HTTP/1.1" 200 30
181.212.42.153 - - [26/Apr/2022:11:20:11 -0300] "POST /cormun/servlet/solicitudot?gx-no-cache=1650982426362 HTTP/1.1" 200 34
190.171.141.114 - - [26/Apr/2022:11:20:11 -0300] "POST /cormun/servlet/prfichaempleado?33cdd23ccc6a24c2e85930775417f59c,,MD,,gxPopupLevel%3D0%3B,gx-no-cache=1650982062710 HTTP/1.1" 200 3163
190.171.141.114 - - [26/Apr/2022:11:20:17 -0300] "GET /cormun/servlet/prfichaempleado?,MD,,gxPopupLevel%3D0%3B HTTP/1.1" 200 9311
190.171.141.114 - - [26/Apr/2022:11:20:27 -0300] "POST /cormun/servlet/prfichaempleado?33cdd23ccc6a24c2e85930775417f59c,,MD,,gxPopupLevel%3D0%3B,gx-no-cache=1650982077816 HTTP/1.1" 200 3395
192.168.10.11 - - [26/Apr/2022:11:20:30 -0300] "GET / HTTP/1.1" 200 11217
190.171.141.114 - - [26/Apr/2022:11:20:31 -0300] "GET /cormun/servlet/permisogoce?52c881335159d75efe69709b525f44fc9e6ec96e71a93d6c4189671c7293802547cd6dcd4793e41c6aba07ee402e04895cd7baa50fb6ba76f5521fca00b78dff,gx-no-cache=1650982082196 HTTP/1.1" 200 78
190.171.141.114 - - [26/Apr/2022:11:20:31 -0300] "GET /cormun/static/menuarrow.gif HTTP/1.1" 404 1015
181.212.43.89 - - [26/Apr/2022:11:20:33 -0300] "GET /cormun/servlet/solicitudot?dbf94275caf18685bb4af911edfa4c8153f36dc6bbc9eb480a37118175a4ecd730f595778c1e9e72385ab5a775cd1f34,gx-no-cache=1650982083201 HTTP/1.1" 200 30
181.212.43.89 - - [26/Apr/2022:11:20:33 -0300] "POST /cormun/servlet/solicitudot?gx-no-cache=1650982083250 HTTP/1.1" 200 34
181.212.43.89 - - [26/Apr/2022:11:20:36 -0300] "POST /cormun/servlet/solicitudot?5ed9e8aa95760ae50e574350a15c48bf,INS,0,0,false,,gx-no-cache=1650982085558 HTTP/1.1" 200 93
181.212.43.89 - - [26/Apr/2022:11:20:36 -0300] "GET /cormun/servlet/hpexe_return? HTTP/1.1" 200 1010
181.212.43.89 - - [26/Apr/2022:11:20:36 -0300] "GET /cormun/servlet/trsolicitudot HTTP/1.1" 200 8654
181.212.43.89 - - [26/Apr/2022:11:20:37 -0300] "GET /cormun/servlet/trsolicitudot HTTP/1.1" 200 8648
192.168.10.17 - - [26/Apr/2022:11:20:50 -0300] "GET /cormun/servlet/trsolicitudgral? HTTP/1.1" 200 13016
192.168.10.17 - - [26/Apr/2022:11:20:51 -0300] "GET /cormun/servlet/trsolicitudgral? HTTP/1.1" 200 13010
192.168.10.96 - - [26/Apr/2022:11:20:52 -0300] "POST /cormun/servlet/trsolicitudgral?20347531d677c48e300056ebf3a5f551,,gx-no-cache=1650981930377 HTTP/1.1" 200 9502
192.168.10.17 - - [26/Apr/2022:11:20:57 -0300] "GET /cormun/servlet/vesolicitudgral?2022,18418,, HTTP/1.1" 200 8394
192.168.10.17 - - [26/Apr/2022:11:20:57 -0300] "GET /cormun/pexe_scrolldiv.js HTTP/1.1" 404 1009
192.168.10.17 - - [26/Apr/2022:11:20:57 -0300] "GET /cormun/servlet/vesolicitudgral?2022,18418,, HTTP/1.1" 200 8394
181.212.42.153 - - [26/Apr/2022:11:21:16 -0300] "POST /cormun/servlet/solicitudot?5b3c5dcf9017d488c285862a6d434a41,INS,0,0,false,,gx-no-cache=1650982490867 HTTP/1.1" 200 93
181.212.42.153 - - [26/Apr/2022:11:21:16 -0300] "GET /cormun/servlet/hpexe_return? HTTP/1.1" 200 1012
181.212.42.153 - - [26/Apr/2022:11:21:16 -0300] "GET /cormun/servlet/trsolicitudot HTTP/1.1" 200 8619
181.212.42.153 - - [26/Apr/2022:11:21:16 -0300] "GET /cormun/servlet/trsolicitudot HTTP/1.1" 200 8615
192.168.10.96 - - [26/Apr/2022:11:21:20 -0300] "GET /cormun/servlet/vesolicitudgral?2022,18441,, HTTP/1.1" 200 8389
192.168.10.96 - - [26/Apr/2022:11:21:20 -0300] "GET /cormun/pexe_scrolldiv.js HTTP/1.1" 404 1009
192.168.10.96 - - [26/Apr/2022:11:21:20 -0300] "GET /cormun/servlet/vesolicitudgral?2022,18441,, HTTP/1.1" 200 8388
181.212.42.153 - - [26/Apr/2022:11:21:20 -0300] "POST /cormun/servlet/trsolicitudot?5b3c5dcf9017d488c285862a6d434a41,gx-no-cache=1650982496004 HTTP/1.1" 200 107
181.212.42.153 - - [26/Apr/2022:11:21:21 -0300] "GET /cormun/servlet/trsolicitudadjuntos?2022,18529, HTTP/1.1" 200 6075
181.212.42.153 - - [26/Apr/2022:11:21:21 -0300] "GET /cormun/servlet/trsolicitudadjuntos?2022,18529, HTTP/1.1" 200 6075
192.168.10.96 - - [26/Apr/2022:11:21:22 -0300] "POST /cormun/servlet/vesolicitudgral?20347531d677c48e300056ebf3a5f551,2022,18441,,,gx-no-cache=1650981960589 HTTP/1.1" 200 12081
192.168.10.96 - - [26/Apr/2022:11:21:22 -0300] "POST /cormun/servlet/vesolicitudgral?20347531d677c48e300056ebf3a5f551,2022,18441,,,gx-no-cache=1650981960785 HTTP/1.1" 200 12013
181.212.42.153 - - [26/Apr/2022:11:21:22 -0300] "GET /cormun/servlet/solicitudotadjuntos?INS,2022,18529,,1, HTTP/1.1" 200 6017
181.212.42.153 - - [26/Apr/2022:11:21:22 -0300] "GET /cormun/static/about:blank HTTP/1.1" 404 1011
181.212.42.153 - - [26/Apr/2022:11:21:22 -0300] "GET /cormun/servlet/solicitudotadjuntos?INS,2022,18529,,1, HTTP/1.1" 200 6011
181.212.42.153 - - [26/Apr/2022:11:21:23 -0300] "GET /cormun/servlet/solicitudotadjuntos?0694675c60c37ba9f577b477e29154d092b4a5f90148cd071413d3adafb5c8d4ed8ac0cdf8abe72da604fc6293bf5dc7,gx-no-cache=1650982498486 HTTP/1.1" 200 30
181.212.42.153 - - [26/Apr/2022:11:21:23 -0300] "POST /cormun/servlet/solicitudotadjuntos?5b3c5dcf9017d488c285862a6d434a41,INS,2022,18529,,1,,gx-no-cache=1650982498550 HTTP/1.1" 200 3902
192.168.10.96 - - [26/Apr/2022:11:21:24 -0300] "GET /cormun/servlet/trsolicitudgral? HTTP/1.1" 200 12068
192.168.10.96 - - [26/Apr/2022:11:21:24 -0300] "GET /cormun/servlet/trsolicitudgral? HTTP/1.1" 200 12064
181.212.42.153 - - [26/Apr/2022:11:21:24 -0300] "POST /cormun/servlet/solicitudotadjuntos?gx-no-cache=1650982500080 HTTP/1.1" 200 26
192.168.10.11 - - [26/Apr/2022:11:21:30 -0300] "GET / HTTP/1.1" 200 11217
192.168.10.96 - - [26/Apr/2022:11:21:30 -0300] "GET /cormun/servlet/vesolicitudgral?2022,18429,, HTTP/1.1" 200 8417
192.168.10.96 - - [26/Apr/2022:11:21:30 -0300] "GET /cormun/pexe_scrolldiv.js HTTP/1.1" 404 1009
192.168.10.96 - - [26/Apr/2022:11:21:31 -0300] "GET /cormun/servlet/vesolicitudgral?2022,18429,, HTTP/1.1" 200 8417
192.168.10.96 - - [26/Apr/2022:11:21:34 -0300] "GET /cormun/servlet/trsolicitudgral? HTTP/1.1" 200 12068
192.168.10.96 - - [26/Apr/2022:11:21:34 -0300] "GET /cormun/servlet/trsolicitudgral? HTTP/1.1" 200 12064
181.212.42.153 - - [26/Apr/2022:11:21:35 -0300] "GET /cormun/servlet/solicitudotadjuntos?0694675c60c37ba9f577b477e29154d0dc15c23b8c2ba7c123c8fd8151695693,gx-no-cache=1650982510112 HTTP/1.1" 200 30
181.212.42.153 - - [26/Apr/2022:11:21:35 -0300] "GET /cormun/servlet/solicitudotadjuntos?0694675c60c37ba9f577b477e29154d0dc15c23b8c2ba7c123c8fd8151695693,gx-no-cache=1650982510123 HTTP/1.1" 200 30
181.212.42.153 - - [26/Apr/2022:11:21:35 -0300] "POST /cormun/servlet/solicitudotadjuntos?5b3c5dcf9017d488c285862a6d434a41,INS,2022,18529,,1, HTTP/1.1" 200 116
181.212.42.153 - - [26/Apr/2022:11:21:35 -0300] "GET /cormun/servlet/hpexe_return? HTTP/1.1" 200 1029
181.212.42.153 - - [26/Apr/2022:11:21:35 -0300] "GET /cormun/servlet/trsolicitudadjuntos?2022,18529, HTTP/1.1" 200 8859
181.212.42.153 - - [26/Apr/2022:11:21:35 -0300] "GET /cormun/servlet/trsolicitudadjuntos?2022,18529, HTTP/1.1" 200 8854
181.212.42.153 - - [26/Apr/2022:11:21:37 -0300] "GET /cormun/servlet/solicitudotadjuntos?INS,2022,18529,,1, HTTP/1.1" 200 6017
181.212.42.153 - - [26/Apr/2022:11:21:38 -0300] "GET /cormun/static/about:blank HTTP/1.1" 404 1011
192.168.10.96 - - [26/Apr/2022:11:21:38 -0300] "POST /cormun/servlet/trsolicitudgral?20347531d677c48e300056ebf3a5f551,,gx-no-cache=1650981976256 HTTP/1.1" 200 9107
181.212.42.153 - - [26/Apr/2022:11:21:38 -0300] "GET /cormun/servlet/solicitudotadjuntos?INS,2022,18529,,1, HTTP/1.1" 200 6011
181.212.42.153 - - [26/Apr/2022:11:21:38 -0300] "GET /cormun/servlet/solicitudotadjuntos?0694675c60c37ba9f577b477e29154d092b4a5f90148cd071413d3adafb5c8d4ed8ac0cdf8abe72da604fc6293bf5dc7,gx-no-cache=1650982513679 HTTP/1.1" 200 30
181.212.42.153 - - [26/Apr/2022:11:21:38 -0300] "POST /cormun/servlet/solicitudotadjuntos?5b3c5dcf9017d488c285862a6d434a41,INS,2022,18529,,1,,gx-no-cache=1650982513698 HTTP/1.1" 200 3902
181.212.42.153 - - [26/Apr/2022:11:21:40 -0300] "POST /cormun/servlet/solicitudotadjuntos?gx-no-cache=1650982515535 HTTP/1.1" 200 26
181.212.42.153 - - [26/Apr/2022:11:21:44 -0300] "GET /cormun/servlet/solicitudotadjuntos?0694675c60c37ba9f577b477e29154d0dc15c23b8c2ba7c123c8fd8151695693,gx-no-cache=1650982519883 HTTP/1.1" 200 30
181.212.42.153 - - [26/Apr/2022:11:21:44 -0300] "GET /cormun/servlet/solicitudotadjuntos?0694675c60c37ba9f577b477e29154d0dc15c23b8c2ba7c123c8fd8151695693,gx-no-cache=1650982519894 HTTP/1.1" 200 30
181.212.42.153 - - [26/Apr/2022:11:21:44 -0300] "POST /cormun/servlet/solicitudotadjuntos?5b3c5dcf9017d488c285862a6d434a41,INS,2022,18529,,1, HTTP/1.1" 200 116
181.212.42.153 - - [26/Apr/2022:11:21:44 -0300] "GET /cormun/servlet/hpexe_return? HTTP/1.1" 200 1029
181.212.42.153 - - [26/Apr/2022:11:21:45 -0300] "GET /cormun/servlet/trsolicitudadjuntos?2022,18529, HTTP/1.1" 200 9120
181.212.42.153 - - [26/Apr/2022:11:21:45 -0300] "GET /cormun/servlet/trsolicitudadjuntos?2022,18529, HTTP/1.1" 200 9117
181.212.42.153 - - [26/Apr/2022:11:21:47 -0300] "GET /cormun/servlet/solicitudotadjuntos?INS,2022,18529,,1, HTTP/1.1" 200 6017
181.212.42.153 - - [26/Apr/2022:11:21:47 -0300] "GET /cormun/static/about:blank HTTP/1.1" 404 1011
181.212.42.153 - - [26/Apr/2022:11:21:47 -0300] "GET /cormun/servlet/solicitudotadjuntos?INS,2022,18529,,1, HTTP/1.1" 200 6011
181.212.42.153 - - [26/Apr/2022:11:21:47 -0300] "GET /cormun/servlet/solicitudotadjuntos?0694675c60c37ba9f577b477e29154d092b4a5f90148cd071413d3adafb5c8d4ed8ac0cdf8abe72da604fc6293bf5dc7,gx-no-cache=1650982522842 HTTP/1.1" 200 30
181.212.42.153 - - [26/Apr/2022:11:21:47 -0300] "POST /cormun/servlet/solicitudotadjuntos?5b3c5dcf9017d488c285862a6d434a41,INS,2022,18529,,1,,gx-no-cache=1650982522860 HTTP/1.1" 200 3902
181.212.42.153 - - [26/Apr/2022:11:21:49 -0300] "POST /cormun/servlet/solicitudotadjuntos?gx-no-cache=1650982524667 HTTP/1.1" 200 26
181.212.42.153 - - [26/Apr/2022:11:21:54 -0300] "GET /cormun/servlet/solicitudotadjuntos?0694675c60c37ba9f577b477e29154d0dc15c23b8c2ba7c123c8fd8151695693,gx-no-cache=1650982529263 HTTP/1.1" 200 30
181.212.42.153 - - [26/Apr/2022:11:21:54 -0300] "GET /cormun/servlet/solicitudotadjuntos?0694675c60c37ba9f577b477e29154d0dc15c23b8c2ba7c123c8fd8151695693,gx-no-cache=1650982529274 HTTP/1.1" 200 30
181.212.42.153 - - [26/Apr/2022:11:21:54 -0300] "POST /cormun/servlet/solicitudotadjuntos?5b3c5dcf9017d488c285862a6d434a41,INS,2022,18529,,1, HTTP/1.1" 200 116
181.212.42.153 - - [26/Apr/2022:11:21:54 -0300] "GET /cormun/servlet/hpexe_return? HTTP/1.1" 200 1029
181.212.42.153 - - [26/Apr/2022:11:21:54 -0300] "GET /cormun/servlet/trsolicitudadjuntos?2022,18529, HTTP/1.1" 200 9303
181.212.42.153 - - [26/Apr/2022:11:21:54 -0300] "GET /cormun/servlet/trsolicitudadjuntos?2022,18529, HTTP/1.1" 200 9297
181.212.42.153 - - [26/Apr/2022:11:21:56 -0300] "GET /cormun/servlet/solicitudotadjuntos?INS,2022,18529,,1, HTTP/1.1" 200 6017
181.212.42.153 - - [26/Apr/2022:11:21:56 -0300] "GET /cormun/static/about:blank HTTP/1.1" 404 1011
181.212.42.153 - - [26/Apr/2022:11:21:56 -0300] "GET /cormun/servlet/solicitudotadjuntos?INS,2022,18529,,1, HTTP/1.1" 200 6011
181.212.42.153 - - [26/Apr/2022:11:21:56 -0300] "GET /cormun/servlet/solicitudotadjuntos?0694675c60c37ba9f577b477e29154d092b4a5f90148cd071413d3adafb5c8d4ed8ac0cdf8abe72da604fc6293bf5dc7,gx-no-cache=1650982532025 HTTP/1.1" 200 30
181.212.42.153 - - [26/Apr/2022:11:21:56 -0300] "POST /cormun/servlet/solicitudotadjuntos?5b3c5dcf9017d488c285862a6d434a41,INS,2022,18529,,1,,gx-no-cache=1650982532045 HTTP/1.1" 200 3902
181.212.42.153 - - [26/Apr/2022:11:21:58 -0300] "POST /cormun/servlet/solicitudotadjuntos?gx-no-cache=1650982534063 HTTP/1.1" 200 26
181.212.43.89 - - [26/Apr/2022:11:22:01 -0300] "POST /cormun/servlet/trsolicitudot?5ed9e8aa95760ae50e574350a15c48bf,gx-no-cache=1650982171106 HTTP/1.1" 200 107
181.212.43.89 - - [26/Apr/2022:11:22:01 -0300] "GET /cormun/servlet/trsolicitudadjuntos?2022,18528, HTTP/1.1" 200 6112
181.212.43.89 - - [26/Apr/2022:11:22:01 -0300] "GET /cormun/servlet/trsolicitudadjuntos?2022,18528, HTTP/1.1" 200 6112
181.212.42.153 - - [26/Apr/2022:11:22:05 -0300] "GET /cormun/servlet/solicitudotadjuntos?0694675c60c37ba9f577b477e29154d0dc15c23b8c2ba7c123c8fd8151695693,gx-no-cache=1650982540159 HTTP/1.1" 200 30
181.212.42.153 - - [26/Apr/2022:11:22:05 -0300] "GET /cormun/servlet/solicitudotadjuntos?0694675c60c37ba9f577b477e29154d0dc15c23b8c2ba7c123c8fd8151695693,gx-no-cache=1650982540170 HTTP/1.1" 200 30
181.212.42.153 - - [26/Apr/2022:11:22:05 -0300] "POST /cormun/servlet/solicitudotadjuntos?5b3c5dcf9017d488c285862a6d434a41,INS,2022,18529,,1, HTTP/1.1" 200 116
181.212.42.153 - - [26/Apr/2022:11:22:05 -0300] "GET /cormun/servlet/hpexe_return? HTTP/1.1" 200 1029
181.212.42.153 - - [26/Apr/2022:11:22:05 -0300] "GET /cormun/servlet/trsolicitudadjuntos?2022,18529, HTTP/1.1" 200 9577
181.212.43.89 - - [26/Apr/2022:11:22:05 -0300] "GET /cormun/servlet/solicitudotadjuntos?INS,2022,18528,,1, HTTP/1.1" 200 6056
181.212.42.153 - - [26/Apr/2022:11:22:05 -0300] "GET /cormun/servlet/trsolicitudadjuntos?2022,18529, HTTP/1.1" 200 9577
181.212.43.89 - - [26/Apr/2022:11:22:05 -0300] "GET /cormun/static/about:blank HTTP/1.1" 404 1011
181.212.43.89 - - [26/Apr/2022:11:22:05 -0300] "GET /cormun/servlet/solicitudotadjuntos?INS,2022,18528,,1, HTTP/1.1" 200 6050
181.212.43.89 - - [26/Apr/2022:11:22:06 -0300] "GET /cormun/servlet/solicitudotadjuntos?dbf94275caf18685bb4af911edfa4c81c4eee3ffbfab8bdc90d7b4108437dde095eddddf18212daa213e666bd25e6cbe,gx-no-cache=1650982176214 HTTP/1.1" 200 30
181.212.43.89 - - [26/Apr/2022:11:22:06 -0300] "POST /cormun/servlet/solicitudotadjuntos?5ed9e8aa95760ae50e574350a15c48bf,INS,2022,18528,,1,,gx-no-cache=1650982176241 HTTP/1.1" 200 3888
181.212.42.153 - - [26/Apr/2022:11:22:07 -0300] "GET /cormun/servlet/solicitudotadjuntos?INS,2022,18529,,1, HTTP/1.1" 200 6017
181.212.42.153 - - [26/Apr/2022:11:22:07 -0300] "GET /cormun/static/about:blank HTTP/1.1" 404 1011
181.212.42.153 - - [26/Apr/2022:11:22:07 -0300] "GET /cormun/servlet/solicitudotadjuntos?INS,2022,18529,,1, HTTP/1.1" 200 6011
181.212.42.153 - - [26/Apr/2022:11:22:07 -0300] "GET /cormun/servlet/solicitudotadjuntos?0694675c60c37ba9f577b477e29154d092b4a5f90148cd071413d3adafb5c8d4ed8ac0cdf8abe72da604fc6293bf5dc7,gx-no-cache=1650982542935 HTTP/1.1" 200 30
181.212.42.153 - - [26/Apr/2022:11:22:07 -0300] "POST /cormun/servlet/solicitudotadjuntos?5b3c5dcf9017d488c285862a6d434a41,INS,2022,18529,,1,,gx-no-cache=1650982542956 HTTP/1.1" 200 3902
181.212.43.89 - - [26/Apr/2022:11:22:09 -0300] "POST /cormun/servlet/solicitudotadjuntos?gx-no-cache=1650982178956 HTTP/1.1" 200 26
181.212.42.153 - - [26/Apr/2022:11:22:09 -0300] "POST /cormun/servlet/solicitudotadjuntos?gx-no-cache=1650982544631 HTTP/1.1" 200 26
181.212.42.153 - - [26/Apr/2022:11:22:17 -0300] "GET /cormun/servlet/solicitudotadjuntos?0694675c60c37ba9f577b477e29154d0dc15c23b8c2ba7c123c8fd8151695693,gx-no-cache=1650982552530 HTTP/1.1" 200 30
181.212.42.153 - - [26/Apr/2022:11:22:17 -0300] "GET /cormun/servlet/solicitudotadjuntos?0694675c60c37ba9f577b477e29154d0dc15c23b8c2ba7c123c8fd8151695693,gx-no-cache=1650982552542 HTTP/1.1" 200 30
181.212.42.153 - - [26/Apr/2022:11:22:17 -0300] "POST /cormun/servlet/solicitudotadjuntos?5b3c5dcf9017d488c285862a6d434a41,INS,2022,18529,,1, HTTP/1.1" 200 116
181.212.42.153 - - [26/Apr/2022:11:22:17 -0300] "GET /cormun/servlet/hpexe_return? HTTP/1.1" 200 1029
181.212.42.153 - - [26/Apr/2022:11:22:17 -0300] "GET /cormun/servlet/trsolicitudadjuntos?2022,18529, HTTP/1.1" 200 9883
181.212.42.153 - - [26/Apr/2022:11:22:18 -0300] "GET /cormun/servlet/trsolicitudadjuntos?2022,18529, HTTP/1.1" 200 9878
181.212.42.153 - - [26/Apr/2022:11:22:19 -0300] "GET /cormun/servlet/solicitudotadjuntos?INS,2022,18529,,1, HTTP/1.1" 200 6017
181.212.42.153 - - [26/Apr/2022:11:22:19 -0300] "GET /cormun/static/about:blank HTTP/1.1" 404 1011
181.212.42.153 - - [26/Apr/2022:11:22:20 -0300] "GET /cormun/servlet/solicitudotadjuntos?INS,2022,18529,,1, HTTP/1.1" 200 6011
181.212.42.153 - - [26/Apr/2022:11:22:20 -0300] "GET /cormun/servlet/solicitudotadjuntos?0694675c60c37ba9f577b477e29154d092b4a5f90148cd071413d3adafb5c8d4ed8ac0cdf8abe72da604fc6293bf5dc7,gx-no-cache=1650982555576 HTTP/1.1" 200 30
181.212.42.153 - - [26/Apr/2022:11:22:20 -0300] "POST /cormun/servlet/solicitudotadjuntos?5b3c5dcf9017d488c285862a6d434a41,INS,2022,18529,,1,,gx-no-cache=1650982555593 HTTP/1.1" 200 3902
181.212.42.153 - - [26/Apr/2022:11:22:22 -0300] "POST /cormun/servlet/solicitudotadjuntos?gx-no-cache=1650982557230 HTTP/1.1" 200 26
190.171.141.90 - - [26/Apr/2022:11:22:26 -0300] "GET /cormun/servlet/alicenciaprn?15260589,L,20220318000000,PU HTTP/1.1" 200 1528
181.212.42.153 - - [26/Apr/2022:11:22:27 -0300] "GET /cormun/servlet/solicitudotadjuntos?0694675c60c37ba9f577b477e29154d0dc15c23b8c2ba7c123c8fd8151695693,gx-no-cache=1650982562654 HTTP/1.1" 200 30
181.212.42.153 - - [26/Apr/2022:11:22:27 -0300] "GET /cormun/servlet/solicitudotadjuntos?0694675c60c37ba9f577b477e29154d0dc15c23b8c2ba7c123c8fd8151695693,gx-no-cache=1650982562698 HTTP/1.1" 200 30
181.212.42.153 - - [26/Apr/2022:11:22:28 -0300] "POST /cormun/servlet/solicitudotadjuntos?5b3c5dcf9017d488c285862a6d434a41,INS,2022,18529,,1, HTTP/1.1" 200 116
181.212.42.153 - - [26/Apr/2022:11:22:28 -0300] "GET /cormun/servlet/hpexe_return? HTTP/1.1" 200 1029
181.212.42.153 - - [26/Apr/2022:11:22:28 -0300] "GET /cormun/servlet/trsolicitudadjuntos?2022,18529, HTTP/1.1" 200 10079
181.212.42.153 - - [26/Apr/2022:11:22:28 -0300] "GET /cormun/servlet/trsolicitudadjuntos?2022,18529, HTTP/1.1" 200 10079
192.168.10.11 - - [26/Apr/2022:11:22:30 -0300] "GET / HTTP/1.1" 200 11217
181.212.43.89 - - [26/Apr/2022:11:22:30 -0300] "GET /cormun/servlet/solicitudotadjuntos?dbf94275caf18685bb4af911edfa4c81bab3d6bedd9c9e77a1d049a743913187,gx-no-cache=1650982200642 HTTP/1.1" 200 30
181.212.43.89 - - [26/Apr/2022:11:22:30 -0300] "GET /cormun/servlet/solicitudotadjuntos?dbf94275caf18685bb4af911edfa4c81bab3d6bedd9c9e77a1d049a743913187,gx-no-cache=1650982200672 HTTP/1.1" 200 30
181.212.43.89 - - [26/Apr/2022:11:22:31 -0300] "POST /cormun/servlet/solicitudotadjuntos?5ed9e8aa95760ae50e574350a15c48bf,INS,2022,18528,,1, HTTP/1.1" 200 116
181.212.43.89 - - [26/Apr/2022:11:22:31 -0300] "GET /cormun/servlet/hpexe_return? HTTP/1.1" 200 1028
181.212.43.89 - - [26/Apr/2022:11:22:31 -0300] "GET /cormun/servlet/trsolicitudadjuntos?2022,18528, HTTP/1.1" 200 8924
181.212.43.89 - - [26/Apr/2022:11:22:32 -0300] "GET /cormun/servlet/trsolicitudadjuntos?2022,18528, HTTP/1.1" 200 8918
181.212.42.153 - - [26/Apr/2022:11:22:35 -0300] "GET /cormun/servlet/trsolicitudot? HTTP/1.1" 200 8621
181.212.42.153 - - [26/Apr/2022:11:22:35 -0300] "GET /cormun/servlet/trsolicitudot? HTTP/1.1" 200 8615
181.212.43.89 - - [26/Apr/2022:11:22:36 -0300] "GET /cormun/servlet/solicitudotadjuntos?INS,2022,18528,,1, HTTP/1.1" 200 6055
181.212.43.89 - - [26/Apr/2022:11:22:37 -0300] "GET /cormun/static/about:blank HTTP/1.1" 404 1011
181.212.43.89 - - [26/Apr/2022:11:22:37 -0300] "GET /cormun/servlet/solicitudotadjuntos?INS,2022,18528,,1, HTTP/1.1" 200 6049
181.212.43.89 - - [26/Apr/2022:11:22:37 -0300] "GET /cormun/servlet/solicitudotadjuntos?dbf94275caf18685bb4af911edfa4c81c4eee3ffbfab8bdc90d7b4108437dde095eddddf18212daa213e666bd25e6cbe,gx-no-cache=1650982207678 HTTP/1.1" 200 30
181.212.43.89 - - [26/Apr/2022:11:22:38 -0300] "POST /cormun/servlet/solicitudotadjuntos?5ed9e8aa95760ae50e574350a15c48bf,INS,2022,18528,,1,,gx-no-cache=1650982207705 HTTP/1.1" 200 3887
181.212.43.89 - - [26/Apr/2022:11:22:39 -0300] "POST /cormun/servlet/solicitudotadjuntos?gx-no-cache=1650982209366 HTTP/1.1" 200 26
181.212.42.153 - - [26/Apr/2022:11:22:42 -0300] "POST /cormun/servlet/trsolicitudot?5b3c5dcf9017d488c285862a6d434a41,,gx-no-cache=1650982576999 HTTP/1.1" 200 4582
181.212.42.153 - - [26/Apr/2022:11:22:42 -0300] "GET /cormun/static/Shared/jqueryui/images/ui-bg_highlight-soft_100_c6c2c8_1x100.png HTTP/1.1" 404 1117
181.212.42.153 - - [26/Apr/2022:11:22:42 -0300] "GET /cormun/static/Shared/jqueryui/images/ui-icons_82798d_256x240.png HTTP/1.1" 404 1089
181.212.42.153 - - [26/Apr/2022:11:22:42 -0300] "GET /cormun/static/Shared/jqueryui/images/ui-icons_8d78a5_256x240.png HTTP/1.1" 404 1089
181.212.42.153 - - [26/Apr/2022:11:22:42 -0300] "GET /cormun/static/Shared/jqueryui/images/ui-bg_flat_55_fafafa_40x100.png HTTP/1.1" 404 1097
181.212.42.153 - - [26/Apr/2022:11:22:42 -0300] "POST /cormun/servlet/trsolicitudot?5b3c5dcf9017d488c285862a6d434a41,,gx-no-cache=1650982577214 HTTP/1.1" 200 4344
181.212.42.153 - - [26/Apr/2022:11:22:44 -0300] "GET /cormun/servlet/trsolicitudot? HTTP/1.1" 200 7187
181.212.42.153 - - [26/Apr/2022:11:22:44 -0300] "GET /cormun/servlet/trsolicitudot? HTTP/1.1" 200 7187
181.212.43.89 - - [26/Apr/2022:11:22:45 -0300] "GET /cormun/servlet/solicitudotadjuntos?dbf94275caf18685bb4af911edfa4c81bab3d6bedd9c9e77a1d049a743913187,gx-no-cache=1650982215377 HTTP/1.1" 200 30
181.212.43.89 - - [26/Apr/2022:11:22:45 -0300] "GET /cormun/servlet/solicitudotadjuntos?dbf94275caf18685bb4af911edfa4c81bab3d6bedd9c9e77a1d049a743913187,gx-no-cache=1650982215398 HTTP/1.1" 200 30
181.212.42.153 - - [26/Apr/2022:11:22:45 -0300] "GET /cormun/servlet/hlogin HTTP/1.1" 200 1745
181.212.43.89 - - [26/Apr/2022:11:22:45 -0300] "POST /cormun/servlet/solicitudotadjuntos?5ed9e8aa95760ae50e574350a15c48bf,INS,2022,18528,,1, HTTP/1.1" 200 116
181.212.43.89 - - [26/Apr/2022:11:22:46 -0300] "GET /cormun/servlet/hpexe_return? HTTP/1.1" 200 1028
181.212.43.89 - - [26/Apr/2022:11:22:46 -0300] "GET /cormun/servlet/trsolicitudadjuntos?2022,18528, HTTP/1.1" 200 9158
181.212.43.89 - - [26/Apr/2022:11:22:46 -0300] "GET /cormun/servlet/trsolicitudadjuntos?2022,18528, HTTP/1.1" 200 9158
181.212.43.89 - - [26/Apr/2022:11:22:48 -0300] "GET /cormun/servlet/solicitudotadjuntos?INS,2022,18528,,1, HTTP/1.1" 200 6055
181.212.43.89 - - [26/Apr/2022:11:22:49 -0300] "GET /cormun/static/about:blank HTTP/1.1" 404 1011
181.212.43.89 - - [26/Apr/2022:11:22:49 -0300] "GET /cormun/servlet/solicitudotadjuntos?INS,2022,18528,,1, HTTP/1.1" 200 6049
181.212.43.89 - - [26/Apr/2022:11:22:49 -0300] "GET /cormun/servlet/solicitudotadjuntos?dbf94275caf18685bb4af911edfa4c81c4eee3ffbfab8bdc90d7b4108437dde095eddddf18212daa213e666bd25e6cbe,gx-no-cache=1650982219686 HTTP/1.1" 200 30
181.212.43.89 - - [26/Apr/2022:11:22:49 -0300] "POST /cormun/servlet/solicitudotadjuntos?5ed9e8aa95760ae50e574350a15c48bf,INS,2022,18528,,1,,gx-no-cache=1650982219712 HTTP/1.1" 200 3887
181.212.43.89 - - [26/Apr/2022:11:22:52 -0300] "POST /cormun/servlet/solicitudotadjuntos?gx-no-cache=1650982222127 HTTP/1.1" 200 26
181.212.42.153 - - [26/Apr/2022:11:22:55 -0300] "POST /cormun/servlet/hlogin?5b3c5dcf9017d488c285862a6d434a41,gx-no-cache=1650982590107 HTTP/1.1" 200 90
181.212.42.153 - - [26/Apr/2022:11:22:55 -0300] "GET /cormun/servlet/hpexe_link HTTP/1.1" 200 954
181.212.42.153 - - [26/Apr/2022:11:22:55 -0300] "GET /cormun/servlet/hhome HTTP/1.1" 200 4341
181.212.42.153 - - [26/Apr/2022:11:22:55 -0300] "GET /cormun/servlet/hhome HTTP/1.1" 200 4337
181.212.42.153 - - [26/Apr/2022:11:22:58 -0300] "GET /cormun/servlet/trautorizarsolicitud? HTTP/1.1" 200 8875
181.212.42.153 - - [26/Apr/2022:11:22:59 -0300] "GET /cormun/servlet/trautorizarsolicitud? HTTP/1.1" 200 8872
181.212.43.89 - - [26/Apr/2022:11:23:00 -0300] "GET /cormun/servlet/solicitudotadjuntos?dbf94275caf18685bb4af911edfa4c81bab3d6bedd9c9e77a1d049a743913187,gx-no-cache=1650982230289 HTTP/1.1" 200 30
181.212.43.89 - - [26/Apr/2022:11:23:00 -0300] "GET /cormun/servlet/solicitudotadjuntos?dbf94275caf18685bb4af911edfa4c81bab3d6bedd9c9e77a1d049a743913187,gx-no-cache=1650982230312 HTTP/1.1" 200 30
181.212.43.89 - - [26/Apr/2022:11:23:00 -0300] "POST /cormun/servlet/solicitudotadjuntos?5ed9e8aa95760ae50e574350a15c48bf,INS,2022,18528,,1, HTTP/1.1" 200 116
181.212.43.89 - - [26/Apr/2022:11:23:00 -0300] "GET /cormun/servlet/hpexe_return? HTTP/1.1" 200 1028
181.212.43.89 - - [26/Apr/2022:11:23:01 -0300] "GET /cormun/servlet/trsolicitudadjuntos?2022,18528, HTTP/1.1" 200 9341
181.212.43.89 - - [26/Apr/2022:11:23:01 -0300] "GET /cormun/servlet/trsolicitudadjuntos?2022,18528, HTTP/1.1" 200 9335
181.212.42.153 - - [26/Apr/2022:11:23:01 -0300] "POST /cormun/servlet/trautorizarsolicitud?5b3c5dcf9017d488c285862a6d434a41,,gx-no-cache=1650982596986 HTTP/1.1" 200 4780
181.212.42.153 - - [26/Apr/2022:11:23:02 -0300] "GET /cormun/static/Shared/jqueryui/images/ui-icons_82798d_256x240.png HTTP/1.1" 404 1089
181.212.42.153 - - [26/Apr/2022:11:23:02 -0300] "GET /cormun/static/Shared/jqueryui/images/ui-bg_highlight-soft_100_c6c2c8_1x100.png HTTP/1.1" 404 1117
181.212.42.153 - - [26/Apr/2022:11:23:02 -0300] "GET /cormun/static/Shared/jqueryui/images/ui-bg_flat_55_fafafa_40x100.png HTTP/1.1" 404 1097
181.212.42.153 - - [26/Apr/2022:11:23:02 -0300] "GET /cormun/static/Shared/jqueryui/images/ui-icons_8d78a5_256x240.png HTTP/1.1" 404 1089
181.212.42.153 - - [26/Apr/2022:11:23:02 -0300] "POST /cormun/servlet/trautorizarsolicitud?5b3c5dcf9017d488c285862a6d434a41,,gx-no-cache=1650982597131 HTTP/1.1" 200 4534
181.212.43.89 - - [26/Apr/2022:11:23:03 -0300] "GET /cormun/servlet/solicitudotadjuntos?INS,2022,18528,,1, HTTP/1.1" 200 6055
181.212.43.89 - - [26/Apr/2022:11:23:03 -0300] "GET /cormun/static/about:blank HTTP/1.1" 404 1011
181.212.43.89 - - [26/Apr/2022:11:23:03 -0300] "GET /cormun/servlet/solicitudotadjuntos?INS,2022,18528,,1, HTTP/1.1" 200 6049
181.212.43.89 - - [26/Apr/2022:11:23:04 -0300] "GET /cormun/servlet/solicitudotadjuntos?dbf94275caf18685bb4af911edfa4c81c4eee3ffbfab8bdc90d7b4108437dde095eddddf18212daa213e666bd25e6cbe,gx-no-cache=1650982234081 HTTP/1.1" 200 30
181.212.43.89 - - [26/Apr/2022:11:23:04 -0300] "POST /cormun/servlet/solicitudotadjuntos?5ed9e8aa95760ae50e574350a15c48bf,INS,2022,18528,,1,,gx-no-cache=1650982234115 HTTP/1.1" 200 3887
181.212.43.89 - - [26/Apr/2022:11:23:07 -0300] "POST /cormun/servlet/solicitudotadjuntos?gx-no-cache=1650982237124 HTTP/1.1" 200 26
190.171.141.114 - - [26/Apr/2022:11:23:13 -0300] "GET /cormun/servlet/permisogoce?52c881335159d75efe69709b525f44fc571582888b2c1e4ae7290dc665caca15ebd7e353debef6a78731287317af71652b19c8ad0edff7d899973541fe874880,gx-no-cache=1650982244768 HTTP/1.1" 200 44
181.212.43.89 - - [26/Apr/2022:11:23:15 -0300] "GET /cormun/servlet/solicitudotadjuntos?dbf94275caf18685bb4af911edfa4c81bab3d6bedd9c9e77a1d049a743913187,gx-no-cache=1650982245162 HTTP/1.1" 200 30
181.212.43.89 - - [26/Apr/2022:11:23:15 -0300] "GET /cormun/servlet/solicitudotadjuntos?dbf94275caf18685bb4af911edfa4c81bab3d6bedd9c9e77a1d049a743913187,gx-no-cache=1650982245185 HTTP/1.1" 200 30
181.212.43.89 - - [26/Apr/2022:11:23:16 -0300] "POST /cormun/servlet/solicitudotadjuntos?5ed9e8aa95760ae50e574350a15c48bf,INS,2022,18528,,1, HTTP/1.1" 200 116
181.212.43.89 - - [26/Apr/2022:11:23:16 -0300] "GET /cormun/servlet/hpexe_return? HTTP/1.1" 200 1028
181.212.43.89 - - [26/Apr/2022:11:23:16 -0300] "GET /cormun/servlet/trsolicitudadjuntos?2022,18528, HTTP/1.1" 200 9631
181.212.43.89 - - [26/Apr/2022:11:23:17 -0300] "GET /cormun/servlet/trsolicitudadjuntos?2022,18528, HTTP/1.1" 200 9630
181.212.43.89 - - [26/Apr/2022:11:23:19 -0300] "GET /cormun/servlet/solicitudotadjuntos?INS,2022,18528,,1, HTTP/1.1" 200 6055
181.212.43.89 - - [26/Apr/2022:11:23:19 -0300] "GET /cormun/static/about:blank HTTP/1.1" 404 1011
181.212.43.89 - - [26/Apr/2022:11:23:19 -0300] "GET /cormun/servlet/solicitudotadjuntos?INS,2022,18528,,1, HTTP/1.1" 200 6049
190.171.141.114 - - [26/Apr/2022:11:23:20 -0300] "POST /cormun/servlet/permisogoce?33cdd23ccc6a24c2e85930775417f59c,INS,0,,,,gx-no-cache=1650982250170 HTTP/1.1" 200 93
190.171.141.114 - - [26/Apr/2022:11:23:20 -0300] "GET /cormun/servlet/hpexe_return? HTTP/1.1" 200 1005
181.212.43.89 - - [26/Apr/2022:11:23:20 -0300] "GET /cormun/servlet/solicitudotadjuntos?dbf94275caf18685bb4af911edfa4c81c4eee3ffbfab8bdc90d7b4108437dde095eddddf18212daa213e666bd25e6cbe,gx-no-cache=1650982249928 HTTP/1.1" 200 30
181.212.43.89 - - [26/Apr/2022:11:23:20 -0300] "POST /cormun/servlet/solicitudotadjuntos?5ed9e8aa95760ae50e574350a15c48bf,INS,2022,18528,,1,,gx-no-cache=1650982249953 HTTP/1.1" 200 3887
190.171.141.114 - - [26/Apr/2022:11:23:20 -0300] "GET /cormun/servlet/trpermisosgoce HTTP/1.1" 200 11315
190.171.141.114 - - [26/Apr/2022:11:23:20 -0300] "GET /cormun/servlet/trpermisosgoce HTTP/1.1" 200 11323
181.212.43.89 - - [26/Apr/2022:11:23:22 -0300] "POST /cormun/servlet/solicitudotadjuntos?gx-no-cache=1650982252684 HTTP/1.1" 200 26
190.171.141.114 - - [26/Apr/2022:11:23:25 -0300] "GET /cormun/servlet/apermisogoceprn?15125673,P,20220426100402,PU HTTP/1.1" 200 1646
192.168.10.11 - - [26/Apr/2022:11:23:30 -0300] "GET / HTTP/1.1" 200 11217
181.212.43.89 - - [26/Apr/2022:11:23:31 -0300] "GET /cormun/servlet/solicitudotadjuntos?dbf94275caf18685bb4af911edfa4c81bab3d6bedd9c9e77a1d049a743913187,gx-no-cache=1650982260851 HTTP/1.1" 200 30
181.212.43.89 - - [26/Apr/2022:11:23:31 -0300] "GET /cormun/servlet/solicitudotadjuntos?dbf94275caf18685bb4af911edfa4c81bab3d6bedd9c9e77a1d049a743913187,gx-no-cache=1650982260873 HTTP/1.1" 200 30
181.212.43.89 - - [26/Apr/2022:11:23:31 -0300] "POST /cormun/servlet/solicitudotadjuntos?5ed9e8aa95760ae50e574350a15c48bf,INS,2022,18528,,1, HTTP/1.1" 200 116
181.212.43.89 - - [26/Apr/2022:11:23:31 -0300] "GET /cormun/servlet/hpexe_return? HTTP/1.1" 200 1028
181.212.43.89 - - [26/Apr/2022:11:23:31 -0300] "GET /cormun/servlet/trsolicitudadjuntos?2022,18528, HTTP/1.1" 200 9890
181.212.43.89 - - [26/Apr/2022:11:23:32 -0300] "GET /cormun/servlet/trsolicitudadjuntos?2022,18528, HTTP/1.1" 200 9892
181.212.43.89 - - [26/Apr/2022:11:23:34 -0300] "GET /cormun/servlet/solicitudotadjuntos?INS,2022,18528,,1, HTTP/1.1" 200 6055
181.212.43.89 - - [26/Apr/2022:11:23:34 -0300] "GET /cormun/static/about:blank HTTP/1.1" 404 1011
181.212.43.89 - - [26/Apr/2022:11:23:34 -0300] "GET /cormun/servlet/solicitudotadjuntos?INS,2022,18528,,1, HTTP/1.1" 200 6049
181.212.43.89 - - [26/Apr/2022:11:23:35 -0300] "GET /cormun/servlet/solicitudotadjuntos?dbf94275caf18685bb4af911edfa4c81c4eee3ffbfab8bdc90d7b4108437dde095eddddf18212daa213e666bd25e6cbe,gx-no-cache=1650982265010 HTTP/1.1" 200 30
181.212.43.89 - - [26/Apr/2022:11:23:35 -0300] "POST /cormun/servlet/solicitudotadjuntos?5ed9e8aa95760ae50e574350a15c48bf,INS,2022,18528,,1,,gx-no-cache=1650982265037 HTTP/1.1" 200 3887
181.212.43.89 - - [26/Apr/2022:11:23:43 -0300] "POST /cormun/servlet/solicitudotadjuntos?gx-no-cache=1650982272936 HTTP/1.1" 200 26
181.212.43.89 - - [26/Apr/2022:11:23:50 -0300] "GET /cormun/servlet/solicitudotadjuntos?dbf94275caf18685bb4af911edfa4c81bab3d6bedd9c9e77a1d049a743913187,gx-no-cache=1650982280073 HTTP/1.1" 200 30
181.212.43.89 - - [26/Apr/2022:11:23:50 -0300] "GET /cormun/servlet/solicitudotadjuntos?dbf94275caf18685bb4af911edfa4c81bab3d6bedd9c9e77a1d049a743913187,gx-no-cache=1650982280135 HTTP/1.1" 200 30
181.212.43.89 - - [26/Apr/2022:11:23:50 -0300] "POST /cormun/servlet/solicitudotadjuntos?5ed9e8aa95760ae50e574350a15c48bf,INS,2022,18528,,1, HTTP/1.1" 200 116
192.168.10.96 - - [26/Apr/2022:11:23:50 -0300] "POST /cormun/servlet/trsolicitudgral?20347531d677c48e300056ebf3a5f551,,gx-no-cache=1650982108716 HTTP/1.1" 200 8760
181.212.43.89 - - [26/Apr/2022:11:23:50 -0300] "GET /cormun/servlet/hpexe_return? HTTP/1.1" 200 1028
181.212.43.89 - - [26/Apr/2022:11:23:51 -0300] "GET /cormun/servlet/trsolicitudadjuntos?2022,18528, HTTP/1.1" 200 10093
192.168.10.96 - - [26/Apr/2022:11:23:51 -0300] "GET /cormun/servlet/vesolicitudgral?2022,18404,, HTTP/1.1" 200 8381
192.168.10.96 - - [26/Apr/2022:11:23:51 -0300] "GET /cormun/pexe_scrolldiv.js HTTP/1.1" 404 1009
192.168.10.96 - - [26/Apr/2022:11:23:51 -0300] "GET /cormun/servlet/vesolicitudgral?2022,18404,, HTTP/1.1" 200 8380
181.212.43.89 - - [26/Apr/2022:11:23:52 -0300] "GET /cormun/servlet/trsolicitudadjuntos?2022,18528, HTTP/1.1" 200 10091
192.168.10.96 - - [26/Apr/2022:11:23:54 -0300] "GET /cormun/servlet/trsolicitudgral? HTTP/1.1" 200 11698
192.168.10.96 - - [26/Apr/2022:11:23:55 -0300] "GET /cormun/servlet/trsolicitudgral? HTTP/1.1" 200 11694
192.168.10.96 - - [26/Apr/2022:11:23:57 -0300] "POST /cormun/servlet/trsolicitudgral?20347531d677c48e300056ebf3a5f551,,gx-no-cache=1650982115574 HTTP/1.1" 200 8376
192.168.10.96 - - [26/Apr/2022:11:24:01 -0300] "GET /cormun/servlet/vesolicitudgral?2022,18389,, HTTP/1.1" 200 8375
192.168.10.96 - - [26/Apr/2022:11:24:01 -0300] "GET /cormun/pexe_scrolldiv.js HTTP/1.1" 404 1009
192.168.10.96 - - [26/Apr/2022:11:24:01 -0300] "GET /cormun/servlet/vesolicitudgral?2022,18389,, HTTP/1.1" 200 8375
192.168.10.17 - - [26/Apr/2022:11:24:03 -0300] "GET /cormun/servlet/trsolicitudgral? HTTP/1.1" 200 12623
192.168.10.17 - - [26/Apr/2022:11:24:03 -0300] "GET /cormun/servlet/trsolicitudgral? HTTP/1.1" 200 12619
192.168.10.96 - - [26/Apr/2022:11:24:04 -0300] "POST /cormun/servlet/vesolicitudgral?20347531d677c48e300056ebf3a5f551,2022,18389,,,gx-no-cache=1650982122958 HTTP/1.1" 200 12069
192.168.10.96 - - [26/Apr/2022:11:24:04 -0300] "POST /cormun/servlet/vesolicitudgral?20347531d677c48e300056ebf3a5f551,2022,18389,,,gx-no-cache=1650982123149 HTTP/1.1" 200 12002
192.168.10.96 - - [26/Apr/2022:11:24:06 -0300] "GET /cormun/servlet/trsolicitudgral? HTTP/1.1" 200 10807
192.168.10.96 - - [26/Apr/2022:11:24:06 -0300] "GET /cormun/servlet/trsolicitudgral? HTTP/1.1" 200 10802
181.212.43.89 - - [26/Apr/2022:11:24:08 -0300] "POST /cormun/servlet/trsolicitudadjuntos?5ed9e8aa95760ae50e574350a15c48bf,2022,18528,,gx-no-cache=1650982297762 HTTP/1.1" 200 90
181.212.43.89 - - [26/Apr/2022:11:24:08 -0300] "GET /cormun/servlet/hpexe_link HTTP/1.1" 200 971
181.212.43.89 - - [26/Apr/2022:11:24:08 -0300] "GET /cormun/servlet/trsolicitudot HTTP/1.1" 200 8649
181.212.43.89 - - [26/Apr/2022:11:24:09 -0300] "GET /cormun/servlet/trsolicitudot HTTP/1.1" 200 8648
192.168.10.17 - - [26/Apr/2022:11:24:19 -0300] "GET /cormun/servlet/vesolicitudgral?2022,18406,, HTTP/1.1" 200 8406
192.168.10.17 - - [26/Apr/2022:11:24:19 -0300] "GET /cormun/pexe_scrolldiv.js HTTP/1.1" 404 1009
192.168.10.17 - - [26/Apr/2022:11:24:19 -0300] "GET /cormun/servlet/vesolicitudgral?2022,18406,, HTTP/1.1" 200 8405
192.168.10.96 - - [26/Apr/2022:11:24:23 -0300] "GET /cormun/servlet/vesolicitudgral?2022,18355,, HTTP/1.1" 200 8357
192.168.10.96 - - [26/Apr/2022:11:24:23 -0300] "GET /cormun/pexe_scrolldiv.js HTTP/1.1" 404 1009
192.168.10.96 - - [26/Apr/2022:11:24:24 -0300] "GET /cormun/servlet/vesolicitudgral?2022,18355,, HTTP/1.1" 200 8357
192.168.10.96 - - [26/Apr/2022:11:24:28 -0300] "POST /cormun/servlet/vesolicitudgral?20347531d677c48e300056ebf3a5f551,2022,18355,,,gx-no-cache=1650982146956 HTTP/1.1" 200 90
192.168.10.96 - - [26/Apr/2022:11:24:28 -0300] "GET /cormun/servlet/hpexe_link HTTP/1.1" 200 972
192.168.10.96 - - [26/Apr/2022:11:24:28 -0300] "GET /cormun/servlet/trsolicitudgral HTTP/1.1" 200 10803
192.168.10.96 - - [26/Apr/2022:11:24:29 -0300] "GET /cormun/servlet/trsolicitudgral HTTP/1.1" 200 10802
192.168.10.11 - - [26/Apr/2022:11:24:30 -0300] "GET / HTTP/1.1" 200 11217
190.171.141.90 - - [26/Apr/2022:11:24:35 -0300] "POST /cormun/servlet/trlicencias?e218f6ff0c25c99cb1a6e176dbccbeb4,gx-no-cache=1650982325159 HTTP/1.1" 200 5800
192.168.10.96 - - [26/Apr/2022:11:24:38 -0300] "POST /cormun/servlet/trsolicitudgral?20347531d677c48e300056ebf3a5f551,gx-no-cache=1650982156220 HTTP/1.1" 200 5485
192.168.10.96 - - [26/Apr/2022:11:24:39 -0300] "GET /cormun/servlet/trautorizarot? HTTP/1.1" 200 16043
192.168.10.96 - - [26/Apr/2022:11:24:40 -0300] "GET /cormun/servlet/trautorizarot? HTTP/1.1" 200 16043
192.168.10.96 - - [26/Apr/2022:11:24:44 -0300] "GET /cormun/servlet/trsolicitudgral? HTTP/1.1" 200 8288
192.168.10.96 - - [26/Apr/2022:11:24:45 -0300] "GET /cormun/servlet/trsolicitudgral? HTTP/1.1" 200 8288
181.212.43.89 - - [26/Apr/2022:11:24:50 -0300] "POST /cormun/servlet/trsolicitudot?5ed9e8aa95760ae50e574350a15c48bf,gx-no-cache=1650982339944 HTTP/1.1" 200 4600
181.212.43.89 - - [26/Apr/2022:11:24:50 -0300] "GET /cormun/static/Shared/jqueryui/images/ui-bg_highlight-soft_100_c6c2c8_1x100.png HTTP/1.1" 404 1117
181.212.43.89 - - [26/Apr/2022:11:24:50 -0300] "GET /cormun/static/Shared/jqueryui/images/ui-icons_82798d_256x240.png HTTP/1.1" 404 1089
181.212.43.89 - - [26/Apr/2022:11:24:50 -0300] "GET /cormun/static/Shared/jqueryui/images/ui-bg_flat_55_fafafa_40x100.png HTTP/1.1" 404 1097
181.212.43.89 - - [26/Apr/2022:11:24:50 -0300] "GET /cormun/static/Shared/jqueryui/images/ui-icons_8d78a5_256x240.png HTTP/1.1" 404 1089
181.212.43.89 - - [26/Apr/2022:11:24:50 -0300] "POST /cormun/servlet/trsolicitudot?5ed9e8aa95760ae50e574350a15c48bf,gx-no-cache=1650982340290 HTTP/1.1" 200 4343
192.168.10.96 - - [26/Apr/2022:11:24:51 -0300] "POST /cormun/servlet/trsolicitudgral?20347531d677c48e300056ebf3a5f551,,gx-no-cache=1650982169811 HTTP/1.1" 200 8579
192.168.10.96 - - [26/Apr/2022:11:25:27 -0300] "GET /cormun/servlet/vesolicitudgral?2022,18415,, HTTP/1.1" 200 8342
192.168.10.96 - - [26/Apr/2022:11:25:27 -0300] "GET /cormun/pexe_scrolldiv.js HTTP/1.1" 404 1009
192.168.10.96 - - [26/Apr/2022:11:25:27 -0300] "GET /cormun/servlet/vesolicitudgral?2022,18415,, HTTP/1.1" 200 8342
192.168.10.96 - - [26/Apr/2022:11:25:29 -0300] "GET /cormun/servlet/trsolicitudgral? HTTP/1.1" 200 11575
192.168.10.11 - - [26/Apr/2022:11:25:30 -0300] "GET / HTTP/1.1" 200 11217
192.168.10.96 - - [26/Apr/2022:11:25:30 -0300] "GET /cormun/servlet/trsolicitudgral? HTTP/1.1" 200 11575
192.168.10.17 - - [26/Apr/2022:11:26:12 -0300] "GET /cormun/servlet/vesolicitudgral?2022,18406,,SolicitudOTAdjuntos HTTP/1.1" 200 10772
192.168.10.17 - - [26/Apr/2022:11:26:12 -0300] "GET /cormun/pexe_scrolldiv.js HTTP/1.1" 404 1009
192.168.10.17 - - [26/Apr/2022:11:26:13 -0300] "GET /cormun/servlet/vesolicitudgral?2022,18406,,SolicitudOTAdjuntos HTTP/1.1" 200 10773
192.168.10.17 - - [26/Apr/2022:11:26:13 -0300] "POST /cormun/servlet/acontrolpreferencessavestate?None,RRHH+DANIELA,true HTTP/1.1" 200 35
192.168.10.17 - - [26/Apr/2022:11:26:20 -0300] "GET /cormun/PublicTempStorage/rut5180248.pdf HTTP/1.1" 200 66869
192.168.10.11 - - [26/Apr/2022:11:26:30 -0300] "GET / HTTP/1.1" 200 11217
192.168.10.96 - - [26/Apr/2022:11:26:44 -0300] "POST /cormun/servlet/trsolicitudgral?20347531d677c48e300056ebf3a5f551,,gx-no-cache=1650982282829 HTTP/1.1" 200 6682
192.168.10.17 - - [26/Apr/2022:11:26:46 -0300] "GET /cormun/servlet/vesolicitudgral?2022,18406,,SolicitudOTAdjuntos HTTP/1.1" 200 10772
192.168.10.17 - - [26/Apr/2022:11:26:46 -0300] "GET /cormun/servlet/vesolicitudgral?2022,18406,,SolicitudOTAdjuntos HTTP/1.1" 200 10773
192.168.10.17 - - [26/Apr/2022:11:26:47 -0300] "POST /cormun/servlet/acontrolpreferencessavestate?None,RRHH+DANIELA,true HTTP/1.1" 200 35
192.168.10.17 - - [26/Apr/2022:11:26:48 -0300] "GET /cormun/PublicTempStorage/curriculum6719944.pdf HTTP/1.1" 200 278255
192.168.10.11 - - [26/Apr/2022:11:27:30 -0300] "GET / HTTP/1.1" 200 11217
192.168.10.11 - - [26/Apr/2022:11:28:30 -0300] "GET / HTTP/1.1" 200 11217
192.168.10.17 - - [26/Apr/2022:11:29:21 -0300] "GET /cormun/servlet/vesolicitudgral?2022,18406,,SolicitudOTAdjuntos HTTP/1.1" 200 10775
192.168.10.17 - - [26/Apr/2022:11:29:21 -0300] "GET /cormun/servlet/vesolicitudgral?2022,18406,,SolicitudOTAdjuntos HTTP/1.1" 200 10776
192.168.10.17 - - [26/Apr/2022:11:29:22 -0300] "POST /cormun/servlet/acontrolpreferencessavestate?None,RRHH+DANIELA,true HTTP/1.1" 200 35
192.168.10.17 - - [26/Apr/2022:11:29:23 -0300] "GET /cormun/PublicTempStorage/afp9357347.pdf HTTP/1.1" 200 80086
190.171.142.10 - - [26/Apr/2022:11:29:24 -0300] "GET /cormun/servlet/hlogin HTTP/1.1" 200 1724
190.171.142.10 - - [26/Apr/2022:11:29:25 -0300] "GET /cormun/servlet/hlogin HTTP/1.1" 200 1735
192.168.10.11 - - [26/Apr/2022:11:29:30 -0300] "GET / HTTP/1.1" 200 11217
190.171.142.10 - - [26/Apr/2022:11:29:36 -0300] "POST /cormun/servlet/hlogin?8ee6e9e9f4fe1e9b8217cdffcc683988,gx-no-cache=1650982626387 HTTP/1.1" 200 90
190.171.142.10 - - [26/Apr/2022:11:29:36 -0300] "GET /cormun/servlet/hpexe_link HTTP/1.1" 200 952
190.171.142.10 - - [26/Apr/2022:11:29:36 -0300] "GET /cormun/servlet/hhome HTTP/1.1" 200 4116
190.171.142.10 - - [26/Apr/2022:11:29:36 -0300] "GET /cormun/servlet/hhome HTTP/1.1" 200 4112
190.171.142.10 - - [26/Apr/2022:11:29:40 -0300] "GET /cormun/servlet/trlicencias? HTTP/1.1" 200 16873
190.171.142.10 - - [26/Apr/2022:11:29:40 -0300] "GET /cormun/servlet/trlicencias? HTTP/1.1" 200 16870
192.168.10.17 - - [26/Apr/2022:11:29:44 -0300] "GET /cormun/servlet/vesolicitudgral?2022,18406,,SolicitudOTAdjuntos HTTP/1.1" 200 10774
192.168.10.17 - - [26/Apr/2022:11:29:45 -0300] "GET /cormun/servlet/vesolicitudgral?2022,18406,,SolicitudOTAdjuntos HTTP/1.1" 200 10775
192.168.10.17 - - [26/Apr/2022:11:29:45 -0300] "POST /cormun/servlet/acontrolpreferencessavestate?None,RRHH+DANIELA,true HTTP/1.1" 200 35
192.168.10.17 - - [26/Apr/2022:11:29:46 -0300] "GET /cormun/PublicTempStorage/fonasa2216961.pdf HTTP/1.1" 200 83333
192.168.10.17 - - [26/Apr/2022:11:30:02 -0300] "GET /cormun/servlet/vesolicitudgral?2022,18406,,SolicitudOTAdjuntos HTTP/1.1" 200 10775
192.168.10.17 - - [26/Apr/2022:11:30:02 -0300] "GET /cormun/servlet/vesolicitudgral?2022,18406,,SolicitudOTAdjuntos HTTP/1.1" 200 10774
192.168.10.17 - - [26/Apr/2022:11:30:03 -0300] "POST /cormun/servlet/acontrolpreferencessavestate?None,RRHH+DANIELA,true HTTP/1.1" 200 35
192.168.10.17 - - [26/Apr/2022:11:30:07 -0300] "GET /cormun/servlet/vesolicitudgral?2022,18406,,General HTTP/1.1" 200 8407
192.168.10.17 - - [26/Apr/2022:11:30:07 -0300] "GET /cormun/pexe_scrolldiv.js HTTP/1.1" 404 1009
192.168.10.17 - - [26/Apr/2022:11:30:07 -0300] "GET /cormun/servlet/vesolicitudgral?2022,18406,,General HTTP/1.1" 200 8407
192.168.10.11 - - [26/Apr/2022:11:30:30 -0300] "GET / HTTP/1.1" 200 11217
192.168.10.11 - - [26/Apr/2022:11:31:30 -0300] "GET / HTTP/1.1" 200 11217
192.168.10.11 - - [26/Apr/2022:11:32:30 -0300] "GET / HTTP/1.1" 200 11217
192.168.10.17 - - [26/Apr/2022:11:32:31 -0300] "GET /cormun/servlet/trsolicitudgral? HTTP/1.1" 200 12218
192.168.10.17 - - [26/Apr/2022:11:32:31 -0300] "GET /cormun/servlet/trsolicitudgral? HTTP/1.1" 200 12209
192.168.10.17 - - [26/Apr/2022:11:32:34 -0300] "GET /cormun/servlet/vesolicitudgral?2022,18399,, HTTP/1.1" 200 8362
192.168.10.17 - - [26/Apr/2022:11:32:34 -0300] "GET /cormun/pexe_scrolldiv.js HTTP/1.1" 404 1009
192.168.10.17 - - [26/Apr/2022:11:32:34 -0300] "GET /cormun/servlet/vesolicitudgral?2022,18399,, HTTP/1.1" 200 8361
190.171.141.90 - - [26/Apr/2022:11:33:22 -0300] "GET /cormun/servlet/trlicencias? HTTP/1.1" 200 8504
190.171.141.90 - - [26/Apr/2022:11:33:22 -0300] "GET /cormun/servlet/trlicencias? HTTP/1.1" 200 8504
192.168.10.11 - - [26/Apr/2022:11:33:30 -0300] "GET / HTTP/1.1" 200 11217
192.168.10.11 - - [26/Apr/2022:11:34:30 -0300] "GET / HTTP/1.1" 200 11217
192.168.10.17 - - [26/Apr/2022:11:35:14 -0300] "GET /cormun/servlet/vesolicitudgral?2022,18399,,SolicitudOTAdjuntos HTTP/1.1" 200 10787
192.168.10.17 - - [26/Apr/2022:11:35:14 -0300] "GET /cormun/pexe_scrolldiv.js HTTP/1.1" 404 1009
192.168.10.17 - - [26/Apr/2022:11:35:14 -0300] "GET /cormun/servlet/vesolicitudgral?2022,18399,,SolicitudOTAdjuntos HTTP/1.1" 200 10791
192.168.10.17 - - [26/Apr/2022:11:35:15 -0300] "POST /cormun/servlet/acontrolpreferencessavestate?None,RRHH+DANIELA,true HTTP/1.1" 200 35
192.168.10.11 - - [26/Apr/2022:11:35:30 -0300] "GET / HTTP/1.1" 200 11217
192.168.10.17 - - [26/Apr/2022:11:35:43 -0300] "GET /cormun/PublicTempStorage/doc024446202204011319577812756.pdf HTTP/1.1" 200 118575
192.168.10.17 - - [26/Apr/2022:11:35:53 -0300] "GET /cormun/servlet/vesolicitudgral?2022,18399,,SolicitudOTAdjuntos HTTP/1.1" 200 10789
192.168.10.17 - - [26/Apr/2022:11:35:53 -0300] "GET /cormun/servlet/vesolicitudgral?2022,18399,,SolicitudOTAdjuntos HTTP/1.1" 200 10789
192.168.10.17 - - [26/Apr/2022:11:35:54 -0300] "POST /cormun/servlet/acontrolpreferencessavestate?None,RRHH+DANIELA,true HTTP/1.1" 200 35
192.168.10.17 - - [26/Apr/2022:11:35:57 -0300] "GET /cormun/PublicTempStorage/doc024444202204011319409766943.pdf HTTP/1.1" 200 491921
192.168.10.17 - - [26/Apr/2022:11:36:18 -0300] "GET /cormun/servlet/vesolicitudgral?2022,18399,,SolicitudOTAdjuntos HTTP/1.1" 200 10789
192.168.10.17 - - [26/Apr/2022:11:36:18 -0300] "GET /cormun/servlet/vesolicitudgral?2022,18399,,SolicitudOTAdjuntos HTTP/1.1" 200 10788
192.168.10.17 - - [26/Apr/2022:11:36:19 -0300] "POST /cormun/servlet/acontrolpreferencessavestate?None,RRHH+DANIELA,true HTTP/1.1" 200 35
192.168.10.17 - - [26/Apr/2022:11:36:21 -0300] "GET /cormun/PublicTempStorage/doc024447202204011320074940351.pdf HTTP/1.1" 200 134551
192.168.10.11 - - [26/Apr/2022:11:36:30 -0300] "GET / HTTP/1.1" 200 11217
192.168.10.17 - - [26/Apr/2022:11:36:31 -0300] "GET /cormun/servlet/vesolicitudgral?2022,18399,,SolicitudOTAdjuntos HTTP/1.1" 200 10787
192.168.10.17 - - [26/Apr/2022:11:36:32 -0300] "GET /cormun/servlet/vesolicitudgral?2022,18399,,SolicitudOTAdjuntos HTTP/1.1" 200 10790
192.168.10.17 - - [26/Apr/2022:11:36:33 -0300] "POST /cormun/servlet/acontrolpreferencessavestate?None,RRHH+DANIELA,true HTTP/1.1" 200 35
