181.212.43.89 - - [25/Apr/2022:14:51:00 -0300] "GET /cormun/servlet/solicitudot?d9ce66b5115153865a9412058f26b2bf94f46ce35e5a219c813898011d897c5eaa652cf4571c98ea85c25650920b23c7179564b5c37f5186269dd13be42c549c,gx-no-cache=1650908310514 HTTP/1.1" 200 30
181.212.43.89 - - [25/Apr/2022:14:51:00 -0300] "GET /cormun/servlet/solicitudot?d9ce66b5115153865a9412058f26b2bf906660daa12be0a852fc49e6406ac107e30e6aa9346fb1659189b978289e33571965c5f8a60676fb0f4240a66671f8bfb90c26e918b2805f8fcb7ee7972c59128159bbfe0a35c0673611655df903ba3a,gx-no-cache=1650908310548 HTTP/1.1" 200 70
181.212.43.89 - - [25/Apr/2022:14:51:00 -0300] "POST /cormun/servlet/solicitudot?gx-no-cache=1650908310596 HTTP/1.1" 200 239
181.212.43.89 - - [25/Apr/2022:14:51:00 -0300] "GET /cormun/servlet/solicitudot?d9ce66b5115153865a9412058f26b2bfd2560d212088cfbe3de07cc86ecb8e0c1bd2beab52c5d2e64e4e0a015e3f78e8cfeb83afa87e170917c8617e2ea39b48ddb50bc37ed3e21c91fd8f4f04a9a7af167adddb6ade1226d1a12c9a0b9b771e55210f619091668a2170500378a667c367ba050a830a1296a9d81cdc49ddc3f108746a003dcd0acdc56bb7fcbdeca3fa4750f195004f65b4a806d67ca8fd9772e0c9621beca08103f1b28bc7e9006225f00e62ff717dbbcf540d767a0ea16ff441e28090c4599c36672b2285d74c594328f2e12e959db9e225ede35feebf6bc0054c904a019f4463da9db8678a6f98602d21e530d5600a2405b91e4a816739fd1860ffdfb5a6678bd8a40f6dbe18dfff9eb54c1c937dd338299a9926731a8031bf9b6d8ba1447d93e4397d3b020984931e1dc71443d468ee655656ea86b874d717eccad701dd3bb928e1777441d69d302e565f1fffdd0a6ed9c004c0b63b8976ade410bc520364182093f3700db341c1eb7fbe3fb73617457fdf10152ca7f0b5,gx-no-cache=1650908310657 HTTP/1.1" 200 30
181.212.43.89 - - [25/Apr/2022:14:51:00 -0300] "POST /cormun/servlet/solicitudot?gx-no-cache=1650908310729 HTTP/1.1" 200 30
181.212.43.89 - - [25/Apr/2022:14:51:00 -0300] "POST /cormun/servlet/solicitudot?gx-no-cache=1650908310786 HTTP/1.1" 200 1454
181.212.43.89 - - [25/Apr/2022:14:51:00 -0300] "POST /cormun/servlet/solicitudot?gx-no-cache=1650908310917 HTTP/1.1" 200 41
181.212.43.89 - - [25/Apr/2022:14:51:02 -0300] "GET /cormun/servlet/solicitudot?d9ce66b5115153865a9412058f26b2bfcdc24053b3436fc77f334a294733278b086a4708189f4e4f28581858a2b254ea360939e91f2bf7178dab36d157f85267c41eef25ae6922571ad3800102b113b7b56bda91cef5fe56f506da5465735302477a641e0da72c6fcbc0837f370e2e7e,gx-no-cache=1650908312466 HTTP/1.1" 200 110
181.212.43.89 - - [25/Apr/2022:14:51:02 -0300] "POST /cormun/servlet/solicitudot?gx-no-cache=1650908312514 HTTP/1.1" 200 97
186.173.41.57 - - [25/Apr/2022:14:51:04 -0300] "GET /cormun/servlet/solicitudotadjuntos?INS,2022,18520,,1, HTTP/1.1" 200 6403
186.173.41.57 - - [25/Apr/2022:14:51:05 -0300] "GET /cormun/static/about:blank HTTP/1.1" 404 1011
186.172.214.237 - - [25/Apr/2022:14:51:05 -0300] "GET /cormun/servlet/solicitudotadjuntos?INS,2022,18520,,1, HTTP/1.1" 200 6396
186.172.214.237 - - [25/Apr/2022:14:51:05 -0300] "GET /cormun/servlet/solicitudotadjuntos?2526defd9cdcc446bd4fcd367a1a265ae4f2a26c8d8f8f195779a097cccc4b80e8bc6b2146c2dc2e76bddc44b8e13f0f,gx-no-cache=1650908316858 HTTP/1.1" 200 30
181.212.43.89 - - [25/Apr/2022:14:51:05 -0300] "GET /cormun/servlet/solicitudot?d9ce66b5115153865a9412058f26b2bf3850657de89d1644a77fb5f3ce03743e48e28871b59056c2dc8868a243d6f9bf36aaa24f114625ec381a53f9a90662193182892de1c0fdc5f1c97c3c3896077ef9a1033e77ce78949215b177a9f8bb8cc1d9034b9e3483049a28bec9145494e8081249d58858748f503d13747d31e50f4e483fe9569887503e7101bdd25f359e0b1c2f7f9ce60ee36abd23a460d3828d963dd4789e3b36e60600f34a0040cf07bd1bb3d487bfb1f3725606bd21acca7fbc5a81cbab0b00a38cb6073200e57bb5,gx-no-cache=1650908315782 HTTP/1.1" 200 30
186.172.214.237 - - [25/Apr/2022:14:51:05 -0300] "POST /cormun/servlet/solicitudotadjuntos?160e31f79adc56a664497cc1775b8d3b,INS,2022,18520,,1,,gx-no-cache=1650908316933 HTTP/1.1" 200 4150
190.171.143.82 - - [25/Apr/2022:14:51:07 -0300] "GET /cormun/servlet/hlogin HTTP/1.1" 200 1725
181.212.43.89 - - [25/Apr/2022:14:51:08 -0300] "GET /cormun/servlet/solicitudot?d9ce66b5115153865a9412058f26b2bf020b56a56cfc9c1e7e7b936d2986d1ce6af5640cd7525dedcc8b7dc63dceede1,gx-no-cache=1650908318715 HTTP/1.1" 200 30
181.212.43.89 - - [25/Apr/2022:14:51:08 -0300] "POST /cormun/servlet/solicitudot?gx-no-cache=1650908318753 HTTP/1.1" 200 32
181.212.43.89 - - [25/Apr/2022:14:51:09 -0300] "POST /cormun/servlet/solicitudot?8105e48015b6c0cc580a75cb46bf89c0,UPD,2022,18521,false,,gx-no-cache=1650908318839 HTTP/1.1" 200 93
181.212.43.89 - - [25/Apr/2022:14:51:09 -0300] "GET /cormun/servlet/hpexe_return? HTTP/1.1" 200 1018
181.212.43.89 - - [25/Apr/2022:14:51:09 -0300] "GET /cormun/servlet/trsolicitudot HTTP/1.1" 200 9074
181.212.43.89 - - [25/Apr/2022:14:51:10 -0300] "GET /cormun/servlet/trsolicitudot HTTP/1.1" 200 9068
190.171.143.82 - - [25/Apr/2022:14:51:10 -0300] "POST /cormun/servlet/hlogin?0f0d49a7113521281bcf7006a8ce5b62,gx-no-cache=1650908320453 HTTP/1.1" 200 90
190.171.143.82 - - [25/Apr/2022:14:51:10 -0300] "GET /cormun/servlet/hpexe_link HTTP/1.1" 200 961
186.172.214.237 - - [25/Apr/2022:14:51:13 -0300] "POST /cormun/servlet/solicitudotadjuntos?gx-no-cache=1650908324826 HTTP/1.1" 200 26
192.168.10.11 - - [25/Apr/2022:14:51:18 -0300] "GET / HTTP/1.1" 200 11217
186.172.214.237 - - [25/Apr/2022:14:51:27 -0300] "GET /cormun/servlet/solicitudotadjuntos?2526defd9cdcc446bd4fcd367a1a265aa0915c4d06f384af96fa3051028e07b0,gx-no-cache=1650908338981 HTTP/1.1" 200 30
186.172.214.237 - - [25/Apr/2022:14:51:27 -0300] "GET /cormun/servlet/solicitudotadjuntos?2526defd9cdcc446bd4fcd367a1a265aa0915c4d06f384af96fa3051028e07b0,gx-no-cache=1650908339045 HTTP/1.1" 200 30
186.172.214.237 - - [25/Apr/2022:14:51:28 -0300] "POST /cormun/servlet/solicitudotadjuntos?160e31f79adc56a664497cc1775b8d3b,INS,2022,18520,,1, HTTP/1.1" 200 116
186.172.214.237 - - [25/Apr/2022:14:51:28 -0300] "GET /cormun/servlet/hpexe_return? HTTP/1.1" 200 1027
186.172.214.237 - - [25/Apr/2022:14:51:28 -0300] "GET /cormun/servlet/trsolicitudadjuntos?2022,18520, HTTP/1.1" 200 9916
186.172.214.237 - - [25/Apr/2022:14:51:29 -0300] "GET /cormun/servlet/trsolicitudadjuntos?2022,18520, HTTP/1.1" 200 9914
186.172.57.151 - - [25/Apr/2022:14:51:31 -0300] "GET /cormun/servlet/solicitudotadjuntos?INS,2022,18520,,1, HTTP/1.1" 200 6403
186.172.57.151 - - [25/Apr/2022:14:51:31 -0300] "GET /cormun/static/about:blank HTTP/1.1" 404 1011
186.172.57.151 - - [25/Apr/2022:14:51:31 -0300] "GET /cormun/servlet/solicitudotadjuntos?INS,2022,18520,,1, HTTP/1.1" 200 6396
186.172.157.212 - - [25/Apr/2022:14:51:32 -0300] "GET /cormun/servlet/solicitudotadjuntos?2526defd9cdcc446bd4fcd367a1a265ae4f2a26c8d8f8f195779a097cccc4b80e8bc6b2146c2dc2e76bddc44b8e13f0f,gx-no-cache=1650908343367 HTTP/1.1" 200 30
186.172.157.212 - - [25/Apr/2022:14:51:32 -0300] "POST /cormun/servlet/solicitudotadjuntos?160e31f79adc56a664497cc1775b8d3b,INS,2022,18520,,1,,gx-no-cache=1650908343456 HTTP/1.1" 200 4150
186.172.157.212 - - [25/Apr/2022:14:51:36 -0300] "POST /cormun/servlet/solicitudotadjuntos?gx-no-cache=1650908347505 HTTP/1.1" 200 26
191.126.136.5 - - [25/Apr/2022:14:51:45 -0300] "GET /cormun/servlet/hlogin HTTP/1.1" 200 1730
186.172.142.123 - - [25/Apr/2022:14:51:57 -0300] "GET /cormun/servlet/solicitudotadjuntos?2526defd9cdcc446bd4fcd367a1a265aa0915c4d06f384af96fa3051028e07b0,gx-no-cache=1650908369055 HTTP/1.1" 200 30
186.172.142.123 - - [25/Apr/2022:14:51:57 -0300] "GET /cormun/servlet/solicitudotadjuntos?2526defd9cdcc446bd4fcd367a1a265aa0915c4d06f384af96fa3051028e07b0,gx-no-cache=1650908369177 HTTP/1.1" 200 30
186.172.142.123 - - [25/Apr/2022:14:51:58 -0300] "POST /cormun/servlet/solicitudotadjuntos?160e31f79adc56a664497cc1775b8d3b,INS,2022,18520,,1, HTTP/1.1" 200 116
186.172.142.123 - - [25/Apr/2022:14:51:58 -0300] "GET /cormun/servlet/hpexe_return? HTTP/1.1" 200 1027
186.172.142.123 - - [25/Apr/2022:14:51:58 -0300] "GET /cormun/servlet/trsolicitudadjuntos?2022,18520, HTTP/1.1" 200 10204
186.172.142.123 - - [25/Apr/2022:14:51:59 -0300] "GET /cormun/servlet/trsolicitudadjuntos?2022,18520, HTTP/1.1" 200 10203
186.172.142.123 - - [25/Apr/2022:14:52:01 -0300] "GET /cormun/servlet/solicitudotadjuntos?INS,2022,18520,,1, HTTP/1.1" 200 6403
186.172.142.123 - - [25/Apr/2022:14:52:01 -0300] "GET /cormun/static/about:blank HTTP/1.1" 404 1011
186.173.15.61 - - [25/Apr/2022:14:52:01 -0300] "GET /cormun/servlet/solicitudotadjuntos?INS,2022,18520,,1, HTTP/1.1" 200 6396
186.172.142.123 - - [25/Apr/2022:14:52:02 -0300] "GET /cormun/servlet/solicitudotadjuntos?2526defd9cdcc446bd4fcd367a1a265ae4f2a26c8d8f8f195779a097cccc4b80e8bc6b2146c2dc2e76bddc44b8e13f0f,gx-no-cache=1650908373425 HTTP/1.1" 200 30
186.172.142.123 - - [25/Apr/2022:14:52:02 -0300] "POST /cormun/servlet/solicitudotadjuntos?160e31f79adc56a664497cc1775b8d3b,INS,2022,18520,,1,,gx-no-cache=1650908373486 HTTP/1.1" 200 4150
186.172.142.123 - - [25/Apr/2022:14:52:05 -0300] "POST /cormun/servlet/solicitudotadjuntos?gx-no-cache=1650908376774 HTTP/1.1" 200 26
192.168.10.11 - - [25/Apr/2022:14:52:18 -0300] "GET / HTTP/1.1" 200 11217
181.212.43.89 - - [25/Apr/2022:14:52:32 -0300] "POST /cormun/servlet/trsolicitudot?8105e48015b6c0cc580a75cb46bf89c0,gx-no-cache=1650908402787 HTTP/1.1" 200 5822
181.212.43.89 - - [25/Apr/2022:14:52:33 -0300] "GET /cormun/static/Shared/jqueryui/images/ui-bg_highlight-soft_100_c6c2c8_1x100.png HTTP/1.1" 404 1117
181.212.43.89 - - [25/Apr/2022:14:52:33 -0300] "GET /cormun/static/Shared/jqueryui/images/ui-icons_82798d_256x240.png HTTP/1.1" 404 1089
181.212.43.89 - - [25/Apr/2022:14:52:33 -0300] "GET /cormun/static/Shared/jqueryui/images/ui-bg_flat_55_fafafa_40x100.png HTTP/1.1" 404 1097
181.212.43.89 - - [25/Apr/2022:14:52:33 -0300] "GET /cormun/static/Shared/jqueryui/images/ui-icons_8d78a5_256x240.png HTTP/1.1" 404 1089
181.212.43.89 - - [25/Apr/2022:14:52:33 -0300] "POST /cormun/servlet/trsolicitudot?8105e48015b6c0cc580a75cb46bf89c0,gx-no-cache=1650908403185 HTTP/1.1" 200 5766
181.212.43.89 - - [25/Apr/2022:14:52:35 -0300] "POST /cormun/servlet/trsolicitudot?8105e48015b6c0cc580a75cb46bf89c0,gx-no-cache=1650908405390 HTTP/1.1" 200 113
181.212.43.89 - - [25/Apr/2022:14:52:35 -0300] "GET /cormun/servlet/solicitudot?UPD,2022,18485,false, HTTP/1.1" 200 16253
186.173.86.163 - - [25/Apr/2022:14:52:35 -0300] "GET /cormun/servlet/solicitudotadjuntos?2526defd9cdcc446bd4fcd367a1a265aa0915c4d06f384af96fa3051028e07b0,gx-no-cache=1650908407037 HTTP/1.1" 200 30
186.173.86.163 - - [25/Apr/2022:14:52:35 -0300] "GET /cormun/servlet/solicitudotadjuntos?2526defd9cdcc446bd4fcd367a1a265aa0915c4d06f384af96fa3051028e07b0,gx-no-cache=1650908407119 HTTP/1.1" 200 30
181.212.43.89 - - [25/Apr/2022:14:52:36 -0300] "GET /cormun/servlet/solicitudot?UPD,2022,18485,false, HTTP/1.1" 200 16264
186.173.86.163 - - [25/Apr/2022:14:52:36 -0300] "POST /cormun/servlet/solicitudotadjuntos?160e31f79adc56a664497cc1775b8d3b,INS,2022,18520,,1, HTTP/1.1" 200 116
186.173.86.163 - - [25/Apr/2022:14:52:36 -0300] "GET /cormun/servlet/hpexe_return? HTTP/1.1" 200 1027
181.212.43.89 - - [25/Apr/2022:14:52:36 -0300] "POST /cormun/servlet/solicitudot?gx-no-cache=1650908406783 HTTP/1.1" 200 3909
186.173.86.163 - - [25/Apr/2022:14:52:36 -0300] "GET /cormun/servlet/trsolicitudadjuntos?2022,18520, HTTP/1.1" 200 10461
181.212.43.89 - - [25/Apr/2022:14:52:37 -0300] "POST /cormun/servlet/solicitudot?8105e48015b6c0cc580a75cb46bf89c0,UPD,2022,18485,false,,gx-no-cache=1650908407057 HTTP/1.1" 200 12527
181.212.43.89 - - [25/Apr/2022:14:52:37 -0300] "GET /cormun/servlet/solicitudot?d9ce66b5115153865a9412058f26b2bf7daeaac70716e5e1f0ad8f2b61f1b6876dc2abfe915e0593a45cca0ff6785f63,gx-no-cache=1650908407476 HTTP/1.1" 200 30
186.173.86.163 - - [25/Apr/2022:14:52:37 -0300] "GET /cormun/servlet/trsolicitudadjuntos?2022,18520, HTTP/1.1" 200 10459
181.212.43.89 - - [25/Apr/2022:14:52:37 -0300] "GET /cormun/servlet/solicitudot?d9ce66b5115153865a9412058f26b2bf94f46ce35e5a219c813898011d897c5eaa652cf4571c98ea85c25650920b23c7179564b5c37f5186269dd13be42c549c,gx-no-cache=1650908407567 HTTP/1.1" 200 30
181.212.43.89 - - [25/Apr/2022:14:52:37 -0300] "GET /cormun/servlet/solicitudot?d9ce66b5115153865a9412058f26b2bfe9dbf847e19c607c369877f9ccb5fb036fe7d4dba1e5747ab45d0d33707216ee23ee63afefe90041ba4fc9c36f39fc42,gx-no-cache=1650908407669 HTTP/1.1" 200 51
181.212.43.89 - - [25/Apr/2022:14:52:37 -0300] "POST /cormun/servlet/solicitudot?gx-no-cache=1650908407756 HTTP/1.1" 200 254
181.212.43.89 - - [25/Apr/2022:14:52:37 -0300] "GET /cormun/servlet/solicitudot?d9ce66b5115153865a9412058f26b2bfd2560d212088cfbe3de07cc86ecb8e0c4a305a109be46c4dd977cd6384ee73b6cfeb83afa87e170917c8617e2ea39b48ddb50bc37ed3e21c91fd8f4f04a9a7af167adddb6ade1226d1a12c9a0b9b771e55210f619091668a2170500378a667c367ba050a830a1296a9d81cdc49ddc3f108746a003dcd0acdc56bb7fcbdeca3fa4750f195004f65b4a806d67ca8fd9772e0c9621beca08103f1b28bc7e9006225f00e62ff717dbbcf540d767a0ea16ff441e28090c4599c36672b2285d74c594328f2e12e959db9e225ede35feebf6bc0054c904a019f4463da9db8678a6f98602d21e530d5600a2405b91e4a816739fd1860ffdfb5a6678bd8a40f6dbe18dfff8c7b43c910cd2f99c4acf9aeeb65d3945c9199561018a51d8e4d8a0a58554d2b51030237769aa96a62d72003da36520dc63c481a17fe112118cfaf74196a5987ae8c4d0b9c2b63efe7607c63500a3b607d4f521ee6856d675f505af79a66d2119406af966b4a52bb6fee0cc3ec999d04,gx-no-cache=1650908407850 HTTP/1.1" 200 30
181.212.43.89 - - [25/Apr/2022:14:52:37 -0300] "POST /cormun/servlet/solicitudot?gx-no-cache=1650908407919 HTTP/1.1" 200 30
181.212.43.89 - - [25/Apr/2022:14:52:38 -0300] "POST /cormun/servlet/solicitudot?gx-no-cache=1650908408009 HTTP/1.1" 200 1458
181.212.43.89 - - [25/Apr/2022:14:52:38 -0300] "POST /cormun/servlet/solicitudot?gx-no-cache=1650908408290 HTTP/1.1" 200 41
181.212.43.89 - - [25/Apr/2022:14:52:39 -0300] "GET /cormun/servlet/prbanco?,MD,,gxPopupLevel%3D0%3B HTTP/1.1" 200 6576
186.173.41.57 - - [25/Apr/2022:14:52:40 -0300] "GET /cormun/servlet/solicitudotadjuntos?INS,2022,18520,,1, HTTP/1.1" 200 6402
186.173.41.57 - - [25/Apr/2022:14:52:41 -0300] "GET /cormun/static/about:blank HTTP/1.1" 404 1011
186.173.41.57 - - [25/Apr/2022:14:52:41 -0300] "GET /cormun/servlet/solicitudotadjuntos?INS,2022,18520,,1, HTTP/1.1" 200 6395
186.173.41.57 - - [25/Apr/2022:14:52:41 -0300] "GET /cormun/servlet/solicitudotadjuntos?2526defd9cdcc446bd4fcd367a1a265ae4f2a26c8d8f8f195779a097cccc4b80e8bc6b2146c2dc2e76bddc44b8e13f0f,gx-no-cache=1650908412869 HTTP/1.1" 200 30
186.173.41.57 - - [25/Apr/2022:14:52:41 -0300] "POST /cormun/servlet/solicitudotadjuntos?160e31f79adc56a664497cc1775b8d3b,INS,2022,18520,,1,,gx-no-cache=1650908412922 HTTP/1.1" 200 4149
186.173.41.57 - - [25/Apr/2022:14:52:50 -0300] "GET /cormun/servlet/trsolicitudot? HTTP/1.1" 200 8981
186.173.41.57 - - [25/Apr/2022:14:52:50 -0300] "GET /cormun/servlet/trsolicitudot? HTTP/1.1" 200 8970
181.212.43.89 - - [25/Apr/2022:14:52:51 -0300] "GET /cormun/servlet/solicitudot?d9ce66b5115153865a9412058f26b2bf906660daa12be0a852fc49e6406ac1076fe7d4dba1e5747ab45d0d33707216ee23ee63afefe90041ba4fc9c36f39fc42,gx-no-cache=1650908421382 HTTP/1.1" 200 70
186.172.214.237 - - [25/Apr/2022:14:53:01 -0300] "POST /cormun/servlet/trsolicitudot?160e31f79adc56a664497cc1775b8d3b,,gx-no-cache=1650908432736 HTTP/1.1" 200 4866
186.172.214.237 - - [25/Apr/2022:14:53:01 -0300] "GET /cormun/static/Shared/jqueryui/images/ui-bg_highlight-soft_100_c6c2c8_1x100.png HTTP/1.1" 404 1117
186.172.214.237 - - [25/Apr/2022:14:53:01 -0300] "GET /cormun/static/Shared/jqueryui/images/ui-icons_82798d_256x240.png HTTP/1.1" 404 1089
186.172.57.151 - - [25/Apr/2022:14:53:01 -0300] "GET /cormun/static/Shared/jqueryui/images/ui-bg_flat_55_fafafa_40x100.png HTTP/1.1" 404 1097
186.172.214.237 - - [25/Apr/2022:14:53:01 -0300] "GET /cormun/static/Shared/jqueryui/images/ui-icons_8d78a5_256x240.png HTTP/1.1" 404 1089
186.172.57.151 - - [25/Apr/2022:14:53:02 -0300] "POST /cormun/servlet/trsolicitudot?160e31f79adc56a664497cc1775b8d3b,,gx-no-cache=1650908433113 HTTP/1.1" 200 4627
190.171.141.138 - - [25/Apr/2022:14:53:04 -0300] "GET /cormun/servlet/trlicencias? HTTP/1.1" 200 10191
190.171.141.138 - - [25/Apr/2022:14:53:05 -0300] "GET /cormun/servlet/trlicencias? HTTP/1.1" 200 10191
186.172.57.151 - - [25/Apr/2022:14:53:06 -0300] "GET /cormun/servlet/trautorizarsolicitud? HTTP/1.1" 200 7474
186.172.57.151 - - [25/Apr/2022:14:53:06 -0300] "GET /cormun/servlet/trautorizarsolicitud? HTTP/1.1" 200 7474
190.171.141.138 - - [25/Apr/2022:14:53:07 -0300] "POST /cormun/servlet/trlicencias?9f8933b736d5b7c9643ddef6aa2c7bf0,,gx-no-cache=1650908437502 HTTP/1.1" 200 7480
190.171.141.138 - - [25/Apr/2022:14:53:07 -0300] "GET /cormun/static/Shared/jqueryui/images/ui-bg_highlight-soft_100_c6c2c8_1x100.png HTTP/1.1" 404 1117
190.171.141.138 - - [25/Apr/2022:14:53:07 -0300] "GET /cormun/static/Shared/jqueryui/images/ui-icons_82798d_256x240.png HTTP/1.1" 404 1089
190.171.141.138 - - [25/Apr/2022:14:53:07 -0300] "GET /cormun/static/Shared/jqueryui/images/ui-bg_flat_55_fafafa_40x100.png HTTP/1.1" 404 1097
190.171.141.138 - - [25/Apr/2022:14:53:07 -0300] "GET /cormun/static/Shared/jqueryui/images/ui-icons_8d78a5_256x240.png HTTP/1.1" 404 1089
190.171.141.138 - - [25/Apr/2022:14:53:09 -0300] "GET /cormun/servlet/licenciaspermisos?DSP,9423756,L,20220424000000, HTTP/1.1" 200 7589
190.171.141.138 - - [25/Apr/2022:14:53:09 -0300] "GET /cormun/static/gxcfg.js?202012153173 HTTP/1.1" 200 953
190.171.141.138 - - [25/Apr/2022:14:53:09 -0300] "GET /cormun/static/licenciaspermisos.js?2020121532136 HTTP/1.1" 200 38824
190.171.141.138 - - [25/Apr/2022:14:53:10 -0300] "GET /cormun/servlet/licenciaspermisos?DSP,9423756,L,20220424000000, HTTP/1.1" 200 7608
186.172.57.151 - - [25/Apr/2022:14:53:12 -0300] "POST /cormun/servlet/trautorizarsolicitud?160e31f79adc56a664497cc1775b8d3b,,gx-no-cache=1650908443192 HTTP/1.1" 200 5944
181.212.43.89 - - [25/Apr/2022:14:53:15 -0300] "POST /cormun/servlet/solicitudot?gx-no-cache=1650908445533 HTTP/1.1" 200 30
181.212.43.89 - - [25/Apr/2022:14:53:15 -0300] "POST /cormun/servlet/solicitudot?gx-no-cache=1650908445593 HTTP/1.1" 200 1458
181.212.43.89 - - [25/Apr/2022:14:53:15 -0300] "POST /cormun/servlet/solicitudot?gx-no-cache=1650908445740 HTTP/1.1" 200 41
181.212.43.89 - - [25/Apr/2022:14:53:15 -0300] "GET /cormun/servlet/solicitudot?d9ce66b5115153865a9412058f26b2bfcdc24053b3436fc77f334a294733278b086a4708189f4e4f28581858a2b254ea360939e91f2bf7178dab36d157f85267c41eef25ae6922571ad3800102b113b7b56bda91cef5fe56f506da5465735302477a641e0da72c6fcbc0837f370e2e7e,gx-no-cache=1650908445770 HTTP/1.1" 200 110
181.212.43.89 - - [25/Apr/2022:14:53:15 -0300] "POST /cormun/servlet/solicitudot?gx-no-cache=1650908445812 HTTP/1.1" 200 67
181.212.43.89 - - [25/Apr/2022:14:53:15 -0300] "GET /cormun/servlet/solicitudot?d9ce66b5115153865a9412058f26b2bf9d70ae6d63e917d5ab8e27562cafd09348e28871b59056c2dc8868a243d6f9bf36aaa24f114625ec381a53f9a90662193182892de1c0fdc5f1c97c3c3896077ef9a1033e77ce78949215b177a9f8bb8cc1d9034b9e3483049a28bec9145494e8081249d58858748f503d13747d31e50f4e483fe9569887503e7101bdd25f359e0b1c2f7f9ce60ee36abd23a460d3828d963dd4789e3b36e60600f34a0040cf07bd1bb3d487bfb1f3725606bd21acca7fbc5a81cbab0b00a38cb6073200e57bb5,gx-no-cache=1650908445847 HTTP/1.1" 200 29
181.212.43.89 - - [25/Apr/2022:14:53:15 -0300] "GET /cormun/servlet/solicitudot?d9ce66b5115153865a9412058f26b2bf020b56a56cfc9c1e7e7b936d2986d1ce6af5640cd7525dedcc8b7dc63dceede1,gx-no-cache=1650908445898 HTTP/1.1" 200 30
181.212.43.89 - - [25/Apr/2022:14:53:15 -0300] "POST /cormun/servlet/solicitudot?gx-no-cache=1650908445930 HTTP/1.1" 200 30
181.212.43.89 - - [25/Apr/2022:14:53:16 -0300] "POST /cormun/servlet/solicitudot?8105e48015b6c0cc580a75cb46bf89c0,UPD,2022,18485,false,,gx-no-cache=1650908445976 HTTP/1.1" 200 93
181.212.43.89 - - [25/Apr/2022:14:53:16 -0300] "GET /cormun/servlet/hpexe_return? HTTP/1.1" 200 1041
181.212.43.89 - - [25/Apr/2022:14:53:16 -0300] "GET /cormun/servlet/trsolicitudot?gx-no-cache=1650908403185 HTTP/1.1" 200 8638
181.212.43.89 - - [25/Apr/2022:14:53:17 -0300] "GET /cormun/servlet/trsolicitudot?gx-no-cache=1650908403185 HTTP/1.1" 200 8655
186.172.57.151 - - [25/Apr/2022:14:53:18 -0300] "POST /cormun/servlet/trautorizarsolicitud?160e31f79adc56a664497cc1775b8d3b,,gx-no-cache=1650908449304 HTTP/1.1" 200 4777
186.172.57.151 - - [25/Apr/2022:14:53:18 -0300] "GET /cormun/static/Shared/jqueryui/images/ui-bg_highlight-soft_100_c6c2c8_1x100.png HTTP/1.1" 404 1117
186.172.57.151 - - [25/Apr/2022:14:53:18 -0300] "GET /cormun/static/Shared/jqueryui/images/ui-icons_82798d_256x240.png HTTP/1.1" 404 1089
186.172.214.237 - - [25/Apr/2022:14:53:18 -0300] "GET /cormun/static/Shared/jqueryui/images/ui-bg_flat_55_fafafa_40x100.png HTTP/1.1" 404 1097
186.172.214.237 - - [25/Apr/2022:14:53:18 -0300] "GET /cormun/static/Shared/jqueryui/images/ui-icons_8d78a5_256x240.png HTTP/1.1" 404 1089
186.172.157.212 - - [25/Apr/2022:14:53:18 -0300] "POST /cormun/servlet/trautorizarsolicitud?160e31f79adc56a664497cc1775b8d3b,,gx-no-cache=1650908449673 HTTP/1.1" 200 4538
192.168.10.11 - - [25/Apr/2022:14:53:18 -0300] "GET / HTTP/1.1" 200 11217
181.212.43.89 - - [25/Apr/2022:14:53:20 -0300] "POST /cormun/servlet/trsolicitudot?8105e48015b6c0cc580a75cb46bf89c0,gx-no-cache=1650908403185,gx-no-cache=1650908449901 HTTP/1.1" 200 5833
181.212.43.89 - - [25/Apr/2022:14:53:20 -0300] "GET /cormun/static/Shared/jqueryui/images/ui-bg_highlight-soft_100_c6c2c8_1x100.png HTTP/1.1" 404 1117
181.212.43.89 - - [25/Apr/2022:14:53:20 -0300] "GET /cormun/static/Shared/jqueryui/images/ui-icons_82798d_256x240.png HTTP/1.1" 404 1089
181.212.43.89 - - [25/Apr/2022:14:53:20 -0300] "GET /cormun/static/Shared/jqueryui/images/ui-icons_8d78a5_256x240.png HTTP/1.1" 404 1089
181.212.43.89 - - [25/Apr/2022:14:53:20 -0300] "GET /cormun/static/Shared/jqueryui/images/ui-bg_flat_55_fafafa_40x100.png HTTP/1.1" 404 1097
181.212.43.89 - - [25/Apr/2022:14:53:44 -0300] "GET /cormun/servlet/trautorizarsolicitud? HTTP/1.1" 200 6226
181.212.43.89 - - [25/Apr/2022:14:53:44 -0300] "GET /cormun/servlet/hlogin HTTP/1.1" 200 1753
181.212.43.89 - - [25/Apr/2022:14:53:44 -0300] "GET /cormun/servlet/trautorizarsolicitud? HTTP/1.1" 200 6223
181.212.43.89 - - [25/Apr/2022:14:53:51 -0300] "POST /cormun/servlet/hlogin?d4580a55ef7ab5657f353f69ee1b3c13,gx-no-cache=1650908482508 HTTP/1.1" 200 90
181.212.43.89 - - [25/Apr/2022:14:53:51 -0300] "GET /cormun/servlet/hpexe_link HTTP/1.1" 200 967
181.212.43.89 - - [25/Apr/2022:14:53:52 -0300] "GET /cormun/servlet/trautorizarsolicitud HTTP/1.1" 200 8628
181.212.43.89 - - [25/Apr/2022:14:53:52 -0300] "GET /cormun/servlet/trautorizarsolicitud HTTP/1.1" 200 8627
181.212.43.89 - - [25/Apr/2022:14:54:00 -0300] "POST /cormun/servlet/trautorizarsolicitud?d4580a55ef7ab5657f353f69ee1b3c13,gx-no-cache=1650908491287 HTTP/1.1" 200 4544
181.212.43.89 - - [25/Apr/2022:14:54:00 -0300] "GET /cormun/static/Shared/jqueryui/images/ui-icons_82798d_256x240.png HTTP/1.1" 404 1089
181.212.43.89 - - [25/Apr/2022:14:54:00 -0300] "GET /cormun/static/Shared/jqueryui/images/ui-bg_highlight-soft_100_c6c2c8_1x100.png HTTP/1.1" 404 1117
181.212.43.89 - - [25/Apr/2022:14:54:00 -0300] "GET /cormun/static/Shared/jqueryui/images/ui-icons_8d78a5_256x240.png HTTP/1.1" 404 1089
181.212.43.89 - - [25/Apr/2022:14:54:00 -0300] "GET /cormun/static/Shared/jqueryui/images/ui-bg_flat_55_fafafa_40x100.png HTTP/1.1" 404 1097
181.212.43.89 - - [25/Apr/2022:14:54:00 -0300] "POST /cormun/servlet/trautorizarsolicitud?d4580a55ef7ab5657f353f69ee1b3c13,gx-no-cache=1650908491488 HTTP/1.1" 200 4291
192.168.10.11 - - [25/Apr/2022:14:54:18 -0300] "GET / HTTP/1.1" 200 11217
192.168.10.96 - - [25/Apr/2022:14:55:15 -0300] "POST /cormun/servlet/trsolicitudgral?86b0533534b9c664de5668011d48e176,,gx-no-cache=1650908393777 HTTP/1.1" 440 972
192.168.10.96 - - [25/Apr/2022:14:55:16 -0300] "GET /cormun/servlet/trsolicitudgral? HTTP/1.1" 500 10
192.168.10.11 - - [25/Apr/2022:14:55:18 -0300] "GET / HTTP/1.1" 200 11217
181.212.43.89 - - [25/Apr/2022:14:55:53 -0300] "GET /cormun/servlet/trlicencias? HTTP/1.1" 200 14486
181.212.43.89 - - [25/Apr/2022:14:55:54 -0300] "GET /cormun/servlet/trlicencias? HTTP/1.1" 200 14485
192.168.10.11 - - [25/Apr/2022:14:56:18 -0300] "GET / HTTP/1.1" 200 11217
190.171.142.50 - - [25/Apr/2022:14:57:01 -0300] "GET /cormun/servlet/licenciaspermisos?d8e62580898c5edb4c2f94029c41f61d0f99860bb126534e723b87921b9c2002b665558dddde80475848763d30247d45f847a9ef217265a9b9e080c7545c235b4958d6d2e9a26eda3f6bd67a83d6f1cb1f6c2f369ee45ce5b9866e5f428febbe5d5fbdf2778919061792435095c19b160f777e41f5441d54c0aa7964fd3db89cbc895aa201f7d57fd2de9cc47940c59d4677d77e8dde91011bdc37cf9c0aabb3dc8092dc4dfa028225be9fd04f0ee028,gx-no-cache=1650911045881 HTTP/1.1" 200 30
190.171.142.50 - - [25/Apr/2022:14:57:01 -0300] "GET /cormun/servlet/licenciaspermisos?d8e62580898c5edb4c2f94029c41f61d325a34aff6fc7e810356a235c989cbd3cfa46edfaab5b70b1b78bfa2bdb5af5504935a25b0d4d86af64273efa7a49879931c85b5e1ce79735cc1cf0ebe89b57c9ab0c6ad288665143372300470edd3281feb22126c4023b70243efcec2985b96d51bc6b05c25002d3e0a15985d9beb0d142cf9d3bb16ea415789f007ff0aef8558204f320922d9a53f69922ef47e62dda4179e550e191c1eea8a83291a9a513d,gx-no-cache=1650911045973 HTTP/1.1" 200 29
190.171.142.50 - - [25/Apr/2022:14:57:02 -0300] "POST /cormun/servlet/licenciaspermisos?fb09c166a54b9446b60fc9b0ecdba4e5,INS,0,,,,gx-no-cache=1650911046011 HTTP/1.1" 200 93
190.171.142.50 - - [25/Apr/2022:14:57:02 -0300] "GET /cormun/servlet/hpexe_return? HTTP/1.1" 200 1010
190.171.142.50 - - [25/Apr/2022:14:57:02 -0300] "GET /cormun/servlet/trlicencias HTTP/1.1" 200 12665
190.171.142.50 - - [25/Apr/2022:14:57:02 -0300] "GET /cormun/servlet/trlicencias HTTP/1.1" 200 12659
190.171.142.50 - - [25/Apr/2022:14:57:07 -0300] "GET /cormun/servlet/alicenciaprn?14051559,L,20220425000000,PU HTTP/1.1" 200 1535
192.168.10.11 - - [25/Apr/2022:14:57:18 -0300] "GET / HTTP/1.1" 200 11217
190.171.142.50 - - [25/Apr/2022:14:57:46 -0300] "GET /cormun/servlet/alicenciaprn?14051559,L,20220425000000,PU HTTP/1.1" 200 1536
192.168.10.11 - - [25/Apr/2022:14:58:18 -0300] "GET / HTTP/1.1" 200 11217
192.168.10.11 - - [25/Apr/2022:14:59:18 -0300] "GET / HTTP/1.1" 200 11217
190.171.143.82 - - [25/Apr/2022:14:59:54 -0300] "GET /cormun/servlet/trfichaempleado? HTTP/1.1" 200 13878
190.171.143.82 - - [25/Apr/2022:15:00:00 -0300] "GET /cormun/servlet/trfichaempleado? HTTP/1.1" 200 13878
190.171.143.82 - - [25/Apr/2022:15:00:12 -0300] "GET /cormun/servlet/trfichaempleado HTTP/1.1" 200 13879
190.171.143.82 - - [25/Apr/2022:15:00:12 -0300] "GET /cormun/static/gxcfg.js?201991420132062 HTTP/1.1" 200 953
190.171.143.82 - - [25/Apr/2022:15:00:13 -0300] "GET /cormun/static/trfichaempleado.js?201991420132430 HTTP/1.1" 200 22815
192.168.10.11 - - [25/Apr/2022:15:00:18 -0300] "GET / HTTP/1.1" 200 11217
192.168.10.11 - - [25/Apr/2022:15:01:18 -0300] "GET / HTTP/1.1" 200 11217
200.54.107.2 - - [25/Apr/2022:15:01:26 -0300] "GET /cormun/servlet/trlicencias? HTTP/1.1" 200 7518
200.54.107.2 - - [25/Apr/2022:15:01:28 -0300] "GET /cormun/servlet/hlogin HTTP/1.1" 200 1736
200.54.107.2 - - [25/Apr/2022:15:01:29 -0300] "GET /cormun/servlet/trlicencias? HTTP/1.1" 200 7514
200.54.107.2 - - [25/Apr/2022:15:01:58 -0300] "POST /cormun/servlet/hlogin?675b67807020ce8331b448c386bdf3a9,gx-no-cache=1650908968468 HTTP/1.1" 200 90
200.54.107.2 - - [25/Apr/2022:15:01:58 -0300] "GET /cormun/servlet/hpexe_link HTTP/1.1" 200 950
200.54.107.2 - - [25/Apr/2022:15:01:59 -0300] "GET /cormun/servlet/trlicencias HTTP/1.1" 200 9678
200.54.107.2 - - [25/Apr/2022:15:01:59 -0300] "GET /cormun/servlet/trlicencias HTTP/1.1" 200 9676
192.168.10.11 - - [25/Apr/2022:15:02:18 -0300] "GET / HTTP/1.1" 200 11217
190.171.142.10 - - [25/Apr/2022:15:02:20 -0300] "GET /cormun/servlet/hlogin HTTP/1.1" 200 1731
190.171.142.10 - - [25/Apr/2022:15:02:25 -0300] "POST /cormun/servlet/hlogin?d314d1bdcd20a3da23059fb210fc42c3,gx-no-cache=1650908996159 HTTP/1.1" 200 90
190.171.142.10 - - [25/Apr/2022:15:02:25 -0300] "GET /cormun/servlet/hpexe_link HTTP/1.1" 200 959
200.54.107.2 - - [25/Apr/2022:15:02:25 -0300] "GET /cormun/servlet/trsolicitudot? HTTP/1.1" 200 7562
200.54.107.2 - - [25/Apr/2022:15:02:25 -0300] "GET /cormun/static/gxui/gxui-all.css?110300 HTTP/1.1" 200 2179
200.54.107.2 - - [25/Apr/2022:15:02:25 -0300] "GET /cormun/static/calendar-system.css?75620 HTTP/1.1" 200 5572
190.171.142.10 - - [25/Apr/2022:15:02:25 -0300] "GET /cormun/servlet/hhome HTTP/1.1" 200 4126
200.54.107.2 - - [25/Apr/2022:15:02:25 -0300] "GET /cormun/static/gxcfg.js?201991910464971 HTTP/1.1" 200 953
200.54.107.2 - - [25/Apr/2022:15:02:25 -0300] "GET /cormun/static/trsolicitudot.js?201991910465845 HTTP/1.1" 200 54041
200.54.107.2 - - [25/Apr/2022:15:02:25 -0300] "GET /cormun/static/Shared/ext/resources/css/ext-all.css?205870 HTTP/1.1" 200 416045
190.171.142.10 - - [25/Apr/2022:15:02:25 -0300] "GET /cormun/servlet/hhome HTTP/1.1" 200 4122
200.54.107.2 - - [25/Apr/2022:15:02:25 -0300] "GET /cormun/servlet/trsolicitudot? HTTP/1.1" 200 7562
190.171.142.10 - - [25/Apr/2022:15:02:28 -0300] "GET /cormun/servlet/trlicencias? HTTP/1.1" 200 17074
190.171.142.10 - - [25/Apr/2022:15:02:29 -0300] "GET /cormun/servlet/trlicencias? HTTP/1.1" 200 17071
200.54.107.2 - - [25/Apr/2022:15:02:29 -0300] "POST /cormun/servlet/trsolicitudot?675b67807020ce8331b448c386bdf3a9,,gx-no-cache=1650908999264 HTTP/1.1" 200 4628
200.54.107.2 - - [25/Apr/2022:15:02:34 -0300] "GET /cormun/servlet/solicitudot?INS,0,0,false, HTTP/1.1" 200 16076
200.54.107.2 - - [25/Apr/2022:15:02:34 -0300] "GET /cormun/static/gxcfg.js?20203414241232 HTTP/1.1" 200 953
200.54.107.2 - - [25/Apr/2022:15:02:34 -0300] "GET /cormun/static/solicitudot.js?20203414242792 HTTP/1.1" 200 74114
200.54.107.2 - - [25/Apr/2022:15:02:34 -0300] "GET /cormun/servlet/solicitudot?INS,0,0,false, HTTP/1.1" 200 16083
200.54.107.2 - - [25/Apr/2022:15:02:50 -0300] "POST /cormun/servlet/solicitudot?gx-no-cache=1650909019888 HTTP/1.1" 200 3858
200.54.107.2 - - [25/Apr/2022:15:02:50 -0300] "POST /cormun/servlet/solicitudot?675b67807020ce8331b448c386bdf3a9,INS,0,0,false,,gx-no-cache=1650909020027 HTTP/1.1" 200 12669
200.54.107.2 - - [25/Apr/2022:15:02:55 -0300] "GET /cormun/servlet/solicitudot?7a49a2fefcce844ed8156d9bb2ee25545a7b46d0e3bc32beaa526523d1093d866c74dca872017eb4c664c92e1d8991f8,gx-no-cache=1650909024880 HTTP/1.1" 200 30
192.168.10.11 - - [25/Apr/2022:15:03:18 -0300] "GET / HTTP/1.1" 200 11217
192.168.10.11 - - [25/Apr/2022:15:04:18 -0300] "GET / HTTP/1.1" 200 11217
190.171.143.82 - - [25/Apr/2022:15:04:29 -0300] "GET /cormun/servlet/trfichaempleado HTTP/1.1" 200 13878
192.168.10.11 - - [25/Apr/2022:15:05:18 -0300] "GET / HTTP/1.1" 200 11217
192.168.10.11 - - [25/Apr/2022:15:06:18 -0300] "GET / HTTP/1.1" 200 11217
192.168.10.11 - - [25/Apr/2022:15:07:18 -0300] "GET / HTTP/1.1" 200 11217
192.168.10.11 - - [25/Apr/2022:15:08:18 -0300] "GET / HTTP/1.1" 200 11217
181.212.43.89 - - [25/Apr/2022:15:09:00 -0300] "POST /cormun/servlet/trsolicitudot?8105e48015b6c0cc580a75cb46bf89c0,gx-no-cache=1650908403185,gx-no-cache=1650909390219 HTTP/1.1" 200 5833
192.168.10.11 - - [25/Apr/2022:15:09:18 -0300] "GET / HTTP/1.1" 200 11217
186.67.172.234 - - [25/Apr/2022:15:09:50 -0300] "GET /cormun/servlet/hlogin HTTP/1.1" 200 1724
186.67.172.234 - - [25/Apr/2022:15:09:50 -0300] "GET /cormun/servlet/hlogin HTTP/1.1" 200 1735
200.54.107.2 - - [25/Apr/2022:15:09:52 -0300] "GET /cormun/servlet/solicitudot?7a49a2fefcce844ed8156d9bb2ee2554fe86aeda9bb1b819d771678a2e016862,gx-no-cache=1650909441856 HTTP/1.1" 200 94
200.54.107.2 - - [25/Apr/2022:15:09:52 -0300] "GET /cormun/static/Shared/jqueryui/images/ui-bg_flat_55_994d53_40x100.png HTTP/1.1" 404 1097
200.54.107.2 - - [25/Apr/2022:15:09:52 -0300] "GET /cormun/static/Shared/jqueryui/images/ui-icons_ebccce_256x240.png HTTP/1.1" 404 1089
200.54.107.2 - - [25/Apr/2022:15:09:52 -0300] "GET /cormun/static/Shared/jqueryui/images/ui-icons_82798d_256x240.png HTTP/1.1" 404 1089
200.54.107.2 - - [25/Apr/2022:15:09:52 -0300] "GET /cormun/static/Shared/jqueryui/images/ui-bg_highlight-soft_100_c6c2c8_1x100.png HTTP/1.1" 404 1117
200.54.107.2 - - [25/Apr/2022:15:09:54 -0300] "GET /cormun/servlet/solicitudot?7a49a2fefcce844ed8156d9bb2ee25544abfc2e083ef0860213f3ce16e8a4c18,gx-no-cache=1650909444461 HTTP/1.1" 200 53
186.67.172.234 - - [25/Apr/2022:15:10:04 -0300] "POST /cormun/servlet/hlogin?b87b0118ec87e04b316e9547c3f35a24,gx-no-cache=1650909495435 HTTP/1.1" 200 90
186.67.172.234 - - [25/Apr/2022:15:10:04 -0300] "GET /cormun/servlet/hpexe_link HTTP/1.1" 200 951
186.67.172.234 - - [25/Apr/2022:15:10:04 -0300] "GET /cormun/servlet/hhome HTTP/1.1" 200 4368
186.67.172.234 - - [25/Apr/2022:15:10:05 -0300] "GET /cormun/servlet/hhome HTTP/1.1" 200 4366
200.54.107.2 - - [25/Apr/2022:15:10:13 -0300] "POST /cormun/servlet/solicitudot?gx-no-cache=1650909462905 HTTP/1.1" 200 297
200.54.107.2 - - [25/Apr/2022:15:10:13 -0300] "GET /cormun/servlet/solicitudot?7a49a2fefcce844ed8156d9bb2ee25547724e9a31b09c19784ec348ea7938e9c7da33aafe717e277ffe0a1e639e7485e45c82bd8f9e5af79e5f8f19c53397bc60717d9b6be45d8428cc20f75192cb8d60d293e66b26805a0a4e458cb5945c8152b1a0cbe6e2dccf8faa7f66d06fc42399686824831773413ff3f802d263b45173efa298e3183bc3c0d150136123c3c99f92b65e4715fc53b9fb1efe6ab0c998be3d4731a185034e35bf96a6d960143edde8f11d7f345d65d05736eee39cc87fc655b28dae13be239ef65c87f316e78410bd21785513c84354baaaaacd509bc31b353580d99dc33721a658f6cf2421c6793249506b31c4fdf106c9ca6dc5a0b069f896899c076459e0ba1b1c1321f741f597c42a332081980cf910b8729e668090c9a19ced52df7af197070336522303ea1f1534e4f8bd575ad52914aec4b5119a6143948984b90b9438b312c103b2e08b45b91e0aff9e52ddb8b5fc5d8f9c4e9fdd15943ea6e94ab28fd1fba24524aac68877823fe3e9e1126c0c053234b3c1d1df18c335bb1b35c2e25ca9031c5260b,gx-no-cache=1650909462955 HTTP/1.1" 200 30
186.67.172.234 - - [25/Apr/2022:15:10:14 -0300] "GET /cormun/servlet/trpermisosgoce? HTTP/1.1" 200 13441
186.67.172.234 - - [25/Apr/2022:15:10:14 -0300] "GET /cormun/servlet/trpermisosgoce? HTTP/1.1" 200 13444
190.171.142.10 - - [25/Apr/2022:15:10:15 -0300] "GET /cormun/servlet/hlogin HTTP/1.1" 200 1729
192.168.10.11 - - [25/Apr/2022:15:10:18 -0300] "GET / HTTP/1.1" 200 11217
200.54.107.2 - - [25/Apr/2022:15:10:19 -0300] "POST /cormun/servlet/solicitudot?gx-no-cache=1650909469675 HTTP/1.1" 200 257
186.67.172.234 - - [25/Apr/2022:15:10:20 -0300] "GET /cormun/servlet/permisogoce?INS,0,,, HTTP/1.1" 200 7262
186.67.172.234 - - [25/Apr/2022:15:10:20 -0300] "GET /cormun/servlet/permisogoce?INS,0,,, HTTP/1.1" 200 7262
190.171.142.10 - - [25/Apr/2022:15:10:20 -0300] "POST /cormun/servlet/hlogin?dcf634999ef75dc42dcf8991d688d907,gx-no-cache=1650909471712 HTTP/1.1" 200 90
190.171.142.10 - - [25/Apr/2022:15:10:20 -0300] "GET /cormun/servlet/hpexe_link HTTP/1.1" 200 958
190.171.142.10 - - [25/Apr/2022:15:10:21 -0300] "GET /cormun/servlet/hhome HTTP/1.1" 200 4120
190.171.142.10 - - [25/Apr/2022:15:10:21 -0300] "GET /cormun/servlet/hhome HTTP/1.1" 200 4118
200.54.107.2 - - [25/Apr/2022:15:10:24 -0300] "GET /cormun/servlet/solicitudot?7a49a2fefcce844ed8156d9bb2ee25547724e9a31b09c19784ec348ea7938e9c12198ee0f8abc2d04a03ccbe032e567b45c82bd8f9e5af79e5f8f19c53397bc60717d9b6be45d8428cc20f75192cb8d60d293e66b26805a0a4e458cb5945c8152b1a0cbe6e2dccf8faa7f66d06fc42399686824831773413ff3f802d263b45173efa298e3183bc3c0d150136123c3c99f92b65e4715fc53b9fb1efe6ab0c998be3d4731a185034e35bf96a6d960143edde8f11d7f345d65d05736eee39cc87fc655b28dae13be239ef65c87f316e78410bd21785513c84354baaaaacd509bc31b353580d99dc33721a658f6cf2421c6793249506b31c4fdf106c9ca6dc5a0b069f896899c076459e0ba1b1c1321f741f597c42a332081980cf910b8729e668090c9a19ced52df7af197070336522303ea1f1534e4f8bd575ad52914aec4b5119e0310bcedb1c677649b05080555ca68a,gx-no-cache=1650909474382 HTTP/1.1" 200 30
190.171.142.10 - - [25/Apr/2022:15:10:24 -0300] "GET /cormun/servlet/trlicencias? HTTP/1.1" 200 17075
190.171.142.10 - - [25/Apr/2022:15:10:25 -0300] "GET /cormun/servlet/trlicencias? HTTP/1.1" 200 17072
200.54.107.2 - - [25/Apr/2022:15:10:28 -0300] "POST /cormun/servlet/solicitudot?gx-no-cache=1650909478020 HTTP/1.1" 200 240
200.54.107.2 - - [25/Apr/2022:15:10:30 -0300] "GET /cormun/servlet/solicitudot?7a49a2fefcce844ed8156d9bb2ee25547724e9a31b09c19784ec348ea7938e9cae9d6a67a35f49367e59c973f38cf95245c82bd8f9e5af79e5f8f19c53397bc60717d9b6be45d8428cc20f75192cb8d60d293e66b26805a0a4e458cb5945c8152b1a0cbe6e2dccf8faa7f66d06fc42399686824831773413ff3f802d263b45173efa298e3183bc3c0d150136123c3c99f92b65e4715fc53b9fb1efe6ab0c998be3d4731a185034e35bf96a6d960143edde8f11d7f345d65d05736eee39cc87fc655b28dae13be239ef65c87f316e78410bd21785513c84354baaaaacd509bc31b353580d99dc33721a658f6cf2421c6793249506b31c4fdf106c9ca6dc5a0b069f896899c076459e0ba1b1c1321f741f597c42a332081980cf910b8729e668090c9a19ced52df7af197070336522303ea1f1534e4f8bd575ad52914aec4b5119d1b176f31af048b7ba89c3b04cf5b8b9ce56a50d416c94e22bded503f7a3a1eda67066816af21cef8e05d7a509190237574ed2856d6d4828ec4df4573909ddbf,gx-no-cache=1650909480471 HTTP/1.1" 200 30
200.54.107.2 - - [25/Apr/2022:15:10:41 -0300] "POST /cormun/servlet/solicitudot?gx-no-cache=1650909491068 HTTP/1.1" 200 257
200.54.107.2 - - [25/Apr/2022:15:10:44 -0300] "GET /cormun/servlet/solicitudot?7a49a2fefcce844ed8156d9bb2ee25547724e9a31b09c19784ec348ea7938e9c12198ee0f8abc2d04a03ccbe032e567b45c82bd8f9e5af79e5f8f19c53397bc60717d9b6be45d8428cc20f75192cb8d60d293e66b26805a0a4e458cb5945c8152b1a0cbe6e2dccf8faa7f66d06fc42399686824831773413ff3f802d263b45173efa298e3183bc3c0d150136123c3c99f92b65e4715fc53b9fb1efe6ab0c998be3d4731a185034e35bf96a6d960143edde8f11d7f345d65d05736eee39cc87fc655b28dae13be239ef65c87f316e78410bd21785513c84354baaaaacd509bc31b353580d99dc33721a658f6cf2421c6793249506b31c4fdf106c9ca6dc5a0b069f896899c076459e0ba1b1c1321f741f597c42a332081980cf910b8729e668090c9a19ced52df7af197070336522303ea1f1534e4f8bd575ad52914aec4b5119e0310bcedb1c677649b05080555ca68a,gx-no-cache=1650909494315 HTTP/1.1" 200 30
200.54.107.2 - - [25/Apr/2022:15:10:54 -0300] "POST /cormun/servlet/solicitudot?gx-no-cache=1650909503620 HTTP/1.1" 200 240
200.54.107.2 - - [25/Apr/2022:15:10:59 -0300] "GET /cormun/servlet/solicitudot?7a49a2fefcce844ed8156d9bb2ee25547724e9a31b09c19784ec348ea7938e9cae9d6a67a35f49367e59c973f38cf95245c82bd8f9e5af79e5f8f19c53397bc60717d9b6be45d8428cc20f75192cb8d60d293e66b26805a0a4e458cb5945c8152b1a0cbe6e2dccf8faa7f66d06fc42399686824831773413ff3f802d263b45173efa298e3183bc3c0d150136123c3c99f92b65e4715fc53b9fb1efe6ab0c998be3d4731a185034e35bf96a6d960143edde8f11d7f345d65d05736eee39cc87fc655b28dae13be239ef65c87f316e78410bd21785513c84354baaaaacd509bc31b353580d99dc33721a658f6cf2421c6793249506b31c4fdf106c9ca6dc5a0b069f896899c076459e0ba1b1c1321f741f597c42a332081980cf910b8729e668090c9a19ced52df7af197070336522303ea1f1534e4f8bd575ad52914aec4b5119d1b176f31af048b7ba89c3b04cf5b8b9ce56a50d416c94e22bded503f7a3a1eda67066816af21cef8e05d7a509190237574ed2856d6d4828ec4df4573909ddbf,gx-no-cache=1650909509123 HTTP/1.1" 200 30
200.54.107.2 - - [25/Apr/2022:15:11:03 -0300] "POST /cormun/servlet/solicitudot?gx-no-cache=1650909513620 HTTP/1.1" 200 30
200.54.107.2 - - [25/Apr/2022:15:11:12 -0300] "POST /cormun/servlet/solicitudot?gx-no-cache=1650909522292 HTTP/1.1" 200 30
192.168.10.11 - - [25/Apr/2022:15:11:18 -0300] "GET / HTTP/1.1" 200 11217
186.67.172.234 - - [25/Apr/2022:15:11:59 -0300] "GET /cormun/servlet/permisogoce?f531bb8cb1afc265ad66e05710f699abf5ff885503710aa5dec3ac0b17c0a217f83a6e741446a36cff1313f81456e078d3206093ab1893ba1c6fdd32cf92f8d1,gx-no-cache=1650909610691 HTTP/1.1" 200 83
186.67.172.234 - - [25/Apr/2022:15:12:00 -0300] "GET /cormun/static/menuarrow.gif HTTP/1.1" 404 1015
192.168.10.11 - - [25/Apr/2022:15:12:18 -0300] "GET / HTTP/1.1" 200 11217
200.54.107.2 - - [25/Apr/2022:15:12:48 -0300] "POST /cormun/servlet/solicitudot?gx-no-cache=1650909618611 HTTP/1.1" 200 1457
200.54.107.2 - - [25/Apr/2022:15:12:49 -0300] "GET /cormun/static/menuarrow.gif HTTP/1.1" 404 1015
200.54.107.2 - - [25/Apr/2022:15:12:51 -0300] "GET /cormun/static/Resources/resize.gif HTTP/1.1" 200 77
200.54.107.2 - - [25/Apr/2022:15:12:51 -0300] "GET /cormun/static/Resources/PXTools/ClosePrompt.png HTTP/1.1" 200 1036
200.54.107.2 - - [25/Apr/2022:15:12:51 -0300] "GET /cormun/servlet/prlicenciaspermisos?19881705,L,,MD,,gxPopupLevel%3D0%3B HTTP/1.1" 200 5554
200.54.107.2 - - [25/Apr/2022:15:12:51 -0300] "GET /cormun/static/gxcfg.js?2020121559567 HTTP/1.1" 200 953
200.54.107.2 - - [25/Apr/2022:15:12:51 -0300] "GET /cormun/static/prlicenciaspermisos.js?2020121559821 HTTP/1.1" 200 13379
200.54.107.2 - - [25/Apr/2022:15:12:51 -0300] "GET /cormun/static/menusearch.js?20201214473581 HTTP/1.1" 200 1424
200.54.107.2 - - [25/Apr/2022:15:12:51 -0300] "GET /cormun/static/hmpwkw011.js?20201215495555 HTTP/1.1" 200 1968
200.54.107.2 - - [25/Apr/2022:15:12:51 -0300] "GET /cormun/static/Resources/PXToolsMenuSearch.png HTTP/1.1" 200 336
200.54.107.2 - - [25/Apr/2022:15:12:51 -0300] "GET /cormun/static/Resources/PXToolsMenuSearchCancel.png HTTP/1.1" 200 306
200.54.107.2 - - [25/Apr/2022:15:13:13 -0300] "POST /cormun/servlet/solicitudot?gx-no-cache=1650909642801 HTTP/1.1" 200 40
186.67.172.234 - - [25/Apr/2022:15:13:13 -0300] "GET /cormun/servlet/permisogoce?f531bb8cb1afc265ad66e05710f699abf25cb2c1a72057320a0fd3babe71e807846938485f634c7395912269d40b612a76e67c5fa7b41e4727c062090a7602e3,gx-no-cache=1650909684671 HTTP/1.1" 200 46
192.168.10.11 - - [25/Apr/2022:15:13:18 -0300] "GET / HTTP/1.1" 200 11217
186.67.172.234 - - [25/Apr/2022:15:13:37 -0300] "POST /cormun/servlet/permisogoce?b87b0118ec87e04b316e9547c3f35a24,INS,0,,,,gx-no-cache=1650909708126 HTTP/1.1" 200 93
186.67.172.234 - - [25/Apr/2022:15:13:37 -0300] "GET /cormun/servlet/hpexe_return? HTTP/1.1" 200 1010
186.67.172.234 - - [25/Apr/2022:15:13:37 -0300] "GET /cormun/servlet/trpermisosgoce HTTP/1.1" 200 13764
186.67.172.234 - - [25/Apr/2022:15:13:38 -0300] "GET /cormun/servlet/trpermisosgoce HTTP/1.1" 200 13760
200.54.107.2 - - [25/Apr/2022:15:13:43 -0300] "GET /cormun/servlet/trcontratosolicitud? HTTP/1.1" 200 14470
200.54.107.2 - - [25/Apr/2022:15:13:44 -0300] "GET /cormun/static/gxcfg.js?20199142011887 HTTP/1.1" 200 953
200.54.107.2 - - [25/Apr/2022:15:13:44 -0300] "GET /cormun/static/Resources/Spanish/PXTools.css?19172979 HTTP/1.1" 200 100853
200.54.107.2 - - [25/Apr/2022:15:13:44 -0300] "GET /cormun/static/trcontratosolicitud.js?201991420111348 HTTP/1.1" 200 28237
200.54.107.2 - - [25/Apr/2022:15:13:44 -0300] "GET /cormun//static/Resources/PXToolsGridNew.png HTTP/1.1" 200 427
200.54.107.2 - - [25/Apr/2022:15:13:44 -0300] "GET /cormun/servlet/trcontratosolicitud? HTTP/1.1" 200 14438
200.54.107.2 - - [25/Apr/2022:15:14:03 -0300] "GET /cormun/servlet/trsolicitudot? HTTP/1.1" 200 7563
200.54.107.2 - - [25/Apr/2022:15:14:03 -0300] "GET /cormun/servlet/trsolicitudot? HTTP/1.1" 200 7562
200.54.107.2 - - [25/Apr/2022:15:14:06 -0300] "GET /cormun/servlet/solicitudot?INS,0,0,false, HTTP/1.1" 200 16075
200.54.107.2 - - [25/Apr/2022:15:14:07 -0300] "GET /cormun/servlet/solicitudot?INS,0,0,false, HTTP/1.1" 200 16082
192.168.10.11 - - [25/Apr/2022:15:14:18 -0300] "GET / HTTP/1.1" 200 11217
200.54.107.2 - - [25/Apr/2022:15:14:27 -0300] "POST /cormun/servlet/solicitudot?gx-no-cache=1650909716690 HTTP/1.1" 200 3858
200.54.107.2 - - [25/Apr/2022:15:14:27 -0300] "POST /cormun/servlet/solicitudot?675b67807020ce8331b448c386bdf3a9,INS,0,0,false,,gx-no-cache=1650909716818 HTTP/1.1" 200 12669
200.54.107.2 - - [25/Apr/2022:15:14:31 -0300] "GET /cormun/servlet/solicitudot?7a49a2fefcce844ed8156d9bb2ee25545a7b46d0e3bc32beaa526523d1093d866c74dca872017eb4c664c92e1d8991f8,gx-no-cache=1650909720745 HTTP/1.1" 200 30
167.94.138.118 - - [25/Apr/2022:15:14:37 -0300] "GET / HTTP/1.1" 200 11217
167.94.138.118 - - [25/Apr/2022:15:14:37 -0300] "GET / HTTP/1.1" 200 11217
167.94.138.118 - - [25/Apr/2022:15:14:38 -0300] "PRI * HTTP/2.0" 505 -
192.168.10.11 - - [25/Apr/2022:15:15:18 -0300] "GET / HTTP/1.1" 200 11217
200.54.107.2 - - [25/Apr/2022:15:16:02 -0300] "GET /cormun/servlet/solicitudot?7a49a2fefcce844ed8156d9bb2ee25546a7cd5af244682bf1e3c43de99698212752ca3bfaa66caabc75875251322315c18b67146c67b1e02aa8192b026008b9a,gx-no-cache=1650909812202 HTTP/1.1" 200 30
200.54.107.2 - - [25/Apr/2022:15:16:04 -0300] "GET /cormun/servlet/solicitudot?7a49a2fefcce844ed8156d9bb2ee25544abfc2e083ef0860213f3ce16e8a4c18,gx-no-cache=1650909814702 HTTP/1.1" 200 53
200.54.107.2 - - [25/Apr/2022:15:16:12 -0300] "POST /cormun/servlet/solicitudot?675b67807020ce8331b448c386bdf3a9,INS,0,0,false,,gx-no-cache=1650909822205 HTTP/1.1" 200 12875
200.54.107.2 - - [25/Apr/2022:15:16:12 -0300] "GET /cormun/static/Shared/jqueryui/images/ui-bg_highlight-soft_100_c6c2c8_1x100.png HTTP/1.1" 404 1117
200.54.107.2 - - [25/Apr/2022:15:16:12 -0300] "GET /cormun/static/Shared/jqueryui/images/ui-icons_82798d_256x240.png HTTP/1.1" 404 1089
200.54.107.2 - - [25/Apr/2022:15:16:12 -0300] "GET /cormun/static/Shared/jqueryui/images/ui-bg_flat_55_fafafa_40x100.png HTTP/1.1" 404 1097
200.54.107.2 - - [25/Apr/2022:15:16:12 -0300] "GET /cormun/static/Shared/jqueryui/images/ui-icons_8d78a5_256x240.png HTTP/1.1" 404 1089
200.54.107.2 - - [25/Apr/2022:15:16:18 -0300] "POST /cormun/servlet/solicitudot?gx-no-cache=1650909828271 HTTP/1.1" 200 240
192.168.10.11 - - [25/Apr/2022:15:16:18 -0300] "GET / HTTP/1.1" 200 11217
200.54.107.2 - - [25/Apr/2022:15:16:20 -0300] "GET /cormun/servlet/solicitudot?7a49a2fefcce844ed8156d9bb2ee25547724e9a31b09c19784ec348ea7938e9cae9d6a67a35f49367e59c973f38cf95245c82bd8f9e5af79e5f8f19c53397bc60717d9b6be45d8428cc20f75192cb8d60d293e66b26805a0a4e458cb5945c8152b1a0cbe6e2dccf8faa7f66d06fc42399686824831773413ff3f802d263b45173efa298e3183bc3c0d150136123c3c99f92b65e4715fc53b9fb1efe6ab0c998be3d4731a185034e35bf96a6d960143edde8f11d7f345d65d05736eee39cc87fc655b28dae13be239ef65c87f316e78410bd21785513c84354baaaaacd509bc31b353580d99dc33721a658f6cf2421c6793249506b31c4fdf106c9ca6dc5a0b069f896899c076459e0ba1b1c1321f741f597c42a332081980cf910b8729e668090c9a19ced52df7af197070336522303ea1f1534e4f8bd575ad52914aec4b5119d1b176f31af048b7ba89c3b04cf5b8b9ce56a50d416c94e22bded503f7a3a1eda67066816af21cef8e05d7a509190237229058dbc41958c8b3e7e63d3d514d95,gx-no-cache=1650909830225 HTTP/1.1" 200 30
200.54.107.2 - - [25/Apr/2022:15:16:24 -0300] "POST /cormun/servlet/solicitudot?gx-no-cache=1650909833796 HTTP/1.1" 200 30
200.54.107.2 - - [25/Apr/2022:15:16:38 -0300] "GET /cormun/servlet/prlicenciaspermisos?19881705,L,,MD,,gxPopupLevel%3D0%3B HTTP/1.1" 200 5554
200.54.107.2 - - [25/Apr/2022:15:16:42 -0300] "POST /cormun/servlet/solicitudot?gx-no-cache=1650909852261 HTTP/1.1" 200 1457
200.54.107.2 - - [25/Apr/2022:15:16:44 -0300] "POST /cormun/servlet/solicitudot?gx-no-cache=1650909854002 HTTP/1.1" 200 40
200.54.107.2 - - [25/Apr/2022:15:17:03 -0300] "GET /cormun/servlet/solicitudot?7a49a2fefcce844ed8156d9bb2ee25543bcb4c4f061b75b8ef1387c26580505faf5d034db11d5150fb26f5201d34b604308475de90b07e5dcac0059a312158da5a63b5eec96768535e1e0717c215a9d06f511a07f6b95c1559a6341b7458dcffa785bfedd808aaa9f41cd1cb957aa623,gx-no-cache=1650909872878 HTTP/1.1" 200 110
200.54.107.2 - - [25/Apr/2022:15:17:03 -0300] "POST /cormun/servlet/solicitudot?gx-no-cache=1650909872927 HTTP/1.1" 200 83
200.54.107.2 - - [25/Apr/2022:15:17:09 -0300] "GET /cormun/servlet/solicitudot?7a49a2fefcce844ed8156d9bb2ee25544183b315e4ad6c73e5099b0ef3e04a0a0ab414788474ae616feeb20de10e4222cf0eb63c6f2b16a6d4d101b61c2ddf2c16d8a3f0001d1551570bab38703366a85b0af2c7d08ec7321055b9286bcfe25b4d38c25d8113640c71a46bdfdd3a5d6e,gx-no-cache=1650909879259 HTTP/1.1" 200 29
200.54.107.2 - - [25/Apr/2022:15:17:09 -0300] "GET /cormun/static/menuarrow.gif HTTP/1.1" 404 1015
200.54.107.2 - - [25/Apr/2022:15:17:12 -0300] "GET /cormun/servlet/solicitudot?7a49a2fefcce844ed8156d9bb2ee2554678145a8f6c26022f3a22262d8abc6745fde391fb55b1f717177873e8b9744d3,gx-no-cache=1650909882223 HTTP/1.1" 200 30
200.54.107.2 - - [25/Apr/2022:15:17:12 -0300] "POST /cormun/servlet/solicitudot?gx-no-cache=1650909882266 HTTP/1.1" 200 34
192.168.10.11 - - [25/Apr/2022:15:17:18 -0300] "GET / HTTP/1.1" 200 11217
200.54.107.2 - - [25/Apr/2022:15:17:45 -0300] "POST /cormun/servlet/solicitudot?675b67807020ce8331b448c386bdf3a9,INS,0,0,false,,gx-no-cache=1650909914744 HTTP/1.1" 200 93
200.54.107.2 - - [25/Apr/2022:15:17:45 -0300] "GET /cormun/servlet/hpexe_return? HTTP/1.1" 200 1002
200.54.107.2 - - [25/Apr/2022:15:17:45 -0300] "GET /cormun/servlet/trsolicitudot HTTP/1.1" 200 8980
200.54.107.2 - - [25/Apr/2022:15:17:46 -0300] "GET /cormun//static/Resources/PXToolsActionView.png HTTP/1.1" 200 398
200.54.107.2 - - [25/Apr/2022:15:17:46 -0300] "GET /cormun//static/Resources/PXToolsRemoveAllAction.png HTTP/1.1" 200 487
200.54.107.2 - - [25/Apr/2022:15:17:46 -0300] "GET /cormun/servlet/trsolicitudot HTTP/1.1" 200 8978
200.54.107.2 - - [25/Apr/2022:15:17:51 -0300] "POST /cormun/servlet/trsolicitudot?675b67807020ce8331b448c386bdf3a9,gx-no-cache=1650909921557 HTTP/1.1" 200 107
200.54.107.2 - - [25/Apr/2022:15:17:51 -0300] "GET /cormun/servlet/trsolicitudadjuntos?2022,18522, HTTP/1.1" 200 6447
200.54.107.2 - - [25/Apr/2022:15:17:52 -0300] "GET /cormun/static/gxcfg.js?20201215574222 HTTP/1.1" 200 953
200.54.107.2 - - [25/Apr/2022:15:17:52 -0300] "GET /cormun/static/Resources/PXToolsGridNew.png HTTP/1.1" 200 427
200.54.107.2 - - [25/Apr/2022:15:17:52 -0300] "GET /cormun/static/trsolicitudadjuntos.js?20201215574932 HTTP/1.1" 200 17922
200.54.107.2 - - [25/Apr/2022:15:17:52 -0300] "GET /cormun/servlet/trsolicitudadjuntos?2022,18522, HTTP/1.1" 200 6447
200.54.107.2 - - [25/Apr/2022:15:17:55 -0300] "GET /cormun/servlet/solicitudotadjuntos?INS,2022,18522,,1, HTTP/1.1" 200 6392
200.54.107.2 - - [25/Apr/2022:15:17:55 -0300] "GET /cormun/static/gxcfg.js?202012157947 HTTP/1.1" 200 953
200.54.107.2 - - [25/Apr/2022:15:17:55 -0300] "GET /cormun/static/solicitudotadjuntos.js?202012157966 HTTP/1.1" 200 11771
200.54.107.2 - - [25/Apr/2022:15:17:55 -0300] "GET /cormun/static/about:blank HTTP/1.1" 404 1011
200.54.107.2 - - [25/Apr/2022:15:17:55 -0300] "GET /cormun/servlet/solicitudotadjuntos?INS,2022,18522,,1, HTTP/1.1" 200 6385
200.54.107.2 - - [25/Apr/2022:15:17:56 -0300] "GET /cormun/servlet/solicitudotadjuntos?7a49a2fefcce844ed8156d9bb2ee255430d7936ee59035cc2cab3af07aa7f5c034eca34dcebac25e2089868e4e851e15,gx-no-cache=1650909926050 HTTP/1.1" 200 30
