190.171.154.42 - - [25/Apr/2022:10:56:21 -0300] "GET /cormun/servlet/solicitudot?INS,0,0,false, HTTP/1.1" 200 15903
190.171.154.42 - - [25/Apr/2022:10:56:22 -0300] "GET /cormun/servlet/solicitudot?INS,0,0,false, HTTP/1.1" 200 15912
190.171.154.42 - - [25/Apr/2022:10:56:46 -0300] "GET /cormun/servlet/prfichaempleado?,MD,,gxPopupLevel%3D0%3B HTTP/1.1" 200 9177
192.168.10.11 - - [25/Apr/2022:10:56:51 -0300] "GET / HTTP/1.1" 200 11217
190.171.154.42 - - [25/Apr/2022:10:57:01 -0300] "POST /cormun/servlet/prfichaempleado?7232f5916e95d0d0c0651d1ae726219a,,MD,,gxPopupLevel%3D0%3B,gx-no-cache=1650894270397 HTTP/1.1" 200 3412
190.171.154.42 - - [25/Apr/2022:10:57:16 -0300] "POST /cormun/servlet/solicitudot?gx-no-cache=1650894286311 HTTP/1.1" 200 3958
190.171.154.42 - - [25/Apr/2022:10:57:17 -0300] "POST /cormun/servlet/solicitudot?7232f5916e95d0d0c0651d1ae726219a,INS,0,0,false,,gx-no-cache=1650894286632 HTTP/1.1" 200 12789
190.171.154.42 - - [25/Apr/2022:10:57:29 -0300] "GET /cormun/servlet/solicitudot?8b20e497fd1b3380064ad96ac82d21781131c41f88ec0853991c48f17d47b2851748a4650d11d13cbba831f99035d0d8,gx-no-cache=1650894298659 HTTP/1.1" 200 30
190.171.154.42 - - [25/Apr/2022:10:57:42 -0300] "GET /cormun/servlet/solicitudot?8b20e497fd1b3380064ad96ac82d2178b2c3c4276c202c7a1e6e3d09e4987f9385d99d2f7ee454f4c2bb0501b0c32f9a0e0540520083bd0bc8679dbc2370817e,gx-no-cache=1650894312405 HTTP/1.1" 200 30
190.171.154.42 - - [25/Apr/2022:10:57:43 -0300] "GET /cormun/servlet/solicitudot?8b20e497fd1b3380064ad96ac82d21785658d9350c090affb3427e89de3ad6b9,gx-no-cache=1650894312462 HTTP/1.1" 200 53
190.171.154.42 - - [25/Apr/2022:10:57:43 -0300] "POST /cormun/servlet/solicitudot?gx-no-cache=1650894312549 HTTP/1.1" 200 255
190.171.154.42 - - [25/Apr/2022:10:57:43 -0300] "GET /cormun/servlet/solicitudot?8b20e497fd1b3380064ad96ac82d2178ed9791e3d0190b3d4175a6f897d19e7394cb20e8c3ac01b393bd23ca336521947b20a72a69c83f0209a60e68b1859dce40c195ba3f3f121c42fe4b3abd8b25d7c01e984bea7e1168862c98c85de128b424cab965d9d9fdaedd0a91291d9f5f1dbb1a0a6bede0115e1aab9aa786a89e97c74ea7f9766b6fd87c0dc7febb4989f0ab332f383455fe7374f949486216c5370658f1875320080e053f716aee26abddbbea63e70dcae40a4e3acc86de9ecb44da442b79a1ea1ec067f473f61bbf579d9c89f33c651ba34fd1cc7f017594cc2e57b9351074783a62c8e06814ff023962cef998461ca8464f8af5390a1d9c17e3ed06d629415f382370d36a1b3d2f931e7a05350f8e2bd50f9e2ac7de977038a933317c5659e1b1ae5f3256a979677bc08cfd4b4b55f0a7ffb34011becef1be1c7e2b19621cba14928805f4a64e49e6820043780312598c924dbb2da5f8082d9e70cef17b3905f3761c24f3090498488635aa37b7a01fd09e0c207613eecf3c4f,gx-no-cache=1650894312661 HTTP/1.1" 200 30
190.171.154.42 - - [25/Apr/2022:10:57:43 -0300] "POST /cormun/servlet/solicitudot?gx-no-cache=1650894312796 HTTP/1.1" 200 30
190.171.154.42 - - [25/Apr/2022:10:57:43 -0300] "POST /cormun/servlet/solicitudot?gx-no-cache=1650894312921 HTTP/1.1" 200 1452
190.171.154.42 - - [25/Apr/2022:10:57:43 -0300] "POST /cormun/servlet/solicitudot?gx-no-cache=1650894313055 HTTP/1.1" 200 38
190.171.154.42 - - [25/Apr/2022:10:57:43 -0300] "GET /cormun/servlet/solicitudot?8b20e497fd1b3380064ad96ac82d2178db2316d6d55a6b08965c6cf3429452560b1564a524d547d3c554aa7b3b704f4062f52d10d1012ba65365570d4b9c250c76def33875d72730c1fbab0c9f48586d28218494f4a414aef1450988fa37d97d5057ea18568204b3021ca49b8955a2b1,gx-no-cache=1650894313119 HTTP/1.1" 200 110
192.168.10.11 - - [25/Apr/2022:10:57:51 -0300] "GET / HTTP/1.1" 200 11217
192.168.10.11 - - [25/Apr/2022:10:58:51 -0300] "GET / HTTP/1.1" 200 11217
192.168.10.11 - - [25/Apr/2022:10:59:51 -0300] "GET / HTTP/1.1" 200 11217
192.168.10.11 - - [25/Apr/2022:11:00:51 -0300] "GET / HTTP/1.1" 200 11217
190.171.149.74 - - [25/Apr/2022:11:01:16 -0300] "POST /cormun/servlet/trlicencias?825ff4cd6902b08e9800d8e46894ad06,,gx-no-cache=1650894526695 HTTP/1.1" 440 972
190.171.149.74 - - [25/Apr/2022:11:01:17 -0300] "GET /cormun/servlet/trlicencias? HTTP/1.1" 200 7521
190.171.149.74 - - [25/Apr/2022:11:01:18 -0300] "GET /cormun/servlet/hlogin HTTP/1.1" 200 1742
190.171.149.74 - - [25/Apr/2022:11:01:18 -0300] "GET /cormun/servlet/trlicencias? HTTP/1.1" 200 7521
190.171.149.74 - - [25/Apr/2022:11:01:24 -0300] "POST /cormun/servlet/hlogin?b11a3c18ec2d0c1d531a2be205d124fb,gx-no-cache=1650894534398 HTTP/1.1" 200 90
190.171.149.74 - - [25/Apr/2022:11:01:24 -0300] "GET /cormun/servlet/hpexe_link HTTP/1.1" 200 956
190.171.149.74 - - [25/Apr/2022:11:01:24 -0300] "GET /cormun/servlet/trlicencias HTTP/1.1" 200 12278
190.171.149.74 - - [25/Apr/2022:11:01:25 -0300] "GET /cormun/servlet/trlicencias HTTP/1.1" 200 12276
192.168.10.199 - - [25/Apr/2022:11:01:28 -0300] "GET /cormun/servlet/hlogin HTTP/1.1" 200 1727
192.168.10.199 - - [25/Apr/2022:11:01:28 -0300] "GET /cormun/servlet/hlogin HTTP/1.1" 200 1737
192.168.10.199 - - [25/Apr/2022:11:01:37 -0300] "POST /cormun/servlet/hlogin?58a5c89fc1aa1d9ac3082015ced7c9f2,gx-no-cache=1650894376302 HTTP/1.1" 200 90
192.168.10.199 - - [25/Apr/2022:11:01:38 -0300] "GET /cormun/servlet/hpexe_link HTTP/1.1" 200 955
192.168.10.199 - - [25/Apr/2022:11:01:38 -0300] "GET /cormun/servlet/hhome HTTP/1.1" 200 3830
192.168.10.199 - - [25/Apr/2022:11:01:39 -0300] "GET /cormun/servlet/hhome HTTP/1.1" 200 3826
192.168.10.199 - - [25/Apr/2022:11:01:42 -0300] "GET /cormun/servlet/trsolicitudgral? HTTP/1.1" 200 29087
192.168.10.199 - - [25/Apr/2022:11:01:43 -0300] "GET /cormun/servlet/trsolicitudgral? HTTP/1.1" 200 29084
192.168.10.11 - - [25/Apr/2022:11:01:51 -0300] "GET / HTTP/1.1" 200 11217
192.168.10.199 - - [25/Apr/2022:11:02:04 -0300] "POST /cormun/servlet/trsolicitudgral?58a5c89fc1aa1d9ac3082015ced7c9f2,,gx-no-cache=1650894403100 HTTP/1.1" 200 5273
190.171.154.42 - - [25/Apr/2022:11:02:18 -0300] "POST /cormun/servlet/solicitudot?gx-no-cache=1650894587467 HTTP/1.1" 200 30
192.168.10.11 - - [25/Apr/2022:11:02:51 -0300] "GET / HTTP/1.1" 200 11217
192.168.10.11 - - [25/Apr/2022:11:03:51 -0300] "GET / HTTP/1.1" 200 11217
192.168.10.11 - - [25/Apr/2022:11:04:51 -0300] "GET / HTTP/1.1" 200 11217
190.171.154.42 - - [25/Apr/2022:11:04:57 -0300] "POST /cormun/servlet/solicitudot?gx-no-cache=1650894746706 HTTP/1.1" 200 30
190.171.154.42 - - [25/Apr/2022:11:05:03 -0300] "POST /cormun/servlet/solicitudot?gx-no-cache=1650894753124 HTTP/1.1" 200 1452
190.171.154.42 - - [25/Apr/2022:11:05:03 -0300] "POST /cormun/servlet/solicitudot?gx-no-cache=1650894753218 HTTP/1.1" 200 38
190.171.154.42 - - [25/Apr/2022:11:05:03 -0300] "GET /cormun/servlet/solicitudot?8b20e497fd1b3380064ad96ac82d2178db2316d6d55a6b08965c6cf3429452560b1564a524d547d3c554aa7b3b704f4062f52d10d1012ba65365570d4b9c250c76def33875d72730c1fbab0c9f48586d28218494f4a414aef1450988fa37d97d5057ea18568204b3021ca49b8955a2b1,gx-no-cache=1650894753291 HTTP/1.1" 200 110
190.171.154.42 - - [25/Apr/2022:11:05:03 -0300] "POST /cormun/servlet/solicitudot?gx-no-cache=1650894753355 HTTP/1.1" 200 97
190.171.154.42 - - [25/Apr/2022:11:05:10 -0300] "POST /cormun/servlet/solicitudot?gx-no-cache=1650894759907 HTTP/1.1" 200 30
190.171.154.42 - - [25/Apr/2022:11:05:15 -0300] "GET /cormun/servlet/prcontratosol?15991549,,,,,MD,,gxPopupLevel%3D0%3B HTTP/1.1" 200 8552
190.171.154.42 - - [25/Apr/2022:11:05:15 -0300] "GET /cormun/static/gxcfg.js?2019914201458 HTTP/1.1" 200 953
190.171.154.42 - - [25/Apr/2022:11:05:15 -0300] "GET /cormun/static/prcontratosol.js?20199142014772 HTTP/1.1" 200 15806
190.171.154.42 - - [25/Apr/2022:11:05:20 -0300] "POST /cormun/servlet/solicitudot?gx-no-cache=1650894770401 HTTP/1.1" 200 1452
190.171.154.42 - - [25/Apr/2022:11:05:21 -0300] "POST /cormun/servlet/solicitudot?gx-no-cache=1650894770505 HTTP/1.1" 200 38
190.171.154.42 - - [25/Apr/2022:11:05:21 -0300] "GET /cormun/servlet/solicitudot?8b20e497fd1b3380064ad96ac82d2178db2316d6d55a6b08965c6cf3429452560b1564a524d547d3c554aa7b3b704f4062f52d10d1012ba65365570d4b9c250c76def33875d72730c1fbab0c9f48586d28218494f4a414aef1450988fa37d97d5057ea18568204b3021ca49b8955a2b1,gx-no-cache=1650894770567 HTTP/1.1" 200 110
190.171.154.42 - - [25/Apr/2022:11:05:21 -0300] "POST /cormun/servlet/solicitudot?gx-no-cache=1650894770634 HTTP/1.1" 200 97
190.171.154.42 - - [25/Apr/2022:11:05:21 -0300] "GET /cormun/servlet/solicitudot?8b20e497fd1b3380064ad96ac82d217860e1ed2a00b980d9452fe1d720ea6fd03c32a333b1b59dca508642e6a37414b5082518dd2a9496c5c6daed1ed3f7f23bd7a456854ef73e9b593e257898a5d5b68c2cb83beb6d325551131228828363cd0e597fd0d837e31bed8bd19f88155cdfe42d646dcb00eea5b3c3a638c7fbd4f4242aa9ca35fb4d09b3a71396a79745d598500249308d86352acad86cc2216c21,gx-no-cache=1650894770779 HTTP/1.1" 200 29
190.171.154.42 - - [25/Apr/2022:11:05:21 -0300] "GET /cormun/servlet/solicitudot?8b20e497fd1b3380064ad96ac82d217823798b1b32a147b47f748283048140f23a56e474dc74cbad7907c4dbca3b3e28,gx-no-cache=1650894770834 HTTP/1.1" 200 134
190.171.154.42 - - [25/Apr/2022:11:05:21 -0300] "GET /cormun/static/Shared/jqueryui/images/ui-icons_82798d_256x240.png HTTP/1.1" 404 1089
190.171.154.42 - - [25/Apr/2022:11:05:21 -0300] "GET /cormun/static/Shared/jqueryui/images/ui-bg_highlight-soft_100_c6c2c8_1x100.png HTTP/1.1" 404 1117
190.171.154.42 - - [25/Apr/2022:11:05:21 -0300] "GET /cormun/static/Shared/jqueryui/images/ui-bg_flat_55_994d53_40x100.png HTTP/1.1" 404 1097
190.171.154.42 - - [25/Apr/2022:11:05:21 -0300] "GET /cormun/static/Shared/jqueryui/images/ui-icons_ebccce_256x240.png HTTP/1.1" 404 1089
190.171.154.42 - - [25/Apr/2022:11:05:48 -0300] "GET /cormun/static/menuarrow.gif HTTP/1.1" 404 1015
192.168.10.11 - - [25/Apr/2022:11:05:51 -0300] "GET / HTTP/1.1" 200 11217
190.171.153.26 - - [25/Apr/2022:11:05:55 -0300] "GET /cormun/servlet/trlicencias? HTTP/1.1" 200 7532
190.171.153.26 - - [25/Apr/2022:11:05:55 -0300] "GET /cormun/static/Shared/ext/resources/css/ext-all.css?215870 HTTP/1.1" 304 -
190.171.153.26 - - [25/Apr/2022:11:05:55 -0300] "GET /cormun/static/calendar.js?85251 HTTP/1.1" 304 -
190.171.153.26 - - [25/Apr/2022:11:05:55 -0300] "GET /cormun/static/Shared/ext/ext-all.js HTTP/1.1" 304 -
190.171.153.26 - - [25/Apr/2022:11:05:55 -0300] "GET /cormun/static/gxui/gxui-all.js HTTP/1.1" 304 -
190.171.153.26 - - [25/Apr/2022:11:05:55 -0300] "GET /cormun/static/calendar-setup.js?85251 HTTP/1.1" 304 -
190.171.153.26 - - [25/Apr/2022:11:05:55 -0300] "GET /cormun/static/calendar-es.js?85251 HTTP/1.1" 304 -
190.171.153.26 - - [25/Apr/2022:11:05:55 -0300] "GET /cormun/static/PXToolsJavascripts/pexe_autoreload.js HTTP/1.1" 304 -
190.171.153.26 - - [25/Apr/2022:11:05:55 -0300] "GET /cormun/static/PXToolsJavascripts/pexe_grid.js HTTP/1.1" 304 -
190.171.153.26 - - [25/Apr/2022:11:05:55 -0300] "GET /cormun/static/PXToolsJavascripts/pexe_griddivfix.js HTTP/1.1" 304 -
190.171.153.26 - - [25/Apr/2022:11:05:55 -0300] "GET /cormun/static/PXToolsJavascripts/pexe_link.js HTTP/1.1" 304 -
190.171.153.26 - - [25/Apr/2022:11:05:55 -0300] "GET /cormun/static/PXToolsJavascripts/pexe_windows.js HTTP/1.1" 304 -
190.171.153.26 - - [25/Apr/2022:11:05:55 -0300] "GET /cormun/static/PXToolsJavascripts/pexe_layers.js HTTP/1.1" 304 -
190.171.153.26 - - [25/Apr/2022:11:05:55 -0300] "GET /cormun/static/PXToolsJavascripts/pexe_menus.js HTTP/1.1" 304 -
190.171.153.26 - - [25/Apr/2022:11:05:55 -0300] "GET /cormun/static/PXToolsJavascripts/pexe_popup.js HTTP/1.1" 304 -
190.171.153.26 - - [25/Apr/2022:11:05:55 -0300] "GET /cormun/static/PXToolsJavascripts/pexe_scrolldiv.js HTTP/1.1" 304 -
190.171.153.26 - - [25/Apr/2022:11:05:55 -0300] "GET /cormun/static/PXToolsJavascripts/pexe_tabs.js HTTP/1.1" 304 -
190.171.153.26 - - [25/Apr/2022:11:05:55 -0300] "GET /cormun/static/PXToolsJavascripts/pexe_upload.js HTTP/1.1" 304 -
190.171.153.26 - - [25/Apr/2022:11:05:55 -0300] "GET /cormun/static/Shared/ext/locale/ext-lang-en.js HTTP/1.1" 304 -
190.171.153.26 - - [25/Apr/2022:11:05:55 -0300] "GET /cormun/static/gxdec.js?85251 HTTP/1.1" 304 -
190.171.153.26 - - [25/Apr/2022:11:05:55 -0300] "GET /cormun/static/hpexe_recentlink.js?20201214471090 HTTP/1.1" 304 -
190.171.153.26 - - [25/Apr/2022:11:05:55 -0300] "GET /cormun/static/hpexe_scripts.js?20201214471411 HTTP/1.1" 304 -
190.171.153.26 - - [25/Apr/2022:11:05:55 -0300] "GET /cormun/static/cmcontrolpreferences.js?20199141926336 HTTP/1.1" 304 -
190.171.153.26 - - [25/Apr/2022:11:05:55 -0300] "GET /cormun/static/Shared/jquery/jquery-1.4.2.min.js HTTP/1.1" 304 -
190.171.153.26 - - [25/Apr/2022:11:05:55 -0300] "GET /cormun/static/Shared/jquery/jquery-1.10.2.min.js HTTP/1.1" 304 -
190.171.153.26 - - [25/Apr/2022:11:05:55 -0300] "GET /cormun/static/trlicencias.js?202012162481 HTTP/1.1" 304 -
190.171.153.26 - - [25/Apr/2022:11:05:55 -0300] "GET /cormun/static/Shared/jqueryui/jquery-ui.min.js HTTP/1.1" 304 -
190.171.153.26 - - [25/Apr/2022:11:05:55 -0300] "GET /cormun/static/SmoothNavMenu/resources/ddsmoothmenu.js HTTP/1.1" 304 -
190.171.153.26 - - [25/Apr/2022:11:05:55 -0300] "GET /cormun/static/SmoothNavMenu/resources/SmoothNavMenuRender.js HTTP/1.1" 304 -
190.171.153.26 - - [25/Apr/2022:11:05:55 -0300] "GET /cormun/static/scaMessage/js/jquery.pnotify.min.js HTTP/1.1" 304 -
190.171.153.26 - - [25/Apr/2022:11:05:55 -0300] "GET /cormun/static/scaMessage/scaMessageRender.js HTTP/1.1" 304 -
190.171.153.26 - - [25/Apr/2022:11:05:55 -0300] "GET /cormun/static/hmpwkw03.js?20201215501896 HTTP/1.1" 304 -
190.171.153.26 - - [25/Apr/2022:11:05:55 -0300] "GET /cormun/servlet/hlogin HTTP/1.1" 200 1748
190.171.154.42 - - [25/Apr/2022:11:05:57 -0300] "GET /cormun/servlet/solicitudot?8b20e497fd1b3380064ad96ac82d217875cac19749f885c7f877dab564bc8b3c45580c6d9a4be7e947fe1eb814a1e20c,gx-no-cache=1650894807032 HTTP/1.1" 200 30
190.171.153.26 - - [25/Apr/2022:11:05:59 -0300] "POST /cormun/servlet/hlogin?423bcb4fb94a97a5abf5076bff1362a9,gx-no-cache=1650894809257 HTTP/1.1" 200 90
190.171.153.26 - - [25/Apr/2022:11:05:59 -0300] "GET /cormun/servlet/hpexe_link HTTP/1.1" 200 962
190.171.153.26 - - [25/Apr/2022:11:05:59 -0300] "GET /cormun/servlet/trlicencias HTTP/1.1" 200 10279
190.171.153.26 - - [25/Apr/2022:11:06:18 -0300] "POST /cormun/servlet/trlicencias?423bcb4fb94a97a5abf5076bff1362a9,gx-no-cache=1650894827747 HTTP/1.1" 200 7705
190.171.154.42 - - [25/Apr/2022:11:06:37 -0300] "POST /cormun/servlet/solicitudot?gx-no-cache=1650894846386 HTTP/1.1" 200 33
191.126.136.5 - - [25/Apr/2022:11:06:40 -0300] "GET /cormun/servlet/hlogin HTTP/1.1" 200 1749
191.126.136.5 - - [25/Apr/2022:11:06:41 -0300] "GET /cormun/servlet/hlogin HTTP/1.1" 200 1738
190.171.153.26 - - [25/Apr/2022:11:06:46 -0300] "GET /cormun/servlet/trsolicitudot? HTTP/1.1" 200 8580
190.171.153.26 - - [25/Apr/2022:11:06:51 -0300] "GET /cormun/servlet/solicitudot?INS,0,0,false, HTTP/1.1" 200 15683
190.171.153.26 - - [25/Apr/2022:11:06:51 -0300] "GET /cormun/static/Resources/prompt.gif HTTP/1.1" 200 902
192.168.10.11 - - [25/Apr/2022:11:06:51 -0300] "GET / HTTP/1.1" 200 11217
190.171.153.26 - - [25/Apr/2022:11:07:18 -0300] "POST /cormun/servlet/solicitudot?gx-no-cache=1650894887741 HTTP/1.1" 200 3858
190.171.153.26 - - [25/Apr/2022:11:07:18 -0300] "POST /cormun/servlet/solicitudot?423bcb4fb94a97a5abf5076bff1362a9,INS,0,0,false,,gx-no-cache=1650894888001 HTTP/1.1" 200 12403
190.171.154.42 - - [25/Apr/2022:11:07:18 -0300] "POST /cormun/servlet/solicitudot?7232f5916e95d0d0c0651d1ae726219a,INS,0,0,false,,gx-no-cache=1650894887718 HTTP/1.1" 200 93
190.171.154.42 - - [25/Apr/2022:11:07:19 -0300] "GET /cormun/servlet/hpexe_return? HTTP/1.1" 200 1013
190.171.154.42 - - [25/Apr/2022:11:07:19 -0300] "GET /cormun/servlet/trsolicitudot HTTP/1.1" 200 9304
190.171.154.42 - - [25/Apr/2022:11:07:21 -0300] "GET /cormun/servlet/trsolicitudot HTTP/1.1" 200 9300
190.171.153.26 - - [25/Apr/2022:11:07:23 -0300] "GET /cormun/servlet/solicitudot?8c6da82a426f0b1b326b013c3665ded3ad52b796e0fc132d0050655cf5a39e5729f62db6d8568efb5321b12f89927b03,gx-no-cache=1650894893085 HTTP/1.1" 200 30
190.171.154.42 - - [25/Apr/2022:11:07:24 -0300] "POST /cormun/servlet/trsolicitudot?7232f5916e95d0d0c0651d1ae726219a,gx-no-cache=1650894893795 HTTP/1.1" 200 6550
190.171.154.42 - - [25/Apr/2022:11:07:34 -0300] "GET /cormun/servlet/solicitudot?INS,0,0,false, HTTP/1.1" 200 15904
190.171.154.42 - - [25/Apr/2022:11:07:36 -0300] "GET /cormun/servlet/solicitudot?INS,0,0,false, HTTP/1.1" 200 15911
190.171.153.26 - - [25/Apr/2022:11:07:39 -0300] "GET /cormun/servlet/trsolicitudot? HTTP/1.1" 200 8581
190.171.154.42 - - [25/Apr/2022:11:07:39 -0300] "GET /cormun/servlet/prfichaempleado?,MD,,gxPopupLevel%3D0%3B HTTP/1.1" 200 9177
190.171.153.26 - - [25/Apr/2022:11:07:43 -0300] "POST /cormun/servlet/trsolicitudot?423bcb4fb94a97a5abf5076bff1362a9,,gx-no-cache=1650894913100 HTTP/1.1" 200 8409
192.168.10.11 - - [25/Apr/2022:11:07:51 -0300] "GET / HTTP/1.1" 200 11217
190.171.154.42 - - [25/Apr/2022:11:07:57 -0300] "POST /cormun/servlet/prfichaempleado?7232f5916e95d0d0c0651d1ae726219a,,MD,,gxPopupLevel%3D0%3B,gx-no-cache=1650894926706 HTTP/1.1" 200 4528
190.171.153.26 - - [25/Apr/2022:11:08:05 -0300] "POST /cormun/servlet/trsolicitudot?423bcb4fb94a97a5abf5076bff1362a9,,gx-no-cache=1650894935218 HTTP/1.1" 200 8407
190.171.153.26 - - [25/Apr/2022:11:08:36 -0300] "POST /cormun/servlet/trsolicitudot?423bcb4fb94a97a5abf5076bff1362a9,,gx-no-cache=1650894966137 HTTP/1.1" 200 4355
190.171.153.26 - - [25/Apr/2022:11:08:44 -0300] "POST /cormun/servlet/trsolicitudot?423bcb4fb94a97a5abf5076bff1362a9,,gx-no-cache=1650894974028 HTTP/1.1" 200 6661
192.168.10.11 - - [25/Apr/2022:11:08:51 -0300] "GET / HTTP/1.1" 200 11217
190.171.154.42 - - [25/Apr/2022:11:08:56 -0300] "POST /cormun/servlet/prfichaempleado?7232f5916e95d0d0c0651d1ae726219a,,MD,,gxPopupLevel%3D0%3B,gx-no-cache=1650894985497 HTTP/1.1" 200 3180
190.171.153.26 - - [25/Apr/2022:11:08:58 -0300] "POST /cormun/servlet/trsolicitudot?423bcb4fb94a97a5abf5076bff1362a9,,gx-no-cache=1650894988151 HTTP/1.1" 200 4355
190.171.142.26 - - [25/Apr/2022:11:09:01 -0300] "GET /cormun/servlet/solicitudot?68adc04f74e0c70f897063e8018296756dbd5cf3624036030a6387a2fe354fb0f32b817d120f526cad612b439a5b9684fd953a4da151d1229bd48e2260b482f36f418ed855011a07d86856a03a777c54,gx-no-cache=1650894991266 HTTP/1.1" 200 30
190.171.142.26 - - [25/Apr/2022:11:09:01 -0300] "GET /cormun/servlet/solicitudot?68adc04f74e0c70f897063e801829675f0d7053705b42b4296ce5b2e5bf1ba62,gx-no-cache=1650894991344 HTTP/1.1" 200 29
190.171.142.26 - - [25/Apr/2022:11:09:01 -0300] "POST /cormun/servlet/solicitudot?gx-no-cache=1650894991389 HTTP/1.1" 200 297
190.171.142.26 - - [25/Apr/2022:11:09:01 -0300] "GET /cormun/servlet/solicitudot?68adc04f74e0c70f897063e801829675bb5ff7cc157e8076f4471eeaf4374b739c53c8da8526a99efaac199c91afba095f3a8f632eee4e6a8970c4320032ccdee7c2e9ef63ad5062e61704e4a7fd6dd13a80b755f1f9ebc4d9a7419a9f8944e11644bfcfe27280438c3bdc5ba190a6789467da63638f42de6fe20e6f49ca1d011051698bfa1a08b619db7a64f37a651e2fffe857ba5499beb649317bc8e101f4d1a1ad13e996e2e644b36e1c03ba04f398e09f55acf0d1b19d7fe41755a3334f643bd7c21648f79eb394bfecbeb2fa415de05404cd38970f3157f492386d4a5e9659836b2c65510057187ad452f87d1a7b900ca205229df669fb9950c9948dbe153cd743a65a5daca9c69e648feff1cf4d2ef2beb60b78fd1adc825954de6cb31a462fd2dbf74bee0da53f03eb0754c27005d4983156d965ed1445cf3835b5798fd2c166e5a3776e51afe7467fe4eea19cc341e2f7f2d7821ec9cf56f4d9c25dc6c4cc80e3f5fa65671e3dc0d891b9fbfaf518d777a74141db1359b44412ce45dc0aa99ff705040efafc52016688ceef,gx-no-cache=1650894991459 HTTP/1.1" 200 30
190.171.153.26 - - [25/Apr/2022:11:09:03 -0300] "POST /cormun/servlet/trsolicitudot?423bcb4fb94a97a5abf5076bff1362a9,,gx-no-cache=1650894993125 HTTP/1.1" 200 8408
190.171.142.26 - - [25/Apr/2022:11:09:11 -0300] "POST /cormun/servlet/solicitudot?gx-no-cache=1650895000901 HTTP/1.1" 200 30
192.168.10.11 - - [25/Apr/2022:11:09:51 -0300] "GET / HTTP/1.1" 200 11217
190.171.153.26 - - [25/Apr/2022:11:10:23 -0300] "GET /cormun/servlet/solicitudot?INS,0,0,false, HTTP/1.1" 200 15684
190.171.142.26 - - [25/Apr/2022:11:10:29 -0300] "GET /cormun/static/Resources/PXTools/ClosePrompt.png HTTP/1.1" 200 1036
190.171.142.26 - - [25/Apr/2022:11:10:29 -0300] "GET /cormun/static/Resources/resize.gif HTTP/1.1" 200 77
190.171.142.26 - - [25/Apr/2022:11:10:29 -0300] "GET /cormun/servlet/prlicenciaspermisos?15524622,L,,MD,,gxPopupLevel%3D0%3B HTTP/1.1" 200 6721
190.171.142.26 - - [25/Apr/2022:11:10:29 -0300] "GET /cormun/static/gxcfg.js?2020121559567 HTTP/1.1" 200 953
190.171.142.26 - - [25/Apr/2022:11:10:29 -0300] "GET /cormun/static/prlicenciaspermisos.js?2020121559821 HTTP/1.1" 200 13379
190.171.142.26 - - [25/Apr/2022:11:10:29 -0300] "GET /cormun/static/menusearch.js?20201214473581 HTTP/1.1" 200 1424
190.171.142.26 - - [25/Apr/2022:11:10:29 -0300] "GET /cormun/static/Resources/PXToolsMenuSearch.png HTTP/1.1" 200 336
190.171.142.26 - - [25/Apr/2022:11:10:29 -0300] "GET /cormun/static/hmpwkw011.js?20201215495555 HTTP/1.1" 200 1968
190.171.142.26 - - [25/Apr/2022:11:10:29 -0300] "GET /cormun/static/Resources/PXToolsMenuSearchCancel.png HTTP/1.1" 200 306
190.171.153.26 - - [25/Apr/2022:11:10:36 -0300] "POST /cormun/servlet/solicitudot?gx-no-cache=1650895086371 HTTP/1.1" 200 3858
190.171.153.26 - - [25/Apr/2022:11:10:36 -0300] "POST /cormun/servlet/solicitudot?423bcb4fb94a97a5abf5076bff1362a9,INS,0,0,false,,gx-no-cache=1650895086600 HTTP/1.1" 200 12402
190.171.153.26 - - [25/Apr/2022:11:10:38 -0300] "GET /cormun/servlet/solicitudot?8c6da82a426f0b1b326b013c3665ded3ad52b796e0fc132d0050655cf5a39e5729f62db6d8568efb5321b12f89927b03,gx-no-cache=1650895088665 HTTP/1.1" 200 30
190.171.142.26 - - [25/Apr/2022:11:10:39 -0300] "POST /cormun/servlet/solicitudot?gx-no-cache=1650895089731 HTTP/1.1" 200 1456
190.171.142.26 - - [25/Apr/2022:11:10:43 -0300] "POST /cormun/servlet/solicitudot?gx-no-cache=1650895093531 HTTP/1.1" 200 41
192.168.10.11 - - [25/Apr/2022:11:10:51 -0300] "GET / HTTP/1.1" 200 11217
190.171.143.90 - - [25/Apr/2022:11:11:17 -0300] "GET /cormun/servlet/hlogin HTTP/1.1" 200 1725
190.171.143.90 - - [25/Apr/2022:11:11:18 -0300] "GET /cormun/servlet/hlogin HTTP/1.1" 200 1736
190.171.154.42 - - [25/Apr/2022:11:11:39 -0300] "GET /cormun/servlet/prfichaempleado?,MD,,gxPopupLevel%3D0%3B HTTP/1.1" 200 9177
190.171.143.90 - - [25/Apr/2022:11:11:42 -0300] "POST /cormun/servlet/hlogin?041933ef37ba29ff0366903c66ed5d7b,gx-no-cache=1650895152206 HTTP/1.1" 200 90
190.171.143.90 - - [25/Apr/2022:11:11:42 -0300] "GET /cormun/servlet/hpexe_link HTTP/1.1" 200 952
190.171.143.90 - - [25/Apr/2022:11:11:42 -0300] "GET /cormun/servlet/hhome HTTP/1.1" 200 4303
190.171.143.90 - - [25/Apr/2022:11:11:43 -0300] "GET /cormun/servlet/hhome HTTP/1.1" 200 4299
190.171.143.90 - - [25/Apr/2022:11:11:47 -0300] "GET /cormun/servlet/trlicencias? HTTP/1.1" 200 10552
190.171.143.90 - - [25/Apr/2022:11:11:48 -0300] "GET /cormun/servlet/trlicencias? HTTP/1.1" 200 10549
192.168.10.11 - - [25/Apr/2022:11:11:51 -0300] "GET / HTTP/1.1" 200 11217
190.171.142.26 - - [25/Apr/2022:11:11:53 -0300] "GET /cormun/servlet/solicitudot?68adc04f74e0c70f897063e8018296752a417236039c176286d8c3276e29205d43a0bd75dc3e056c93f6e268d15175ea068887b0130326a108ac36a228fbdf83d9230321ad199cd1788957449ee09bad5366621b4ec869d23968dab0c7178f6592ceaa575e470e304d11fe94be561113,gx-no-cache=1650895163140 HTTP/1.1" 200 110
190.171.142.26 - - [25/Apr/2022:11:11:53 -0300] "POST /cormun/servlet/solicitudot?gx-no-cache=1650895163263 HTTP/1.1" 200 72
190.171.142.26 - - [25/Apr/2022:11:12:00 -0300] "GET /cormun/servlet/solicitudot?68adc04f74e0c70f897063e801829675b2eeee837c04dd089d0ead6f587cd006b287a82c94f44490fde9cf775071a208e1d9f80510d45392b1b0d570acced69d80ff22a1381a2c464d1fe16a890eb192531547e00d5d2449b2ff62333fddd7f023afa06801c505e23f5cc96e5f0ab556,gx-no-cache=1650895170248 HTTP/1.1" 200 29
190.171.142.26 - - [25/Apr/2022:11:12:00 -0300] "GET /cormun/static/menuarrow.gif HTTP/1.1" 404 1015
190.171.154.42 - - [25/Apr/2022:11:12:00 -0300] "POST /cormun/servlet/prfichaempleado?7232f5916e95d0d0c0651d1ae726219a,,MD,,gxPopupLevel%3D0%3B,gx-no-cache=1650895169920 HTTP/1.1" 200 4528
190.171.142.26 - - [25/Apr/2022:11:12:13 -0300] "GET /cormun/servlet/solicitudot?68adc04f74e0c70f897063e801829675be3661608326560f0a724ac1e7ecfbdb6924edb6a1534b23bba4a3fd89da0200,gx-no-cache=1650895183452 HTTP/1.1" 200 30
190.171.142.26 - - [25/Apr/2022:11:12:13 -0300] "POST /cormun/servlet/solicitudot?gx-no-cache=1650895183515 HTTP/1.1" 200 34
190.171.154.42 - - [25/Apr/2022:11:12:28 -0300] "POST /cormun/servlet/solicitudot?gx-no-cache=1650895197624 HTTP/1.1" 200 3858
190.171.154.42 - - [25/Apr/2022:11:12:29 -0300] "POST /cormun/servlet/solicitudot?7232f5916e95d0d0c0651d1ae726219a,INS,0,0,false,,gx-no-cache=1650895198188 HTTP/1.1" 200 12685
190.171.154.42 - - [25/Apr/2022:11:12:39 -0300] "GET /cormun/servlet/solicitudot?8b20e497fd1b3380064ad96ac82d2178a8c9b1d01777fc272aaabb91a76be26d1748a4650d11d13cbba831f99035d0d8,gx-no-cache=1650895208961 HTTP/1.1" 200 30
190.171.142.26 - - [25/Apr/2022:11:12:45 -0300] "POST /cormun/servlet/solicitudot?ad4004df8dee8fb06659de31d2b25872,INS,0,0,false,,gx-no-cache=1650895214763 HTTP/1.1" 200 12804
190.171.142.26 - - [25/Apr/2022:11:12:45 -0300] "GET /cormun/static/Shared/jqueryui/images/ui-bg_highlight-soft_100_c6c2c8_1x100.png HTTP/1.1" 404 1117
190.171.142.26 - - [25/Apr/2022:11:12:45 -0300] "GET /cormun/static/Shared/jqueryui/images/ui-icons_82798d_256x240.png HTTP/1.1" 404 1089
190.171.142.26 - - [25/Apr/2022:11:12:45 -0300] "GET /cormun/static/Shared/jqueryui/images/ui-icons_ebccce_256x240.png HTTP/1.1" 404 1089
190.171.142.26 - - [25/Apr/2022:11:12:45 -0300] "GET /cormun/static/Shared/jqueryui/images/ui-bg_flat_55_994d53_40x100.png HTTP/1.1" 404 1097
190.171.154.42 - - [25/Apr/2022:11:12:50 -0300] "GET /cormun/servlet/solicitudot?INS,0,0,false, HTTP/1.1" 200 15905
192.168.10.11 - - [25/Apr/2022:11:12:51 -0300] "GET / HTTP/1.1" 200 11217
190.171.154.42 - - [25/Apr/2022:11:12:52 -0300] "GET /cormun/servlet/solicitudot?INS,0,0,false, HTTP/1.1" 200 15913
190.171.154.42 - - [25/Apr/2022:11:12:58 -0300] "GET /cormun/servlet/prfichaempleado?,MD,,gxPopupLevel%3D0%3B HTTP/1.1" 200 9177
190.171.154.42 - - [25/Apr/2022:11:13:08 -0300] "POST /cormun/servlet/prfichaempleado?7232f5916e95d0d0c0651d1ae726219a,,MD,,gxPopupLevel%3D0%3B,gx-no-cache=1650895237388 HTTP/1.1" 200 4528
190.171.142.10 - - [25/Apr/2022:11:13:10 -0300] "GET /cormun/servlet/hlogin HTTP/1.1" 200 1724
190.171.142.10 - - [25/Apr/2022:11:13:15 -0300] "POST /cormun/servlet/hlogin?f049c2e2230918513654e0cda02a13fa,gx-no-cache=1650895246636 HTTP/1.1" 200 90
190.171.142.10 - - [25/Apr/2022:11:13:15 -0300] "GET /cormun/servlet/hpexe_link HTTP/1.1" 200 952
190.171.142.10 - - [25/Apr/2022:11:13:15 -0300] "GET /cormun/servlet/hhome HTTP/1.1" 200 4115
190.171.142.10 - - [25/Apr/2022:11:13:16 -0300] "GET /cormun/servlet/hhome HTTP/1.1" 200 4113
190.171.142.10 - - [25/Apr/2022:11:13:19 -0300] "GET /cormun/servlet/trlicencias? HTTP/1.1" 200 17069
190.171.142.10 - - [25/Apr/2022:11:13:20 -0300] "GET /cormun/servlet/trlicencias? HTTP/1.1" 200 17066
190.171.154.42 - - [25/Apr/2022:11:13:40 -0300] "POST /cormun/servlet/solicitudot?gx-no-cache=1650895269389 HTTP/1.1" 200 3858
190.171.154.42 - - [25/Apr/2022:11:13:42 -0300] "POST /cormun/servlet/solicitudot?7232f5916e95d0d0c0651d1ae726219a,INS,0,0,false,,gx-no-cache=1650895270045 HTTP/1.1" 200 12686
190.171.154.42 - - [25/Apr/2022:11:13:46 -0300] "POST /cormun/servlet/solicitudot?7232f5916e95d0d0c0651d1ae726219a,INS,0,0,false,,gx-no-cache=1650895274854 HTTP/1.1" 200 13055
190.171.154.42 - - [25/Apr/2022:11:13:46 -0300] "GET /cormun/static/Shared/jqueryui/images/ui-bg_highlight-soft_100_c6c2c8_1x100.png HTTP/1.1" 404 1117
190.171.154.42 - - [25/Apr/2022:11:13:46 -0300] "GET /cormun/static/Shared/jqueryui/images/ui-icons_82798d_256x240.png HTTP/1.1" 404 1089
190.171.154.42 - - [25/Apr/2022:11:13:46 -0300] "GET /cormun/static/Shared/jqueryui/images/ui-bg_flat_55_994d53_40x100.png HTTP/1.1" 404 1097
190.171.154.42 - - [25/Apr/2022:11:13:46 -0300] "GET /cormun/static/Shared/jqueryui/images/ui-icons_ebccce_256x240.png HTTP/1.1" 404 1089
192.168.10.11 - - [25/Apr/2022:11:13:51 -0300] "GET / HTTP/1.1" 200 11217
190.171.154.42 - - [25/Apr/2022:11:13:54 -0300] "GET /cormun/servlet/solicitudot?8b20e497fd1b3380064ad96ac82d2178a8c9b1d01777fc272aaabb91a76be26de688001ae90a84c65011a74d484cd65b,gx-no-cache=1650895283361 HTTP/1.1" 200 30
190.171.154.42 - - [25/Apr/2022:11:14:22 -0300] "GET /cormun/servlet/trsolicitudot? HTTP/1.1" 200 9301
190.171.154.42 - - [25/Apr/2022:11:14:23 -0300] "GET /cormun/servlet/trsolicitudot? HTTP/1.1" 200 9300
190.171.154.42 - - [25/Apr/2022:11:14:34 -0300] "POST /cormun/servlet/trsolicitudot?7232f5916e95d0d0c0651d1ae726219a,,gx-no-cache=1650895323526 HTTP/1.1" 200 15717
190.171.154.42 - - [25/Apr/2022:11:14:42 -0300] "GET /cormun/servlet/vesolicitudot?2022,18206,, HTTP/1.1" 200 8503
190.171.154.42 - - [25/Apr/2022:11:14:43 -0300] "GET /cormun/pexe_scrolldiv.js HTTP/1.1" 404 1009
190.171.154.42 - - [25/Apr/2022:11:14:44 -0300] "GET /cormun/servlet/vesolicitudot?2022,18206,, HTTP/1.1" 200 8503
192.168.10.11 - - [25/Apr/2022:11:14:51 -0300] "GET / HTTP/1.1" 200 11217
192.168.10.11 - - [25/Apr/2022:11:15:51 -0300] "GET / HTTP/1.1" 200 11217
190.171.154.42 - - [25/Apr/2022:11:16:08 -0300] "GET /cormun/servlet/trsolicitudot? HTTP/1.1" 200 18341
190.171.154.42 - - [25/Apr/2022:11:16:10 -0300] "GET /cormun/servlet/trsolicitudot? HTTP/1.1" 200 18332
190.171.154.42 - - [25/Apr/2022:11:16:12 -0300] "GET /cormun/servlet/solicitudot?INS,0,0,false, HTTP/1.1" 200 15904
190.171.154.42 - - [25/Apr/2022:11:16:13 -0300] "GET /cormun/servlet/solicitudot?INS,0,0,false, HTTP/1.1" 200 15912
190.171.154.42 - - [25/Apr/2022:11:16:17 -0300] "POST /cormun/servlet/solicitudot?gx-no-cache=1650895426866 HTTP/1.1" 200 3880
190.171.154.42 - - [25/Apr/2022:11:16:18 -0300] "POST /cormun/servlet/solicitudot?7232f5916e95d0d0c0651d1ae726219a,INS,0,0,false,,gx-no-cache=1650895427347 HTTP/1.1" 200 12724
190.171.154.42 - - [25/Apr/2022:11:16:18 -0300] "GET /cormun/servlet/solicitudot?8b20e497fd1b3380064ad96ac82d2178a8c9b1d01777fc272aaabb91a76be26d1748a4650d11d13cbba831f99035d0d8,gx-no-cache=1650895427753 HTTP/1.1" 200 30
192.168.10.11 - - [25/Apr/2022:11:16:52 -0300] "GET / HTTP/1.1" 200 11217
200.54.237.82 - - [25/Apr/2022:11:17:06 -0300] "GET /cormun/servlet/trcontratounov2? HTTP/1.1" 200 5906
200.54.237.82 - - [25/Apr/2022:11:17:07 -0300] "GET /cormun/servlet/trcontratounov2? HTTP/1.1" 200 5916
200.54.237.82 - - [25/Apr/2022:11:17:08 -0300] "GET /cormun/servlet/hlogin HTTP/1.1" 200 1740
192.168.10.11 - - [25/Apr/2022:11:17:51 -0300] "GET / HTTP/1.1" 200 11217
190.171.154.42 - - [25/Apr/2022:11:17:52 -0300] "GET /cormun/servlet/prbanco?,MD,,gxPopupLevel%3D0%3B HTTP/1.1" 200 6447
190.171.154.42 - - [25/Apr/2022:11:18:00 -0300] "GET /cormun/servlet/solicitudot?8b20e497fd1b3380064ad96ac82d2178a0ebfdbe8c7b4b0a77b5de55f0655a2f,gx-no-cache=1650895530336 HTTP/1.1" 200 94
190.171.154.42 - - [25/Apr/2022:11:18:00 -0300] "GET /cormun/static/Shared/jqueryui/images/ui-bg_highlight-soft_100_c6c2c8_1x100.png HTTP/1.1" 404 1117
190.171.154.42 - - [25/Apr/2022:11:18:01 -0300] "GET /cormun/static/Shared/jqueryui/images/ui-icons_82798d_256x240.png HTTP/1.1" 404 1089
190.171.154.42 - - [25/Apr/2022:11:18:01 -0300] "GET /cormun/static/Shared/jqueryui/images/ui-bg_flat_55_994d53_40x100.png HTTP/1.1" 404 1097
190.171.154.42 - - [25/Apr/2022:11:18:01 -0300] "GET /cormun/static/Shared/jqueryui/images/ui-icons_ebccce_256x240.png HTTP/1.1" 404 1089
190.171.154.42 - - [25/Apr/2022:11:18:02 -0300] "GET /cormun/servlet/solicitudot?8b20e497fd1b3380064ad96ac82d21780eddd47d490f32deb201ae04b8651624,gx-no-cache=1650895531552 HTTP/1.1" 200 51
200.54.237.82 - - [25/Apr/2022:11:18:13 -0300] "POST /cormun/servlet/hlogin?eba8153a7405e8d8df03f3717464ec5e,gx-no-cache=1650895543257 HTTP/1.1" 200 90
200.54.237.82 - - [25/Apr/2022:11:18:14 -0300] "GET /cormun/servlet/hpexe_link HTTP/1.1" 200 956
200.54.237.82 - - [25/Apr/2022:11:18:14 -0300] "GET /cormun/servlet/trcontratounov2 HTTP/1.1" 200 17807
200.54.237.82 - - [25/Apr/2022:11:18:15 -0300] "GET /cormun/servlet/trcontratounov2 HTTP/1.1" 200 17810
190.171.154.42 - - [25/Apr/2022:11:18:44 -0300] "GET /cormun/servlet/solicitudot?8b20e497fd1b3380064ad96ac82d2178cd1a09f2715fc017dc1c60cd7ff305fcd7e6bebe5444957baa7fed0f241db63957cfee41cfa151f108543b9cd8fe0f94,gx-no-cache=1650895573678 HTTP/1.1" 200 30
190.171.154.42 - - [25/Apr/2022:11:18:45 -0300] "POST /cormun/servlet/solicitudot?gx-no-cache=1650895575339 HTTP/1.1" 200 255
190.171.154.42 - - [25/Apr/2022:11:18:49 -0300] "GET /cormun/servlet/solicitudot?8b20e497fd1b3380064ad96ac82d2178ed9791e3d0190b3d4175a6f897d19e7394cb20e8c3ac01b393bd23ca336521947b20a72a69c83f0209a60e68b1859dce40c195ba3f3f121c42fe4b3abd8b25d7c01e984bea7e1168862c98c85de128b424cab965d9d9fdaedd0a91291d9f5f1dbb1a0a6bede0115e1aab9aa786a89e97c74ea7f9766b6fd87c0dc7febb4989f0ab332f383455fe7374f949486216c5370658f1875320080e053f716aee26abddbbea63e70dcae40a4e3acc86de9ecb44da442b79a1ea1ec067f473f61bbf579d9c89f33c651ba34fd1cc7f017594cc2e57b9351074783a62c8e06814ff023962cef998461ca8464f8af5390a1d9c17e3ed06d629415f382370d36a1b3d2f931e7a05350f8e2bd50f9e2ac7de977038a933317c5659e1b1ae5f3256a979677bc08cfd4b4b55f0a7ffb34011becef1be1c7e2b19621cba14928805f4a64e49e6820043780312598c924dbb2da5f8082d9e70cef17b3905f3761c24f3090498488635aa37b7a01fd09e0c207613eecf3c4f,gx-no-cache=1650895578741 HTTP/1.1" 200 30
192.168.10.11 - - [25/Apr/2022:11:18:51 -0300] "GET / HTTP/1.1" 200 11217
190.171.154.42 - - [25/Apr/2022:11:18:53 -0300] "POST /cormun/servlet/solicitudot?gx-no-cache=1650895582637 HTTP/1.1" 200 30
190.171.154.42 - - [25/Apr/2022:11:18:55 -0300] "GET /cormun/servlet/prcontratosol?19853354,,,,,MD,,gxPopupLevel%3D0%3B HTTP/1.1" 200 7525
190.171.154.42 - - [25/Apr/2022:11:19:03 -0300] "POST /cormun/servlet/solicitudot?gx-no-cache=1650895592447 HTTP/1.1" 200 1454
190.171.154.42 - - [25/Apr/2022:11:19:03 -0300] "POST /cormun/servlet/solicitudot?gx-no-cache=1650895592537 HTTP/1.1" 200 38
190.171.154.42 - - [25/Apr/2022:11:19:03 -0300] "GET /cormun/servlet/solicitudot?8b20e497fd1b3380064ad96ac82d2178db2316d6d55a6b08965c6cf3429452560b1564a524d547d3c554aa7b3b704f4062f52d10d1012ba65365570d4b9c250c76def33875d72730c1fbab0c9f48586d28218494f4a414aef1450988fa37d97d5057ea18568204b3021ca49b8955a2b1,gx-no-cache=1650895592594 HTTP/1.1" 200 110
190.171.154.42 - - [25/Apr/2022:11:19:03 -0300] "POST /cormun/servlet/solicitudot?gx-no-cache=1650895592659 HTTP/1.1" 200 97
190.171.154.42 - - [25/Apr/2022:11:19:03 -0300] "GET /cormun/servlet/solicitudot?8b20e497fd1b3380064ad96ac82d217860e1ed2a00b980d9452fe1d720ea6fd03c32a333b1b59dca508642e6a37414b5130334312faa5dd0566e760b7d175bb79d4262d88fcd01a6d6213768ea8c90c4f3f2b9953855106823f7cf7b5756b6dc7d65f03fae4a1c0b18cb8589cbf37470,gx-no-cache=1650895592817 HTTP/1.1" 200 29
190.171.154.42 - - [25/Apr/2022:11:19:03 -0300] "GET /cormun/servlet/solicitudot?8b20e497fd1b3380064ad96ac82d217823798b1b32a147b47f748283048140f27437cee03dcf0859e4105ba843eaac21,gx-no-cache=1650895592887 HTTP/1.1" 200 134
190.171.154.42 - - [25/Apr/2022:11:19:16 -0300] "GET /cormun/static/menuarrow.gif HTTP/1.1" 404 1015
190.171.154.42 - - [25/Apr/2022:11:19:24 -0300] "GET /cormun/servlet/solicitudot?8b20e497fd1b3380064ad96ac82d217875cac19749f885c7f877dab564bc8b3c45580c6d9a4be7e947fe1eb814a1e20c,gx-no-cache=1650895613933 HTTP/1.1" 200 30
192.168.10.11 - - [25/Apr/2022:11:19:51 -0300] "GET / HTTP/1.1" 200 11217
190.171.154.42 - - [25/Apr/2022:11:20:24 -0300] "GET /cormun/servlet/trsolicitudot HTTP/1.1" 200 18337
190.171.154.42 - - [25/Apr/2022:11:20:26 -0300] "GET /cormun/servlet/trsolicitudot HTTP/1.1" 200 18332
190.171.154.42 - - [25/Apr/2022:11:20:30 -0300] "GET /cormun/servlet/solicitudot?INS,0,0,false, HTTP/1.1" 200 15905
190.171.154.42 - - [25/Apr/2022:11:20:31 -0300] "GET /cormun/servlet/solicitudot?INS,0,0,false, HTTP/1.1" 200 15912
190.171.154.42 - - [25/Apr/2022:11:20:50 -0300] "POST /cormun/servlet/solicitudot?gx-no-cache=1650895699678 HTTP/1.1" 200 3958
190.171.154.42 - - [25/Apr/2022:11:20:50 -0300] "POST /cormun/servlet/solicitudot?7232f5916e95d0d0c0651d1ae726219a,INS,0,0,false,,gx-no-cache=1650895700048 HTTP/1.1" 200 12836
190.171.154.42 - - [25/Apr/2022:11:20:51 -0300] "GET /cormun/servlet/solicitudot?8b20e497fd1b3380064ad96ac82d21781131c41f88ec0853991c48f17d47b2851748a4650d11d13cbba831f99035d0d8,gx-no-cache=1650895700476 HTTP/1.1" 200 30
190.171.154.42 - - [25/Apr/2022:11:20:51 -0300] "GET /cormun/servlet/solicitudot?8b20e497fd1b3380064ad96ac82d2178b2c3c4276c202c7a1e6e3d09e4987f9385d99d2f7ee454f4c2bb0501b0c32f9a0e0540520083bd0bc8679dbc2370817e,gx-no-cache=1650895700558 HTTP/1.1" 200 30
190.171.154.42 - - [25/Apr/2022:11:20:51 -0300] "GET /cormun/servlet/solicitudot?8b20e497fd1b3380064ad96ac82d21785658d9350c090affb3427e89de3ad6b9,gx-no-cache=1650895700610 HTTP/1.1" 200 53
190.171.154.42 - - [25/Apr/2022:11:20:51 -0300] "POST /cormun/servlet/solicitudot?gx-no-cache=1650895700689 HTTP/1.1" 200 255
190.171.154.42 - - [25/Apr/2022:11:20:51 -0300] "GET /cormun/servlet/solicitudot?8b20e497fd1b3380064ad96ac82d2178ed9791e3d0190b3d4175a6f897d19e7394cb20e8c3ac01b393bd23ca336521947b20a72a69c83f0209a60e68b1859dce40c195ba3f3f121c42fe4b3abd8b25d7c01e984bea7e1168862c98c85de128b424cab965d9d9fdaedd0a91291d9f5f1dbb1a0a6bede0115e1aab9aa786a89e97c74ea7f9766b6fd87c0dc7febb4989f0ab332f383455fe7374f949486216c5370658f1875320080e053f716aee26abddbbea63e70dcae40a4e3acc86de9ecb44da442b79a1ea1ec067f473f61bbf579d9c89f33c651ba34fd1cc7f017594cc2e57b9351074783a62c8e06814ff023962cef998461ca8464f8af5390a1d9c17e3ed06d629415f382370d36a1b3d2f931e7a05350f8e2bd50f9e2ac7de977038a933317c5659e1b1ae5f3256a979677bc08cfd4b4b55f0a7ffb34011becef1be1c7e2b19621cba14928805f4a64e49e6820043780312598c924dbb2da5f8082d9e70cef17b3905f3761c24f3090498488635aa37b7a01fd09e0c207613eecf3c4f,gx-no-cache=1650895700855 HTTP/1.1" 200 30
190.171.154.42 - - [25/Apr/2022:11:20:51 -0300] "POST /cormun/servlet/solicitudot?gx-no-cache=1650895700911 HTTP/1.1" 200 30
190.171.154.42 - - [25/Apr/2022:11:20:51 -0300] "POST /cormun/servlet/solicitudot?gx-no-cache=1650895701000 HTTP/1.1" 200 1452
190.171.154.42 - - [25/Apr/2022:11:20:51 -0300] "POST /cormun/servlet/solicitudot?gx-no-cache=1650895701081 HTTP/1.1" 200 41
192.168.10.11 - - [25/Apr/2022:11:20:51 -0300] "GET / HTTP/1.1" 200 11217
190.171.154.42 - - [25/Apr/2022:11:21:03 -0300] "GET /cormun/servlet/trsolicitudot? HTTP/1.1" 200 18332
190.171.154.42 - - [25/Apr/2022:11:21:05 -0300] "GET /cormun/servlet/trsolicitudot? HTTP/1.1" 200 18332
200.54.107.2 - - [25/Apr/2022:11:21:19 -0300] "GET /cormun/servlet/hlogin HTTP/1.1" 200 1723
190.171.154.42 - - [25/Apr/2022:11:21:19 -0300] "GET /cormun/servlet/vesolicitudot?2022,18206,, HTTP/1.1" 200 8503
190.171.154.42 - - [25/Apr/2022:11:21:20 -0300] "GET /cormun/pexe_scrolldiv.js HTTP/1.1" 404 1009
200.54.107.2 - - [25/Apr/2022:11:21:20 -0300] "GET /cormun/servlet/hlogin HTTP/1.1" 200 1734
200.54.107.2 - - [25/Apr/2022:11:21:21 -0300] "GET /favicon.ico HTTP/1.1" 200 21630
190.171.154.42 - - [25/Apr/2022:11:21:21 -0300] "GET /cormun/servlet/vesolicitudot?2022,18206,, HTTP/1.1" 200 8503
190.171.154.42 - - [25/Apr/2022:11:21:29 -0300] "GET /cormun/servlet/trsolicitudot? HTTP/1.1" 200 18332
190.171.154.42 - - [25/Apr/2022:11:21:30 -0300] "GET /cormun/servlet/trsolicitudot? HTTP/1.1" 200 18332
200.54.107.2 - - [25/Apr/2022:11:21:32 -0300] "POST /cormun/servlet/hlogin?3794be2386c277a8384325bf55cb8bb7,gx-no-cache=1650895741993 HTTP/1.1" 200 90
200.54.107.2 - - [25/Apr/2022:11:21:32 -0300] "GET /cormun/servlet/hpexe_link HTTP/1.1" 200 949
200.54.107.2 - - [25/Apr/2022:11:21:32 -0300] "GET /cormun/servlet/hhome HTTP/1.1" 200 4346
190.171.154.42 - - [25/Apr/2022:11:21:33 -0300] "GET /cormun/servlet/trlicencias? HTTP/1.1" 200 12533
200.54.107.2 - - [25/Apr/2022:11:21:33 -0300] "GET /cormun/servlet/hhome HTTP/1.1" 200 4342
190.171.154.42 - - [25/Apr/2022:11:21:34 -0300] "GET /cormun/servlet/trlicencias? HTTP/1.1" 200 12530
190.171.154.42 - - [25/Apr/2022:11:21:36 -0300] "GET /cormun/servlet/hhome HTTP/1.1" 200 4180
190.171.154.42 - - [25/Apr/2022:11:21:37 -0300] "GET /cormun/servlet/hhome HTTP/1.1" 200 4176
200.54.107.2 - - [25/Apr/2022:11:21:37 -0300] "GET /cormun/servlet/trlicencias? HTTP/1.1" 200 9815
200.54.107.2 - - [25/Apr/2022:11:21:38 -0300] "GET /cormun/servlet/trlicencias? HTTP/1.1" 200 9812
190.171.154.42 - - [25/Apr/2022:11:21:42 -0300] "GET /cormun/servlet/hlogin HTTP/1.1" 200 1739
190.171.154.42 - - [25/Apr/2022:11:21:49 -0300] "POST /cormun/servlet/hlogin?7232f5916e95d0d0c0651d1ae726219a,gx-no-cache=1650895758727 HTTP/1.1" 200 90
190.171.154.42 - - [25/Apr/2022:11:21:49 -0300] "GET /cormun/servlet/hpexe_link HTTP/1.1" 200 956
190.171.154.42 - - [25/Apr/2022:11:21:49 -0300] "GET /cormun/servlet/hhome HTTP/1.1" 200 4180
190.171.154.42 - - [25/Apr/2022:11:21:50 -0300] "GET /cormun/servlet/hhome HTTP/1.1" 200 4176
192.168.10.11 - - [25/Apr/2022:11:21:51 -0300] "GET / HTTP/1.1" 200 11217
190.171.154.42 - - [25/Apr/2022:11:21:54 -0300] "GET /cormun/servlet/trsolicitudot? HTTP/1.1" 200 18325
190.171.154.42 - - [25/Apr/2022:11:21:56 -0300] "GET /cormun/servlet/trsolicitudot? HTTP/1.1" 200 18322
190.171.154.42 - - [25/Apr/2022:11:22:02 -0300] "POST /cormun/servlet/trsolicitudot?7232f5916e95d0d0c0651d1ae726219a,,gx-no-cache=1650895771403 HTTP/1.1" 200 15713
190.171.154.42 - - [25/Apr/2022:11:22:19 -0300] "POST /cormun/servlet/trsolicitudot?7232f5916e95d0d0c0651d1ae726219a,,gx-no-cache=1650895789003 HTTP/1.1" 200 15687
190.171.154.42 - - [25/Apr/2022:11:22:32 -0300] "GET /cormun/servlet/solicitudot?INS,0,0,false, HTTP/1.1" 200 15905
190.171.154.42 - - [25/Apr/2022:11:22:33 -0300] "GET /cormun/servlet/solicitudot?INS,0,0,false, HTTP/1.1" 200 15912
192.168.10.11 - - [25/Apr/2022:11:22:51 -0300] "GET / HTTP/1.1" 200 11217
190.171.154.42 - - [25/Apr/2022:11:22:52 -0300] "POST /cormun/servlet/solicitudot?gx-no-cache=1650895821515 HTTP/1.1" 200 3858
190.171.154.42 - - [25/Apr/2022:11:22:52 -0300] "POST /cormun/servlet/solicitudot?7232f5916e95d0d0c0651d1ae726219a,INS,0,0,false,,gx-no-cache=1650895821796 HTTP/1.1" 200 12687
192.168.10.11 - - [25/Apr/2022:11:23:51 -0300] "GET / HTTP/1.1" 200 11217
190.171.154.42 - - [25/Apr/2022:11:24:44 -0300] "GET /cormun/servlet/solicitudot?8b20e497fd1b3380064ad96ac82d2178a8c9b1d01777fc272aaabb91a76be26d1748a4650d11d13cbba831f99035d0d8,gx-no-cache=1650895933779 HTTP/1.1" 200 30
192.168.10.11 - - [25/Apr/2022:11:24:51 -0300] "GET / HTTP/1.1" 200 11217
190.171.142.26 - - [25/Apr/2022:11:24:52 -0300] "GET /cormun/servlet/solicitudot?68adc04f74e0c70f897063e801829675bb5ff7cc157e8076f4471eeaf4374b739c53c8da8526a99efaac199c91afba095f3a8f632eee4e6a8970c4320032ccdee7c2e9ef63ad5062e61704e4a7fd6dd13a80b755f1f9ebc4d9a7419a9f8944e11644bfcfe27280438c3bdc5ba190a6789467da63638f42de6fe20e6f49ca1d011051698bfa1a08b619db7a64f37a651e2fffe857ba5499beb649317bc8e101f4d1a1ad13e996e2e644b36e1c03ba04f398e09f55acf0d1b19d7fe41755a3334f643bd7c21648f79eb394bfecbeb2fa415de05404cd38970f3157f492386d4a5e9659836b2c65510057187ad452f87d1a7b900ca205229df669fb9950c9948dbe153cd743a65a5daca9c69e648feff1cf4d2ef2beb60b78fd1adc825954de6cb31a462fd2dbf74bee0da53f03eb0754c27005d4983156d965ed1445cf3835b5798fd2c166e5a3776e51afe7467fe4eea19cc341e2f7f2d7821ec9cf56f4d9c25dc6c4cc80e3f5fa65671e3dc0d891b9fbc25cec52cf0662eb0377d79a41b13ae4dc0aa99ff705040efafc52016688ceef,gx-no-cache=1650895942096 HTTP/1.1" 200 30
190.171.142.26 - - [25/Apr/2022:11:24:52 -0300] "POST /cormun/servlet/solicitudot?gx-no-cache=1650895942163 HTTP/1.1" 200 30
190.171.142.26 - - [25/Apr/2022:11:24:52 -0300] "POST /cormun/servlet/solicitudot?gx-no-cache=1650895942297 HTTP/1.1" 200 1456
190.171.142.26 - - [25/Apr/2022:11:24:52 -0300] "POST /cormun/servlet/solicitudot?gx-no-cache=1650895942416 HTTP/1.1" 200 41
190.171.142.26 - - [25/Apr/2022:11:24:52 -0300] "GET /cormun/servlet/solicitudot?68adc04f74e0c70f897063e8018296752a417236039c176286d8c3276e29205d43a0bd75dc3e056c93f6e268d15175ea068887b0130326a108ac36a228fbdf83d9230321ad199cd1788957449ee09bad5366621b4ec869d23968dab0c7178f6592ceaa575e470e304d11fe94be561113,gx-no-cache=1650895942479 HTTP/1.1" 200 110
190.171.142.26 - - [25/Apr/2022:11:24:52 -0300] "POST /cormun/servlet/solicitudot?gx-no-cache=1650895942541 HTTP/1.1" 200 67
190.171.142.26 - - [25/Apr/2022:11:24:52 -0300] "GET /cormun/servlet/solicitudot?68adc04f74e0c70f897063e801829675be3661608326560f0a724ac1e7ecfbdb6924edb6a1534b23bba4a3fd89da0200,gx-no-cache=1650895942592 HTTP/1.1" 200 30
190.171.142.26 - - [25/Apr/2022:11:24:52 -0300] "POST /cormun/servlet/solicitudot?gx-no-cache=1650895942639 HTTP/1.1" 200 34
190.171.142.26 - - [25/Apr/2022:11:24:53 -0300] "POST /cormun/servlet/solicitudot?ad4004df8dee8fb06659de31d2b25872,INS,0,0,false,,gx-no-cache=1650895942709 HTTP/1.1" 200 93
190.171.142.26 - - [25/Apr/2022:11:24:53 -0300] "GET /cormun/servlet/hpexe_return? HTTP/1.1" 200 1009
190.171.142.26 - - [25/Apr/2022:11:24:53 -0300] "GET /cormun/servlet/trsolicitudot HTTP/1.1" 200 8626
190.171.142.26 - - [25/Apr/2022:11:24:54 -0300] "GET /cormun/servlet/trsolicitudot HTTP/1.1" 200 8622
190.171.142.26 - - [25/Apr/2022:11:24:59 -0300] "POST /cormun/servlet/trsolicitudot?ad4004df8dee8fb06659de31d2b25872,gx-no-cache=1650895949257 HTTP/1.1" 200 103
190.171.142.26 - - [25/Apr/2022:11:25:01 -0300] "GET /cormun/SolicitudOT-5214.xls HTTP/1.1" 200 5632
190.171.142.26 - - [25/Apr/2022:11:25:07 -0300] "GET /cormun/servlet/solicitudot?INS,0,0,false, HTTP/1.1" 200 15698
190.171.142.26 - - [25/Apr/2022:11:25:07 -0300] "GET /cormun/servlet/solicitudot?INS,0,0,false, HTTP/1.1" 200 15706
190.171.142.26 - - [25/Apr/2022:11:25:16 -0300] "POST /cormun/servlet/solicitudot?gx-no-cache=1650895966438 HTTP/1.1" 200 3858
190.171.142.26 - - [25/Apr/2022:11:25:16 -0300] "POST /cormun/servlet/solicitudot?ad4004df8dee8fb06659de31d2b25872,INS,0,0,false,,gx-no-cache=1650895966622 HTTP/1.1" 200 12395
190.171.142.26 - - [25/Apr/2022:11:25:17 -0300] "GET /cormun/servlet/solicitudot?68adc04f74e0c70f897063e8018296756ba5c4aaa8ce648b011451189c19e17dcf9d981187bfd49cd5e9dbdbf4f00070,gx-no-cache=1650895967502 HTTP/1.1" 200 30
192.168.10.11 - - [25/Apr/2022:11:25:51 -0300] "GET / HTTP/1.1" 200 11217
190.171.142.26 - - [25/Apr/2022:11:26:26 -0300] "GET /cormun/servlet/solicitudot?68adc04f74e0c70f897063e8018296756dbd5cf3624036030a6387a2fe354fb0f32b817d120f526cad612b439a5b9684fd953a4da151d1229bd48e2260b482f36f418ed855011a07d86856a03a777c54,gx-no-cache=1650896035970 HTTP/1.1" 200 30
190.171.142.26 - - [25/Apr/2022:11:26:26 -0300] "GET /cormun/servlet/solicitudot?68adc04f74e0c70f897063e801829675f0d7053705b42b4296ce5b2e5bf1ba62,gx-no-cache=1650896036102 HTTP/1.1" 200 29
190.171.142.26 - - [25/Apr/2022:11:26:26 -0300] "POST /cormun/servlet/solicitudot?gx-no-cache=1650896036142 HTTP/1.1" 200 297
190.171.142.26 - - [25/Apr/2022:11:26:26 -0300] "GET /cormun/servlet/solicitudot?68adc04f74e0c70f897063e801829675bb5ff7cc157e8076f4471eeaf4374b739c53c8da8526a99efaac199c91afba095f3a8f632eee4e6a8970c4320032ccdee7c2e9ef63ad5062e61704e4a7fd6dd13a80b755f1f9ebc4d9a7419a9f8944e11644bfcfe27280438c3bdc5ba190a6789467da63638f42de6fe20e6f49ca1d011051698bfa1a08b619db7a64f37a651e2fffe857ba5499beb649317bc8e101f4d1a1ad13e996e2e644b36e1c03ba04f398e09f55acf0d1b19d7fe41755a3334f643bd7c21648f79eb394bfecbeb2fa415de05404cd38970f3157f492386d4a5e9659836b2c65510057187ad452f87d1a7b900ca205229df669fb9950c9948dbe153cd743a65a5daca9c69e648feff1cf4d2ef2beb60b78fd1adc825954de6cb31a462fd2dbf74bee0da53f03eb0754c27005d4983156d965ed1445cf3835b5798fd2c166e5a3776e51afe7467fe4eea19cc341e2f7f2d7821ec9cf56f4d9c25dc6c4cc80e3f5fa65671e3dc0d891b9fbfaf518d777a74141db1359b44412ce45dc0aa99ff705040efafc52016688ceef,gx-no-cache=1650896036194 HTTP/1.1" 200 30
190.171.142.26 - - [25/Apr/2022:11:26:28 -0300] "POST /cormun/servlet/solicitudot?gx-no-cache=1650896038803 HTTP/1.1" 200 30
190.171.142.26 - - [25/Apr/2022:11:26:38 -0300] "POST /cormun/servlet/solicitudot?gx-no-cache=1650896047810 HTTP/1.1" 200 30
190.171.142.26 - - [25/Apr/2022:11:26:49 -0300] "GET /cormun/servlet/prlicenciaspermisos?15524622,L,,MD,,gxPopupLevel%3D0%3B HTTP/1.1" 200 6721
192.168.10.11 - - [25/Apr/2022:11:26:51 -0300] "GET / HTTP/1.1" 200 11217
190.171.142.26 - - [25/Apr/2022:11:26:52 -0300] "POST /cormun/servlet/solicitudot?gx-no-cache=1650896062109 HTTP/1.1" 200 1456
190.171.142.26 - - [25/Apr/2022:11:26:56 -0300] "POST /cormun/servlet/solicitudot?gx-no-cache=1650896066200 HTTP/1.1" 200 41
190.171.142.26 - - [25/Apr/2022:11:26:56 -0300] "GET /cormun/servlet/solicitudot?68adc04f74e0c70f897063e8018296752a417236039c176286d8c3276e29205d43a0bd75dc3e056c93f6e268d15175ea068887b0130326a108ac36a228fbdf83d9230321ad199cd1788957449ee09bad5366621b4ec869d23968dab0c7178f6592ceaa575e470e304d11fe94be561113,gx-no-cache=1650896066295 HTTP/1.1" 200 110
190.171.142.26 - - [25/Apr/2022:11:26:56 -0300] "POST /cormun/servlet/solicitudot?gx-no-cache=1650896066350 HTTP/1.1" 200 72
190.171.142.26 - - [25/Apr/2022:11:27:01 -0300] "GET /cormun/servlet/solicitudot?68adc04f74e0c70f897063e801829675b2eeee837c04dd089d0ead6f587cd006b287a82c94f44490fde9cf775071a208e1d9f80510d45392b1b0d570acced69d80ff22a1381a2c464d1fe16a890eb192531547e00d5d2449b2ff62333fddd7f023afa06801c505e23f5cc96e5f0ab556,gx-no-cache=1650896071232 HTTP/1.1" 200 29
190.171.142.26 - - [25/Apr/2022:11:27:01 -0300] "GET /cormun/static/menuarrow.gif HTTP/1.1" 404 1015
190.171.142.26 - - [25/Apr/2022:11:27:09 -0300] "GET /cormun/servlet/solicitudot?68adc04f74e0c70f897063e8018296752d35e380b5ccf0789b7a1a0df31ced3fbcc63ce86abdfaebbc26b7291491247d,gx-no-cache=1650896079055 HTTP/1.1" 200 30
190.171.142.26 - - [25/Apr/2022:11:27:09 -0300] "POST /cormun/servlet/solicitudot?gx-no-cache=1650896079116 HTTP/1.1" 200 34
190.171.142.26 - - [25/Apr/2022:11:27:13 -0300] "POST /cormun/servlet/solicitudot?ad4004df8dee8fb06659de31d2b25872,INS,0,0,false,,gx-no-cache=1650896083252 HTTP/1.1" 200 93
190.171.142.26 - - [25/Apr/2022:11:27:13 -0300] "GET /cormun/servlet/hpexe_return? HTTP/1.1" 200 1009
190.171.142.26 - - [25/Apr/2022:11:27:13 -0300] "GET /cormun/servlet/trsolicitudot HTTP/1.1" 200 8961
190.171.142.26 - - [25/Apr/2022:11:27:14 -0300] "GET /cormun/servlet/trsolicitudot HTTP/1.1" 200 8961
89.248.165.52 - - [25/Apr/2022:11:27:26 -0300] "CONNECT hotmail-com.olc.protection.outlook.com:25 HTTP/1.1" 400 -
