190.95.2.157 - - [25/Apr/2022:17:30:41 -0300] "POST /cormun/servlet/solicitudot?d22b517075579327a29d73e03edcf6c9,INS,0,0,false,,gx-no-cache=1650917890839 HTTP/1.1" 200 12673
190.171.152.242 - - [25/Apr/2022:17:30:51 -0300] "POST /cormun/servlet/prfichaempleado?57ccdc14a433462c0821ac664dd51ffe,,MD,,gxPopupLevel%3D0%3B,gx-no-cache=1650917901178 HTTP/1.1" 200 3181
190.171.152.242 - - [25/Apr/2022:17:30:56 -0300] "GET /cormun/servlet/hlogin HTTP/1.1" 200 1753
192.168.10.11 - - [25/Apr/2022:17:31:18 -0300] "GET / HTTP/1.1" 200 11217
192.168.10.96 - - [25/Apr/2022:17:31:39 -0300] "POST /cormun/servlet/trsolicitudgral?fe2283d4708b064b34bd001068fb238e,,gx-no-cache=1650917777373 HTTP/1.1" 200 7791
104.140.188.34 - - [25/Apr/2022:17:31:46 -0300] "GET / HTTP/1.0" 200 11197
192.168.10.96 - - [25/Apr/2022:17:32:00 -0300] "POST /cormun/servlet/trsolicitudgral?fe2283d4708b064b34bd001068fb238e,,gx-no-cache=1650917799152 HTTP/1.1" 200 7409
192.168.10.96 - - [25/Apr/2022:17:32:00 -0300] "GET /cormun/static/Shared/jqueryui/images/ui-bg_highlight-soft_100_c6c2c8_1x100.png HTTP/1.1" 404 1117
192.168.10.96 - - [25/Apr/2022:17:32:00 -0300] "GET /cormun/static/Shared/jqueryui/images/ui-icons_82798d_256x240.png HTTP/1.1" 404 1089
192.168.10.96 - - [25/Apr/2022:17:32:00 -0300] "GET /cormun/static/Shared/jqueryui/images/ui-icons_8d78a5_256x240.png HTTP/1.1" 404 1089
192.168.10.96 - - [25/Apr/2022:17:32:00 -0300] "GET /cormun/static/Shared/jqueryui/images/ui-bg_flat_55_fafafa_40x100.png HTTP/1.1" 404 1097
192.168.10.11 - - [25/Apr/2022:17:32:18 -0300] "GET / HTTP/1.1" 200 11217
192.168.10.96 - - [25/Apr/2022:17:32:19 -0300] "GET /cormun/servlet/vesolicitudgral?2022,18277,, HTTP/1.1" 200 8410
192.168.10.96 - - [25/Apr/2022:17:32:19 -0300] "GET /cormun/pexe_scrolldiv.js HTTP/1.1" 404 1009
192.168.10.96 - - [25/Apr/2022:17:32:19 -0300] "GET /cormun/servlet/vesolicitudgral?2022,18277,, HTTP/1.1" 200 8410
192.168.10.96 - - [25/Apr/2022:17:32:22 -0300] "GET /cormun/servlet/trsolicitudgral? HTTP/1.1" 200 10402
192.168.10.96 - - [25/Apr/2022:17:32:22 -0300] "GET /cormun/servlet/trsolicitudgral? HTTP/1.1" 200 10402
192.168.10.96 - - [25/Apr/2022:17:32:26 -0300] "POST /cormun/servlet/trsolicitudgral?fe2283d4708b064b34bd001068fb238e,,gx-no-cache=1650917824726 HTTP/1.1" 200 5266
192.168.10.96 - - [25/Apr/2022:17:32:30 -0300] "POST /cormun/servlet/trsolicitudgral?fe2283d4708b064b34bd001068fb238e,,gx-no-cache=1650917829058 HTTP/1.1" 200 6967
192.168.10.17 - - [25/Apr/2022:17:32:58 -0300] "POST /cormun/servlet/trsolicitudgral?a4b084cea267d6fe9473497f99a55068,,gx-no-cache=1650917857062 HTTP/1.1" 200 11323
192.168.10.96 - - [25/Apr/2022:17:33:07 -0300] "GET /cormun/servlet/vesolicitudgral?2022,18399,, HTTP/1.1" 200 8367
192.168.10.96 - - [25/Apr/2022:17:33:07 -0300] "GET /cormun/pexe_scrolldiv.js HTTP/1.1" 404 1009
192.168.10.96 - - [25/Apr/2022:17:33:08 -0300] "GET /cormun/servlet/vesolicitudgral?2022,18399,, HTTP/1.1" 200 8366
192.168.10.17 - - [25/Apr/2022:17:33:10 -0300] "GET /cormun/servlet/vesolicitudgral?2022,18464,, HTTP/1.1" 200 8396
192.168.10.17 - - [25/Apr/2022:17:33:10 -0300] "GET /cormun/pexe_scrolldiv.js HTTP/1.1" 404 1009
192.168.10.17 - - [25/Apr/2022:17:33:10 -0300] "GET /cormun/servlet/vesolicitudgral?2022,18464,, HTTP/1.1" 200 8395
192.168.10.96 - - [25/Apr/2022:17:33:13 -0300] "POST /cormun/servlet/vesolicitudgral?fe2283d4708b064b34bd001068fb238e,2022,18399,,,gx-no-cache=1650917871483 HTTP/1.1" 200 12090
192.168.10.96 - - [25/Apr/2022:17:33:13 -0300] "GET /cormun/static/Shared/jqueryui/images/ui-icons_82798d_256x240.png HTTP/1.1" 404 1089
192.168.10.96 - - [25/Apr/2022:17:33:13 -0300] "GET /cormun/static/Shared/jqueryui/images/ui-bg_highlight-soft_100_c6c2c8_1x100.png HTTP/1.1" 404 1117
192.168.10.96 - - [25/Apr/2022:17:33:13 -0300] "GET /cormun/static/Shared/jqueryui/images/ui-bg_flat_55_fafafa_40x100.png HTTP/1.1" 404 1097
192.168.10.96 - - [25/Apr/2022:17:33:13 -0300] "GET /cormun/static/Shared/jqueryui/images/ui-icons_8d78a5_256x240.png HTTP/1.1" 404 1089
192.168.10.96 - - [25/Apr/2022:17:33:13 -0300] "POST /cormun/servlet/vesolicitudgral?fe2283d4708b064b34bd001068fb238e,2022,18399,,,gx-no-cache=1650917871680 HTTP/1.1" 200 12022
192.168.10.96 - - [25/Apr/2022:17:33:15 -0300] "GET /cormun/servlet/trsolicitudgral? HTTP/1.1" 200 9702
192.168.10.96 - - [25/Apr/2022:17:33:15 -0300] "GET /cormun/servlet/trsolicitudgral? HTTP/1.1" 200 9696
192.168.10.11 - - [25/Apr/2022:17:33:18 -0300] "GET / HTTP/1.1" 200 11217
186.67.172.234 - - [25/Apr/2022:17:33:20 -0300] "GET /cormun/servlet/trlicencias? HTTP/1.1" 200 15115
186.67.172.234 - - [25/Apr/2022:17:33:20 -0300] "GET /cormun/static/gxui/gxui-all.css?120300 HTTP/1.1" 200 2179
186.67.172.234 - - [25/Apr/2022:17:33:20 -0300] "GET /cormun/static/calendar-system.css?85620 HTTP/1.1" 200 5572
186.67.172.234 - - [25/Apr/2022:17:33:20 -0300] "GET /cormun/static/gxcfg.js?2020121613995 HTTP/1.1" 200 953
186.67.172.234 - - [25/Apr/2022:17:33:21 -0300] "GET /cormun/static/Resources/Spanish/PXTools.css?14345360 HTTP/1.1" 200 100853
192.168.10.96 - - [25/Apr/2022:17:33:21 -0300] "POST /cormun/servlet/trsolicitudgral?fe2283d4708b064b34bd001068fb238e,,gx-no-cache=1650917879382 HTTP/1.1" 200 6673
186.67.172.234 - - [25/Apr/2022:17:33:21 -0300] "GET /cormun/static/trlicencias.js?202012162481 HTTP/1.1" 200 41883
186.67.172.234 - - [25/Apr/2022:17:33:21 -0300] "GET /cormun/static/Shared/ext/resources/css/ext-all.css?215870 HTTP/1.1" 200 416045
186.67.172.234 - - [25/Apr/2022:17:33:21 -0300] "GET /cormun/static/Resources/PXToolsAddAllAction.png HTTP/1.1" 200 495
186.67.172.234 - - [25/Apr/2022:17:33:21 -0300] "GET /cormun//static/Resources/PXToolsActionPrint.png HTTP/1.1" 200 404
186.67.172.234 - - [25/Apr/2022:17:33:21 -0300] "GET /cormun//static/Resources/PXToolsActionDisabled.gif HTTP/1.1" 200 53
186.67.172.234 - - [25/Apr/2022:17:33:21 -0300] "GET /cormun//static/Resources/PXToolsGridDisplay.png HTTP/1.1" 200 525
186.67.172.234 - - [25/Apr/2022:17:33:21 -0300] "GET /cormun//static/Resources/PXToolsHeaderHelp.png HTTP/1.1" 200 1333
186.67.172.234 - - [25/Apr/2022:17:33:21 -0300] "GET /cormun//static/Resources/PXToolsHeaderFavorites.png HTTP/1.1" 200 1414
186.67.172.234 - - [25/Apr/2022:17:33:21 -0300] "GET /cormun/servlet/trlicencias? HTTP/1.1" 200 15114
192.168.10.96 - - [25/Apr/2022:17:33:25 -0300] "GET /cormun/servlet/vesolicitudgral?2022,18520,, HTTP/1.1" 200 8309
192.168.10.96 - - [25/Apr/2022:17:33:25 -0300] "GET /cormun/pexe_scrolldiv.js HTTP/1.1" 404 1009
192.168.10.96 - - [25/Apr/2022:17:33:25 -0300] "GET /cormun/servlet/vesolicitudgral?2022,18520,, HTTP/1.1" 200 8307
192.168.10.96 - - [25/Apr/2022:17:33:27 -0300] "POST /cormun/servlet/vesolicitudgral?fe2283d4708b064b34bd001068fb238e,2022,18520,,,gx-no-cache=1650917886112 HTTP/1.1" 200 12035
192.168.10.96 - - [25/Apr/2022:17:33:27 -0300] "GET /cormun/static/Shared/jqueryui/images/ui-icons_82798d_256x240.png HTTP/1.1" 404 1089
192.168.10.96 - - [25/Apr/2022:17:33:27 -0300] "GET /cormun/static/Shared/jqueryui/images/ui-bg_highlight-soft_100_c6c2c8_1x100.png HTTP/1.1" 404 1117
192.168.10.96 - - [25/Apr/2022:17:33:27 -0300] "GET /cormun/static/Shared/jqueryui/images/ui-bg_flat_55_fafafa_40x100.png HTTP/1.1" 404 1097
192.168.10.96 - - [25/Apr/2022:17:33:27 -0300] "GET /cormun/static/Shared/jqueryui/images/ui-icons_8d78a5_256x240.png HTTP/1.1" 404 1089
192.168.10.96 - - [25/Apr/2022:17:33:27 -0300] "POST /cormun/servlet/vesolicitudgral?fe2283d4708b064b34bd001068fb238e,2022,18520,,,gx-no-cache=1650917886312 HTTP/1.1" 200 11969
192.168.10.96 - - [25/Apr/2022:17:33:29 -0300] "GET /cormun/servlet/trsolicitudgral? HTTP/1.1" 200 8302
192.168.10.96 - - [25/Apr/2022:17:33:29 -0300] "GET /cormun/servlet/trsolicitudgral? HTTP/1.1" 200 8290
192.168.10.11 - - [25/Apr/2022:17:34:18 -0300] "GET / HTTP/1.1" 200 11217
192.168.10.96 - - [25/Apr/2022:17:34:43 -0300] "POST /cormun/servlet/trsolicitudgral?fe2283d4708b064b34bd001068fb238e,,gx-no-cache=1650917961806 HTTP/1.1" 200 5268
192.168.10.96 - - [25/Apr/2022:17:34:44 -0300] "POST /cormun/servlet/trsolicitudgral?fe2283d4708b064b34bd001068fb238e,,gx-no-cache=1650917963050 HTTP/1.1" 200 5267
192.168.10.96 - - [25/Apr/2022:17:34:51 -0300] "POST /cormun/servlet/trsolicitudgral?fe2283d4708b064b34bd001068fb238e,,gx-no-cache=1650917970051 HTTP/1.1" 200 8559
192.168.10.11 - - [25/Apr/2022:17:35:18 -0300] "GET / HTTP/1.1" 200 11217
192.168.10.11 - - [25/Apr/2022:17:36:18 -0300] "GET / HTTP/1.1" 200 11217
181.212.43.89 - - [25/Apr/2022:17:36:47 -0300] "GET /cormun/servlet/trlicencias? HTTP/1.1" 200 7546
181.212.43.89 - - [25/Apr/2022:17:36:48 -0300] "GET /cormun/servlet/hlogin HTTP/1.1" 200 1742
181.212.43.89 - - [25/Apr/2022:17:36:48 -0300] "GET /cormun/servlet/trlicencias? HTTP/1.1" 200 7522
192.168.10.11 - - [25/Apr/2022:17:37:18 -0300] "GET / HTTP/1.1" 200 11217
190.95.2.157 - - [25/Apr/2022:17:37:35 -0300] "GET /cormun/servlet/solicitudot?0c95a4b8c92bf2d7e08f904d3dfe8caa25e1ec24e7d46dc7eecd1b57fe0ccdaa67b672983413adbf5aa738f18b3036ff,gx-no-cache=1650918305328 HTTP/1.1" 200 30
192.168.10.11 - - [25/Apr/2022:17:38:18 -0300] "GET / HTTP/1.1" 200 11217
192.168.10.11 - - [25/Apr/2022:17:39:18 -0300] "GET / HTTP/1.1" 200 11217
190.95.2.157 - - [25/Apr/2022:17:39:34 -0300] "GET /cormun/servlet/prbanco?,MD,,gxPopupLevel%3D0%3B HTTP/1.1" 200 6580
190.95.2.157 - - [25/Apr/2022:17:39:48 -0300] "GET /cormun/servlet/solicitudot?0c95a4b8c92bf2d7e08f904d3dfe8caa30f7b9972c9d466f6508b210314ec47d857473f0afd2d9b231153fb23e747827,gx-no-cache=1650918438311 HTTP/1.1" 200 30
190.95.2.157 - - [25/Apr/2022:17:39:51 -0300] "GET /cormun/servlet/solicitudot?0c95a4b8c92bf2d7e08f904d3dfe8caa6aff92cf906ac0d47e129245dac4f900,gx-no-cache=1650918441153 HTTP/1.1" 200 51
192.168.10.11 - - [25/Apr/2022:17:40:18 -0300] "GET / HTTP/1.1" 200 11217
190.95.2.157 - - [25/Apr/2022:17:41:07 -0300] "POST /cormun/servlet/solicitudot?gx-no-cache=1650918516772 HTTP/1.1" 200 297
190.95.2.157 - - [25/Apr/2022:17:41:07 -0300] "GET /cormun/servlet/solicitudot?0c95a4b8c92bf2d7e08f904d3dfe8caaff5291c03f828f431c79eb24d215fda0d12cba8a158b645603235be99fee05d49357efca8d49ac2a1dcf8c5fb116d358b45dc1f33a81a2315d866cfda9f4dd63132c9ff18526c3740e5c17ac6847923967b82d48de5547d39d4af39d39227aceff4ff5418dca3657b51ea8c815b6959e229a066e15e441f606bc89b7255db359dcf935df6761f8961280e7eb54ceb3d7ddac673973e08d7e2f8cf2c796603b4d78ca9ac60539a0fc0663ee652ae7f326f508c0d7361141afed68bc4ab2887faa6e9687e838902c289a5606b1f2db084c6eb99ff1a0c27ebbc009d2d09c0905ac77834a6eceece1c91d39dae5e263c5064c5e9b5225ddb594cecd304d8ad0fa81105566da97dc7bce4a84c924ddc4a987c962e6b8b6f480ac654235cbe054a94c1625255ab2987bb62f0e049d9cc6369a72e8d12065735aedaa982618973e35affa9590c65c2a703eab990fc3852037cca94cd40a60a8e509c1947a9aaa694aa3b048f9c04940e5de47ac09ae3cf521379605bfb8719789bb62077d7578931bd8,gx-no-cache=1650918516816 HTTP/1.1" 200 30
190.95.2.157 - - [25/Apr/2022:17:41:07 -0300] "POST /cormun/servlet/solicitudot?gx-no-cache=1650918516849 HTTP/1.1" 200 30
190.95.2.157 - - [25/Apr/2022:17:41:07 -0300] "POST /cormun/servlet/solicitudot?gx-no-cache=1650918516876 HTTP/1.1" 200 1452
190.95.2.157 - - [25/Apr/2022:17:41:07 -0300] "POST /cormun/servlet/solicitudot?gx-no-cache=1650918516909 HTTP/1.1" 200 38
190.95.2.157 - - [25/Apr/2022:17:41:07 -0300] "GET /cormun/servlet/solicitudot?0c95a4b8c92bf2d7e08f904d3dfe8caa627f883f1659df0b04f5c0af9616a0a20bf796b4771dfcd7954f147aefc8955313b899cec52f5db65432b5cceba6baa586ca4c99742bf293eb30ac467de481405df8beb18f34eea61feb2d73b4c32fca7138d95f4dedd9e773d8ea8036913b19,gx-no-cache=1650918516934 HTTP/1.1" 200 110
190.95.2.157 - - [25/Apr/2022:17:41:07 -0300] "POST /cormun/servlet/solicitudot?gx-no-cache=1650918516965 HTTP/1.1" 200 64
192.168.10.11 - - [25/Apr/2022:17:41:18 -0300] "GET / HTTP/1.1" 200 11217
192.168.10.11 - - [25/Apr/2022:17:42:18 -0300] "GET / HTTP/1.1" 200 11217
190.95.2.157 - - [25/Apr/2022:17:42:25 -0300] "GET /cormun/servlet/solicitudot?0c95a4b8c92bf2d7e08f904d3dfe8caa627f883f1659df0b04f5c0af9616a0a20bf796b4771dfcd7954f147aefc8955313b899cec52f5db65432b5cceba6baa586ca4c99742bf293eb30ac467de481405df8beb18f34eea61feb2d73b4c32fca7138d95f4dedd9e773d8ea8036913b19,gx-no-cache=1650918594574 HTTP/1.1" 200 110
190.95.2.157 - - [25/Apr/2022:17:42:25 -0300] "GET /cormun/servlet/solicitudot?0c95a4b8c92bf2d7e08f904d3dfe8caacd8d6ab34eff2703710a6c77a909cd65744193a681df45456b8fc7a27fa7b280acb22293df1a90ecfd14211b6760606ce31f29ec0a08de106412c906f19fcfb34fd27d618f084decfb1ca988188a1cfab998a34ff05c24aabae120ad60cc72f2,gx-no-cache=1650918594630 HTTP/1.1" 200 29
190.95.2.157 - - [25/Apr/2022:17:42:25 -0300] "GET /cormun/servlet/solicitudot?0c95a4b8c92bf2d7e08f904d3dfe8caa0182654b1ffd239cd4e4afead9a1fc8b,gx-no-cache=1650918594655 HTTP/1.1" 200 30
190.95.2.157 - - [25/Apr/2022:17:42:25 -0300] "POST /cormun/servlet/solicitudot?gx-no-cache=1650918594677 HTTP/1.1" 200 30
192.168.10.11 - - [25/Apr/2022:17:43:18 -0300] "GET / HTTP/1.1" 200 11217
190.95.2.157 - - [25/Apr/2022:17:43:20 -0300] "POST /cormun/servlet/solicitudot?gx-no-cache=1650918649562 HTTP/1.1" 200 69
190.95.2.157 - - [25/Apr/2022:17:43:23 -0300] "GET /cormun/static/menuarrow.gif HTTP/1.1" 404 1015
181.212.43.89 - - [25/Apr/2022:17:43:24 -0300] "GET /cormun/servlet/trlicencias? HTTP/1.1" 200 7531
181.212.43.89 - - [25/Apr/2022:17:43:24 -0300] "GET /cormun/servlet/hlogin HTTP/1.1" 200 1746
181.212.43.89 - - [25/Apr/2022:17:43:24 -0300] "GET /cormun/servlet/trlicencias? HTTP/1.1" 200 7527
190.95.2.157 - - [25/Apr/2022:17:43:27 -0300] "GET /cormun/servlet/solicitudot?0c95a4b8c92bf2d7e08f904d3dfe8caa158d79b7307a6cab984361dac1cb7536929bc7adb0d030848a549c0dedfaf21c,gx-no-cache=1650918656702 HTTP/1.1" 200 30
181.212.43.89 - - [25/Apr/2022:17:43:32 -0300] "POST /cormun/servlet/hlogin?681aa593b97c0ad3b3f1979c3b1546a6,gx-no-cache=1650918663068 HTTP/1.1" 200 90
181.212.43.89 - - [25/Apr/2022:17:43:32 -0300] "GET /cormun/servlet/hpexe_link HTTP/1.1" 200 961
181.212.43.89 - - [25/Apr/2022:17:43:32 -0300] "GET /cormun/servlet/trlicencias HTTP/1.1" 200 14340
181.212.43.89 - - [25/Apr/2022:17:43:32 -0300] "GET /cormun/servlet/trlicencias HTTP/1.1" 200 14338
190.95.2.157 - - [25/Apr/2022:17:43:36 -0300] "POST /cormun/servlet/solicitudot?gx-no-cache=1650918666404 HTTP/1.1" 200 30
192.168.10.11 - - [25/Apr/2022:17:44:18 -0300] "GET / HTTP/1.1" 200 11217
190.95.2.157 - - [25/Apr/2022:17:45:17 -0300] "POST /cormun/servlet/solicitudot?gx-no-cache=1650918767416 HTTP/1.1" 200 30
192.168.10.11 - - [25/Apr/2022:17:45:18 -0300] "GET / HTTP/1.1" 200 11217
190.95.2.157 - - [25/Apr/2022:17:45:24 -0300] "POST /cormun/servlet/solicitudot?gx-no-cache=1650918773818 HTTP/1.1" 200 1454
190.95.2.157 - - [25/Apr/2022:17:45:24 -0300] "POST /cormun/servlet/solicitudot?gx-no-cache=1650918773857 HTTP/1.1" 200 41
190.95.2.157 - - [25/Apr/2022:17:45:24 -0300] "GET /cormun/servlet/solicitudot?0c95a4b8c92bf2d7e08f904d3dfe8caa627f883f1659df0b04f5c0af9616a0a20bf796b4771dfcd7954f147aefc8955313b899cec52f5db65432b5cceba6baa586ca4c99742bf293eb30ac467de481405df8beb18f34eea61feb2d73b4c32fca7138d95f4dedd9e773d8ea8036913b19,gx-no-cache=1650918773883 HTTP/1.1" 200 110
190.95.2.157 - - [25/Apr/2022:17:45:24 -0300] "POST /cormun/servlet/solicitudot?gx-no-cache=1650918773918 HTTP/1.1" 200 64
190.95.2.157 - - [25/Apr/2022:17:45:24 -0300] "GET /cormun/servlet/solicitudot?0c95a4b8c92bf2d7e08f904d3dfe8caa158d79b7307a6cab984361dac1cb7536929bc7adb0d030848a549c0dedfaf21c,gx-no-cache=1650918773953 HTTP/1.1" 200 30
190.95.2.157 - - [25/Apr/2022:17:45:24 -0300] "POST /cormun/servlet/solicitudot?gx-no-cache=1650918773984 HTTP/1.1" 200 30
190.95.2.157 - - [25/Apr/2022:17:45:24 -0300] "POST /cormun/servlet/solicitudot?d22b517075579327a29d73e03edcf6c9,INS,0,0,false,,gx-no-cache=1650918774023 HTTP/1.1" 200 93
190.95.2.157 - - [25/Apr/2022:17:45:25 -0300] "GET /cormun/servlet/hpexe_return? HTTP/1.1" 200 1016
190.95.2.157 - - [25/Apr/2022:17:45:25 -0300] "GET /cormun/servlet/trsolicitudot HTTP/1.1" 200 8907
190.95.2.157 - - [25/Apr/2022:17:45:25 -0300] "GET /cormun/servlet/trsolicitudot HTTP/1.1" 200 8901
190.95.2.157 - - [25/Apr/2022:17:45:35 -0300] "POST /cormun/servlet/trsolicitudot?d22b517075579327a29d73e03edcf6c9,gx-no-cache=1650918784716 HTTP/1.1" 200 6252
190.95.2.157 - - [25/Apr/2022:17:45:35 -0300] "GET /cormun/static/Shared/jqueryui/images/ui-icons_8d78a5_256x240.png HTTP/1.1" 404 1089
190.95.2.157 - - [25/Apr/2022:17:45:35 -0300] "GET /cormun/static/Shared/jqueryui/images/ui-bg_flat_55_fafafa_40x100.png HTTP/1.1" 404 1097
190.95.2.157 - - [25/Apr/2022:17:45:35 -0300] "GET /cormun/static/Shared/jqueryui/images/ui-bg_highlight-soft_100_c6c2c8_1x100.png HTTP/1.1" 404 1117
190.95.2.157 - - [25/Apr/2022:17:45:35 -0300] "GET /cormun/static/Shared/jqueryui/images/ui-icons_82798d_256x240.png HTTP/1.1" 404 1089
190.95.2.157 - - [25/Apr/2022:17:45:50 -0300] "POST /cormun/servlet/trsolicitudot?d22b517075579327a29d73e03edcf6c9,gx-no-cache=1650918799498 HTTP/1.1" 200 107
190.95.2.157 - - [25/Apr/2022:17:45:50 -0300] "GET /cormun/servlet/trsolicitudadjuntos?2022,18525, HTTP/1.1" 200 6394
190.95.2.157 - - [25/Apr/2022:17:45:50 -0300] "GET /cormun/servlet/trsolicitudadjuntos?2022,18525, HTTP/1.1" 200 6394
190.95.2.157 - - [25/Apr/2022:17:45:53 -0300] "GET /cormun/servlet/solicitudotadjuntos?INS,2022,18525,,1, HTTP/1.1" 200 6337
190.95.2.157 - - [25/Apr/2022:17:45:53 -0300] "GET /cormun/static/about:blank HTTP/1.1" 404 1011
190.95.2.157 - - [25/Apr/2022:17:45:53 -0300] "GET /cormun/servlet/solicitudotadjuntos?INS,2022,18525,,1, HTTP/1.1" 200 6331
190.95.2.157 - - [25/Apr/2022:17:45:53 -0300] "GET /cormun/servlet/solicitudotadjuntos?0c95a4b8c92bf2d7e08f904d3dfe8caa5ddfef125f8fb1b1619724bbecfc819736043a0441a50b61ef5cf270daaaa076,gx-no-cache=1650918803439 HTTP/1.1" 200 30
190.95.2.157 - - [25/Apr/2022:17:45:54 -0300] "POST /cormun/servlet/solicitudotadjuntos?d22b517075579327a29d73e03edcf6c9,INS,2022,18525,,1,,gx-no-cache=1650918803480 HTTP/1.1" 200 4153
190.95.2.157 - - [25/Apr/2022:17:45:58 -0300] "POST /cormun/servlet/solicitudotadjuntos?gx-no-cache=1650918807872 HTTP/1.1" 200 26
190.95.2.157 - - [25/Apr/2022:17:46:11 -0300] "POST /cormun/servlet/solicitudotadjuntos?gx-no-cache=1650918820718 HTTP/1.1" 200 26
192.168.10.11 - - [25/Apr/2022:17:46:18 -0300] "GET / HTTP/1.1" 200 11217
190.95.2.157 - - [25/Apr/2022:17:46:19 -0300] "GET /cormun/servlet/solicitudotadjuntos?0c95a4b8c92bf2d7e08f904d3dfe8caa66bb31730be330c326768f1c117af49f,gx-no-cache=1650918829262 HTTP/1.1" 200 30
190.95.2.157 - - [25/Apr/2022:17:46:19 -0300] "GET /cormun/servlet/solicitudotadjuntos?0c95a4b8c92bf2d7e08f904d3dfe8caa66bb31730be330c326768f1c117af49f,gx-no-cache=1650918829276 HTTP/1.1" 200 30
190.95.2.157 - - [25/Apr/2022:17:46:20 -0300] "POST /cormun/servlet/solicitudotadjuntos?d22b517075579327a29d73e03edcf6c9,INS,2022,18525,,1, HTTP/1.1" 200 116
190.95.2.157 - - [25/Apr/2022:17:46:20 -0300] "GET /cormun/servlet/hpexe_return? HTTP/1.1" 200 1032
190.95.2.157 - - [25/Apr/2022:17:46:20 -0300] "GET /cormun/servlet/trsolicitudadjuntos?2022,18525, HTTP/1.1" 200 9182
190.95.2.157 - - [25/Apr/2022:17:46:20 -0300] "GET /cormun/servlet/trsolicitudadjuntos?2022,18525, HTTP/1.1" 200 9177
190.95.2.157 - - [25/Apr/2022:17:46:24 -0300] "GET /cormun/servlet/solicitudotadjuntos?INS,2022,18525,,1, HTTP/1.1" 200 6338
190.95.2.157 - - [25/Apr/2022:17:46:24 -0300] "GET /cormun/static/about:blank HTTP/1.1" 404 1011
190.95.2.157 - - [25/Apr/2022:17:46:24 -0300] "GET /cormun/servlet/solicitudotadjuntos?INS,2022,18525,,1, HTTP/1.1" 200 6332
190.95.2.157 - - [25/Apr/2022:17:46:25 -0300] "GET /cormun/servlet/solicitudotadjuntos?0c95a4b8c92bf2d7e08f904d3dfe8caa5ddfef125f8fb1b1619724bbecfc819736043a0441a50b61ef5cf270daaaa076,gx-no-cache=1650918834676 HTTP/1.1" 200 30
190.95.2.157 - - [25/Apr/2022:17:46:25 -0300] "POST /cormun/servlet/solicitudotadjuntos?d22b517075579327a29d73e03edcf6c9,INS,2022,18525,,1,,gx-no-cache=1650918834702 HTTP/1.1" 200 4156
190.95.2.157 - - [25/Apr/2022:17:46:29 -0300] "POST /cormun/servlet/solicitudotadjuntos?gx-no-cache=1650918838847 HTTP/1.1" 200 26
190.95.2.157 - - [25/Apr/2022:17:46:35 -0300] "GET /cormun/servlet/solicitudotadjuntos?0c95a4b8c92bf2d7e08f904d3dfe8caa66bb31730be330c326768f1c117af49f,gx-no-cache=1650918844838 HTTP/1.1" 200 30
190.95.2.157 - - [25/Apr/2022:17:46:35 -0300] "GET /cormun/servlet/solicitudotadjuntos?0c95a4b8c92bf2d7e08f904d3dfe8caa66bb31730be330c326768f1c117af49f,gx-no-cache=1650918844852 HTTP/1.1" 200 30
190.95.2.157 - - [25/Apr/2022:17:46:35 -0300] "POST /cormun/servlet/solicitudotadjuntos?d22b517075579327a29d73e03edcf6c9,INS,2022,18525,,1, HTTP/1.1" 200 116
190.95.2.157 - - [25/Apr/2022:17:46:35 -0300] "GET /cormun/servlet/hpexe_return? HTTP/1.1" 200 1032
190.95.2.157 - - [25/Apr/2022:17:46:36 -0300] "GET /cormun/servlet/trsolicitudadjuntos?2022,18525, HTTP/1.1" 200 9423
190.95.2.157 - - [25/Apr/2022:17:46:36 -0300] "GET /cormun/servlet/trsolicitudadjuntos?2022,18525, HTTP/1.1" 200 9420
190.95.2.157 - - [25/Apr/2022:17:46:38 -0300] "GET /cormun/servlet/solicitudotadjuntos?INS,2022,18525,,1, HTTP/1.1" 200 6338
190.95.2.157 - - [25/Apr/2022:17:46:38 -0300] "GET /cormun/static/about:blank HTTP/1.1" 404 1011
190.95.2.157 - - [25/Apr/2022:17:46:38 -0300] "GET /cormun/servlet/solicitudotadjuntos?INS,2022,18525,,1, HTTP/1.1" 200 6332
190.95.2.157 - - [25/Apr/2022:17:46:39 -0300] "GET /cormun/servlet/solicitudotadjuntos?0c95a4b8c92bf2d7e08f904d3dfe8caa5ddfef125f8fb1b1619724bbecfc819736043a0441a50b61ef5cf270daaaa076,gx-no-cache=1650918848843 HTTP/1.1" 200 30
190.95.2.157 - - [25/Apr/2022:17:46:39 -0300] "POST /cormun/servlet/solicitudotadjuntos?d22b517075579327a29d73e03edcf6c9,INS,2022,18525,,1,,gx-no-cache=1650918848884 HTTP/1.1" 200 4156
190.95.2.157 - - [25/Apr/2022:17:46:47 -0300] "POST /cormun/servlet/solicitudotadjuntos?gx-no-cache=1650918856841 HTTP/1.1" 200 26
190.95.2.157 - - [25/Apr/2022:17:46:57 -0300] "GET /cormun/servlet/solicitudotadjuntos?0c95a4b8c92bf2d7e08f904d3dfe8caa66bb31730be330c326768f1c117af49f,gx-no-cache=1650918866527 HTTP/1.1" 200 30
190.95.2.157 - - [25/Apr/2022:17:46:57 -0300] "GET /cormun/servlet/solicitudotadjuntos?0c95a4b8c92bf2d7e08f904d3dfe8caa66bb31730be330c326768f1c117af49f,gx-no-cache=1650918866540 HTTP/1.1" 200 30
190.95.2.157 - - [25/Apr/2022:17:46:57 -0300] "POST /cormun/servlet/solicitudotadjuntos?d22b517075579327a29d73e03edcf6c9,INS,2022,18525,,1, HTTP/1.1" 200 116
190.95.2.157 - - [25/Apr/2022:17:46:57 -0300] "GET /cormun/servlet/hpexe_return? HTTP/1.1" 200 1032
190.95.2.157 - - [25/Apr/2022:17:46:57 -0300] "GET /cormun/servlet/trsolicitudadjuntos?2022,18525, HTTP/1.1" 200 9648
190.95.2.157 - - [25/Apr/2022:17:46:57 -0300] "GET /cormun/servlet/trsolicitudadjuntos?2022,18525, HTTP/1.1" 200 9650
190.95.2.157 - - [25/Apr/2022:17:47:00 -0300] "GET /cormun/servlet/solicitudotadjuntos?INS,2022,18525,,1, HTTP/1.1" 200 6338
190.95.2.157 - - [25/Apr/2022:17:47:00 -0300] "GET /cormun/static/about:blank HTTP/1.1" 404 1011
190.95.2.157 - - [25/Apr/2022:17:47:00 -0300] "GET /cormun/servlet/solicitudotadjuntos?INS,2022,18525,,1, HTTP/1.1" 200 6332
190.95.2.157 - - [25/Apr/2022:17:47:01 -0300] "GET /cormun/servlet/solicitudotadjuntos?0c95a4b8c92bf2d7e08f904d3dfe8caa5ddfef125f8fb1b1619724bbecfc819736043a0441a50b61ef5cf270daaaa076,gx-no-cache=1650918870617 HTTP/1.1" 200 30
190.95.2.157 - - [25/Apr/2022:17:47:01 -0300] "POST /cormun/servlet/solicitudotadjuntos?d22b517075579327a29d73e03edcf6c9,INS,2022,18525,,1,,gx-no-cache=1650918870648 HTTP/1.1" 200 4156
190.95.2.157 - - [25/Apr/2022:17:47:10 -0300] "POST /cormun/servlet/solicitudotadjuntos?gx-no-cache=1650918880311 HTTP/1.1" 200 26
190.95.2.157 - - [25/Apr/2022:17:47:10 -0300] "GET /cormun/servlet/solicitudotadjuntos?0c95a4b8c92bf2d7e08f904d3dfe8caa66bb31730be330c326768f1c117af49f,gx-no-cache=1650918880335 HTTP/1.1" 200 30
190.95.2.157 - - [25/Apr/2022:17:47:10 -0300] "GET /cormun/servlet/solicitudotadjuntos?0c95a4b8c92bf2d7e08f904d3dfe8caa66bb31730be330c326768f1c117af49f,gx-no-cache=1650918880365 HTTP/1.1" 200 30
190.95.2.157 - - [25/Apr/2022:17:47:11 -0300] "POST /cormun/servlet/solicitudotadjuntos?d22b517075579327a29d73e03edcf6c9,INS,2022,18525,,1,,gx-no-cache=1650918880401 HTTP/1.1" 200 93
190.95.2.157 - - [25/Apr/2022:17:47:11 -0300] "GET /cormun/servlet/hpexe_return? HTTP/1.1" 200 1032
190.95.2.157 - - [25/Apr/2022:17:47:11 -0300] "GET /cormun/servlet/trsolicitudadjuntos?2022,18525, HTTP/1.1" 200 9819
190.95.2.157 - - [25/Apr/2022:17:47:11 -0300] "GET /cormun/servlet/trsolicitudadjuntos?2022,18525, HTTP/1.1" 200 9816
190.95.2.157 - - [25/Apr/2022:17:47:15 -0300] "POST /cormun/servlet/trsolicitudadjuntos?d22b517075579327a29d73e03edcf6c9,2022,18525,,gx-no-cache=1650918885145 HTTP/1.1" 200 90
190.95.2.157 - - [25/Apr/2022:17:47:15 -0300] "GET /cormun/servlet/hpexe_link HTTP/1.1" 200 995
190.95.2.157 - - [25/Apr/2022:17:47:15 -0300] "GET /cormun/servlet/trsolicitudot?gx-no-cache=1650918784716 HTTP/1.1" 200 8903
190.95.2.157 - - [25/Apr/2022:17:47:16 -0300] "GET /cormun/servlet/trsolicitudot?gx-no-cache=1650918784716 HTTP/1.1" 200 8923
192.168.10.11 - - [25/Apr/2022:17:47:18 -0300] "GET / HTTP/1.1" 200 11217
190.95.2.157 - - [25/Apr/2022:17:47:20 -0300] "POST /cormun/servlet/trsolicitudot?d22b517075579327a29d73e03edcf6c9,gx-no-cache=1650918784716,gx-no-cache=1650918889722 HTTP/1.1" 200 6154
190.95.2.157 - - [25/Apr/2022:17:47:20 -0300] "GET /cormun/static/Shared/jqueryui/images/ui-bg_highlight-soft_100_c6c2c8_1x100.png HTTP/1.1" 404 1117
190.95.2.157 - - [25/Apr/2022:17:47:20 -0300] "GET /cormun/static/Shared/jqueryui/images/ui-bg_flat_55_fafafa_40x100.png HTTP/1.1" 404 1097
190.95.2.157 - - [25/Apr/2022:17:47:20 -0300] "GET /cormun/static/Shared/jqueryui/images/ui-icons_8d78a5_256x240.png HTTP/1.1" 404 1089
190.95.2.157 - - [25/Apr/2022:17:47:20 -0300] "GET /cormun/static/Shared/jqueryui/images/ui-icons_82798d_256x240.png HTTP/1.1" 404 1089
192.168.10.11 - - [25/Apr/2022:17:48:18 -0300] "GET / HTTP/1.1" 200 11217
190.95.2.157 - - [25/Apr/2022:17:48:23 -0300] "POST /cormun/servlet/trsolicitudot?d22b517075579327a29d73e03edcf6c9,gx-no-cache=1650918784716,gx-no-cache=1650918953322 HTTP/1.1" 200 107
190.95.2.157 - - [25/Apr/2022:17:48:24 -0300] "GET /cormun/servlet/trsolicitudadjuntos?2022,18525, HTTP/1.1" 200 9835
190.95.2.157 - - [25/Apr/2022:17:48:24 -0300] "GET /cormun/servlet/trsolicitudadjuntos?2022,18525, HTTP/1.1" 200 9819
190.95.2.157 - - [25/Apr/2022:17:48:28 -0300] "GET /cormun/servlet/solicitudotadjuntos?INS,2022,18525,,1, HTTP/1.1" 200 6338
190.95.2.157 - - [25/Apr/2022:17:48:28 -0300] "GET /cormun/static/about:blank HTTP/1.1" 404 1011
190.95.2.157 - - [25/Apr/2022:17:48:28 -0300] "GET /cormun/servlet/solicitudotadjuntos?INS,2022,18525,,1, HTTP/1.1" 200 6332
190.95.2.157 - - [25/Apr/2022:17:48:29 -0300] "GET /cormun/servlet/solicitudotadjuntos?0c95a4b8c92bf2d7e08f904d3dfe8caa5ddfef125f8fb1b1619724bbecfc819736043a0441a50b61ef5cf270daaaa076,gx-no-cache=1650918958672 HTTP/1.1" 200 30
190.95.2.157 - - [25/Apr/2022:17:48:29 -0300] "POST /cormun/servlet/solicitudotadjuntos?d22b517075579327a29d73e03edcf6c9,INS,2022,18525,,1,,gx-no-cache=1650918958714 HTTP/1.1" 200 4156
192.168.10.11 - - [25/Apr/2022:17:49:18 -0300] "GET / HTTP/1.1" 200 11217
192.168.10.11 - - [25/Apr/2022:17:50:18 -0300] "GET / HTTP/1.1" 200 11217
190.95.2.157 - - [25/Apr/2022:17:50:50 -0300] "POST /cormun/servlet/solicitudotadjuntos?d22b517075579327a29d73e03edcf6c9,INS,2022,18525,,1,,gx-no-cache=1650919099608 HTTP/1.1" 200 93
190.95.2.157 - - [25/Apr/2022:17:50:50 -0300] "GET /cormun/servlet/hpexe_return? HTTP/1.1" 200 1032
190.95.2.157 - - [25/Apr/2022:17:50:50 -0300] "GET /cormun/servlet/trsolicitudadjuntos?2022,18525, HTTP/1.1" 200 9819
190.95.2.157 - - [25/Apr/2022:17:50:51 -0300] "GET /cormun/servlet/trsolicitudadjuntos?2022,18525, HTTP/1.1" 200 9816
190.95.2.157 - - [25/Apr/2022:17:50:54 -0300] "POST /cormun/servlet/trsolicitudadjuntos?d22b517075579327a29d73e03edcf6c9,2022,18525,,gx-no-cache=1650919103552 HTTP/1.1" 200 90
190.95.2.157 - - [25/Apr/2022:17:50:54 -0300] "GET /cormun/servlet/hpexe_link HTTP/1.1" 200 995
190.95.2.157 - - [25/Apr/2022:17:50:54 -0300] "GET /cormun/servlet/trsolicitudot?gx-no-cache=1650918784716 HTTP/1.1" 200 8903
190.95.2.157 - - [25/Apr/2022:17:50:54 -0300] "GET /cormun/servlet/trsolicitudot?gx-no-cache=1650918784716 HTTP/1.1" 200 8923
192.168.10.11 - - [25/Apr/2022:17:51:18 -0300] "GET / HTTP/1.1" 200 11217
192.168.10.11 - - [25/Apr/2022:17:52:18 -0300] "GET / HTTP/1.1" 200 11217
190.95.2.157 - - [25/Apr/2022:17:52:39 -0300] "GET /cormun/servlet/hlogin HTTP/1.1" 200 1732
190.95.2.157 - - [25/Apr/2022:17:52:46 -0300] "POST /cormun/servlet/hlogin?d22b517075579327a29d73e03edcf6c9,gx-no-cache=1650919216109 HTTP/1.1" 200 90
190.95.2.157 - - [25/Apr/2022:17:52:46 -0300] "GET /cormun/servlet/hpexe_link HTTP/1.1" 200 982
190.95.2.157 - - [25/Apr/2022:17:52:46 -0300] "GET /cormun/servlet/trsolicitudot?gx-no-cache=1650918784716 HTTP/1.1" 200 8903
190.95.2.157 - - [25/Apr/2022:17:52:47 -0300] "GET /cormun/servlet/trsolicitudot?gx-no-cache=1650918784716 HTTP/1.1" 200 8923
190.95.2.157 - - [25/Apr/2022:17:52:50 -0300] "GET /cormun/servlet/trlicencias? HTTP/1.1" 200 10189
190.95.2.157 - - [25/Apr/2022:17:52:50 -0300] "GET /cormun/servlet/trlicencias? HTTP/1.1" 200 10167
190.95.2.157 - - [25/Apr/2022:17:52:58 -0300] "GET /cormun/servlet/licenciaspermisos?INS,0,,, HTTP/1.1" 200 7901
190.95.2.157 - - [25/Apr/2022:17:52:59 -0300] "GET /cormun/servlet/licenciaspermisos?INS,0,,, HTTP/1.1" 200 7910
192.168.10.11 - - [25/Apr/2022:17:53:18 -0300] "GET / HTTP/1.1" 200 11217
190.95.2.157 - - [25/Apr/2022:17:53:21 -0300] "GET /cormun/servlet/licenciaspermisos?5f799ae2f2bfe767ba95361e8d781bdca48c3a8381dcbe12eb9ab2813e9c83c4551792a5ec4061c4d058f9ceba612600e96b92f903b06dd1634ebda68ac293c0,gx-no-cache=1650919251253 HTTP/1.1" 200 92
190.95.2.157 - - [25/Apr/2022:17:53:21 -0300] "POST /cormun/servlet/licenciaspermisos?d22b517075579327a29d73e03edcf6c9,INS,0,,,,gx-no-cache=1650919251332 HTTP/1.1" 200 5107
192.168.10.11 - - [25/Apr/2022:17:54:18 -0300] "GET / HTTP/1.1" 200 11217
190.95.2.157 - - [25/Apr/2022:17:54:35 -0300] "GET /cormun/static/menuarrow.gif HTTP/1.1" 404 1015
192.168.10.11 - - [25/Apr/2022:17:55:18 -0300] "GET / HTTP/1.1" 200 11217
192.168.10.17 - - [25/Apr/2022:17:55:49 -0300] "GET /cormun/servlet/trsolicitudgral? HTTP/1.1" 200 14109
192.168.10.17 - - [25/Apr/2022:17:55:49 -0300] "GET /cormun/servlet/trsolicitudgral? HTTP/1.1" 200 14104
192.168.10.17 - - [25/Apr/2022:17:55:54 -0300] "GET /cormun/servlet/vesolicitudgral?2022,18447,, HTTP/1.1" 200 8341
192.168.10.17 - - [25/Apr/2022:17:55:54 -0300] "GET /cormun/pexe_scrolldiv.js HTTP/1.1" 404 1009
192.168.10.17 - - [25/Apr/2022:17:55:54 -0300] "GET /cormun/servlet/vesolicitudgral?2022,18447,, HTTP/1.1" 200 8339
181.212.43.89 - - [25/Apr/2022:17:56:17 -0300] "POST /cormun/servlet/hlogin?ee2814bcf638a230ec376aad457422dc,gx-no-cache=1650919427569 HTTP/1.1" 200 90
181.212.43.89 - - [25/Apr/2022:17:56:17 -0300] "GET /cormun/servlet/hpexe_link HTTP/1.1" 200 956
190.95.2.157 - - [25/Apr/2022:17:56:17 -0300] "GET /cormun/servlet/licenciaspermisos?5f799ae2f2bfe767ba95361e8d781bdc1306ab9701cf5bdebc938584f8ae1cebe8ffc06c40a9743fc7408efa037629ef4c5e9b5225ddb594cecd304d8ad0fa81cc0d024de247752b533a263f65eb66ffbb9cefef43bbecf1e5951d0ca523c508ab84b90bea442db2ed794ecbc5a5a174906d55f4ef95238742d2f36e5e0f5279342f541ef29cacb471e4d8482d5eb780d6d13ccbd72273896ef00cddcde380499605bfb8719789bb62077d7578931bd8,gx-no-cache=1650919427078 HTTP/1.1" 200 30
190.95.2.157 - - [25/Apr/2022:17:56:17 -0300] "GET /cormun/servlet/licenciaspermisos?5f799ae2f2bfe767ba95361e8d781bdc239062f3a55704000fe38bc437b700388f6ccdc1a751599f4fc572e2c49c538a312908182208f7b74e4c8eb9c82277ff04a1c0dd612dfb5f92ddb7bec561da6d2070ea85576e168e88812585839d3a31f2abfcba4da0979816d8b2d3fae12515d09712164845632f177cfd517da6fea73deb39659c231eb08313968f39df7c6a4b29ca8211bfaa5aa2ab28549d9b6e46f0079962be4a3585c0273d8e0106beb6,gx-no-cache=1650919427103 HTTP/1.1" 200 29
190.95.2.157 - - [25/Apr/2022:17:56:17 -0300] "POST /cormun/servlet/licenciaspermisos?d22b517075579327a29d73e03edcf6c9,INS,0,,,,gx-no-cache=1650919427130 HTTP/1.1" 200 93
190.95.2.157 - - [25/Apr/2022:17:56:17 -0300] "GET /cormun/servlet/hpexe_return? HTTP/1.1" 200 1018
181.212.43.89 - - [25/Apr/2022:17:56:18 -0300] "GET /cormun/servlet/trlicencias HTTP/1.1" 200 14144
190.95.2.157 - - [25/Apr/2022:17:56:18 -0300] "GET /cormun/servlet/trlicencias HTTP/1.1" 200 10595
190.95.2.157 - - [25/Apr/2022:17:56:18 -0300] "GET /cormun/servlet/trlicencias HTTP/1.1" 200 10590
192.168.10.11 - - [25/Apr/2022:17:56:18 -0300] "GET / HTTP/1.1" 200 11217
181.212.43.89 - - [25/Apr/2022:17:56:19 -0300] "GET /cormun/servlet/trlicencias HTTP/1.1" 200 14142
190.95.2.157 - - [25/Apr/2022:17:56:24 -0300] "POST /cormun/servlet/trlicencias?d22b517075579327a29d73e03edcf6c9,gx-no-cache=1650919434208 HTTP/1.1" 200 8068
190.95.2.157 - - [25/Apr/2022:17:56:25 -0300] "GET /cormun/static/Shared/jqueryui/images/ui-icons_82798d_256x240.png HTTP/1.1" 404 1089
190.95.2.157 - - [25/Apr/2022:17:56:25 -0300] "GET /cormun/static/Shared/jqueryui/images/ui-bg_highlight-soft_100_c6c2c8_1x100.png HTTP/1.1" 404 1117
190.95.2.157 - - [25/Apr/2022:17:56:25 -0300] "GET /cormun/static/Shared/jqueryui/images/ui-icons_8d78a5_256x240.png HTTP/1.1" 404 1089
190.95.2.157 - - [25/Apr/2022:17:56:25 -0300] "GET /cormun/static/Shared/jqueryui/images/ui-bg_flat_55_fafafa_40x100.png HTTP/1.1" 404 1097
181.212.43.89 - - [25/Apr/2022:17:56:28 -0300] "GET /cormun/servlet/trsolicitudot? HTTP/1.1" 200 8629
181.212.43.89 - - [25/Apr/2022:17:56:29 -0300] "GET /cormun/servlet/trsolicitudot? HTTP/1.1" 200 8629
190.95.2.157 - - [25/Apr/2022:17:56:30 -0300] "GET /cormun/servlet/trlicenciaspermisosadjuntos?16856630,20220425000000,L, HTTP/1.1" 200 6646
190.95.2.157 - - [25/Apr/2022:17:56:30 -0300] "GET /cormun/servlet/trlicenciaspermisosadjuntos?16856630,20220425000000,L, HTTP/1.1" 200 6646
190.95.2.157 - - [25/Apr/2022:17:56:32 -0300] "GET /cormun/servlet/licenciaspermisosadjuntos?INS,16856630,L,20220425000000,, HTTP/1.1" 200 5937
190.95.2.157 - - [25/Apr/2022:17:56:33 -0300] "GET /cormun/static/about:blank HTTP/1.1" 404 1011
181.212.43.89 - - [25/Apr/2022:17:56:33 -0300] "POST /cormun/servlet/trsolicitudot?ee2814bcf638a230ec376aad457422dc,,gx-no-cache=1650919443225 HTTP/1.1" 200 107
190.95.2.157 - - [25/Apr/2022:17:56:33 -0300] "GET /cormun/servlet/licenciaspermisosadjuntos?INS,16856630,L,20220425000000,, HTTP/1.1" 200 5927
181.212.43.89 - - [25/Apr/2022:17:56:33 -0300] "GET /cormun/servlet/trsolicitudadjuntos?2022,18485, HTTP/1.1" 200 9887
181.212.43.89 - - [25/Apr/2022:17:56:33 -0300] "GET /cormun/static/gxcfg.js?20201215574222 HTTP/1.1" 200 953
181.212.43.89 - - [25/Apr/2022:17:56:33 -0300] "GET /cormun/static/Resources/PXToolsGridNew.png HTTP/1.1" 200 427
181.212.43.89 - - [25/Apr/2022:17:56:33 -0300] "GET /cormun/static/trsolicitudadjuntos.js?20201215574932 HTTP/1.1" 200 17922
181.212.43.89 - - [25/Apr/2022:17:56:34 -0300] "GET /cormun/servlet/trsolicitudadjuntos?2022,18485, HTTP/1.1" 200 9885
181.212.43.89 - - [25/Apr/2022:17:56:36 -0300] "GET /cormun/servlet/solicitudotadjuntos?INS,2022,18485,,1, HTTP/1.1" 200 6055
181.212.43.89 - - [25/Apr/2022:17:56:36 -0300] "GET /cormun/static/gxcfg.js?202012157947 HTTP/1.1" 200 953
181.212.43.89 - - [25/Apr/2022:17:56:36 -0300] "GET /cormun/static/solicitudotadjuntos.js?202012157966 HTTP/1.1" 200 11771
181.212.43.89 - - [25/Apr/2022:17:56:36 -0300] "GET /cormun/static/about:blank HTTP/1.1" 404 1011
181.212.43.89 - - [25/Apr/2022:17:56:37 -0300] "GET /cormun/servlet/solicitudotadjuntos?INS,2022,18485,,1, HTTP/1.1" 200 6049
181.212.43.89 - - [25/Apr/2022:17:56:37 -0300] "GET /cormun/servlet/solicitudotadjuntos?4336b59438e96521d70600e7a4eae1bc05a239a3f109b825a0ff2501ff084d9444bfc9caba51ffa6eb079023ffb69b1a,gx-no-cache=1650919447666 HTTP/1.1" 200 30
181.212.43.89 - - [25/Apr/2022:17:56:37 -0300] "POST /cormun/servlet/solicitudotadjuntos?ee2814bcf638a230ec376aad457422dc,INS,2022,18485,,1,,gx-no-cache=1650919447693 HTTP/1.1" 200 3919
190.95.2.157 - - [25/Apr/2022:17:56:39 -0300] "POST /cormun/servlet/licenciaspermisosadjuntos?d22b517075579327a29d73e03edcf6c9,INS,16856630,L,20220425000000,, HTTP/1.1" 200 116
190.95.2.157 - - [25/Apr/2022:17:56:39 -0300] "GET /cormun/servlet/hpexe_return? HTTP/1.1" 200 1050
190.95.2.157 - - [25/Apr/2022:17:56:39 -0300] "GET /cormun/servlet/trlicenciaspermisosadjuntos?16856630,20220425000000,L, HTTP/1.1" 200 7175
181.212.43.89 - - [25/Apr/2022:17:56:39 -0300] "POST /cormun/servlet/solicitudotadjuntos?gx-no-cache=1650919449617 HTTP/1.1" 200 26
190.95.2.157 - - [25/Apr/2022:17:56:39 -0300] "GET /cormun/servlet/trlicenciaspermisosadjuntos?16856630,20220425000000,L, HTTP/1.1" 200 7172
190.95.2.157 - - [25/Apr/2022:17:56:42 -0300] "POST /cormun/servlet/trlicenciaspermisosadjuntos?d22b517075579327a29d73e03edcf6c9,16856630,20220425000000,L,,gx-no-cache=1650919452287 HTTP/1.1" 200 90
190.95.2.157 - - [25/Apr/2022:17:56:42 -0300] "GET /cormun/servlet/hpexe_link HTTP/1.1" 200 1013
190.95.2.157 - - [25/Apr/2022:17:56:43 -0300] "GET /cormun/servlet/trlicencias?gx-no-cache=1650919434208 HTTP/1.1" 200 10592
190.95.2.157 - - [25/Apr/2022:17:56:43 -0300] "GET /cormun/servlet/trlicencias?gx-no-cache=1650919434208 HTTP/1.1" 200 10611
190.95.2.157 - - [25/Apr/2022:17:56:47 -0300] "POST /cormun/servlet/trlicencias?d22b517075579327a29d73e03edcf6c9,gx-no-cache=1650919434208,gx-no-cache=1650919456417 HTTP/1.1" 200 7977
190.95.2.157 - - [25/Apr/2022:17:56:47 -0300] "GET /cormun/static/Shared/jqueryui/images/ui-icons_82798d_256x240.png HTTP/1.1" 404 1089
190.95.2.157 - - [25/Apr/2022:17:56:47 -0300] "GET /cormun/static/Shared/jqueryui/images/ui-bg_highlight-soft_100_c6c2c8_1x100.png HTTP/1.1" 404 1117
190.95.2.157 - - [25/Apr/2022:17:56:47 -0300] "GET /cormun/static/Shared/jqueryui/images/ui-icons_8d78a5_256x240.png HTTP/1.1" 404 1089
190.95.2.157 - - [25/Apr/2022:17:56:47 -0300] "GET /cormun/static/Shared/jqueryui/images/ui-bg_flat_55_fafafa_40x100.png HTTP/1.1" 404 1097
181.212.43.89 - - [25/Apr/2022:17:56:48 -0300] "GET /cormun/servlet/solicitudotadjuntos?4336b59438e96521d70600e7a4eae1bcd831afffa80a0972c66b35bff9d4c0db,gx-no-cache=1650919458712 HTTP/1.1" 200 30
181.212.43.89 - - [25/Apr/2022:17:56:48 -0300] "GET /cormun/servlet/solicitudotadjuntos?4336b59438e96521d70600e7a4eae1bcd831afffa80a0972c66b35bff9d4c0db,gx-no-cache=1650919458734 HTTP/1.1" 200 30
181.212.43.89 - - [25/Apr/2022:17:56:48 -0300] "POST /cormun/servlet/solicitudotadjuntos?ee2814bcf638a230ec376aad457422dc,INS,2022,18485,,1, HTTP/1.1" 200 116
181.212.43.89 - - [25/Apr/2022:17:56:48 -0300] "GET /cormun/servlet/hpexe_return? HTTP/1.1" 200 1027
181.212.43.89 - - [25/Apr/2022:17:56:49 -0300] "GET /cormun/servlet/trsolicitudadjuntos?2022,18485, HTTP/1.1" 200 10071
190.95.2.157 - - [25/Apr/2022:17:56:49 -0300] "GET /cormun/servlet/alicenciaprn?16856630,L,20220425000000,PU HTTP/1.1" 200 1537
181.212.43.89 - - [25/Apr/2022:17:56:50 -0300] "GET /cormun/servlet/trsolicitudadjuntos?2022,18485, HTTP/1.1" 200 10079
181.212.43.89 - - [25/Apr/2022:17:56:53 -0300] "POST /cormun/servlet/trsolicitudadjuntos?ee2814bcf638a230ec376aad457422dc,2022,18485,,gx-no-cache=1650919463683 HTTP/1.1" 200 90
181.212.43.89 - - [25/Apr/2022:17:56:53 -0300] "GET /cormun/servlet/hpexe_link HTTP/1.1" 200 971
181.212.43.89 - - [25/Apr/2022:17:56:54 -0300] "GET /cormun/servlet/trsolicitudot HTTP/1.1" 200 8630
181.212.43.89 - - [25/Apr/2022:17:56:54 -0300] "GET /cormun/servlet/trsolicitudot HTTP/1.1" 200 8629
190.95.2.157 - - [25/Apr/2022:17:57:11 -0300] "GET /cormun/servlet/trautorizarsolicitud? HTTP/1.1" 200 7418
190.95.2.157 - - [25/Apr/2022:17:57:11 -0300] "GET /cormun/servlet/trautorizarsolicitud? HTTP/1.1" 200 7397
190.95.2.157 - - [25/Apr/2022:17:57:15 -0300] "POST /cormun/servlet/trautorizarsolicitud?d22b517075579327a29d73e03edcf6c9,,gx-no-cache=1650919484455 HTTP/1.1" 200 4565
190.95.2.157 - - [25/Apr/2022:17:57:16 -0300] "POST /cormun/servlet/trautorizarsolicitud?d22b517075579327a29d73e03edcf6c9,,gx-no-cache=1650919485710 HTTP/1.1" 200 110
190.95.2.157 - - [25/Apr/2022:17:57:16 -0300] "GET /cormun/AutorizarSolicitud-1342.xls HTTP/1.1" 200 4608
181.212.43.89 - - [25/Apr/2022:17:57:16 -0300] "POST /cormun/servlet/trsolicitudot?ee2814bcf638a230ec376aad457422dc,gx-no-cache=1650919486580 HTTP/1.1" 200 4569
181.212.43.89 - - [25/Apr/2022:17:57:16 -0300] "GET /cormun/static/Shared/jqueryui/images/ui-icons_82798d_256x240.png HTTP/1.1" 404 1089
181.212.43.89 - - [25/Apr/2022:17:57:16 -0300] "GET /cormun/static/Shared/jqueryui/images/ui-bg_highlight-soft_100_c6c2c8_1x100.png HTTP/1.1" 404 1117
181.212.43.89 - - [25/Apr/2022:17:57:16 -0300] "GET /cormun/static/Shared/jqueryui/images/ui-icons_8d78a5_256x240.png HTTP/1.1" 404 1089
181.212.43.89 - - [25/Apr/2022:17:57:16 -0300] "GET /cormun/static/Shared/jqueryui/images/ui-bg_flat_55_fafafa_40x100.png HTTP/1.1" 404 1097
181.212.43.89 - - [25/Apr/2022:17:57:16 -0300] "POST /cormun/servlet/trsolicitudot?ee2814bcf638a230ec376aad457422dc,gx-no-cache=1650919486848 HTTP/1.1" 200 4346
192.168.10.11 - - [25/Apr/2022:17:57:18 -0300] "GET / HTTP/1.1" 200 11217
190.95.2.157 - - [25/Apr/2022:17:57:23 -0300] "GET /cormun/servlet/trautorizarsolicitud? HTTP/1.1" 200 7397
190.95.2.157 - - [25/Apr/2022:17:57:24 -0300] "GET /cormun/servlet/trautorizarsolicitud? HTTP/1.1" 200 7397
190.95.2.157 - - [25/Apr/2022:17:57:32 -0300] "GET /cormun/servlet/trlicencias? HTTP/1.1" 200 10490
190.95.2.157 - - [25/Apr/2022:17:57:33 -0300] "GET /cormun/servlet/trlicencias? HTTP/1.1" 200 10488
190.95.2.157 - - [25/Apr/2022:17:57:47 -0300] "POST /cormun/servlet/trlicencias?d22b517075579327a29d73e03edcf6c9,,gx-no-cache=1650919517232 HTTP/1.1" 200 7944
190.95.2.157 - - [25/Apr/2022:17:57:50 -0300] "POST /cormun/servlet/trlicencias?d22b517075579327a29d73e03edcf6c9,,gx-no-cache=1650919519677 HTTP/1.1" 200 7944
190.95.2.157 - - [25/Apr/2022:17:58:01 -0300] "POST /cormun/servlet/trlicencias?d22b517075579327a29d73e03edcf6c9,,gx-no-cache=1650919530902 HTTP/1.1" 200 5756
192.168.10.17 - - [25/Apr/2022:17:58:04 -0300] "GET /cormun/servlet/vesolicitudgral?2022,18447,,SolicitudOTAdjuntos HTTP/1.1" 200 10944
192.168.10.17 - - [25/Apr/2022:17:58:04 -0300] "GET /cormun/pexe_scrolldiv.js HTTP/1.1" 404 1009
192.168.10.17 - - [25/Apr/2022:17:58:04 -0300] "GET /cormun/servlet/vesolicitudgral?2022,18447,,SolicitudOTAdjuntos HTTP/1.1" 200 10948
190.95.2.157 - - [25/Apr/2022:17:58:05 -0300] "POST /cormun/servlet/trlicencias?d22b517075579327a29d73e03edcf6c9,,gx-no-cache=1650919534470 HTTP/1.1" 200 5734
192.168.10.17 - - [25/Apr/2022:17:58:05 -0300] "POST /cormun/servlet/acontrolpreferencessavestate?None,RRHH+DANIELA,true HTTP/1.1" 200 35
190.95.2.157 - - [25/Apr/2022:17:58:07 -0300] "POST /cormun/servlet/trlicencias?d22b517075579327a29d73e03edcf6c9,,gx-no-cache=1650919536492 HTTP/1.1" 200 5734
192.168.10.17 - - [25/Apr/2022:17:58:07 -0300] "GET /cormun/PublicTempStorage/johana_fernanda_morales_sanchez_cedula_de_identidad20220411_172315833829584.pdf HTTP/1.1" 200 109329
192.168.10.96 - - [25/Apr/2022:17:58:16 -0300] "POST /cormun/servlet/trsolicitudgral?fe2283d4708b064b34bd001068fb238e,,gx-no-cache=1650919374335 HTTP/1.1" 200 8230
192.168.10.96 - - [25/Apr/2022:17:58:16 -0300] "GET /cormun/static/Shared/jqueryui/images/ui-bg_highlight-soft_100_c6c2c8_1x100.png HTTP/1.1" 404 1117
192.168.10.96 - - [25/Apr/2022:17:58:16 -0300] "GET /cormun/static/Shared/jqueryui/images/ui-icons_82798d_256x240.png HTTP/1.1" 404 1089
192.168.10.96 - - [25/Apr/2022:17:58:16 -0300] "GET /cormun/static/Shared/jqueryui/images/ui-bg_flat_55_fafafa_40x100.png HTTP/1.1" 404 1097
192.168.10.96 - - [25/Apr/2022:17:58:16 -0300] "GET /cormun/static/Shared/jqueryui/images/ui-icons_8d78a5_256x240.png HTTP/1.1" 404 1089
192.168.10.17 - - [25/Apr/2022:17:58:16 -0300] "GET /cormun/servlet/vesolicitudgral?2022,18447,,SolicitudOTAdjuntos HTTP/1.1" 200 10944
192.168.10.17 - - [25/Apr/2022:17:58:17 -0300] "GET /cormun/servlet/vesolicitudgral?2022,18447,,SolicitudOTAdjuntos HTTP/1.1" 200 10948
192.168.10.17 - - [25/Apr/2022:17:58:18 -0300] "POST /cormun/servlet/acontrolpreferencessavestate?None,RRHH+DANIELA,true HTTP/1.1" 200 35
192.168.10.11 - - [25/Apr/2022:17:58:18 -0300] "GET / HTTP/1.1" 200 11217
190.95.2.157 - - [25/Apr/2022:17:58:21 -0300] "POST /cormun/servlet/trlicencias?d22b517075579327a29d73e03edcf6c9,,gx-no-cache=1650919550637 HTTP/1.1" 200 7965
192.168.10.17 - - [25/Apr/2022:17:58:39 -0300] "GET /cormun/PublicTempStorage/johana_fernanda_morales_sanchez_20220411_141349459132947.pdf HTTP/1.1" 200 370981
192.168.10.11 - - [25/Apr/2022:17:59:18 -0300] "GET / HTTP/1.1" 200 11217
192.168.10.96 - - [25/Apr/2022:17:59:31 -0300] "POST /cormun/servlet/trsolicitudgral?fe2283d4708b064b34bd001068fb238e,,gx-no-cache=1650919449349 HTTP/1.1" 200 7851
192.168.10.17 - - [25/Apr/2022:17:59:47 -0300] "GET /cormun/servlet/vesolicitudgral?2022,18447,,SolicitudOTAdjuntos HTTP/1.1" 200 10942
192.168.10.96 - - [25/Apr/2022:17:59:47 -0300] "GET /cormun/servlet/vesolicitudgral?2022,18308,, HTTP/1.1" 200 8403
192.168.10.96 - - [25/Apr/2022:17:59:47 -0300] "GET /cormun/pexe_scrolldiv.js HTTP/1.1" 404 1009
192.168.10.17 - - [25/Apr/2022:17:59:48 -0300] "GET /cormun/servlet/vesolicitudgral?2022,18447,,SolicitudOTAdjuntos HTTP/1.1" 200 10946
192.168.10.96 - - [25/Apr/2022:17:59:48 -0300] "GET /cormun/servlet/vesolicitudgral?2022,18308,, HTTP/1.1" 200 8402
192.168.10.17 - - [25/Apr/2022:17:59:48 -0300] "POST /cormun/servlet/acontrolpreferencessavestate?None,RRHH+DANIELA,true HTTP/1.1" 200 35
192.168.10.96 - - [25/Apr/2022:17:59:49 -0300] "POST /cormun/servlet/vesolicitudgral?fe2283d4708b064b34bd001068fb238e,2022,18308,,,gx-no-cache=1650919468176 HTTP/1.1" 200 12069
192.168.10.96 - - [25/Apr/2022:17:59:49 -0300] "GET /cormun/static/Shared/jqueryui/images/ui-icons_82798d_256x240.png HTTP/1.1" 404 1089
192.168.10.96 - - [25/Apr/2022:17:59:49 -0300] "GET /cormun/static/Shared/jqueryui/images/ui-icons_8d78a5_256x240.png HTTP/1.1" 404 1089
192.168.10.96 - - [25/Apr/2022:17:59:49 -0300] "GET /cormun/static/Shared/jqueryui/images/ui-bg_highlight-soft_100_c6c2c8_1x100.png HTTP/1.1" 404 1117
192.168.10.96 - - [25/Apr/2022:17:59:49 -0300] "GET /cormun/static/Shared/jqueryui/images/ui-bg_flat_55_fafafa_40x100.png HTTP/1.1" 404 1097
192.168.10.96 - - [25/Apr/2022:17:59:50 -0300] "POST /cormun/servlet/vesolicitudgral?fe2283d4708b064b34bd001068fb238e,2022,18308,,,gx-no-cache=1650919468369 HTTP/1.1" 200 12003
192.168.10.96 - - [25/Apr/2022:17:59:51 -0300] "GET /cormun/servlet/trsolicitudgral? HTTP/1.1" 200 10483
192.168.10.96 - - [25/Apr/2022:17:59:52 -0300] "GET /cormun/servlet/trsolicitudgral? HTTP/1.1" 200 10479
192.168.10.17 - - [25/Apr/2022:17:59:54 -0300] "GET /cormun/servlet/vesolicitudgral?2022,18447,,General HTTP/1.1" 200 8341
192.168.10.17 - - [25/Apr/2022:17:59:54 -0300] "GET /cormun/pexe_scrolldiv.js HTTP/1.1" 404 1009
192.168.10.17 - - [25/Apr/2022:17:59:54 -0300] "GET /cormun/servlet/vesolicitudgral?2022,18447,,General HTTP/1.1" 200 8341
192.168.10.96 - - [25/Apr/2022:17:59:59 -0300] "POST /cormun/servlet/trsolicitudgral?fe2283d4708b064b34bd001068fb238e,,gx-no-cache=1650919478293 HTTP/1.1" 200 6677
192.168.10.96 - - [25/Apr/2022:18:00:00 -0300] "GET /cormun/static/Shared/jqueryui/images/ui-bg_highlight-soft_100_c6c2c8_1x100.png HTTP/1.1" 404 1117
192.168.10.96 - - [25/Apr/2022:18:00:00 -0300] "GET /cormun/static/Shared/jqueryui/images/ui-icons_82798d_256x240.png HTTP/1.1" 404 1089
192.168.10.96 - - [25/Apr/2022:18:00:00 -0300] "GET /cormun/static/Shared/jqueryui/images/ui-bg_flat_55_fafafa_40x100.png HTTP/1.1" 404 1097
192.168.10.96 - - [25/Apr/2022:18:00:00 -0300] "GET /cormun/static/Shared/jqueryui/images/ui-icons_8d78a5_256x240.png HTTP/1.1" 404 1089
192.168.10.96 - - [25/Apr/2022:18:00:03 -0300] "POST /cormun/servlet/trsolicitudgral?fe2283d4708b064b34bd001068fb238e,,gx-no-cache=1650919481963 HTTP/1.1" 200 7452
192.168.10.96 - - [25/Apr/2022:18:00:09 -0300] "GET /cormun/servlet/vesolicitudgral?2022,18478,, HTTP/1.1" 200 8437
192.168.10.96 - - [25/Apr/2022:18:00:09 -0300] "GET /cormun/pexe_scrolldiv.js HTTP/1.1" 404 1009
192.168.10.96 - - [25/Apr/2022:18:00:09 -0300] "GET /cormun/servlet/vesolicitudgral?2022,18478,, HTTP/1.1" 200 8436
192.168.10.96 - - [25/Apr/2022:18:00:16 -0300] "GET /cormun/servlet/trsolicitudgral? HTTP/1.1" 200 10484
192.168.10.96 - - [25/Apr/2022:18:00:16 -0300] "GET /cormun/servlet/trsolicitudgral? HTTP/1.1" 200 10479
192.168.10.11 - - [25/Apr/2022:18:00:18 -0300] "GET / HTTP/1.1" 200 11217
192.168.10.96 - - [25/Apr/2022:18:00:21 -0300] "GET /cormun/servlet/vesolicitudgral?2022,18449,, HTTP/1.1" 200 8389
192.168.10.96 - - [25/Apr/2022:18:00:21 -0300] "GET /cormun/pexe_scrolldiv.js HTTP/1.1" 404 1009
192.168.10.96 - - [25/Apr/2022:18:00:22 -0300] "GET /cormun/servlet/vesolicitudgral?2022,18449,, HTTP/1.1" 200 8388
192.168.10.96 - - [25/Apr/2022:18:00:28 -0300] "GET /cormun/servlet/trsolicitudgral? HTTP/1.1" 200 10484
192.168.10.96 - - [25/Apr/2022:18:00:28 -0300] "GET /cormun/servlet/trsolicitudgral? HTTP/1.1" 200 10479
192.168.10.17 - - [25/Apr/2022:18:00:40 -0300] "GET /cormun/servlet/vesolicitudgral?2022,18447,,SolicitudOTAdjuntos HTTP/1.1" 200 10947
192.168.10.17 - - [25/Apr/2022:18:00:40 -0300] "GET /cormun/pexe_scrolldiv.js HTTP/1.1" 404 1009
192.168.10.17 - - [25/Apr/2022:18:00:40 -0300] "GET /cormun/servlet/vesolicitudgral?2022,18447,,SolicitudOTAdjuntos HTTP/1.1" 200 10945
192.168.10.17 - - [25/Apr/2022:18:00:41 -0300] "POST /cormun/servlet/acontrolpreferencessavestate?None,RRHH+DANIELA,true HTTP/1.1" 200 35
192.168.10.17 - - [25/Apr/2022:18:00:57 -0300] "GET /cormun/PublicTempStorage/johana_fernanda_morales_sanchez_certif_titulo20220411_161720552972832.pdf HTTP/1.1" 200 134849
192.168.10.96 - - [25/Apr/2022:18:01:15 -0300] "POST /cormun/servlet/trsolicitudgral?fe2283d4708b064b34bd001068fb238e,,gx-no-cache=1650919554289 HTTP/1.1" 200 7102
