181.212.43.89 - - [13/Apr/2022:16:54:14 -0300] "GET /cormun/servlet/hpexe_return? HTTP/1.1" 200 1018
181.212.43.89 - - [13/Apr/2022:16:54:15 -0300] "GET /cormun/servlet/trsolicitudot HTTP/1.1" 200 8687
181.212.43.89 - - [13/Apr/2022:16:54:15 -0300] "GET /cormun/servlet/trsolicitudot HTTP/1.1" 200 8681
181.212.43.89 - - [13/Apr/2022:16:54:23 -0300] "POST /cormun/servlet/trsolicitudot?1f689e90aa074cb05198e538a638462a,gx-no-cache=1649878915286 HTTP/1.1" 200 4574
181.212.43.89 - - [13/Apr/2022:16:54:23 -0300] "POST /cormun/servlet/trsolicitudot?1f689e90aa074cb05198e538a638462a,gx-no-cache=1649878915571 HTTP/1.1" 200 4349
181.212.43.89 - - [13/Apr/2022:16:54:26 -0300] "GET /cormun/servlet/solicitudot?INS,0,0,false, HTTP/1.1" 200 15738
181.212.43.89 - - [13/Apr/2022:16:54:27 -0300] "GET /cormun/servlet/solicitudot?INS,0,0,false, HTTP/1.1" 200 15745
190.171.141.114 - - [13/Apr/2022:16:54:31 -0300] "GET /cormun/servlet/trpermisosgoce? HTTP/1.1" 200 11009
190.171.141.114 - - [13/Apr/2022:16:54:32 -0300] "GET /cormun/servlet/trpermisosgoce? HTTP/1.1" 200 10947
190.171.141.114 - - [13/Apr/2022:16:54:37 -0300] "GET /cormun/servlet/trpermisosadjuntos?16491199,20220412134009,P, HTTP/1.1" 200 6794
181.212.43.89 - - [13/Apr/2022:16:54:37 -0300] "POST /cormun/servlet/solicitudot?gx-no-cache=1649878929512 HTTP/1.1" 200 3858
190.171.141.114 - - [13/Apr/2022:16:54:37 -0300] "GET /cormun/servlet/trpermisosadjuntos?16491199,20220412134009,P, HTTP/1.1" 200 6794
181.212.43.89 - - [13/Apr/2022:16:54:37 -0300] "POST /cormun/servlet/solicitudot?1f689e90aa074cb05198e538a638462a,INS,0,0,false,,gx-no-cache=1649878929681 HTTP/1.1" 200 12395
181.212.43.89 - - [13/Apr/2022:16:54:40 -0300] "GET /cormun/servlet/solicitudot?9b68ccce355e9fcc031b21ce8206af2e728a9409541d993eca865b60dcd14c11eef2680966ac3078b4e4700aee610bbf,gx-no-cache=1649878932895 HTTP/1.1" 200 30
190.171.141.114 - - [13/Apr/2022:16:54:51 -0300] "GET /cormun/servlet/trpermisosgoce? HTTP/1.1" 200 11009
190.171.141.114 - - [13/Apr/2022:16:54:52 -0300] "GET /cormun/servlet/trpermisosgoce? HTTP/1.1" 200 11007
190.171.141.114 - - [13/Apr/2022:16:54:58 -0300] "GET /cormun/servlet/trpermisosadjuntos?15122762,20220411171145,P, HTTP/1.1" 200 6324
192.168.10.11 - - [13/Apr/2022:16:54:58 -0300] "GET / HTTP/1.1" 200 11217
190.171.141.114 - - [13/Apr/2022:16:54:58 -0300] "GET /cormun/servlet/trpermisosadjuntos?15122762,20220411171145,P, HTTP/1.1" 200 6325
190.171.141.114 - - [13/Apr/2022:16:55:01 -0300] "GET /cormun/servlet/permisosadjuntos?INS,15122762,P,20220411171145,, HTTP/1.1" 200 5647
190.171.141.114 - - [13/Apr/2022:16:55:01 -0300] "GET /cormun/static/about:blank HTTP/1.1" 404 1011
190.171.141.114 - - [13/Apr/2022:16:55:01 -0300] "GET /cormun/servlet/permisosadjuntos?INS,15122762,P,20220411171145,, HTTP/1.1" 200 5637
181.212.43.89 - - [13/Apr/2022:16:55:45 -0300] "GET /cormun/servlet/prbanco?,MD,,gxPopupLevel%3D0%3B HTTP/1.1" 200 6568
190.171.141.114 - - [13/Apr/2022:16:55:50 -0300] "POST /cormun/servlet/permisosadjuntos?de0ea579e86878a9e4228da658ce3f27,INS,15122762,P,20220411171145,, HTTP/1.1" 200 116
190.171.141.114 - - [13/Apr/2022:16:55:50 -0300] "GET /cormun/servlet/hpexe_return? HTTP/1.1" 200 1041
190.171.141.114 - - [13/Apr/2022:16:55:50 -0300] "GET /cormun/servlet/trpermisosadjuntos?15122762,20220411171145,P, HTTP/1.1" 200 6802
190.171.141.114 - - [13/Apr/2022:16:55:51 -0300] "GET /cormun/servlet/trpermisosadjuntos?15122762,20220411171145,P, HTTP/1.1" 200 6798
181.212.43.89 - - [13/Apr/2022:16:55:51 -0300] "GET /cormun/servlet/solicitudot?9b68ccce355e9fcc031b21ce8206af2ec4d82d38530c94960d8b6218c1607fa37cc6f85a7a6eacdb1aa6c168e0f51159,gx-no-cache=1649879003574 HTTP/1.1" 200 30
190.171.141.114 - - [13/Apr/2022:16:55:53 -0300] "POST /cormun/servlet/trpermisosadjuntos?de0ea579e86878a9e4228da658ce3f27,15122762,20220411171145,P,,gx-no-cache=1649879006602 HTTP/1.1" 200 90
190.171.141.114 - - [13/Apr/2022:16:55:53 -0300] "GET /cormun/servlet/hpexe_link HTTP/1.1" 200 987
190.171.141.114 - - [13/Apr/2022:16:55:53 -0300] "GET /cormun/servlet/trpermisosgoce HTTP/1.1" 200 11009
190.171.141.114 - - [13/Apr/2022:16:55:54 -0300] "GET /cormun/servlet/trpermisosgoce HTTP/1.1" 200 10947
190.171.141.114 - - [13/Apr/2022:16:55:58 -0300] "POST /cormun/servlet/trpermisosgoce?de0ea579e86878a9e4228da658ce3f27,gx-no-cache=1649879011422 HTTP/1.1" 200 8241
190.171.141.114 - - [13/Apr/2022:16:55:58 -0300] "GET /cormun/static/Shared/jqueryui/images/ui-bg_highlight-soft_100_c6c2c8_1x100.png HTTP/1.1" 404 1117
190.171.141.114 - - [13/Apr/2022:16:55:58 -0300] "GET /cormun/static/Shared/jqueryui/images/ui-icons_82798d_256x240.png HTTP/1.1" 404 1089
190.171.141.114 - - [13/Apr/2022:16:55:58 -0300] "GET /cormun/static/Shared/jqueryui/images/ui-bg_flat_55_fafafa_40x100.png HTTP/1.1" 404 1097
190.171.141.114 - - [13/Apr/2022:16:55:58 -0300] "GET /cormun/static/Shared/jqueryui/images/ui-icons_8d78a5_256x240.png HTTP/1.1" 404 1089
192.168.10.11 - - [13/Apr/2022:16:55:58 -0300] "GET / HTTP/1.1" 200 11217
181.212.43.89 - - [13/Apr/2022:16:56:01 -0300] "GET /cormun/servlet/solicitudot?9b68ccce355e9fcc031b21ce8206af2eaae4fabcbd9b224fdb80f1defc81ece9,gx-no-cache=1649879013102 HTTP/1.1" 200 51
190.171.141.114 - - [13/Apr/2022:16:56:12 -0300] "GET /cormun/servlet/wbsecusr01? HTTP/1.1" 200 4166
190.171.141.114 - - [13/Apr/2022:16:56:12 -0300] "GET /cormun/static/gxcfg.js?20201215553817 HTTP/1.1" 200 953
190.171.141.114 - - [13/Apr/2022:16:56:12 -0300] "GET /cormun/static/wbsecusr01.js?20201215553975 HTTP/1.1" 200 4681
190.171.141.114 - - [13/Apr/2022:16:56:15 -0300] "GET /cormun/servlet/hlogin HTTP/1.1" 200 1742
181.212.43.89 - - [13/Apr/2022:16:56:18 -0300] "POST /cormun/servlet/solicitudot?gx-no-cache=1649879030862 HTTP/1.1" 200 240
181.212.43.89 - - [13/Apr/2022:16:56:21 -0300] "GET /cormun/servlet/solicitudot?9b68ccce355e9fcc031b21ce8206af2e76462b013ab240fefe01e2b89ec204c0ebe2798735d8b64ad17956345980559fa5c2b81537d625fbe25dcc5f067a85974cdc95799037117ce3a5a7da53a27a45594ef980df37b1b5921412d3d09d1be9a08693078d9c7056948dff41f2af1a4fd646f8e86e3d2561dcd41fb25b8586c96c51270aa54830614551e260f020f308542c13970f9cc44b6e58e9f8acf8a155dbe5ad0ebb0461a34197b5810cbf8501dbeb187428b3ff025db78bbbcd492ad89d27f17c80f3ae0ce5c58c17e364ea3b11d52e9816815f1046a18620381d45f0b5a2573ab193a9e492c186402a756859f55481350b21fd37991971a2d736aea4dd05034eae9dbef4981e1a20d974707dc1e8c3789e4b31e56fc11359fd7d5bb0257b1eafe3fdbf2cd9053d1273f829260ea0148a452417bc5a9b05f3fb237fdf6b817f41c0e9956226a1ee5bba46c78b747b3eb7ae67bad94c8aa3dd8b41fcb8c52805a45720685355e823d111a5ffae755fb062213906711a3b69cb57df5912,gx-no-cache=1649879032974 HTTP/1.1" 200 30
190.171.141.114 - - [13/Apr/2022:16:56:26 -0300] "POST /cormun/servlet/hlogin?de0ea579e86878a9e4228da658ce3f27,gx-no-cache=1649879039754 HTTP/1.1" 200 90
190.171.141.114 - - [13/Apr/2022:16:56:26 -0300] "GET /cormun/servlet/hpexe_link HTTP/1.1" 200 954
190.171.141.114 - - [13/Apr/2022:16:56:26 -0300] "GET /cormun/servlet/hhome HTTP/1.1" 200 4305
190.171.141.114 - - [13/Apr/2022:16:56:27 -0300] "GET /cormun/servlet/hhome HTTP/1.1" 200 4301
190.171.141.114 - - [13/Apr/2022:16:56:27 -0300] "GET /cormun/static/SmoothNavMenu/resources/images/right.gif HTTP/1.1" 200 860
190.171.141.114 - - [13/Apr/2022:16:56:42 -0300] "GET /cormun/servlet/trautorizarsolicitud? HTTP/1.1" 200 7416
190.171.141.114 - - [13/Apr/2022:16:56:43 -0300] "GET /cormun/servlet/trautorizarsolicitud? HTTP/1.1" 200 7414
181.212.43.89 - - [13/Apr/2022:16:56:54 -0300] "POST /cormun/servlet/solicitudot?gx-no-cache=1649879066510 HTTP/1.1" 200 30
190.171.141.114 - - [13/Apr/2022:16:56:55 -0300] "GET /cormun/servlet/trautorizarpermisogoce? HTTP/1.1" 200 10813
190.171.141.114 - - [13/Apr/2022:16:56:56 -0300] "GET /cormun/static/gxcfg.js?2020121645532 HTTP/1.1" 200 953
190.171.141.114 - - [13/Apr/2022:16:56:56 -0300] "GET /cormun/static/trautorizarpermisogoce.js?2020121651492 HTTP/1.1" 200 34948
190.171.141.114 - - [13/Apr/2022:16:56:56 -0300] "GET /cormun/servlet/trautorizarpermisogoce? HTTP/1.1" 200 10812
181.212.43.89 - - [13/Apr/2022:16:56:58 -0300] "GET /cormun/servlet/prsolicitudot?20024268,,,,,MD,,gxPopupLevel%3D0%3B HTTP/1.1" 200 5934
192.168.10.11 - - [13/Apr/2022:16:56:58 -0300] "GET / HTTP/1.1" 200 11217
181.212.43.89 - - [13/Apr/2022:16:57:00 -0300] "POST /cormun/servlet/solicitudot?gx-no-cache=1649879072664 HTTP/1.1" 200 1536
181.212.43.89 - - [13/Apr/2022:16:57:00 -0300] "GET /cormun/static/Shared/jqueryui/images/ui-bg_highlight-soft_100_c6c2c8_1x100.png HTTP/1.1" 404 1117
181.212.43.89 - - [13/Apr/2022:16:57:00 -0300] "GET /cormun/static/Shared/jqueryui/images/ui-icons_82798d_256x240.png HTTP/1.1" 404 1089
181.212.43.89 - - [13/Apr/2022:16:57:00 -0300] "GET /cormun/static/Shared/jqueryui/images/ui-bg_flat_55_994d53_40x100.png HTTP/1.1" 404 1097
181.212.43.89 - - [13/Apr/2022:16:57:00 -0300] "GET /cormun/static/Shared/jqueryui/images/ui-icons_ebccce_256x240.png HTTP/1.1" 404 1089
181.212.43.89 - - [13/Apr/2022:16:57:00 -0300] "POST /cormun/servlet/solicitudot?gx-no-cache=1649879072733 HTTP/1.1" 200 117
181.212.43.89 - - [13/Apr/2022:16:57:00 -0300] "GET /cormun/servlet/solicitudot?9b68ccce355e9fcc031b21ce8206af2e1b1ce05f9aa49195e33f19d3da0e874c39ccf3de27e81b5d090c43503519cb0fe1c15ef9c6d07c1e920a693eca7894b8b2f332a8c95e5ba31969b4473d63724792de1266beb6f842a2f62bff2c91026e32ffe16a520d26c1b700b298894f9acc,gx-no-cache=1649879072770 HTTP/1.1" 200 110
181.212.43.89 - - [13/Apr/2022:16:57:00 -0300] "POST /cormun/servlet/solicitudot?gx-no-cache=1649879072810 HTTP/1.1" 200 64
181.212.43.89 - - [13/Apr/2022:16:57:00 -0300] "GET /cormun/servlet/solicitudot?9b68ccce355e9fcc031b21ce8206af2e7711377468eaa847b918b46e5dfa07fa8b19b0aa25f89aabbf5aca5b9920c6918525924696cf31814195f230b4ef65f62a417fcbbae74d8ed33c8067f47323e86b28ffbeaa6dc227852739f104c7dc7eea458814d7256f3d21f5bfaa8f8af78d,gx-no-cache=1649879072843 HTTP/1.1" 200 29
190.171.141.114 - - [13/Apr/2022:16:57:00 -0300] "POST /cormun/servlet/trautorizarpermisogoce?de0ea579e86878a9e4228da658ce3f27,,gx-no-cache=1649879073742 HTTP/1.1" 200 7893
181.212.43.89 - - [13/Apr/2022:16:57:00 -0300] "GET /cormun/servlet/solicitudot?9b68ccce355e9fcc031b21ce8206af2e1224f9211f5455fde769a0b01e9bdc85fa8c28f89dc8381616293e7202330868,gx-no-cache=1649879072871 HTTP/1.1" 200 30
190.171.141.114 - - [13/Apr/2022:16:57:00 -0300] "GET /cormun/static/Shared/jqueryui/images/ui-bg_highlight-soft_100_c6c2c8_1x100.png HTTP/1.1" 404 1117
190.171.141.114 - - [13/Apr/2022:16:57:00 -0300] "GET /cormun/static/Shared/jqueryui/images/ui-icons_82798d_256x240.png HTTP/1.1" 404 1089
190.171.141.114 - - [13/Apr/2022:16:57:00 -0300] "GET /cormun/static/Shared/jqueryui/images/ui-bg_flat_55_fafafa_40x100.png HTTP/1.1" 404 1097
190.171.141.114 - - [13/Apr/2022:16:57:00 -0300] "GET /cormun/static/Shared/jqueryui/images/ui-icons_8d78a5_256x240.png HTTP/1.1" 404 1089
190.171.141.114 - - [13/Apr/2022:16:57:02 -0300] "POST /cormun/servlet/trautorizarpermisogoce?de0ea579e86878a9e4228da658ce3f27,,gx-no-cache=1649879074844 HTTP/1.1" 200 7675
190.171.141.114 - - [13/Apr/2022:16:57:03 -0300] "POST /cormun/servlet/trautorizarpermisogoce?de0ea579e86878a9e4228da658ce3f27,,gx-no-cache=1649879076530 HTTP/1.1" 200 7404
190.171.141.114 - - [13/Apr/2022:16:57:04 -0300] "POST /cormun/servlet/trautorizarpermisogoce?de0ea579e86878a9e4228da658ce3f27,,gx-no-cache=1649879077666 HTTP/1.1" 200 7109
190.171.141.114 - - [13/Apr/2022:16:57:05 -0300] "POST /cormun/servlet/trautorizarpermisogoce?de0ea579e86878a9e4228da658ce3f27,,gx-no-cache=1649879078401 HTTP/1.1" 200 6838
190.171.141.114 - - [13/Apr/2022:16:57:06 -0300] "POST /cormun/servlet/trautorizarpermisogoce?de0ea579e86878a9e4228da658ce3f27,,gx-no-cache=1649879079018 HTTP/1.1" 200 6636
190.171.141.114 - - [13/Apr/2022:16:57:06 -0300] "POST /cormun/servlet/trautorizarpermisogoce?de0ea579e86878a9e4228da658ce3f27,,gx-no-cache=1649879079434 HTTP/1.1" 200 6421
190.171.141.114 - - [13/Apr/2022:16:57:07 -0300] "POST /cormun/servlet/trautorizarpermisogoce?de0ea579e86878a9e4228da658ce3f27,,gx-no-cache=1649879080025 HTTP/1.1" 200 6246
190.171.141.114 - - [13/Apr/2022:16:57:07 -0300] "POST /cormun/servlet/trautorizarpermisogoce?de0ea579e86878a9e4228da658ce3f27,,gx-no-cache=1649879080498 HTTP/1.1" 200 6033
190.171.141.114 - - [13/Apr/2022:16:57:08 -0300] "POST /cormun/servlet/trautorizarpermisogoce?de0ea579e86878a9e4228da658ce3f27,,gx-no-cache=1649879081105 HTTP/1.1" 200 5789
190.171.141.114 - - [13/Apr/2022:16:57:09 -0300] "POST /cormun/servlet/trautorizarpermisogoce?de0ea579e86878a9e4228da658ce3f27,,gx-no-cache=1649879081826 HTTP/1.1" 200 5543
190.171.141.114 - - [13/Apr/2022:16:57:09 -0300] "POST /cormun/servlet/trautorizarpermisogoce?de0ea579e86878a9e4228da658ce3f27,,gx-no-cache=1649879082409 HTTP/1.1" 200 5282
190.171.141.114 - - [13/Apr/2022:16:57:10 -0300] "POST /cormun/servlet/trautorizarpermisogoce?de0ea579e86878a9e4228da658ce3f27,,gx-no-cache=1649879082928 HTTP/1.1" 200 4529
181.212.43.89 - - [13/Apr/2022:16:57:24 -0300] "POST /cormun/servlet/solicitudot?gx-no-cache=1649879096053 HTTP/1.1" 200 1455
181.212.43.89 - - [13/Apr/2022:16:57:28 -0300] "GET /cormun/servlet/prlicenciaspermisos?10287129,L,,MD,,gxPopupLevel%3D0%3B HTTP/1.1" 200 7261
192.168.10.17 - - [13/Apr/2022:16:57:37 -0300] "GET /cormun/servlet/hlogin HTTP/1.1" 200 1723
192.168.10.17 - - [13/Apr/2022:16:57:37 -0300] "GET /cormun/servlet/hlogin HTTP/1.1" 200 1734
181.212.43.89 - - [13/Apr/2022:16:57:38 -0300] "POST /cormun/servlet/solicitudot?gx-no-cache=1649879110128 HTTP/1.1" 200 41
181.212.43.89 - - [13/Apr/2022:16:57:46 -0300] "GET /cormun/servlet/solicitudot?9b68ccce355e9fcc031b21ce8206af2e1b1ce05f9aa49195e33f19d3da0e874c39ccf3de27e81b5d090c43503519cb0fe1c15ef9c6d07c1e920a693eca7894b8b2f332a8c95e5ba31969b4473d63724792de1266beb6f842a2f62bff2c91026e32ffe16a520d26c1b700b298894f9acc,gx-no-cache=1649879117993 HTTP/1.1" 200 110
181.212.43.89 - - [13/Apr/2022:16:57:46 -0300] "POST /cormun/servlet/solicitudot?gx-no-cache=1649879118047 HTTP/1.1" 200 97
192.168.10.17 - - [13/Apr/2022:16:57:48 -0300] "POST /cormun/servlet/hlogin?dde67129cb337137e8b42bc27c7a43bb,gx-no-cache=1649878949803 HTTP/1.1" 200 90
192.168.10.17 - - [13/Apr/2022:16:57:48 -0300] "GET /cormun/servlet/hpexe_link HTTP/1.1" 200 951
192.168.10.17 - - [13/Apr/2022:16:57:49 -0300] "GET /cormun/servlet/hhome HTTP/1.1" 200 3786
192.168.10.17 - - [13/Apr/2022:16:57:49 -0300] "GET /cormun/servlet/hhome HTTP/1.1" 200 3783
181.212.43.89 - - [13/Apr/2022:16:57:50 -0300] "GET /cormun/static/menuarrow.gif HTTP/1.1" 404 1015
181.212.43.89 - - [13/Apr/2022:16:57:53 -0300] "GET /cormun/servlet/solicitudot?9b68ccce355e9fcc031b21ce8206af2e88555251b289912c1ac35ccae2f959a04c2e5e398d8f11a0e126692c0e68f317,gx-no-cache=1649879125507 HTTP/1.1" 200 30
181.212.43.89 - - [13/Apr/2022:16:57:58 -0300] "POST /cormun/servlet/solicitudot?gx-no-cache=1649879130625 HTTP/1.1" 200 135
192.168.10.11 - - [13/Apr/2022:16:57:58 -0300] "GET / HTTP/1.1" 200 11217
192.168.10.17 - - [13/Apr/2022:16:57:59 -0300] "GET /cormun/servlet/trsolicitudgral? HTTP/1.1" 200 29530
192.168.10.17 - - [13/Apr/2022:16:58:00 -0300] "GET /cormun/servlet/trsolicitudgral? HTTP/1.1" 200 29527
181.212.43.89 - - [13/Apr/2022:16:58:19 -0300] "POST /cormun/servlet/solicitudot?gx-no-cache=1649879151637 HTTP/1.1" 200 30
192.168.10.17 - - [13/Apr/2022:16:58:23 -0300] "POST /cormun/servlet/trsolicitudgral?dde67129cb337137e8b42bc27c7a43bb,,gx-no-cache=1649878983932 HTTP/1.1" 200 6668
181.212.43.89 - - [13/Apr/2022:16:58:28 -0300] "POST /cormun/servlet/solicitudot?gx-no-cache=1649879160084 HTTP/1.1" 200 1455
181.212.43.89 - - [13/Apr/2022:16:58:28 -0300] "POST /cormun/servlet/solicitudot?gx-no-cache=1649879160175 HTTP/1.1" 200 41
181.212.43.89 - - [13/Apr/2022:16:58:28 -0300] "GET /cormun/servlet/solicitudot?9b68ccce355e9fcc031b21ce8206af2e1b1ce05f9aa49195e33f19d3da0e874c39ccf3de27e81b5d090c43503519cb0fe1c15ef9c6d07c1e920a693eca7894b8b2f332a8c95e5ba31969b4473d63724792de1266beb6f842a2f62bff2c91026e32ffe16a520d26c1b700b298894f9acc,gx-no-cache=1649879160204 HTTP/1.1" 200 110
181.212.43.89 - - [13/Apr/2022:16:58:28 -0300] "POST /cormun/servlet/solicitudot?gx-no-cache=1649879160236 HTTP/1.1" 200 97
181.212.43.89 - - [13/Apr/2022:16:58:28 -0300] "POST /cormun/servlet/solicitudot?gx-no-cache=1649879160275 HTTP/1.1" 200 30
192.168.10.17 - - [13/Apr/2022:16:58:33 -0300] "GET /cormun/servlet/vesolicitudgral?2022,18402,, HTTP/1.1" 200 8350
192.168.10.17 - - [13/Apr/2022:16:58:33 -0300] "GET /cormun/pexe_scrolldiv.js HTTP/1.1" 404 1009
192.168.10.17 - - [13/Apr/2022:16:58:33 -0300] "GET /cormun/servlet/vesolicitudgral?2022,18402,, HTTP/1.1" 200 8349
181.212.43.89 - - [13/Apr/2022:16:58:56 -0300] "POST /cormun/servlet/solicitudot?1f689e90aa074cb05198e538a638462a,INS,0,0,false,,gx-no-cache=1649879187874 HTTP/1.1" 200 93
181.212.43.89 - - [13/Apr/2022:16:58:56 -0300] "GET /cormun/servlet/hpexe_return? HTTP/1.1" 200 1033
181.212.43.89 - - [13/Apr/2022:16:58:56 -0300] "GET /cormun/servlet/trsolicitudot?gx-no-cache=1649878915571 HTTP/1.1" 200 8696
181.212.43.89 - - [13/Apr/2022:16:58:57 -0300] "GET /cormun/servlet/trsolicitudot?gx-no-cache=1649878915571 HTTP/1.1" 200 8714
192.168.10.11 - - [13/Apr/2022:16:58:58 -0300] "GET / HTTP/1.1" 200 11217
192.168.10.11 - - [13/Apr/2022:16:59:58 -0300] "GET / HTTP/1.1" 200 11217
181.212.43.89 - - [13/Apr/2022:16:59:59 -0300] "POST /cormun/servlet/trsolicitudot?1f689e90aa074cb05198e538a638462a,gx-no-cache=1649878915571,gx-no-cache=1649879251779 HTTP/1.1" 200 113
181.212.43.89 - - [13/Apr/2022:17:00:00 -0300] "GET /cormun/servlet/solicitudot?UPD,2022,18456,false, HTTP/1.1" 200 16339
186.67.172.234 - - [13/Apr/2022:17:00:00 -0300] "GET /cormun/servlet/trsolicitudot? HTTP/1.1" 200 7591
186.67.172.234 - - [13/Apr/2022:17:00:00 -0300] "GET /cormun/servlet/trsolicitudot? HTTP/1.1" 200 7593
181.212.43.89 - - [13/Apr/2022:17:00:00 -0300] "GET /cormun/servlet/solicitudot?UPD,2022,18456,false, HTTP/1.1" 200 16329
181.212.43.89 - - [13/Apr/2022:17:00:01 -0300] "POST /cormun/servlet/solicitudot?gx-no-cache=1649879253201 HTTP/1.1" 200 3931
181.212.43.89 - - [13/Apr/2022:17:00:01 -0300] "POST /cormun/servlet/solicitudot?1f689e90aa074cb05198e538a638462a,UPD,2022,18456,false,,gx-no-cache=1649879253359 HTTP/1.1" 200 12604
181.212.43.89 - - [13/Apr/2022:17:00:01 -0300] "GET /cormun/servlet/solicitudot?9b68ccce355e9fcc031b21ce8206af2e728a9409541d993eca865b60dcd14c11ba1b9a42c7eaf61fe0735d669d4dce82,gx-no-cache=1649879253602 HTTP/1.1" 200 30
181.212.43.89 - - [13/Apr/2022:17:00:01 -0300] "GET /cormun/servlet/solicitudot?9b68ccce355e9fcc031b21ce8206af2ec4d82d38530c94960d8b6218c1607fa3fea0d171964a19a1500d9f1344313b31,gx-no-cache=1649879253652 HTTP/1.1" 200 30
181.212.43.89 - - [13/Apr/2022:17:00:01 -0300] "GET /cormun/servlet/solicitudot?9b68ccce355e9fcc031b21ce8206af2ee2cf645f5d4c565ba127f4c1a32f363d5e13eb92332c425a85b895d0f808e85650336c81f0b4dc35dfc0730d72010bfb,gx-no-cache=1649879253675 HTTP/1.1" 200 51
181.212.43.89 - - [13/Apr/2022:17:00:01 -0300] "POST /cormun/servlet/solicitudot?gx-no-cache=1649879253704 HTTP/1.1" 200 240
181.212.43.89 - - [13/Apr/2022:17:00:01 -0300] "GET /cormun/servlet/solicitudot?9b68ccce355e9fcc031b21ce8206af2e76462b013ab240fefe01e2b89ec204c0ebe2798735d8b64ad17956345980559fa5c2b81537d625fbe25dcc5f067a85974cdc95799037117ce3a5a7da53a27a45594ef980df37b1b5921412d3d09d1be9a08693078d9c7056948dff41f2af1a4fd646f8e86e3d2561dcd41fb25b8586c96c51270aa54830614551e260f020f308542c13970f9cc44b6e58e9f8acf8a155dbe5ad0ebb0461a34197b5810cbf8501dbeb187428b3ff025db78bbbcd492ad89d27f17c80f3ae0ce5c58c17e364ea3b11d52e9816815f1046a18620381d45f0b5a2573ab193a9e492c186402a756859f55481350b21fd37991971a2d736aea4dd05034eae9dbef4981e1a20d974707dc1e8c3789e4b31e56fc11359fd7d5bb0257b1eafe3fdbf2cd9053d1273f829260ea0148a452417bc5a9b05f3fb237fdf6b817f41c0e9956226a1ee5bba46c78b747b3eb7ae67bad94c8aa3dd8b41fcb8c52805a45720685355e823d111a5ffae73785b45ed5c5e850bb3ecd3eea670b2,gx-no-cache=1649879253734 HTTP/1.1" 200 30
181.212.43.89 - - [13/Apr/2022:17:00:01 -0300] "POST /cormun/servlet/solicitudot?gx-no-cache=1649879253759 HTTP/1.1" 200 30
181.212.43.89 - - [13/Apr/2022:17:00:01 -0300] "POST /cormun/servlet/solicitudot?gx-no-cache=1649879253790 HTTP/1.1" 200 1457
181.212.43.89 - - [13/Apr/2022:17:00:01 -0300] "POST /cormun/servlet/solicitudot?gx-no-cache=1649879253869 HTTP/1.1" 200 41
186.67.172.234 - - [13/Apr/2022:17:00:02 -0300] "GET /cormun/servlet/solicitudot?INS,0,0,false, HTTP/1.1" 200 16082
181.212.43.89 - - [13/Apr/2022:17:00:02 -0300] "GET /cormun/servlet/solicitudot?9b68ccce355e9fcc031b21ce8206af2e1b1ce05f9aa49195e33f19d3da0e874c39ccf3de27e81b5d090c43503519cb0fe1c15ef9c6d07c1e920a693eca7894b8b2f332a8c95e5ba31969b4473d63724792de1266beb6f842a2f62bff2c91026e32ffe16a520d26c1b700b298894f9acc,gx-no-cache=1649879254843 HTTP/1.1" 200 110
181.212.43.89 - - [13/Apr/2022:17:00:02 -0300] "POST /cormun/servlet/solicitudot?gx-no-cache=1649879254887 HTTP/1.1" 200 97
186.67.172.234 - - [13/Apr/2022:17:00:02 -0300] "GET /cormun/servlet/solicitudot?INS,0,0,false, HTTP/1.1" 200 16089
181.212.43.89 - - [13/Apr/2022:17:00:03 -0300] "GET /cormun/servlet/solicitudot?9b68ccce355e9fcc031b21ce8206af2e74909a82a71011c7787649e2ad028cf4bd56c5292187753290446465c463daf5910fab1f49e3c8319737c349145ae993ac5d466ec8243fe0ec925aa37da98ead68d79db42c4d4c2a7f7a195b399d35c850e7c49295d658a482ea1811f3651aecd0b6166fe1bb29d9d9ba2d16f2e60fa6d2bded1360988487f240002d036c52bb6622013dc1679288f4aa75b7478400546cfa29da29fe86dad2c2449526248235341cc8ae0d442fb3f5f2adf83e5af4a2acb51a9a77b5b957753e72dfb6c50fd6,gx-no-cache=1649879255727 HTTP/1.1" 200 30
181.212.43.89 - - [13/Apr/2022:17:00:04 -0300] "GET /cormun/servlet/solicitudot?9b68ccce355e9fcc031b21ce8206af2e88555251b289912c1ac35ccae2f959a04c2e5e398d8f11a0e126692c0e68f317,gx-no-cache=1649879256532 HTTP/1.1" 200 30
181.212.43.89 - - [13/Apr/2022:17:00:04 -0300] "POST /cormun/servlet/solicitudot?gx-no-cache=1649879256566 HTTP/1.1" 200 30
181.212.43.89 - - [13/Apr/2022:17:00:04 -0300] "POST /cormun/servlet/solicitudot?1f689e90aa074cb05198e538a638462a,UPD,2022,18456,false,,gx-no-cache=1649879256596 HTTP/1.1" 200 93
181.212.43.89 - - [13/Apr/2022:17:00:05 -0300] "GET /cormun/servlet/hpexe_return? HTTP/1.1" 200 1039
181.212.43.89 - - [13/Apr/2022:17:00:05 -0300] "GET /cormun/servlet/trsolicitudot?gx-no-cache=1649878915571 HTTP/1.1" 200 8696
181.212.43.89 - - [13/Apr/2022:17:00:05 -0300] "GET /cormun/servlet/trsolicitudot?gx-no-cache=1649878915571 HTTP/1.1" 200 8714
190.171.154.42 - - [13/Apr/2022:17:00:28 -0300] "GET /cormun/servlet/trpermisosadjuntos?16731886,20220411173132,P, HTTP/1.1" 200 5460
190.171.154.42 - - [13/Apr/2022:17:00:28 -0300] "GET /cormun/static/gxcfg.js?2020121641683 HTTP/1.1" 200 953
190.171.154.42 - - [13/Apr/2022:17:00:29 -0300] "GET /cormun/static/trpermisosadjuntos.js?2020121642996 HTTP/1.1" 200 20158
181.212.43.89 - - [13/Apr/2022:17:00:30 -0300] "POST /cormun/servlet/trsolicitudot?1f689e90aa074cb05198e538a638462a,gx-no-cache=1649878915571,gx-no-cache=1649879282332 HTTP/1.1" 200 4614
190.171.154.42 - - [13/Apr/2022:17:00:30 -0300] "GET /cormun/servlet/hlogin HTTP/1.1" 200 1775
190.171.154.42 - - [13/Apr/2022:17:00:30 -0300] "GET /cormun/servlet/trpermisosadjuntos?16731886,20220411173132,P, HTTP/1.1" 200 5451
181.212.43.89 - - [13/Apr/2022:17:00:30 -0300] "GET /cormun/static/Shared/jqueryui/images/ui-bg_highlight-soft_100_c6c2c8_1x100.png HTTP/1.1" 404 1117
181.212.43.89 - - [13/Apr/2022:17:00:30 -0300] "GET /cormun/static/Shared/jqueryui/images/ui-icons_82798d_256x240.png HTTP/1.1" 404 1089
181.212.43.89 - - [13/Apr/2022:17:00:30 -0300] "GET /cormun/static/Shared/jqueryui/images/ui-bg_flat_55_fafafa_40x100.png HTTP/1.1" 404 1097
181.212.43.89 - - [13/Apr/2022:17:00:30 -0300] "GET /cormun/static/Shared/jqueryui/images/ui-icons_8d78a5_256x240.png HTTP/1.1" 404 1089
181.212.43.89 - - [13/Apr/2022:17:00:30 -0300] "POST /cormun/servlet/trsolicitudot?1f689e90aa074cb05198e538a638462a,gx-no-cache=1649878915571,gx-no-cache=1649879282571 HTTP/1.1" 200 4349
190.171.154.42 - - [13/Apr/2022:17:00:39 -0300] "POST /cormun/servlet/hlogin?8627949bf2942626579ebaf75042ced8,gx-no-cache=1649879291104 HTTP/1.1" 200 90
190.171.154.42 - - [13/Apr/2022:17:00:39 -0300] "GET /cormun/servlet/hpexe_link HTTP/1.1" 200 989
190.171.154.42 - - [13/Apr/2022:17:00:40 -0300] "GET /cormun/servlet/trpermisosadjuntos?16731886,20220411173132,P, HTTP/1.1" 200 6309
190.171.154.42 - - [13/Apr/2022:17:00:42 -0300] "GET /cormun/servlet/trpermisosadjuntos?16731886,20220411173132,P, HTTP/1.1" 200 6308
190.171.154.42 - - [13/Apr/2022:17:00:43 -0300] "POST /cormun/servlet/acontrolpreferencessavestate?None,TVALDIVIA,true HTTP/1.1" 200 35
186.67.172.234 - - [13/Apr/2022:17:00:45 -0300] "POST /cormun/servlet/solicitudot?gx-no-cache=1649879297110 HTTP/1.1" 200 3850
186.67.172.234 - - [13/Apr/2022:17:00:45 -0300] "POST /cormun/servlet/solicitudot?8815ff05c578f7bd4d8a24979fb6434d,INS,0,0,false,,gx-no-cache=1649879297411 HTTP/1.1" 200 12668
190.171.154.42 - - [13/Apr/2022:17:00:47 -0300] "GET /cormun/servlet/permisosadjuntos?INS,16731886,P,20220411173132,, HTTP/1.1" 200 5818
190.171.154.42 - - [13/Apr/2022:17:00:47 -0300] "GET /cormun/static/gxcfg.js?20201215134212 HTTP/1.1" 200 953
190.171.154.42 - - [13/Apr/2022:17:00:48 -0300] "GET /cormun/static/permisosadjuntos.js?20201215134285 HTTP/1.1" 200 8724
190.171.154.42 - - [13/Apr/2022:17:00:48 -0300] "GET /cormun/static/about:blank HTTP/1.1" 404 1011
190.171.154.42 - - [13/Apr/2022:17:00:49 -0300] "GET /cormun/servlet/permisosadjuntos?INS,16731886,P,20220411173132,, HTTP/1.1" 200 5807
186.67.172.234 - - [13/Apr/2022:17:00:49 -0300] "GET /cormun/servlet/solicitudot?337eaf5263a0f14b94e7aeb7a0af21307734f2695429dc2088462c6c5f4e3d62c3ffa6364a519a77f3ae95441d69622d,gx-no-cache=1649879301856 HTTP/1.1" 200 30
192.168.10.11 - - [13/Apr/2022:17:00:58 -0300] "GET / HTTP/1.1" 200 11217
190.171.154.42 - - [13/Apr/2022:17:01:11 -0300] "POST /cormun/servlet/permisosadjuntos?8627949bf2942626579ebaf75042ced8,INS,16731886,P,20220411173132,, HTTP/1.1" 200 116
190.171.154.42 - - [13/Apr/2022:17:01:12 -0300] "GET /cormun/servlet/hpexe_return? HTTP/1.1" 200 1042
190.171.154.42 - - [13/Apr/2022:17:01:13 -0300] "GET /cormun/servlet/trpermisosadjuntos?16731886,20220411173132,P, HTTP/1.1" 200 6889
190.171.154.42 - - [13/Apr/2022:17:01:15 -0300] "GET /cormun/servlet/trpermisosadjuntos?16731886,20220411173132,P, HTTP/1.1" 200 6890
190.171.154.42 - - [13/Apr/2022:17:01:20 -0300] "GET /cormun/servlet/permisosadjuntos?INS,16731886,P,20220411173132,, HTTP/1.1" 200 5819
190.171.154.42 - - [13/Apr/2022:17:01:21 -0300] "GET /cormun/static/about:blank HTTP/1.1" 404 1011
190.171.154.42 - - [13/Apr/2022:17:01:21 -0300] "GET /cormun/servlet/permisosadjuntos?INS,16731886,P,20220411173132,, HTTP/1.1" 200 5808
190.171.154.42 - - [13/Apr/2022:17:01:25 -0300] "GET /cormun/servlet/trpermisosadjuntos?16731886,20220411173132,P, HTTP/1.1" 200 6887
190.171.154.42 - - [13/Apr/2022:17:01:26 -0300] "GET /cormun/servlet/trpermisosadjuntos?16731886,20220411173132,P, HTTP/1.1" 200 6891
190.171.154.42 - - [13/Apr/2022:17:01:28 -0300] "GET /cormun/servlet/hlogin HTTP/1.1" 200 1775
190.171.154.42 - - [13/Apr/2022:17:01:32 -0300] "POST /cormun/servlet/hlogin?8627949bf2942626579ebaf75042ced8,gx-no-cache=1649879344187 HTTP/1.1" 200 90
190.171.154.42 - - [13/Apr/2022:17:01:33 -0300] "GET /cormun/servlet/hpexe_link HTTP/1.1" 200 989
190.171.154.42 - - [13/Apr/2022:17:01:33 -0300] "GET /cormun/servlet/trpermisosadjuntos?16731886,20220411173132,P, HTTP/1.1" 200 6888
190.171.154.42 - - [13/Apr/2022:17:01:34 -0300] "GET /cormun/servlet/trpermisosadjuntos?16731886,20220411173132,P, HTTP/1.1" 200 6892
192.168.10.17 - - [13/Apr/2022:17:01:35 -0300] "GET /cormun/servlet/vesolicitudgral?2022,18402,,SolicitudOTAdjuntos HTTP/1.1" 200 11030
192.168.10.17 - - [13/Apr/2022:17:01:35 -0300] "GET /cormun/pexe_scrolldiv.js HTTP/1.1" 404 1009
192.168.10.17 - - [13/Apr/2022:17:01:36 -0300] "GET /cormun/servlet/vesolicitudgral?2022,18402,,SolicitudOTAdjuntos HTTP/1.1" 200 11033
192.168.10.17 - - [13/Apr/2022:17:01:37 -0300] "POST /cormun/servlet/acontrolpreferencessavestate?None,RRHH+DANIELA,true HTTP/1.1" 200 35
192.168.10.17 - - [13/Apr/2022:17:01:39 -0300] "GET /cormun/PublicTempStorage/capacitacion_en_convivencia4652313.pdf HTTP/1.1" 200 841338
192.168.10.17 - - [13/Apr/2022:17:01:45 -0300] "GET /cormun/servlet/vesolicitudgral?2022,18402,,SolicitudOTAdjuntos HTTP/1.1" 200 11030
192.168.10.17 - - [13/Apr/2022:17:01:46 -0300] "GET /cormun/servlet/vesolicitudgral?2022,18402,,SolicitudOTAdjuntos HTTP/1.1" 200 11032
192.168.10.17 - - [13/Apr/2022:17:01:46 -0300] "POST /cormun/servlet/acontrolpreferencessavestate?None,RRHH+DANIELA,true HTTP/1.1" 200 35
190.171.154.42 - - [13/Apr/2022:17:01:50 -0300] "GET /cormun/servlet/hlogin HTTP/1.1" 200 1743
192.168.10.17 - - [13/Apr/2022:17:01:52 -0300] "GET /cormun/PublicTempStorage/cert._antecedentes2557006.pdf HTTP/1.1" 200 34613
190.171.154.42 - - [13/Apr/2022:17:01:54 -0300] "POST /cormun/servlet/hlogin?8627949bf2942626579ebaf75042ced8,gx-no-cache=1649879365819 HTTP/1.1" 200 90
190.171.154.42 - - [13/Apr/2022:17:01:54 -0300] "GET /cormun/servlet/hpexe_link HTTP/1.1" 200 989
190.171.154.42 - - [13/Apr/2022:17:01:55 -0300] "GET /cormun/servlet/trpermisosadjuntos?16731886,20220411173132,P, HTTP/1.1" 200 6886
192.168.10.17 - - [13/Apr/2022:17:01:55 -0300] "GET /cormun/servlet/vesolicitudgral?2022,18402,,SolicitudOTAdjuntos HTTP/1.1" 200 11028
192.168.10.17 - - [13/Apr/2022:17:01:56 -0300] "GET /cormun/servlet/vesolicitudgral?2022,18402,,SolicitudOTAdjuntos HTTP/1.1" 200 11031
192.168.10.17 - - [13/Apr/2022:17:01:56 -0300] "POST /cormun/servlet/acontrolpreferencessavestate?None,RRHH+DANIELA,true HTTP/1.1" 200 35
190.171.154.42 - - [13/Apr/2022:17:01:57 -0300] "GET /cormun/servlet/trpermisosadjuntos?16731886,20220411173132,P, HTTP/1.1" 200 6890
192.168.10.11 - - [13/Apr/2022:17:01:58 -0300] "GET / HTTP/1.1" 200 11217
192.168.10.17 - - [13/Apr/2022:17:01:59 -0300] "GET /cormun/PublicTempStorage/cert._antecedentes5742376.pdf HTTP/1.1" 200 34613
192.168.10.17 - - [13/Apr/2022:17:02:02 -0300] "GET /cormun/servlet/vesolicitudgral?2022,18402,,SolicitudOTAdjuntos HTTP/1.1" 200 11028
192.168.10.17 - - [13/Apr/2022:17:02:03 -0300] "GET /cormun/servlet/vesolicitudgral?2022,18402,,SolicitudOTAdjuntos HTTP/1.1" 200 11030
192.168.10.17 - - [13/Apr/2022:17:02:03 -0300] "POST /cormun/servlet/acontrolpreferencessavestate?None,RRHH+DANIELA,true HTTP/1.1" 200 35
192.168.10.17 - - [13/Apr/2022:17:02:04 -0300] "GET /cormun/PublicTempStorage/cert._de_titulo4201200.pdf HTTP/1.1" 200 448152
190.171.154.42 - - [13/Apr/2022:17:02:06 -0300] "GET /cormun/PublicTempStorage/cristian_parra_01_y_02_03202220220413_154547106767102.pdf HTTP/1.1" 200 147950
190.171.154.42 - - [13/Apr/2022:17:02:14 -0300] "GET /cormun/servlet/trpermisosadjuntos?16731886,20220411173132,P, HTTP/1.1" 200 6887
190.171.154.42 - - [13/Apr/2022:17:02:15 -0300] "GET /cormun/servlet/trpermisosadjuntos?16731886,20220411173132,P, HTTP/1.1" 200 6892
192.168.10.17 - - [13/Apr/2022:17:02:18 -0300] "GET /cormun/servlet/vesolicitudgral?2022,18402,,SolicitudOTAdjuntos HTTP/1.1" 200 11030
192.168.10.17 - - [13/Apr/2022:17:02:19 -0300] "GET /cormun/servlet/vesolicitudgral?2022,18402,,SolicitudOTAdjuntos HTTP/1.1" 200 11033
192.168.10.17 - - [13/Apr/2022:17:02:19 -0300] "POST /cormun/servlet/acontrolpreferencessavestate?None,RRHH+DANIELA,true HTTP/1.1" 200 35
190.171.154.42 - - [13/Apr/2022:17:02:28 -0300] "GET /cormun/servlet/trpermisosgoce? HTTP/1.1" 200 10395
190.171.154.42 - - [13/Apr/2022:17:02:29 -0300] "GET /cormun/servlet/trpermisosgoce? HTTP/1.1" 200 10384
190.171.154.42 - - [13/Apr/2022:17:02:33 -0300] "POST /cormun/servlet/trpermisosgoce?8627949bf2942626579ebaf75042ced8,,gx-no-cache=1649879404724 HTTP/1.1" 200 7801
190.171.154.42 - - [13/Apr/2022:17:02:48 -0300] "GET /cormun/servlet/permisogoce?DSP,16731886,P,20220411173132, HTTP/1.1" 200 6889
190.171.154.42 - - [13/Apr/2022:17:02:50 -0300] "GET /cormun/servlet/permisogoce?DSP,16731886,P,20220411173132, HTTP/1.1" 200 6890
190.171.154.42 - - [13/Apr/2022:17:02:55 -0300] "GET /cormun/servlet/trpermisosgoce? HTTP/1.1" 200 10385
186.67.172.234 - - [13/Apr/2022:17:02:55 -0300] "GET /cormun/servlet/solicitudot?337eaf5263a0f14b94e7aeb7a0af2130bb01b3488a3c7ac89f7f99e897e2ddea3e4ea596d54763994dd38a32aa3a51ee,gx-no-cache=1649879427758 HTTP/1.1" 200 30
190.171.154.42 - - [13/Apr/2022:17:02:57 -0300] "GET /cormun/servlet/trpermisosgoce? HTTP/1.1" 200 10384
186.67.172.234 - - [13/Apr/2022:17:02:57 -0300] "GET /cormun/servlet/solicitudot?337eaf5263a0f14b94e7aeb7a0af2130da24fb8f6ddc5da289f67876651b2daf,gx-no-cache=1649879429575 HTTP/1.1" 200 53
192.168.10.11 - - [13/Apr/2022:17:02:58 -0300] "GET / HTTP/1.1" 200 11217
190.171.154.42 - - [13/Apr/2022:17:03:11 -0300] "POST /cormun/servlet/trpermisosgoce?8627949bf2942626579ebaf75042ced8,,gx-no-cache=1649879442464 HTTP/1.1" 200 7837
190.171.154.42 - - [13/Apr/2022:17:03:11 -0300] "GET /cormun/static/Shared/jqueryui/images/ui-bg_highlight-soft_100_c6c2c8_1x100.png HTTP/1.1" 404 1117
190.171.154.42 - - [13/Apr/2022:17:03:11 -0300] "GET /cormun/static/Shared/jqueryui/images/ui-icons_82798d_256x240.png HTTP/1.1" 404 1089
190.171.154.42 - - [13/Apr/2022:17:03:11 -0300] "GET /cormun/static/Shared/jqueryui/images/ui-bg_flat_55_fafafa_40x100.png HTTP/1.1" 404 1097
190.171.154.42 - - [13/Apr/2022:17:03:11 -0300] "GET /cormun/static/Shared/jqueryui/images/ui-icons_8d78a5_256x240.png HTTP/1.1" 404 1089
186.67.172.234 - - [13/Apr/2022:17:03:15 -0300] "POST /cormun/servlet/solicitudot?gx-no-cache=1649879447030 HTTP/1.1" 200 297
186.67.172.234 - - [13/Apr/2022:17:03:15 -0300] "GET /cormun/servlet/solicitudot?337eaf5263a0f14b94e7aeb7a0af2130a04246001f4d35d993aa11b9de0bfa6c038ed37bab6d24a0dffa8f01f767e3af5fe28a887168fc4605d35840a647b01be86fdef71f190dd14397d21bc4c23128d1fb3300462242b2abd28be4b296d0bf80f0ec51c5b16e2bb37dd091b899f81e70ea6100d8abeaa9b6dc5b08837b831864ebfbe0098e56c2f4ac8548c900a1b2907b7bc6e8e29724a7a4a0a8ff6c20668c915ef8a6dd5c17a1c733df2098da9846c3a1410a990226f92015314bf8178da4bb5fd5e7b6d5206b1fcdb3fcefc547b1e6945ba76a3cd8920ea51da1a45b23ce3e3e289de8a8c21e6ec7aa6663f33401ed34962bc7dcfe0d4af505b6ea2e3a937240a5e7054997781fbdd2f67b823de020551903efb8d451c9dc4c7f405e472b2436182612fac36b468997a8ff2ed84c7f5b363152552f52646697f0bf8f06c6ff562e0dde8427e6b2badbc671500702c643efc091a78c35975a5f76cba0d162b5eeedfc9dd5a74943e1e78c9bb2c6edb98e014251cda73ea3208bcd001f252f77765052b51a34ccdcddda798f4b20,gx-no-cache=1649879447055 HTTP/1.1" 200 30
186.67.172.234 - - [13/Apr/2022:17:03:17 -0300] "POST /cormun/servlet/solicitudot?gx-no-cache=1649879449315 HTTP/1.1" 200 30
5.188.210.227 - - [13/Apr/2022:17:03:32 -0300] "GET /echo.php HTTP/1.1" 404 977
190.171.154.42 - - [13/Apr/2022:17:03:34 -0300] "GET /cormun/servlet/trpermisosadjuntos?13503481,20220411174107,P, HTTP/1.1" 200 6305
190.171.154.42 - - [13/Apr/2022:17:03:36 -0300] "GET /cormun/servlet/trpermisosadjuntos?13503481,20220411174107,P, HTTP/1.1" 200 6306
190.171.154.42 - - [13/Apr/2022:17:03:38 -0300] "GET /cormun/servlet/permisosadjuntos?INS,13503481,P,20220411174107,, HTTP/1.1" 200 5818
190.171.154.42 - - [13/Apr/2022:17:03:39 -0300] "GET /cormun/static/about:blank HTTP/1.1" 404 1011
190.171.154.42 - - [13/Apr/2022:17:03:40 -0300] "GET /cormun/servlet/permisosadjuntos?INS,13503481,P,20220411174107,, HTTP/1.1" 200 5808
192.168.10.11 - - [13/Apr/2022:17:03:58 -0300] "GET / HTTP/1.1" 200 11217
190.171.154.42 - - [13/Apr/2022:17:03:59 -0300] "POST /cormun/servlet/permisosadjuntos?8627949bf2942626579ebaf75042ced8,INS,13503481,P,20220411174107,, HTTP/1.1" 200 116
190.171.154.42 - - [13/Apr/2022:17:03:59 -0300] "GET /cormun/servlet/hpexe_return? HTTP/1.1" 200 1044
190.171.154.42 - - [13/Apr/2022:17:04:00 -0300] "GET /cormun/servlet/trpermisosadjuntos?13503481,20220411174107,P, HTTP/1.1" 200 6867
190.171.154.42 - - [13/Apr/2022:17:04:02 -0300] "GET /cormun/servlet/trpermisosadjuntos?13503481,20220411174107,P, HTTP/1.1" 200 6864
190.171.152.242 - - [13/Apr/2022:17:04:03 -0300] "GET /cormun/servlet/hlogin HTTP/1.1" 200 1734
190.171.154.42 - - [13/Apr/2022:17:04:07 -0300] "GET /cormun/servlet/trpermisosgoce? HTTP/1.1" 200 10398
190.171.152.242 - - [13/Apr/2022:17:04:07 -0300] "POST /cormun/servlet/hlogin?850cfec8586d04f21fed8cecd2592f7b,gx-no-cache=1649879499592 HTTP/1.1" 200 90
190.171.152.242 - - [13/Apr/2022:17:04:08 -0300] "GET /cormun/servlet/hpexe_link HTTP/1.1" 200 958
190.171.154.42 - - [13/Apr/2022:17:04:08 -0300] "GET /cormun/servlet/trpermisosgoce? HTTP/1.1" 200 10404
190.171.152.242 - - [13/Apr/2022:17:04:08 -0300] "GET /cormun/servlet/hhome HTTP/1.1" 200 4002
190.171.152.242 - - [13/Apr/2022:17:04:09 -0300] "GET /cormun/servlet/hhome HTTP/1.1" 200 3998
190.171.152.242 - - [13/Apr/2022:17:04:11 -0300] "GET /cormun/servlet/trsolicitudot? HTTP/1.1" 200 7227
190.171.152.242 - - [13/Apr/2022:17:04:11 -0300] "GET /cormun/servlet/trsolicitudot? HTTP/1.1" 200 7226
190.171.154.42 - - [13/Apr/2022:17:04:11 -0300] "POST /cormun/servlet/trpermisosgoce?8627949bf2942626579ebaf75042ced8,,gx-no-cache=1649879502906 HTTP/1.1" 200 7811
190.171.152.242 - - [13/Apr/2022:17:04:18 -0300] "GET /cormun/servlet/trlicencias? HTTP/1.1" 200 11100
190.171.152.242 - - [13/Apr/2022:17:04:18 -0300] "GET /cormun/servlet/trlicencias? HTTP/1.1" 200 11087
190.171.154.42 - - [13/Apr/2022:17:04:19 -0300] "POST /cormun/servlet/trpermisosgoce?8627949bf2942626579ebaf75042ced8,,gx-no-cache=1649879510287 HTTP/1.1" 200 7825
190.171.154.42 - - [13/Apr/2022:17:04:19 -0300] "GET /cormun/static/Shared/jqueryui/images/ui-bg_highlight-soft_100_c6c2c8_1x100.png HTTP/1.1" 404 1117
190.171.154.42 - - [13/Apr/2022:17:04:19 -0300] "GET /cormun/static/Shared/jqueryui/images/ui-icons_82798d_256x240.png HTTP/1.1" 404 1089
190.171.154.42 - - [13/Apr/2022:17:04:19 -0300] "GET /cormun/static/Shared/jqueryui/images/ui-bg_flat_55_fafafa_40x100.png HTTP/1.1" 404 1097
190.171.154.42 - - [13/Apr/2022:17:04:19 -0300] "GET /cormun/static/Shared/jqueryui/images/ui-icons_8d78a5_256x240.png HTTP/1.1" 404 1089
190.171.154.42 - - [13/Apr/2022:17:04:25 -0300] "GET /cormun/servlet/trpermisosadjuntos?16731886,20220413130207,P, HTTP/1.1" 200 6310
190.171.154.42 - - [13/Apr/2022:17:04:26 -0300] "GET /cormun/servlet/trpermisosadjuntos?16731886,20220413130207,P, HTTP/1.1" 200 6310
190.171.154.42 - - [13/Apr/2022:17:04:29 -0300] "GET /cormun/servlet/permisosadjuntos?INS,16731886,P,20220413130207,, HTTP/1.1" 200 5818
190.171.154.42 - - [13/Apr/2022:17:04:30 -0300] "GET /cormun/static/about:blank HTTP/1.1" 404 1011
190.171.154.42 - - [13/Apr/2022:17:04:30 -0300] "GET /cormun/servlet/permisosadjuntos?INS,16731886,P,20220413130207,, HTTP/1.1" 200 5808
190.171.152.242 - - [13/Apr/2022:17:04:44 -0300] "GET /cormun/servlet/hlogin HTTP/1.1" 200 1751
190.171.154.42 - - [13/Apr/2022:17:04:44 -0300] "POST /cormun/servlet/permisosadjuntos?8627949bf2942626579ebaf75042ced8,INS,16731886,P,20220413130207,, HTTP/1.1" 200 116
190.171.154.42 - - [13/Apr/2022:17:04:44 -0300] "GET /cormun/servlet/hpexe_return? HTTP/1.1" 200 1043
190.171.154.42 - - [13/Apr/2022:17:04:45 -0300] "GET /cormun/servlet/trpermisosadjuntos?16731886,20220413130207,P, HTTP/1.1" 200 6870
190.171.154.42 - - [13/Apr/2022:17:04:46 -0300] "GET /cormun/servlet/trpermisosadjuntos?16731886,20220413130207,P, HTTP/1.1" 200 6866
192.168.10.11 - - [13/Apr/2022:17:04:58 -0300] "GET / HTTP/1.1" 200 11217
190.171.154.42 - - [13/Apr/2022:17:04:59 -0300] "GET /cormun/servlet/trpermisosgoce? HTTP/1.1" 200 10398
190.171.154.42 - - [13/Apr/2022:17:05:00 -0300] "GET /cormun/servlet/trpermisosgoce? HTTP/1.1" 200 10397
190.171.154.42 - - [13/Apr/2022:17:05:04 -0300] "POST /cormun/servlet/trpermisosgoce?8627949bf2942626579ebaf75042ced8,,gx-no-cache=1649879555626 HTTP/1.1" 200 7825
190.171.154.42 - - [13/Apr/2022:17:05:10 -0300] "GET /cormun/servlet/trpermisosadjuntos?14337438,20220413130332,P, HTTP/1.1" 200 6309
190.171.154.42 - - [13/Apr/2022:17:05:11 -0300] "GET /cormun/servlet/trpermisosadjuntos?14337438,20220413130332,P, HTTP/1.1" 200 6310
190.171.154.42 - - [13/Apr/2022:17:05:16 -0300] "GET /cormun/servlet/permisosadjuntos?INS,14337438,P,20220413130332,, HTTP/1.1" 200 5820
190.171.154.42 - - [13/Apr/2022:17:05:17 -0300] "GET /cormun/static/about:blank HTTP/1.1" 404 1011
190.171.154.42 - - [13/Apr/2022:17:05:17 -0300] "GET /cormun/servlet/permisosadjuntos?INS,14337438,P,20220413130332,, HTTP/1.1" 200 5810
186.67.172.234 - - [13/Apr/2022:17:05:18 -0300] "GET /cormun/servlet/prlicenciaspermisos?15534292,L,,MD,,gxPopupLevel%3D0%3B HTTP/1.1" 200 6014
186.67.172.234 - - [13/Apr/2022:17:05:23 -0300] "POST /cormun/servlet/solicitudot?gx-no-cache=1649879575607 HTTP/1.1" 200 1456
186.67.172.234 - - [13/Apr/2022:17:05:25 -0300] "POST /cormun/servlet/solicitudot?gx-no-cache=1649879577504 HTTP/1.1" 200 41
190.171.154.42 - - [13/Apr/2022:17:05:30 -0300] "POST /cormun/servlet/permisosadjuntos?8627949bf2942626579ebaf75042ced8,INS,14337438,P,20220413130332,, HTTP/1.1" 200 116
190.171.154.42 - - [13/Apr/2022:17:05:31 -0300] "GET /cormun/servlet/hpexe_return? HTTP/1.1" 200 1043
190.171.154.42 - - [13/Apr/2022:17:05:32 -0300] "GET /cormun/servlet/trpermisosadjuntos?14337438,20220413130332,P, HTTP/1.1" 200 6870
186.67.172.234 - - [13/Apr/2022:17:05:32 -0300] "GET /cormun/servlet/solicitudot?337eaf5263a0f14b94e7aeb7a0af21303cf2e8e730dcceb6ec5c0b2d55414599d327af8076831e7e8d086427747d8b52d32c8d79437fb3f58e1d522e7de2c7e39c05ef6b90912634de61d773351669a0bfa5e1e7e9667c0c7bc0221b5e631f0c78881f709889eab7912abefd8b385bdf,gx-no-cache=1649879584590 HTTP/1.1" 200 110
190.171.154.42 - - [13/Apr/2022:17:05:33 -0300] "GET /cormun/servlet/trpermisosadjuntos?14337438,20220413130332,P, HTTP/1.1" 200 6867
186.67.172.234 - - [13/Apr/2022:17:05:34 -0300] "POST /cormun/servlet/solicitudot?gx-no-cache=1649879586063 HTTP/1.1" 200 72
186.67.172.234 - - [13/Apr/2022:17:05:39 -0300] "GET /cormun/servlet/solicitudot?337eaf5263a0f14b94e7aeb7a0af2130e0c8db93a5282d5618111a51b1631680b9cb8174fe8ed09ed4b83b7087c01066f4b1e51d7795abaa9b0a4ea05859fe570ebfd4534dd2074632f7bf2f94189341428720bd3b6fb816530136b7cf71b0dce1746499f556b3d69e0d89c0659a13da,gx-no-cache=1649879591332 HTTP/1.1" 200 29
186.67.172.234 - - [13/Apr/2022:17:05:40 -0300] "GET /cormun/static/menuarrow.gif HTTP/1.1" 404 1015
186.67.172.234 - - [13/Apr/2022:17:05:42 -0300] "GET /cormun/servlet/solicitudot?337eaf5263a0f14b94e7aeb7a0af2130ac74fb5c67a0f9fad248afda147750c0e6133f6c2a16c98bba634cdeb96c424e,gx-no-cache=1649879594631 HTTP/1.1" 200 30
186.67.172.234 - - [13/Apr/2022:17:05:42 -0300] "POST /cormun/servlet/solicitudot?gx-no-cache=1649879594650 HTTP/1.1" 200 34
186.11.9.251 - - [13/Apr/2022:17:05:42 -0300] "GET /cormun/servlet/hlogin HTTP/1.1" 200 1765
186.11.9.251 - - [13/Apr/2022:17:05:43 -0300] "GET /cormun/static/gxtimezone.js?85251 HTTP/1.1" 200 5781
186.11.9.251 - - [13/Apr/2022:17:05:43 -0300] "GET /cormun/static/gxpopupSD.js?85251 HTTP/1.1" 200 22377
186.11.9.251 - - [13/Apr/2022:17:05:43 -0300] "GET /cormun/static/gxfxSD.js?85251 HTTP/1.1" 200 15384
186.11.9.251 - - [13/Apr/2022:17:05:43 -0300] "GET /cormun/static/gxhtmlSD.js?85251 HTTP/1.1" 200 50424
186.11.9.251 - - [13/Apr/2022:17:05:43 -0300] "GET /cormun/static/gxtypesSD.js?85251 HTTP/1.1" 200 24551
186.11.9.251 - - [13/Apr/2022:17:05:43 -0300] "GET /cormun/static/Resources/Spanish/PXTools.css?2294816 HTTP/1.1" 200 100853
186.11.9.251 - - [13/Apr/2022:17:05:43 -0300] "GET /cormun/static/gxapiSD.js?85251 HTTP/1.1" 200 78773
186.11.9.251 - - [13/Apr/2022:17:05:43 -0300] "GET /cormun/static/JavaScripTableSD.js?85251 HTTP/1.1" 200 25100
186.11.9.251 - - [13/Apr/2022:17:05:43 -0300] "GET /cormun/static/rijndaelSD.js?85251 HTTP/1.1" 200 6763
186.11.9.251 - - [13/Apr/2022:17:05:43 -0300] "GET /cormun/static/gxgralSD.js?85251 HTTP/1.1" 200 20927
186.11.9.251 - - [13/Apr/2022:17:05:43 -0300] "GET /cormun/static/gxgridSD.js?85251 HTTP/1.1" 200 50735
186.11.9.251 - - [13/Apr/2022:17:05:43 -0300] "GET /cormun/static/gxfrmutlSD.js?85251 HTTP/1.1" 200 89044
186.11.9.251 - - [13/Apr/2022:17:05:43 -0300] "GET /cormun/static/gxcfg.js?85251 HTTP/1.1" 200 953
186.11.9.251 - - [13/Apr/2022:17:05:43 -0300] "GET /cormun/static/messages.spa.js?85251 HTTP/1.1" 200 30736
186.11.9.251 - - [13/Apr/2022:17:05:43 -0300] "GET /cormun/static/hlogin.js?201910216285995 HTTP/1.1" 200 2136
186.11.9.251 - - [13/Apr/2022:17:05:43 -0300] "GET /cormun/static/Resources/Logo2019_Grande.png HTTP/1.1" 200 31733
186.11.9.251 - - [13/Apr/2022:17:05:43 -0300] "GET /cormun/static/Resources/PXToolsLoginTop.png HTTP/1.1" 200 1337
186.11.9.251 - - [13/Apr/2022:17:05:43 -0300] "GET /cormun/static/Resources/PXToolsButtonRight.png HTTP/1.1" 200 1294
186.11.9.251 - - [13/Apr/2022:17:05:43 -0300] "GET /cormun/static/Resources/PXToolsButtonLeft.png HTTP/1.1" 200 1310
186.11.9.251 - - [13/Apr/2022:17:05:43 -0300] "GET /cormun/static/Resources/PXToolsLoginBackground.png HTTP/1.1" 200 1164
186.11.9.251 - - [13/Apr/2022:17:05:43 -0300] "GET /cormun/static/Resources/PXToolsButtonBackground.png HTTP/1.1" 200 1176
186.11.9.251 - - [13/Apr/2022:17:05:43 -0300] "GET /cormun/servlet/hlogin HTTP/1.1" 200 1776
186.11.9.251 - - [13/Apr/2022:17:05:43 -0300] "GET /cormun/static/Resources/indicator.gif HTTP/1.1" 200 1553
186.11.9.251 - - [13/Apr/2022:17:05:43 -0300] "GET /cormun/static/Resources/PXToolsLoginTop.png HTTP/1.1" 200 1337
186.11.9.251 - - [13/Apr/2022:17:05:43 -0300] "GET /cormun/static/Resources/PXToolsButtonRight.png HTTP/1.1" 200 1294
186.11.9.251 - - [13/Apr/2022:17:05:43 -0300] "GET /cormun/static/Resources/PXToolsLoginBackground.png HTTP/1.1" 200 1164
186.11.9.251 - - [13/Apr/2022:17:05:43 -0300] "GET /cormun/static/Resources/PXToolsButtonBackground.png HTTP/1.1" 200 1176
186.11.9.251 - - [13/Apr/2022:17:05:43 -0300] "GET /cormun/static/Resources/PXToolsButtonLeft.png HTTP/1.1" 200 1310
186.11.9.251 - - [13/Apr/2022:17:05:43 -0300] "GET /cormun/static/Resources/PXToolsLoginBottom.png HTTP/1.1" 200 1389
186.11.9.251 - - [13/Apr/2022:17:05:43 -0300] "GET /favicon.ico HTTP/1.1" 200 21630
190.171.154.42 - - [13/Apr/2022:17:05:44 -0300] "GET /cormun/servlet/trpermisosgoce? HTTP/1.1" 200 10405
190.171.154.42 - - [13/Apr/2022:17:05:45 -0300] "GET /cormun/servlet/trpermisosgoce? HTTP/1.1" 200 10397
190.171.154.42 - - [13/Apr/2022:17:05:50 -0300] "POST /cormun/servlet/trpermisosgoce?8627949bf2942626579ebaf75042ced8,,gx-no-cache=1649879601954 HTTP/1.1" 200 7823
186.67.172.234 - - [13/Apr/2022:17:05:57 -0300] "POST /cormun/servlet/solicitudot?8815ff05c578f7bd4d8a24979fb6434d,INS,0,0,false,,gx-no-cache=1649879609118 HTTP/1.1" 200 93
186.67.172.234 - - [13/Apr/2022:17:05:57 -0300] "GET /cormun/servlet/hpexe_return? HTTP/1.1" 200 1011
186.67.172.234 - - [13/Apr/2022:17:05:58 -0300] "GET /cormun/servlet/trsolicitudot HTTP/1.1" 200 8997
186.67.172.234 - - [13/Apr/2022:17:05:58 -0300] "GET /cormun/servlet/trsolicitudot HTTP/1.1" 200 8993
192.168.10.11 - - [13/Apr/2022:17:05:58 -0300] "GET / HTTP/1.1" 200 11217
190.171.154.42 - - [13/Apr/2022:17:06:10 -0300] "POST /cormun/servlet/trpermisosgoce?8627949bf2942626579ebaf75042ced8,,gx-no-cache=1649879621687 HTTP/1.1" 200 7831
190.171.154.42 - - [13/Apr/2022:17:06:10 -0300] "GET /cormun/static/Shared/jqueryui/images/ui-bg_highlight-soft_100_c6c2c8_1x100.png HTTP/1.1" 404 1117
190.171.154.42 - - [13/Apr/2022:17:06:10 -0300] "GET /cormun/static/Shared/jqueryui/images/ui-icons_82798d_256x240.png HTTP/1.1" 404 1089
190.171.154.42 - - [13/Apr/2022:17:06:10 -0300] "GET /cormun/static/Shared/jqueryui/images/ui-bg_flat_55_fafafa_40x100.png HTTP/1.1" 404 1097
190.171.154.42 - - [13/Apr/2022:17:06:10 -0300] "GET /cormun/static/Shared/jqueryui/images/ui-icons_8d78a5_256x240.png HTTP/1.1" 404 1089
190.171.154.42 - - [13/Apr/2022:17:06:20 -0300] "GET /cormun/servlet/trpermisosadjuntos?16731886,20220413130207,P, HTTP/1.1" 200 6866
190.171.154.42 - - [13/Apr/2022:17:06:21 -0300] "GET /cormun/servlet/trpermisosadjuntos?16731886,20220413130207,P, HTTP/1.1" 200 6866
186.67.172.234 - - [13/Apr/2022:17:06:27 -0300] "POST /cormun/servlet/trsolicitudot?8815ff05c578f7bd4d8a24979fb6434d,gx-no-cache=1649879639024 HTTP/1.1" 200 107
186.67.172.234 - - [13/Apr/2022:17:06:27 -0300] "GET /cormun/servlet/trsolicitudadjuntos?2022,18457, HTTP/1.1" 200 6480
186.67.172.234 - - [13/Apr/2022:17:06:27 -0300] "GET /cormun/servlet/trsolicitudadjuntos?2022,18457, HTTP/1.1" 200 6480
190.171.154.42 - - [13/Apr/2022:17:06:28 -0300] "GET /cormun/servlet/trpermisosgoce? HTTP/1.1" 200 10411
186.67.172.234 - - [13/Apr/2022:17:06:29 -0300] "GET /cormun/servlet/solicitudotadjuntos?INS,2022,18457,,1, HTTP/1.1" 200 6416
186.67.172.234 - - [13/Apr/2022:17:06:29 -0300] "GET /cormun/static/about:blank HTTP/1.1" 404 1011
186.67.172.234 - - [13/Apr/2022:17:06:29 -0300] "GET /cormun/servlet/solicitudotadjuntos?INS,2022,18457,,1, HTTP/1.1" 200 6409
186.67.172.234 - - [13/Apr/2022:17:06:30 -0300] "GET /cormun/servlet/solicitudotadjuntos?337eaf5263a0f14b94e7aeb7a0af213051a05d18c71cdcacc70d95f5f6df601bb7af07a2c4966470e6092da9270f8998,gx-no-cache=1649879642439 HTTP/1.1" 200 30
190.171.154.42 - - [13/Apr/2022:17:06:30 -0300] "GET /cormun/servlet/trpermisosgoce? HTTP/1.1" 200 10410
186.67.172.234 - - [13/Apr/2022:17:06:30 -0300] "POST /cormun/servlet/solicitudotadjuntos?8815ff05c578f7bd4d8a24979fb6434d,INS,2022,18457,,1,,gx-no-cache=1649879642454 HTTP/1.1" 200 4153
190.171.154.42 - - [13/Apr/2022:17:06:35 -0300] "POST /cormun/servlet/trpermisosgoce?8627949bf2942626579ebaf75042ced8,,gx-no-cache=1649879646471 HTTP/1.1" 200 7814
190.171.154.42 - - [13/Apr/2022:17:06:35 -0300] "GET /cormun/static/Shared/jqueryui/images/ui-bg_highlight-soft_100_c6c2c8_1x100.png HTTP/1.1" 404 1117
190.171.154.42 - - [13/Apr/2022:17:06:35 -0300] "GET /cormun/static/Shared/jqueryui/images/ui-icons_82798d_256x240.png HTTP/1.1" 404 1089
190.171.154.42 - - [13/Apr/2022:17:06:35 -0300] "GET /cormun/static/Shared/jqueryui/images/ui-bg_flat_55_fafafa_40x100.png HTTP/1.1" 404 1097
