192.168.10.96 - - [05/Apr/2022:12:59:13 -0300] "GET /cormun/servlet/hlogin HTTP/1.1" 200 1721
190.171.142.10 - - [05/Apr/2022:12:59:24 -0300] "POST /cormun/servlet/solicitudot?gx-no-cache=1649173617383 HTTP/1.1" 200 3850
190.171.142.10 - - [05/Apr/2022:12:59:25 -0300] "POST /cormun/servlet/solicitudot?1ddd554532b60d72463817bff06614b2,INS,0,0,false,,gx-no-cache=1649173617616 HTTP/1.1" 200 12415
190.171.142.10 - - [05/Apr/2022:12:59:28 -0300] "GET /cormun/servlet/solicitudot?fbb501234dec953e54a5b8ca54287d183d06b0a7525552f7029d718c230be8587b97d8eaddef72286a7d479817774c65,gx-no-cache=1649173621343 HTTP/1.1" 200 30
190.171.142.10 - - [05/Apr/2022:13:00:27 -0300] "GET /cormun/servlet/prbanco?,MD,,gxPopupLevel%3D0%3B HTTP/1.1" 200 6548
192.168.10.96 - - [05/Apr/2022:13:00:33 -0300] "POST /cormun/servlet/hlogin?d2add5c77ce4dc12e7da1ee59f30ddc7,gx-no-cache=1649173516776 HTTP/1.1" 200 90
192.168.10.96 - - [05/Apr/2022:13:00:33 -0300] "GET /cormun/servlet/hpexe_link HTTP/1.1" 200 947
192.168.10.96 - - [05/Apr/2022:13:00:33 -0300] "GET /cormun/servlet/hhome HTTP/1.1" 200 3777
192.168.10.96 - - [05/Apr/2022:13:00:34 -0300] "GET /cormun/servlet/hhome HTTP/1.1" 200 3774
192.168.10.96 - - [05/Apr/2022:13:00:36 -0300] "GET /cormun/servlet/trsolicitudgral? HTTP/1.1" 200 28744
190.171.142.10 - - [05/Apr/2022:13:00:36 -0300] "GET /cormun/servlet/solicitudot?fbb501234dec953e54a5b8ca54287d1823b7f3b15be047b2c291732974dd0a04281efc19720edf0d64d7a548bd9306fa90682554a98057b4271562c94314821a,gx-no-cache=1649173689429 HTTP/1.1" 200 30
192.168.10.96 - - [05/Apr/2022:13:00:37 -0300] "GET /cormun/servlet/trsolicitudgral? HTTP/1.1" 200 28742
190.171.142.10 - - [05/Apr/2022:13:00:38 -0300] "GET /cormun/servlet/solicitudot?fbb501234dec953e54a5b8ca54287d18be41dfa1c295c05b3d8bc06f75f1086b,gx-no-cache=1649173691045 HTTP/1.1" 200 51
192.168.10.96 - - [05/Apr/2022:13:00:42 -0300] "POST /cormun/servlet/trsolicitudgral?d2add5c77ce4dc12e7da1ee59f30ddc7,,gx-no-cache=1649173524952 HTTP/1.1" 200 5249
192.168.10.96 - - [05/Apr/2022:13:00:45 -0300] "POST /cormun/servlet/trsolicitudgral?d2add5c77ce4dc12e7da1ee59f30ddc7,,gx-no-cache=1649173527912 HTTP/1.1" 200 10084
192.168.10.96 - - [05/Apr/2022:13:00:49 -0300] "GET /cormun/servlet/vesolicitudgral?2022,18143,, HTTP/1.1" 200 8376
192.168.10.96 - - [05/Apr/2022:13:00:49 -0300] "GET /cormun/pexe_scrolldiv.js HTTP/1.1" 404 1009
192.168.10.96 - - [05/Apr/2022:13:00:49 -0300] "GET /cormun/servlet/vesolicitudgral?2022,18143,, HTTP/1.1" 200 8375
192.168.10.96 - - [05/Apr/2022:13:00:51 -0300] "GET /cormun/servlet/vesolicitudgral?2022,18143,,SolicitudOTAdjuntos HTTP/1.1" 200 7036
192.168.10.96 - - [05/Apr/2022:13:00:51 -0300] "GET /cormun/pexe_scrolldiv.js HTTP/1.1" 404 1009
192.168.10.96 - - [05/Apr/2022:13:00:51 -0300] "GET /cormun/servlet/vesolicitudgral?2022,18143,,SolicitudOTAdjuntos HTTP/1.1" 200 7037
192.168.10.96 - - [05/Apr/2022:13:00:52 -0300] "POST /cormun/servlet/acontrolpreferencessavestate?None,RRHH+DANIELA,true HTTP/1.1" 200 35
190.171.142.10 - - [05/Apr/2022:13:00:52 -0300] "POST /cormun/servlet/solicitudot?gx-no-cache=1649173705190 HTTP/1.1" 200 255
190.171.142.10 - - [05/Apr/2022:13:00:55 -0300] "GET /cormun/servlet/solicitudot?fbb501234dec953e54a5b8ca54287d188d7a34c915a53d2437a85d030e65e83d34334139756caf4b7a27d27a018191a71bf9d3906e59eb21059bc0727c0535b71341f336b11a63b03fd2eed11f232692ad542eb90ce989d573326cf3c3216916c7defe9f36a6b5a5801b3926acdba13c0cc26a07bb5efaba878b9570884206253598e043f005fbc013c521d4408328727bb9f6feefefdefde3b1c0b46c0ece3cb3d456cdeeb23726d1f3eaef0b14f9868ff896460a4b04cd846f8eaa062febf97bb74598cd6d88ab841156475eef46f5d7175ac79681aaa6a4fc28ebf10e7af35f6eb44d6b4482421efcfab1aaf22e826fa585366022c0887b23f6befe6abb859235e8d04b97b1469ccf3595f9b8aaff61190f9dc5551b89ed7f3ea9476d2fecd633222a166405fa52bfeff12c0ec379a8243425e6f3c9f0f2bc95236d5e1d092bfc02cfd869d78889067493bc6f00f602ff77070e678db55e01b29dc021b57b5e3254254df0382b6d2d08f9e3a298e6b0db263f4ec8ad89d182bee77b775899,gx-no-cache=1649173707829 HTTP/1.1" 200 30
190.171.142.10 - - [05/Apr/2022:13:00:59 -0300] "POST /cormun/servlet/solicitudot?gx-no-cache=1649173711974 HTTP/1.1" 200 30
192.168.10.96 - - [05/Apr/2022:13:00:59 -0300] "GET /cormun/servlet/vesolicitudgral?2022,18143,, HTTP/1.1" 200 8376
192.168.10.96 - - [05/Apr/2022:13:00:59 -0300] "GET /cormun/servlet/vesolicitudgral?2022,18143,, HTTP/1.1" 200 8375
192.168.10.96 - - [05/Apr/2022:13:01:18 -0300] "GET /cormun/servlet/vesolicitudgral?2022,18143,,SolicitudOTAdjuntos HTTP/1.1" 200 7036
192.168.10.96 - - [05/Apr/2022:13:01:18 -0300] "GET /cormun/pexe_scrolldiv.js HTTP/1.1" 404 1009
192.168.10.96 - - [05/Apr/2022:13:01:19 -0300] "GET /cormun/servlet/vesolicitudgral?2022,18143,,SolicitudOTAdjuntos HTTP/1.1" 200 7037
192.168.10.96 - - [05/Apr/2022:13:01:20 -0300] "POST /cormun/servlet/acontrolpreferencessavestate?None,RRHH+DANIELA,true HTTP/1.1" 200 35
201.186.225.189 - - [05/Apr/2022:13:02:08 -0300] "GET /cormun/servlet/hlogin HTTP/1.1" 200 1728
201.186.225.189 - - [05/Apr/2022:13:02:16 -0300] "POST /cormun/servlet/hlogin?543646079d17abd42054bb05d9f56dcd,gx-no-cache=1649173790250 HTTP/1.1" 200 90
201.186.225.189 - - [05/Apr/2022:13:02:16 -0300] "GET /cormun/servlet/hpexe_link HTTP/1.1" 200 954
201.186.225.189 - - [05/Apr/2022:13:02:16 -0300] "GET /cormun/servlet/hhome HTTP/1.1" 200 4351
201.186.225.189 - - [05/Apr/2022:13:02:16 -0300] "GET /cormun/servlet/hhome HTTP/1.1" 200 4347
201.186.225.189 - - [05/Apr/2022:13:02:23 -0300] "GET /cormun/servlet/trcargahoraria? HTTP/1.1" 200 7943
201.186.225.189 - - [05/Apr/2022:13:02:23 -0300] "GET /cormun/static/gxcfg.js?202012113392337 HTTP/1.1" 200 953
201.186.225.189 - - [05/Apr/2022:13:02:23 -0300] "GET /cormun/static/trcargahoraria.js?202012113392783 HTTP/1.1" 200 28768
201.186.225.189 - - [05/Apr/2022:13:02:23 -0300] "GET /cormun//static/Resources/PXToolsActionExcel.png HTTP/1.1" 200 727
201.186.225.189 - - [05/Apr/2022:13:02:23 -0300] "GET /cormun/servlet/trcargahoraria? HTTP/1.1" 200 7941
201.186.225.189 - - [05/Apr/2022:13:02:30 -0300] "GET /cormun/servlet/trcontratounov2? HTTP/1.1" 200 17599
201.186.225.189 - - [05/Apr/2022:13:02:30 -0300] "GET /cormun/static/gxcfg.js?2020121614367 HTTP/1.1" 200 953
201.186.225.189 - - [05/Apr/2022:13:02:31 -0300] "GET /cormun/static/trcontratounov2.js?20201216143065 HTTP/1.1" 200 38486
201.186.225.189 - - [05/Apr/2022:13:02:31 -0300] "GET /cormun/static/Resources/PXToolsAddSelectedAction.png HTTP/1.1" 200 523
201.186.225.189 - - [05/Apr/2022:13:02:31 -0300] "GET /cormun/servlet/trcontratounov2? HTTP/1.1" 200 17607
190.171.142.10 - - [05/Apr/2022:13:02:46 -0300] "POST /cormun/servlet/solicitudot?gx-no-cache=1649173818959 HTTP/1.1" 200 1457
190.171.142.10 - - [05/Apr/2022:13:02:50 -0300] "GET /cormun/servlet/prlicenciaspermisos?7161923,L,,MD,,gxPopupLevel%3D0%3B HTTP/1.1" 200 6268
190.171.142.10 - - [05/Apr/2022:13:03:07 -0300] "POST /cormun/servlet/solicitudot?gx-no-cache=1649173840205 HTTP/1.1" 200 41
192.168.10.96 - - [05/Apr/2022:13:03:11 -0300] "GET /cormun/servlet/vesolicitudgral?2022,18143,,General HTTP/1.1" 200 8380
192.168.10.96 - - [05/Apr/2022:13:03:11 -0300] "GET /cormun/pexe_scrolldiv.js HTTP/1.1" 404 1009
192.168.10.96 - - [05/Apr/2022:13:03:11 -0300] "GET /cormun/servlet/vesolicitudgral?2022,18143,,General HTTP/1.1" 200 8380
192.168.10.96 - - [05/Apr/2022:13:03:14 -0300] "GET /cormun/servlet/vesolicitudgral?2022,18143,,SolicitudOTAdjuntos HTTP/1.1" 200 7036
192.168.10.96 - - [05/Apr/2022:13:03:14 -0300] "GET /cormun/pexe_scrolldiv.js HTTP/1.1" 404 1009
192.168.10.96 - - [05/Apr/2022:13:03:14 -0300] "GET /cormun/servlet/vesolicitudgral?2022,18143,,SolicitudOTAdjuntos HTTP/1.1" 200 7037
192.168.10.96 - - [05/Apr/2022:13:03:15 -0300] "POST /cormun/servlet/acontrolpreferencessavestate?None,RRHH+DANIELA,true HTTP/1.1" 200 35
192.168.10.96 - - [05/Apr/2022:13:03:17 -0300] "POST /cormun/servlet/vesolicitudgral?d2add5c77ce4dc12e7da1ee59f30ddc7,2022,18143,,SolicitudOTAdjuntos,gx-no-cache=1649173680362 HTTP/1.1" 200 90
192.168.10.96 - - [05/Apr/2022:13:03:17 -0300] "GET /cormun/servlet/hpexe_link HTTP/1.1" 200 975
192.168.10.96 - - [05/Apr/2022:13:03:17 -0300] "GET /cormun/servlet/trsolicitudgral? HTTP/1.1" 200 13145
192.168.10.96 - - [05/Apr/2022:13:03:17 -0300] "GET /cormun/servlet/trsolicitudgral? HTTP/1.1" 200 13144
192.168.10.96 - - [05/Apr/2022:13:03:22 -0300] "GET /cormun/servlet/vesolicitudgral?2022,17978,, HTTP/1.1" 200 8360
192.168.10.96 - - [05/Apr/2022:13:03:22 -0300] "GET /cormun/pexe_scrolldiv.js HTTP/1.1" 404 1009
192.168.10.96 - - [05/Apr/2022:13:03:23 -0300] "GET /cormun/servlet/vesolicitudgral?2022,17978,, HTTP/1.1" 200 8360
192.168.10.96 - - [05/Apr/2022:13:03:31 -0300] "GET /cormun/servlet/vesolicitudgral?2022,17978,,SolicitudOTAdjuntos HTTP/1.1" 200 10788
192.168.10.96 - - [05/Apr/2022:13:03:31 -0300] "GET /cormun/pexe_scrolldiv.js HTTP/1.1" 404 1009
192.168.10.96 - - [05/Apr/2022:13:03:32 -0300] "GET /cormun/servlet/vesolicitudgral?2022,17978,,SolicitudOTAdjuntos HTTP/1.1" 200 10784
192.168.10.96 - - [05/Apr/2022:13:03:32 -0300] "POST /cormun/servlet/acontrolpreferencessavestate?None,RRHH+DANIELA,true HTTP/1.1" 200 35
190.171.142.10 - - [05/Apr/2022:13:03:33 -0300] "GET /cormun/servlet/solicitudot?fbb501234dec953e54a5b8ca54287d18d3b29db9951277c07d1072574bdc8179a784b58aab063f076b0f338c53e8397150c9aaced459e9ec4d4661b6813a8d8b574b70f6fdab36230dc0ef898b559c656b13a56bf306c20099683af4f517abd066764a03274b308cb981ba890ebf3dba,gx-no-cache=1649173865485 HTTP/1.1" 200 110
192.168.10.96 - - [05/Apr/2022:13:03:35 -0300] "GET /cormun/PublicTempStorage/titulo_lucia1435056.pdf HTTP/1.1" 200 314667
192.168.10.96 - - [05/Apr/2022:13:03:53 -0300] "GET /cormun/servlet/vesolicitudgral?2022,17978,,SolicitudOTAdjuntos HTTP/1.1" 200 10786
192.168.10.96 - - [05/Apr/2022:13:03:54 -0300] "GET /cormun/servlet/vesolicitudgral?2022,17978,,SolicitudOTAdjuntos HTTP/1.1" 200 10788
192.168.10.96 - - [05/Apr/2022:13:03:55 -0300] "POST /cormun/servlet/acontrolpreferencessavestate?None,RRHH+DANIELA,true HTTP/1.1" 200 35
192.168.10.96 - - [05/Apr/2022:13:04:01 -0300] "GET /cormun/PublicTempStorage/antecedentes_lucia8161672.pdf HTTP/1.1" 200 34184
192.168.10.96 - - [05/Apr/2022:13:04:05 -0300] "GET /cormun/servlet/vesolicitudgral?2022,17978,,SolicitudOTAdjuntos HTTP/1.1" 200 10787
192.168.10.96 - - [05/Apr/2022:13:04:06 -0300] "GET /cormun/servlet/vesolicitudgral?2022,17978,,SolicitudOTAdjuntos HTTP/1.1" 200 10787
192.168.10.96 - - [05/Apr/2022:13:04:07 -0300] "POST /cormun/servlet/acontrolpreferencessavestate?None,RRHH+DANIELA,true HTTP/1.1" 200 35
192.168.10.96 - - [05/Apr/2022:13:04:08 -0300] "GET /cormun/PublicTempStorage/curriculum_lucia3205380.pdf HTTP/1.1" 200 1004594
190.171.142.10 - - [05/Apr/2022:13:06:15 -0300] "POST /cormun/servlet/solicitudot?gx-no-cache=1649174028064 HTTP/1.1" 200 59
190.171.142.10 - - [05/Apr/2022:13:06:19 -0300] "GET /cormun/servlet/solicitudot?fbb501234dec953e54a5b8ca54287d18d05ae7cb0925a6a5ae5f26d5d4ca29085f72996c1a9fcd74175b53e4d4ee2f16befc80f91b76cebaac6c7ff00c0669e53f80e107b20c961a3cf71b618fc8fc097168bdbc32da12146a9a86a0f596614a11ad870b3c591c2ceb98549a38cb924d,gx-no-cache=1649174031950 HTTP/1.1" 200 29
190.171.142.10 - - [05/Apr/2022:13:06:19 -0300] "GET /cormun/servlet/solicitudot?fbb501234dec953e54a5b8ca54287d18d23e285812005fe6a7bee8788db871f3,gx-no-cache=1649174031986 HTTP/1.1" 200 30
190.171.142.10 - - [05/Apr/2022:13:06:19 -0300] "POST /cormun/servlet/solicitudot?gx-no-cache=1649174032024 HTTP/1.1" 200 105
190.171.142.10 - - [05/Apr/2022:13:06:19 -0300] "GET /cormun/static/Shared/jqueryui/images/ui-bg_highlight-soft_100_c6c2c8_1x100.png HTTP/1.1" 404 1117
190.171.142.10 - - [05/Apr/2022:13:06:19 -0300] "GET /cormun/static/Shared/jqueryui/images/ui-bg_flat_55_994d53_40x100.png HTTP/1.1" 404 1097
190.171.142.10 - - [05/Apr/2022:13:06:19 -0300] "GET /cormun/static/Shared/jqueryui/images/ui-icons_ebccce_256x240.png HTTP/1.1" 404 1089
190.171.142.10 - - [05/Apr/2022:13:06:19 -0300] "GET /cormun/static/Shared/jqueryui/images/ui-icons_82798d_256x240.png HTTP/1.1" 404 1089
190.171.142.10 - - [05/Apr/2022:13:06:37 -0300] "GET /cormun/static/menuarrow.gif HTTP/1.1" 404 1015
190.171.142.10 - - [05/Apr/2022:13:08:28 -0300] "GET /cormun/servlet/solicitudot?fbb501234dec953e54a5b8ca54287d1895eed4d4c87dcab1d098600c3e067911e8e72b6e26b97423374e736e4ac5beaa,gx-no-cache=1649174160909 HTTP/1.1" 200 30
190.171.142.10 - - [05/Apr/2022:13:08:45 -0300] "POST /cormun/servlet/solicitudot?gx-no-cache=1649174177979 HTTP/1.1" 200 135
190.171.142.10 - - [05/Apr/2022:13:12:15 -0300] "GET /cormun/servlet/trsolicitudot? HTTP/1.1" 200 7036
190.171.142.10 - - [05/Apr/2022:13:12:16 -0300] "GET /cormun/servlet/trsolicitudot? HTTP/1.1" 200 7035
190.171.142.10 - - [05/Apr/2022:13:12:22 -0300] "POST /cormun/servlet/trsolicitudot?1ddd554532b60d72463817bff06614b2,,gx-no-cache=1649174395407 HTTP/1.1" 200 4090
190.171.142.10 - - [05/Apr/2022:13:12:28 -0300] "GET /cormun/static/menuarrow.gif HTTP/1.1" 404 1015
190.171.142.10 - - [05/Apr/2022:13:12:31 -0300] "POST /cormun/servlet/trsolicitudot?1ddd554532b60d72463817bff06614b2,,gx-no-cache=1649174404307 HTTP/1.1" 200 4090
190.171.142.10 - - [05/Apr/2022:13:12:37 -0300] "POST /cormun/servlet/trsolicitudot?1ddd554532b60d72463817bff06614b2,,gx-no-cache=1649174410116 HTTP/1.1" 200 10206
190.171.142.10 - - [05/Apr/2022:13:12:47 -0300] "GET /cormun/servlet/vesolicitudot?2022,17958,, HTTP/1.1" 200 8334
190.171.142.10 - - [05/Apr/2022:13:12:48 -0300] "GET /cormun/pexe_scrolldiv.js HTTP/1.1" 404 1009
190.171.142.10 - - [05/Apr/2022:13:12:49 -0300] "GET /cormun/servlet/vesolicitudot?2022,17958,, HTTP/1.1" 200 8334
181.42.49.107 - - [05/Apr/2022:13:15:01 -0300] "GET /cormun/servlet/hlogin HTTP/1.1" 200 1725
181.42.49.107 - - [05/Apr/2022:13:15:01 -0300] "GET /cormun/servlet/hlogin HTTP/1.1" 200 1735
181.42.49.107 - - [05/Apr/2022:13:15:08 -0300] "POST /cormun/servlet/hlogin?17a8e82160f791c27b6f1bd46ca58d69,gx-no-cache=1649174560224 HTTP/1.1" 200 90
181.42.49.107 - - [05/Apr/2022:13:15:08 -0300] "GET /cormun/servlet/hpexe_link HTTP/1.1" 200 950
181.42.49.107 - - [05/Apr/2022:13:15:08 -0300] "GET /cormun/servlet/hhome HTTP/1.1" 200 4285
181.42.49.107 - - [05/Apr/2022:13:15:08 -0300] "GET /cormun/servlet/hhome HTTP/1.1" 200 4281
181.42.49.107 - - [05/Apr/2022:13:15:19 -0300] "GET /cormun/servlet/trcontratosolicitud? HTTP/1.1" 200 14213
181.42.49.107 - - [05/Apr/2022:13:15:20 -0300] "GET /cormun/servlet/trcontratosolicitud? HTTP/1.1" 200 14208
181.42.49.107 - - [05/Apr/2022:13:15:29 -0300] "GET /cormun/servlet/trlicencias? HTTP/1.1" 200 10319
181.42.49.107 - - [05/Apr/2022:13:15:29 -0300] "GET /cormun/servlet/trlicencias? HTTP/1.1" 200 10318
181.42.49.107 - - [05/Apr/2022:13:15:50 -0300] "POST /cormun/servlet/trlicencias?17a8e82160f791c27b6f1bd46ca58d69,,gx-no-cache=1649174602774 HTTP/1.1" 200 4442
181.42.49.107 - - [05/Apr/2022:13:15:54 -0300] "GET /cormun/static/menuarrow.gif HTTP/1.1" 404 1015
181.42.49.107 - - [05/Apr/2022:13:16:05 -0300] "POST /cormun/servlet/trlicencias?17a8e82160f791c27b6f1bd46ca58d69,,gx-no-cache=1649174617491 HTTP/1.1" 200 4443
191.125.174.108 - - [05/Apr/2022:13:16:50 -0300] "GET /cormun/servlet/hlogin HTTP/1.1" 200 1734
192.168.10.96 - - [05/Apr/2022:13:16:51 -0300] "GET /cormun/servlet/vesolicitudgral?2022,17978,,SolicitudOTAdjuntos HTTP/1.1" 200 10786
192.168.10.96 - - [05/Apr/2022:13:16:52 -0300] "GET /cormun/servlet/vesolicitudgral?2022,17978,,SolicitudOTAdjuntos HTTP/1.1" 200 10789
192.168.10.96 - - [05/Apr/2022:13:16:52 -0300] "POST /cormun/servlet/acontrolpreferencessavestate?None,RRHH+DANIELA,true HTTP/1.1" 200 35
192.168.10.96 - - [05/Apr/2022:13:16:53 -0300] "GET /cormun/servlet/vesolicitudgral?2022,17978,, HTTP/1.1" 200 8360
192.168.10.96 - - [05/Apr/2022:13:16:53 -0300] "GET /cormun/servlet/vesolicitudgral?2022,17978,, HTTP/1.1" 200 8360
191.125.174.108 - - [05/Apr/2022:13:16:55 -0300] "GET /cormun/servlet/hlogin HTTP/1.1" 200 1747
192.168.10.96 - - [05/Apr/2022:13:16:55 -0300] "GET /cormun/servlet/trsolicitudgral? HTTP/1.1" 200 13145
192.168.10.96 - - [05/Apr/2022:13:16:55 -0300] "GET /cormun/servlet/trsolicitudgral? HTTP/1.1" 200 13144
190.171.142.10 - - [05/Apr/2022:13:19:17 -0300] "GET /cormun/servlet/trsolicitudot? HTTP/1.1" 200 13299
190.171.142.10 - - [05/Apr/2022:13:19:19 -0300] "GET /cormun/servlet/trsolicitudot? HTTP/1.1" 200 13298
190.171.142.10 - - [05/Apr/2022:13:19:25 -0300] "GET /cormun/servlet/trsolicitudot? HTTP/1.1" 200 13298
190.171.142.10 - - [05/Apr/2022:13:19:27 -0300] "GET /cormun/servlet/trsolicitudot? HTTP/1.1" 200 13298
190.171.142.10 - - [05/Apr/2022:13:19:36 -0300] "POST /cormun/servlet/trsolicitudot?1ddd554532b60d72463817bff06614b2,,gx-no-cache=1649174828796 HTTP/1.1" 200 4087
190.171.142.10 - - [05/Apr/2022:13:19:38 -0300] "GET /cormun/servlet/solicitudot?INS,0,0,false, HTTP/1.1" 200 15715
190.171.142.10 - - [05/Apr/2022:13:19:40 -0300] "GET /cormun/servlet/solicitudot?INS,0,0,false, HTTP/1.1" 200 15722
190.171.142.10 - - [05/Apr/2022:13:19:59 -0300] "POST /cormun/servlet/solicitudot?gx-no-cache=1649174851432 HTTP/1.1" 200 3858
190.171.142.10 - - [05/Apr/2022:13:19:59 -0300] "POST /cormun/servlet/solicitudot?1ddd554532b60d72463817bff06614b2,INS,0,0,false,,gx-no-cache=1649174851623 HTTP/1.1" 200 12397
190.171.142.10 - - [05/Apr/2022:13:20:08 -0300] "GET /cormun/servlet/solicitudot?fbb501234dec953e54a5b8ca54287d18261e881b7563262e39dd8dc4a44cc68b7b97d8eaddef72286a7d479817774c65,gx-no-cache=1649174861065 HTTP/1.1" 200 30
190.171.142.10 - - [05/Apr/2022:13:21:27 -0300] "GET /cormun/servlet/hlogin HTTP/1.1" 200 1723
190.171.142.10 - - [05/Apr/2022:13:21:27 -0300] "-" 400 -
190.171.142.10 - - [05/Apr/2022:13:21:27 -0300] "-" 400 -
190.171.142.10 - - [05/Apr/2022:13:21:28 -0300] "GET /cormun/static/gxtimezone.js?85251 HTTP/1.1" 200 5781
190.171.142.10 - - [05/Apr/2022:13:21:28 -0300] "GET /cormun/static/Resources/Spanish/PXTools.css?2294816 HTTP/1.1" 200 100853
190.171.142.10 - - [05/Apr/2022:13:21:29 -0300] "GET /cormun/static/gxcfg.js?201910216285969 HTTP/1.1" 200 953
190.171.142.10 - - [05/Apr/2022:13:21:29 -0300] "GET /cormun/static/messages.spa.js?85251 HTTP/1.1" 200 30736
190.171.142.10 - - [05/Apr/2022:13:21:29 -0300] "GET /cormun/static/gxgral.js?85251 HTTP/1.1" 200 384558
190.171.142.10 - - [05/Apr/2022:13:21:29 -0300] "GET /cormun/static/hlogin.js?201910216285995 HTTP/1.1" 200 2136
190.171.142.10 - - [05/Apr/2022:13:21:29 -0300] "GET /cormun/static/Resources/Logo2019_Grande.png HTTP/1.1" 200 31733
190.171.142.10 - - [05/Apr/2022:13:21:29 -0300] "GET /cormun/static/Resources/PXToolsLoginTop.png HTTP/1.1" 200 1337
190.171.142.10 - - [05/Apr/2022:13:21:29 -0300] "GET /cormun/static/Resources/PXToolsLoginBackground.png HTTP/1.1" 200 1164
190.171.142.10 - - [05/Apr/2022:13:21:29 -0300] "GET /cormun/static/Resources/PXToolsButtonLeft.png HTTP/1.1" 200 1310
190.171.142.10 - - [05/Apr/2022:13:21:30 -0300] "GET /cormun/static/Resources/PXToolsButtonRight.png HTTP/1.1" 200 1294
190.171.142.10 - - [05/Apr/2022:13:21:30 -0300] "GET /cormun/static/Resources/PXToolsButtonBackground.png HTTP/1.1" 200 1176
190.171.142.10 - - [05/Apr/2022:13:21:30 -0300] "GET /cormun/static/Resources/PXToolsLoginBottom.png HTTP/1.1" 200 1389
190.171.142.10 - - [05/Apr/2022:13:21:30 -0300] "GET /cormun/servlet/hlogin HTTP/1.1" 200 1733
190.171.142.10 - - [05/Apr/2022:13:21:30 -0300] "GET /cormun/static/Resources/indicator.gif HTTP/1.1" 200 1553
190.171.142.10 - - [05/Apr/2022:13:21:30 -0300] "GET /cormun/static/Resources/PXToolsLoginBottom.png HTTP/1.1" 200 1389
190.171.142.10 - - [05/Apr/2022:13:21:31 -0300] "GET /favicon.ico HTTP/1.1" 200 21630
190.171.142.10 - - [05/Apr/2022:13:21:41 -0300] "üìo½ýÄ,ÛÚÌäëqÀššà)=VǏšIú¹ï§” ö=«Ë­MPÂǸ¦ˆ'­'‚•/+õDïÆ aɎ šš̨̩À+À/À,À0ÀÀœ/5“" 505 -
190.171.154.42 - - [05/Apr/2022:13:27:10 -0300] "GET /cormun/servlet/trsolicitudot? HTTP/1.1" 200 6329
190.171.154.42 - - [05/Apr/2022:13:27:14 -0300] "GET /cormun/servlet/trsolicitudot? HTTP/1.1" 200 6325
190.171.154.42 - - [05/Apr/2022:13:27:14 -0300] "GET /cormun/servlet/hlogin HTTP/1.1" 200 1743
190.171.154.42 - - [05/Apr/2022:13:27:14 -0300] "GET /cormun/servlet/trsolicitudot? HTTP/1.1" 200 6325
190.171.154.42 - - [05/Apr/2022:13:27:25 -0300] "POST /cormun/servlet/hlogin?867e832a5df6ab5c10307fbccfa6c454,gx-no-cache=1649175296675 HTTP/1.1" 200 90
190.171.154.42 - - [05/Apr/2022:13:27:25 -0300] "GET /cormun/servlet/hpexe_link HTTP/1.1" 200 958
190.171.154.42 - - [05/Apr/2022:13:27:26 -0300] "GET /cormun/servlet/trsolicitudot HTTP/1.1" 200 9187
190.171.154.42 - - [05/Apr/2022:13:27:28 -0300] "GET /cormun/servlet/trsolicitudot HTTP/1.1" 200 9186
190.171.154.42 - - [05/Apr/2022:13:27:33 -0300] "POST /cormun/servlet/trsolicitudot?867e832a5df6ab5c10307fbccfa6c454,gx-no-cache=1649175304497 HTTP/1.1" 200 12009
192.168.10.96 - - [05/Apr/2022:13:28:43 -0300] "GET /cormun/servlet/trsolicitudgral? HTTP/1.1" 200 13144
192.168.10.96 - - [05/Apr/2022:13:28:44 -0300] "GET /cormun/servlet/trsolicitudgral? HTTP/1.1" 200 13144
192.168.10.96 - - [05/Apr/2022:13:28:49 -0300] "POST /cormun/servlet/trsolicitudgral?d2add5c77ce4dc12e7da1ee59f30ddc7,,gx-no-cache=1649175211774 HTTP/1.1" 200 16161
192.168.10.96 - - [05/Apr/2022:13:28:59 -0300] "GET /cormun/servlet/vesolicitudgral?2022,18361,, HTTP/1.1" 200 8369
192.168.10.96 - - [05/Apr/2022:13:28:59 -0300] "GET /cormun/pexe_scrolldiv.js HTTP/1.1" 404 1009
192.168.10.96 - - [05/Apr/2022:13:28:59 -0300] "GET /cormun/servlet/vesolicitudgral?2022,18361,, HTTP/1.1" 200 8368
218.81.119.230 - - [05/Apr/2022:13:30:10 -0300] "GET /boaform/admin/formLogin?username=user&psd=user HTTP/1.0" 404 1007
190.171.142.10 - - [05/Apr/2022:13:32:29 -0300] "GET /cormun/servlet/trsolicitudot? HTTP/1.1" 200 7035
190.171.142.10 - - [05/Apr/2022:13:32:31 -0300] "GET /cormun/servlet/trsolicitudot? HTTP/1.1" 200 7034
190.171.142.10 - - [05/Apr/2022:13:32:39 -0300] "POST /cormun/servlet/trsolicitudot?1ddd554532b60d72463817bff06614b2,,gx-no-cache=1649175611310 HTTP/1.1" 200 10205
190.171.142.10 - - [05/Apr/2022:13:33:04 -0300] "POST /cormun/servlet/trsolicitudot?1ddd554532b60d72463817bff06614b2,,gx-no-cache=1649175636284 HTTP/1.1" 200 15440
200.54.103.162 - - [05/Apr/2022:13:36:49 -0300] "GET /cormun/servlet/hlogin HTTP/1.1" 200 1716
200.54.103.162 - - [05/Apr/2022:13:36:49 -0300] "GET /cormun/servlet/hlogin HTTP/1.1" 200 1727
200.54.103.162 - - [05/Apr/2022:13:36:49 -0300] "GET /favicon.ico HTTP/1.1" 200 21630
200.54.103.162 - - [05/Apr/2022:13:37:04 -0300] "POST /cormun/servlet/hlogin?017804ed7ff3711440b196deedc426f5,gx-no-cache=1649175877253 HTTP/1.1" 200 90
200.54.103.162 - - [05/Apr/2022:13:37:04 -0300] "GET /cormun/servlet/hpexe_link HTTP/1.1" 200 945
200.54.103.162 - - [05/Apr/2022:13:37:04 -0300] "GET /cormun/servlet/hhome HTTP/1.1" 200 4330
200.54.103.162 - - [05/Apr/2022:13:37:06 -0300] "GET /cormun/servlet/hhome HTTP/1.1" 200 4326
200.54.103.162 - - [05/Apr/2022:13:37:20 -0300] "GET /cormun/servlet/trsolicitudot? HTTP/1.1" 200 7554
200.54.103.162 - - [05/Apr/2022:13:37:20 -0300] "GET /cormun/servlet/trsolicitudot? HTTP/1.1" 200 7552
200.54.103.162 - - [05/Apr/2022:13:37:24 -0300] "GET /cormun/servlet/solicitudot?INS,0,0,false, HTTP/1.1" 200 16040
200.54.103.162 - - [05/Apr/2022:13:37:24 -0300] "GET /cormun/servlet/solicitudot?INS,0,0,false, HTTP/1.1" 200 16047
181.42.49.107 - - [05/Apr/2022:13:40:31 -0300] "POST /cormun/servlet/trlicencias?17a8e82160f791c27b6f1bd46ca58d69,,gx-no-cache=1649176082524 HTTP/1.1" 200 18373
190.171.142.26 - - [05/Apr/2022:13:44:34 -0300] "GET /cormun/servlet/hlogin HTTP/1.1" 200 1729
190.171.142.26 - - [05/Apr/2022:13:44:41 -0300] "POST /cormun/servlet/hlogin?6f41ab54559717b4ed3dfe911b477f08,gx-no-cache=1649176334330 HTTP/1.1" 200 90
190.171.142.26 - - [05/Apr/2022:13:44:41 -0300] "GET /cormun/servlet/hpexe_link HTTP/1.1" 200 955
190.171.142.26 - - [05/Apr/2022:13:44:41 -0300] "GET /cormun/servlet/hhome HTTP/1.1" 200 3974
190.171.142.26 - - [05/Apr/2022:13:44:42 -0300] "GET /cormun/servlet/hhome HTTP/1.1" 200 3971
190.171.142.26 - - [05/Apr/2022:13:44:48 -0300] "GET /cormun/servlet/trrenuncias? HTTP/1.1" 200 6840
190.171.142.26 - - [05/Apr/2022:13:44:48 -0300] "GET /cormun/static/gxcfg.js?2020121674068 HTTP/1.1" 200 953
190.171.142.26 - - [05/Apr/2022:13:44:48 -0300] "GET /cormun/static/trrenuncias.js?2020121674514 HTTP/1.1" 200 31925
190.171.142.26 - - [05/Apr/2022:13:44:49 -0300] "GET /cormun/servlet/trrenuncias? HTTP/1.1" 200 6839
190.171.142.26 - - [05/Apr/2022:13:44:51 -0300] "GET /cormun/servlet/renuncias?INS,0, HTTP/1.1" 200 6226
190.171.142.26 - - [05/Apr/2022:13:44:51 -0300] "GET /cormun/static/gxcfg.js?20201215175974 HTTP/1.1" 200 953
190.171.142.26 - - [05/Apr/2022:13:44:51 -0300] "GET /cormun/static/renuncias.js?2020121518254 HTTP/1.1" 200 16029
190.171.142.26 - - [05/Apr/2022:13:44:52 -0300] "GET /cormun/servlet/renuncias?INS,0, HTTP/1.1" 200 6224
190.171.142.26 - - [05/Apr/2022:13:45:15 -0300] "GET /cormun/servlet/hlogin HTTP/1.1" 200 1729
190.171.142.26 - - [05/Apr/2022:13:45:21 -0300] "POST /cormun/servlet/hlogin?6f41ab54559717b4ed3dfe911b477f08,gx-no-cache=1649176374430 HTTP/1.1" 200 90
190.171.142.26 - - [05/Apr/2022:13:45:21 -0300] "GET /cormun/servlet/hpexe_link HTTP/1.1" 200 967
190.171.142.26 - - [05/Apr/2022:13:45:21 -0300] "GET /cormun/servlet/renuncias?INS,0, HTTP/1.1" 200 6227
190.171.142.26 - - [05/Apr/2022:13:45:22 -0300] "GET /cormun/servlet/renuncias?INS,0, HTTP/1.1" 200 6223
190.171.142.26 - - [05/Apr/2022:13:45:31 -0300] "POST /cormun/servlet/renuncias?6f41ab54559717b4ed3dfe911b477f08,INS,0,,gx-no-cache=1649176384261 HTTP/1.1" 200 93
190.171.142.26 - - [05/Apr/2022:13:45:31 -0300] "GET /cormun/servlet/hpexe_return? HTTP/1.1" 200 1009
190.171.142.26 - - [05/Apr/2022:13:45:31 -0300] "GET /cormun/servlet/trrenuncias HTTP/1.1" 200 6843
190.171.142.26 - - [05/Apr/2022:13:45:32 -0300] "GET /cormun/servlet/trrenuncias HTTP/1.1" 200 6839
200.54.103.162 - - [05/Apr/2022:13:46:13 -0300] "POST /cormun/servlet/solicitudot?gx-no-cache=1649176426481 HTTP/1.1" 200 3858
200.54.103.162 - - [05/Apr/2022:13:46:13 -0300] "POST /cormun/servlet/solicitudot?017804ed7ff3711440b196deedc426f5,INS,0,0,false,,gx-no-cache=1649176426653 HTTP/1.1" 200 12659
200.54.103.162 - - [05/Apr/2022:13:46:13 -0300] "GET /cormun/servlet/solicitudot?cef5add35e2e26179066d001a81734012aaaecce433f330d5ebcb18201058efad643af2367ccc17d0f126fe9d5dd787b,gx-no-cache=1649176427078 HTTP/1.1" 200 111
200.54.103.162 - - [05/Apr/2022:13:46:13 -0300] "GET /cormun/static/Shared/jqueryui/images/ui-bg_highlight-soft_100_c6c2c8_1x100.png HTTP/1.1" 404 1117
200.54.103.162 - - [05/Apr/2022:13:46:13 -0300] "GET /cormun/static/Shared/jqueryui/images/ui-icons_82798d_256x240.png HTTP/1.1" 404 1089
200.54.103.162 - - [05/Apr/2022:13:46:13 -0300] "GET /cormun/static/Shared/jqueryui/images/ui-bg_flat_55_994d53_40x100.png HTTP/1.1" 404 1097
200.54.103.162 - - [05/Apr/2022:13:46:13 -0300] "GET /cormun/static/Shared/jqueryui/images/ui-icons_ebccce_256x240.png HTTP/1.1" 404 1089
200.54.103.162 - - [05/Apr/2022:13:46:54 -0300] "GET /cormun/servlet/solicitudot?cef5add35e2e26179066d001a817340155139203b5b7dc845ed130a6450e90852bc19c86a77d3e8096a86ba8a88760ca,gx-no-cache=1649176467865 HTTP/1.1" 200 30
190.171.142.10 - - [05/Apr/2022:13:47:10 -0300] "GET /cormun/servlet/trsolicitudot? HTTP/1.1" 200 18260
190.171.142.10 - - [05/Apr/2022:13:47:12 -0300] "GET /cormun/servlet/trsolicitudot? HTTP/1.1" 200 18260
190.171.142.10 - - [05/Apr/2022:13:47:15 -0300] "GET /cormun/servlet/solicitudot?INS,0,0,false, HTTP/1.1" 200 15714
190.171.142.10 - - [05/Apr/2022:13:47:16 -0300] "GET /cormun/servlet/solicitudot?INS,0,0,false, HTTP/1.1" 200 15721
190.95.67.97 - - [05/Apr/2022:13:51:37 -0300] "GET /cormun/servlet/hlogin HTTP/1.1" 200 1730
190.95.67.97 - - [05/Apr/2022:13:51:37 -0300] "GET /cormun/servlet/hlogin HTTP/1.1" 200 1740
190.95.67.97 - - [05/Apr/2022:13:51:59 -0300] "GET /cormun/servlet/hlogin HTTP/1.1" 200 1730
190.95.67.97 - - [05/Apr/2022:13:52:05 -0300] "POST /cormun/servlet/hlogin?13835f0fcad03bc821616f96b9e39aec,gx-no-cache=1649176779010 HTTP/1.1" 200 90
190.95.67.97 - - [05/Apr/2022:13:52:05 -0300] "GET /cormun/servlet/hpexe_link HTTP/1.1" 200 957
190.95.67.97 - - [05/Apr/2022:13:52:05 -0300] "GET /cormun/servlet/hhome HTTP/1.1" 200 3952
190.95.67.97 - - [05/Apr/2022:13:52:06 -0300] "GET /cormun/servlet/hhome HTTP/1.1" 200 3948
192.168.10.199 - - [05/Apr/2022:13:54:28 -0300] "POST /cormun/servlet/trsolicitudgral?29dccffa2b4f309afa1aed5f1375afc9,,gx-no-cache=1649176751643 HTTP/1.1" 440 972
192.168.10.199 - - [05/Apr/2022:13:54:30 -0300] "GET /cormun/servlet/trsolicitudgral? HTTP/1.1" 500 10
192.168.10.199 - - [05/Apr/2022:13:54:41 -0300] "GET /cormun/servlet/hlogin HTTP/1.1" 200 1723
192.168.10.199 - - [05/Apr/2022:13:54:49 -0300] "POST /cormun/servlet/hlogin?3f84c8f5733549cc328385c7c325d91b,gx-no-cache=1649176772699 HTTP/1.1" 200 90
192.168.10.199 - - [05/Apr/2022:13:54:49 -0300] "GET /cormun/servlet/hpexe_link HTTP/1.1" 200 951
192.168.10.199 - - [05/Apr/2022:13:54:50 -0300] "GET /cormun/servlet/hhome HTTP/1.1" 200 3826
192.168.10.199 - - [05/Apr/2022:13:54:50 -0300] "GET /cormun/servlet/hhome HTTP/1.1" 200 3822
192.168.10.199 - - [05/Apr/2022:13:54:53 -0300] "GET /cormun/servlet/trsolicitudgral? HTTP/1.1" 200 28796
192.168.10.199 - - [05/Apr/2022:13:54:54 -0300] "GET /cormun/servlet/trsolicitudgral? HTTP/1.1" 200 28794
190.95.67.97 - - [05/Apr/2022:13:55:03 -0300] "POST /cormun/servlet/hlogin?13835f0fcad03bc821616f96b9e39aec,gx-no-cache=1649176956651 HTTP/1.1" 200 90
190.95.67.97 - - [05/Apr/2022:13:55:03 -0300] "GET /cormun/servlet/hpexe_link HTTP/1.1" 200 957
190.95.67.97 - - [05/Apr/2022:13:55:03 -0300] "GET /cormun/servlet/hhome HTTP/1.1" 200 3952
192.168.10.199 - - [05/Apr/2022:13:55:03 -0300] "POST /cormun/servlet/trsolicitudgral?3f84c8f5733549cc328385c7c325d91b,,gx-no-cache=1649176786308 HTTP/1.1" 200 6658
190.95.67.97 - - [05/Apr/2022:13:55:04 -0300] "GET /cormun/servlet/hhome HTTP/1.1" 200 3948
192.168.10.199 - - [05/Apr/2022:13:55:09 -0300] "GET /cormun/servlet/vesolicitudgral?2022,18222,, HTTP/1.1" 200 8386
192.168.10.199 - - [05/Apr/2022:13:55:09 -0300] "GET /cormun/pexe_scrolldiv.js HTTP/1.1" 404 1009
192.168.10.199 - - [05/Apr/2022:13:55:09 -0300] "GET /cormun/servlet/vesolicitudgral?2022,18222,, HTTP/1.1" 200 8386
190.95.67.97 - - [05/Apr/2022:13:55:16 -0300] "GET /cormun/servlet/trsolicitudcuentarbd? HTTP/1.1" 200 6667
190.95.67.97 - - [05/Apr/2022:13:55:16 -0300] "GET /cormun/static/gxcfg.js?201991422574133 HTTP/1.1" 200 953
190.95.67.97 - - [05/Apr/2022:13:55:16 -0300] "GET /cormun/static/trsolicitudcuentarbd.js?201991422574613 HTTP/1.1" 200 29350
190.95.67.97 - - [05/Apr/2022:13:55:17 -0300] "GET /cormun/servlet/trsolicitudcuentarbd? HTTP/1.1" 200 6666
192.168.10.199 - - [05/Apr/2022:13:55:48 -0300] "GET /cormun/servlet/vesolicitudgral?2022,18222,,SolicitudOTAdjuntos HTTP/1.1" 200 11027
192.168.10.199 - - [05/Apr/2022:13:55:48 -0300] "GET /cormun/pexe_scrolldiv.js HTTP/1.1" 404 1009
192.168.10.199 - - [05/Apr/2022:13:55:49 -0300] "POST /cormun/servlet/acontrolpreferencessavestate?None,RRHH+CATALINA+CACERES,true HTTP/1.1" 200 35
192.168.10.199 - - [05/Apr/2022:13:55:49 -0300] "GET /cormun/servlet/vesolicitudgral?2022,18222,,SolicitudOTAdjuntos HTTP/1.1" 200 11030
190.171.142.10 - - [05/Apr/2022:14:02:10 -0300] "POST /cormun/servlet/solicitudot?gx-no-cache=1649177382731 HTTP/1.1" 200 3858
190.171.142.10 - - [05/Apr/2022:14:02:10 -0300] "POST /cormun/servlet/solicitudot?1ddd554532b60d72463817bff06614b2,INS,0,0,false,,gx-no-cache=1649177382980 HTTP/1.1" 200 12398
190.171.142.10 - - [05/Apr/2022:14:02:14 -0300] "GET /cormun/servlet/solicitudot?fbb501234dec953e54a5b8ca54287d18261e881b7563262e39dd8dc4a44cc68b7b97d8eaddef72286a7d479817774c65,gx-no-cache=1649177386732 HTTP/1.1" 200 30
192.168.10.199 - - [05/Apr/2022:14:02:25 -0300] "GET /cormun/servlet/vesolicitudgral?2022,18222,,General HTTP/1.1" 200 8388
192.168.10.199 - - [05/Apr/2022:14:02:25 -0300] "GET /cormun/pexe_scrolldiv.js HTTP/1.1" 404 1009
192.168.10.199 - - [05/Apr/2022:14:02:25 -0300] "GET /cormun/servlet/vesolicitudgral?2022,18222,,General HTTP/1.1" 200 8388
192.168.10.199 - - [05/Apr/2022:14:02:28 -0300] "POST /cormun/servlet/vesolicitudgral?3f84c8f5733549cc328385c7c325d91b,2022,18222,,General,gx-no-cache=1649177231292 HTTP/1.1" 200 12069
192.168.10.199 - - [05/Apr/2022:14:02:28 -0300] "GET /cormun/static/Shared/jqueryui/images/ui-icons_82798d_256x240.png HTTP/1.1" 404 1089
192.168.10.199 - - [05/Apr/2022:14:02:28 -0300] "GET /cormun/static/Shared/jqueryui/images/ui-bg_highlight-soft_100_c6c2c8_1x100.png HTTP/1.1" 404 1117
192.168.10.199 - - [05/Apr/2022:14:02:28 -0300] "GET /cormun/static/Shared/jqueryui/images/ui-bg_flat_55_fafafa_40x100.png HTTP/1.1" 404 1097
192.168.10.199 - - [05/Apr/2022:14:02:28 -0300] "GET /cormun/static/Shared/jqueryui/images/ui-icons_8d78a5_256x240.png HTTP/1.1" 404 1089
192.168.10.199 - - [05/Apr/2022:14:02:28 -0300] "POST /cormun/servlet/vesolicitudgral?3f84c8f5733549cc328385c7c325d91b,2022,18222,,General,gx-no-cache=1649177231518 HTTP/1.1" 200 12002
192.168.10.199 - - [05/Apr/2022:14:02:31 -0300] "GET /cormun/servlet/trautorizarot? HTTP/1.1" 200 9594
192.168.10.199 - - [05/Apr/2022:14:02:32 -0300] "GET /cormun/servlet/trautorizarot? HTTP/1.1" 200 9586
192.168.10.17 - - [05/Apr/2022:14:02:46 -0300] "GET /cormun/servlet/trsolicitudgral? HTTP/1.1" 500 10
192.168.10.17 - - [05/Apr/2022:14:02:55 -0300] "GET /cormun/servlet/hlogin HTTP/1.1" 200 1725
192.168.10.17 - - [05/Apr/2022:14:02:55 -0300] "GET /cormun/servlet/hlogin HTTP/1.1" 200 1735
192.168.10.17 - - [05/Apr/2022:14:03:05 -0300] "POST /cormun/servlet/hlogin?61c8eb48b57dadf5d0f1924534739f27,gx-no-cache=1649177268358 HTTP/1.1" 200 90
192.168.10.17 - - [05/Apr/2022:14:03:05 -0300] "GET /cormun/servlet/hpexe_link HTTP/1.1" 200 949
192.168.10.17 - - [05/Apr/2022:14:03:05 -0300] "GET /cormun/servlet/hhome HTTP/1.1" 200 3781
192.168.10.17 - - [05/Apr/2022:14:03:05 -0300] "GET /cormun/servlet/hhome HTTP/1.1" 200 3778
192.168.10.17 - - [05/Apr/2022:14:03:09 -0300] "GET /cormun/servlet/trsolicitudgral? HTTP/1.1" 200 28736
192.168.10.17 - - [05/Apr/2022:14:03:10 -0300] "GET /cormun/servlet/trsolicitudgral? HTTP/1.1" 200 28734
192.168.10.17 - - [05/Apr/2022:14:03:17 -0300] "POST /cormun/servlet/trsolicitudgral?61c8eb48b57dadf5d0f1924534739f27,,gx-no-cache=1649177278248 HTTP/1.1" 200 26645
192.168.10.17 - - [05/Apr/2022:14:03:25 -0300] "POST /cormun/servlet/trsolicitudgral?61c8eb48b57dadf5d0f1924534739f27,,gx-no-cache=1649177288711 HTTP/1.1" 200 7340
192.168.10.17 - - [05/Apr/2022:14:03:30 -0300] "GET /cormun/servlet/vesolicitudgral?2022,18257,, HTTP/1.1" 200 8314
192.168.10.17 - - [05/Apr/2022:14:03:30 -0300] "GET /cormun/pexe_scrolldiv.js HTTP/1.1" 404 1009
192.168.10.17 - - [05/Apr/2022:14:03:31 -0300] "GET /cormun/servlet/vesolicitudgral?2022,18257,, HTTP/1.1" 200 8314
192.168.10.17 - - [05/Apr/2022:14:03:32 -0300] "GET /cormun/servlet/vesolicitudgral?2022,18257,,SolicitudOTAdjuntos HTTP/1.1" 200 7039
192.168.10.17 - - [05/Apr/2022:14:03:32 -0300] "GET /cormun/pexe_scrolldiv.js HTTP/1.1" 404 1009
192.168.10.17 - - [05/Apr/2022:14:03:32 -0300] "GET /cormun/servlet/vesolicitudgral?2022,18257,,SolicitudOTAdjuntos HTTP/1.1" 200 7039
192.168.10.17 - - [05/Apr/2022:14:03:33 -0300] "POST /cormun/servlet/acontrolpreferencessavestate?None,RRHH+DANIELA,true HTTP/1.1" 200 35
192.168.10.17 - - [05/Apr/2022:14:03:35 -0300] "GET /cormun/servlet/vesolicitudgral?2022,18257,,General HTTP/1.1" 200 8319
192.168.10.17 - - [05/Apr/2022:14:03:35 -0300] "GET /cormun/pexe_scrolldiv.js HTTP/1.1" 404 1009
192.168.10.17 - - [05/Apr/2022:14:03:35 -0300] "GET /cormun/servlet/vesolicitudgral?2022,18257,,General HTTP/1.1" 200 8319
190.171.142.10 - - [05/Apr/2022:14:04:10 -0300] "GET /cormun/servlet/prbanco?,MD,,gxPopupLevel%3D0%3B HTTP/1.1" 200 6548
190.171.142.10 - - [05/Apr/2022:14:04:18 -0300] "GET /cormun/servlet/solicitudot?fbb501234dec953e54a5b8ca54287d181d12208f6285f17746df4dc88a27f81ae7c4fda3fbab3628492f7eb10fcaaca590682554a98057b4271562c94314821a,gx-no-cache=1649177511152 HTTP/1.1" 200 30
190.171.142.10 - - [05/Apr/2022:14:04:22 -0300] "GET /cormun/servlet/solicitudot?fbb501234dec953e54a5b8ca54287d18f35b89b0db934ca4c2a999072d9355e4,gx-no-cache=1649177514624 HTTP/1.1" 200 53
190.171.142.10 - - [05/Apr/2022:14:04:48 -0300] "POST /cormun/servlet/solicitudot?gx-no-cache=1649177540555 HTTP/1.1" 200 255
190.171.142.26 - - [05/Apr/2022:14:04:48 -0300] "GET /cormun/servlet/hlogin HTTP/1.1" 200 1729
190.171.142.10 - - [05/Apr/2022:14:04:51 -0300] "GET /cormun/servlet/solicitudot?fbb501234dec953e54a5b8ca54287d188d7a34c915a53d2437a85d030e65e83d34334139756caf4b7a27d27a018191a71bf9d3906e59eb21059bc0727c0535b71341f336b11a63b03fd2eed11f232692ad542eb90ce989d573326cf3c3216916c7defe9f36a6b5a5801b3926acdba13c0cc26a07bb5efaba878b9570884206253598e043f005fbc013c521d4408328727bb9f6feefefdefde3b1c0b46c0ece3cb3d456cdeeb23726d1f3eaef0b14f9868ff896460a4b04cd846f8eaa062febf97bb74598cd6d88ab841156475eef46f5d7175ac79681aaa6a4fc28ebf10e7af35f6eb44d6b4482421efcfab1aaf22e826fa585366022c0887b23f6befe6abb859235e8d04b97b1469ccf3595f9b8aaff61190f9dc5551b89ed7f3ea9476d2fecd633222a166405fa52bfeff12c0ec379a8243425e6f3c9f0f2bc95236d5e1d092bfc02cfd869d78889067493bc6f00f602ff77070e678db55e01b29dc021b57b5e3254254df0382b6d2d08f9e3a298e6b0db263f4ec8ad89d182bee77b775899,gx-no-cache=1649177543484 HTTP/1.1" 200 30
190.171.142.26 - - [05/Apr/2022:14:04:56 -0300] "POST /cormun/servlet/hlogin?6f41ab54559717b4ed3dfe911b477f08,gx-no-cache=1649177548685 HTTP/1.1" 200 90
190.171.142.26 - - [05/Apr/2022:14:04:56 -0300] "GET /cormun/servlet/hpexe_link HTTP/1.1" 200 961
190.171.142.26 - - [05/Apr/2022:14:04:56 -0300] "GET /cormun/servlet/trrenuncias HTTP/1.1" 200 6841
190.171.142.26 - - [05/Apr/2022:14:04:56 -0300] "GET /cormun/servlet/trrenuncias HTTP/1.1" 200 6839
190.171.142.10 - - [05/Apr/2022:14:04:58 -0300] "POST /cormun/servlet/solicitudot?gx-no-cache=1649177550676 HTTP/1.1" 200 30
190.171.142.26 - - [05/Apr/2022:14:04:59 -0300] "GET /cormun/servlet/trlicencias? HTTP/1.1" 200 15989
190.171.142.26 - - [05/Apr/2022:14:05:00 -0300] "GET /cormun/servlet/trlicencias? HTTP/1.1" 200 15988
190.171.142.10 - - [05/Apr/2022:14:05:05 -0300] "GET /cormun/servlet/prcontratosol?19679840,,,,,MD,,gxPopupLevel%3D0%3B HTTP/1.1" 200 7628
190.171.142.10 - - [05/Apr/2022:14:05:05 -0300] "GET /cormun/static/gxcfg.js?2019914201458 HTTP/1.1" 200 953
190.171.142.10 - - [05/Apr/2022:14:05:05 -0300] "GET /cormun/static/Resources/Spanish/PXTools.css?19172979 HTTP/1.1" 200 100853
190.171.142.10 - - [05/Apr/2022:14:05:05 -0300] "GET /cormun/static/prcontratosol.js?20199142014772 HTTP/1.1" 200 15806
190.171.142.10 - - [05/Apr/2022:14:05:11 -0300] "POST /cormun/servlet/solicitudot?gx-no-cache=1649177563609 HTTP/1.1" 200 1536
190.171.142.10 - - [05/Apr/2022:14:05:11 -0300] "GET /cormun/static/Shared/jqueryui/images/ui-icons_82798d_256x240.png HTTP/1.1" 404 1089
190.171.142.10 - - [05/Apr/2022:14:05:11 -0300] "GET /cormun/static/Shared/jqueryui/images/ui-bg_highlight-soft_100_c6c2c8_1x100.png HTTP/1.1" 404 1117
190.171.142.10 - - [05/Apr/2022:14:05:11 -0300] "GET /cormun/static/Shared/jqueryui/images/ui-bg_flat_55_994d53_40x100.png HTTP/1.1" 404 1097
190.171.142.10 - - [05/Apr/2022:14:05:11 -0300] "GET /cormun/static/Shared/jqueryui/images/ui-icons_ebccce_256x240.png HTTP/1.1" 404 1089
190.171.142.10 - - [05/Apr/2022:14:05:11 -0300] "POST /cormun/servlet/solicitudot?gx-no-cache=1649177563808 HTTP/1.1" 200 117
190.171.142.10 - - [05/Apr/2022:14:05:11 -0300] "GET /cormun/servlet/solicitudot?fbb501234dec953e54a5b8ca54287d18d3b29db9951277c07d1072574bdc8179a784b58aab063f076b0f338c53e8397150c9aaced459e9ec4d4661b6813a8d8b574b70f6fdab36230dc0ef898b559c656b13a56bf306c20099683af4f517abd066764a03274b308cb981ba890ebf3dba,gx-no-cache=1649177563898 HTTP/1.1" 200 110
190.171.142.10 - - [05/Apr/2022:14:05:11 -0300] "POST /cormun/servlet/solicitudot?gx-no-cache=1649177563959 HTTP/1.1" 200 64
190.171.142.10 - - [05/Apr/2022:14:05:11 -0300] "GET /cormun/servlet/solicitudot?fbb501234dec953e54a5b8ca54287d18d05ae7cb0925a6a5ae5f26d5d4ca29085f72996c1a9fcd74175b53e4d4ee2f16befc80f91b76cebaac6c7ff00c0669e53f80e107b20c961a3cf71b618fc8fc097168bdbc32da12146a9a86a0f596614a11ad870b3c591c2ceb98549a38cb924d,gx-no-cache=1649177564071 HTTP/1.1" 200 29
190.171.142.10 - - [05/Apr/2022:14:05:11 -0300] "GET /cormun/servlet/solicitudot?fbb501234dec953e54a5b8ca54287d182975ad3605ac6b55f71d9d94385de2ddc2f86fc0d5e6d6f47f6ff920a903e7fe,gx-no-cache=1649177564158 HTTP/1.1" 200 134
190.171.142.26 - - [05/Apr/2022:14:05:28 -0300] "GET /cormun/servlet/licenciaspermisos?DSP,8225796,L,20220321000000, HTTP/1.1" 200 7077
190.171.142.26 - - [05/Apr/2022:14:05:29 -0300] "GET /cormun/servlet/licenciaspermisos?DSP,8225796,L,20220321000000, HTTP/1.1" 200 7078
190.171.142.10 - - [05/Apr/2022:14:05:40 -0300] "POST /cormun/servlet/solicitudot?gx-no-cache=1649177592315 HTTP/1.1" 200 1457
190.171.142.10 - - [05/Apr/2022:14:05:40 -0300] "GET /cormun/static/menuarrow.gif HTTP/1.1" 404 1015
190.171.142.26 - - [05/Apr/2022:14:05:45 -0300] "POST /cormun/servlet/licenciaspermisos?6f41ab54559717b4ed3dfe911b477f08,DSP,8225796,L,20220321000000,,gx-no-cache=1649177598354 HTTP/1.1" 200 93
190.171.142.26 - - [05/Apr/2022:14:05:46 -0300] "GET /cormun/servlet/hpexe_return? HTTP/1.1" 200 1032
190.171.142.26 - - [05/Apr/2022:14:05:46 -0300] "GET /cormun/servlet/trlicencias HTTP/1.1" 200 15994
190.171.142.26 - - [05/Apr/2022:14:05:47 -0300] "GET /cormun/servlet/trlicencias HTTP/1.1" 200 15988
190.171.142.10 - - [05/Apr/2022:14:05:59 -0300] "GET /cormun/servlet/trlicencias? HTTP/1.1" 200 14965
190.171.142.10 - - [05/Apr/2022:14:06:01 -0300] "GET /cormun/servlet/trlicencias? HTTP/1.1" 200 14955
190.171.142.26 - - [05/Apr/2022:14:06:02 -0300] "GET /cormun/servlet/licenciaspermisos?DSP,7178861,L,20220330000000, HTTP/1.1" 200 7061
190.171.142.26 - - [05/Apr/2022:14:06:03 -0300] "GET /cormun/servlet/licenciaspermisos?DSP,7178861,L,20220330000000, HTTP/1.1" 200 7061
190.171.142.10 - - [05/Apr/2022:14:06:05 -0300] "POST /cormun/servlet/trlicencias?1ddd554532b60d72463817bff06614b2,,gx-no-cache=1649177617589 HTTP/1.1" 200 12869
190.171.142.26 - - [05/Apr/2022:14:06:28 -0300] "POST /cormun/servlet/licenciaspermisos?6f41ab54559717b4ed3dfe911b477f08,DSP,7178861,L,20220330000000,,gx-no-cache=1649177641300 HTTP/1.1" 200 93
190.171.142.26 - - [05/Apr/2022:14:06:28 -0300] "GET /cormun/servlet/hpexe_return? HTTP/1.1" 200 1031
190.171.142.26 - - [05/Apr/2022:14:06:29 -0300] "GET /cormun/servlet/trlicencias HTTP/1.1" 200 15994
190.171.142.26 - - [05/Apr/2022:14:06:29 -0300] "GET /cormun/servlet/trlicencias HTTP/1.1" 200 15988
190.171.142.10 - - [05/Apr/2022:14:06:44 -0300] "GET /cormun/servlet/trsolicitudot? HTTP/1.1" 200 18259
190.171.142.10 - - [05/Apr/2022:14:06:46 -0300] "GET /cormun/servlet/trsolicitudot? HTTP/1.1" 200 18260
190.171.142.10 - - [05/Apr/2022:14:06:52 -0300] "GET /cormun/servlet/trsolicitudot? HTTP/1.1" 200 18260
190.171.142.10 - - [05/Apr/2022:14:06:54 -0300] "GET /cormun/servlet/trsolicitudot? HTTP/1.1" 200 18260
190.171.142.10 - - [05/Apr/2022:14:06:59 -0300] "GET /cormun/servlet/solicitudot?INS,0,0,false, HTTP/1.1" 200 15714
190.171.142.10 - - [05/Apr/2022:14:07:00 -0300] "GET /cormun/servlet/solicitudot?INS,0,0,false, HTTP/1.1" 200 15722
190.171.142.10 - - [05/Apr/2022:14:07:29 -0300] "POST /cormun/servlet/solicitudot?gx-no-cache=1649177701337 HTTP/1.1" 200 3858
190.171.142.10 - - [05/Apr/2022:14:07:29 -0300] "POST /cormun/servlet/solicitudot?1ddd554532b60d72463817bff06614b2,INS,0,0,false,,gx-no-cache=1649177701569 HTTP/1.1" 200 12398
190.171.142.10 - - [05/Apr/2022:14:07:35 -0300] "GET /cormun/servlet/solicitudot?fbb501234dec953e54a5b8ca54287d18261e881b7563262e39dd8dc4a44cc68b7b97d8eaddef72286a7d479817774c65,gx-no-cache=1649177708035 HTTP/1.1" 200 30
190.171.142.10 - - [05/Apr/2022:14:09:18 -0300] "GET /cormun/servlet/prbanco?,MD,,gxPopupLevel%3D0%3B HTTP/1.1" 200 6548
190.171.142.10 - - [05/Apr/2022:14:09:22 -0300] "GET /cormun/servlet/solicitudot?fbb501234dec953e54a5b8ca54287d181d12208f6285f17746df4dc88a27f81ae7c4fda3fbab3628492f7eb10fcaaca590682554a98057b4271562c94314821a,gx-no-cache=1649177815121 HTTP/1.1" 200 30
190.171.142.10 - - [05/Apr/2022:14:09:23 -0300] "GET /cormun/servlet/solicitudot?fbb501234dec953e54a5b8ca54287d18f35b89b0db934ca4c2a999072d9355e4,gx-no-cache=1649177816326 HTTP/1.1" 200 53
190.171.142.10 - - [05/Apr/2022:14:09:41 -0300] "POST /cormun/servlet/solicitudot?gx-no-cache=1649177833902 HTTP/1.1" 200 255
190.171.142.10 - - [05/Apr/2022:14:09:43 -0300] "GET /cormun/servlet/solicitudot?fbb501234dec953e54a5b8ca54287d188d7a34c915a53d2437a85d030e65e83d34334139756caf4b7a27d27a018191a71bf9d3906e59eb21059bc0727c0535b71341f336b11a63b03fd2eed11f232692ad542eb90ce989d573326cf3c3216916c7defe9f36a6b5a5801b3926acdba13c0cc26a07bb5efaba878b9570884206253598e043f005fbc013c521d4408328727bb9f6feefefdefde3b1c0b46c0ece3cb3d456cdeeb23726d1f3eaef0b14f9868ff896460a4b04cd846f8eaa062febf97bb74598cd6d88ab841156475eef46f5d7175ac79681aaa6a4fc28ebf10e7af35f6eb44d6b4482421efcfab1aaf22e826fa585366022c0887b23f6befe6abb859235e8d04b97b1469ccf3595f9b8aaff61190f9dc5551b89ed7f3ea9476d2fecd633222a166405fa52bfeff12c0ec379a8243425e6f3c9f0f2bc95236d5e1d092bfc02cfd869d78889067493bc6f00f602ff77070e678db55e01b29dc021b57b5e3254254df0382b6d2d08f9e3a298e6b0db263f4ec8ad89d182bee77b775899,gx-no-cache=1649177836132 HTTP/1.1" 200 30
190.171.142.10 - - [05/Apr/2022:14:09:47 -0300] "POST /cormun/servlet/solicitudot?gx-no-cache=1649177839636 HTTP/1.1" 200 30
24.152.35.203 - - [05/Apr/2022:14:09:48 -0300] "GET / HTTP/1.1" 200 11217
190.171.142.10 - - [05/Apr/2022:14:09:55 -0300] "GET /cormun/servlet/prcontratosol?19679840,,,,,MD,,gxPopupLevel%3D0%3B HTTP/1.1" 200 7628
190.171.142.10 - - [05/Apr/2022:14:09:58 -0300] "POST /cormun/servlet/solicitudot?gx-no-cache=1649177851429 HTTP/1.1" 200 1536
190.171.142.10 - - [05/Apr/2022:14:09:59 -0300] "GET /cormun/static/Shared/jqueryui/images/ui-bg_highlight-soft_100_c6c2c8_1x100.png HTTP/1.1" 404 1117
190.171.142.10 - - [05/Apr/2022:14:09:59 -0300] "GET /cormun/static/Shared/jqueryui/images/ui-icons_82798d_256x240.png HTTP/1.1" 404 1089
190.171.142.10 - - [05/Apr/2022:14:09:59 -0300] "GET /cormun/static/Shared/jqueryui/images/ui-bg_flat_55_994d53_40x100.png HTTP/1.1" 404 1097
190.171.142.10 - - [05/Apr/2022:14:09:59 -0300] "GET /cormun/static/Shared/jqueryui/images/ui-icons_ebccce_256x240.png HTTP/1.1" 404 1089
190.171.142.10 - - [05/Apr/2022:14:09:59 -0300] "POST /cormun/servlet/solicitudot?gx-no-cache=1649177851530 HTTP/1.1" 200 117
190.171.142.10 - - [05/Apr/2022:14:09:59 -0300] "GET /cormun/servlet/solicitudot?fbb501234dec953e54a5b8ca54287d18d3b29db9951277c07d1072574bdc8179a784b58aab063f076b0f338c53e8397150c9aaced459e9ec4d4661b6813a8d8b574b70f6fdab36230dc0ef898b559c656b13a56bf306c20099683af4f517abd066764a03274b308cb981ba890ebf3dba,gx-no-cache=1649177851585 HTTP/1.1" 200 110
190.171.142.10 - - [05/Apr/2022:14:09:59 -0300] "POST /cormun/servlet/solicitudot?gx-no-cache=1649177851631 HTTP/1.1" 200 64
190.171.142.10 - - [05/Apr/2022:14:09:59 -0300] "GET /cormun/servlet/solicitudot?fbb501234dec953e54a5b8ca54287d18d05ae7cb0925a6a5ae5f26d5d4ca29085f72996c1a9fcd74175b53e4d4ee2f16befc80f91b76cebaac6c7ff00c0669e53f80e107b20c961a3cf71b618fc8fc097168bdbc32da12146a9a86a0f596614a11ad870b3c591c2ceb98549a38cb924d,gx-no-cache=1649177851686 HTTP/1.1" 200 29
190.171.142.10 - - [05/Apr/2022:14:09:59 -0300] "GET /cormun/servlet/solicitudot?fbb501234dec953e54a5b8ca54287d182975ad3605ac6b55f71d9d94385de2ddc2f86fc0d5e6d6f47f6ff920a903e7fe,gx-no-cache=1649177851723 HTTP/1.1" 200 134
190.171.142.10 - - [05/Apr/2022:14:10:31 -0300] "POST /cormun/servlet/solicitudot?gx-no-cache=1649177884245 HTTP/1.1" 200 1457
190.171.142.10 - - [05/Apr/2022:14:10:37 -0300] "GET /cormun/servlet/prlicenciaspermisos?7161923,L,,MD,,gxPopupLevel%3D0%3B HTTP/1.1" 200 6268
190.171.142.10 - - [05/Apr/2022:14:10:44 -0300] "POST /cormun/servlet/solicitudot?gx-no-cache=1649177896624 HTTP/1.1" 200 41
190.171.142.10 - - [05/Apr/2022:14:11:03 -0300] "GET /cormun/servlet/solicitudot?fbb501234dec953e54a5b8ca54287d18d3b29db9951277c07d1072574bdc8179a784b58aab063f076b0f338c53e8397150c9aaced459e9ec4d4661b6813a8d8b574b70f6fdab36230dc0ef898b559c656b13a56bf306c20099683af4f517abd066764a03274b308cb981ba890ebf3dba,gx-no-cache=1649177915517 HTTP/1.1" 200 110
40.77.167.103 - - [05/Apr/2022:14:11:16 -0300] "GET /robots.txt HTTP/1.1" 404 981
40.77.167.19 - - [05/Apr/2022:14:11:19 -0300] "GET /cormun/servlet/hpexe_return HTTP/1.1" 200 970
190.171.142.10 - - [05/Apr/2022:14:11:22 -0300] "POST /cormun/servlet/solicitudot?gx-no-cache=1649177935432 HTTP/1.1" 200 59
190.171.142.10 - - [05/Apr/2022:14:11:33 -0300] "GET /cormun/static/menuarrow.gif HTTP/1.1" 404 1015
190.171.142.10 - - [05/Apr/2022:14:11:51 -0300] "GET /cormun/servlet/solicitudot?fbb501234dec953e54a5b8ca54287d1895eed4d4c87dcab1d098600c3e067911e8e72b6e26b97423374e736e4ac5beaa,gx-no-cache=1649177963731 HTTP/1.1" 200 30
190.171.142.10 - - [05/Apr/2022:14:12:08 -0300] "POST /cormun/servlet/solicitudot?gx-no-cache=1649177981020 HTTP/1.1" 200 32
192.168.10.17 - - [05/Apr/2022:14:12:18 -0300] "GET /cormun/servlet/trsolicitudgral? HTTP/1.1" 200 10381
192.168.10.17 - - [05/Apr/2022:14:12:19 -0300] "GET /cormun/servlet/trsolicitudgral? HTTP/1.1" 200 10378
190.171.142.10 - - [05/Apr/2022:14:12:19 -0300] "POST /cormun/servlet/solicitudot?1ddd554532b60d72463817bff06614b2,INS,0,0,false,,gx-no-cache=1649177991483 HTTP/1.1" 200 93
190.171.142.10 - - [05/Apr/2022:14:12:19 -0300] "GET /cormun/servlet/hpexe_return? HTTP/1.1" 200 1008
190.171.142.10 - - [05/Apr/2022:14:12:20 -0300] "GET /cormun/servlet/trsolicitudot HTTP/1.1" 200 18807
190.171.142.10 - - [05/Apr/2022:14:12:22 -0300] "GET /cormun/servlet/trsolicitudot HTTP/1.1" 200 18803
192.168.10.17 - - [05/Apr/2022:14:12:25 -0300] "POST /cormun/servlet/trsolicitudgral?61c8eb48b57dadf5d0f1924534739f27,,gx-no-cache=1649177825757 HTTP/1.1" 200 26868
