190.171.142.26 - - [04/Apr/2022:13:04:38 -0300] "GET /cormun/static/Shared/jqueryui/images/ui-icons_ebccce_256x240.png HTTP/1.1" 404 1089
190.171.142.26 - - [04/Apr/2022:13:04:38 -0300] "GET /cormun/static/Shared/jqueryui/images/ui-bg_flat_55_994d53_40x100.png HTTP/1.1" 404 1097
190.171.142.26 - - [04/Apr/2022:13:04:38 -0300] "GET /cormun/static/Shared/jqueryui/images/ui-bg_highlight-soft_100_c6c2c8_1x100.png HTTP/1.1" 404 1117
190.171.142.26 - - [04/Apr/2022:13:04:38 -0300] "POST /cormun/servlet/solicitudot?gx-no-cache=1649087530957 HTTP/1.1" 200 117
190.171.142.26 - - [04/Apr/2022:13:04:38 -0300] "GET /cormun/servlet/solicitudot?0772144b221ec64446a219a3a856ded15f7808f0ac6c8d003f5a74ae9d22c4966117f115ca70520c6c03176ef4836b545689116d2a8b73684536f76194d873d8d3de01061da6f9c29921b370451ded3bab9eed38a3c975b0f3e54644615fc2ba78e2835ba3bf378905eaf2b6188ace7b,gx-no-cache=1649087531089 HTTP/1.1" 200 110
190.171.142.26 - - [04/Apr/2022:13:04:38 -0300] "POST /cormun/servlet/solicitudot?gx-no-cache=1649087531146 HTTP/1.1" 200 64
190.171.142.26 - - [04/Apr/2022:13:04:38 -0300] "GET /cormun/servlet/solicitudot?0772144b221ec64446a219a3a856ded137b2d8b0007b5ce5604ec1f6a130b5b65ba31476aca4ae966af910255087275aee93f63b52faa86d8273d4d7af848d8ce6deac96b7fadc0b904c32bcece77cdff3a19070b62013f3f3eda68775035d42f1f1f53a5ecc187f4920745150a70e4a214b769e962b3b9fa68aae7a8cd2a6c75809de6c7862a699d86df7f348bd7306d7ac23356c63741f9e10df528e6519d8,gx-no-cache=1649087531218 HTTP/1.1" 200 29
190.171.142.26 - - [04/Apr/2022:13:04:38 -0300] "GET /cormun/servlet/solicitudot?0772144b221ec64446a219a3a856ded1050151cbc5de5074fbbb69bc9bd3af530e540359fb63522fc3138d1a305b7218,gx-no-cache=1649087531265 HTTP/1.1" 200 134
40.77.167.19 - - [04/Apr/2022:13:04:44 -0300] "GET /cormun/servlet/hpexe_return HTTP/1.1" 200 975
40.77.167.22 - - [04/Apr/2022:13:04:52 -0300] "GET /cormun/servlet/hhome HTTP/1.1" 200 3311
190.95.67.97 - - [04/Apr/2022:13:04:56 -0300] "POST /cormun/servlet/solicitudot?2f1acfd39adc970e6ca8ca4f74ec89f1,INS,0,0,false,,gx-no-cache=1649087549818 HTTP/1.1" 200 93
190.95.67.97 - - [04/Apr/2022:13:04:56 -0300] "GET /cormun/servlet/hpexe_return? HTTP/1.1" 200 1013
190.95.67.97 - - [04/Apr/2022:13:04:57 -0300] "GET /cormun/servlet/trsolicitudot HTTP/1.1" 200 8596
190.95.67.97 - - [04/Apr/2022:13:04:57 -0300] "GET /cormun/servlet/trsolicitudot HTTP/1.1" 200 8593
190.171.142.26 - - [04/Apr/2022:13:04:59 -0300] "GET /cormun/servlet/prlicenciaspermisos?17108069,L,,MD,,gxPopupLevel%3D0%3B HTTP/1.1" 200 5948
190.171.142.26 - - [04/Apr/2022:13:04:59 -0300] "GET /cormun/static/gxcfg.js?2020121559567 HTTP/1.1" 200 953
190.171.142.26 - - [04/Apr/2022:13:04:59 -0300] "GET /cormun/static/prlicenciaspermisos.js?2020121559821 HTTP/1.1" 200 13379
190.171.142.26 - - [04/Apr/2022:13:05:04 -0300] "POST /cormun/servlet/solicitudot?gx-no-cache=1649087556852 HTTP/1.1" 200 1454
190.171.142.26 - - [04/Apr/2022:13:05:07 -0300] "POST /cormun/servlet/solicitudot?gx-no-cache=1649087560571 HTTP/1.1" 200 41
190.171.142.26 - - [04/Apr/2022:13:05:07 -0300] "GET /cormun/servlet/solicitudot?0772144b221ec64446a219a3a856ded15f7808f0ac6c8d003f5a74ae9d22c4966117f115ca70520c6c03176ef4836b545689116d2a8b73684536f76194d873d8d3de01061da6f9c29921b370451ded3bab9eed38a3c975b0f3e54644615fc2ba78e2835ba3bf378905eaf2b6188ace7b,gx-no-cache=1649087560623 HTTP/1.1" 200 110
190.171.142.26 - - [04/Apr/2022:13:05:07 -0300] "POST /cormun/servlet/solicitudot?gx-no-cache=1649087560663 HTTP/1.1" 200 97
207.46.13.84 - - [04/Apr/2022:13:05:15 -0300] "GET /cormun/servlet/hpexe_link HTTP/1.1" 200 928
190.171.142.26 - - [04/Apr/2022:13:05:20 -0300] "GET /cormun/static/menuarrow.gif HTTP/1.1" 404 1015
190.171.142.26 - - [04/Apr/2022:13:05:28 -0300] "GET /cormun/servlet/solicitudot?0772144b221ec64446a219a3a856ded1e9dd21104d065f6caa5367dcd5fa6ac3ae32484b5400a3de5d1a7fcb628683b3,gx-no-cache=1649087580897 HTTP/1.1" 200 30
190.171.142.26 - - [04/Apr/2022:13:05:45 -0300] "POST /cormun/servlet/solicitudot?gx-no-cache=1649087598669 HTTP/1.1" 200 32
190.171.142.26 - - [04/Apr/2022:13:06:53 -0300] "POST /cormun/servlet/solicitudot?e2e1f7dbf9836312779607a9ce5b1814,INS,0,0,false,,gx-no-cache=1649087665859 HTTP/1.1" 200 93
190.171.142.26 - - [04/Apr/2022:13:06:53 -0300] "GET /cormun/servlet/hpexe_return? HTTP/1.1" 200 1007
190.171.142.26 - - [04/Apr/2022:13:06:53 -0300] "GET /cormun/servlet/trsolicitudot HTTP/1.1" 200 8639
190.171.142.26 - - [04/Apr/2022:13:06:54 -0300] "GET /cormun/servlet/trsolicitudot HTTP/1.1" 200 8633
190.171.142.26 - - [04/Apr/2022:13:07:09 -0300] "POST /cormun/servlet/trsolicitudot?e2e1f7dbf9836312779607a9ce5b1814,gx-no-cache=1649087682205 HTTP/1.1" 200 4585
190.171.142.26 - - [04/Apr/2022:13:07:09 -0300] "GET /cormun/static/Shared/jqueryui/images/ui-bg_highlight-soft_100_c6c2c8_1x100.png HTTP/1.1" 404 1117
190.171.142.26 - - [04/Apr/2022:13:07:09 -0300] "GET /cormun/static/Shared/jqueryui/images/ui-icons_82798d_256x240.png HTTP/1.1" 404 1089
190.171.142.26 - - [04/Apr/2022:13:07:09 -0300] "GET /cormun/static/Shared/jqueryui/images/ui-icons_8d78a5_256x240.png HTTP/1.1" 404 1089
190.171.142.26 - - [04/Apr/2022:13:07:09 -0300] "GET /cormun/static/Shared/jqueryui/images/ui-bg_flat_55_fafafa_40x100.png HTTP/1.1" 404 1097
190.171.142.26 - - [04/Apr/2022:13:07:09 -0300] "POST /cormun/servlet/trsolicitudot?e2e1f7dbf9836312779607a9ce5b1814,gx-no-cache=1649087682468 HTTP/1.1" 200 4336
190.171.142.26 - - [04/Apr/2022:13:07:25 -0300] "GET /cormun/servlet/hlogin HTTP/1.1" 200 1724
190.171.142.26 - - [04/Apr/2022:13:07:35 -0300] "POST /cormun/servlet/hlogin?e2e1f7dbf9836312779607a9ce5b1814,gx-no-cache=1649087708327 HTTP/1.1" 200 90
190.171.142.26 - - [04/Apr/2022:13:07:35 -0300] "GET /cormun/servlet/hpexe_link HTTP/1.1" 200 951
190.171.142.26 - - [04/Apr/2022:13:07:35 -0300] "GET /cormun/servlet/hhome HTTP/1.1" 200 4244
190.171.142.26 - - [04/Apr/2022:13:07:36 -0300] "GET /cormun/servlet/hhome HTTP/1.1" 200 4240
190.171.142.26 - - [04/Apr/2022:13:07:36 -0300] "GET /cormun/static/SmoothNavMenu/resources/images/right.gif HTTP/1.1" 200 860
190.171.142.26 - - [04/Apr/2022:13:07:40 -0300] "GET /cormun/servlet/trautorizarsolicitud? HTTP/1.1" 200 8792
190.171.142.26 - - [04/Apr/2022:13:07:40 -0300] "GET /cormun/static/gxcfg.js?201991422414522 HTTP/1.1" 200 953
190.171.142.26 - - [04/Apr/2022:13:07:40 -0300] "GET /cormun/static/trautorizarsolicitud.js?201991422415463 HTTP/1.1" 200 53910
190.171.142.26 - - [04/Apr/2022:13:07:40 -0300] "GET /cormun/servlet/trautorizarsolicitud? HTTP/1.1" 200 8790
190.171.142.26 - - [04/Apr/2022:13:07:47 -0300] "POST /cormun/servlet/trautorizarsolicitud?e2e1f7dbf9836312779607a9ce5b1814,,gx-no-cache=1649087719863 HTTP/1.1" 200 4794
190.171.142.26 - - [04/Apr/2022:13:07:47 -0300] "GET /cormun/static/Shared/jqueryui/images/ui-bg_highlight-soft_100_c6c2c8_1x100.png HTTP/1.1" 404 1117
190.171.142.26 - - [04/Apr/2022:13:07:47 -0300] "GET /cormun/static/Shared/jqueryui/images/ui-icons_82798d_256x240.png HTTP/1.1" 404 1089
190.171.142.26 - - [04/Apr/2022:13:07:47 -0300] "GET /cormun/static/Shared/jqueryui/images/ui-bg_flat_55_fafafa_40x100.png HTTP/1.1" 404 1097
190.171.142.26 - - [04/Apr/2022:13:07:47 -0300] "GET /cormun/static/Shared/jqueryui/images/ui-icons_8d78a5_256x240.png HTTP/1.1" 404 1089
190.171.142.26 - - [04/Apr/2022:13:07:47 -0300] "POST /cormun/servlet/trautorizarsolicitud?e2e1f7dbf9836312779607a9ce5b1814,,gx-no-cache=1649087720098 HTTP/1.1" 200 4538
40.77.189.96 - - [04/Apr/2022:13:07:55 -0300] "GET /cormun/static/gxcfg.js?2020121613995 HTTP/1.1" 200 953
45.155.204.146 - - [04/Apr/2022:13:08:07 -0300] "GET / HTTP/1.1" 200 11217
186.67.172.234 - - [04/Apr/2022:13:08:16 -0300] "GET /cormun/servlet/hlogin HTTP/1.1" 200 1719
186.67.172.234 - - [04/Apr/2022:13:08:23 -0300] "POST /cormun/servlet/hlogin?0609e424bc742881475cf9855681e54d,gx-no-cache=1649084119583 HTTP/1.1" 200 90
186.67.172.234 - - [04/Apr/2022:13:08:23 -0300] "GET /cormun/servlet/hpexe_link HTTP/1.1" 200 948
186.67.172.234 - - [04/Apr/2022:13:08:23 -0300] "GET /cormun/servlet/hhome HTTP/1.1" 200 4364
186.67.172.234 - - [04/Apr/2022:13:08:24 -0300] "GET /cormun/servlet/hhome HTTP/1.1" 200 4361
186.67.172.234 - - [04/Apr/2022:13:08:28 -0300] "GET /cormun/servlet/trlicencias? HTTP/1.1" 200 12749
186.67.172.234 - - [04/Apr/2022:13:08:29 -0300] "GET /cormun/servlet/trlicencias? HTTP/1.1" 200 12742
186.67.172.234 - - [04/Apr/2022:13:09:36 -0300] "GET /cormun/servlet/hlogin HTTP/1.1" 200 1719
190.171.154.42 - - [04/Apr/2022:13:11:21 -0300] "POST /cormun/servlet/trlicencias?5ea1ee0ee41f5c3b8fe8f7368f15adea,,gx-no-cache=1649087932224 HTTP/1.1" 440 972
190.171.154.42 - - [04/Apr/2022:13:11:23 -0300] "GET /cormun/servlet/trlicencias? HTTP/1.1" 200 9385
190.171.154.42 - - [04/Apr/2022:13:11:27 -0300] "GET /cormun/servlet/hlogin HTTP/1.1" 200 1736
190.171.154.42 - - [04/Apr/2022:13:11:27 -0300] "GET /cormun/servlet/trlicencias? HTTP/1.1" 200 9385
200.54.107.2 - - [04/Apr/2022:13:11:32 -0300] "GET /cormun/servlet/trsolicitudot? HTTP/1.1" 200 6333
200.54.107.2 - - [04/Apr/2022:13:11:36 -0300] "GET /cormun/servlet/hlogin HTTP/1.1" 200 1750
200.54.107.2 - - [04/Apr/2022:13:11:36 -0300] "GET /cormun/servlet/trsolicitudot? HTTP/1.1" 200 6330
190.171.154.42 - - [04/Apr/2022:13:11:39 -0300] "POST /cormun/servlet/hlogin?01d1506fa310d998f987970fb5c3b2d0,gx-no-cache=1649087950500 HTTP/1.1" 200 90
190.171.154.42 - - [04/Apr/2022:13:11:39 -0300] "GET /cormun/servlet/hpexe_link HTTP/1.1" 200 949
190.171.154.42 - - [04/Apr/2022:13:11:40 -0300] "GET /cormun/servlet/trlicencias HTTP/1.1" 200 13258
190.171.154.42 - - [04/Apr/2022:13:11:42 -0300] "GET /cormun/servlet/trlicencias HTTP/1.1" 200 13247
190.171.154.42 - - [04/Apr/2022:13:11:46 -0300] "POST /cormun/servlet/trlicencias?01d1506fa310d998f987970fb5c3b2d0,gx-no-cache=1649087956963 HTTP/1.1" 200 11060
200.54.107.2 - - [04/Apr/2022:13:11:51 -0300] "POST /cormun/servlet/hlogin?6256a8c22e64096ed20389b8762df68f,gx-no-cache=1649087964182 HTTP/1.1" 200 90
200.54.107.2 - - [04/Apr/2022:13:11:51 -0300] "GET /cormun/servlet/hpexe_link HTTP/1.1" 200 964
200.54.107.2 - - [04/Apr/2022:13:11:51 -0300] "GET /cormun/servlet/trsolicitudot HTTP/1.1" 200 8828
200.54.107.2 - - [04/Apr/2022:13:11:52 -0300] "GET /cormun/servlet/trsolicitudot HTTP/1.1" 200 8827
45.155.204.146 - - [04/Apr/2022:13:13:19 -0300] "POST /cgi-bin/.%2e/.%2e/.%2e/.%2e/bin/sh HTTP/1.1" 400 -
186.67.172.234 - - [04/Apr/2022:13:13:25 -0300] "GET /cormun/servlet/trfichaempleado? HTTP/1.1" 200 8113
163.247.41.10 - - [04/Apr/2022:13:16:56 -0300] "GET /cormun/servlet/hlogin HTTP/1.1" 200 1727
163.247.41.10 - - [04/Apr/2022:13:16:56 -0300] "GET /cormun/static/gxtimezone.js?85251 HTTP/1.1" 200 5781
163.247.41.10 - - [04/Apr/2022:13:16:56 -0300] "GET /cormun/static/gxcfg.js?201910216285969 HTTP/1.1" 200 953
163.247.41.10 - - [04/Apr/2022:13:16:56 -0300] "GET /cormun/static/Resources/Spanish/PXTools.css?2294816 HTTP/1.1" 200 100853
163.247.41.10 - - [04/Apr/2022:13:16:56 -0300] "GET /cormun/static/messages.spa.js?85251 HTTP/1.1" 200 30736
163.247.41.10 - - [04/Apr/2022:13:16:56 -0300] "GET /cormun/static/gxgral.js?85251 HTTP/1.1" 200 384558
163.247.41.10 - - [04/Apr/2022:13:16:56 -0300] "GET /cormun/static/hlogin.js?201910216285995 HTTP/1.1" 200 2136
163.247.41.10 - - [04/Apr/2022:13:16:56 -0300] "GET /cormun/static/Resources/Logo2019_Grande.png HTTP/1.1" 200 31733
163.247.41.10 - - [04/Apr/2022:13:16:56 -0300] "GET /cormun/static/Resources/PXToolsLoginTop.png HTTP/1.1" 200 1337
163.247.41.10 - - [04/Apr/2022:13:16:57 -0300] "GET /cormun/static/Resources/PXToolsButtonRight.png HTTP/1.1" 200 1294
163.247.41.10 - - [04/Apr/2022:13:16:57 -0300] "GET /cormun/static/Resources/PXToolsButtonLeft.png HTTP/1.1" 200 1310
163.247.41.10 - - [04/Apr/2022:13:16:57 -0300] "GET /cormun/static/Resources/PXToolsLoginBackground.png HTTP/1.1" 200 1164
163.247.41.10 - - [04/Apr/2022:13:16:57 -0300] "GET /cormun/servlet/hlogin HTTP/1.1" 200 1736
163.247.41.10 - - [04/Apr/2022:13:16:57 -0300] "GET /cormun/static/Resources/PXToolsButtonBackground.png HTTP/1.1" 200 1176
163.247.41.10 - - [04/Apr/2022:13:16:57 -0300] "GET /cormun/static/Resources/PXToolsLoginBottom.png HTTP/1.1" 200 1389
163.247.41.10 - - [04/Apr/2022:13:16:57 -0300] "GET /cormun/static/Resources/PXToolsButtonRight.png HTTP/1.1" 200 1294
163.247.41.10 - - [04/Apr/2022:13:16:57 -0300] "GET /cormun/static/Resources/PXToolsButtonBackground.png HTTP/1.1" 200 1176
163.247.41.10 - - [04/Apr/2022:13:16:57 -0300] "GET /cormun/static/Resources/PXToolsLoginBottom.png HTTP/1.1" 200 1389
163.247.41.10 - - [04/Apr/2022:13:16:57 -0300] "GET /cormun/static/Resources/PXToolsButtonLeft.png HTTP/1.1" 200 1310
163.247.41.10 - - [04/Apr/2022:13:16:57 -0300] "GET /cormun/static/Resources/PXToolsLoginBackground.png HTTP/1.1" 200 1164
163.247.41.10 - - [04/Apr/2022:13:16:57 -0300] "GET /cormun/static/Resources/indicator.gif HTTP/1.1" 200 1553
163.247.41.10 - - [04/Apr/2022:13:16:57 -0300] "GET /favicon.ico HTTP/1.1" 200 21630
190.171.143.82 - - [04/Apr/2022:13:17:07 -0300] "GET /cormun/servlet/permisogoce?9ce2c30bafc9ea257fc07723b2b4242249af5f4ca7cc6cf36578c4a3dc022f969f7ecf6540788177a3b06d1ca21cd18db528628118e2658e533cf26a78f4dcef,gx-no-cache=1649088280286 HTTP/1.1" 440 972
190.171.143.82 - - [04/Apr/2022:13:17:08 -0300] "GET /cormun/servlet/permisogoce?9ce2c30bafc9ea257fc07723b2b424228108a328d1a18a2d0b4418ec7ec48144bfb5797deebfb73341c5884dc2c78671,gx-no-cache=1649088281886 HTTP/1.1" 440 972
190.171.143.82 - - [04/Apr/2022:13:17:08 -0300] "GET /cormun/servlet/permisogoce?INS,0,,, HTTP/1.1" 200 6017
190.171.143.82 - - [04/Apr/2022:13:17:10 -0300] "POST /cormun/servlet/permisogoce?067484b47ed264db9abe7a5f03e07e35,INS,0,,,,gx-no-cache=1649088283522 HTTP/1.1" 440 972
190.171.143.82 - - [04/Apr/2022:13:17:10 -0300] "GET /cormun/servlet/permisogoce?INS,0,,, HTTP/1.1" 200 6017
190.171.143.82 - - [04/Apr/2022:13:17:12 -0300] "GET /cormun/servlet/permisogoce?INS,0,,, HTTP/1.1" 200 6017
190.171.143.82 - - [04/Apr/2022:13:17:14 -0300] "GET /cormun/servlet/hlogin HTTP/1.1" 200 1744
190.171.143.82 - - [04/Apr/2022:13:17:14 -0300] "GET /cormun/servlet/permisogoce?INS,0,,, HTTP/1.1" 200 6017
190.171.143.82 - - [04/Apr/2022:13:17:17 -0300] "POST /cormun/servlet/hlogin?dbc15f138f0d7118c8020f2c9b32126a,gx-no-cache=1649088290267 HTTP/1.1" 200 90
190.171.143.82 - - [04/Apr/2022:13:17:17 -0300] "GET /cormun/servlet/hpexe_link HTTP/1.1" 200 961
190.171.143.82 - - [04/Apr/2022:13:17:17 -0300] "GET /cormun/servlet/permisogoce?INS,0,,, HTTP/1.1" 200 7071
190.171.143.82 - - [04/Apr/2022:13:17:19 -0300] "GET /cormun/servlet/permisogoce?INS,0,,, HTTP/1.1" 200 7070
190.171.142.26 - - [04/Apr/2022:13:17:37 -0300] "GET /cormun/servlet/trlicencias? HTTP/1.1" 200 16050
190.171.142.26 - - [04/Apr/2022:13:17:39 -0300] "GET /cormun/servlet/trlicencias? HTTP/1.1" 200 16046
190.171.143.82 - - [04/Apr/2022:13:17:40 -0300] "GET /cormun/servlet/prfichaempleado?,MD,,gxPopupLevel%3D0%3B HTTP/1.1" 200 9396
190.171.142.26 - - [04/Apr/2022:13:17:45 -0300] "GET /cormun/servlet/licenciaspermisos?DSP,11889079,L,20220331000000, HTTP/1.1" 200 7351
190.171.142.26 - - [04/Apr/2022:13:17:46 -0300] "GET /cormun/servlet/licenciaspermisos?DSP,11889079,L,20220331000000, HTTP/1.1" 200 7351
190.171.143.82 - - [04/Apr/2022:13:17:48 -0300] "POST /cormun/servlet/prfichaempleado?dbc15f138f0d7118c8020f2c9b32126a,,MD,,gxPopupLevel%3D0%3B,gx-no-cache=1649088321248 HTTP/1.1" 200 3531
190.171.142.26 - - [04/Apr/2022:13:17:49 -0300] "POST /cormun/servlet/licenciaspermisos?e2e1f7dbf9836312779607a9ce5b1814,DSP,11889079,L,20220331000000,,gx-no-cache=1649088322306 HTTP/1.1" 200 93
190.171.142.26 - - [04/Apr/2022:13:17:49 -0300] "GET /cormun/servlet/hpexe_return? HTTP/1.1" 200 1027
190.171.142.26 - - [04/Apr/2022:13:17:49 -0300] "GET /cormun/servlet/trlicencias HTTP/1.1" 200 16049
190.171.142.26 - - [04/Apr/2022:13:17:50 -0300] "GET /cormun/servlet/trlicencias HTTP/1.1" 200 16073
190.171.143.82 - - [04/Apr/2022:13:17:52 -0300] "GET /cormun/servlet/permisogoce?a727cb355348cc5645eb5e3ee2cb7546d701a3555957bb09ebac7bb6ef4ec48ec03e8b84918c66d491aa2dcbd31a696c7a761130a06c94bcc85d591e724d144c,gx-no-cache=1649088325739 HTTP/1.1" 200 81
190.171.143.82 - - [04/Apr/2022:13:17:52 -0300] "GET /cormun/static/menuarrow.gif HTTP/1.1" 404 1015
190.171.142.26 - - [04/Apr/2022:13:17:55 -0300] "GET /cormun/servlet/licenciaspermisos?DSP,17477438,L,20220404000000, HTTP/1.1" 200 7364
190.171.142.26 - - [04/Apr/2022:13:17:55 -0300] "GET /cormun/servlet/licenciaspermisos?DSP,17477438,L,20220404000000, HTTP/1.1" 200 7364
190.171.142.26 - - [04/Apr/2022:13:17:58 -0300] "POST /cormun/servlet/licenciaspermisos?e2e1f7dbf9836312779607a9ce5b1814,DSP,17477438,L,20220404000000,,gx-no-cache=1649088331191 HTTP/1.1" 200 93
190.171.142.26 - - [04/Apr/2022:13:17:58 -0300] "GET /cormun/servlet/hpexe_return? HTTP/1.1" 200 1026
190.171.142.26 - - [04/Apr/2022:13:17:58 -0300] "GET /cormun/servlet/trlicencias HTTP/1.1" 200 16052
190.171.142.26 - - [04/Apr/2022:13:17:59 -0300] "GET /cormun/servlet/trlicencias HTTP/1.1" 200 16054
190.171.143.82 - - [04/Apr/2022:13:18:09 -0300] "GET /cormun/servlet/permisogoce?a727cb355348cc5645eb5e3ee2cb7546f188d668b83a876f8d8520e6e3cbcd64a50cbe93bcd4c05dff45f1675d8c4635cc8970f1d7df47c501effa673585086f,gx-no-cache=1649088342335 HTTP/1.1" 200 47
190.171.143.82 - - [04/Apr/2022:13:18:13 -0300] "POST /cormun/servlet/permisogoce?dbc15f138f0d7118c8020f2c9b32126a,INS,0,,,,gx-no-cache=1649088346036 HTTP/1.1" 200 93
190.171.143.82 - - [04/Apr/2022:13:18:13 -0300] "GET /cormun/servlet/hpexe_return? HTTP/1.1" 200 1003
190.171.143.82 - - [04/Apr/2022:13:18:13 -0300] "GET /cormun/servlet/hhome HTTP/1.1" 200 4350
190.171.143.82 - - [04/Apr/2022:13:18:14 -0300] "GET /cormun/servlet/hhome HTTP/1.1" 200 4347
190.171.143.82 - - [04/Apr/2022:13:18:20 -0300] "GET /cormun/servlet/trpermisosgoce? HTTP/1.1" 200 8703
190.171.143.82 - - [04/Apr/2022:13:18:21 -0300] "GET /cormun/servlet/trpermisosgoce? HTTP/1.1" 200 8701
190.171.143.82 - - [04/Apr/2022:13:18:26 -0300] "GET /cormun/servlet/apermisogoceprn?18557986,P,20220404120200,PU HTTP/1.1" 200 1649
190.171.142.26 - - [04/Apr/2022:13:22:55 -0300] "GET /cormun/servlet/licenciaspermisos?DSP,15524622,L,20220331000000, HTTP/1.1" 200 7365
190.171.142.26 - - [04/Apr/2022:13:22:56 -0300] "GET /cormun/servlet/licenciaspermisos?DSP,15524622,L,20220331000000, HTTP/1.1" 200 7366
190.171.142.26 - - [04/Apr/2022:13:22:59 -0300] "POST /cormun/servlet/licenciaspermisos?e2e1f7dbf9836312779607a9ce5b1814,DSP,15524622,L,20220331000000,,gx-no-cache=1649088631973 HTTP/1.1" 200 93
190.171.142.26 - - [04/Apr/2022:13:22:59 -0300] "GET /cormun/servlet/hpexe_return? HTTP/1.1" 200 1027
190.171.142.26 - - [04/Apr/2022:13:22:59 -0300] "GET /cormun/servlet/trlicencias HTTP/1.1" 200 16082
190.171.142.26 - - [04/Apr/2022:13:23:00 -0300] "GET /cormun/servlet/trlicencias HTTP/1.1" 200 16070
186.11.82.55 - - [04/Apr/2022:13:26:24 -0300] "POST /cormun/servlet/trlicencias?8f5e906bcaf539a069dc764af7186699,,gx-no-cache=1649088837622 HTTP/1.1" 440 972
186.11.82.55 - - [04/Apr/2022:13:26:27 -0300] "GET /cormun/servlet/trlicencias? HTTP/1.1" 200 9396
186.11.82.55 - - [04/Apr/2022:13:26:28 -0300] "GET /cormun/servlet/hlogin HTTP/1.1" 200 1746
186.11.82.55 - - [04/Apr/2022:13:26:28 -0300] "GET /cormun/servlet/trlicencias? HTTP/1.1" 200 9396
186.11.82.55 - - [04/Apr/2022:13:26:48 -0300] "POST /cormun/servlet/hlogin?c0f1ab71b10a21ac17f810ef0e99ec2a,gx-no-cache=1649088861251 HTTP/1.1" 200 90
186.11.82.55 - - [04/Apr/2022:13:26:48 -0300] "GET /cormun/servlet/hpexe_link HTTP/1.1" 200 959
186.11.82.55 - - [04/Apr/2022:13:26:49 -0300] "GET /cormun/servlet/trlicencias HTTP/1.1" 200 10198
186.11.82.55 - - [04/Apr/2022:13:26:49 -0300] "GET /cormun/servlet/trlicencias HTTP/1.1" 200 10196
192.168.10.17 - - [04/Apr/2022:13:27:02 -0300] "GET /cormun/servlet/hlogin HTTP/1.1" 200 1727
192.168.10.17 - - [04/Apr/2022:13:27:02 -0300] "GET /cormun/servlet/hlogin HTTP/1.1" 200 1738
192.168.10.17 - - [04/Apr/2022:13:27:09 -0300] "POST /cormun/servlet/hlogin?fd6383cb1a74fd870a5500607d540c06,gx-no-cache=1649088712982 HTTP/1.1" 200 90
192.168.10.17 - - [04/Apr/2022:13:27:09 -0300] "GET /cormun/servlet/hpexe_link HTTP/1.1" 200 955
192.168.10.17 - - [04/Apr/2022:13:27:09 -0300] "GET /cormun/servlet/hhome HTTP/1.1" 200 3785
192.168.10.17 - - [04/Apr/2022:13:27:10 -0300] "GET /cormun/servlet/hhome HTTP/1.1" 200 3782
192.168.10.17 - - [04/Apr/2022:13:27:13 -0300] "GET /cormun/servlet/trsolicitudgral? HTTP/1.1" 200 29008
192.168.10.17 - - [04/Apr/2022:13:27:14 -0300] "GET /cormun/servlet/trsolicitudgral? HTTP/1.1" 200 29006
186.11.82.55 - - [04/Apr/2022:13:27:15 -0300] "POST /cormun/servlet/trlicencias?c0f1ab71b10a21ac17f810ef0e99ec2a,gx-no-cache=1649088887713 HTTP/1.1" 200 4182
192.168.10.17 - - [04/Apr/2022:13:27:17 -0300] "POST /cormun/servlet/trsolicitudgral?fd6383cb1a74fd870a5500607d540c06,,gx-no-cache=1649088721083 HTTP/1.1" 200 7122
186.11.82.55 - - [04/Apr/2022:13:27:46 -0300] "POST /cormun/servlet/trlicencias?c0f1ab71b10a21ac17f810ef0e99ec2a,gx-no-cache=1649088919253 HTTP/1.1" 200 4194
186.11.82.55 - - [04/Apr/2022:13:27:49 -0300] "POST /cormun/servlet/trlicencias?c0f1ab71b10a21ac17f810ef0e99ec2a,gx-no-cache=1649088921928 HTTP/1.1" 200 4194
186.11.82.55 - - [04/Apr/2022:13:27:56 -0300] "POST /cormun/servlet/trlicencias?c0f1ab71b10a21ac17f810ef0e99ec2a,gx-no-cache=1649088928608 HTTP/1.1" 200 4194
186.11.82.55 - - [04/Apr/2022:13:27:58 -0300] "GET /cormun/static/menuarrow.gif HTTP/1.1" 404 1015
186.11.82.55 - - [04/Apr/2022:13:28:10 -0300] "POST /cormun/servlet/trlicencias?c0f1ab71b10a21ac17f810ef0e99ec2a,gx-no-cache=1649088942507 HTTP/1.1" 200 7393
190.171.143.82 - - [04/Apr/2022:13:28:20 -0300] "GET /cormun/servlet/trpermisosgoce? HTTP/1.1" 200 8701
190.171.143.82 - - [04/Apr/2022:13:28:21 -0300] "GET /cormun/servlet/trpermisosgoce? HTTP/1.1" 200 8701
190.171.143.82 - - [04/Apr/2022:13:28:24 -0300] "GET /cormun/servlet/permisogoce?INS,0,,, HTTP/1.1" 200 7241
190.171.143.82 - - [04/Apr/2022:13:28:26 -0300] "GET /cormun/servlet/permisogoce?INS,0,,, HTTP/1.1" 200 7241
190.171.143.82 - - [04/Apr/2022:13:29:20 -0300] "GET /cormun/servlet/prfichaempleado?,MD,,gxPopupLevel%3D0%3B HTTP/1.1" 200 9396
190.171.143.82 - - [04/Apr/2022:13:29:28 -0300] "POST /cormun/servlet/prfichaempleado?dbc15f138f0d7118c8020f2c9b32126a,,MD,,gxPopupLevel%3D0%3B,gx-no-cache=1649089021436 HTTP/1.1" 200 3963
192.168.10.199 - - [04/Apr/2022:13:30:29 -0300] "GET /cormun/servlet/hlogin HTTP/1.1" 200 1731
192.168.10.199 - - [04/Apr/2022:13:30:37 -0300] "POST /cormun/servlet/hlogin?a18949681cfb429778be305344e70644,gx-no-cache=1649088920320 HTTP/1.1" 200 90
192.168.10.199 - - [04/Apr/2022:13:30:37 -0300] "GET /cormun/servlet/hpexe_link HTTP/1.1" 200 956
192.168.10.199 - - [04/Apr/2022:13:30:37 -0300] "GET /cormun/servlet/hhome HTTP/1.1" 200 3832
192.168.10.199 - - [04/Apr/2022:13:30:38 -0300] "GET /cormun/servlet/hhome HTTP/1.1" 200 3828
163.247.41.10 - - [04/Apr/2022:13:31:05 -0300] "GET /cormun/servlet/hlogin HTTP/1.1" 200 1727
192.168.10.199 - - [04/Apr/2022:13:31:14 -0300] "GET /cormun/servlet/trsolicitudgral? HTTP/1.1" 200 29056
192.168.10.199 - - [04/Apr/2022:13:31:15 -0300] "GET /cormun/servlet/trsolicitudgral? HTTP/1.1" 200 29054
190.171.142.18 - - [04/Apr/2022:13:31:32 -0300] "GET /cormun/servlet/hlogin HTTP/1.1" 200 1721
190.171.142.18 - - [04/Apr/2022:13:31:42 -0300] "POST /cormun/servlet/hlogin?b3bc5c84dd1674c7d3a0be7a03f4a41a,gx-no-cache=1649089155240 HTTP/1.1" 200 90
190.171.142.18 - - [04/Apr/2022:13:31:42 -0300] "GET /cormun/servlet/hpexe_link HTTP/1.1" 200 949
190.171.142.18 - - [04/Apr/2022:13:31:42 -0300] "GET /cormun/servlet/hhome HTTP/1.1" 200 4358
190.171.142.18 - - [04/Apr/2022:13:31:43 -0300] "GET /cormun/servlet/hhome HTTP/1.1" 200 4354
190.171.142.18 - - [04/Apr/2022:13:31:47 -0300] "GET /cormun/servlet/trlicencias? HTTP/1.1" 200 10452
190.171.142.18 - - [04/Apr/2022:13:31:47 -0300] "GET /cormun/servlet/trlicencias? HTTP/1.1" 200 10453
190.171.143.82 - - [04/Apr/2022:13:32:03 -0300] "GET /cormun/servlet/trpermisosgoce? HTTP/1.1" 200 8702
190.171.143.82 - - [04/Apr/2022:13:32:05 -0300] "GET /cormun/servlet/trpermisosgoce? HTTP/1.1" 200 8701
190.171.143.106 - - [04/Apr/2022:13:32:06 -0300] "GET /cormun/servlet/hlogin HTTP/1.1" 200 1724
190.171.143.106 - - [04/Apr/2022:13:32:08 -0300] "POST /cormun/servlet/hlogin?91d362252ebfcd862b3f201d8b187db4,gx-no-cache=1649089181576 HTTP/1.1" 200 90
190.171.143.106 - - [04/Apr/2022:13:32:08 -0300] "GET /cormun/servlet/hpexe_link HTTP/1.1" 200 949
190.171.143.106 - - [04/Apr/2022:13:32:08 -0300] "GET /cormun/servlet/hhome HTTP/1.1" 200 3969
190.171.143.106 - - [04/Apr/2022:13:32:08 -0300] "GET /cormun/servlet/hhome HTTP/1.1" 200 3965
190.171.143.106 - - [04/Apr/2022:13:32:10 -0300] "GET /cormun/servlet/trlicencias? HTTP/1.1" 200 10037
190.171.143.106 - - [04/Apr/2022:13:32:11 -0300] "GET /cormun/servlet/trlicencias? HTTP/1.1" 200 10041
190.171.142.18 - - [04/Apr/2022:13:32:13 -0300] "GET /cormun/servlet/hhome HTTP/1.1" 200 4358
190.171.142.18 - - [04/Apr/2022:13:32:13 -0300] "GET /cormun/servlet/hhome HTTP/1.1" 200 4354
190.171.142.18 - - [04/Apr/2022:13:32:15 -0300] "GET /cormun/servlet/trsolicitudot? HTTP/1.1" 200 7578
190.171.142.18 - - [04/Apr/2022:13:32:16 -0300] "GET /cormun/servlet/trsolicitudot? HTTP/1.1" 200 7576
190.171.142.18 - - [04/Apr/2022:13:32:20 -0300] "GET /cormun/servlet/solicitudot?INS,0,0,false, HTTP/1.1" 200 16072
190.171.142.18 - - [04/Apr/2022:13:32:20 -0300] "GET /cormun/servlet/solicitudot?INS,0,0,false, HTTP/1.1" 200 16079
190.171.142.18 - - [04/Apr/2022:13:33:26 -0300] "POST /cormun/servlet/solicitudot?gx-no-cache=1649089259620 HTTP/1.1" 200 3850
190.171.142.18 - - [04/Apr/2022:13:33:27 -0300] "POST /cormun/servlet/solicitudot?b3bc5c84dd1674c7d3a0be7a03f4a41a,INS,0,0,false,,gx-no-cache=1649089259773 HTTP/1.1" 200 12666
190.171.142.18 - - [04/Apr/2022:13:33:31 -0300] "GET /cormun/servlet/solicitudot?9bbd3d6acf73bad078e8200edc0ffaf238b2f0938d60e66aea5d8cfd4d5ccdcfc58393907de0f6635804cbd093cc25b9,gx-no-cache=1649089264402 HTTP/1.1" 200 30
190.171.142.18 - - [04/Apr/2022:13:35:27 -0300] "GET /cormun/servlet/prbanco?,MD,,gxPopupLevel%3D0%3B HTTP/1.1" 200 6653
190.171.142.18 - - [04/Apr/2022:13:35:56 -0300] "GET /cormun/servlet/solicitudot?9bbd3d6acf73bad078e8200edc0ffaf2121565e698a2c7d2a13e23e4b65d88ec27a531d020e25511e3b9d7026e32727fa9ee50b312ba5fefd3978dbb76416707,gx-no-cache=1649089409838 HTTP/1.1" 200 30
190.171.142.18 - - [04/Apr/2022:13:35:59 -0300] "GET /cormun/servlet/solicitudot?9bbd3d6acf73bad078e8200edc0ffaf22c1afe771b5b016f7f215779a060acea,gx-no-cache=1649089412774 HTTP/1.1" 200 70
190.171.142.18 - - [04/Apr/2022:13:36:25 -0300] "POST /cormun/servlet/solicitudot?gx-no-cache=1649089438483 HTTP/1.1" 200 297
190.171.142.18 - - [04/Apr/2022:13:36:25 -0300] "GET /cormun/servlet/solicitudot?9bbd3d6acf73bad078e8200edc0ffaf204dc84f9b4837485f150b6c79d8c610b99b8249f668a70b376ff1c5ecfac4bf6dce9930b406a5b8ce5d63b3d86c3abf721c92900473839f9fa0f45e327d8a7299872a8e849d02886493cbf926320b3862cbf01b716b56deeff24e44a239cc950d80752e980024dc54e2d4a023357cbf1297623fcdd235d6de2fb33d4361d8c077d893142d950232b4de782f056e70897a028379a89ae982c0c92dd08e9a0b583557a091b262d3ede3e1b10df4881a95c68f4ba33a281ffc864f6b5cbf3480196445d6db410028b32c3e5f169a683c8b92c0164782e4da146139a18f008777d4e033fa1ac6d4e640488a0db404ff140dcb4933ddee2d3c4b6b967c6bf1d4724d5f91fd9cf99dfc0f0d6e04e3208fefc8eceb85ed28af6eb73602b36bc364ee7c3efec0225cb54a48cc6bf77a0e5d0f82881adadbb848166794de4e9a3c0d16ca1db75b5c8fe70ed72ab54ae7afeec25e578335c934f9acb51d92e90f67188beb53431e5c001402dce8db97b5ff677679dfee7a1e5690d823ba96cc4c64588cd94,gx-no-cache=1649089438530 HTTP/1.1" 200 30
190.171.142.18 - - [04/Apr/2022:13:36:27 -0300] "POST /cormun/servlet/solicitudot?gx-no-cache=1649089440688 HTTP/1.1" 200 30
190.171.142.18 - - [04/Apr/2022:13:36:30 -0300] "POST /cormun/servlet/solicitudot?gx-no-cache=1649089443180 HTTP/1.1" 200 1452
190.171.142.18 - - [04/Apr/2022:13:36:30 -0300] "POST /cormun/servlet/solicitudot?gx-no-cache=1649089443226 HTTP/1.1" 200 38
190.171.142.18 - - [04/Apr/2022:13:36:49 -0300] "GET /cormun/servlet/solicitudot?9bbd3d6acf73bad078e8200edc0ffaf2e2c3b36b4d74e9b58681c7dcf4c8ee1e5fd8d36a85246ddefa7c407d2e3c21afc93ad268bd1c197d4cc392a8c29f48592a5db3c9b319a3468b349a859476d57cc57130ccf6505149cc2c469bab915c5bc4af68af0e67be589c5526e8ac857a5c,gx-no-cache=1649089462302 HTTP/1.1" 200 110
190.171.142.18 - - [04/Apr/2022:13:36:58 -0300] "POST /cormun/servlet/solicitudot?gx-no-cache=1649089471579 HTTP/1.1" 200 83
190.171.143.82 - - [04/Apr/2022:13:37:02 -0300] "GET /cormun/servlet/trpermisosgoce? HTTP/1.1" 200 8701
190.171.143.82 - - [04/Apr/2022:13:37:04 -0300] "GET /cormun/servlet/trpermisosgoce? HTTP/1.1" 200 8701
190.171.143.82 - - [04/Apr/2022:13:37:06 -0300] "GET /cormun/servlet/permisogoce?INS,0,,, HTTP/1.1" 200 7240
190.171.143.82 - - [04/Apr/2022:13:37:08 -0300] "GET /cormun/servlet/permisogoce?INS,0,,, HTTP/1.1" 200 7241
190.171.142.18 - - [04/Apr/2022:13:37:08 -0300] "POST /cormun/servlet/solicitudot?gx-no-cache=1649089481524 HTTP/1.1" 200 30
190.171.142.18 - - [04/Apr/2022:13:37:08 -0300] "POST /cormun/servlet/solicitudot?gx-no-cache=1649089481564 HTTP/1.1" 200 1455
190.171.142.18 - - [04/Apr/2022:13:37:08 -0300] "POST /cormun/servlet/solicitudot?gx-no-cache=1649089481604 HTTP/1.1" 200 38
190.171.142.18 - - [04/Apr/2022:13:37:08 -0300] "GET /cormun/servlet/solicitudot?9bbd3d6acf73bad078e8200edc0ffaf2e2c3b36b4d74e9b58681c7dcf4c8ee1e5fd8d36a85246ddefa7c407d2e3c21afc93ad268bd1c197d4cc392a8c29f48592a5db3c9b319a3468b349a859476d57cc57130ccf6505149cc2c469bab915c5bc4af68af0e67be589c5526e8ac857a5c,gx-no-cache=1649089481627 HTTP/1.1" 200 110
190.171.142.18 - - [04/Apr/2022:13:37:08 -0300] "POST /cormun/servlet/solicitudot?gx-no-cache=1649089481771 HTTP/1.1" 200 83
190.171.142.18 - - [04/Apr/2022:13:37:17 -0300] "GET /cormun/servlet/solicitudot?9bbd3d6acf73bad078e8200edc0ffaf29922ae92bf912ab0b6dcaf334e980d13242f865db2ecf48473017dc4ad42b36356f0a36b0069cf4a4bd6d9769e9398d68a3547dc309f191f24cfdf9ad985f110ce639497bcef684e41e3a65527f45137a475329fc8b00816d772d9688af47065,gx-no-cache=1649089490542 HTTP/1.1" 200 29
190.171.142.18 - - [04/Apr/2022:13:37:17 -0300] "GET /cormun/static/menuarrow.gif HTTP/1.1" 404 1015
190.171.142.18 - - [04/Apr/2022:13:37:22 -0300] "GET /cormun/servlet/solicitudot?9bbd3d6acf73bad078e8200edc0ffaf26a26169915139644d6fa72b058d274f16ad88fcf3ecb353fbd14a027a387509f,gx-no-cache=1649089495021 HTTP/1.1" 200 30
190.171.143.82 - - [04/Apr/2022:13:37:24 -0300] "GET /cormun/servlet/prfichaempleado?,MD,,gxPopupLevel%3D0%3B HTTP/1.1" 200 9396
190.171.143.82 - - [04/Apr/2022:13:37:37 -0300] "POST /cormun/servlet/prfichaempleado?dbc15f138f0d7118c8020f2c9b32126a,,MD,,gxPopupLevel%3D0%3B,gx-no-cache=1649089510155 HTTP/1.1" 200 3396
190.171.143.82 - - [04/Apr/2022:13:37:47 -0300] "GET /cormun/servlet/permisogoce?a727cb355348cc5645eb5e3ee2cb7546fd2dbcfbac454c96d0e6ace9b81abc8ac03e8b84918c66d491aa2dcbd31a696c7a761130a06c94bcc85d591e724d144c,gx-no-cache=1649089520844 HTTP/1.1" 200 77
190.171.143.82 - - [04/Apr/2022:13:37:48 -0300] "GET /cormun/static/menuarrow.gif HTTP/1.1" 404 1015
190.171.143.82 - - [04/Apr/2022:13:37:55 -0300] "GET /cormun/servlet/permisogoce?a727cb355348cc5645eb5e3ee2cb75468c079d6eb4c291868bfac8ff85fb25ef6c61bfd00e44f612e5fc26a9504de6dbcc8970f1d7df47c501effa673585086f,gx-no-cache=1649089528942 HTTP/1.1" 200 46
192.241.225.174 - - [04/Apr/2022:13:37:56 -0300] "GET / HTTP/1.1" 200 11217
190.171.143.82 - - [04/Apr/2022:13:37:59 -0300] "POST /cormun/servlet/permisogoce?dbc15f138f0d7118c8020f2c9b32126a,INS,0,,,,gx-no-cache=1649089531775 HTTP/1.1" 200 93
190.171.143.82 - - [04/Apr/2022:13:37:59 -0300] "GET /cormun/servlet/hpexe_return? HTTP/1.1" 200 1005
190.171.143.82 - - [04/Apr/2022:13:37:59 -0300] "GET /cormun/servlet/trpermisosgoce HTTP/1.1" 200 8943
190.171.143.82 - - [04/Apr/2022:13:38:00 -0300] "GET /cormun/servlet/trpermisosgoce HTTP/1.1" 200 8939
190.171.143.82 - - [04/Apr/2022:13:38:04 -0300] "GET /cormun/servlet/apermisogoceprn?13568629,P,20220404122150,PU HTTP/1.1" 200 1657
190.171.142.18 - - [04/Apr/2022:13:39:58 -0300] "POST /cormun/servlet/solicitudot?gx-no-cache=1649089651336 HTTP/1.1" 200 30
190.171.142.18 - - [04/Apr/2022:13:40:50 -0300] "POST /cormun/servlet/solicitudot?b3bc5c84dd1674c7d3a0be7a03f4a41a,INS,0,0,false,,gx-no-cache=1649089703465 HTTP/1.1" 200 93
190.171.142.18 - - [04/Apr/2022:13:40:50 -0300] "GET /cormun/servlet/hpexe_return? HTTP/1.1" 200 1006
190.171.142.18 - - [04/Apr/2022:13:40:51 -0300] "GET /cormun/servlet/trsolicitudot HTTP/1.1" 200 8998
190.171.142.18 - - [04/Apr/2022:13:40:51 -0300] "GET /cormun/servlet/trsolicitudot HTTP/1.1" 200 8994
190.171.143.82 - - [04/Apr/2022:13:40:54 -0300] "GET /cormun/servlet/trpermisosgoce? HTTP/1.1" 200 8939
190.171.143.82 - - [04/Apr/2022:13:40:55 -0300] "GET /cormun/servlet/trpermisosgoce? HTTP/1.1" 200 8939
190.171.143.82 - - [04/Apr/2022:13:40:58 -0300] "GET /cormun/servlet/permisogoce?INS,0,,, HTTP/1.1" 200 7241
190.171.143.82 - - [04/Apr/2022:13:40:59 -0300] "GET /cormun/servlet/permisogoce?INS,0,,, HTTP/1.1" 200 7241
190.171.142.18 - - [04/Apr/2022:13:40:59 -0300] "POST /cormun/servlet/trsolicitudot?b3bc5c84dd1674c7d3a0be7a03f4a41a,gx-no-cache=1649089712739 HTTP/1.1" 200 6270
190.171.142.18 - - [04/Apr/2022:13:41:00 -0300] "GET /cormun/static/Shared/jqueryui/images/ui-bg_highlight-soft_100_c6c2c8_1x100.png HTTP/1.1" 404 1117
190.171.142.18 - - [04/Apr/2022:13:41:00 -0300] "GET /cormun/static/Shared/jqueryui/images/ui-icons_82798d_256x240.png HTTP/1.1" 404 1089
190.171.142.18 - - [04/Apr/2022:13:41:00 -0300] "GET /cormun/static/Shared/jqueryui/images/ui-icons_8d78a5_256x240.png HTTP/1.1" 404 1089
190.171.142.18 - - [04/Apr/2022:13:41:00 -0300] "GET /cormun/static/Shared/jqueryui/images/ui-bg_flat_55_fafafa_40x100.png HTTP/1.1" 404 1097
190.171.142.18 - - [04/Apr/2022:13:41:09 -0300] "POST /cormun/servlet/trsolicitudot?b3bc5c84dd1674c7d3a0be7a03f4a41a,gx-no-cache=1649089722759 HTTP/1.1" 200 6270
190.171.143.82 - - [04/Apr/2022:13:41:12 -0300] "GET /cormun/servlet/prfichaempleado?,MD,,gxPopupLevel%3D0%3B HTTP/1.1" 200 9396
190.171.142.18 - - [04/Apr/2022:13:41:14 -0300] "POST /cormun/servlet/trsolicitudot?b3bc5c84dd1674c7d3a0be7a03f4a41a,gx-no-cache=1649089727297 HTTP/1.1" 200 107
190.171.142.18 - - [04/Apr/2022:13:41:14 -0300] "GET /cormun/servlet/trsolicitudadjuntos?2022,18406, HTTP/1.1" 200 6460
190.171.142.18 - - [04/Apr/2022:13:41:14 -0300] "GET /cormun/static/gxcfg.js?20201215574222 HTTP/1.1" 200 953
190.171.142.18 - - [04/Apr/2022:13:41:14 -0300] "GET /cormun/static/Resources/PXToolsGridNew.png HTTP/1.1" 200 427
190.171.142.18 - - [04/Apr/2022:13:41:14 -0300] "GET /cormun/static/trsolicitudadjuntos.js?20201215574932 HTTP/1.1" 200 17922
190.171.142.18 - - [04/Apr/2022:13:41:15 -0300] "GET /cormun/servlet/trsolicitudadjuntos?2022,18406, HTTP/1.1" 200 6460
190.171.143.82 - - [04/Apr/2022:13:41:20 -0300] "POST /cormun/servlet/prfichaempleado?dbc15f138f0d7118c8020f2c9b32126a,,MD,,gxPopupLevel%3D0%3B,gx-no-cache=1649089733063 HTTP/1.1" 200 4002
190.171.142.18 - - [04/Apr/2022:13:41:21 -0300] "GET /cormun/servlet/solicitudotadjuntos?INS,2022,18406,,1, HTTP/1.1" 200 6403
190.171.142.18 - - [04/Apr/2022:13:41:21 -0300] "GET /cormun/static/gxcfg.js?202012157947 HTTP/1.1" 200 953
190.171.142.18 - - [04/Apr/2022:13:41:21 -0300] "GET /cormun/static/solicitudotadjuntos.js?202012157966 HTTP/1.1" 200 11771
190.171.142.18 - - [04/Apr/2022:13:41:21 -0300] "GET /cormun/static/about:blank HTTP/1.1" 404 1011
190.171.142.18 - - [04/Apr/2022:13:41:21 -0300] "GET /cormun/servlet/solicitudotadjuntos?INS,2022,18406,,1, HTTP/1.1" 200 6396
190.171.142.18 - - [04/Apr/2022:13:41:22 -0300] "GET /cormun/servlet/solicitudotadjuntos?9bbd3d6acf73bad078e8200edc0ffaf26320cfd3a522287789016595da5a6deec3acf607720faa291a219dd449ee2924,gx-no-cache=1649089735335 HTTP/1.1" 200 30
190.171.142.18 - - [04/Apr/2022:13:41:22 -0300] "POST /cormun/servlet/solicitudotadjuntos?b3bc5c84dd1674c7d3a0be7a03f4a41a,INS,2022,18406,,1,,gx-no-cache=1649089735358 HTTP/1.1" 200 4148
190.171.143.82 - - [04/Apr/2022:13:41:25 -0300] "GET /cormun/servlet/permisogoce?a727cb355348cc5645eb5e3ee2cb7546b5aa6d75d613180f5c90059f09ac2626c03e8b84918c66d491aa2dcbd31a696c7a761130a06c94bcc85d591e724d144c,gx-no-cache=1649089738277 HTTP/1.1" 200 80
190.171.143.82 - - [04/Apr/2022:13:41:33 -0300] "GET /cormun/servlet/permisogoce?a727cb355348cc5645eb5e3ee2cb75463b5dec1191628de6f9e821385b30c93bbd82b83cb3fc5c5e45eb09f1e177f5dbcc8970f1d7df47c501effa673585086f,gx-no-cache=1649089746188 HTTP/1.1" 200 47
190.171.142.18 - - [04/Apr/2022:13:41:34 -0300] "POST /cormun/servlet/solicitudotadjuntos?gx-no-cache=1649089747613 HTTP/1.1" 200 26
190.171.143.82 - - [04/Apr/2022:13:41:36 -0300] "POST /cormun/servlet/permisogoce?dbc15f138f0d7118c8020f2c9b32126a,INS,0,,,,gx-no-cache=1649089748995 HTTP/1.1" 200 93
190.171.143.82 - - [04/Apr/2022:13:41:36 -0300] "GET /cormun/servlet/hpexe_return? HTTP/1.1" 200 1005
190.171.143.82 - - [04/Apr/2022:13:41:36 -0300] "GET /cormun/servlet/trpermisosgoce HTTP/1.1" 200 9164
190.171.143.82 - - [04/Apr/2022:13:41:38 -0300] "GET /cormun/servlet/trpermisosgoce HTTP/1.1" 200 9159
190.171.143.82 - - [04/Apr/2022:13:41:42 -0300] "POST /cormun/servlet/trpermisosgoce?dbc15f138f0d7118c8020f2c9b32126a,gx-no-cache=1649089755285 HTTP/1.1" 200 6340
190.171.143.82 - - [04/Apr/2022:13:41:47 -0300] "GET /cormun/servlet/apermisogoceprn?13944665,P,20220404122541,PU HTTP/1.1" 200 1660
190.171.143.82 - - [04/Apr/2022:13:45:08 -0300] "GET /cormun/servlet/permisogoce?INS,0,,, HTTP/1.1" 200 7241
190.171.143.82 - - [04/Apr/2022:13:45:09 -0300] "GET /cormun/servlet/permisogoce?INS,0,,, HTTP/1.1" 200 7241
190.171.142.18 - - [04/Apr/2022:13:45:15 -0300] "GET /cormun/servlet/solicitudotadjuntos?9bbd3d6acf73bad078e8200edc0ffaf298a31a85489d79a34e27845055c5e92e,gx-no-cache=1649089968759 HTTP/1.1" 200 30
190.171.142.18 - - [04/Apr/2022:13:45:15 -0300] "GET /cormun/servlet/solicitudotadjuntos?9bbd3d6acf73bad078e8200edc0ffaf298a31a85489d79a34e27845055c5e92e,gx-no-cache=1649089968791 HTTP/1.1" 200 30
190.171.142.18 - - [04/Apr/2022:13:45:16 -0300] "POST /cormun/servlet/solicitudotadjuntos?b3bc5c84dd1674c7d3a0be7a03f4a41a,INS,2022,18406,,1, HTTP/1.1" 200 116
190.171.142.18 - - [04/Apr/2022:13:45:16 -0300] "GET /cormun/servlet/hpexe_return? HTTP/1.1" 200 1024
190.171.142.18 - - [04/Apr/2022:13:45:16 -0300] "GET /cormun/servlet/trsolicitudadjuntos?2022,18406, HTTP/1.1" 200 9216
190.171.142.18 - - [04/Apr/2022:13:45:16 -0300] "GET /cormun/servlet/trsolicitudadjuntos?2022,18406, HTTP/1.1" 200 9217
190.171.142.18 - - [04/Apr/2022:13:45:22 -0300] "GET /cormun/servlet/solicitudotadjuntos?INS,2022,18406,,1, HTTP/1.1" 200 6404
190.171.142.18 - - [04/Apr/2022:13:45:22 -0300] "GET /cormun/static/about:blank HTTP/1.1" 404 1011
190.171.142.18 - - [04/Apr/2022:13:45:23 -0300] "GET /cormun/servlet/solicitudotadjuntos?INS,2022,18406,,1, HTTP/1.1" 200 6396
190.171.142.18 - - [04/Apr/2022:13:45:23 -0300] "GET /cormun/servlet/solicitudotadjuntos?9bbd3d6acf73bad078e8200edc0ffaf26320cfd3a522287789016595da5a6deec3acf607720faa291a219dd449ee2924,gx-no-cache=1649089976375 HTTP/1.1" 200 30
190.171.142.18 - - [04/Apr/2022:13:45:23 -0300] "POST /cormun/servlet/solicitudotadjuntos?b3bc5c84dd1674c7d3a0be7a03f4a41a,INS,2022,18406,,1,,gx-no-cache=1649089976406 HTTP/1.1" 200 4148
190.171.143.82 - - [04/Apr/2022:13:45:24 -0300] "GET /cormun/servlet/prfichaempleado?,MD,,gxPopupLevel%3D0%3B HTTP/1.1" 200 9396
186.11.82.55 - - [04/Apr/2022:13:45:28 -0300] "GET /cormun/servlet/trcontratosolicitud? HTTP/1.1" 200 14222
186.11.82.55 - - [04/Apr/2022:13:45:28 -0300] "GET /cormun/servlet/trcontratosolicitud? HTTP/1.1" 200 14215
190.171.143.82 - - [04/Apr/2022:13:45:31 -0300] "POST /cormun/servlet/prfichaempleado?dbc15f138f0d7118c8020f2c9b32126a,,MD,,gxPopupLevel%3D0%3B,gx-no-cache=1649089984866 HTTP/1.1" 200 3663
186.11.82.55 - - [04/Apr/2022:13:45:34 -0300] "GET /cormun/servlet/trlicencias? HTTP/1.1" 200 10061
186.11.82.55 - - [04/Apr/2022:13:45:34 -0300] "GET /cormun/servlet/trlicencias? HTTP/1.1" 200 10060
190.171.142.18 - - [04/Apr/2022:13:45:35 -0300] "POST /cormun/servlet/solicitudotadjuntos?gx-no-cache=1649089988332 HTTP/1.1" 200 26
190.171.143.82 - - [04/Apr/2022:13:45:37 -0300] "GET /cormun/servlet/permisogoce?a727cb355348cc5645eb5e3ee2cb7546ab4a52babcf440ccf214d55b3abcf255c03e8b84918c66d491aa2dcbd31a696c7a761130a06c94bcc85d591e724d144c,gx-no-cache=1649089990093 HTTP/1.1" 200 76
190.171.142.18 - - [04/Apr/2022:13:45:44 -0300] "POST /cormun/servlet/solicitudotadjuntos?gx-no-cache=1649089996575 HTTP/1.1" 200 26
190.171.142.18 - - [04/Apr/2022:13:45:56 -0300] "GET /cormun/servlet/solicitudotadjuntos?9bbd3d6acf73bad078e8200edc0ffaf298a31a85489d79a34e27845055c5e92e,gx-no-cache=1649090009752 HTTP/1.1" 200 30
190.171.142.18 - - [04/Apr/2022:13:45:56 -0300] "GET /cormun/servlet/solicitudotadjuntos?9bbd3d6acf73bad078e8200edc0ffaf298a31a85489d79a34e27845055c5e92e,gx-no-cache=1649090009765 HTTP/1.1" 200 30
190.171.142.18 - - [04/Apr/2022:13:45:57 -0300] "POST /cormun/servlet/solicitudotadjuntos?b3bc5c84dd1674c7d3a0be7a03f4a41a,INS,2022,18406,,1, HTTP/1.1" 200 116
190.171.142.18 - - [04/Apr/2022:13:45:57 -0300] "GET /cormun/servlet/hpexe_return? HTTP/1.1" 200 1024
190.171.142.18 - - [04/Apr/2022:13:45:57 -0300] "GET /cormun/servlet/trsolicitudadjuntos?2022,18406, HTTP/1.1" 200 9448
190.171.142.18 - - [04/Apr/2022:13:45:57 -0300] "GET /cormun/servlet/trsolicitudadjuntos?2022,18406, HTTP/1.1" 200 9447
190.171.142.18 - - [04/Apr/2022:13:46:13 -0300] "GET /cormun/servlet/solicitudotadjuntos?INS,2022,18406,,1, HTTP/1.1" 200 6404
190.171.142.18 - - [04/Apr/2022:13:46:13 -0300] "GET /cormun/static/about:blank HTTP/1.1" 404 1011
190.171.142.18 - - [04/Apr/2022:13:46:13 -0300] "GET /cormun/servlet/solicitudotadjuntos?INS,2022,18406,,1, HTTP/1.1" 200 6396
190.171.142.18 - - [04/Apr/2022:13:46:14 -0300] "GET /cormun/servlet/solicitudotadjuntos?9bbd3d6acf73bad078e8200edc0ffaf26320cfd3a522287789016595da5a6deec3acf607720faa291a219dd449ee2924,gx-no-cache=1649090027107 HTTP/1.1" 200 30
190.171.142.18 - - [04/Apr/2022:13:46:14 -0300] "POST /cormun/servlet/solicitudotadjuntos?b3bc5c84dd1674c7d3a0be7a03f4a41a,INS,2022,18406,,1,,gx-no-cache=1649090027146 HTTP/1.1" 200 4148
190.171.142.18 - - [04/Apr/2022:13:46:20 -0300] "POST /cormun/servlet/solicitudotadjuntos?gx-no-cache=1649090033015 HTTP/1.1" 200 26
190.171.142.18 - - [04/Apr/2022:13:46:33 -0300] "GET /cormun/servlet/solicitudotadjuntos?9bbd3d6acf73bad078e8200edc0ffaf298a31a85489d79a34e27845055c5e92e,gx-no-cache=1649090046870 HTTP/1.1" 200 30
190.171.142.18 - - [04/Apr/2022:13:46:33 -0300] "GET /cormun/servlet/solicitudotadjuntos?9bbd3d6acf73bad078e8200edc0ffaf298a31a85489d79a34e27845055c5e92e,gx-no-cache=1649090046886 HTTP/1.1" 200 30
190.171.142.18 - - [04/Apr/2022:13:46:34 -0300] "POST /cormun/servlet/solicitudotadjuntos?b3bc5c84dd1674c7d3a0be7a03f4a41a,INS,2022,18406,,1, HTTP/1.1" 200 116
190.171.142.18 - - [04/Apr/2022:13:46:34 -0300] "GET /cormun/servlet/hpexe_return? HTTP/1.1" 200 1024
190.171.142.18 - - [04/Apr/2022:13:46:34 -0300] "GET /cormun/servlet/trsolicitudadjuntos?2022,18406, HTTP/1.1" 200 9679
190.171.142.18 - - [04/Apr/2022:13:46:34 -0300] "GET /cormun/servlet/trsolicitudadjuntos?2022,18406, HTTP/1.1" 200 9679
186.11.82.55 - - [04/Apr/2022:13:46:38 -0300] "POST /cormun/servlet/trlicencias?c0f1ab71b10a21ac17f810ef0e99ec2a,,gx-no-cache=1649090048533 HTTP/1.1" 200 18067
190.171.142.18 - - [04/Apr/2022:13:46:41 -0300] "GET /cormun/servlet/solicitudotadjuntos?INS,2022,18406,,1, HTTP/1.1" 200 6404
190.171.142.18 - - [04/Apr/2022:13:46:41 -0300] "GET /cormun/static/about:blank HTTP/1.1" 404 1011
190.171.142.18 - - [04/Apr/2022:13:46:41 -0300] "GET /cormun/servlet/solicitudotadjuntos?INS,2022,18406,,1, HTTP/1.1" 200 6396
190.171.142.18 - - [04/Apr/2022:13:46:42 -0300] "GET /cormun/servlet/solicitudotadjuntos?9bbd3d6acf73bad078e8200edc0ffaf26320cfd3a522287789016595da5a6deec3acf607720faa291a219dd449ee2924,gx-no-cache=1649090055368 HTTP/1.1" 200 30
190.171.142.18 - - [04/Apr/2022:13:46:42 -0300] "POST /cormun/servlet/solicitudotadjuntos?b3bc5c84dd1674c7d3a0be7a03f4a41a,INS,2022,18406,,1,,gx-no-cache=1649090055399 HTTP/1.1" 200 4149
190.171.143.82 - - [04/Apr/2022:13:46:47 -0300] "GET /cormun/servlet/prfichaempleado?,MD,,gxPopupLevel%3D0%3B HTTP/1.1" 200 9396
190.171.142.18 - - [04/Apr/2022:13:46:51 -0300] "POST /cormun/servlet/solicitudotadjuntos?gx-no-cache=1649090064103 HTTP/1.1" 200 26
190.171.143.82 - - [04/Apr/2022:13:46:54 -0300] "POST /cormun/servlet/prfichaempleado?dbc15f138f0d7118c8020f2c9b32126a,,MD,,gxPopupLevel%3D0%3B,gx-no-cache=1649090067455 HTTP/1.1" 200 3589
190.171.143.82 - - [04/Apr/2022:13:46:59 -0300] "GET /cormun/servlet/permisogoce?a727cb355348cc5645eb5e3ee2cb7546c2678fdc502e899da972020797bbc0e98496bb1424b4d80997ca134a2604d56e301d637a60fca68e3dff3e7e040e960dcda48cdb1f0191e94680799b6708dbee149bee32a196f5000c2c2466a3ee2fa7,gx-no-cache=1649090072543 HTTP/1.1" 200 80
190.171.143.82 - - [04/Apr/2022:13:47:08 -0300] "GET /cormun/servlet/permisogoce?a727cb355348cc5645eb5e3ee2cb7546ce3927cbd013c0fc1718ed1a382856322761a4177a7b34d08f2dbcb77d18a401b4682d06495e5c9aef8c7f9a4258aa00,gx-no-cache=1649090081951 HTTP/1.1" 200 47
190.171.143.82 - - [04/Apr/2022:13:47:12 -0300] "POST /cormun/servlet/permisogoce?dbc15f138f0d7118c8020f2c9b32126a,INS,0,,,,gx-no-cache=1649090084932 HTTP/1.1" 200 93
190.171.143.82 - - [04/Apr/2022:13:47:12 -0300] "GET /cormun/servlet/hpexe_return? HTTP/1.1" 200 1028
190.171.143.82 - - [04/Apr/2022:13:47:12 -0300] "GET /cormun/servlet/trpermisosgoce?gx-no-cache=1649089755285 HTTP/1.1" 200 9386
190.171.143.82 - - [04/Apr/2022:13:47:14 -0300] "GET /cormun/servlet/trpermisosgoce?gx-no-cache=1649089755285 HTTP/1.1" 200 9403
190.171.142.18 - - [04/Apr/2022:13:47:16 -0300] "GET /cormun/servlet/solicitudotadjuntos?9bbd3d6acf73bad078e8200edc0ffaf298a31a85489d79a34e27845055c5e92e,gx-no-cache=1649090089567 HTTP/1.1" 200 30
190.171.142.18 - - [04/Apr/2022:13:47:16 -0300] "GET /cormun/servlet/solicitudotadjuntos?9bbd3d6acf73bad078e8200edc0ffaf298a31a85489d79a34e27845055c5e92e,gx-no-cache=1649090089588 HTTP/1.1" 200 30
190.171.142.18 - - [04/Apr/2022:13:47:17 -0300] "POST /cormun/servlet/solicitudotadjuntos?b3bc5c84dd1674c7d3a0be7a03f4a41a,INS,2022,18406,,1, HTTP/1.1" 200 116
190.171.142.18 - - [04/Apr/2022:13:47:17 -0300] "GET /cormun/servlet/hpexe_return? HTTP/1.1" 200 1024
190.171.142.18 - - [04/Apr/2022:13:47:17 -0300] "GET /cormun/servlet/trsolicitudadjuntos?2022,18406, HTTP/1.1" 200 9899
190.171.142.18 - - [04/Apr/2022:13:47:17 -0300] "GET /cormun/servlet/trsolicitudadjuntos?2022,18406, HTTP/1.1" 200 9897
190.171.143.82 - - [04/Apr/2022:13:47:22 -0300] "POST /cormun/servlet/trpermisosgoce?dbc15f138f0d7118c8020f2c9b32126a,gx-no-cache=1649089755285,gx-no-cache=1649090095405 HTTP/1.1" 200 6560
190.171.142.18 - - [04/Apr/2022:13:47:22 -0300] "GET /cormun/servlet/solicitudotadjuntos?INS,2022,18406,,1, HTTP/1.1" 200 6403
190.171.142.18 - - [04/Apr/2022:13:47:22 -0300] "GET /cormun/static/about:blank HTTP/1.1" 404 1011
190.171.142.18 - - [04/Apr/2022:13:47:22 -0300] "GET /cormun/servlet/solicitudotadjuntos?INS,2022,18406,,1, HTTP/1.1" 200 6396
190.171.143.82 - - [04/Apr/2022:13:47:23 -0300] "POST /cormun/servlet/trpermisosgoce?dbc15f138f0d7118c8020f2c9b32126a,gx-no-cache=1649089755285,gx-no-cache=1649090096248 HTTP/1.1" 200 6560
190.171.142.18 - - [04/Apr/2022:13:47:23 -0300] "GET /cormun/servlet/solicitudotadjuntos?9bbd3d6acf73bad078e8200edc0ffaf26320cfd3a522287789016595da5a6deec3acf607720faa291a219dd449ee2924,gx-no-cache=1649090096359 HTTP/1.1" 200 30
190.171.142.18 - - [04/Apr/2022:13:47:23 -0300] "POST /cormun/servlet/solicitudotadjuntos?b3bc5c84dd1674c7d3a0be7a03f4a41a,INS,2022,18406,,1,,gx-no-cache=1649090096382 HTTP/1.1" 200 4148
190.171.143.82 - - [04/Apr/2022:13:47:26 -0300] "GET /cormun/servlet/apermisogoceprn?8212761,P,20220404122951,PU HTTP/1.1" 200 1648
190.171.142.18 - - [04/Apr/2022:13:47:32 -0300] "POST /cormun/servlet/solicitudotadjuntos?gx-no-cache=1649090105856 HTTP/1.1" 200 26
190.171.142.18 - - [04/Apr/2022:13:47:47 -0300] "GET /cormun/servlet/solicitudotadjuntos?9bbd3d6acf73bad078e8200edc0ffaf298a31a85489d79a34e27845055c5e92e,gx-no-cache=1649090120063 HTTP/1.1" 200 30
190.171.142.18 - - [04/Apr/2022:13:47:47 -0300] "GET /cormun/servlet/solicitudotadjuntos?9bbd3d6acf73bad078e8200edc0ffaf298a31a85489d79a34e27845055c5e92e,gx-no-cache=1649090120074 HTTP/1.1" 200 30
190.171.142.18 - - [04/Apr/2022:13:47:47 -0300] "POST /cormun/servlet/solicitudotadjuntos?b3bc5c84dd1674c7d3a0be7a03f4a41a,INS,2022,18406,,1, HTTP/1.1" 200 116
190.171.142.18 - - [04/Apr/2022:13:47:47 -0300] "GET /cormun/servlet/hpexe_return? HTTP/1.1" 200 1024
190.171.142.18 - - [04/Apr/2022:13:47:47 -0300] "GET /cormun/servlet/trsolicitudadjuntos?2022,18406, HTTP/1.1" 200 10174
190.171.142.18 - - [04/Apr/2022:13:47:48 -0300] "GET /cormun/servlet/trsolicitudadjuntos?2022,18406, HTTP/1.1" 200 10171
190.171.142.18 - - [04/Apr/2022:13:47:54 -0300] "GET /cormun/servlet/solicitudotadjuntos?INS,2022,18406,,1, HTTP/1.1" 200 6403
190.171.142.18 - - [04/Apr/2022:13:47:54 -0300] "GET /cormun/static/about:blank HTTP/1.1" 404 1011
190.171.142.18 - - [04/Apr/2022:13:47:54 -0300] "GET /cormun/servlet/solicitudotadjuntos?INS,2022,18406,,1, HTTP/1.1" 200 6396
190.171.142.18 - - [04/Apr/2022:13:47:55 -0300] "GET /cormun/servlet/solicitudotadjuntos?9bbd3d6acf73bad078e8200edc0ffaf26320cfd3a522287789016595da5a6deec3acf607720faa291a219dd449ee2924,gx-no-cache=1649090128179 HTTP/1.1" 200 30
190.171.142.18 - - [04/Apr/2022:13:47:55 -0300] "POST /cormun/servlet/solicitudotadjuntos?b3bc5c84dd1674c7d3a0be7a03f4a41a,INS,2022,18406,,1,,gx-no-cache=1649090128206 HTTP/1.1" 200 4148
190.171.142.18 - - [04/Apr/2022:13:47:58 -0300] "POST /cormun/servlet/solicitudotadjuntos?gx-no-cache=1649090131432 HTTP/1.1" 200 26
