181.212.43.89 - - [31/Mar/2022:12:11:12 -0300] "GET /cormun/static/Resources/Logo2019_Grande.png HTTP/1.1" 200 31733
181.212.43.89 - - [31/Mar/2022:12:11:12 -0300] "GET /cormun/static/gxgral.js?85251 HTTP/1.1" 200 384558
181.212.43.89 - - [31/Mar/2022:12:11:12 -0300] "GET /cormun/static/Resources/PXToolsLoginBackground.png HTTP/1.1" 200 1164
181.212.43.89 - - [31/Mar/2022:12:11:12 -0300] "GET /cormun/static/Resources/PXToolsLoginTop.png HTTP/1.1" 200 1337
181.212.43.89 - - [31/Mar/2022:12:11:12 -0300] "GET /cormun/static/Resources/PXToolsButtonLeft.png HTTP/1.1" 200 1310
181.212.43.89 - - [31/Mar/2022:12:11:12 -0300] "GET /cormun/static/Resources/PXToolsButtonRight.png HTTP/1.1" 200 1294
181.212.43.89 - - [31/Mar/2022:12:11:12 -0300] "GET /cormun/static/Resources/PXToolsButtonBackground.png HTTP/1.1" 200 1176
181.212.43.89 - - [31/Mar/2022:12:11:12 -0300] "GET /cormun/static/Resources/PXToolsLoginBottom.png HTTP/1.1" 200 1389
181.212.43.89 - - [31/Mar/2022:12:11:12 -0300] "GET /cormun/static/Resources/indicator.gif HTTP/1.1" 200 1553
181.212.43.89 - - [31/Mar/2022:12:11:12 -0300] "GET /cormun/servlet/hlogin HTTP/1.1" 200 1736
181.212.43.89 - - [31/Mar/2022:12:11:12 -0300] "GET /favicon.ico HTTP/1.1" 200 21630
190.171.141.106 - - [31/Mar/2022:12:11:21 -0300] "GET /cormun/servlet/solicitudot?533561ca8d14946aea5a42dbfada298a2b11a3c84ba1954a86a2bb4d478906309a2356ac22ac8dd1f58825a840d7252298d71a54a43da513bff7417b0a9ef1d534b9d278d5c2b299a5ba313fdaa46acec7e5ba13693a98ba2b10ebde73bc4aefb33243811dd55f0a25d7d5501f12c50f,gx-no-cache=1648738829063 HTTP/1.1" 200 29
190.171.142.10 - - [31/Mar/2022:12:12:14 -0300] "GET /cormun/servlet/licenciaspermisos?b1f61e4ec39533734155886f8ffdaa77dc2880ed817b03d0772ea37ebb49f07a8ef85c9b9270ab2a9a359e8bf752385a47d1ab2a4d7e8ebc52416efe71bbcc41f757e356d16db9cdbb834bfd78dd3bff5160ba1675de618118bea837d60168e0f1bcdbb073a4bcf459ba8ea61efbcae8450166989617206ba06d3289a1953e6f3c5941a435dc9617c65ab888f2fe2ca5c9413463ff088571824998bf9abfcd8352191d41787f76faf19a091f62d82f4206c4cb74481b84218a2a056f99162a68545bfef36063ff49996b1fc349c8f524998f7ec6c05ed459bc7a0395de3562fc,gx-no-cache=1648738788118 HTTP/1.1" 200 30
190.171.142.10 - - [31/Mar/2022:12:12:14 -0300] "POST /cormun/servlet/licenciaspermisos?d43b22bb108bd32df969f4d046314a3b,INS,0,,,,gx-no-cache=1648738788165 HTTP/1.1" 200 4666
190.171.141.106 - - [31/Mar/2022:12:12:20 -0300] "GET /cormun/servlet/solicitudot?533561ca8d14946aea5a42dbfada298aa7cdf2122b854216f18625556947d11c9761cf4ada30d6c8b92d447bf46e7056,gx-no-cache=1648738887565 HTTP/1.1" 200 30
190.171.141.106 - - [31/Mar/2022:12:12:34 -0300] "POST /cormun/servlet/solicitudot?gx-no-cache=1648738902323 HTTP/1.1" 200 30
190.171.141.106 - - [31/Mar/2022:12:12:46 -0300] "POST /cormun/servlet/solicitudot?0ee369f38090ecdf946a0e9ec0369946,INS,0,0,false,,gx-no-cache=1648738913547 HTTP/1.1" 200 93
190.171.141.106 - - [31/Mar/2022:12:12:46 -0300] "GET /cormun/servlet/hpexe_return? HTTP/1.1" 200 1007
190.171.141.106 - - [31/Mar/2022:12:12:47 -0300] "GET /cormun/servlet/trsolicitudot HTTP/1.1" 200 8847
190.171.141.106 - - [31/Mar/2022:12:12:47 -0300] "GET /cormun/servlet/trsolicitudot HTTP/1.1" 200 8845
192.168.10.199 - - [31/Mar/2022:12:12:55 -0300] "POST /cormun/servlet/vesolicitudgral?25c606b1fa831cafa9b4aed12e4940ad,2022,18372,,,gx-no-cache=1648738664726 HTTP/1.1" 200 90
192.168.10.199 - - [31/Mar/2022:12:12:56 -0300] "GET /cormun/servlet/hpexe_link HTTP/1.1" 200 972
192.168.10.199 - - [31/Mar/2022:12:12:57 -0300] "GET /cormun/servlet/trsolicitudgral HTTP/1.1" 200 28586
192.168.10.199 - - [31/Mar/2022:12:12:58 -0300] "GET /cormun/servlet/trsolicitudgral HTTP/1.1" 200 28585
190.171.142.10 - - [31/Mar/2022:12:13:07 -0300] "GET /cormun/servlet/licenciaspermisos?b1f61e4ec39533734155886f8ffdaa772f2323231b51ee6a29b7130419ba1cd950049e4988da101c49f2fec447b6d7e6fc4ad759b394e7b9babfb50ab6b707b41f4cfd7a7e573f53d114bc84a4fd0c21d74280a0f2ac7158a54f1fc816c0a4fb9b0c970902bbad9554a5720bde59b04d5b2279c36654d281e71ae582612504c0c99105a3c73d4b944990593c02e2da9600c791fe8b929121bfd9a0bd0c31ed6a7434a6bf1a1e8b61731089748aa55e114f57fe67f34d05edf3e98eaef161f1e95f74fc1c1693ee86ca7884a9553492e79bfe8bb0a90d227ce0e7a17a3ba6f19aef9ab1b6494061cd6611d0a20be4c361,gx-no-cache=1648738841110 HTTP/1.1" 200 66
190.171.142.10 - - [31/Mar/2022:12:13:07 -0300] "POST /cormun/servlet/licenciaspermisos?d43b22bb108bd32df969f4d046314a3b,INS,0,,,,gx-no-cache=1648738841158 HTTP/1.1" 200 4812
190.171.142.10 - - [31/Mar/2022:12:13:08 -0300] "GET /cormun/static/Shared/jqueryui/images/ui-bg_highlight-soft_100_c6c2c8_1x100.png HTTP/1.1" 404 1117
190.171.142.10 - - [31/Mar/2022:12:13:08 -0300] "GET /cormun/static/Shared/jqueryui/images/ui-icons_82798d_256x240.png HTTP/1.1" 404 1089
190.171.142.10 - - [31/Mar/2022:12:13:08 -0300] "GET /cormun/static/Shared/jqueryui/images/ui-bg_flat_55_994d53_40x100.png HTTP/1.1" 404 1097
190.171.142.10 - - [31/Mar/2022:12:13:08 -0300] "GET /cormun/static/Shared/jqueryui/images/ui-icons_ebccce_256x240.png HTTP/1.1" 404 1089
192.168.10.199 - - [31/Mar/2022:12:13:10 -0300] "POST /cormun/servlet/trsolicitudgral?25c606b1fa831cafa9b4aed12e4940ad,gx-no-cache=1648738680139 HTTP/1.1" 200 5270
192.168.10.199 - - [31/Mar/2022:12:13:12 -0300] "GET /cormun/static/menuarrow.gif HTTP/1.1" 404 1015
192.168.10.199 - - [31/Mar/2022:12:13:19 -0300] "POST /cormun/servlet/trsolicitudgral?25c606b1fa831cafa9b4aed12e4940ad,gx-no-cache=1648738688949 HTTP/1.1" 200 5272
192.168.10.199 - - [31/Mar/2022:12:13:20 -0300] "POST /cormun/servlet/trsolicitudgral?25c606b1fa831cafa9b4aed12e4940ad,gx-no-cache=1648738689793 HTTP/1.1" 200 5272
192.168.10.199 - - [31/Mar/2022:12:13:20 -0300] "POST /cormun/servlet/trsolicitudgral?25c606b1fa831cafa9b4aed12e4940ad,gx-no-cache=1648738690027 HTTP/1.1" 200 5271
192.168.10.199 - - [31/Mar/2022:12:13:20 -0300] "POST /cormun/servlet/trsolicitudgral?25c606b1fa831cafa9b4aed12e4940ad,gx-no-cache=1648738690237 HTTP/1.1" 200 5272
192.168.10.199 - - [31/Mar/2022:12:13:31 -0300] "POST /cormun/servlet/trsolicitudgral?25c606b1fa831cafa9b4aed12e4940ad,gx-no-cache=1648738701065 HTTP/1.1" 200 5271
190.171.142.10 - - [31/Mar/2022:12:13:36 -0300] "GET /cormun/servlet/licenciaspermisos?b1f61e4ec39533734155886f8ffdaa77dc2880ed817b03d0772ea37ebb49f07a8ef85c9b9270ab2a9a359e8bf752385a47d1ab2a4d7e8ebc52416efe71bbcc41f757e356d16db9cdbb834bfd78dd3bff5160ba1675de618118bea837d60168e0f1bcdbb073a4bcf459ba8ea61efbcae8450166989617206ba06d3289a1953e6f3c5941a435dc9617c65ab888f2fe2ca5c9413463ff088571824998bf9abfcd8352191d41787f76faf19a091f62d82f4206c4cb74481b84218a2a056f99162a68545bfef36063ff49996b1fc349c8f524998f7ec6c05ed459bc7a0395de3562fc,gx-no-cache=1648738869313 HTTP/1.1" 200 30
190.171.142.10 - - [31/Mar/2022:12:13:36 -0300] "GET /cormun/servlet/licenciaspermisos?b1f61e4ec39533734155886f8ffdaa772f2323231b51ee6a29b7130419ba1cd950049e4988da101c49f2fec447b6d7e6fc4ad759b394e7b9babfb50ab6b707b41f4cfd7a7e573f53d114bc84a4fd0c21d74280a0f2ac7158a54f1fc816c0a4fb9b0c970902bbad9554a5720bde59b04d5b2279c36654d281e71ae582612504c0c99105a3c73d4b944990593c02e2da9600c791fe8b929121bfd9a0bd0c31ed6a7434a6bf1a1e8b61731089748aa55e114f57fe67f34d05edf3e98eaef161f1e95f74fc1c1693ee86ca7884a9553492e79bfe8bb0a90d227ce0e7a17a3ba6f19a2d9d666a089036a5953b1d9fc48488103ae579394c75de6d2af5f92637a29236a0af9a0c8cb6182950c2a36a738d37e8,gx-no-cache=1648738869360 HTTP/1.1" 200 66
190.171.142.10 - - [31/Mar/2022:12:13:36 -0300] "POST /cormun/servlet/licenciaspermisos?d43b22bb108bd32df969f4d046314a3b,INS,0,,,,gx-no-cache=1648738869400 HTTP/1.1" 200 93
190.171.142.10 - - [31/Mar/2022:12:13:36 -0300] "GET /cormun/servlet/hpexe_return? HTTP/1.1" 200 1016
190.171.142.10 - - [31/Mar/2022:12:13:37 -0300] "GET /cormun/servlet/hhome HTTP/1.1" 200 3975
190.171.142.10 - - [31/Mar/2022:12:13:38 -0300] "GET /cormun/servlet/hhome HTTP/1.1" 200 3969
190.171.141.106 - - [31/Mar/2022:12:13:39 -0300] "POST /cormun/servlet/trsolicitudot?0ee369f38090ecdf946a0e9ec0369946,gx-no-cache=1648738967208 HTTP/1.1" 200 107
190.171.141.106 - - [31/Mar/2022:12:13:40 -0300] "GET /cormun/servlet/trsolicitudadjuntos?2022,18373, HTTP/1.1" 200 6330
190.171.141.106 - - [31/Mar/2022:12:13:40 -0300] "GET /cormun/static/gxcfg.js?20201215574222 HTTP/1.1" 200 953
190.171.141.106 - - [31/Mar/2022:12:13:40 -0300] "GET /cormun/static/Resources/PXToolsGridNew.png HTTP/1.1" 200 427
190.171.141.106 - - [31/Mar/2022:12:13:40 -0300] "GET /cormun/static/trsolicitudadjuntos.js?20201215574932 HTTP/1.1" 200 17922
190.171.141.106 - - [31/Mar/2022:12:13:40 -0300] "GET /cormun/servlet/trsolicitudadjuntos?2022,18373, HTTP/1.1" 200 6329
192.168.10.199 - - [31/Mar/2022:12:13:40 -0300] "POST /cormun/servlet/trsolicitudgral?25c606b1fa831cafa9b4aed12e4940ad,gx-no-cache=1648738710163 HTTP/1.1" 200 5272
190.171.142.10 - - [31/Mar/2022:12:13:47 -0300] "GET /cormun/servlet/trlicencias? HTTP/1.1" 200 15175
190.171.141.106 - - [31/Mar/2022:12:13:47 -0300] "GET /cormun/servlet/solicitudotadjuntos?INS,2022,18373,,1, HTTP/1.1" 200 6275
190.171.141.106 - - [31/Mar/2022:12:13:48 -0300] "GET /cormun/static/gxcfg.js?202012157947 HTTP/1.1" 200 953
190.171.141.106 - - [31/Mar/2022:12:13:48 -0300] "GET /cormun/static/solicitudotadjuntos.js?202012157966 HTTP/1.1" 200 11771
190.171.152.114 - - [31/Mar/2022:12:13:48 -0300] "GET /cormun/servlet/hlogin HTTP/1.1" 200 1723
190.171.141.106 - - [31/Mar/2022:12:13:48 -0300] "GET /cormun/servlet/solicitudotadjuntos?INS,2022,18373,,1, HTTP/1.1" 200 6269
190.171.141.106 - - [31/Mar/2022:12:13:48 -0300] "GET /cormun/static/about:blank HTTP/1.1" 404 1011
190.171.141.106 - - [31/Mar/2022:12:13:48 -0300] "GET /cormun/servlet/solicitudotadjuntos?533561ca8d14946aea5a42dbfada298a7d58ba7642b88b4c89723b321f3c5dc58fd34c9fccc9ae1db973dab80c16993d,gx-no-cache=1648738976199 HTTP/1.1" 200 30
190.171.141.106 - - [31/Mar/2022:12:13:48 -0300] "POST /cormun/servlet/solicitudotadjuntos?0ee369f38090ecdf946a0e9ec0369946,INS,2022,18373,,1,,gx-no-cache=1648738976219 HTTP/1.1" 200 4191
190.171.142.10 - - [31/Mar/2022:12:13:49 -0300] "GET /cormun/servlet/trlicencias? HTTP/1.1" 200 15242
192.168.10.199 - - [31/Mar/2022:12:13:49 -0300] "POST /cormun/servlet/trsolicitudgral?25c606b1fa831cafa9b4aed12e4940ad,gx-no-cache=1648738718512 HTTP/1.1" 200 5272
192.168.10.199 - - [31/Mar/2022:12:13:49 -0300] "POST /cormun/servlet/trsolicitudgral?25c606b1fa831cafa9b4aed12e4940ad,gx-no-cache=1648738719024 HTTP/1.1" 200 5271
192.168.10.199 - - [31/Mar/2022:12:13:49 -0300] "POST /cormun/servlet/trsolicitudgral?25c606b1fa831cafa9b4aed12e4940ad,gx-no-cache=1648738719235 HTTP/1.1" 200 5272
192.168.10.199 - - [31/Mar/2022:12:13:50 -0300] "POST /cormun/servlet/trsolicitudgral?25c606b1fa831cafa9b4aed12e4940ad,gx-no-cache=1648738719438 HTTP/1.1" 200 5272
192.168.10.199 - - [31/Mar/2022:12:13:50 -0300] "POST /cormun/servlet/trsolicitudgral?25c606b1fa831cafa9b4aed12e4940ad,gx-no-cache=1648738719639 HTTP/1.1" 200 5271
192.168.10.199 - - [31/Mar/2022:12:13:50 -0300] "POST /cormun/servlet/trsolicitudgral?25c606b1fa831cafa9b4aed12e4940ad,gx-no-cache=1648738719817 HTTP/1.1" 200 5272
192.168.10.199 - - [31/Mar/2022:12:13:50 -0300] "POST /cormun/servlet/trsolicitudgral?25c606b1fa831cafa9b4aed12e4940ad,gx-no-cache=1648738720000 HTTP/1.1" 200 5271
192.168.10.199 - - [31/Mar/2022:12:13:50 -0300] "POST /cormun/servlet/trsolicitudgral?25c606b1fa831cafa9b4aed12e4940ad,gx-no-cache=1648738720200 HTTP/1.1" 200 5271
192.168.10.199 - - [31/Mar/2022:12:13:50 -0300] "POST /cormun/servlet/trsolicitudgral?25c606b1fa831cafa9b4aed12e4940ad,gx-no-cache=1648738720373 HTTP/1.1" 200 5271
192.168.10.199 - - [31/Mar/2022:12:13:51 -0300] "POST /cormun/servlet/trsolicitudgral?25c606b1fa831cafa9b4aed12e4940ad,gx-no-cache=1648738720557 HTTP/1.1" 200 5271
192.168.10.199 - - [31/Mar/2022:12:13:51 -0300] "POST /cormun/servlet/trsolicitudgral?25c606b1fa831cafa9b4aed12e4940ad,gx-no-cache=1648738720741 HTTP/1.1" 200 5271
190.171.142.10 - - [31/Mar/2022:12:13:51 -0300] "POST /cormun/servlet/trlicencias?d43b22bb108bd32df969f4d046314a3b,,gx-no-cache=1648738884777 HTTP/1.1" 200 13131
192.168.10.199 - - [31/Mar/2022:12:13:52 -0300] "POST /cormun/servlet/trsolicitudgral?25c606b1fa831cafa9b4aed12e4940ad,gx-no-cache=1648738721444 HTTP/1.1" 200 5272
192.168.10.199 - - [31/Mar/2022:12:13:52 -0300] "POST /cormun/servlet/trsolicitudgral?25c606b1fa831cafa9b4aed12e4940ad,gx-no-cache=1648738721706 HTTP/1.1" 200 5272
192.168.10.199 - - [31/Mar/2022:12:13:54 -0300] "GET /cormun/servlet/trsolicitudgral? HTTP/1.1" 200 8331
192.168.10.199 - - [31/Mar/2022:12:13:54 -0300] "GET /cormun/servlet/trsolicitudgral? HTTP/1.1" 200 8331
192.168.10.199 - - [31/Mar/2022:12:13:56 -0300] "POST /cormun/servlet/trsolicitudgral?25c606b1fa831cafa9b4aed12e4940ad,,gx-no-cache=1648738726007 HTTP/1.1" 200 5272
192.168.10.199 - - [31/Mar/2022:12:13:56 -0300] "POST /cormun/servlet/trsolicitudgral?25c606b1fa831cafa9b4aed12e4940ad,,gx-no-cache=1648738726220 HTTP/1.1" 200 5272
192.168.10.199 - - [31/Mar/2022:12:13:57 -0300] "POST /cormun/servlet/trsolicitudgral?25c606b1fa831cafa9b4aed12e4940ad,,gx-no-cache=1648738726415 HTTP/1.1" 200 5273
192.168.10.199 - - [31/Mar/2022:12:13:57 -0300] "POST /cormun/servlet/trsolicitudgral?25c606b1fa831cafa9b4aed12e4940ad,,gx-no-cache=1648738726597 HTTP/1.1" 200 5272
192.168.10.199 - - [31/Mar/2022:12:13:57 -0300] "POST /cormun/servlet/trsolicitudgral?25c606b1fa831cafa9b4aed12e4940ad,,gx-no-cache=1648738726800 HTTP/1.1" 200 5273
192.168.10.199 - - [31/Mar/2022:12:13:57 -0300] "POST /cormun/servlet/trsolicitudgral?25c606b1fa831cafa9b4aed12e4940ad,,gx-no-cache=1648738726994 HTTP/1.1" 200 5273
192.168.10.199 - - [31/Mar/2022:12:13:57 -0300] "POST /cormun/servlet/trsolicitudgral?25c606b1fa831cafa9b4aed12e4940ad,,gx-no-cache=1648738727182 HTTP/1.1" 200 5272
192.168.10.199 - - [31/Mar/2022:12:13:58 -0300] "POST /cormun/servlet/trsolicitudgral?25c606b1fa831cafa9b4aed12e4940ad,,gx-no-cache=1648738727387 HTTP/1.1" 200 5271
192.168.10.199 - - [31/Mar/2022:12:13:58 -0300] "POST /cormun/servlet/trsolicitudgral?25c606b1fa831cafa9b4aed12e4940ad,,gx-no-cache=1648738727573 HTTP/1.1" 200 5272
192.168.10.199 - - [31/Mar/2022:12:13:58 -0300] "POST /cormun/servlet/trsolicitudgral?25c606b1fa831cafa9b4aed12e4940ad,,gx-no-cache=1648738727761 HTTP/1.1" 200 5272
192.168.10.199 - - [31/Mar/2022:12:13:58 -0300] "POST /cormun/servlet/trsolicitudgral?25c606b1fa831cafa9b4aed12e4940ad,,gx-no-cache=1648738728203 HTTP/1.1" 200 5272
190.171.142.10 - - [31/Mar/2022:12:13:59 -0300] "GET /cormun/servlet/trlicenciaspermisosadjuntos?7023850,20220331000000,L, HTTP/1.1" 200 6330
192.168.10.199 - - [31/Mar/2022:12:13:59 -0300] "POST /cormun/servlet/trsolicitudgral?25c606b1fa831cafa9b4aed12e4940ad,,gx-no-cache=1648738728498 HTTP/1.1" 200 5273
190.171.142.10 - - [31/Mar/2022:12:14:00 -0300] "GET /cormun/servlet/trlicenciaspermisosadjuntos?7023850,20220331000000,L, HTTP/1.1" 200 6331
190.171.154.42 - - [31/Mar/2022:12:14:04 -0300] "POST /cormun/servlet/trlicencias?386e5bacce2320c4b7b20f58360d490b,gx-no-cache=1648738896489 HTTP/1.1" 440 972
190.171.141.106 - - [31/Mar/2022:12:14:04 -0300] "POST /cormun/servlet/solicitudotadjuntos?gx-no-cache=1648738992392 HTTP/1.1" 200 26
190.171.142.10 - - [31/Mar/2022:12:14:10 -0300] "GET /cormun/servlet/licenciaspermisosadjuntos?INS,7023850,L,20220331000000,, HTTP/1.1" 200 5619
190.95.67.97 - - [31/Mar/2022:12:14:10 -0300] "GET /cormun/servlet/hlogin HTTP/1.1" 200 1726
190.95.67.97 - - [31/Mar/2022:12:14:10 -0300] "GET /cormun/servlet/hlogin HTTP/1.1" 200 1735
190.171.142.10 - - [31/Mar/2022:12:14:11 -0300] "GET /cormun/static/about:blank HTTP/1.1" 404 1011
190.171.142.10 - - [31/Mar/2022:12:14:11 -0300] "GET /cormun/servlet/licenciaspermisosadjuntos?INS,7023850,L,20220331000000,, HTTP/1.1" 200 5606
190.171.154.42 - - [31/Mar/2022:12:14:12 -0300] "GET /cormun/servlet/trlicencias HTTP/1.1" 200 9390
190.171.152.114 - - [31/Mar/2022:12:14:12 -0300] "POST /cormun/servlet/hlogin?0213a94dccb575cf8354b2e10fec54bb,gx-no-cache=1648738910662 HTTP/1.1" 200 90
190.171.152.114 - - [31/Mar/2022:12:14:12 -0300] "GET /cormun/servlet/hpexe_link HTTP/1.1" 200 949
190.171.152.114 - - [31/Mar/2022:12:14:12 -0300] "GET /cormun/servlet/hhome HTTP/1.1" 200 4303
190.171.152.114 - - [31/Mar/2022:12:14:12 -0300] "GET /cormun/servlet/hhome HTTP/1.1" 200 4301
190.95.67.97 - - [31/Mar/2022:12:14:14 -0300] "POST /cormun/servlet/hlogin?fa81f7411ef0f081c67b10244ae98cb6,gx-no-cache=1648738908464 HTTP/1.1" 200 90
190.95.67.97 - - [31/Mar/2022:12:14:14 -0300] "GET /cormun/servlet/hpexe_link HTTP/1.1" 200 951
190.95.67.97 - - [31/Mar/2022:12:14:14 -0300] "GET /cormun/servlet/hhome HTTP/1.1" 200 3944
190.171.154.42 - - [31/Mar/2022:12:14:14 -0300] "GET /cormun/servlet/trlicencias HTTP/1.1" 200 9390
190.171.154.42 - - [31/Mar/2022:12:14:15 -0300] "GET /cormun/servlet/hlogin HTTP/1.1" 200 1743
190.171.154.42 - - [31/Mar/2022:12:14:15 -0300] "GET /cormun/servlet/trlicencias HTTP/1.1" 200 9390
190.171.152.114 - - [31/Mar/2022:12:14:15 -0300] "GET /cormun/servlet/trautorizarsolicitud? HTTP/1.1" 200 7410
190.95.67.97 - - [31/Mar/2022:12:14:15 -0300] "GET /cormun/servlet/hhome HTTP/1.1" 200 3941
190.171.152.114 - - [31/Mar/2022:12:14:16 -0300] "GET /cormun/servlet/trautorizarsolicitud? HTTP/1.1" 200 7409
190.171.142.10 - - [31/Mar/2022:12:14:20 -0300] "POST /cormun/servlet/licenciaspermisosadjuntos?d43b22bb108bd32df969f4d046314a3b,INS,7023850,L,20220331000000,, HTTP/1.1" 200 116
190.171.142.10 - - [31/Mar/2022:12:14:20 -0300] "GET /cormun/servlet/hpexe_return? HTTP/1.1" 200 1047
190.171.152.114 - - [31/Mar/2022:12:14:20 -0300] "GET /cormun/servlet/trsolicitudot? HTTP/1.1" 200 11753
190.171.142.10 - - [31/Mar/2022:12:14:20 -0300] "GET /cormun/servlet/trlicenciaspermisosadjuntos?7023850,20220331000000,L, HTTP/1.1" 200 6812
190.171.152.114 - - [31/Mar/2022:12:14:20 -0300] "GET /cormun/servlet/trsolicitudot? HTTP/1.1" 200 11753
190.171.142.10 - - [31/Mar/2022:12:14:21 -0300] "GET /cormun/servlet/trlicenciaspermisosadjuntos?7023850,20220331000000,L, HTTP/1.1" 200 6809
190.171.142.10 - - [31/Mar/2022:12:14:26 -0300] "GET /cormun/servlet/trsolicitudot? HTTP/1.1" 200 7216
190.171.142.10 - - [31/Mar/2022:12:14:27 -0300] "GET /cormun/servlet/trsolicitudot? HTTP/1.1" 200 7190
190.171.152.114 - - [31/Mar/2022:12:14:28 -0300] "GET /cormun/servlet/solicitudot?INS,0,0,false, HTTP/1.1" 200 16020
190.171.152.114 - - [31/Mar/2022:12:14:29 -0300] "GET /cormun/servlet/solicitudot?INS,0,0,false, HTTP/1.1" 200 16028
192.168.10.199 - - [31/Mar/2022:12:14:31 -0300] "POST /cormun/servlet/trsolicitudgral?25c606b1fa831cafa9b4aed12e4940ad,,gx-no-cache=1648738760911 HTTP/1.1" 200 5273
192.168.10.199 - - [31/Mar/2022:12:14:31 -0300] "POST /cormun/servlet/trsolicitudgral?25c606b1fa831cafa9b4aed12e4940ad,,gx-no-cache=1648738761143 HTTP/1.1" 200 5273
192.168.10.199 - - [31/Mar/2022:12:14:31 -0300] "POST /cormun/servlet/trsolicitudgral?25c606b1fa831cafa9b4aed12e4940ad,,gx-no-cache=1648738761348 HTTP/1.1" 200 5273
192.168.10.199 - - [31/Mar/2022:12:14:32 -0300] "POST /cormun/servlet/trsolicitudgral?25c606b1fa831cafa9b4aed12e4940ad,,gx-no-cache=1648738761553 HTTP/1.1" 200 5273
192.168.10.199 - - [31/Mar/2022:12:14:32 -0300] "POST /cormun/servlet/trsolicitudgral?25c606b1fa831cafa9b4aed12e4940ad,,gx-no-cache=1648738761766 HTTP/1.1" 200 5273
192.168.10.199 - - [31/Mar/2022:12:14:32 -0300] "POST /cormun/servlet/trsolicitudgral?25c606b1fa831cafa9b4aed12e4940ad,,gx-no-cache=1648738761987 HTTP/1.1" 200 5273
192.168.10.199 - - [31/Mar/2022:12:14:32 -0300] "POST /cormun/servlet/trsolicitudgral?25c606b1fa831cafa9b4aed12e4940ad,,gx-no-cache=1648738762186 HTTP/1.1" 200 5273
192.168.10.199 - - [31/Mar/2022:12:14:33 -0300] "POST /cormun/servlet/trsolicitudgral?25c606b1fa831cafa9b4aed12e4940ad,,gx-no-cache=1648738762392 HTTP/1.1" 200 5272
192.168.10.199 - - [31/Mar/2022:12:14:33 -0300] "POST /cormun/servlet/trsolicitudgral?25c606b1fa831cafa9b4aed12e4940ad,,gx-no-cache=1648738762596 HTTP/1.1" 200 5273
192.168.10.199 - - [31/Mar/2022:12:14:33 -0300] "POST /cormun/servlet/trsolicitudgral?25c606b1fa831cafa9b4aed12e4940ad,,gx-no-cache=1648738762822 HTTP/1.1" 200 5272
190.95.67.97 - - [31/Mar/2022:12:14:39 -0300] "GET /cormun/servlet/trsolicitudot? HTTP/1.1" 200 8566
190.95.67.97 - - [31/Mar/2022:12:14:41 -0300] "GET /cormun/servlet/trsolicitudot? HTTP/1.1" 200 8564
190.171.154.42 - - [31/Mar/2022:12:14:41 -0300] "POST /cormun/servlet/hlogin?c1ce978c2765d69dbaf643382fd75d42,gx-no-cache=1648738933630 HTTP/1.1" 200 90
190.171.154.42 - - [31/Mar/2022:12:14:41 -0300] "GET /cormun/servlet/hpexe_link HTTP/1.1" 200 961
190.171.154.42 - - [31/Mar/2022:12:14:42 -0300] "GET /cormun/servlet/trlicencias HTTP/1.1" 200 13517
190.171.154.42 - - [31/Mar/2022:12:14:44 -0300] "GET /cormun/servlet/trlicencias HTTP/1.1" 200 13525
190.95.67.97 - - [31/Mar/2022:12:14:51 -0300] "GET /cormun/servlet/solicitudot?INS,0,0,false, HTTP/1.1" 200 15683
190.95.67.97 - - [31/Mar/2022:12:14:52 -0300] "GET /cormun/servlet/solicitudot?INS,0,0,false, HTTP/1.1" 200 15690
190.171.154.42 - - [31/Mar/2022:12:14:53 -0300] "POST /cormun/servlet/trlicencias?c1ce978c2765d69dbaf643382fd75d42,gx-no-cache=1648738945535 HTTP/1.1" 200 11331
190.95.67.97 - - [31/Mar/2022:12:15:03 -0300] "POST /cormun/servlet/solicitudot?gx-no-cache=1648738957717 HTTP/1.1" 200 3973
190.95.67.97 - - [31/Mar/2022:12:15:03 -0300] "POST /cormun/servlet/solicitudot?fa81f7411ef0f081c67b10244ae98cb6,INS,0,0,false,,gx-no-cache=1648738958031 HTTP/1.1" 200 12522
190.95.67.97 - - [31/Mar/2022:12:15:04 -0300] "GET /cormun/servlet/solicitudot?c7010545f0634e1846d1347c4cf191e87ebdb38cf9e88a0c1b69b8e29339fdbbe960d145bce9fa6cf3e823d7ebca2cd1,gx-no-cache=1648738958518 HTTP/1.1" 200 30
190.171.141.106 - - [31/Mar/2022:12:15:13 -0300] "GET /cormun/servlet/solicitudotadjuntos?533561ca8d14946aea5a42dbfada298adea332afa9ab766c9d64f89b00f9f291,gx-no-cache=1648739061232 HTTP/1.1" 200 30
190.171.141.106 - - [31/Mar/2022:12:15:13 -0300] "GET /cormun/servlet/solicitudotadjuntos?533561ca8d14946aea5a42dbfada298adea332afa9ab766c9d64f89b00f9f291,gx-no-cache=1648739061252 HTTP/1.1" 200 30
190.171.141.106 - - [31/Mar/2022:12:15:14 -0300] "POST /cormun/servlet/solicitudotadjuntos?0ee369f38090ecdf946a0e9ec0369946,INS,2022,18373,,1, HTTP/1.1" 200 116
190.171.141.106 - - [31/Mar/2022:12:15:14 -0300] "GET /cormun/servlet/hpexe_return? HTTP/1.1" 200 1025
190.171.141.106 - - [31/Mar/2022:12:15:14 -0300] "GET /cormun/servlet/trsolicitudadjuntos?2022,18373, HTTP/1.1" 200 9086
190.171.141.106 - - [31/Mar/2022:12:15:14 -0300] "GET /cormun/servlet/trsolicitudadjuntos?2022,18373, HTTP/1.1" 200 9084
190.171.141.106 - - [31/Mar/2022:12:15:17 -0300] "GET /cormun/servlet/solicitudotadjuntos?INS,2022,18373,,1, HTTP/1.1" 200 6275
190.171.141.106 - - [31/Mar/2022:12:15:18 -0300] "GET /cormun/static/about:blank HTTP/1.1" 404 1011
190.171.141.106 - - [31/Mar/2022:12:15:18 -0300] "GET /cormun/servlet/solicitudotadjuntos?INS,2022,18373,,1, HTTP/1.1" 200 6268
190.171.154.42 - - [31/Mar/2022:12:15:18 -0300] "GET /cormun/servlet/trlicencias HTTP/1.1" 200 13523
190.171.141.106 - - [31/Mar/2022:12:15:18 -0300] "GET /cormun/servlet/solicitudotadjuntos?533561ca8d14946aea5a42dbfada298a7d58ba7642b88b4c89723b321f3c5dc58fd34c9fccc9ae1db973dab80c16993d,gx-no-cache=1648739066015 HTTP/1.1" 200 30
190.171.141.106 - - [31/Mar/2022:12:15:18 -0300] "POST /cormun/servlet/solicitudotadjuntos?0ee369f38090ecdf946a0e9ec0369946,INS,2022,18373,,1,,gx-no-cache=1648739066046 HTTP/1.1" 200 4186
190.171.154.42 - - [31/Mar/2022:12:15:20 -0300] "GET /cormun/servlet/trlicencias HTTP/1.1" 200 13521
190.171.141.106 - - [31/Mar/2022:12:15:27 -0300] "POST /cormun/servlet/solicitudotadjuntos?gx-no-cache=1648739075074 HTTP/1.1" 200 26
190.171.141.106 - - [31/Mar/2022:12:15:30 -0300] "GET /cormun/servlet/solicitudotadjuntos?533561ca8d14946aea5a42dbfada298adea332afa9ab766c9d64f89b00f9f291,gx-no-cache=1648739077600 HTTP/1.1" 200 30
190.171.141.106 - - [31/Mar/2022:12:15:30 -0300] "GET /cormun/servlet/solicitudotadjuntos?533561ca8d14946aea5a42dbfada298adea332afa9ab766c9d64f89b00f9f291,gx-no-cache=1648739077612 HTTP/1.1" 200 30
190.171.141.106 - - [31/Mar/2022:12:15:30 -0300] "POST /cormun/servlet/solicitudotadjuntos?0ee369f38090ecdf946a0e9ec0369946,INS,2022,18373,,1,,gx-no-cache=1648739077639 HTTP/1.1" 200 93
190.171.141.106 - - [31/Mar/2022:12:15:30 -0300] "GET /cormun/servlet/hpexe_return? HTTP/1.1" 200 1025
190.171.141.106 - - [31/Mar/2022:12:15:30 -0300] "GET /cormun/servlet/trsolicitudadjuntos?2022,18373, HTTP/1.1" 200 9248
190.171.141.106 - - [31/Mar/2022:12:15:30 -0300] "GET /cormun/servlet/trsolicitudadjuntos?2022,18373, HTTP/1.1" 200 9245
190.171.141.106 - - [31/Mar/2022:12:15:36 -0300] "GET /cormun/servlet/solicitudotadjuntos?INS,2022,18373,,1, HTTP/1.1" 200 6275
190.171.141.106 - - [31/Mar/2022:12:15:36 -0300] "GET /cormun/static/about:blank HTTP/1.1" 404 1011
190.171.141.106 - - [31/Mar/2022:12:15:36 -0300] "GET /cormun/servlet/solicitudotadjuntos?INS,2022,18373,,1, HTTP/1.1" 200 6268
190.171.141.106 - - [31/Mar/2022:12:15:37 -0300] "GET /cormun/servlet/solicitudotadjuntos?533561ca8d14946aea5a42dbfada298a7d58ba7642b88b4c89723b321f3c5dc58fd34c9fccc9ae1db973dab80c16993d,gx-no-cache=1648739084861 HTTP/1.1" 200 30
190.171.141.106 - - [31/Mar/2022:12:15:37 -0300] "POST /cormun/servlet/solicitudotadjuntos?0ee369f38090ecdf946a0e9ec0369946,INS,2022,18373,,1,,gx-no-cache=1648739084880 HTTP/1.1" 200 4186
190.171.141.106 - - [31/Mar/2022:12:15:48 -0300] "POST /cormun/servlet/solicitudotadjuntos?0ee369f38090ecdf946a0e9ec0369946,INS,2022,18373,,1,,gx-no-cache=1648739096138 HTTP/1.1" 200 93
190.171.141.106 - - [31/Mar/2022:12:15:48 -0300] "GET /cormun/servlet/hpexe_return? HTTP/1.1" 200 1025
190.171.141.106 - - [31/Mar/2022:12:15:48 -0300] "GET /cormun/servlet/trsolicitudadjuntos?2022,18373, HTTP/1.1" 200 9247
190.171.141.106 - - [31/Mar/2022:12:15:49 -0300] "GET /cormun/servlet/trsolicitudadjuntos?2022,18373, HTTP/1.1" 200 9245
190.171.141.106 - - [31/Mar/2022:12:15:54 -0300] "GET /cormun/servlet/solicitudotadjuntos?DLT,2022,18373,CERTIF3,0, HTTP/1.1" 200 6151
190.171.141.106 - - [31/Mar/2022:12:15:54 -0300] "GET /cormun/static/about:blank HTTP/1.1" 404 1011
190.171.141.106 - - [31/Mar/2022:12:15:54 -0300] "GET /cormun/static/Shared/jqueryui/images/ui-bg_highlight-soft_100_c6c2c8_1x100.png HTTP/1.1" 404 1117
190.171.141.106 - - [31/Mar/2022:12:15:54 -0300] "GET /cormun/static/Shared/jqueryui/images/ui-icons_82798d_256x240.png HTTP/1.1" 404 1089
190.171.141.106 - - [31/Mar/2022:12:15:54 -0300] "GET /cormun/static/Shared/jqueryui/images/ui-bg_flat_55_fafafa_40x100.png HTTP/1.1" 404 1097
190.171.141.106 - - [31/Mar/2022:12:15:54 -0300] "GET /cormun/static/Shared/jqueryui/images/ui-icons_8d78a5_256x240.png HTTP/1.1" 404 1089
190.171.141.106 - - [31/Mar/2022:12:15:54 -0300] "GET /cormun/servlet/solicitudotadjuntos?DLT,2022,18373,CERTIF3,0, HTTP/1.1" 200 6144
190.95.67.97 - - [31/Mar/2022:12:15:59 -0300] "GET /cormun/servlet/solicitudot?c7010545f0634e1846d1347c4cf191e843ce08bea781d4026df11b4037a7848c285ec568face4c472de752457827ec5160106a6475d0cc0eeeb7f060c0b8205f,gx-no-cache=1648739014305 HTTP/1.1" 200 30
190.95.67.97 - - [31/Mar/2022:12:15:59 -0300] "GET /cormun/servlet/solicitudot?c7010545f0634e1846d1347c4cf191e86b0d26240586b549931cbe86f840356a,gx-no-cache=1648739014368 HTTP/1.1" 200 51
190.95.67.97 - - [31/Mar/2022:12:16:00 -0300] "POST /cormun/servlet/solicitudot?gx-no-cache=1648739014433 HTTP/1.1" 200 255
190.95.67.97 - - [31/Mar/2022:12:16:00 -0300] "GET /cormun/servlet/solicitudot?c7010545f0634e1846d1347c4cf191e8d926eb11cf2cb1565fad65afaa5f8fe0ddfd09a62fb2d24ba3a355ee8307c4121c83cf492a86b0476081c8b24ce38dc850d6f093d41dc246d5766b6fa060ad87d95ba93cddda1d6b4df2b1eb5981ce8e4d908ac5b0df8bf6557d12f0716cc3c19655d9626ab7951434c27f68bd100b0571a444ee08f0da79d4987e1294d5a245b2b394fd1aecb6738c123858d5a2c9887a70f78d4da18f3a4e623b8732e9808bcfd9f1a95502b585c50994e8663559e962bea60f448dc1be87554e9277bf164222db44d7eb207744af8f7b894df0118167f33527818356352cdf20426246b0998e182c9cb12f6ae9dff9ccc51f376142387a9522957f03eef38b1df98c1d62f375902b1f792fba1bb34c0f3fa3c89edba7a99c5e3cc3f844a6a626d18aeaa3c0d575e656f921ebed7fa218d913e5f765f520ce83daa0910269f5e9930786fbe81ab58672ddf3829793f223e742fff9544f7c61f0b1688a3a2b520a607424c7b15d979840d6590b2b4b3703886ac65d9c,gx-no-cache=1648739014521 HTTP/1.1" 200 30
190.95.67.97 - - [31/Mar/2022:12:16:00 -0300] "POST /cormun/servlet/solicitudot?gx-no-cache=1648739014573 HTTP/1.1" 200 30
190.95.67.97 - - [31/Mar/2022:12:16:00 -0300] "POST /cormun/servlet/solicitudot?gx-no-cache=1648739014679 HTTP/1.1" 200 1454
190.95.67.97 - - [31/Mar/2022:12:16:00 -0300] "POST /cormun/servlet/solicitudot?gx-no-cache=1648739014761 HTTP/1.1" 200 38
190.95.67.97 - - [31/Mar/2022:12:16:00 -0300] "GET /cormun/servlet/solicitudot?c7010545f0634e1846d1347c4cf191e85ff87746e69cb988b8b2d951a946b42c9ccc4f35baff27024f2c2110ed6e740a67506b39b37bbc25e3de2dd015cf97e89ecac881581dc90bbd1b11bbfa3fe48d603a8986bf3c9533b3504cad88de414c03a59f8356597e5369fb820c2d2a1b31,gx-no-cache=1648739014810 HTTP/1.1" 200 110
190.95.67.97 - - [31/Mar/2022:12:16:00 -0300] "POST /cormun/servlet/solicitudot?gx-no-cache=1648739014869 HTTP/1.1" 200 97
190.171.141.106 - - [31/Mar/2022:12:16:03 -0300] "GET /cormun/servlet/trsolicitudadjuntos?2022,18373, HTTP/1.1" 200 9248
190.171.141.106 - - [31/Mar/2022:12:16:03 -0300] "GET /cormun/servlet/trsolicitudadjuntos?2022,18373, HTTP/1.1" 200 9244
190.171.141.106 - - [31/Mar/2022:12:16:11 -0300] "GET /cormun/servlet/solicitudotadjuntos?INS,2022,18373,,1, HTTP/1.1" 200 6276
190.171.141.106 - - [31/Mar/2022:12:16:12 -0300] "GET /cormun/static/about:blank HTTP/1.1" 404 1011
190.171.141.106 - - [31/Mar/2022:12:16:12 -0300] "GET /cormun/servlet/solicitudotadjuntos?INS,2022,18373,,1, HTTP/1.1" 200 6269
190.171.141.106 - - [31/Mar/2022:12:16:12 -0300] "GET /cormun/servlet/solicitudotadjuntos?533561ca8d14946aea5a42dbfada298a7d58ba7642b88b4c89723b321f3c5dc58fd34c9fccc9ae1db973dab80c16993d,gx-no-cache=1648739120157 HTTP/1.1" 200 30
190.171.141.106 - - [31/Mar/2022:12:16:12 -0300] "POST /cormun/servlet/solicitudotadjuntos?0ee369f38090ecdf946a0e9ec0369946,INS,2022,18373,,1,,gx-no-cache=1648739120182 HTTP/1.1" 200 4190
190.171.152.114 - - [31/Mar/2022:12:16:13 -0300] "POST /cormun/servlet/solicitudot?gx-no-cache=1648739031379 HTTP/1.1" 200 3850
190.171.152.114 - - [31/Mar/2022:12:16:13 -0300] "POST /cormun/servlet/solicitudot?0213a94dccb575cf8354b2e10fec54bb,INS,0,0,false,,gx-no-cache=1648739031510 HTTP/1.1" 200 12662
190.171.141.106 - - [31/Mar/2022:12:16:17 -0300] "POST /cormun/servlet/solicitudotadjuntos?gx-no-cache=1648739124513 HTTP/1.1" 200 26
190.171.152.114 - - [31/Mar/2022:12:16:17 -0300] "GET /cormun/servlet/solicitudot?d2f26d9345ccd5a89eef97e2398502f659f600c870b188847e915d8b02f5c00b776eed9ebf916bf5492408778cf89c73,gx-no-cache=1648739035643 HTTP/1.1" 200 30
190.171.141.106 - - [31/Mar/2022:12:16:30 -0300] "GET /cormun/servlet/solicitudotadjuntos?533561ca8d14946aea5a42dbfada298adea332afa9ab766c9d64f89b00f9f291,gx-no-cache=1648739138040 HTTP/1.1" 200 30
190.171.141.106 - - [31/Mar/2022:12:16:30 -0300] "GET /cormun/servlet/solicitudotadjuntos?533561ca8d14946aea5a42dbfada298adea332afa9ab766c9d64f89b00f9f291,gx-no-cache=1648739138052 HTTP/1.1" 200 30
190.171.141.106 - - [31/Mar/2022:12:16:30 -0300] "POST /cormun/servlet/solicitudotadjuntos?0ee369f38090ecdf946a0e9ec0369946,INS,2022,18373,,1, HTTP/1.1" 200 116
190.171.141.106 - - [31/Mar/2022:12:16:30 -0300] "GET /cormun/servlet/hpexe_return? HTTP/1.1" 200 1025
190.171.141.106 - - [31/Mar/2022:12:16:30 -0300] "GET /cormun/servlet/trsolicitudadjuntos?2022,18373, HTTP/1.1" 200 9508
190.171.141.106 - - [31/Mar/2022:12:16:31 -0300] "GET /cormun/servlet/trsolicitudadjuntos?2022,18373, HTTP/1.1" 200 9505
190.171.141.106 - - [31/Mar/2022:12:16:34 -0300] "GET /cormun/servlet/solicitudotadjuntos?INS,2022,18373,,1, HTTP/1.1" 200 6276
190.171.141.106 - - [31/Mar/2022:12:16:35 -0300] "GET /cormun/static/about:blank HTTP/1.1" 404 1011
190.171.141.106 - - [31/Mar/2022:12:16:35 -0300] "GET /cormun/servlet/solicitudotadjuntos?INS,2022,18373,,1, HTTP/1.1" 200 6269
190.171.141.106 - - [31/Mar/2022:12:16:35 -0300] "GET /cormun/servlet/solicitudotadjuntos?533561ca8d14946aea5a42dbfada298a7d58ba7642b88b4c89723b321f3c5dc58fd34c9fccc9ae1db973dab80c16993d,gx-no-cache=1648739143165 HTTP/1.1" 200 30
190.171.141.106 - - [31/Mar/2022:12:16:35 -0300] "POST /cormun/servlet/solicitudotadjuntos?0ee369f38090ecdf946a0e9ec0369946,INS,2022,18373,,1,,gx-no-cache=1648739143194 HTTP/1.1" 200 4190
190.95.67.97 - - [31/Mar/2022:12:16:41 -0300] "POST /cormun/servlet/solicitudot?gx-no-cache=1648739055421 HTTP/1.1" 200 97
190.95.67.97 - - [31/Mar/2022:12:16:41 -0300] "GET /cormun/servlet/solicitudot?c7010545f0634e1846d1347c4cf191e86cc28226c75b6a3ee70abe74f07174ffb009191fcaa6a07f3c8beceab178af7447c56e33253911317b15470a9966714c234e0b39b12968585b97aab321bd00bc481d81ab6aa02fd683c14ce5b7999c3468b71f6e4fa3970b355784e334e95bdc4a7e8d6bd146aca3088661e5eb1f1864e037a086436744eae1cb10aa75a1a9f0cfd7b364c5c27246b8a2cb59f7f90e60,gx-no-cache=1648739055646 HTTP/1.1" 200 29
190.95.67.97 - - [31/Mar/2022:12:16:41 -0300] "GET /cormun/static/menuarrow.gif HTTP/1.1" 404 1015
192.168.10.199 - - [31/Mar/2022:12:16:42 -0300] "POST /cormun/servlet/trsolicitudgral?25c606b1fa831cafa9b4aed12e4940ad,,gx-no-cache=1648738891755 HTTP/1.1" 200 6684
192.168.10.199 - - [31/Mar/2022:12:16:48 -0300] "GET /cormun/servlet/vesolicitudgral?2022,17949,, HTTP/1.1" 200 8392
192.168.10.199 - - [31/Mar/2022:12:16:48 -0300] "GET /cormun/pexe_scrolldiv.js HTTP/1.1" 404 1009
192.168.10.199 - - [31/Mar/2022:12:16:48 -0300] "GET /cormun/servlet/vesolicitudgral?2022,17949,, HTTP/1.1" 200 8391
190.171.141.106 - - [31/Mar/2022:12:16:50 -0300] "POST /cormun/servlet/solicitudotadjuntos?gx-no-cache=1648739157874 HTTP/1.1" 200 26
192.168.10.199 - - [31/Mar/2022:12:16:56 -0300] "GET /cormun/servlet/vesolicitudgral?2022,17949,,SolicitudOTLog HTTP/1.1" 200 9873
192.168.10.199 - - [31/Mar/2022:12:16:56 -0300] "GET /cormun/pexe_scrolldiv.js HTTP/1.1" 404 1009
192.168.10.199 - - [31/Mar/2022:12:16:56 -0300] "GET /cormun/servlet/vesolicitudgral?2022,17949,,SolicitudOTLog HTTP/1.1" 200 9875
192.168.10.199 - - [31/Mar/2022:12:16:57 -0300] "POST /cormun/servlet/acontrolpreferencessavestate?None,RRHH+CATALINA+CACERES,true HTTP/1.1" 200 35
190.171.141.106 - - [31/Mar/2022:12:17:01 -0300] "GET /cormun/servlet/solicitudotadjuntos?533561ca8d14946aea5a42dbfada298adea332afa9ab766c9d64f89b00f9f291,gx-no-cache=1648739168545 HTTP/1.1" 200 30
190.171.141.106 - - [31/Mar/2022:12:17:01 -0300] "GET /cormun/servlet/solicitudotadjuntos?533561ca8d14946aea5a42dbfada298adea332afa9ab766c9d64f89b00f9f291,gx-no-cache=1648739168557 HTTP/1.1" 200 30
190.171.141.106 - - [31/Mar/2022:12:17:01 -0300] "POST /cormun/servlet/solicitudotadjuntos?0ee369f38090ecdf946a0e9ec0369946,INS,2022,18373,,1, HTTP/1.1" 200 116
192.168.10.199 - - [31/Mar/2022:12:17:01 -0300] "GET /cormun/servlet/vesolicitudgral?2022,17949,,SolicitudOTAdjuntos HTTP/1.1" 200 7088
192.168.10.199 - - [31/Mar/2022:12:17:01 -0300] "GET /cormun/pexe_scrolldiv.js HTTP/1.1" 404 1009
190.171.141.106 - - [31/Mar/2022:12:17:01 -0300] "GET /cormun/servlet/hpexe_return? HTTP/1.1" 200 1025
192.168.10.199 - - [31/Mar/2022:12:17:01 -0300] "GET /cormun/servlet/vesolicitudgral?2022,17949,,SolicitudOTAdjuntos HTTP/1.1" 200 7088
190.171.141.106 - - [31/Mar/2022:12:17:01 -0300] "GET /cormun/servlet/trsolicitudadjuntos?2022,18373, HTTP/1.1" 200 9717
190.171.141.106 - - [31/Mar/2022:12:17:01 -0300] "GET /cormun/servlet/trsolicitudadjuntos?2022,18373, HTTP/1.1" 200 9714
192.168.10.199 - - [31/Mar/2022:12:17:02 -0300] "POST /cormun/servlet/acontrolpreferencessavestate?None,RRHH+CATALINA+CACERES,true HTTP/1.1" 200 35
192.168.10.199 - - [31/Mar/2022:12:17:02 -0300] "GET /cormun/servlet/vesolicitudgral?2022,17949,,General HTTP/1.1" 200 8396
192.168.10.199 - - [31/Mar/2022:12:17:02 -0300] "GET /cormun/pexe_scrolldiv.js HTTP/1.1" 404 1009
192.168.10.199 - - [31/Mar/2022:12:17:03 -0300] "GET /cormun/servlet/vesolicitudgral?2022,17949,,General HTTP/1.1" 200 8395
190.171.141.106 - - [31/Mar/2022:12:17:04 -0300] "GET /cormun/servlet/solicitudotadjuntos?INS,2022,18373,,1, HTTP/1.1" 200 6276
190.171.141.106 - - [31/Mar/2022:12:17:04 -0300] "GET /cormun/static/about:blank HTTP/1.1" 404 1011
190.171.141.106 - - [31/Mar/2022:12:17:04 -0300] "GET /cormun/servlet/solicitudotadjuntos?INS,2022,18373,,1, HTTP/1.1" 200 6269
190.171.141.106 - - [31/Mar/2022:12:17:04 -0300] "GET /cormun/servlet/solicitudotadjuntos?533561ca8d14946aea5a42dbfada298a7d58ba7642b88b4c89723b321f3c5dc58fd34c9fccc9ae1db973dab80c16993d,gx-no-cache=1648739172333 HTTP/1.1" 200 30
190.171.141.106 - - [31/Mar/2022:12:17:04 -0300] "POST /cormun/servlet/solicitudotadjuntos?0ee369f38090ecdf946a0e9ec0369946,INS,2022,18373,,1,,gx-no-cache=1648739172361 HTTP/1.1" 200 4190
192.168.10.199 - - [31/Mar/2022:12:17:10 -0300] "POST /cormun/servlet/vesolicitudgral?25c606b1fa831cafa9b4aed12e4940ad,2022,17949,,General,gx-no-cache=1648738919622 HTTP/1.1" 200 90
192.168.10.199 - - [31/Mar/2022:12:17:10 -0300] "GET /cormun/servlet/hpexe_link HTTP/1.1" 200 977
192.168.10.199 - - [31/Mar/2022:12:17:10 -0300] "GET /cormun/servlet/trsolicitudgral? HTTP/1.1" 200 9752
192.168.10.199 - - [31/Mar/2022:12:17:10 -0300] "GET /cormun/servlet/trsolicitudgral? HTTP/1.1" 200 9751
190.171.141.106 - - [31/Mar/2022:12:17:11 -0300] "POST /cormun/servlet/solicitudotadjuntos?gx-no-cache=1648739178666 HTTP/1.1" 200 26
192.168.10.199 - - [31/Mar/2022:12:17:15 -0300] "POST /cormun/servlet/trsolicitudgral?25c606b1fa831cafa9b4aed12e4940ad,,gx-no-cache=1648738925307 HTTP/1.1" 200 6685
192.168.10.199 - - [31/Mar/2022:12:17:16 -0300] "POST /cormun/servlet/trsolicitudgral?25c606b1fa831cafa9b4aed12e4940ad,,gx-no-cache=1648738925489 HTTP/1.1" 200 6685
192.168.10.199 - - [31/Mar/2022:12:17:16 -0300] "POST /cormun/servlet/trsolicitudgral?25c606b1fa831cafa9b4aed12e4940ad,,gx-no-cache=1648738925674 HTTP/1.1" 200 6685
192.168.10.199 - - [31/Mar/2022:12:17:16 -0300] "POST /cormun/servlet/trsolicitudgral?25c606b1fa831cafa9b4aed12e4940ad,,gx-no-cache=1648738925873 HTTP/1.1" 200 6685
192.168.10.199 - - [31/Mar/2022:12:17:16 -0300] "POST /cormun/servlet/trsolicitudgral?25c606b1fa831cafa9b4aed12e4940ad,,gx-no-cache=1648738926059 HTTP/1.1" 200 6685
192.168.10.199 - - [31/Mar/2022:12:17:16 -0300] "POST /cormun/servlet/trsolicitudgral?25c606b1fa831cafa9b4aed12e4940ad,,gx-no-cache=1648738926245 HTTP/1.1" 200 6685
190.95.67.97 - - [31/Mar/2022:12:17:16 -0300] "GET /cormun/servlet/solicitudot?c7010545f0634e1846d1347c4cf191e8dca072346f890900b876522f158aa4162a599a174256a92d91881af643bdb099ee01d7b7dda801266ea20e69b61b8f799712b3d1720e6191052b22b262b4bc38,gx-no-cache=1648739091385 HTTP/1.1" 200 30
190.95.67.97 - - [31/Mar/2022:12:17:17 -0300] "POST /cormun/servlet/solicitudot?gx-no-cache=1648739091419 HTTP/1.1" 200 255
190.95.67.97 - - [31/Mar/2022:12:17:17 -0300] "GET /cormun/servlet/solicitudot?c7010545f0634e1846d1347c4cf191e8d926eb11cf2cb1565fad65afaa5f8fe0ddfd09a62fb2d24ba3a355ee8307c4121c83cf492a86b0476081c8b24ce38dc850d6f093d41dc246d5766b6fa060ad87d95ba93cddda1d6b4df2b1eb5981ce8e4d908ac5b0df8bf6557d12f0716cc3c19655d9626ab7951434c27f68bd100b0571a444ee08f0da79d4987e1294d5a245b2b394fd1aecb6738c123858d5a2c9887a70f78d4da18f3a4e623b8732e9808bcfd9f1a95502b585c50994e8663559e962bea60f448dc1be87554e9277bf164222db44d7eb207744af8f7b894df0118167f33527818356352cdf20426246b0998e182c9cb12f6ae9dff9ccc51f376142387a9522957f03eef38b1df98c1d62f375902b1f792fba1bb34c0f3fa3c89edba7a99c5e3cc3f844a6a626d18aeaa3c0d575e656f921ebed7fa218d913e5f765f520ce83daa0910269f5e9930786fbe81ab58672ddf3829793f223e742fff9544f7c61f0b1688a3a2b520a607424c7b1111b2631f96e508f8963089df54b4bcd,gx-no-cache=1648739091454 HTTP/1.1" 200 30
190.95.67.97 - - [31/Mar/2022:12:17:17 -0300] "POST /cormun/servlet/solicitudot?gx-no-cache=1648739091482 HTTP/1.1" 200 30
192.168.10.199 - - [31/Mar/2022:12:17:17 -0300] "POST /cormun/servlet/trsolicitudgral?25c606b1fa831cafa9b4aed12e4940ad,,gx-no-cache=1648738926445 HTTP/1.1" 200 6685
190.95.67.97 - - [31/Mar/2022:12:17:17 -0300] "POST /cormun/servlet/solicitudot?gx-no-cache=1648739091516 HTTP/1.1" 200 1454
190.95.67.97 - - [31/Mar/2022:12:17:17 -0300] "POST /cormun/servlet/solicitudot?gx-no-cache=1648739091552 HTTP/1.1" 200 38
190.95.67.97 - - [31/Mar/2022:12:17:17 -0300] "GET /cormun/servlet/solicitudot?c7010545f0634e1846d1347c4cf191e85ff87746e69cb988b8b2d951a946b42c9ccc4f35baff27024f2c2110ed6e740a67506b39b37bbc25e3de2dd015cf97e89ecac881581dc90bbd1b11bbfa3fe48d603a8986bf3c9533b3504cad88de414c03a59f8356597e5369fb820c2d2a1b31,gx-no-cache=1648739091577 HTTP/1.1" 200 110
192.168.10.199 - - [31/Mar/2022:12:17:17 -0300] "POST /cormun/servlet/trsolicitudgral?25c606b1fa831cafa9b4aed12e4940ad,,gx-no-cache=1648738926650 HTTP/1.1" 200 6684
192.168.10.199 - - [31/Mar/2022:12:17:17 -0300] "POST /cormun/servlet/trsolicitudgral?25c606b1fa831cafa9b4aed12e4940ad,,gx-no-cache=1648738926880 HTTP/1.1" 200 6684
190.171.141.106 - - [31/Mar/2022:12:17:22 -0300] "GET /cormun/servlet/solicitudotadjuntos?533561ca8d14946aea5a42dbfada298adea332afa9ab766c9d64f89b00f9f291,gx-no-cache=1648739190128 HTTP/1.1" 200 30
190.171.141.106 - - [31/Mar/2022:12:17:22 -0300] "GET /cormun/servlet/solicitudotadjuntos?533561ca8d14946aea5a42dbfada298adea332afa9ab766c9d64f89b00f9f291,gx-no-cache=1648739190140 HTTP/1.1" 200 30
190.171.141.106 - - [31/Mar/2022:12:17:22 -0300] "POST /cormun/servlet/solicitudotadjuntos?0ee369f38090ecdf946a0e9ec0369946,INS,2022,18373,,1, HTTP/1.1" 200 116
190.171.141.106 - - [31/Mar/2022:12:17:22 -0300] "GET /cormun/servlet/hpexe_return? HTTP/1.1" 200 1025
190.171.141.106 - - [31/Mar/2022:12:17:23 -0300] "GET /cormun/servlet/trsolicitudadjuntos?2022,18373, HTTP/1.1" 200 10007
190.171.141.106 - - [31/Mar/2022:12:17:23 -0300] "GET /cormun/servlet/trsolicitudadjuntos?2022,18373, HTTP/1.1" 200 10004
190.171.141.106 - - [31/Mar/2022:12:17:28 -0300] "GET /cormun/servlet/solicitudotadjuntos?INS,2022,18373,,1, HTTP/1.1" 200 6276
190.171.141.106 - - [31/Mar/2022:12:17:28 -0300] "GET /cormun/static/about:blank HTTP/1.1" 404 1011
190.171.141.106 - - [31/Mar/2022:12:17:28 -0300] "GET /cormun/servlet/solicitudotadjuntos?INS,2022,18373,,1, HTTP/1.1" 200 6269
190.171.141.106 - - [31/Mar/2022:12:17:29 -0300] "GET /cormun/servlet/solicitudotadjuntos?533561ca8d14946aea5a42dbfada298a7d58ba7642b88b4c89723b321f3c5dc58fd34c9fccc9ae1db973dab80c16993d,gx-no-cache=1648739196482 HTTP/1.1" 200 30
190.171.141.106 - - [31/Mar/2022:12:17:29 -0300] "POST /cormun/servlet/solicitudotadjuntos?0ee369f38090ecdf946a0e9ec0369946,INS,2022,18373,,1,,gx-no-cache=1648739196512 HTTP/1.1" 200 4190
190.95.67.97 - - [31/Mar/2022:12:17:32 -0300] "POST /cormun/servlet/solicitudot?gx-no-cache=1648739106725 HTTP/1.1" 200 64
190.171.152.114 - - [31/Mar/2022:12:17:33 -0300] "GET /cormun/servlet/solicitudot?d2f26d9345ccd5a89eef97e2398502f65ab0cd60e605a50dc16028fd122f783eb71192d942f9770ca11ec934185c0834200f10ee6a06e254e9803d425fa4ca3989863eff77d81e5200a1f1fa15483ad7,gx-no-cache=1648739111291 HTTP/1.1" 200 30
190.171.141.106 - - [31/Mar/2022:12:17:34 -0300] "POST /cormun/servlet/solicitudotadjuntos?gx-no-cache=1648739201306 HTTP/1.1" 200 26
190.171.152.114 - - [31/Mar/2022:12:17:35 -0300] "GET /cormun/servlet/solicitudot?d2f26d9345ccd5a89eef97e2398502f693eae575c9b7cf5d5a2f9f9c39872ade,gx-no-cache=1648739113415 HTTP/1.1" 200 29
190.171.152.114 - - [31/Mar/2022:12:17:36 -0300] "GET /cormun/servlet/prbanco?,MD,,gxPopupLevel%3D0%3B HTTP/1.1" 200 6589
190.95.67.97 - - [31/Mar/2022:12:17:37 -0300] "POST /cormun/servlet/solicitudot?gx-no-cache=1648739112093 HTTP/1.1" 200 30
190.171.152.114 - - [31/Mar/2022:12:17:40 -0300] "GET /cormun/servlet/solicitudot?d2f26d9345ccd5a89eef97e2398502f6f81a1545865462a79061aef0fe59c642,gx-no-cache=1648739118640 HTTP/1.1" 200 53
190.171.141.106 - - [31/Mar/2022:12:17:42 -0300] "GET /cormun/servlet/solicitudotadjuntos?533561ca8d14946aea5a42dbfada298adea332afa9ab766c9d64f89b00f9f291,gx-no-cache=1648739209544 HTTP/1.1" 200 30
190.171.141.106 - - [31/Mar/2022:12:17:42 -0300] "GET /cormun/servlet/solicitudotadjuntos?533561ca8d14946aea5a42dbfada298adea332afa9ab766c9d64f89b00f9f291,gx-no-cache=1648739209556 HTTP/1.1" 200 30
190.171.141.106 - - [31/Mar/2022:12:17:42 -0300] "POST /cormun/servlet/solicitudotadjuntos?0ee369f38090ecdf946a0e9ec0369946,INS,2022,18373,,1, HTTP/1.1" 200 116
190.171.141.106 - - [31/Mar/2022:12:17:42 -0300] "GET /cormun/servlet/hpexe_return? HTTP/1.1" 200 1025
190.171.141.106 - - [31/Mar/2022:12:17:42 -0300] "GET /cormun/servlet/trsolicitudadjuntos?2022,18373, HTTP/1.1" 200 10161
190.171.141.106 - - [31/Mar/2022:12:17:42 -0300] "GET /cormun/servlet/trsolicitudadjuntos?2022,18373, HTTP/1.1" 200 10158
190.95.67.97 - - [31/Mar/2022:12:17:44 -0300] "GET /cormun/servlet/prcontratosol?16828151,,,,,MD,,gxPopupLevel%3D0%3B HTTP/1.1" 200 9234
190.95.67.97 - - [31/Mar/2022:12:17:51 -0300] "POST /cormun/servlet/solicitudot?gx-no-cache=1648739126173 HTTP/1.1" 200 1454
190.95.67.97 - - [31/Mar/2022:12:17:51 -0300] "POST /cormun/servlet/solicitudot?gx-no-cache=1648739126248 HTTP/1.1" 200 38
190.95.67.97 - - [31/Mar/2022:12:17:51 -0300] "GET /cormun/servlet/solicitudot?c7010545f0634e1846d1347c4cf191e85ff87746e69cb988b8b2d951a946b42c9ccc4f35baff27024f2c2110ed6e740a67506b39b37bbc25e3de2dd015cf97e89ecac881581dc90bbd1b11bbfa3fe48d603a8986bf3c9533b3504cad88de414c03a59f8356597e5369fb820c2d2a1b31,gx-no-cache=1648739126293 HTTP/1.1" 200 110
190.171.141.106 - - [31/Mar/2022:12:17:51 -0300] "GET /cormun/servlet/solicitudotadjuntos?INS,2022,18373,,1, HTTP/1.1" 200 6276
190.95.67.97 - - [31/Mar/2022:12:17:51 -0300] "POST /cormun/servlet/solicitudot?gx-no-cache=1648739126358 HTTP/1.1" 200 97
190.95.67.97 - - [31/Mar/2022:12:17:52 -0300] "GET /cormun/servlet/solicitudot?c7010545f0634e1846d1347c4cf191e860d9e4a5fdd77e13b3a5dab1819073f7977d798e084a7245ab5c924787ce2298,gx-no-cache=1648739126439 HTTP/1.1" 200 30
190.171.141.106 - - [31/Mar/2022:12:17:52 -0300] "GET /cormun/static/about:blank HTTP/1.1" 404 1011
190.171.141.106 - - [31/Mar/2022:12:17:52 -0300] "GET /cormun/servlet/solicitudotadjuntos?INS,2022,18373,,1, HTTP/1.1" 200 6269
190.171.141.106 - - [31/Mar/2022:12:17:52 -0300] "GET /cormun/servlet/solicitudotadjuntos?533561ca8d14946aea5a42dbfada298a7d58ba7642b88b4c89723b321f3c5dc58fd34c9fccc9ae1db973dab80c16993d,gx-no-cache=1648739220094 HTTP/1.1" 200 30
190.171.141.106 - - [31/Mar/2022:12:17:52 -0300] "POST /cormun/servlet/solicitudotadjuntos?0ee369f38090ecdf946a0e9ec0369946,INS,2022,18373,,1,,gx-no-cache=1648739220121 HTTP/1.1" 200 4190
190.171.141.106 - - [31/Mar/2022:12:17:56 -0300] "POST /cormun/servlet/solicitudotadjuntos?0ee369f38090ecdf946a0e9ec0369946,INS,2022,18373,,1,,gx-no-cache=1648739224321 HTTP/1.1" 200 93
190.171.141.106 - - [31/Mar/2022:12:17:56 -0300] "GET /cormun/servlet/hpexe_return? HTTP/1.1" 200 1025
190.171.152.114 - - [31/Mar/2022:12:17:56 -0300] "POST /cormun/servlet/solicitudot?gx-no-cache=1648739135051 HTTP/1.1" 200 297
190.171.152.114 - - [31/Mar/2022:12:17:56 -0300] "GET /cormun/servlet/solicitudot?d2f26d9345ccd5a89eef97e2398502f6376eb36dc668348fd377417eadaa7d922c6e30dfce085e0a5709571f46771e7f02cf1fcd32f608b70fae64cdb4d725b266055fbb839711d15ca53efe8f94a64a45c4fad29ebfc70a8ac025176c8b1431e3c25666e1a2848cca8051f589f288b0b6bf15bc0918ce5ea1ec307a0c9c3fc4a3b093c7ae6ea4929c03cb7b4534a08726949fabd739b3fff13e48d591e7f6a59092fbfd599084f08db1694d46ae355cdd8d5d5389e8251bfe233f0e8dd65a9878df484e0759e998b3e5f14c73f2437eaca092650462b2f427f6ded93ad9341c03afec0892feba3ae1429c92290a89c32b3816af1305ed8225d3b426a93a4f996badb95f7dccd70e08757857b97e60aa3e5d45f16f6ca40b5c6fb55103a3014da3e4b824410402748c436f95f3a9657782385f9f0ca0149ce2c4baa5e468d42755323d86e924817963146a80baff1c92a1035ec5763b1df705559784bc437ac1b9cf13d3b407663a767bb786f290b3a1fa22e635257c3ecea39885aa30011e9b7f650aab953eff27e21810bb1bd2a195,gx-no-cache=1648739135074 HTTP/1.1" 200 30
190.171.141.106 - - [31/Mar/2022:12:17:57 -0300] "GET /cormun/servlet/trsolicitudadjuntos?2022,18373, HTTP/1.1" 200 10157
190.171.141.106 - - [31/Mar/2022:12:17:57 -0300] "GET /cormun/servlet/trsolicitudadjuntos?2022,18373, HTTP/1.1" 200 10158
190.171.152.114 - - [31/Mar/2022:12:17:58 -0300] "POST /cormun/servlet/solicitudot?gx-no-cache=1648739136877 HTTP/1.1" 200 30
190.171.152.114 - - [31/Mar/2022:12:18:00 -0300] "POST /cormun/servlet/solicitudot?gx-no-cache=1648739138282 HTTP/1.1" 200 1452
190.171.152.114 - - [31/Mar/2022:12:18:00 -0300] "POST /cormun/servlet/solicitudot?gx-no-cache=1648739138312 HTTP/1.1" 200 38
190.171.141.106 - - [31/Mar/2022:12:18:04 -0300] "GET /cormun/servlet/solicitudotadjuntos?DLT,2022,18373,CERTIF3,0, HTTP/1.1" 200 6152
190.171.141.106 - - [31/Mar/2022:12:18:04 -0300] "GET /cormun/static/about:blank HTTP/1.1" 404 1011
190.171.141.106 - - [31/Mar/2022:12:18:04 -0300] "GET /cormun/static/Shared/jqueryui/images/ui-bg_highlight-soft_100_c6c2c8_1x100.png HTTP/1.1" 404 1117
190.171.141.106 - - [31/Mar/2022:12:18:04 -0300] "GET /cormun/static/Shared/jqueryui/images/ui-icons_82798d_256x240.png HTTP/1.1" 404 1089
190.171.141.106 - - [31/Mar/2022:12:18:04 -0300] "GET /cormun/static/Shared/jqueryui/images/ui-bg_flat_55_fafafa_40x100.png HTTP/1.1" 404 1097
190.171.141.106 - - [31/Mar/2022:12:18:04 -0300] "GET /cormun/static/Shared/jqueryui/images/ui-icons_8d78a5_256x240.png HTTP/1.1" 404 1089
190.171.141.106 - - [31/Mar/2022:12:18:04 -0300] "GET /cormun/servlet/solicitudotadjuntos?DLT,2022,18373,CERTIF3,0, HTTP/1.1" 200 6145
190.171.152.114 - - [31/Mar/2022:12:18:06 -0300] "GET /cormun/servlet/solicitudot?d2f26d9345ccd5a89eef97e2398502f65b749837542cc068676aed8e999a117a809b4c1c15805baa0d9e3dd666111328946525cc1c49a09ba23104037384d8c40442292d5b74342dcefd1ac847f37f0d993c3ee4a58720b1d51b5ae72b7b99e308159bc820f749616033629f5e16e1cb,gx-no-cache=1648739144680 HTTP/1.1" 200 110
190.171.141.106 - - [31/Mar/2022:12:18:06 -0300] "POST /cormun/servlet/solicitudotadjuntos?0ee369f38090ecdf946a0e9ec0369946,DLT,2022,18373,CERTIF3,0,,gx-no-cache=1648739234203 HTTP/1.1" 200 93
