200.54.103.162 - - [31/Mar/2022:15:53:34 -0300] "GET /cormun/servlet/trpermisosadjuntos?13788520,20220331155058,P, HTTP/1.1" 200 6474
190.171.143.90 - - [31/Mar/2022:15:53:35 -0300] "POST /cormun/servlet/solicitudotadjuntos?gx-no-cache=1648752068573 HTTP/1.1" 200 26
200.54.103.162 - - [31/Mar/2022:15:53:40 -0300] "GET /cormun/servlet/permisosadjuntos?INS,13788520,P,20220331155058,, HTTP/1.1" 200 5981
200.54.103.162 - - [31/Mar/2022:15:53:40 -0300] "GET /cormun/static/about:blank HTTP/1.1" 404 1011
200.54.103.162 - - [31/Mar/2022:15:53:40 -0300] "GET /cormun/servlet/permisosadjuntos?INS,13788520,P,20220331155058,, HTTP/1.1" 200 5971
190.171.143.90 - - [31/Mar/2022:15:53:45 -0300] "GET /cormun/servlet/solicitudotadjuntos?1566e6ba7170b3f592c3027fc59fe9166be21aad59f74be83eb49a46c7a008d3,gx-no-cache=1648752078879 HTTP/1.1" 200 30
190.171.143.90 - - [31/Mar/2022:15:53:45 -0300] "GET /cormun/servlet/solicitudotadjuntos?1566e6ba7170b3f592c3027fc59fe9166be21aad59f74be83eb49a46c7a008d3,gx-no-cache=1648752078893 HTTP/1.1" 200 30
190.171.143.90 - - [31/Mar/2022:15:53:45 -0300] "POST /cormun/servlet/solicitudotadjuntos?3ae4165cadd3a640d8c6dd59e9f89ad4,INS,2022,18383,,1, HTTP/1.1" 200 116
190.171.143.90 - - [31/Mar/2022:15:53:45 -0300] "GET /cormun/servlet/hpexe_return? HTTP/1.1" 200 1032
190.171.143.90 - - [31/Mar/2022:15:53:45 -0300] "GET /cormun/servlet/trsolicitudadjuntos?2022,18383, HTTP/1.1" 200 9682
190.171.143.90 - - [31/Mar/2022:15:53:46 -0300] "GET /cormun/servlet/trsolicitudadjuntos?2022,18383, HTTP/1.1" 200 9680
200.54.103.162 - - [31/Mar/2022:15:53:47 -0300] "POST /cormun/servlet/permisosadjuntos?a00c2c3523d8bd28872d3fd03c1b629c,INS,13788520,P,20220331155058,, HTTP/1.1" 200 116
200.54.103.162 - - [31/Mar/2022:15:53:47 -0300] "GET /cormun/servlet/hpexe_return? HTTP/1.1" 200 1039
200.54.103.162 - - [31/Mar/2022:15:53:47 -0300] "GET /cormun/servlet/trpermisosadjuntos?13788520,20220331155058,P, HTTP/1.1" 200 7023
200.54.103.162 - - [31/Mar/2022:15:53:48 -0300] "GET /cormun/servlet/trpermisosadjuntos?13788520,20220331155058,P, HTTP/1.1" 200 7021
190.171.143.90 - - [31/Mar/2022:15:53:49 -0300] "GET /cormun/servlet/solicitudotadjuntos?INS,2022,18383,,1, HTTP/1.1" 200 6356
190.171.143.90 - - [31/Mar/2022:15:53:50 -0300] "GET /cormun/static/about:blank HTTP/1.1" 404 1011
190.171.143.90 - - [31/Mar/2022:15:53:50 -0300] "GET /cormun/servlet/solicitudotadjuntos?INS,2022,18383,,1, HTTP/1.1" 200 6349
190.171.143.90 - - [31/Mar/2022:15:53:50 -0300] "GET /cormun/servlet/solicitudotadjuntos?1566e6ba7170b3f592c3027fc59fe916c3cc39aa12f2a4b6fcc03a7ecf9b697ffc80496e54d546fce1d6e40ad1774bff,gx-no-cache=1648752084108 HTTP/1.1" 200 30
200.54.103.162 - - [31/Mar/2022:15:53:50 -0300] "GET /cormun/servlet/trpermisosgoce? HTTP/1.1" 200 11745
190.171.143.90 - - [31/Mar/2022:15:53:50 -0300] "POST /cormun/servlet/solicitudotadjuntos?3ae4165cadd3a640d8c6dd59e9f89ad4,INS,2022,18383,,1,,gx-no-cache=1648752084126 HTTP/1.1" 200 4187
200.54.103.162 - - [31/Mar/2022:15:53:51 -0300] "GET /cormun/servlet/trpermisosgoce? HTTP/1.1" 200 11757
190.171.143.90 - - [31/Mar/2022:15:53:54 -0300] "POST /cormun/servlet/solicitudotadjuntos?gx-no-cache=1648752088365 HTTP/1.1" 200 26
181.212.43.89 - - [31/Mar/2022:15:53:56 -0300] "POST /cormun/servlet/solicitudotadjuntos?gx-no-cache=1648752090161 HTTP/1.1" 200 26
200.54.103.162 - - [31/Mar/2022:15:54:02 -0300] "GET /cormun/servlet/trpermisosadjuntos?7151905,20220331155143,P, HTTP/1.1" 200 6475
200.54.103.162 - - [31/Mar/2022:15:54:02 -0300] "GET /cormun/servlet/trpermisosadjuntos?7151905,20220331155143,P, HTTP/1.1" 200 6475
200.54.103.162 - - [31/Mar/2022:15:54:04 -0300] "GET /cormun/servlet/permisosadjuntos?INS,7151905,P,20220331155143,, HTTP/1.1" 200 5981
200.54.103.162 - - [31/Mar/2022:15:54:05 -0300] "GET /cormun/static/about:blank HTTP/1.1" 404 1011
200.54.103.162 - - [31/Mar/2022:15:54:05 -0300] "GET /cormun/servlet/permisosadjuntos?INS,7151905,P,20220331155143,, HTTP/1.1" 200 5970
190.171.143.90 - - [31/Mar/2022:15:54:06 -0300] "GET /cormun/servlet/solicitudotadjuntos?1566e6ba7170b3f592c3027fc59fe9166be21aad59f74be83eb49a46c7a008d3,gx-no-cache=1648752100062 HTTP/1.1" 200 30
190.171.143.90 - - [31/Mar/2022:15:54:06 -0300] "GET /cormun/servlet/solicitudotadjuntos?1566e6ba7170b3f592c3027fc59fe9166be21aad59f74be83eb49a46c7a008d3,gx-no-cache=1648752100075 HTTP/1.1" 200 30
190.171.143.90 - - [31/Mar/2022:15:54:06 -0300] "POST /cormun/servlet/solicitudotadjuntos?3ae4165cadd3a640d8c6dd59e9f89ad4,INS,2022,18383,,1, HTTP/1.1" 200 116
190.171.143.90 - - [31/Mar/2022:15:54:06 -0300] "GET /cormun/servlet/hpexe_return? HTTP/1.1" 200 1032
190.171.143.90 - - [31/Mar/2022:15:54:06 -0300] "GET /cormun/servlet/trsolicitudadjuntos?2022,18383, HTTP/1.1" 200 9918
190.171.143.90 - - [31/Mar/2022:15:54:07 -0300] "GET /cormun/servlet/trsolicitudadjuntos?2022,18383, HTTP/1.1" 200 9916
190.171.143.90 - - [31/Mar/2022:15:54:10 -0300] "GET /cormun/servlet/solicitudotadjuntos?INS,2022,18383,,1, HTTP/1.1" 200 6356
190.171.143.90 - - [31/Mar/2022:15:54:10 -0300] "GET /cormun/static/about:blank HTTP/1.1" 404 1011
190.171.143.90 - - [31/Mar/2022:15:54:10 -0300] "GET /cormun/servlet/solicitudotadjuntos?INS,2022,18383,,1, HTTP/1.1" 200 6349
190.171.143.90 - - [31/Mar/2022:15:54:10 -0300] "GET /cormun/servlet/solicitudotadjuntos?1566e6ba7170b3f592c3027fc59fe916c3cc39aa12f2a4b6fcc03a7ecf9b697ffc80496e54d546fce1d6e40ad1774bff,gx-no-cache=1648752104275 HTTP/1.1" 200 30
190.171.143.90 - - [31/Mar/2022:15:54:10 -0300] "POST /cormun/servlet/solicitudotadjuntos?3ae4165cadd3a640d8c6dd59e9f89ad4,INS,2022,18383,,1,,gx-no-cache=1648752104297 HTTP/1.1" 200 4187
200.54.103.162 - - [31/Mar/2022:15:54:15 -0300] "POST /cormun/servlet/permisosadjuntos?a00c2c3523d8bd28872d3fd03c1b629c,INS,7151905,P,20220331155143,, HTTP/1.1" 200 116
200.54.103.162 - - [31/Mar/2022:15:54:15 -0300] "GET /cormun/servlet/hpexe_return? HTTP/1.1" 200 1038
200.54.103.162 - - [31/Mar/2022:15:54:16 -0300] "GET /cormun/servlet/trpermisosadjuntos?7151905,20220331155143,P, HTTP/1.1" 200 7029
200.54.103.162 - - [31/Mar/2022:15:54:16 -0300] "GET /cormun/servlet/trpermisosadjuntos?7151905,20220331155143,P, HTTP/1.1" 200 7031
192.168.10.199 - - [31/Mar/2022:15:54:23 -0300] "POST /cormun/servlet/vesolicitudgral?8aff79edc893f601406b19cdec8f7743,2022,17932,,,gx-no-cache=1648755551621 HTTP/1.1" 200 12107
192.168.10.199 - - [31/Mar/2022:15:54:24 -0300] "GET /cormun/static/Shared/jqueryui/images/ui-bg_highlight-soft_100_c6c2c8_1x100.png HTTP/1.1" 404 1117
192.168.10.199 - - [31/Mar/2022:15:54:24 -0300] "GET /cormun/static/Shared/jqueryui/images/ui-icons_82798d_256x240.png HTTP/1.1" 404 1089
192.168.10.199 - - [31/Mar/2022:15:54:24 -0300] "GET /cormun/static/Shared/jqueryui/images/ui-icons_8d78a5_256x240.png HTTP/1.1" 404 1089
192.168.10.199 - - [31/Mar/2022:15:54:24 -0300] "GET /cormun/static/Shared/jqueryui/images/ui-bg_flat_55_fafafa_40x100.png HTTP/1.1" 404 1097
192.168.10.199 - - [31/Mar/2022:15:54:24 -0300] "POST /cormun/servlet/vesolicitudgral?8aff79edc893f601406b19cdec8f7743,2022,17932,,,gx-no-cache=1648755551868 HTTP/1.1" 200 12040
181.212.43.89 - - [31/Mar/2022:15:54:24 -0300] "GET /cormun/servlet/solicitudotadjuntos?eb515dcf8a86776411c9e8e8f3eb708204b51cecae1ebef1ab0536c331ddecfa,gx-no-cache=1648752118538 HTTP/1.1" 200 30
181.212.43.89 - - [31/Mar/2022:15:54:24 -0300] "GET /cormun/servlet/solicitudotadjuntos?eb515dcf8a86776411c9e8e8f3eb708204b51cecae1ebef1ab0536c331ddecfa,gx-no-cache=1648752118565 HTTP/1.1" 200 30
200.54.103.162 - - [31/Mar/2022:15:54:25 -0300] "GET /cormun/servlet/trpermisosgoce? HTTP/1.1" 200 11766
181.212.43.89 - - [31/Mar/2022:15:54:25 -0300] "POST /cormun/servlet/solicitudotadjuntos?0208deb252c04044dc8468eacdcf7c3d,INS,2022,18384,,2, HTTP/1.1" 200 116
181.212.43.89 - - [31/Mar/2022:15:54:25 -0300] "GET /cormun/servlet/hpexe_return? HTTP/1.1" 200 1020
200.54.103.162 - - [31/Mar/2022:15:54:25 -0300] "GET /cormun/servlet/trpermisosgoce? HTTP/1.1" 200 11756
181.212.43.89 - - [31/Mar/2022:15:54:26 -0300] "GET /cormun/servlet/trsolicitudadjuntos?2022,18384, HTTP/1.1" 200 9901
192.168.10.199 - - [31/Mar/2022:15:54:27 -0300] "GET /cormun/servlet/trautorizarot? HTTP/1.1" 200 11776
181.212.43.89 - - [31/Mar/2022:15:54:27 -0300] "GET /cormun/servlet/trsolicitudadjuntos?2022,18384, HTTP/1.1" 200 9898
192.168.10.199 - - [31/Mar/2022:15:54:27 -0300] "GET /cormun/servlet/trautorizarot? HTTP/1.1" 200 11771
200.54.103.162 - - [31/Mar/2022:15:54:30 -0300] "POST /cormun/servlet/trpermisosgoce?a00c2c3523d8bd28872d3fd03c1b629c,,gx-no-cache=1648734153320 HTTP/1.1" 200 8978
200.54.103.162 - - [31/Mar/2022:15:54:30 -0300] "GET /cormun/static/Shared/jqueryui/images/ui-bg_highlight-soft_100_c6c2c8_1x100.png HTTP/1.1" 404 1117
200.54.103.162 - - [31/Mar/2022:15:54:30 -0300] "GET /cormun/static/Shared/jqueryui/images/ui-bg_flat_55_fafafa_40x100.png HTTP/1.1" 404 1097
200.54.103.162 - - [31/Mar/2022:15:54:30 -0300] "GET /cormun/static/Shared/jqueryui/images/ui-icons_82798d_256x240.png HTTP/1.1" 404 1089
200.54.103.162 - - [31/Mar/2022:15:54:30 -0300] "GET /cormun/static/Shared/jqueryui/images/ui-icons_8d78a5_256x240.png HTTP/1.1" 404 1089
200.54.103.162 - - [31/Mar/2022:15:54:35 -0300] "POST /cormun/servlet/trpermisosgoce?a00c2c3523d8bd28872d3fd03c1b629c,,gx-no-cache=1648734157893 HTTP/1.1" 200 8985
181.212.43.89 - - [31/Mar/2022:15:54:36 -0300] "POST /cormun/servlet/trsolicitudadjuntos?0208deb252c04044dc8468eacdcf7c3d,2022,18384,,gx-no-cache=1648752129885 HTTP/1.1" 200 90
181.212.43.89 - - [31/Mar/2022:15:54:36 -0300] "GET /cormun/servlet/hpexe_link HTTP/1.1" 200 963
181.212.43.89 - - [31/Mar/2022:15:54:36 -0300] "GET /cormun/servlet/trsolicitudot HTTP/1.1" 200 8676
181.212.43.89 - - [31/Mar/2022:15:54:37 -0300] "GET /cormun/servlet/trsolicitudot HTTP/1.1" 200 8675
200.54.103.162 - - [31/Mar/2022:15:54:39 -0300] "GET /cormun/servlet/trpermisosadjuntos?9922919,20220331155120,P, HTTP/1.1" 200 6474
200.54.103.162 - - [31/Mar/2022:15:54:40 -0300] "GET /cormun/servlet/trpermisosadjuntos?9922919,20220331155120,P, HTTP/1.1" 200 6474
192.168.10.199 - - [31/Mar/2022:15:54:40 -0300] "POST /cormun/servlet/trautorizarot?8aff79edc893f601406b19cdec8f7743,,gx-no-cache=1648755568360 HTTP/1.1" 200 8402
200.54.103.162 - - [31/Mar/2022:15:54:41 -0300] "GET /cormun/servlet/permisosadjuntos?INS,9922919,P,20220331155120,, HTTP/1.1" 200 5979
200.54.103.162 - - [31/Mar/2022:15:54:42 -0300] "GET /cormun/static/about:blank HTTP/1.1" 404 1011
200.54.103.162 - - [31/Mar/2022:15:54:42 -0300] "GET /cormun/servlet/permisosadjuntos?INS,9922919,P,20220331155120,, HTTP/1.1" 200 5968
192.168.10.199 - - [31/Mar/2022:15:54:46 -0300] "GET /cormun/servlet/trsolicitudgral? HTTP/1.1" 200 9729
192.168.10.199 - - [31/Mar/2022:15:54:47 -0300] "GET /cormun/servlet/trsolicitudgral? HTTP/1.1" 200 9729
200.54.103.162 - - [31/Mar/2022:15:54:48 -0300] "POST /cormun/servlet/permisosadjuntos?a00c2c3523d8bd28872d3fd03c1b629c,INS,9922919,P,20220331155120,, HTTP/1.1" 200 116
200.54.103.162 - - [31/Mar/2022:15:54:48 -0300] "GET /cormun/servlet/hpexe_return? HTTP/1.1" 200 1038
200.54.103.162 - - [31/Mar/2022:15:54:48 -0300] "GET /cormun/servlet/trpermisosadjuntos?9922919,20220331155120,P, HTTP/1.1" 200 7026
200.54.103.162 - - [31/Mar/2022:15:54:49 -0300] "GET /cormun/servlet/trpermisosadjuntos?9922919,20220331155120,P, HTTP/1.1" 200 7022
200.54.103.162 - - [31/Mar/2022:15:54:52 -0300] "GET /cormun/servlet/trpermisosgoce? HTTP/1.1" 200 11737
200.54.103.162 - - [31/Mar/2022:15:54:53 -0300] "GET /cormun/servlet/trpermisosgoce? HTTP/1.1" 200 11745
200.54.103.162 - - [31/Mar/2022:15:54:57 -0300] "GET /cormun/servlet/trpermisosadjuntos?10699672,20220331155204,P, HTTP/1.1" 200 6476
200.54.103.162 - - [31/Mar/2022:15:54:57 -0300] "GET /cormun/servlet/trpermisosadjuntos?10699672,20220331155204,P, HTTP/1.1" 200 6477
200.54.103.162 - - [31/Mar/2022:15:54:59 -0300] "GET /cormun/servlet/permisosadjuntos?INS,10699672,P,20220331155204,, HTTP/1.1" 200 5985
200.54.103.162 - - [31/Mar/2022:15:54:59 -0300] "GET /cormun/static/about:blank HTTP/1.1" 404 1011
200.54.103.162 - - [31/Mar/2022:15:54:59 -0300] "GET /cormun/servlet/permisosadjuntos?INS,10699672,P,20220331155204,, HTTP/1.1" 200 5974
200.54.103.162 - - [31/Mar/2022:15:55:06 -0300] "POST /cormun/servlet/permisosadjuntos?a00c2c3523d8bd28872d3fd03c1b629c,INS,10699672,P,20220331155204,, HTTP/1.1" 200 116
200.54.103.162 - - [31/Mar/2022:15:55:07 -0300] "GET /cormun/servlet/hpexe_return? HTTP/1.1" 200 1040
200.54.103.162 - - [31/Mar/2022:15:55:07 -0300] "GET /cormun/servlet/trpermisosadjuntos?10699672,20220331155204,P, HTTP/1.1" 200 7026
200.54.103.162 - - [31/Mar/2022:15:55:07 -0300] "GET /cormun/servlet/trpermisosadjuntos?10699672,20220331155204,P, HTTP/1.1" 200 7023
190.171.143.90 - - [31/Mar/2022:15:55:09 -0300] "POST /cormun/servlet/solicitudotadjuntos?gx-no-cache=1648752162966 HTTP/1.1" 200 26
200.54.103.162 - - [31/Mar/2022:15:55:11 -0300] "GET /cormun/servlet/trpermisosgoce? HTTP/1.1" 200 11755
200.54.103.162 - - [31/Mar/2022:15:55:11 -0300] "GET /cormun/servlet/trpermisosgoce? HTTP/1.1" 200 11743
190.171.143.90 - - [31/Mar/2022:15:55:15 -0300] "GET /cormun/servlet/solicitudotadjuntos?1566e6ba7170b3f592c3027fc59fe9166be21aad59f74be83eb49a46c7a008d3,gx-no-cache=1648752168726 HTTP/1.1" 200 30
190.171.143.90 - - [31/Mar/2022:15:55:15 -0300] "GET /cormun/servlet/solicitudotadjuntos?1566e6ba7170b3f592c3027fc59fe9166be21aad59f74be83eb49a46c7a008d3,gx-no-cache=1648752168739 HTTP/1.1" 200 30
190.171.143.90 - - [31/Mar/2022:15:55:15 -0300] "POST /cormun/servlet/solicitudotadjuntos?3ae4165cadd3a640d8c6dd59e9f89ad4,INS,2022,18383,,1, HTTP/1.1" 200 116
190.171.143.90 - - [31/Mar/2022:15:55:15 -0300] "GET /cormun/servlet/hpexe_return? HTTP/1.1" 200 1032
190.171.143.90 - - [31/Mar/2022:15:55:15 -0300] "GET /cormun/servlet/trsolicitudadjuntos?2022,18383, HTTP/1.1" 200 10214
190.171.143.90 - - [31/Mar/2022:15:55:15 -0300] "GET /cormun/servlet/trsolicitudadjuntos?2022,18383, HTTP/1.1" 200 10213
200.54.103.162 - - [31/Mar/2022:15:55:17 -0300] "POST /cormun/servlet/trpermisosgoce?a00c2c3523d8bd28872d3fd03c1b629c,,gx-no-cache=1648734199855 HTTP/1.1" 200 8984
200.54.103.162 - - [31/Mar/2022:15:55:17 -0300] "GET /cormun/static/Shared/jqueryui/images/ui-bg_highlight-soft_100_c6c2c8_1x100.png HTTP/1.1" 404 1117
200.54.103.162 - - [31/Mar/2022:15:55:17 -0300] "GET /cormun/static/Shared/jqueryui/images/ui-icons_82798d_256x240.png HTTP/1.1" 404 1089
200.54.103.162 - - [31/Mar/2022:15:55:17 -0300] "GET /cormun/static/Shared/jqueryui/images/ui-bg_flat_55_fafafa_40x100.png HTTP/1.1" 404 1097
200.54.103.162 - - [31/Mar/2022:15:55:17 -0300] "GET /cormun/static/Shared/jqueryui/images/ui-icons_8d78a5_256x240.png HTTP/1.1" 404 1089
190.171.143.90 - - [31/Mar/2022:15:55:18 -0300] "GET /cormun/servlet/solicitudotadjuntos?INS,2022,18383,,1, HTTP/1.1" 200 6358
190.171.143.90 - - [31/Mar/2022:15:55:18 -0300] "GET /cormun/static/about:blank HTTP/1.1" 404 1011
190.171.143.90 - - [31/Mar/2022:15:55:18 -0300] "GET /cormun/servlet/solicitudotadjuntos?INS,2022,18383,,1, HTTP/1.1" 200 6351
190.171.143.90 - - [31/Mar/2022:15:55:19 -0300] "GET /cormun/servlet/solicitudotadjuntos?1566e6ba7170b3f592c3027fc59fe916c3cc39aa12f2a4b6fcc03a7ecf9b697ffc80496e54d546fce1d6e40ad1774bff,gx-no-cache=1648752172780 HTTP/1.1" 200 30
190.171.143.90 - - [31/Mar/2022:15:55:19 -0300] "POST /cormun/servlet/solicitudotadjuntos?3ae4165cadd3a640d8c6dd59e9f89ad4,INS,2022,18383,,1,,gx-no-cache=1648752172802 HTTP/1.1" 200 4189
200.54.103.162 - - [31/Mar/2022:15:55:21 -0300] "POST /cormun/servlet/trpermisosgoce?a00c2c3523d8bd28872d3fd03c1b629c,,gx-no-cache=1648734204278 HTTP/1.1" 200 8972
190.171.143.90 - - [31/Mar/2022:15:55:23 -0300] "POST /cormun/servlet/solicitudotadjuntos?gx-no-cache=1648752176709 HTTP/1.1" 200 26
200.54.103.162 - - [31/Mar/2022:15:55:25 -0300] "POST /cormun/servlet/trpermisosgoce?a00c2c3523d8bd28872d3fd03c1b629c,,gx-no-cache=1648734207999 HTTP/1.1" 200 8964
200.54.103.162 - - [31/Mar/2022:15:55:28 -0300] "GET /cormun/servlet/trpermisosadjuntos?13250827,20220331155314,P, HTTP/1.1" 200 6474
200.54.103.162 - - [31/Mar/2022:15:55:28 -0300] "GET /cormun/servlet/trpermisosadjuntos?13250827,20220331155314,P, HTTP/1.1" 200 6474
190.171.143.90 - - [31/Mar/2022:15:55:29 -0300] "GET /cormun/servlet/solicitudotadjuntos?1566e6ba7170b3f592c3027fc59fe9166be21aad59f74be83eb49a46c7a008d3,gx-no-cache=1648752183246 HTTP/1.1" 200 30
190.171.143.90 - - [31/Mar/2022:15:55:29 -0300] "GET /cormun/servlet/solicitudotadjuntos?1566e6ba7170b3f592c3027fc59fe9166be21aad59f74be83eb49a46c7a008d3,gx-no-cache=1648752183260 HTTP/1.1" 200 30
190.171.143.90 - - [31/Mar/2022:15:55:29 -0300] "POST /cormun/servlet/solicitudotadjuntos?3ae4165cadd3a640d8c6dd59e9f89ad4,INS,2022,18383,,1, HTTP/1.1" 200 116
190.171.143.90 - - [31/Mar/2022:15:55:29 -0300] "GET /cormun/servlet/hpexe_return? HTTP/1.1" 200 1032
200.54.103.162 - - [31/Mar/2022:15:55:30 -0300] "GET /cormun/servlet/permisosadjuntos?INS,13250827,P,20220331155314,, HTTP/1.1" 200 5982
190.171.143.90 - - [31/Mar/2022:15:55:30 -0300] "GET /cormun/servlet/trsolicitudadjuntos?2022,18383, HTTP/1.1" 200 10376
200.54.103.162 - - [31/Mar/2022:15:55:30 -0300] "GET /cormun/static/about:blank HTTP/1.1" 404 1011
200.54.103.162 - - [31/Mar/2022:15:55:30 -0300] "GET /cormun/servlet/permisosadjuntos?INS,13250827,P,20220331155314,, HTTP/1.1" 200 5971
190.171.143.90 - - [31/Mar/2022:15:55:30 -0300] "GET /cormun/servlet/trsolicitudadjuntos?2022,18383, HTTP/1.1" 200 10374
200.54.103.162 - - [31/Mar/2022:15:55:38 -0300] "POST /cormun/servlet/permisosadjuntos?a00c2c3523d8bd28872d3fd03c1b629c,INS,13250827,P,20220331155314,, HTTP/1.1" 200 116
200.54.103.162 - - [31/Mar/2022:15:55:38 -0300] "GET /cormun/servlet/hpexe_return? HTTP/1.1" 200 1038
200.54.103.162 - - [31/Mar/2022:15:55:38 -0300] "GET /cormun/servlet/trpermisosadjuntos?13250827,20220331155314,P, HTTP/1.1" 200 7024
200.54.103.162 - - [31/Mar/2022:15:55:38 -0300] "GET /cormun/servlet/trpermisosadjuntos?13250827,20220331155314,P, HTTP/1.1" 200 7027
200.54.103.162 - - [31/Mar/2022:15:55:41 -0300] "GET /cormun/servlet/trpermisosgoce? HTTP/1.1" 200 11734
200.54.103.162 - - [31/Mar/2022:15:55:42 -0300] "GET /cormun/servlet/trpermisosgoce? HTTP/1.1" 200 11734
200.54.103.162 - - [31/Mar/2022:15:55:47 -0300] "POST /cormun/servlet/trpermisosgoce?a00c2c3523d8bd28872d3fd03c1b629c,,gx-no-cache=1648734230287 HTTP/1.1" 200 8943
200.54.103.162 - - [31/Mar/2022:15:55:47 -0300] "GET /cormun/static/Shared/jqueryui/images/ui-icons_82798d_256x240.png HTTP/1.1" 404 1089
200.54.103.162 - - [31/Mar/2022:15:55:47 -0300] "GET /cormun/static/Shared/jqueryui/images/ui-bg_highlight-soft_100_c6c2c8_1x100.png HTTP/1.1" 404 1117
200.54.103.162 - - [31/Mar/2022:15:55:47 -0300] "GET /cormun/static/Shared/jqueryui/images/ui-icons_8d78a5_256x240.png HTTP/1.1" 404 1089
200.54.103.162 - - [31/Mar/2022:15:55:47 -0300] "GET /cormun/static/Shared/jqueryui/images/ui-bg_flat_55_fafafa_40x100.png HTTP/1.1" 404 1097
200.54.103.162 - - [31/Mar/2022:15:55:51 -0300] "GET /cormun/servlet/trpermisosadjuntos?16180303,20220331155229,P, HTTP/1.1" 200 6474
200.54.103.162 - - [31/Mar/2022:15:55:52 -0300] "GET /cormun/servlet/trpermisosadjuntos?16180303,20220331155229,P, HTTP/1.1" 200 6474
200.54.103.162 - - [31/Mar/2022:15:55:53 -0300] "GET /cormun/servlet/permisosadjuntos?INS,16180303,P,20220331155229,, HTTP/1.1" 200 5981
200.54.103.162 - - [31/Mar/2022:15:55:53 -0300] "GET /cormun/static/about:blank HTTP/1.1" 404 1011
200.54.103.162 - - [31/Mar/2022:15:55:53 -0300] "GET /cormun/servlet/permisosadjuntos?INS,16180303,P,20220331155229,, HTTP/1.1" 200 5971
190.171.142.50 - - [31/Mar/2022:15:55:55 -0300] "GET /cormun/servlet/hlogin HTTP/1.1" 200 1723
200.54.103.162 - - [31/Mar/2022:15:56:01 -0300] "POST /cormun/servlet/permisosadjuntos?a00c2c3523d8bd28872d3fd03c1b629c,INS,16180303,P,20220331155229,, HTTP/1.1" 200 116
200.54.103.162 - - [31/Mar/2022:15:56:01 -0300] "GET /cormun/servlet/hpexe_return? HTTP/1.1" 200 1039
200.54.103.162 - - [31/Mar/2022:15:56:01 -0300] "GET /cormun/servlet/trpermisosadjuntos?16180303,20220331155229,P, HTTP/1.1" 200 7023
200.54.103.162 - - [31/Mar/2022:15:56:01 -0300] "GET /cormun/servlet/trpermisosadjuntos?16180303,20220331155229,P, HTTP/1.1" 200 7025
190.171.142.50 - - [31/Mar/2022:15:56:02 -0300] "POST /cormun/servlet/hlogin?630360bb555760aa3b1b97f86c941acf,gx-no-cache=1648754619758 HTTP/1.1" 200 90
190.171.142.50 - - [31/Mar/2022:15:56:02 -0300] "GET /cormun/servlet/hpexe_link HTTP/1.1" 200 956
190.171.142.50 - - [31/Mar/2022:15:56:02 -0300] "GET /cormun/servlet/trlicencias HTTP/1.1" 200 13953
190.171.142.50 - - [31/Mar/2022:15:56:02 -0300] "GET /cormun/servlet/trlicencias HTTP/1.1" 200 13930
200.54.103.162 - - [31/Mar/2022:15:56:05 -0300] "GET /cormun/servlet/trpermisosgoce? HTTP/1.1" 200 11711
200.54.103.162 - - [31/Mar/2022:15:56:05 -0300] "GET /cormun/servlet/trpermisosgoce? HTTP/1.1" 200 11716
200.54.103.162 - - [31/Mar/2022:15:56:08 -0300] "POST /cormun/servlet/trpermisosgoce?a00c2c3523d8bd28872d3fd03c1b629c,,gx-no-cache=1648734251393 HTTP/1.1" 200 8937
200.54.103.162 - - [31/Mar/2022:15:56:09 -0300] "GET /cormun/static/Shared/jqueryui/images/ui-bg_highlight-soft_100_c6c2c8_1x100.png HTTP/1.1" 404 1117
200.54.103.162 - - [31/Mar/2022:15:56:09 -0300] "GET /cormun/static/Shared/jqueryui/images/ui-icons_82798d_256x240.png HTTP/1.1" 404 1089
200.54.103.162 - - [31/Mar/2022:15:56:09 -0300] "GET /cormun/static/Shared/jqueryui/images/ui-bg_flat_55_fafafa_40x100.png HTTP/1.1" 404 1097
200.54.103.162 - - [31/Mar/2022:15:56:09 -0300] "GET /cormun/static/Shared/jqueryui/images/ui-icons_8d78a5_256x240.png HTTP/1.1" 404 1089
200.54.103.162 - - [31/Mar/2022:15:56:11 -0300] "GET /cormun/servlet/trpermisosadjuntos?18833827,20220331155602,P, HTTP/1.1" 200 6479
200.54.103.162 - - [31/Mar/2022:15:56:11 -0300] "GET /cormun/servlet/trpermisosadjuntos?18833827,20220331155602,P, HTTP/1.1" 200 6479
200.54.103.162 - - [31/Mar/2022:15:56:13 -0300] "GET /cormun/servlet/permisosadjuntos?INS,18833827,P,20220331155602,, HTTP/1.1" 200 5987
200.54.103.162 - - [31/Mar/2022:15:56:13 -0300] "GET /cormun/static/about:blank HTTP/1.1" 404 1011
200.54.103.162 - - [31/Mar/2022:15:56:13 -0300] "GET /cormun/servlet/permisosadjuntos?INS,18833827,P,20220331155602,, HTTP/1.1" 200 5976
200.54.103.162 - - [31/Mar/2022:15:56:19 -0300] "POST /cormun/servlet/permisosadjuntos?a00c2c3523d8bd28872d3fd03c1b629c,INS,18833827,P,20220331155602,, HTTP/1.1" 200 116
200.54.103.162 - - [31/Mar/2022:15:56:19 -0300] "GET /cormun/servlet/hpexe_return? HTTP/1.1" 200 1040
200.54.103.162 - - [31/Mar/2022:15:56:20 -0300] "GET /cormun/servlet/trpermisosadjuntos?18833827,20220331155602,P, HTTP/1.1" 200 7038
200.54.103.162 - - [31/Mar/2022:15:56:20 -0300] "GET /cormun/servlet/trpermisosadjuntos?18833827,20220331155602,P, HTTP/1.1" 200 7034
200.54.103.162 - - [31/Mar/2022:15:56:23 -0300] "GET /cormun/servlet/trpermisosgoce? HTTP/1.1" 200 11706
200.54.103.162 - - [31/Mar/2022:15:56:24 -0300] "GET /cormun/servlet/trpermisosgoce? HTTP/1.1" 200 11714
200.54.103.162 - - [31/Mar/2022:15:56:28 -0300] "POST /cormun/servlet/trpermisosgoce?a00c2c3523d8bd28872d3fd03c1b629c,,gx-no-cache=1648734270940 HTTP/1.1" 200 8934
200.54.103.162 - - [31/Mar/2022:15:56:40 -0300] "GET /cormun/servlet/trautorizarpermisogoce? HTTP/1.1" 200 11181
200.54.103.162 - - [31/Mar/2022:15:56:40 -0300] "GET /cormun/static/gxcfg.js?2020121645532 HTTP/1.1" 200 953
200.54.103.162 - - [31/Mar/2022:15:56:40 -0300] "GET /cormun/static/trautorizarpermisogoce.js?2020121651492 HTTP/1.1" 200 34948
200.54.103.162 - - [31/Mar/2022:15:56:40 -0300] "GET /cormun/servlet/trautorizarpermisogoce? HTTP/1.1" 200 11180
200.54.103.162 - - [31/Mar/2022:15:56:43 -0300] "POST /cormun/servlet/trautorizarpermisogoce?a00c2c3523d8bd28872d3fd03c1b629c,,gx-no-cache=1648734286490 HTTP/1.1" 200 8087
200.54.103.162 - - [31/Mar/2022:15:56:44 -0300] "POST /cormun/servlet/trautorizarpermisogoce?a00c2c3523d8bd28872d3fd03c1b629c,,gx-no-cache=1648734287452 HTTP/1.1" 200 7874
200.54.103.162 - - [31/Mar/2022:15:56:45 -0300] "POST /cormun/servlet/trautorizarpermisogoce?a00c2c3523d8bd28872d3fd03c1b629c,,gx-no-cache=1648734288300 HTTP/1.1" 200 7687
200.54.103.162 - - [31/Mar/2022:15:56:46 -0300] "POST /cormun/servlet/trautorizarpermisogoce?a00c2c3523d8bd28872d3fd03c1b629c,,gx-no-cache=1648734289142 HTTP/1.1" 200 7477
200.54.103.162 - - [31/Mar/2022:15:56:47 -0300] "POST /cormun/servlet/trautorizarpermisogoce?a00c2c3523d8bd28872d3fd03c1b629c,,gx-no-cache=1648734289835 HTTP/1.1" 200 7242
200.54.103.162 - - [31/Mar/2022:15:56:47 -0300] "POST /cormun/servlet/trautorizarpermisogoce?a00c2c3523d8bd28872d3fd03c1b629c,,gx-no-cache=1648734290491 HTTP/1.1" 200 6984
200.54.103.162 - - [31/Mar/2022:15:56:48 -0300] "POST /cormun/servlet/trautorizarpermisogoce?a00c2c3523d8bd28872d3fd03c1b629c,,gx-no-cache=1648734291196 HTTP/1.1" 200 6769
200.54.103.162 - - [31/Mar/2022:15:56:49 -0300] "POST /cormun/servlet/trautorizarpermisogoce?a00c2c3523d8bd28872d3fd03c1b629c,,gx-no-cache=1648734291939 HTTP/1.1" 200 6581
200.54.103.162 - - [31/Mar/2022:15:56:50 -0300] "POST /cormun/servlet/trautorizarpermisogoce?a00c2c3523d8bd28872d3fd03c1b629c,,gx-no-cache=1648734292707 HTTP/1.1" 200 6378
200.54.103.162 - - [31/Mar/2022:15:56:50 -0300] "POST /cormun/servlet/trautorizarpermisogoce?a00c2c3523d8bd28872d3fd03c1b629c,,gx-no-cache=1648734293499 HTTP/1.1" 200 6165
200.54.103.162 - - [31/Mar/2022:15:56:51 -0300] "POST /cormun/servlet/trautorizarpermisogoce?a00c2c3523d8bd28872d3fd03c1b629c,,gx-no-cache=1648734294203 HTTP/1.1" 200 5947
200.54.103.162 - - [31/Mar/2022:15:56:52 -0300] "POST /cormun/servlet/trautorizarpermisogoce?a00c2c3523d8bd28872d3fd03c1b629c,,gx-no-cache=1648734295020 HTTP/1.1" 200 5741
190.171.152.138 - - [31/Mar/2022:15:56:52 -0300] "GET /cormun/servlet/hlogin HTTP/1.1" 200 1727
200.54.103.162 - - [31/Mar/2022:15:56:53 -0300] "POST /cormun/servlet/trautorizarpermisogoce?a00c2c3523d8bd28872d3fd03c1b629c,,gx-no-cache=1648734295915 HTTP/1.1" 200 5523
200.54.103.162 - - [31/Mar/2022:15:56:54 -0300] "POST /cormun/servlet/trautorizarpermisogoce?a00c2c3523d8bd28872d3fd03c1b629c,,gx-no-cache=1648734296763 HTTP/1.1" 200 5264
200.54.103.162 - - [31/Mar/2022:15:56:55 -0300] "POST /cormun/servlet/trautorizarpermisogoce?a00c2c3523d8bd28872d3fd03c1b629c,,gx-no-cache=1648734297915 HTTP/1.1" 200 4512
190.171.142.18 - - [31/Mar/2022:15:58:18 -0300] "GET /cormun/servlet/permisogoce?INS,0,,, HTTP/1.1" 200 7248
190.171.142.18 - - [31/Mar/2022:15:58:18 -0300] "GET /cormun/static/gxcfg.js?20201215124560 HTTP/1.1" 200 953
190.171.142.18 - - [31/Mar/2022:15:58:18 -0300] "GET /cormun/static/permisogoce.js?20201215124939 HTTP/1.1" 200 27919
190.171.142.18 - - [31/Mar/2022:15:58:18 -0300] "GET /cormun/servlet/permisogoce?INS,0,,, HTTP/1.1" 200 7248
190.171.143.90 - - [31/Mar/2022:15:59:16 -0300] "GET /cormun/servlet/trautorizarsolicitud? HTTP/1.1" 200 8822
190.171.143.90 - - [31/Mar/2022:15:59:16 -0300] "GET /cormun/servlet/trautorizarsolicitud? HTTP/1.1" 200 8814
190.171.143.90 - - [31/Mar/2022:15:59:33 -0300] "POST /cormun/servlet/trautorizarsolicitud?3ae4165cadd3a640d8c6dd59e9f89ad4,,gx-no-cache=1648752427209 HTTP/1.1" 200 4798
190.171.143.90 - - [31/Mar/2022:15:59:33 -0300] "GET /cormun/static/Shared/jqueryui/images/ui-bg_highlight-soft_100_c6c2c8_1x100.png HTTP/1.1" 404 1117
190.171.143.90 - - [31/Mar/2022:15:59:33 -0300] "GET /cormun/static/Shared/jqueryui/images/ui-icons_82798d_256x240.png HTTP/1.1" 404 1089
190.171.143.90 - - [31/Mar/2022:15:59:33 -0300] "GET /cormun/static/Shared/jqueryui/images/ui-bg_flat_55_fafafa_40x100.png HTTP/1.1" 404 1097
190.171.143.90 - - [31/Mar/2022:15:59:33 -0300] "GET /cormun/static/Shared/jqueryui/images/ui-icons_8d78a5_256x240.png HTTP/1.1" 404 1089
190.171.143.90 - - [31/Mar/2022:15:59:33 -0300] "POST /cormun/servlet/trautorizarsolicitud?3ae4165cadd3a640d8c6dd59e9f89ad4,,gx-no-cache=1648752427374 HTTP/1.1" 200 4548
190.171.141.106 - - [31/Mar/2022:15:59:34 -0300] "GET /cormun/servlet/hhome HTTP/1.1" 200 3325
190.171.141.106 - - [31/Mar/2022:15:59:36 -0300] "GET /cormun/servlet/hhome HTTP/1.1" 200 3335
190.171.141.106 - - [31/Mar/2022:15:59:36 -0300] "GET /cormun/servlet/hhome HTTP/1.1" 200 3335
190.171.141.106 - - [31/Mar/2022:15:59:36 -0300] "GET /cormun/servlet/hlogin HTTP/1.1" 200 1745
190.171.143.90 - - [31/Mar/2022:15:59:39 -0300] "GET /cormun/servlet/trvisualizadoreventos? HTTP/1.1" 200 7082
190.171.143.90 - - [31/Mar/2022:15:59:39 -0300] "GET /cormun/servlet/trvisualizadoreventos? HTTP/1.1" 200 7082
190.171.141.106 - - [31/Mar/2022:15:59:40 -0300] "POST /cormun/servlet/hlogin?f90a039aaaa581b82483059e14dc43c3,gx-no-cache=1648752527885 HTTP/1.1" 200 90
190.171.141.106 - - [31/Mar/2022:15:59:40 -0300] "GET /cormun/servlet/hpexe_link HTTP/1.1" 200 955
190.171.141.106 - - [31/Mar/2022:15:59:41 -0300] "GET /cormun/servlet/hhome HTTP/1.1" 200 4235
190.171.141.106 - - [31/Mar/2022:15:59:41 -0300] "GET /cormun/servlet/hhome HTTP/1.1" 200 4233
190.171.143.90 - - [31/Mar/2022:15:59:43 -0300] "GET /cormun/servlet/trsolicitudot? HTTP/1.1" 200 8797
190.171.143.90 - - [31/Mar/2022:15:59:43 -0300] "GET /cormun/servlet/trsolicitudot? HTTP/1.1" 200 8797
190.171.141.106 - - [31/Mar/2022:15:59:50 -0300] "GET /cormun/servlet/trlicencias? HTTP/1.1" 200 12952
190.171.141.106 - - [31/Mar/2022:15:59:51 -0300] "GET /cormun/servlet/trlicencias? HTTP/1.1" 200 12933
190.171.143.90 - - [31/Mar/2022:16:00:39 -0300] "GET /cormun/servlet/trsolicitudot? HTTP/1.1" 200 8797
190.171.143.90 - - [31/Mar/2022:16:00:39 -0300] "GET /cormun/servlet/trsolicitudot? HTTP/1.1" 200 8797
190.171.143.90 - - [31/Mar/2022:16:00:53 -0300] "GET /cormun/servlet/trsolicitudot? HTTP/1.1" 200 8797
190.171.143.90 - - [31/Mar/2022:16:00:54 -0300] "GET /cormun/servlet/trsolicitudot? HTTP/1.1" 200 8797
190.171.143.90 - - [31/Mar/2022:16:00:57 -0300] "GET /cormun/servlet/trautorizarsolicitud? HTTP/1.1" 200 7426
190.171.143.90 - - [31/Mar/2022:16:00:57 -0300] "GET /cormun/servlet/trautorizarsolicitud? HTTP/1.1" 200 7426
190.171.143.90 - - [31/Mar/2022:16:01:41 -0300] "GET /cormun/servlet/trsolicitudot? HTTP/1.1" 200 8797
190.171.143.90 - - [31/Mar/2022:16:01:41 -0300] "GET /cormun/servlet/trsolicitudot? HTTP/1.1" 200 8797
190.171.143.90 - - [31/Mar/2022:16:02:04 -0300] "POST /cormun/servlet/trsolicitudot?3ae4165cadd3a640d8c6dd59e9f89ad4,,gx-no-cache=1648752578081 HTTP/1.1" 200 4578
190.171.143.90 - - [31/Mar/2022:16:02:04 -0300] "GET /cormun/static/Shared/jqueryui/images/ui-bg_highlight-soft_100_c6c2c8_1x100.png HTTP/1.1" 404 1117
190.171.143.90 - - [31/Mar/2022:16:02:04 -0300] "GET /cormun/static/Shared/jqueryui/images/ui-bg_flat_55_fafafa_40x100.png HTTP/1.1" 404 1097
190.171.143.90 - - [31/Mar/2022:16:02:04 -0300] "GET /cormun/static/Shared/jqueryui/images/ui-icons_82798d_256x240.png HTTP/1.1" 404 1089
190.171.143.90 - - [31/Mar/2022:16:02:04 -0300] "GET /cormun/static/Shared/jqueryui/images/ui-icons_8d78a5_256x240.png HTTP/1.1" 404 1089
190.171.143.90 - - [31/Mar/2022:16:02:04 -0300] "POST /cormun/servlet/trsolicitudot?3ae4165cadd3a640d8c6dd59e9f89ad4,,gx-no-cache=1648752578269 HTTP/1.1" 200 4354
190.171.142.18 - - [31/Mar/2022:16:02:53 -0300] "GET /cormun/servlet/prfichaempleado?,MD,,gxPopupLevel%3D0%3B HTTP/1.1" 200 9405
190.171.142.18 - - [31/Mar/2022:16:02:53 -0300] "GET /cormun/static/gxcfg.js?20201215571085 HTTP/1.1" 200 953
190.171.142.18 - - [31/Mar/2022:16:02:53 -0300] "GET /cormun/static/prfichaempleado.js?20201215572193 HTTP/1.1" 200 16006
191.125.174.93 - - [31/Mar/2022:16:03:03 -0300] "GET /cormun/servlet/hlogin HTTP/1.1" 200 1747
191.125.174.93 - - [31/Mar/2022:16:03:04 -0300] "GET /cormun/servlet/trautorizarsolicitud? HTTP/1.1" 200 6222
191.125.174.93 - - [31/Mar/2022:16:03:11 -0300] "GET /cormun/servlet/hlogin HTTP/1.1" 200 1751
191.125.174.93 - - [31/Mar/2022:16:03:11 -0300] "GET /cormun/servlet/trautorizarsolicitud? HTTP/1.1" 200 6218
190.171.142.18 - - [31/Mar/2022:16:03:18 -0300] "POST /cormun/servlet/prfichaempleado?9a91ea60cf70b3842a4de1f6d4e9e10b,,MD,,gxPopupLevel%3D0%3B,gx-no-cache=1648752652008 HTTP/1.1" 200 3411
190.171.142.18 - - [31/Mar/2022:16:03:24 -0300] "GET /cormun/servlet/permisogoce?ef5eca01f3561ef7e4620fd91f662a6ed649c86ed4a4c072e282d01a25a0d6a48e5fdd8dbb77c9d89502f984d34688aa643efbc9658e0c265eb32d424bad2875,gx-no-cache=1648752658231 HTTP/1.1" 200 75
190.171.142.18 - - [31/Mar/2022:16:03:30 -0300] "GET /cormun/static/menuarrow.gif HTTP/1.1" 404 1015
190.171.142.18 - - [31/Mar/2022:16:03:41 -0300] "GET /cormun/servlet/permisogoce?ef5eca01f3561ef7e4620fd91f662a6efb36db9df8cd3376ce86db0ab91467e90b82ca9ea99c9ea78c13fe4e3e8a9f6cf50c7c1b5256de2e9c5ad8793fe335df,gx-no-cache=1648752674982 HTTP/1.1" 200 47
190.171.142.18 - - [31/Mar/2022:16:04:15 -0300] "POST /cormun/servlet/permisogoce?9a91ea60cf70b3842a4de1f6d4e9e10b,INS,0,,,,gx-no-cache=1648752708328 HTTP/1.1" 200 93
190.171.142.18 - - [31/Mar/2022:16:04:15 -0300] "GET /cormun/servlet/hpexe_return? HTTP/1.1" 200 1013
190.171.142.18 - - [31/Mar/2022:16:04:15 -0300] "GET /cormun/servlet/trpermisosgoce HTTP/1.1" 200 8646
190.171.142.18 - - [31/Mar/2022:16:04:16 -0300] "GET /cormun/servlet/trpermisosgoce HTTP/1.1" 200 8642
181.212.43.89 - - [31/Mar/2022:16:04:33 -0300] "POST /cormun/servlet/trsolicitudot?0208deb252c04044dc8468eacdcf7c3d,gx-no-cache=1648752727297 HTTP/1.1" 200 5825
181.212.43.89 - - [31/Mar/2022:16:04:35 -0300] "GET /cormun/static/menuarrow.gif HTTP/1.1" 404 1015
181.212.43.89 - - [31/Mar/2022:16:04:40 -0300] "POST /cormun/servlet/trsolicitudot?0208deb252c04044dc8468eacdcf7c3d,gx-no-cache=1648752733859 HTTP/1.1" 200 5830
191.125.174.93 - - [31/Mar/2022:16:04:46 -0300] "GET /cormun/servlet/hlogin HTTP/1.1" 200 1727
191.125.174.93 - - [31/Mar/2022:16:04:46 -0300] "GET /cormun/servlet/hlogin HTTP/1.1" 200 1727
190.171.142.18 - - [31/Mar/2022:16:04:47 -0300] "GET /cormun/servlet/trpermisosadjuntos?15123618,20220331164306,P, HTTP/1.1" 200 6680
190.171.142.18 - - [31/Mar/2022:16:04:47 -0300] "GET /cormun/static/gxcfg.js?2020121641683 HTTP/1.1" 200 953
190.171.142.18 - - [31/Mar/2022:16:04:47 -0300] "GET /cormun/static/trpermisosadjuntos.js?2020121642996 HTTP/1.1" 200 20158
190.171.142.18 - - [31/Mar/2022:16:04:48 -0300] "GET /cormun/servlet/trpermisosadjuntos?15123618,20220331164306,P, HTTP/1.1" 200 6680
181.212.43.89 - - [31/Mar/2022:16:04:48 -0300] "POST /cormun/servlet/trsolicitudot?0208deb252c04044dc8468eacdcf7c3d,gx-no-cache=1648752742257 HTTP/1.1" 200 4360
190.171.142.18 - - [31/Mar/2022:16:04:54 -0300] "GET /cormun/servlet/permisosadjuntos?INS,15123618,P,20220331164306,, HTTP/1.1" 200 6006
190.171.142.18 - - [31/Mar/2022:16:04:54 -0300] "GET /cormun/static/gxcfg.js?20201215134212 HTTP/1.1" 200 953
190.171.142.18 - - [31/Mar/2022:16:04:54 -0300] "GET /cormun/static/permisosadjuntos.js?20201215134285 HTTP/1.1" 200 8724
190.171.142.18 - - [31/Mar/2022:16:04:54 -0300] "GET /cormun/static/about:blank HTTP/1.1" 404 1011
190.171.142.18 - - [31/Mar/2022:16:04:54 -0300] "GET /cormun/servlet/permisosadjuntos?INS,15123618,P,20220331164306,, HTTP/1.1" 200 5996
181.212.43.89 - - [31/Mar/2022:16:04:54 -0300] "POST /cormun/servlet/trsolicitudot?0208deb252c04044dc8468eacdcf7c3d,gx-no-cache=1648752748464 HTTP/1.1" 200 11438
181.212.43.89 - - [31/Mar/2022:16:05:12 -0300] "GET /cormun/servlet/treventos?2022,18106, HTTP/1.1" 200 8785
181.212.43.89 - - [31/Mar/2022:16:05:12 -0300] "GET /cormun/static/gxcfg.js?20201215584657 HTTP/1.1" 200 953
181.212.43.89 - - [31/Mar/2022:16:05:12 -0300] "GET /cormun/static/treventos.js?2020121558506 HTTP/1.1" 200 16064
181.212.43.89 - - [31/Mar/2022:16:05:12 -0300] "GET /cormun/servlet/treventos?2022,18106, HTTP/1.1" 200 8791
190.171.142.18 - - [31/Mar/2022:16:05:15 -0300] "POST /cormun/servlet/permisosadjuntos?9a91ea60cf70b3842a4de1f6d4e9e10b,INS,15123618,P,20220331164306,, HTTP/1.1" 200 116
190.171.142.18 - - [31/Mar/2022:16:05:15 -0300] "GET /cormun/servlet/hpexe_return? HTTP/1.1" 200 1041
190.171.142.18 - - [31/Mar/2022:16:05:15 -0300] "GET /cormun/servlet/trpermisosadjuntos?15123618,20220331164306,P, HTTP/1.1" 200 7215
190.171.142.18 - - [31/Mar/2022:16:05:16 -0300] "GET /cormun/servlet/trpermisosadjuntos?15123618,20220331164306,P, HTTP/1.1" 200 7211
181.212.43.89 - - [31/Mar/2022:16:05:17 -0300] "GET /cormun/servlet/trsolicitudot HTTP/1.1" 200 14183
181.212.43.89 - - [31/Mar/2022:16:05:18 -0300] "GET /cormun/servlet/trsolicitudot HTTP/1.1" 200 14181
191.125.174.93 - - [31/Mar/2022:16:05:23 -0300] "POST /cormun/servlet/hlogin?9bf9d6383d924e9417a4a0ed64fd0be8,gx-no-cache=1648752776223 HTTP/1.1" 200 90
191.125.174.93 - - [31/Mar/2022:16:05:24 -0300] "GET /cormun/servlet/hpexe_link HTTP/1.1" 200 966
191.125.174.93 - - [31/Mar/2022:16:05:24 -0300] "GET /cormun/servlet/trautorizarsolicitud HTTP/1.1" 200 7193
191.125.174.93 - - [31/Mar/2022:16:05:24 -0300] "GET /cormun/servlet/trautorizarsolicitud HTTP/1.1" 200 7192
190.171.142.18 - - [31/Mar/2022:16:05:25 -0300] "GET /cormun/servlet/permisosadjuntos?INS,15123618,P,20220331164306,, HTTP/1.1" 200 6007
190.171.142.18 - - [31/Mar/2022:16:05:25 -0300] "GET /cormun/static/about:blank HTTP/1.1" 404 1011
190.171.142.18 - - [31/Mar/2022:16:05:26 -0300] "GET /cormun/servlet/permisosadjuntos?INS,15123618,P,20220331164306,, HTTP/1.1" 200 5997
181.212.43.89 - - [31/Mar/2022:16:05:27 -0300] "POST /cormun/servlet/trsolicitudot?0208deb252c04044dc8468eacdcf7c3d,gx-no-cache=1648752781130 HTTP/1.1" 200 107
181.212.43.89 - - [31/Mar/2022:16:05:28 -0300] "GET /cormun/servlet/trsolicitudadjuntos?2022,18106, HTTP/1.1" 200 9955
190.171.142.10 - - [31/Mar/2022:16:05:28 -0300] "GET /cormun/servlet/hlogin HTTP/1.1" 200 1716
190.171.142.18 - - [31/Mar/2022:16:05:29 -0300] "POST /cormun/servlet/permisosadjuntos?9a91ea60cf70b3842a4de1f6d4e9e10b,INS,15123618,P,20220331164306,,,gx-no-cache=1648752782481 HTTP/1.1" 200 93
190.171.142.18 - - [31/Mar/2022:16:05:29 -0300] "GET /cormun/servlet/hpexe_return? HTTP/1.1" 200 1041
181.212.43.89 - - [31/Mar/2022:16:05:29 -0300] "GET /cormun/servlet/trsolicitudadjuntos?2022,18106, HTTP/1.1" 200 9965
190.171.142.18 - - [31/Mar/2022:16:05:29 -0300] "GET /cormun/servlet/trpermisosadjuntos?15123618,20220331164306,P, HTTP/1.1" 200 7212
190.171.142.18 - - [31/Mar/2022:16:05:29 -0300] "GET /cormun/servlet/trpermisosadjuntos?15123618,20220331164306,P, HTTP/1.1" 200 7211
190.171.142.10 - - [31/Mar/2022:16:05:33 -0300] "POST /cormun/servlet/hlogin?b2d1c1fad0ee34ffa0f98d2e2ff56784,gx-no-cache=1648752787151 HTTP/1.1" 200 90
190.171.142.10 - - [31/Mar/2022:16:05:33 -0300] "GET /cormun/servlet/hpexe_link HTTP/1.1" 200 944
190.171.142.10 - - [31/Mar/2022:16:05:33 -0300] "GET /cormun/servlet/hhome HTTP/1.1" 200 4107
181.212.43.89 - - [31/Mar/2022:16:05:33 -0300] "GET /cormun/PublicTempStorage/rene_armando_suazo_arias_%28titulo%292961134.pdf HTTP/1.1" 200 1229307
190.171.142.10 - - [31/Mar/2022:16:05:33 -0300] "GET /cormun/servlet/hhome HTTP/1.1" 200 4105
190.171.142.10 - - [31/Mar/2022:16:05:37 -0300] "GET /cormun/servlet/trlicencias? HTTP/1.1" 200 15303
190.171.142.10 - - [31/Mar/2022:16:05:38 -0300] "GET /cormun/servlet/trlicencias? HTTP/1.1" 200 15367
181.212.43.89 - - [31/Mar/2022:16:05:51 -0300] "GET /cormun/servlet/hlogin HTTP/1.1" 200 1716
190.171.142.18 - - [31/Mar/2022:16:06:03 -0300] "GET /cormun/servlet/trpermisosgoce? HTTP/1.1" 200 8643
190.171.142.18 - - [31/Mar/2022:16:06:04 -0300] "GET /cormun/servlet/trpermisosgoce? HTTP/1.1" 200 8642
190.171.142.18 - - [31/Mar/2022:16:06:11 -0300] "POST /cormun/servlet/trpermisosgoce?9a91ea60cf70b3842a4de1f6d4e9e10b,,gx-no-cache=1648752824386 HTTP/1.1" 200 5790
190.171.142.18 - - [31/Mar/2022:16:06:11 -0300] "GET /cormun/static/Shared/jqueryui/images/ui-bg_highlight-soft_100_c6c2c8_1x100.png HTTP/1.1" 404 1117
190.171.142.18 - - [31/Mar/2022:16:06:11 -0300] "GET /cormun/static/Shared/jqueryui/images/ui-icons_82798d_256x240.png HTTP/1.1" 404 1089
190.171.142.18 - - [31/Mar/2022:16:06:11 -0300] "GET /cormun/static/Shared/jqueryui/images/ui-bg_flat_55_fafafa_40x100.png HTTP/1.1" 404 1097
190.171.142.18 - - [31/Mar/2022:16:06:11 -0300] "GET /cormun/static/Shared/jqueryui/images/ui-icons_8d78a5_256x240.png HTTP/1.1" 404 1089
191.125.174.93 - - [31/Mar/2022:16:06:20 -0300] "GET /cormun/servlet/trpermisosgoce? HTTP/1.1" 200 8354
191.125.174.93 - - [31/Mar/2022:16:06:22 -0300] "GET /cormun/servlet/trpermisosgoce? HTTP/1.1" 200 8354
192.168.10.199 - - [31/Mar/2022:16:06:48 -0300] "POST /cormun/servlet/trsolicitudgral?8aff79edc893f601406b19cdec8f7743,,gx-no-cache=1648756296402 HTTP/1.1" 200 6654
181.212.42.153 - - [31/Mar/2022:16:07:34 -0300] "POST /cormun/servlet/trpermisosgoce?799f4ad26a93d88c96b2e86cb4065b7c,gx-no-cache=1648753272466 HTTP/1.1" 440 972
181.212.42.153 - - [31/Mar/2022:16:07:35 -0300] "GET /cormun/servlet/trpermisosgoce HTTP/1.1" 200 6022
181.212.42.153 - - [31/Mar/2022:16:07:36 -0300] "GET /cormun/servlet/hlogin HTTP/1.1" 200 1739
181.212.42.153 - - [31/Mar/2022:16:07:36 -0300] "GET /cormun/servlet/trpermisosgoce HTTP/1.1" 200 6026
181.212.42.153 - - [31/Mar/2022:16:07:36 -0300] "GET /cormun/servlet/trpermisosgoce HTTP/1.1" 200 6026
192.168.10.199 - - [31/Mar/2022:16:07:37 -0300] "GET /cormun/servlet/vesolicitudgral?2022,18050,, HTTP/1.1" 200 8388
192.168.10.199 - - [31/Mar/2022:16:07:37 -0300] "GET /cormun/pexe_scrolldiv.js HTTP/1.1" 404 1009
192.168.10.199 - - [31/Mar/2022:16:07:37 -0300] "GET /cormun/servlet/vesolicitudgral?2022,18050,, HTTP/1.1" 200 8388
181.212.42.153 - - [31/Mar/2022:16:07:41 -0300] "POST /cormun/servlet/hlogin?0a5838d828f9199ba43ab5fcde264cbf,gx-no-cache=1648753279046 HTTP/1.1" 200 90
181.212.42.153 - - [31/Mar/2022:16:07:41 -0300] "GET /cormun/servlet/hpexe_link HTTP/1.1" 200 955
181.212.42.153 - - [31/Mar/2022:16:07:41 -0300] "GET /cormun/servlet/trpermisosgoce HTTP/1.1" 200 13589
181.212.42.153 - - [31/Mar/2022:16:07:41 -0300] "GET /cormun/servlet/trpermisosgoce HTTP/1.1" 200 13587
181.212.42.153 - - [31/Mar/2022:16:07:49 -0300] "POST /cormun/servlet/trpermisosgoce?0a5838d828f9199ba43ab5fcde264cbf,gx-no-cache=1648753287548 HTTP/1.1" 200 3917
181.212.42.153 - - [31/Mar/2022:16:07:55 -0300] "GET /cormun/servlet/trsolicitudot? HTTP/1.1" 200 9055
181.212.42.153 - - [31/Mar/2022:16:07:55 -0300] "GET /cormun/servlet/trsolicitudot? HTTP/1.1" 200 9055
181.212.42.153 - - [31/Mar/2022:16:08:00 -0300] "POST /cormun/servlet/trsolicitudot?0a5838d828f9199ba43ab5fcde264cbf,,gx-no-cache=1648753298969 HTTP/1.1" 200 4358
181.212.42.153 - - [31/Mar/2022:16:08:05 -0300] "POST /cormun/servlet/trsolicitudot?0a5838d828f9199ba43ab5fcde264cbf,,gx-no-cache=1648753303588 HTTP/1.1" 200 5824
181.212.42.153 - - [31/Mar/2022:16:08:07 -0300] "GET /cormun/servlet/vesolicitudot?2022,18103,, HTTP/1.1" 200 8338
181.212.42.153 - - [31/Mar/2022:16:08:07 -0300] "GET /cormun/pexe_scrolldiv.js HTTP/1.1" 404 1009
181.212.42.153 - - [31/Mar/2022:16:08:07 -0300] "GET /cormun/servlet/vesolicitudot?2022,18103,, HTTP/1.1" 200 8338
181.212.42.153 - - [31/Mar/2022:16:08:15 -0300] "POST /cormun/servlet/vesolicitudot?0a5838d828f9199ba43ab5fcde264cbf,2022,18103,,,gx-no-cache=1648753313624 HTTP/1.1" 200 93
181.212.42.153 - - [31/Mar/2022:16:08:15 -0300] "GET /cormun/servlet/hpexe_return? HTTP/1.1" 200 1009
181.212.42.153 - - [31/Mar/2022:16:08:15 -0300] "GET /cormun/servlet/trsolicitudot? HTTP/1.1" 200 8667
181.212.42.153 - - [31/Mar/2022:16:08:16 -0300] "GET /cormun/servlet/trsolicitudot? HTTP/1.1" 200 8665
190.171.142.18 - - [31/Mar/2022:16:11:10 -0300] "GET /cormun/servlet/permisogoce?INS,0,,, HTTP/1.1" 200 7248
190.171.142.18 - - [31/Mar/2022:16:11:11 -0300] "GET /cormun/servlet/permisogoce?INS,0,,, HTTP/1.1" 200 7248
190.171.142.18 - - [31/Mar/2022:16:11:54 -0300] "GET /cormun/servlet/permisogoce?ef5eca01f3561ef7e4620fd91f662a6e79e01f0fda3c865bd33ead4421c387e28e5fdd8dbb77c9d89502f984d34688aa643efbc9658e0c265eb32d424bad2875,gx-no-cache=1648753167524 HTTP/1.1" 200 76
190.171.142.18 - - [31/Mar/2022:16:12:00 -0300] "GET /cormun/static/menuarrow.gif HTTP/1.1" 404 1015
190.171.142.18 - - [31/Mar/2022:16:12:08 -0300] "GET /cormun/servlet/permisogoce?ef5eca01f3561ef7e4620fd91f662a6e77f84f1e115c975fddfa75ecf6996be4ee5179938f2015941a31f563ac8e35dff50c7c1b5256de2e9c5ad8793fe335df,gx-no-cache=1648753181366 HTTP/1.1" 200 47
190.171.142.18 - - [31/Mar/2022:16:12:26 -0300] "POST /cormun/servlet/permisogoce?9a91ea60cf70b3842a4de1f6d4e9e10b,INS,0,,,,gx-no-cache=1648753199880 HTTP/1.1" 200 93
190.171.142.18 - - [31/Mar/2022:16:12:26 -0300] "GET /cormun/servlet/hpexe_return? HTTP/1.1" 200 1014
190.171.142.18 - - [31/Mar/2022:16:12:27 -0300] "GET /cormun/servlet/trpermisosgoce? HTTP/1.1" 200 8896
190.171.142.18 - - [31/Mar/2022:16:12:27 -0300] "GET /cormun/servlet/trpermisosgoce? HTTP/1.1" 200 8892
190.171.142.18 - - [31/Mar/2022:16:12:40 -0300] "GET /cormun/servlet/trpermisosadjuntos?10148987,20220331165559,P, HTTP/1.1" 200 6681
190.171.142.18 - - [31/Mar/2022:16:12:40 -0300] "GET /cormun/servlet/trpermisosadjuntos?10148987,20220331165559,P, HTTP/1.1" 200 6681
190.171.142.18 - - [31/Mar/2022:16:12:44 -0300] "GET /cormun/servlet/permisosadjuntos?INS,10148987,P,20220331165559,, HTTP/1.1" 200 6008
190.171.142.18 - - [31/Mar/2022:16:12:44 -0300] "GET /cormun/static/about:blank HTTP/1.1" 404 1011
190.171.142.18 - - [31/Mar/2022:16:12:44 -0300] "GET /cormun/servlet/permisosadjuntos?INS,10148987,P,20220331165559,, HTTP/1.1" 200 5998
192.168.10.17 - - [31/Mar/2022:16:12:58 -0300] "POST /cormun/servlet/trsolicitudgral?ed706e44a982635db0c5b63a0c3b448f,,gx-no-cache=1648756666472 HTTP/1.1" 440 972
190.171.142.18 - - [31/Mar/2022:16:12:59 -0300] "POST /cormun/servlet/permisosadjuntos?9a91ea60cf70b3842a4de1f6d4e9e10b,INS,10148987,P,20220331165559,, HTTP/1.1" 200 116
190.171.142.18 - - [31/Mar/2022:16:12:59 -0300] "GET /cormun/servlet/hpexe_return? HTTP/1.1" 200 1042
190.171.142.18 - - [31/Mar/2022:16:12:59 -0300] "GET /cormun/servlet/trpermisosadjuntos?10148987,20220331165559,P, HTTP/1.1" 200 7190
190.171.142.18 - - [31/Mar/2022:16:13:00 -0300] "GET /cormun/servlet/trpermisosadjuntos?10148987,20220331165559,P, HTTP/1.1" 200 7185
192.168.10.17 - - [31/Mar/2022:16:13:00 -0300] "GET /cormun/servlet/trsolicitudgral? HTTP/1.1" 500 10
178.94.47.11 - - [31/Mar/2022:16:13:00 -0300] "GET / HTTP/1.1" 200 11217
190.171.142.18 - - [31/Mar/2022:16:13:05 -0300] "GET /cormun/servlet/trpermisosgoce? HTTP/1.1" 200 8892
190.171.142.18 - - [31/Mar/2022:16:13:05 -0300] "GET /cormun/servlet/trpermisosgoce? HTTP/1.1" 200 8892
190.171.142.18 - - [31/Mar/2022:16:13:10 -0300] "POST /cormun/servlet/trpermisosgoce?9a91ea60cf70b3842a4de1f6d4e9e10b,,gx-no-cache=1648753243106 HTTP/1.1" 200 6039
190.171.142.18 - - [31/Mar/2022:16:13:10 -0300] "GET /cormun/static/Shared/jqueryui/images/ui-bg_highlight-soft_100_c6c2c8_1x100.png HTTP/1.1" 404 1117
190.171.142.18 - - [31/Mar/2022:16:13:10 -0300] "GET /cormun/static/Shared/jqueryui/images/ui-icons_82798d_256x240.png HTTP/1.1" 404 1089
190.171.142.18 - - [31/Mar/2022:16:13:10 -0300] "GET /cormun/static/Shared/jqueryui/images/ui-bg_flat_55_fafafa_40x100.png HTTP/1.1" 404 1097
190.171.142.18 - - [31/Mar/2022:16:13:10 -0300] "GET /cormun/static/Shared/jqueryui/images/ui-icons_8d78a5_256x240.png HTTP/1.1" 404 1089
192.168.10.17 - - [31/Mar/2022:16:13:13 -0300] "GET /cormun/servlet/hlogin HTTP/1.1" 200 1730
192.168.10.17 - - [31/Mar/2022:16:13:22 -0300] "POST /cormun/servlet/hlogin?57e2005d0dadfc10991d7575482b215c,gx-no-cache=1648756689933 HTTP/1.1" 200 90
192.168.10.17 - - [31/Mar/2022:16:13:22 -0300] "GET /cormun/servlet/hpexe_link HTTP/1.1" 200 957
192.168.10.17 - - [31/Mar/2022:16:13:22 -0300] "GET /cormun/servlet/hhome HTTP/1.1" 200 3786
192.168.10.17 - - [31/Mar/2022:16:13:22 -0300] "GET /cormun/servlet/hhome HTTP/1.1" 200 3783
192.168.10.17 - - [31/Mar/2022:16:13:32 -0300] "GET /cormun/servlet/trsolicitudgral? HTTP/1.1" 200 28571
192.168.10.17 - - [31/Mar/2022:16:13:33 -0300] "GET /cormun/servlet/trsolicitudgral? HTTP/1.1" 200 28569
192.168.10.17 - - [31/Mar/2022:16:13:37 -0300] "POST /cormun/servlet/trsolicitudgral?57e2005d0dadfc10991d7575482b215c,,gx-no-cache=1648756705138 HTTP/1.1" 200 5251
192.168.10.17 - - [31/Mar/2022:16:13:42 -0300] "POST /cormun/servlet/trsolicitudgral?57e2005d0dadfc10991d7575482b215c,,gx-no-cache=1648756710605 HTTP/1.1" 200 5250
192.168.10.17 - - [31/Mar/2022:16:13:45 -0300] "POST /cormun/servlet/trsolicitudgral?57e2005d0dadfc10991d7575482b215c,,gx-no-cache=1648756713060 HTTP/1.1" 200 5251
192.168.10.17 - - [31/Mar/2022:16:13:51 -0300] "POST /cormun/servlet/trsolicitudgral?57e2005d0dadfc10991d7575482b215c,,gx-no-cache=1648756719661 HTTP/1.1" 200 5252
192.168.10.17 - - [31/Mar/2022:16:13:52 -0300] "POST /cormun/servlet/trsolicitudgral?57e2005d0dadfc10991d7575482b215c,,gx-no-cache=1648756720460 HTTP/1.1" 200 5252
190.171.153.50 - - [31/Mar/2022:16:13:58 -0300] "GET /cormun/servlet/hlogin HTTP/1.1" 200 1744
192.168.10.199 - - [31/Mar/2022:16:14:07 -0300] "POST /cormun/servlet/vesolicitudgral?8aff79edc893f601406b19cdec8f7743,2022,18050,,,gx-no-cache=1648756735508 HTTP/1.1" 200 90
192.168.10.199 - - [31/Mar/2022:16:14:07 -0300] "GET /cormun/servlet/hpexe_link HTTP/1.1" 200 977
192.168.10.199 - - [31/Mar/2022:16:14:08 -0300] "GET /cormun/servlet/trsolicitudgral? HTTP/1.1" 200 9728
192.168.10.199 - - [31/Mar/2022:16:14:08 -0300] "GET /cormun/servlet/trsolicitudgral? HTTP/1.1" 200 9727
190.171.153.50 - - [31/Mar/2022:16:14:10 -0300] "POST /cormun/servlet/hlogin?1e97737bbf44c562e809172a7a9f7298,gx-no-cache=1648753598081 HTTP/1.1" 200 90
190.171.153.50 - - [31/Mar/2022:16:14:10 -0300] "GET /cormun/servlet/hpexe_link HTTP/1.1" 200 954
190.171.153.50 - - [31/Mar/2022:16:14:11 -0300] "GET /cormun/servlet/hhome HTTP/1.1" 200 4223
190.171.153.50 - - [31/Mar/2022:16:14:12 -0300] "GET /cormun/servlet/hhome HTTP/1.1" 200 4220
192.168.10.17 - - [31/Mar/2022:16:14:13 -0300] "POST /cormun/servlet/trsolicitudgral?57e2005d0dadfc10991d7575482b215c,,gx-no-cache=1648756741133 HTTP/1.1" 200 10101
190.171.153.50 - - [31/Mar/2022:16:14:17 -0300] "GET /cormun/servlet/trsolicitudot? HTTP/1.1" 200 9277
