190.171.153.26 - - [31/Mar/2022:08:25:27 -0300] "GET /cormun/static/Shared/jqueryui/jquery-ui.min.css?1345370 HTTP/1.1" 200 30288
190.171.153.26 - - [31/Mar/2022:08:25:27 -0300] "GET /cormun/static/SmoothNavMenu/resources/ddsmoothmenu.css?1112540 HTTP/1.1" 200 2223
190.171.153.26 - - [31/Mar/2022:08:25:27 -0300] "GET /cormun/static/scaMessage/css/jquery.pnotify.default.css?1816380 HTTP/1.1" 200 1707
190.171.153.26 - - [31/Mar/2022:08:25:27 -0300] "GET /cormun/static/Resources/Spanish/PXTools.css?14345360 HTTP/1.1" 200 100853
190.171.153.26 - - [31/Mar/2022:08:25:27 -0300] "GET /cormun/static/PXToolsJavascripts/pexe_cookies.js HTTP/1.1" 200 792
190.171.153.26 - - [31/Mar/2022:08:25:27 -0300] "GET /cormun/static/PXToolsJavascripts/pexe_menudivfix.js HTTP/1.1" 200 333
190.171.153.26 - - [31/Mar/2022:08:25:27 -0300] "GET /cormun/static/PXToolsJavascripts/pexe_oav.js HTTP/1.1" 200 645
190.171.153.26 - - [31/Mar/2022:08:25:27 -0300] "GET /cormun/static/PXToolsJavascripts/pexe_oavdivfix.js HTTP/1.1" 200 639
190.171.153.26 - - [31/Mar/2022:08:25:27 -0300] "GET /cormun/static/PXToolsJavascripts/PXToolsJavascriptsRender.js HTTP/1.1" 200 367
190.171.153.26 - - [31/Mar/2022:08:25:27 -0300] "GET /cormun/static/PXToolsJavascripts/pexe_tabdivfix.js HTTP/1.1" 200 876
190.171.153.26 - - [31/Mar/2022:08:25:27 -0300] "GET /cormun/static/hwchdr01.js?20201214473739 HTTP/1.1" 200 996
190.171.153.26 - - [31/Mar/2022:08:25:27 -0300] "GET /cormun/static/hpexe_messagecontroller.js?201991422154126 HTTP/1.1" 200 870
190.171.153.26 - - [31/Mar/2022:08:25:27 -0300] "GET /cormun/static/PXToolsJavascripts/pexe_picture.js HTTP/1.1" 200 689
190.171.153.26 - - [31/Mar/2022:08:25:27 -0300] "GET /cormun/static/hpexe_messagepopupcomponent.js?2020121447232 HTTP/1.1" 200 605
190.171.153.26 - - [31/Mar/2022:08:25:27 -0300] "GET /cormun/static/hhome.js?20201215495544 HTTP/1.1" 200 777
190.171.153.26 - - [31/Mar/2022:08:25:27 -0300] "GET /cormun/static/RunJS/RunJS.js HTTP/1.1" 200 288
190.171.153.26 - - [31/Mar/2022:08:25:27 -0300] "GET /cormun/static/hpexe_messagegenexuscomponent.js?2020121447173 HTTP/1.1" 200 587
190.171.153.26 - - [31/Mar/2022:08:25:27 -0300] "GET /cormun/static/Resources/ImgHome.png HTTP/1.1" 200 1364
190.171.153.26 - - [31/Mar/2022:08:25:27 -0300] "GET /cormun/static/Resources/ImgLogin.png HTTP/1.1" 200 1432
190.171.153.26 - - [31/Mar/2022:08:25:27 -0300] "GET /cormun/static/Resources/Llave.png HTTP/1.1" 200 1395
190.171.153.26 - - [31/Mar/2022:08:25:27 -0300] "GET /cormun/static/Resources/Logo2019_Small.png HTTP/1.1" 200 10855
190.171.153.26 - - [31/Mar/2022:08:25:27 -0300] "GET /cormun/static/Resources/PXToolsDataTitle.png HTTP/1.1" 200 1173
190.171.153.26 - - [31/Mar/2022:08:25:28 -0300] "GET /cormun/static/SmoothNavMenu/resources/images/down.gif HTTP/1.1" 200 854
190.171.153.26 - - [31/Mar/2022:08:25:31 -0300] "GET /cormun/servlet/trlicencias? HTTP/1.1" 200 9572
190.171.153.26 - - [31/Mar/2022:08:25:32 -0300] "GET /cormun/static/gxcfg.js?2020121613995 HTTP/1.1" 200 953
190.171.153.26 - - [31/Mar/2022:08:25:32 -0300] "GET /cormun/static/calendar-system.css?85620 HTTP/1.1" 200 5572
190.171.153.26 - - [31/Mar/2022:08:25:32 -0300] "GET /cormun/static/gxui/gxui-all.css?120300 HTTP/1.1" 200 2179
190.171.153.26 - - [31/Mar/2022:08:25:32 -0300] "GET /cormun/static/Resources/PXTools/calendar.png HTTP/1.1" 200 1306
190.171.153.26 - - [31/Mar/2022:08:25:32 -0300] "GET /cormun/static/Resources/PXToolsAddAllAction.png HTTP/1.1" 200 495
190.171.153.26 - - [31/Mar/2022:08:25:32 -0300] "GET /cormun/static/Resources/PXToolsDataSearch.png HTTP/1.1" 200 435
190.171.153.26 - - [31/Mar/2022:08:25:32 -0300] "GET /cormun/static/Resources/PXToolsGridPage.gif HTTP/1.1" 200 725
190.171.153.26 - - [31/Mar/2022:08:25:32 -0300] "GET /cormun/static/Resources/PXToolsGridNextDisabled.gif HTTP/1.1" 200 90
190.171.153.26 - - [31/Mar/2022:08:25:32 -0300] "GET /cormun/static/Resources/PXToolsGridPreviousDisabled.gif HTTP/1.1" 200 90
190.171.153.26 - - [31/Mar/2022:08:25:32 -0300] "GET /cormun/static/Resources/PXToolsGridFirstDisabled.gif HTTP/1.1" 200 100
190.171.153.26 - - [31/Mar/2022:08:25:32 -0300] "GET /cormun/static/Resources/PXToolsGridLastDisabled.gif HTTP/1.1" 200 98
190.171.153.26 - - [31/Mar/2022:08:25:32 -0300] "GET /cormun/static/Resources/PXToolsActionExcel.png HTTP/1.1" 200 727
190.171.153.26 - - [31/Mar/2022:08:25:32 -0300] "GET /cormun/static/Resources/asc.gif HTTP/1.1" 200 67
190.171.153.26 - - [31/Mar/2022:08:25:32 -0300] "GET /cormun/static/Resources/desc.gif HTTP/1.1" 200 65
190.171.153.26 - - [31/Mar/2022:08:25:32 -0300] "GET /cormun/static/Resources/asc.gif HTTP/1.1" 200 67
190.171.153.26 - - [31/Mar/2022:08:25:32 -0300] "GET /cormun/static/Resources/asc.gif HTTP/1.1" 200 67
190.171.153.26 - - [31/Mar/2022:08:25:32 -0300] "GET /cormun/static/Resources/desc.gif HTTP/1.1" 200 65
190.171.153.26 - - [31/Mar/2022:08:25:32 -0300] "GET /cormun/static/Resources/desc.gif HTTP/1.1" 200 65
190.171.153.26 - - [31/Mar/2022:08:25:32 -0300] "GET /cormun/static/Resources/asc.gif HTTP/1.1" 200 67
190.171.153.26 - - [31/Mar/2022:08:25:32 -0300] "GET /cormun/static/Resources/desc.gif HTTP/1.1" 200 65
190.171.153.26 - - [31/Mar/2022:08:25:32 -0300] "GET /cormun//static/Resources/PXTools/ActionInsert.png HTTP/1.1" 200 1482
190.171.153.26 - - [31/Mar/2022:08:25:32 -0300] "GET /cormun//static/Resources/PXToolsGridDisplay.png HTTP/1.1" 200 525
190.171.153.26 - - [31/Mar/2022:08:25:32 -0300] "GET /cormun//static/Resources/PXToolsActionDisabled.gif HTTP/1.1" 200 53
190.171.153.26 - - [31/Mar/2022:08:25:32 -0300] "GET /cormun//static/Resources/PXToolsHeaderFavorites.png HTTP/1.1" 200 1414
190.171.153.26 - - [31/Mar/2022:08:25:32 -0300] "GET /cormun//static/Resources/PXToolsActionPrint.png HTTP/1.1" 200 404
190.171.153.26 - - [31/Mar/2022:08:25:32 -0300] "GET /cormun//static/Resources/PXToolsHeaderHelp.png HTTP/1.1" 200 1333
190.171.153.26 - - [31/Mar/2022:08:25:32 -0300] "GET /cormun/static/Shared/ext/resources/themes/images/default/tools/tool-sprites.gif HTTP/1.1" 200 5434
190.171.153.26 - - [31/Mar/2022:08:25:32 -0300] "GET /cormun/static/Shared/ext/resources/themes/images/default/panel/bg-headersPanel.png HTTP/1.1" 200 255
190.171.153.26 - - [31/Mar/2022:08:25:36 -0300] "POST /cormun/servlet/trlicencias?73afdd092947add50d3c3255b5129e4c,,gx-no-cache=1648725205783 HTTP/1.1" 200 7082
190.171.152.234 - - [31/Mar/2022:08:28:12 -0300] "GET /cormun/servlet/hlogin HTTP/1.1" 200 1731
190.171.152.234 - - [31/Mar/2022:08:28:13 -0300] "GET /cormun/servlet/hlogin HTTP/1.1" 200 1741
190.171.152.234 - - [31/Mar/2022:08:28:24 -0300] "POST /cormun/servlet/hlogin?1d646f8c6ac25210c8114a8ab874d5eb,gx-no-cache=1648725361024 HTTP/1.1" 200 90
190.171.152.234 - - [31/Mar/2022:08:28:24 -0300] "GET /cormun/servlet/hpexe_link HTTP/1.1" 200 957
190.171.152.234 - - [31/Mar/2022:08:28:24 -0300] "GET /cormun/servlet/hhome HTTP/1.1" 200 4264
190.171.152.234 - - [31/Mar/2022:08:28:25 -0300] "GET /cormun/servlet/hhome HTTP/1.1" 200 4261
190.171.152.234 - - [31/Mar/2022:08:28:29 -0300] "GET /cormun/servlet/trcontratosolicitud? HTTP/1.1" 200 14614
190.171.152.234 - - [31/Mar/2022:08:28:29 -0300] "GET /cormun/static/gxcfg.js?20199142011887 HTTP/1.1" 200 953
190.171.152.234 - - [31/Mar/2022:08:28:29 -0300] "GET /cormun/static/Resources/Spanish/PXTools.css?19172979 HTTP/1.1" 200 100853
190.171.152.234 - - [31/Mar/2022:08:28:29 -0300] "GET /cormun/static/trcontratosolicitud.js?201991420111348 HTTP/1.1" 200 28237
190.171.152.234 - - [31/Mar/2022:08:28:29 -0300] "GET /cormun//static/Resources/PXToolsActionDisabled.gif HTTP/1.1" 200 53
190.171.152.234 - - [31/Mar/2022:08:28:29 -0300] "GET /cormun//static/Resources/PXToolsGridNew.png HTTP/1.1" 200 427
190.171.152.234 - - [31/Mar/2022:08:28:29 -0300] "GET /cormun/servlet/trcontratosolicitud? HTTP/1.1" 200 14612
190.171.152.234 - - [31/Mar/2022:08:28:45 -0300] "POST /cormun/servlet/trcontratosolicitud?1d646f8c6ac25210c8114a8ab874d5eb,,gx-no-cache=1648725382347 HTTP/1.1" 200 12420
190.171.152.234 - - [31/Mar/2022:08:28:46 -0300] "GET /cormun/static/Resources/PXToolsGridLast.gif HTTP/1.1" 200 370
190.171.152.234 - - [31/Mar/2022:08:28:46 -0300] "GET /cormun/static/Resources/PXToolsGridNext.gif HTTP/1.1" 200 369
190.171.152.234 - - [31/Mar/2022:08:28:47 -0300] "POST /cormun/servlet/trcontratosolicitud?1d646f8c6ac25210c8114a8ab874d5eb,,gx-no-cache=1648725383617 HTTP/1.1" 200 6404
190.171.152.234 - - [31/Mar/2022:08:28:47 -0300] "GET /cormun/static/Resources/PXToolsGridFirst.gif HTTP/1.1" 200 379
190.171.152.234 - - [31/Mar/2022:08:28:47 -0300] "GET /cormun/static/Resources/PXToolsGridPrevious.gif HTTP/1.1" 200 369
190.171.141.114 - - [31/Mar/2022:08:28:58 -0300] "GET /cormun/servlet/hlogin HTTP/1.1" 200 1728
190.171.141.114 - - [31/Mar/2022:08:28:58 -0300] "GET /cormun/servlet/hlogin HTTP/1.1" 200 1738
190.171.141.114 - - [31/Mar/2022:08:29:06 -0300] "POST /cormun/servlet/hlogin?c1130b5838492cfe8f7c25acd29940b2,gx-no-cache=1648725400554 HTTP/1.1" 200 90
190.171.141.114 - - [31/Mar/2022:08:29:06 -0300] "GET /cormun/servlet/hpexe_link HTTP/1.1" 200 954
190.171.141.114 - - [31/Mar/2022:08:29:06 -0300] "GET /cormun/servlet/hhome HTTP/1.1" 200 4008
190.171.141.114 - - [31/Mar/2022:08:29:06 -0300] "GET /cormun/servlet/hhome HTTP/1.1" 200 4004
190.171.141.114 - - [31/Mar/2022:08:29:11 -0300] "GET /cormun/servlet/trvisualizadoreventos? HTTP/1.1" 200 6740
190.171.141.114 - - [31/Mar/2022:08:29:11 -0300] "GET /cormun/static/gxcfg.js?20199142243133 HTTP/1.1" 200 953
190.171.141.114 - - [31/Mar/2022:08:29:11 -0300] "GET /cormun/static/trvisualizadoreventos.js?201991422431650 HTTP/1.1" 200 19318
190.171.141.114 - - [31/Mar/2022:08:29:11 -0300] "GET /cormun/static/Resources/PXToolsActionPrint.png HTTP/1.1" 200 404
190.171.141.114 - - [31/Mar/2022:08:29:11 -0300] "GET /cormun/servlet/trvisualizadoreventos? HTTP/1.1" 200 6739
190.171.141.114 - - [31/Mar/2022:08:29:13 -0300] "POST /cormun/servlet/trvisualizadoreventos?c1130b5838492cfe8f7c25acd29940b2,,gx-no-cache=1648725407897 HTTP/1.1" 200 4006
190.171.141.114 - - [31/Mar/2022:08:29:15 -0300] "POST /cormun/servlet/trvisualizadoreventos?c1130b5838492cfe8f7c25acd29940b2,,gx-no-cache=1648725410063 HTTP/1.1" 200 4006
190.171.141.114 - - [31/Mar/2022:08:29:19 -0300] "GET /cormun/static/menuarrow.gif HTTP/1.1" 404 1015
190.171.141.114 - - [31/Mar/2022:08:29:22 -0300] "POST /cormun/servlet/trvisualizadoreventos?c1130b5838492cfe8f7c25acd29940b2,,gx-no-cache=1648725416824 HTTP/1.1" 200 4012
190.171.141.114 - - [31/Mar/2022:08:29:23 -0300] "POST /cormun/servlet/trvisualizadoreventos?c1130b5838492cfe8f7c25acd29940b2,,gx-no-cache=1648725418054 HTTP/1.1" 200 4012
190.171.141.114 - - [31/Mar/2022:08:29:25 -0300] "GET /cormun/servlet/trsolicitudot? HTTP/1.1" 200 7224
190.171.141.114 - - [31/Mar/2022:08:29:25 -0300] "GET /cormun/servlet/trsolicitudot? HTTP/1.1" 200 7223
192.168.10.17 - - [31/Mar/2022:08:29:26 -0300] "GET /cormun/servlet/hlogin HTTP/1.1" 200 1720
192.168.10.17 - - [31/Mar/2022:08:29:26 -0300] "GET /cormun/servlet/hlogin HTTP/1.1" 200 1731
190.171.141.114 - - [31/Mar/2022:08:29:28 -0300] "GET /cormun/servlet/solicitudot?INS,0,0,false, HTTP/1.1" 200 15736
190.171.141.114 - - [31/Mar/2022:08:29:28 -0300] "GET /cormun/servlet/solicitudot?INS,0,0,false, HTTP/1.1" 200 15743
192.168.10.17 - - [31/Mar/2022:08:29:34 -0300] "POST /cormun/servlet/hlogin?ff1e8b4afa36e431d233b2ea9ff82cb6,gx-no-cache=1648725264237 HTTP/1.1" 200 90
192.168.10.17 - - [31/Mar/2022:08:29:34 -0300] "GET /cormun/servlet/hpexe_link HTTP/1.1" 200 947
192.168.10.17 - - [31/Mar/2022:08:29:34 -0300] "GET /cormun/servlet/hhome HTTP/1.1" 200 3777
192.168.10.17 - - [31/Mar/2022:08:29:34 -0300] "GET /cormun/servlet/hhome HTTP/1.1" 200 3774
190.171.141.114 - - [31/Mar/2022:08:29:35 -0300] "GET /cormun/servlet/trvisualizadoreventos? HTTP/1.1" 200 6752
190.171.141.114 - - [31/Mar/2022:08:29:35 -0300] "GET /cormun/servlet/trvisualizadoreventos? HTTP/1.1" 200 6743
192.168.10.17 - - [31/Mar/2022:08:29:41 -0300] "GET /cormun/servlet/trsolicitudgral? HTTP/1.1" 200 28730
192.168.10.17 - - [31/Mar/2022:08:29:42 -0300] "GET /cormun/servlet/trsolicitudgral? HTTP/1.1" 200 28728
190.171.141.114 - - [31/Mar/2022:08:29:43 -0300] "POST /cormun/servlet/trvisualizadoreventos?c1130b5838492cfe8f7c25acd29940b2,,gx-no-cache=1648725437169 HTTP/1.1" 200 4021
190.171.141.114 - - [31/Mar/2022:08:29:45 -0300] "POST /cormun/servlet/trvisualizadoreventos?c1130b5838492cfe8f7c25acd29940b2,,gx-no-cache=1648725439424 HTTP/1.1" 200 111
190.171.141.114 - - [31/Mar/2022:08:29:45 -0300] "GET /cormun/VisualizadorEventos-7324.xls HTTP/1.1" 200 4096
192.168.10.17 - - [31/Mar/2022:08:29:51 -0300] "POST /cormun/servlet/trsolicitudgral?ff1e8b4afa36e431d233b2ea9ff82cb6,,gx-no-cache=1648725281025 HTTP/1.1" 200 10229
190.171.141.114 - - [31/Mar/2022:08:29:57 -0300] "GET /cormun/static/menuarrow.gif HTTP/1.1" 404 1015
190.171.141.114 - - [31/Mar/2022:08:30:02 -0300] "POST /cormun/servlet/trvisualizadoreventos?c1130b5838492cfe8f7c25acd29940b2,,gx-no-cache=1648725456813 HTTP/1.1" 200 4020
190.171.141.114 - - [31/Mar/2022:08:30:03 -0300] "POST /cormun/servlet/trvisualizadoreventos?c1130b5838492cfe8f7c25acd29940b2,,gx-no-cache=1648725458004 HTTP/1.1" 200 4020
190.171.141.114 - - [31/Mar/2022:08:30:04 -0300] "POST /cormun/servlet/trvisualizadoreventos?c1130b5838492cfe8f7c25acd29940b2,,gx-no-cache=1648725458244 HTTP/1.1" 200 4020
190.171.141.114 - - [31/Mar/2022:08:30:04 -0300] "POST /cormun/servlet/trvisualizadoreventos?c1130b5838492cfe8f7c25acd29940b2,,gx-no-cache=1648725458509 HTTP/1.1" 200 4020
190.171.141.114 - - [31/Mar/2022:08:30:04 -0300] "POST /cormun/servlet/trvisualizadoreventos?c1130b5838492cfe8f7c25acd29940b2,,gx-no-cache=1648725458933 HTTP/1.1" 200 4020
190.171.141.114 - - [31/Mar/2022:08:30:05 -0300] "POST /cormun/servlet/trvisualizadoreventos?c1130b5838492cfe8f7c25acd29940b2,,gx-no-cache=1648725459157 HTTP/1.1" 200 4020
190.171.141.114 - - [31/Mar/2022:08:30:08 -0300] "GET /cormun/servlet/trsolicitudot? HTTP/1.1" 200 7224
190.171.141.114 - - [31/Mar/2022:08:30:09 -0300] "GET /cormun/servlet/trsolicitudot? HTTP/1.1" 200 7223
190.171.141.114 - - [31/Mar/2022:08:30:12 -0300] "GET /cormun/servlet/solicitudot?INS,0,0,false, HTTP/1.1" 200 15736
190.171.141.114 - - [31/Mar/2022:08:30:13 -0300] "GET /cormun/servlet/solicitudot?INS,0,0,false, HTTP/1.1" 200 15743
192.168.10.17 - - [31/Mar/2022:08:30:13 -0300] "GET /cormun/servlet/vesolicitudgral?2022,18366,, HTTP/1.1" 200 8350
192.168.10.17 - - [31/Mar/2022:08:30:14 -0300] "GET /cormun/pexe_scrolldiv.js HTTP/1.1" 404 1009
192.168.10.17 - - [31/Mar/2022:08:30:14 -0300] "GET /cormun/servlet/vesolicitudgral?2022,18366,, HTTP/1.1" 200 8350
190.171.141.114 - - [31/Mar/2022:08:30:19 -0300] "GET /cormun/servlet/trvisualizadoreventos? HTTP/1.1" 200 6751
192.168.10.17 - - [31/Mar/2022:08:30:19 -0300] "GET /cormun/servlet/trsolicitudgral? HTTP/1.1" 200 13344
190.171.141.114 - - [31/Mar/2022:08:30:20 -0300] "GET /cormun/servlet/trvisualizadoreventos? HTTP/1.1" 200 6743
192.168.10.17 - - [31/Mar/2022:08:30:20 -0300] "GET /cormun/servlet/trsolicitudgral? HTTP/1.1" 200 13342
190.171.141.114 - - [31/Mar/2022:08:30:32 -0300] "POST /cormun/servlet/trvisualizadoreventos?c1130b5838492cfe8f7c25acd29940b2,,gx-no-cache=1648725486729 HTTP/1.1" 200 4028
190.171.141.114 - - [31/Mar/2022:08:30:35 -0300] "POST /cormun/servlet/trvisualizadoreventos?c1130b5838492cfe8f7c25acd29940b2,,gx-no-cache=1648725489022 HTTP/1.1" 200 4028
190.171.141.114 - - [31/Mar/2022:08:30:36 -0300] "POST /cormun/servlet/trvisualizadoreventos?c1130b5838492cfe8f7c25acd29940b2,,gx-no-cache=1648725490838 HTTP/1.1" 200 4028
190.171.141.114 - - [31/Mar/2022:08:30:36 -0300] "POST /cormun/servlet/trvisualizadoreventos?c1130b5838492cfe8f7c25acd29940b2,,gx-no-cache=1648725491069 HTTP/1.1" 200 4028
192.168.10.17 - - [31/Mar/2022:08:30:37 -0300] "POST /cormun/servlet/trsolicitudgral?ff1e8b4afa36e431d233b2ea9ff82cb6,,gx-no-cache=1648725326965 HTTP/1.1" 200 6647
190.171.141.114 - - [31/Mar/2022:08:30:47 -0300] "GET /cormun/servlet/trsolicitudot? HTTP/1.1" 200 7224
190.171.141.114 - - [31/Mar/2022:08:30:47 -0300] "GET /cormun/servlet/trsolicitudot? HTTP/1.1" 200 7223
192.168.10.17 - - [31/Mar/2022:08:30:49 -0300] "GET /cormun/servlet/vesolicitudgral?2022,18329,, HTTP/1.1" 200 8319
192.168.10.17 - - [31/Mar/2022:08:30:49 -0300] "GET /cormun/pexe_scrolldiv.js HTTP/1.1" 404 1009
192.168.10.17 - - [31/Mar/2022:08:30:49 -0300] "GET /cormun/servlet/vesolicitudgral?2022,18329,, HTTP/1.1" 200 8319
181.212.42.153 - - [31/Mar/2022:08:30:50 -0300] "GET /cormun/servlet/trlicencias? HTTP/1.1" 200 9386
190.171.141.114 - - [31/Mar/2022:08:30:50 -0300] "GET /cormun/servlet/solicitudot?INS,0,0,false, HTTP/1.1" 200 15736
181.212.42.153 - - [31/Mar/2022:08:30:50 -0300] "GET /cormun/servlet/hlogin HTTP/1.1" 200 1740
181.212.42.153 - - [31/Mar/2022:08:30:50 -0300] "GET /cormun/servlet/trlicencias? HTTP/1.1" 200 9386
190.171.141.114 - - [31/Mar/2022:08:30:50 -0300] "GET /cormun/servlet/solicitudot?INS,0,0,false, HTTP/1.1" 200 15743
190.171.141.114 - - [31/Mar/2022:08:31:07 -0300] "POST /cormun/servlet/solicitudot?gx-no-cache=1648725521566 HTTP/1.1" 200 3850
190.171.141.114 - - [31/Mar/2022:08:31:07 -0300] "POST /cormun/servlet/solicitudot?c1130b5838492cfe8f7c25acd29940b2,INS,0,0,false,,gx-no-cache=1648725521772 HTTP/1.1" 200 12396
181.212.42.153 - - [31/Mar/2022:08:31:08 -0300] "POST /cormun/servlet/hlogin?3c30423b7315f23fe81d0fe26f066622,gx-no-cache=1648725886128 HTTP/1.1" 200 445
181.212.42.153 - - [31/Mar/2022:08:31:14 -0300] "POST /cormun/servlet/hlogin?3c30423b7315f23fe81d0fe26f066622,gx-no-cache=1648725891813 HTTP/1.1" 200 90
181.212.42.153 - - [31/Mar/2022:08:31:14 -0300] "GET /cormun/servlet/hpexe_link HTTP/1.1" 200 955
190.171.142.50 - - [31/Mar/2022:08:31:14 -0300] "GET /cormun/servlet/hlogin HTTP/1.1" 200 1727
181.212.42.153 - - [31/Mar/2022:08:31:14 -0300] "GET /cormun/servlet/trlicencias HTTP/1.1" 200 16049
181.212.42.153 - - [31/Mar/2022:08:31:15 -0300] "GET /cormun/servlet/trlicencias HTTP/1.1" 200 16027
190.171.142.50 - - [31/Mar/2022:08:31:22 -0300] "POST /cormun/servlet/hlogin?820257493e2351a77146e2ac3260077b,gx-no-cache=1648727940770 HTTP/1.1" 200 90
190.171.142.50 - - [31/Mar/2022:08:31:22 -0300] "GET /cormun/servlet/hpexe_link HTTP/1.1" 200 952
190.171.142.50 - - [31/Mar/2022:08:31:22 -0300] "GET /cormun/servlet/hhome HTTP/1.1" 200 3945
190.171.142.50 - - [31/Mar/2022:08:31:22 -0300] "GET /cormun/servlet/hhome HTTP/1.1" 200 3941
190.171.141.114 - - [31/Mar/2022:08:31:23 -0300] "POST /cormun/servlet/solicitudot?gx-no-cache=1648725537885 HTTP/1.1" 200 3852
190.171.141.114 - - [31/Mar/2022:08:31:23 -0300] "POST /cormun/servlet/solicitudot?c1130b5838492cfe8f7c25acd29940b2,INS,0,0,false,,gx-no-cache=1648725538005 HTTP/1.1" 200 12450
190.171.141.114 - - [31/Mar/2022:08:31:23 -0300] "GET /cormun/servlet/solicitudot?633d1a0d2d8af049f66a8292caca212d541097d86d2f702c91c0a9bb4a6a044f3bec76d7c74b09f9f90d9fec85e7caf9,gx-no-cache=1648725538160 HTTP/1.1" 200 30
190.171.143.82 - - [31/Mar/2022:08:31:25 -0300] "GET /cormun/servlet/hlogin HTTP/1.1" 200 1721
190.171.142.50 - - [31/Mar/2022:08:31:25 -0300] "GET /cormun/servlet/trsolicitudot? HTTP/1.1" 200 8588
190.171.142.50 - - [31/Mar/2022:08:31:25 -0300] "GET /cormun/servlet/trsolicitudot? HTTP/1.1" 200 8586
190.171.142.50 - - [31/Mar/2022:08:31:29 -0300] "GET /cormun/servlet/solicitudot?INS,0,0,false, HTTP/1.1" 200 15671
190.171.142.50 - - [31/Mar/2022:08:31:29 -0300] "GET /cormun/servlet/solicitudot?INS,0,0,false, HTTP/1.1" 200 15678
190.171.143.82 - - [31/Mar/2022:08:31:31 -0300] "POST /cormun/servlet/hlogin?be9ec4ac55d46e435ec7b9bc1487b140,gx-no-cache=1648725541873 HTTP/1.1" 200 90
190.171.143.82 - - [31/Mar/2022:08:31:31 -0300] "GET /cormun/servlet/hpexe_link HTTP/1.1" 200 950
190.171.143.82 - - [31/Mar/2022:08:31:31 -0300] "GET /cormun/servlet/hhome HTTP/1.1" 200 4350
190.171.143.82 - - [31/Mar/2022:08:31:33 -0300] "GET /cormun/servlet/hhome HTTP/1.1" 200 4346
192.168.10.17 - - [31/Mar/2022:08:31:41 -0300] "POST /cormun/servlet/vesolicitudgral?ff1e8b4afa36e431d233b2ea9ff82cb6,2022,18329,,,gx-no-cache=1648725390956 HTTP/1.1" 200 12069
192.168.10.17 - - [31/Mar/2022:08:31:41 -0300] "GET /cormun/static/Shared/jqueryui/images/ui-bg_highlight-soft_100_c6c2c8_1x100.png HTTP/1.1" 404 1117
192.168.10.17 - - [31/Mar/2022:08:31:41 -0300] "GET /cormun/static/Shared/jqueryui/images/ui-icons_82798d_256x240.png HTTP/1.1" 404 1089
192.168.10.17 - - [31/Mar/2022:08:31:41 -0300] "GET /cormun/static/Shared/jqueryui/images/ui-bg_flat_55_fafafa_40x100.png HTTP/1.1" 404 1097
192.168.10.17 - - [31/Mar/2022:08:31:41 -0300] "GET /cormun/static/Shared/jqueryui/images/ui-icons_8d78a5_256x240.png HTTP/1.1" 404 1089
190.171.143.82 - - [31/Mar/2022:08:31:42 -0300] "GET /cormun/servlet/trpermisosgoce? HTTP/1.1" 200 8137
190.171.143.82 - - [31/Mar/2022:08:31:42 -0300] "GET /cormun/static/gxcfg.js?2020121631564 HTTP/1.1" 200 953
190.171.143.82 - - [31/Mar/2022:08:31:42 -0300] "GET /cormun/static/trpermisosgoce.js?2020121633681 HTTP/1.1" 200 35904
192.168.10.17 - - [31/Mar/2022:08:31:43 -0300] "GET /cormun/servlet/trautorizarot? HTTP/1.1" 200 11313
190.171.143.82 - - [31/Mar/2022:08:31:44 -0300] "GET /cormun/servlet/trpermisosgoce? HTTP/1.1" 200 8135
192.168.10.17 - - [31/Mar/2022:08:31:44 -0300] "GET /cormun/servlet/trautorizarot? HTTP/1.1" 200 11306
190.171.142.50 - - [31/Mar/2022:08:31:51 -0300] "POST /cormun/servlet/solicitudot?gx-no-cache=1648727969291 HTTP/1.1" 200 3858
190.171.142.50 - - [31/Mar/2022:08:31:51 -0300] "POST /cormun/servlet/solicitudot?820257493e2351a77146e2ac3260077b,INS,0,0,false,,gx-no-cache=1648727969670 HTTP/1.1" 200 12395
190.171.143.82 - - [31/Mar/2022:08:31:55 -0300] "POST /cormun/servlet/trpermisosgoce?be9ec4ac55d46e435ec7b9bc1487b140,,gx-no-cache=1648725565961 HTTP/1.1" 200 4472
192.168.10.17 - - [31/Mar/2022:08:31:56 -0300] "GET /cormun/servlet/trautorizarot? HTTP/1.1" 200 11306
192.168.10.17 - - [31/Mar/2022:08:31:56 -0300] "GET /cormun/servlet/trautorizarot? HTTP/1.1" 200 11306
192.168.10.17 - - [31/Mar/2022:08:32:01 -0300] "GET /cormun/servlet/trsolicitudgral? HTTP/1.1" 200 9680
192.168.10.17 - - [31/Mar/2022:08:32:01 -0300] "GET /cormun/servlet/trsolicitudgral? HTTP/1.1" 200 9680
190.171.142.50 - - [31/Mar/2022:08:32:01 -0300] "GET /cormun/servlet/solicitudot?INS,0,0,false, HTTP/1.1" 200 15678
190.171.142.50 - - [31/Mar/2022:08:32:02 -0300] "GET /cormun/servlet/solicitudot?INS,0,0,false, HTTP/1.1" 200 15678
190.171.143.82 - - [31/Mar/2022:08:32:03 -0300] "GET /cormun/servlet/permisogoce?INS,0,,, HTTP/1.1" 200 7243
190.171.143.82 - - [31/Mar/2022:08:32:03 -0300] "GET /cormun/static/gxcfg.js?20201215124560 HTTP/1.1" 200 953
190.171.143.82 - - [31/Mar/2022:08:32:03 -0300] "GET /cormun/static/permisogoce.js?20201215124939 HTTP/1.1" 200 27919
190.171.143.82 - - [31/Mar/2022:08:32:05 -0300] "GET /cormun/servlet/permisogoce?INS,0,,, HTTP/1.1" 200 7243
192.168.10.17 - - [31/Mar/2022:08:32:07 -0300] "POST /cormun/servlet/trsolicitudgral?ff1e8b4afa36e431d233b2ea9ff82cb6,,gx-no-cache=1648725417443 HTTP/1.1" 200 6654
190.171.142.50 - - [31/Mar/2022:08:32:08 -0300] "POST /cormun/servlet/solicitudot?gx-no-cache=1648727986153 HTTP/1.1" 200 3858
190.171.142.50 - - [31/Mar/2022:08:32:08 -0300] "POST /cormun/servlet/solicitudot?820257493e2351a77146e2ac3260077b,INS,0,0,false,,gx-no-cache=1648727986311 HTTP/1.1" 200 12401
190.171.153.50 - - [31/Mar/2022:08:32:09 -0300] "GET /cormun/servlet/hlogin HTTP/1.1" 200 1714
190.171.142.50 - - [31/Mar/2022:08:32:10 -0300] "GET /cormun/servlet/solicitudot?3d8efd3baa2336df102c1dc3baedb9e766e777f9a24ac8c93024a0d40dfc6a7f642dc00b9e6f7e09f168d81b19053578,gx-no-cache=1648727988525 HTTP/1.1" 200 30
192.168.10.17 - - [31/Mar/2022:08:32:13 -0300] "POST /cormun/servlet/trsolicitudgral?ff1e8b4afa36e431d233b2ea9ff82cb6,,gx-no-cache=1648725422709 HTTP/1.1" 200 6654
190.171.153.50 - - [31/Mar/2022:08:32:13 -0300] "POST /cormun/servlet/hlogin?335aef8aac7d87da73b395387a7f3a6d,gx-no-cache=1648725588657 HTTP/1.1" 200 90
190.171.153.50 - - [31/Mar/2022:08:32:13 -0300] "GET /cormun/servlet/hpexe_link HTTP/1.1" 200 939
190.171.153.50 - - [31/Mar/2022:08:32:13 -0300] "GET /cormun/servlet/hhome HTTP/1.1" 200 4213
190.171.153.50 - - [31/Mar/2022:08:32:14 -0300] "GET /cormun/servlet/hhome HTTP/1.1" 200 4210
190.171.153.50 - - [31/Mar/2022:08:32:17 -0300] "GET /cormun/servlet/trlicencias? HTTP/1.1" 200 9148
190.171.153.50 - - [31/Mar/2022:08:32:17 -0300] "GET /cormun/servlet/trlicencias? HTTP/1.1" 200 9145
192.168.10.17 - - [31/Mar/2022:08:32:18 -0300] "GET /cormun/servlet/vesolicitudgral?2022,18329,, HTTP/1.1" 200 8319
192.168.10.17 - - [31/Mar/2022:08:32:18 -0300] "GET /cormun/pexe_scrolldiv.js HTTP/1.1" 404 1009
192.168.10.17 - - [31/Mar/2022:08:32:18 -0300] "GET /cormun/servlet/vesolicitudgral?2022,18329,, HTTP/1.1" 200 8319
192.168.10.17 - - [31/Mar/2022:08:32:21 -0300] "POST /cormun/servlet/vesolicitudgral?ff1e8b4afa36e431d233b2ea9ff82cb6,2022,18329,,,gx-no-cache=1648725430674 HTTP/1.1" 200 12069
192.168.10.17 - - [31/Mar/2022:08:32:21 -0300] "GET /cormun/static/Shared/jqueryui/images/ui-icons_82798d_256x240.png HTTP/1.1" 404 1089
192.168.10.17 - - [31/Mar/2022:08:32:21 -0300] "GET /cormun/static/Shared/jqueryui/images/ui-bg_highlight-soft_100_c6c2c8_1x100.png HTTP/1.1" 404 1117
192.168.10.17 - - [31/Mar/2022:08:32:21 -0300] "GET /cormun/static/Shared/jqueryui/images/ui-icons_8d78a5_256x240.png HTTP/1.1" 404 1089
192.168.10.17 - - [31/Mar/2022:08:32:21 -0300] "GET /cormun/static/Shared/jqueryui/images/ui-bg_flat_55_fafafa_40x100.png HTTP/1.1" 404 1097
192.168.10.17 - - [31/Mar/2022:08:32:24 -0300] "GET /cormun/servlet/trautorizarot? HTTP/1.1" 200 11313
192.168.10.17 - - [31/Mar/2022:08:32:24 -0300] "GET /cormun/servlet/trautorizarot? HTTP/1.1" 200 11306
190.171.141.114 - - [31/Mar/2022:08:32:27 -0300] "GET /cormun/servlet/hlogin HTTP/1.1" 200 1728
192.168.10.17 - - [31/Mar/2022:08:32:33 -0300] "GET /cormun/servlet/trsolicitudgral? HTTP/1.1" 200 9680
192.168.10.17 - - [31/Mar/2022:08:32:33 -0300] "GET /cormun/servlet/trsolicitudgral? HTTP/1.1" 200 9680
190.171.141.114 - - [31/Mar/2022:08:32:35 -0300] "POST /cormun/servlet/hlogin?c1130b5838492cfe8f7c25acd29940b2,gx-no-cache=1648725609873 HTTP/1.1" 200 90
190.171.141.114 - - [31/Mar/2022:08:32:35 -0300] "GET /cormun/servlet/hpexe_link HTTP/1.1" 200 954
190.171.141.114 - - [31/Mar/2022:08:32:35 -0300] "GET /cormun/servlet/hhome HTTP/1.1" 200 4304
190.171.141.114 - - [31/Mar/2022:08:32:36 -0300] "GET /cormun/static/SmoothNavMenu/resources/images/right.gif HTTP/1.1" 200 860
190.171.141.114 - - [31/Mar/2022:08:32:36 -0300] "GET /cormun/servlet/hhome HTTP/1.1" 200 4300
190.171.142.50 - - [31/Mar/2022:08:33:12 -0300] "GET /cormun/servlet/prbanco?,MD,,gxPopupLevel%3D0%3B HTTP/1.1" 200 6502
190.171.142.50 - - [31/Mar/2022:08:33:15 -0300] "GET /cormun/servlet/solicitudot?3d8efd3baa2336df102c1dc3baedb9e72cc1da9732f0c93e7d095d1fa6afab8b7c2050cec314c99107a4be47c6f147edb6eabd2085168761f54e45cca255def4,gx-no-cache=1648728054153 HTTP/1.1" 200 30
190.171.142.50 - - [31/Mar/2022:08:33:17 -0300] "GET /cormun/servlet/solicitudot?3d8efd3baa2336df102c1dc3baedb9e7a79b94dc1cf62b271b205d24735e0cdc,gx-no-cache=1648728055471 HTTP/1.1" 200 53
190.171.141.114 - - [31/Mar/2022:08:33:36 -0300] "GET /cormun/servlet/trautorizarsolicitud? HTTP/1.1" 200 9681
190.171.141.114 - - [31/Mar/2022:08:33:36 -0300] "GET /cormun/static/gxcfg.js?201991422414522 HTTP/1.1" 200 953
190.171.141.114 - - [31/Mar/2022:08:33:36 -0300] "GET /cormun/static/trautorizarsolicitud.js?201991422415463 HTTP/1.1" 200 53910
190.171.141.114 - - [31/Mar/2022:08:33:37 -0300] "GET /cormun/servlet/trautorizarsolicitud? HTTP/1.1" 200 9679
192.168.10.17 - - [31/Mar/2022:08:33:42 -0300] "POST /cormun/servlet/trsolicitudgral?ff1e8b4afa36e431d233b2ea9ff82cb6,,gx-no-cache=1648725512175 HTTP/1.1" 200 6654
192.168.10.17 - - [31/Mar/2022:08:33:46 -0300] "GET /cormun/servlet/vesolicitudgral?2022,18329,, HTTP/1.1" 200 8319
192.168.10.17 - - [31/Mar/2022:08:33:46 -0300] "GET /cormun/pexe_scrolldiv.js HTTP/1.1" 404 1009
192.168.10.17 - - [31/Mar/2022:08:33:47 -0300] "GET /cormun/servlet/vesolicitudgral?2022,18329,, HTTP/1.1" 200 8319
190.171.142.50 - - [31/Mar/2022:08:33:58 -0300] "POST /cormun/servlet/solicitudot?gx-no-cache=1648728096584 HTTP/1.1" 200 255
190.171.142.50 - - [31/Mar/2022:08:34:00 -0300] "GET /cormun/servlet/solicitudot?3d8efd3baa2336df102c1dc3baedb9e7ee4c2e488fc076c50ccbbd20d6058865cf0f5ff457254c302888efaa2ec4a84052e03ca6301b54ed4cfe8d0b839a20a31375b055b377e301f57bb436ca86fdecd07c310d059d5773a014d4e03f9064051b95b70453b73b419e2d33eaf1eb1bbf5e9995c3f34d18afd094898f62d83f043a669069f0683db6482eb291a1c331b4880a8bebf80e68840fcade0c0e2ae07275e70ecff92f49928e14e12f72617ab6c6a172ba34558541568ba82c237d1e8b980f2b97afcce3b50ee8a864cd37e842c2ed80f96c3cfe776fee8eb74f19490a6fabf1df9a5d4f9926d6733a1a0017467318fd354d8eecf36c7f8dfbee3c0538cacabd565037663924eb7b67380671663520de9c5f9d09a75bf2d7de3a4af613baf61685a4928256133e1cfbc6e5fa4ed70b4a30dc64ccc7c3c2cf14400a82e32afb7e8482f41a717e4977e6599d3c449a91878230a7ab65bd3dc6e2f2ac89325fe5421d89aac2d44e09498b12da983c20b2673e142cf8531a75139dc3ebd3bc,gx-no-cache=1648728098483 HTTP/1.1" 200 30
190.171.142.50 - - [31/Mar/2022:08:34:03 -0300] "POST /cormun/servlet/solicitudot?gx-no-cache=1648728101162 HTTP/1.1" 200 30
190.171.142.50 - - [31/Mar/2022:08:34:05 -0300] "POST /cormun/servlet/solicitudot?gx-no-cache=1648728103156 HTTP/1.1" 200 1454
190.171.142.50 - - [31/Mar/2022:08:34:05 -0300] "POST /cormun/servlet/solicitudot?gx-no-cache=1648728103199 HTTP/1.1" 200 38
190.171.142.50 - - [31/Mar/2022:08:34:20 -0300] "GET /cormun/servlet/solicitudot?3d8efd3baa2336df102c1dc3baedb9e7d9684af92ae8325d144a1eb73c00d6123f6debbde20cf590c00955fb38dfaac5858a771c3f04505e6a07003cccf41f9e313789fcc74b4d387d016d4e65cdf4051b902d65699ca568f943a3cb137773ff297a675e6e2c7b67e77b1c4c42321b6c,gx-no-cache=1648728118202 HTTP/1.1" 200 110
190.171.142.50 - - [31/Mar/2022:08:34:30 -0300] "POST /cormun/servlet/solicitudot?gx-no-cache=1648728128579 HTTP/1.1" 200 110
190.171.142.50 - - [31/Mar/2022:08:34:37 -0300] "GET /cormun/servlet/solicitudot?3d8efd3baa2336df102c1dc3baedb9e794e0e39b3be58c915c016fa8b2212f4ba13446ab201c01f4218ed159c4d760e285e2594ade37eb1f830c101658237131816c0ab2057830778311ee7c69a5492ca8e7a73dd6504ee15c7cca93be51498710eb1d24f30154bd0be2f18a6dfa06a9,gx-no-cache=1648728135145 HTTP/1.1" 200 29
190.171.142.50 - - [31/Mar/2022:08:34:37 -0300] "GET /cormun/static/menuarrow.gif HTTP/1.1" 404 1015
190.171.142.50 - - [31/Mar/2022:08:34:39 -0300] "GET /cormun/servlet/solicitudot?3d8efd3baa2336df102c1dc3baedb9e74de0099b8d6a618d3fa3567bc6b2f4a089fc9d0c958dc497d5adc67e7ef5e6f0,gx-no-cache=1648728138009 HTTP/1.1" 200 30
190.171.142.50 - - [31/Mar/2022:08:34:57 -0300] "POST /cormun/servlet/solicitudot?gx-no-cache=1648728155723 HTTP/1.1" 200 30
190.171.142.50 - - [31/Mar/2022:08:34:57 -0300] "POST /cormun/servlet/solicitudot?820257493e2351a77146e2ac3260077b,INS,0,0,false,,gx-no-cache=1648728155745 HTTP/1.1" 200 93
190.171.142.50 - - [31/Mar/2022:08:34:57 -0300] "GET /cormun/servlet/hpexe_return? HTTP/1.1" 200 1010
190.171.142.50 - - [31/Mar/2022:08:34:58 -0300] "GET /cormun/servlet/trsolicitudot HTTP/1.1" 200 9040
190.171.142.50 - - [31/Mar/2022:08:34:58 -0300] "GET /cormun/servlet/trsolicitudot HTTP/1.1" 200 9036
190.171.154.42 - - [31/Mar/2022:08:34:58 -0300] "GET /cormun/servlet/hlogin HTTP/1.1" 200 1728
190.171.154.42 - - [31/Mar/2022:08:35:21 -0300] "POST /cormun/servlet/hlogin?7116146fda903753463f56270b209b03,gx-no-cache=1648725775082 HTTP/1.1" 200 90
190.171.154.42 - - [31/Mar/2022:08:35:21 -0300] "GET /cormun/servlet/hpexe_link HTTP/1.1" 200 956
190.171.142.50 - - [31/Mar/2022:08:35:22 -0300] "POST /cormun/servlet/trsolicitudot?820257493e2351a77146e2ac3260077b,gx-no-cache=1648728180535 HTTP/1.1" 200 5815
190.171.142.50 - - [31/Mar/2022:08:35:22 -0300] "GET /cormun/static/Shared/jqueryui/images/ui-icons_82798d_256x240.png HTTP/1.1" 404 1089
190.171.142.50 - - [31/Mar/2022:08:35:22 -0300] "GET /cormun/static/Shared/jqueryui/images/ui-bg_highlight-soft_100_c6c2c8_1x100.png HTTP/1.1" 404 1117
190.171.142.50 - - [31/Mar/2022:08:35:22 -0300] "GET /cormun/static/Shared/jqueryui/images/ui-icons_8d78a5_256x240.png HTTP/1.1" 404 1089
190.171.142.50 - - [31/Mar/2022:08:35:22 -0300] "GET /cormun/static/Shared/jqueryui/images/ui-bg_flat_55_fafafa_40x100.png HTTP/1.1" 404 1097
190.171.154.42 - - [31/Mar/2022:08:35:22 -0300] "GET /cormun/servlet/hhome HTTP/1.1" 200 4146
190.171.142.50 - - [31/Mar/2022:08:35:22 -0300] "POST /cormun/servlet/trsolicitudot?820257493e2351a77146e2ac3260077b,gx-no-cache=1648728180944 HTTP/1.1" 200 5759
190.171.141.114 - - [31/Mar/2022:08:35:23 -0300] "POST /cormun/servlet/trautorizarsolicitud?c1130b5838492cfe8f7c25acd29940b2,,gx-no-cache=1648725777328 HTTP/1.1" 200 6460
190.171.141.114 - - [31/Mar/2022:08:35:23 -0300] "GET /cormun/static/Shared/jqueryui/images/ui-bg_highlight-soft_100_c6c2c8_1x100.png HTTP/1.1" 404 1117
190.171.141.114 - - [31/Mar/2022:08:35:23 -0300] "GET /cormun/static/Shared/jqueryui/images/ui-icons_82798d_256x240.png HTTP/1.1" 404 1089
190.171.141.114 - - [31/Mar/2022:08:35:23 -0300] "GET /cormun/static/Shared/jqueryui/images/ui-icons_8d78a5_256x240.png HTTP/1.1" 404 1089
190.171.141.114 - - [31/Mar/2022:08:35:23 -0300] "GET /cormun/static/Shared/jqueryui/images/ui-bg_flat_55_fafafa_40x100.png HTTP/1.1" 404 1097
190.171.141.114 - - [31/Mar/2022:08:35:23 -0300] "POST /cormun/servlet/trautorizarsolicitud?c1130b5838492cfe8f7c25acd29940b2,,gx-no-cache=1648725777574 HTTP/1.1" 200 6402
190.171.154.42 - - [31/Mar/2022:08:35:24 -0300] "GET /cormun/servlet/hhome HTTP/1.1" 200 4142
190.171.141.114 - - [31/Mar/2022:08:35:30 -0300] "POST /cormun/servlet/trautorizarsolicitud?c1130b5838492cfe8f7c25acd29940b2,,gx-no-cache=1648725784693 HTTP/1.1" 200 5993
190.171.141.114 - - [31/Mar/2022:08:35:30 -0300] "POST /cormun/servlet/trautorizarsolicitud?c1130b5838492cfe8f7c25acd29940b2,,gx-no-cache=1648725784861 HTTP/1.1" 200 5938
192.168.10.17 - - [31/Mar/2022:08:35:31 -0300] "GET /cormun/servlet/trsolicitudgral? HTTP/1.1" 200 9681
192.168.10.17 - - [31/Mar/2022:08:35:31 -0300] "GET /cormun/servlet/trsolicitudgral? HTTP/1.1" 200 9680
190.171.154.42 - - [31/Mar/2022:08:35:31 -0300] "GET /cormun/servlet/trsolicitudot? HTTP/1.1" 200 9714
190.171.154.42 - - [31/Mar/2022:08:35:34 -0300] "GET /cormun/servlet/trsolicitudot? HTTP/1.1" 200 9714
190.171.141.114 - - [31/Mar/2022:08:35:36 -0300] "POST /cormun/servlet/trautorizarsolicitud?c1130b5838492cfe8f7c25acd29940b2,,gx-no-cache=1648725790421 HTTP/1.1" 200 4791
190.171.141.114 - - [31/Mar/2022:08:35:36 -0300] "POST /cormun/servlet/trautorizarsolicitud?c1130b5838492cfe8f7c25acd29940b2,,gx-no-cache=1648725790568 HTTP/1.1" 200 4534
190.171.142.50 - - [31/Mar/2022:08:35:37 -0300] "GET /cormun/servlet/hlogin HTTP/1.1" 200 1742
192.168.10.17 - - [31/Mar/2022:08:35:39 -0300] "POST /cormun/servlet/trsolicitudgral?ff1e8b4afa36e431d233b2ea9ff82cb6,,gx-no-cache=1648725628835 HTTP/1.1" 200 10237
190.171.154.42 - - [31/Mar/2022:08:35:40 -0300] "POST /cormun/servlet/trsolicitudot?7116146fda903753463f56270b209b03,,gx-no-cache=1648725793496 HTTP/1.1" 200 12679
192.168.10.17 - - [31/Mar/2022:08:35:44 -0300] "GET /cormun/servlet/vesolicitudgral?2022,18329,, HTTP/1.1" 200 8319
192.168.10.17 - - [31/Mar/2022:08:35:44 -0300] "GET /cormun/pexe_scrolldiv.js HTTP/1.1" 404 1009
192.168.10.17 - - [31/Mar/2022:08:35:44 -0300] "GET /cormun/servlet/vesolicitudgral?2022,18329,, HTTP/1.1" 200 8319
190.171.142.50 - - [31/Mar/2022:08:35:44 -0300] "POST /cormun/servlet/hlogin?820257493e2351a77146e2ac3260077b,gx-no-cache=1648728202861 HTTP/1.1" 200 90
190.171.142.50 - - [31/Mar/2022:08:35:44 -0300] "GET /cormun/servlet/hpexe_link HTTP/1.1" 200 952
190.171.142.50 - - [31/Mar/2022:08:35:44 -0300] "GET /cormun/servlet/hhome HTTP/1.1" 200 4213
190.171.142.50 - - [31/Mar/2022:08:35:45 -0300] "GET /cormun/servlet/hhome HTTP/1.1" 200 4209
190.171.142.50 - - [31/Mar/2022:08:35:48 -0300] "GET /cormun/servlet/trautorizarsolicitud? HTTP/1.1" 200 8741
190.171.142.50 - - [31/Mar/2022:08:35:48 -0300] "GET /cormun/servlet/trautorizarsolicitud? HTTP/1.1" 200 8739
190.171.142.50 - - [31/Mar/2022:08:36:03 -0300] "POST /cormun/servlet/trautorizarsolicitud?820257493e2351a77146e2ac3260077b,,gx-no-cache=1648728221251 HTTP/1.1" 200 4780
190.171.142.50 - - [31/Mar/2022:08:36:03 -0300] "GET /cormun/static/Shared/jqueryui/images/ui-bg_highlight-soft_100_c6c2c8_1x100.png HTTP/1.1" 404 1117
190.171.142.50 - - [31/Mar/2022:08:36:03 -0300] "GET /cormun/static/Shared/jqueryui/images/ui-icons_82798d_256x240.png HTTP/1.1" 404 1089
190.171.142.50 - - [31/Mar/2022:08:36:03 -0300] "GET /cormun/static/Shared/jqueryui/images/ui-bg_flat_55_fafafa_40x100.png HTTP/1.1" 404 1097
190.171.142.50 - - [31/Mar/2022:08:36:03 -0300] "GET /cormun/static/Shared/jqueryui/images/ui-icons_8d78a5_256x240.png HTTP/1.1" 404 1089
190.171.142.50 - - [31/Mar/2022:08:36:03 -0300] "POST /cormun/servlet/trautorizarsolicitud?820257493e2351a77146e2ac3260077b,,gx-no-cache=1648728221393 HTTP/1.1" 200 4534
181.212.42.153 - - [31/Mar/2022:08:37:19 -0300] "GET /cormun/servlet/trsolicitudot? HTTP/1.1" 200 9050
181.212.42.153 - - [31/Mar/2022:08:37:19 -0300] "GET /cormun/servlet/trsolicitudot? HTTP/1.1" 200 9051
181.212.42.153 - - [31/Mar/2022:08:37:25 -0300] "POST /cormun/servlet/trsolicitudot?3c30423b7315f23fe81d0fe26f066622,,gx-no-cache=1648726262898 HTTP/1.1" 200 14378
181.212.42.153 - - [31/Mar/2022:08:37:34 -0300] "GET /cormun/servlet/vesolicitudot?2022,18104,, HTTP/1.1" 200 8354
181.212.42.153 - - [31/Mar/2022:08:37:35 -0300] "GET /cormun/pexe_scrolldiv.js HTTP/1.1" 404 1009
181.212.42.153 - - [31/Mar/2022:08:37:35 -0300] "GET /cormun/servlet/vesolicitudot?2022,18104,, HTTP/1.1" 200 8354
181.212.42.153 - - [31/Mar/2022:08:37:53 -0300] "POST /cormun/servlet/vesolicitudot?3c30423b7315f23fe81d0fe26f066622,2022,18104,,,gx-no-cache=1648726290895 HTTP/1.1" 200 93
181.212.42.153 - - [31/Mar/2022:08:37:53 -0300] "GET /cormun/servlet/hpexe_return? HTTP/1.1" 200 1011
181.212.42.153 - - [31/Mar/2022:08:37:53 -0300] "GET /cormun/servlet/trsolicitudot? HTTP/1.1" 200 17121
181.212.42.153 - - [31/Mar/2022:08:37:54 -0300] "GET /cormun/servlet/trsolicitudot? HTTP/1.1" 200 17117
181.212.43.89 - - [31/Mar/2022:08:38:26 -0300] "GET /cormun/servlet/trlicencias HTTP/1.1" 200 9389
181.212.43.89 - - [31/Mar/2022:08:38:26 -0300] "GET /cormun/servlet/hlogin HTTP/1.1" 200 1740
181.212.43.89 - - [31/Mar/2022:08:38:26 -0300] "GET /cormun/servlet/trlicencias HTTP/1.1" 200 9387
181.212.43.89 - - [31/Mar/2022:08:38:27 -0300] "GET /cormun/servlet/trlicencias HTTP/1.1" 200 9387
181.212.43.89 - - [31/Mar/2022:08:38:33 -0300] "POST /cormun/servlet/hlogin?1f3ed71e707b96a020e883b943d674a3,gx-no-cache=1648725969561 HTTP/1.1" 200 90
181.212.43.89 - - [31/Mar/2022:08:38:33 -0300] "GET /cormun/servlet/hpexe_link HTTP/1.1" 200 956
181.212.43.89 - - [31/Mar/2022:08:38:34 -0300] "GET /cormun/servlet/trlicencias HTTP/1.1" 200 13809
181.212.43.89 - - [31/Mar/2022:08:38:34 -0300] "GET /cormun/servlet/trlicencias HTTP/1.1" 200 13807
192.168.10.17 - - [31/Mar/2022:08:40:01 -0300] "GET /cormun/servlet/trsolicitudgral? HTTP/1.1" 200 12869
192.168.10.17 - - [31/Mar/2022:08:40:01 -0300] "GET /cormun/servlet/trsolicitudgral? HTTP/1.1" 200 12865
200.54.100.179 - - [31/Mar/2022:08:40:42 -0300] "GET /cormun/servlet/hlogin HTTP/1.1" 200 1722
200.54.100.179 - - [31/Mar/2022:08:40:42 -0300] "GET /cormun/servlet/hlogin HTTP/1.1" 200 1732
200.54.100.179 - - [31/Mar/2022:08:40:45 -0300] "POST /cormun/servlet/hlogin?4148623578c11769915f6564676330d3,gx-no-cache=1648726099080 HTTP/1.1" 200 90
200.54.100.179 - - [31/Mar/2022:08:40:45 -0300] "GET /cormun/servlet/hpexe_link HTTP/1.1" 200 950
200.54.100.179 - - [31/Mar/2022:08:40:45 -0300] "GET /cormun/servlet/hhome HTTP/1.1" 200 4308
200.54.100.179 - - [31/Mar/2022:08:40:46 -0300] "GET /cormun/servlet/hhome HTTP/1.1" 200 4304
200.54.100.179 - - [31/Mar/2022:08:40:51 -0300] "GET /cormun/servlet/trpermisosgoce? HTTP/1.1" 200 8403
200.54.100.179 - - [31/Mar/2022:08:40:52 -0300] "GET /cormun/servlet/trpermisosgoce? HTTP/1.1" 200 8401
200.54.100.179 - - [31/Mar/2022:08:41:07 -0300] "POST /cormun/servlet/trpermisosgoce?4148623578c11769915f6564676330d3,,gx-no-cache=1648726120467 HTTP/1.1" 200 5307
200.54.100.179 - - [31/Mar/2022:08:41:07 -0300] "POST /cormun/servlet/trpermisosgoce?4148623578c11769915f6564676330d3,,gx-no-cache=1648726120695 HTTP/1.1" 200 5288
200.54.100.179 - - [31/Mar/2022:08:41:11 -0300] "GET /cormun/servlet/permisogoce?INS,0,,, HTTP/1.1" 200 7196
200.54.100.179 - - [31/Mar/2022:08:41:11 -0300] "GET /cormun/servlet/permisogoce?INS,0,,, HTTP/1.1" 200 7196
200.54.100.179 - - [31/Mar/2022:08:41:54 -0300] "GET /cormun/servlet/permisogoce?5f67c4ab2f2d64dc8db10b28858402a2e4e83be26d585104ddf1120c660b299415faa48b4705431725d3356e6c7a70415c0d25ccbb8061defb0e215399a2c826,gx-no-cache=1648726167858 HTTP/1.1" 200 73
200.54.100.179 - - [31/Mar/2022:08:41:59 -0300] "GET /cormun/static/menuarrow.gif HTTP/1.1" 404 1015
200.54.100.179 - - [31/Mar/2022:08:42:07 -0300] "GET /cormun/servlet/permisogoce?5f67c4ab2f2d64dc8db10b28858402a26d1ae3d393ce92e638135c46e85177d8e787c02dcff53f42c88ab1b9944629e16f38c063757054f8894e6aa6eed27753,gx-no-cache=1648726180870 HTTP/1.1" 200 47
200.54.100.179 - - [31/Mar/2022:08:42:11 -0300] "POST /cormun/servlet/permisogoce?4148623578c11769915f6564676330d3,INS,0,,,,gx-no-cache=1648726184639 HTTP/1.1" 200 93
200.54.100.179 - - [31/Mar/2022:08:42:11 -0300] "GET /cormun/servlet/hpexe_return? HTTP/1.1" 200 1007
200.54.100.179 - - [31/Mar/2022:08:42:11 -0300] "GET /cormun/servlet/trpermisosgoce? HTTP/1.1" 200 8415
200.54.100.179 - - [31/Mar/2022:08:42:12 -0300] "GET /cormun/servlet/trpermisosgoce? HTTP/1.1" 200 8411
200.54.100.179 - - [31/Mar/2022:08:42:16 -0300] "GET /cormun/servlet/apermisogoceprn?12930268,P,20220331082600,PU HTTP/1.1" 200 1648
190.171.154.42 - - [31/Mar/2022:08:42:48 -0300] "GET /cormun/servlet/trlicencias? HTTP/1.1" 200 13664
190.171.154.42 - - [31/Mar/2022:08:42:51 -0300] "GET /cormun/servlet/trlicencias? HTTP/1.1" 200 13667
192.168.10.17 - - [31/Mar/2022:08:43:40 -0300] "GET /cormun/servlet/vesolicitudgral?2022,18366,, HTTP/1.1" 200 8350
192.168.10.17 - - [31/Mar/2022:08:43:40 -0300] "GET /cormun/pexe_scrolldiv.js HTTP/1.1" 404 1009
192.168.10.17 - - [31/Mar/2022:08:43:40 -0300] "GET /cormun/servlet/vesolicitudgral?2022,18366,, HTTP/1.1" 200 8350
192.168.10.96 - - [31/Mar/2022:08:44:20 -0300] "GET /cormun/servlet/trsolicitudgral? HTTP/1.1" 200 17044
192.168.10.96 - - [31/Mar/2022:08:44:21 -0300] "GET /cormun/servlet/trsolicitudgral? HTTP/1.1" 200 17039
190.171.154.42 - - [31/Mar/2022:08:44:26 -0300] "POST /cormun/servlet/trlicencias?7116146fda903753463f56270b209b03,,gx-no-cache=1648726319981 HTTP/1.1" 200 11652
192.168.10.96 - - [31/Mar/2022:08:44:31 -0300] "POST /cormun/servlet/trsolicitudgral?bee6a5264c30419c106ac7c92c67c0ff,,gx-no-cache=1648726161089 HTTP/1.1" 200 8613
192.168.10.96 - - [31/Mar/2022:08:44:58 -0300] "POST /cormun/servlet/trsolicitudgral?bee6a5264c30419c106ac7c92c67c0ff,,gx-no-cache=1648726187728 HTTP/1.1" 200 7055
190.171.152.234 - - [31/Mar/2022:08:45:19 -0300] "GET /cormun/servlet/hlogin HTTP/1.1" 200 1731
190.171.142.42 - - [31/Mar/2022:08:45:29 -0300] "POST /cormun/servlet/trsolicitudot?95e294cf44f940a392e44c84e8023fad,,gx-no-cache=1648726382447 HTTP/1.1" 200 11696
190.171.152.234 - - [31/Mar/2022:08:45:33 -0300] "POST /cormun/servlet/hlogin?1d646f8c6ac25210c8114a8ab874d5eb,gx-no-cache=1648726389776 HTTP/1.1" 200 90
190.171.152.234 - - [31/Mar/2022:08:45:33 -0300] "GET /cormun/servlet/hpexe_link HTTP/1.1" 200 966
190.171.152.234 - - [31/Mar/2022:08:45:33 -0300] "GET /cormun/servlet/trcontratosolicitud? HTTP/1.1" 200 8865
190.171.152.234 - - [31/Mar/2022:08:45:33 -0300] "GET /cormun/servlet/trcontratosolicitud? HTTP/1.1" 200 8854
190.171.142.18 - - [31/Mar/2022:08:45:35 -0300] "GET /cormun/servlet/hlogin HTTP/1.1" 200 1728
190.171.142.18 - - [31/Mar/2022:08:45:36 -0300] "GET /cormun/servlet/hlogin HTTP/1.1" 200 1738
190.171.152.234 - - [31/Mar/2022:08:45:37 -0300] "POST /cormun/servlet/trcontratosolicitud?1d646f8c6ac25210c8114a8ab874d5eb,,gx-no-cache=1648726394426 HTTP/1.1" 200 12426
200.54.100.179 - - [31/Mar/2022:08:47:05 -0300] "GET /cormun/servlet/trpermisosadjuntos?12930268,20220331082600,P, HTTP/1.1" 200 6622
200.54.100.179 - - [31/Mar/2022:08:47:05 -0300] "GET /cormun/servlet/trpermisosadjuntos?12930268,20220331082600,P, HTTP/1.1" 200 6622
200.54.100.179 - - [31/Mar/2022:08:47:07 -0300] "GET /cormun/servlet/permisosadjuntos?INS,12930268,P,20220331082600,, HTTP/1.1" 200 5950
200.54.100.179 - - [31/Mar/2022:08:47:07 -0300] "GET /cormun/static/gxcfg.js?20201215134212 HTTP/1.1" 200 953
200.54.100.179 - - [31/Mar/2022:08:47:07 -0300] "GET /cormun/static/permisosadjuntos.js?20201215134285 HTTP/1.1" 200 8724
200.54.100.179 - - [31/Mar/2022:08:47:07 -0300] "GET /cormun/static/about:blank HTTP/1.1" 404 1011
190.171.152.234 - - [31/Mar/2022:08:47:07 -0300] "POST /cormun/servlet/trcontratosolicitud?1d646f8c6ac25210c8114a8ab874d5eb,,gx-no-cache=1648726484186 HTTP/1.1" 200 6406
200.54.100.179 - - [31/Mar/2022:08:47:07 -0300] "GET /cormun/servlet/permisosadjuntos?INS,12930268,P,20220331082600,, HTTP/1.1" 200 5939
190.171.152.234 - - [31/Mar/2022:08:47:15 -0300] "POST /cormun/servlet/trcontratosolicitud?1d646f8c6ac25210c8114a8ab874d5eb,,gx-no-cache=1648726491592 HTTP/1.1" 200 12426
200.54.100.179 - - [31/Mar/2022:08:47:21 -0300] "POST /cormun/servlet/permisosadjuntos?4148623578c11769915f6564676330d3,INS,12930268,P,20220331082600,, HTTP/1.1" 200 116
200.54.100.179 - - [31/Mar/2022:08:47:21 -0300] "GET /cormun/servlet/hpexe_return? HTTP/1.1" 200 1036
200.54.100.179 - - [31/Mar/2022:08:47:21 -0300] "GET /cormun/servlet/trpermisosadjuntos?12930268,20220331082600,P, HTTP/1.1" 200 7123
200.54.100.179 - - [31/Mar/2022:08:47:21 -0300] "GET /cormun/servlet/trpermisosadjuntos?12930268,20220331082600,P, HTTP/1.1" 200 7122
200.54.100.179 - - [31/Mar/2022:08:47:26 -0300] "POST /cormun/servlet/trpermisosadjuntos?4148623578c11769915f6564676330d3,12930268,20220331082600,P,,gx-no-cache=1648726500030 HTTP/1.1" 200 90
200.54.100.179 - - [31/Mar/2022:08:47:26 -0300] "GET /cormun/servlet/hpexe_link HTTP/1.1" 200 982
200.54.100.179 - - [31/Mar/2022:08:47:26 -0300] "GET /cormun/servlet/trpermisosgoce HTTP/1.1" 200 8413
200.54.100.179 - - [31/Mar/2022:08:47:27 -0300] "GET /cormun/servlet/trpermisosgoce HTTP/1.1" 200 8411
200.54.100.179 - - [31/Mar/2022:08:47:32 -0300] "POST /cormun/servlet/trpermisosgoce?4148623578c11769915f6564676330d3,gx-no-cache=1648726506064 HTTP/1.1" 200 5608
200.54.100.179 - - [31/Mar/2022:08:47:32 -0300] "GET /cormun/static/Shared/jqueryui/images/ui-bg_highlight-soft_100_c6c2c8_1x100.png HTTP/1.1" 404 1117
200.54.100.179 - - [31/Mar/2022:08:47:32 -0300] "GET /cormun/static/Shared/jqueryui/images/ui-icons_82798d_256x240.png HTTP/1.1" 404 1089
200.54.100.179 - - [31/Mar/2022:08:47:32 -0300] "GET /cormun/static/Shared/jqueryui/images/ui-bg_flat_55_fafafa_40x100.png HTTP/1.1" 404 1097
200.54.100.179 - - [31/Mar/2022:08:47:32 -0300] "GET /cormun/static/Shared/jqueryui/images/ui-icons_8d78a5_256x240.png HTTP/1.1" 404 1089
192.168.10.96 - - [31/Mar/2022:08:47:56 -0300] "POST /cormun/servlet/trsolicitudgral?bee6a5264c30419c106ac7c92c67c0ff,,gx-no-cache=1648726366093 HTTP/1.1" 200 14431
192.168.10.96 - - [31/Mar/2022:08:48:17 -0300] "POST /cormun/servlet/trsolicitudgral?bee6a5264c30419c106ac7c92c67c0ff,,gx-no-cache=1648726387138 HTTP/1.1" 200 16718
192.168.10.96 - - [31/Mar/2022:08:48:24 -0300] "GET /cormun/servlet/trsolicitudgral? HTTP/1.1" 200 19662
192.168.10.96 - - [31/Mar/2022:08:48:25 -0300] "GET /cormun/servlet/trsolicitudgral? HTTP/1.1" 200 19662
192.168.10.96 - - [31/Mar/2022:08:48:30 -0300] "POST /cormun/servlet/trsolicitudgral?bee6a5264c30419c106ac7c92c67c0ff,,gx-no-cache=1648726399844 HTTP/1.1" 200 14425
190.171.152.234 - - [31/Mar/2022:08:49:17 -0300] "POST /cormun/servlet/trcontratosolicitud?1d646f8c6ac25210c8114a8ab874d5eb,,gx-no-cache=1648726612705 HTTP/1.1" 200 6404
190.171.152.234 - - [31/Mar/2022:08:49:51 -0300] "POST /cormun/servlet/trcontratosolicitud?1d646f8c6ac25210c8114a8ab874d5eb,,gx-no-cache=1648726647728 HTTP/1.1" 200 12422
190.171.152.234 - - [31/Mar/2022:08:50:22 -0300] "POST /cormun/servlet/trcontratosolicitud?1d646f8c6ac25210c8114a8ab874d5eb,,gx-no-cache=1648726678840 HTTP/1.1" 200 6405
190.171.152.234 - - [31/Mar/2022:08:50:42 -0300] "POST /cormun/servlet/trcontratosolicitud?1d646f8c6ac25210c8114a8ab874d5eb,,gx-no-cache=1648726699128 HTTP/1.1" 200 12423
190.171.154.42 - - [31/Mar/2022:08:50:43 -0300] "POST /cormun/servlet/trlicencias?7116146fda903753463f56270b209b03,,gx-no-cache=1648726696384 HTTP/1.1" 200 11649
190.171.153.26 - - [31/Mar/2022:08:50:55 -0300] "GET /cormun/servlet/hlogin HTTP/1.1" 200 1725
190.171.153.26 - - [31/Mar/2022:08:50:55 -0300] "GET /cormun/static/gxtimezone.js?85251 HTTP/1.1" 200 5781
190.171.153.26 - - [31/Mar/2022:08:50:55 -0300] "GET /cormun/static/gxcfg.js?201910216285969 HTTP/1.1" 200 953
190.171.153.26 - - [31/Mar/2022:08:50:55 -0300] "GET /cormun/static/Resources/Spanish/PXTools.css?2294816 HTTP/1.1" 200 100853
190.171.153.26 - - [31/Mar/2022:08:50:55 -0300] "GET /cormun/static/messages.spa.js?85251 HTTP/1.1" 200 30736
190.171.153.26 - - [31/Mar/2022:08:50:55 -0300] "GET /cormun/static/gxgral.js?85251 HTTP/1.1" 200 384558
190.171.153.26 - - [31/Mar/2022:08:50:55 -0300] "GET /cormun/static/hlogin.js?201910216285995 HTTP/1.1" 200 2136
190.171.153.26 - - [31/Mar/2022:08:50:55 -0300] "GET /cormun/static/Resources/Logo2019_Grande.png HTTP/1.1" 200 31733
190.171.153.26 - - [31/Mar/2022:08:50:55 -0300] "GET /cormun/static/Resources/PXToolsLoginTop.png HTTP/1.1" 200 1337
190.171.153.26 - - [31/Mar/2022:08:50:55 -0300] "GET /cormun/static/Resources/PXToolsLoginBackground.png HTTP/1.1" 200 1164
