190.95.67.97 - - [31/Mar/2022:15:32:51 -0300] "POST /cormun/servlet/trvisualizadoreventos?e7c4e83e9aa99eb544b260c75394dd6d,,gx-no-cache=1648750826137 HTTP/1.1" 200 4020
192.168.10.17 - - [31/Mar/2022:15:32:56 -0300] "POST /cormun/servlet/trsolicitudgral?ed706e44a982635db0c5b63a0c3b448f,,gx-no-cache=1648754264131 HTTP/1.1" 200 5246
190.171.142.10 - - [31/Mar/2022:15:33:02 -0300] "GET /cormun/servlet/hhome HTTP/1.1" 200 4117
190.171.142.10 - - [31/Mar/2022:15:33:02 -0300] "GET /cormun/servlet/hhome HTTP/1.1" 200 4114
190.95.67.97 - - [31/Mar/2022:15:33:05 -0300] "POST /cormun/servlet/trvisualizadoreventos?e7c4e83e9aa99eb544b260c75394dd6d,,gx-no-cache=1648750839832 HTTP/1.1" 200 4020
190.171.142.10 - - [31/Mar/2022:15:33:06 -0300] "GET /cormun/servlet/trlicencias? HTTP/1.1" 200 15380
190.171.142.10 - - [31/Mar/2022:15:33:07 -0300] "GET /cormun/servlet/trlicencias? HTTP/1.1" 200 15380
160.116.22.21 - - [31/Mar/2022:15:35:49 -0300] "-" 400 -
160.116.22.21 - - [31/Mar/2022:15:35:51 -0300] "GET / HTTP/1.1" 200 11217
160.116.22.21 - - [31/Mar/2022:15:35:52 -0300] "îê:ã+$’b‰Üôÿ­{CÆÇ¤?ý(|ŒäW>oÈóë bŸbÉ$Qå6+'½(˜ψrJØ4Ё¬:!ÿT˜ñ&À+À/À,À0̨̩À ÀÀ" 400 -
160.116.22.21 - - [31/Mar/2022:15:35:53 -0300] "îê½ÞçՁÿÊFúoàû»b¤cÑEÚ–ÓN{âèA ô¤Î€(Ù·²‡ " 400 -
160.116.22.21 - - [31/Mar/2022:15:35:54 -0300] "-" 400 -
160.116.22.21 - - [31/Mar/2022:15:35:54 -0300] "îêtV£9Û[B¿¡V—(ÔXBâå3˄£ç˜_3{ íÒ,½ ò½à(!N-•JD‰º²Dz%róÛ·áÚ*&À+À/À,À0̨̩À ÀÀ" 400 -
160.116.22.21 - - [31/Mar/2022:15:35:55 -0300] "îê*Ž;NsfÒ¬³kjÝÙ`6Å ˆu È`ÔAL¶Q ¥…¤?óéÀgS,,®Ë§q¿j[&¾zÄFã~|Êe!&À+À/À,À0̨̩À ÀÀ" 400 -
160.116.22.21 - - [31/Mar/2022:15:35:56 -0300] "îê5$$2‡“G_¼ àžN½lq }Vírý\Jþæ¿ ÄÚÑô|;)ב®X¦!¼CŽo¢Ðq1Ú!" 400 -
192.168.10.17 - - [31/Mar/2022:15:36:07 -0300] "POST /cormun/servlet/trsolicitudgral?ed706e44a982635db0c5b63a0c3b448f,,gx-no-cache=1648754451837 HTTP/1.1" 200 25810
186.67.172.234 - - [31/Mar/2022:15:36:20 -0300] "GET /cormun/servlet/trautorizarsolicitud? HTTP/1.1" 200 8881
186.67.172.234 - - [31/Mar/2022:15:36:20 -0300] "GET /cormun/servlet/trautorizarsolicitud? HTTP/1.1" 200 8881
186.67.172.234 - - [31/Mar/2022:15:36:30 -0300] "POST /cormun/servlet/trautorizarsolicitud?f8eb05c85ebff6e2ef6338100d0db0af,,gx-no-cache=1648751043264 HTTP/1.1" 200 4765
186.67.172.234 - - [31/Mar/2022:15:36:30 -0300] "GET /cormun/static/Shared/jqueryui/images/ui-icons_82798d_256x240.png HTTP/1.1" 404 1089
186.67.172.234 - - [31/Mar/2022:15:36:30 -0300] "GET /cormun/static/Shared/jqueryui/images/ui-bg_highlight-soft_100_c6c2c8_1x100.png HTTP/1.1" 404 1117
186.67.172.234 - - [31/Mar/2022:15:36:30 -0300] "GET /cormun/static/Shared/jqueryui/images/ui-bg_flat_55_fafafa_40x100.png HTTP/1.1" 404 1097
186.67.172.234 - - [31/Mar/2022:15:36:30 -0300] "GET /cormun/static/Shared/jqueryui/images/ui-icons_8d78a5_256x240.png HTTP/1.1" 404 1089
186.67.172.234 - - [31/Mar/2022:15:36:30 -0300] "POST /cormun/servlet/trautorizarsolicitud?f8eb05c85ebff6e2ef6338100d0db0af,,gx-no-cache=1648751043437 HTTP/1.1" 200 4533
190.171.142.10 - - [31/Mar/2022:15:36:48 -0300] "GET /cormun/servlet/hlogin HTTP/1.1" 200 1725
190.171.142.10 - - [31/Mar/2022:15:36:48 -0300] "GET /cormun/static/gxcfg.js?201910216285969 HTTP/1.1" 200 953
190.171.142.10 - - [31/Mar/2022:15:36:48 -0300] "GET /cormun/static/gxtimezone.js?85251 HTTP/1.1" 200 5781
190.171.142.10 - - [31/Mar/2022:15:36:48 -0300] "GET /cormun/static/Resources/Spanish/PXTools.css?2294816 HTTP/1.1" 200 100853
190.171.142.10 - - [31/Mar/2022:15:36:48 -0300] "GET /cormun/static/messages.spa.js?85251 HTTP/1.1" 200 30736
190.171.142.10 - - [31/Mar/2022:15:36:49 -0300] "GET /cormun/static/hlogin.js?201910216285995 HTTP/1.1" 200 2136
190.171.142.10 - - [31/Mar/2022:15:36:49 -0300] "GET /cormun/static/Resources/Logo2019_Grande.png HTTP/1.1" 200 31733
190.171.142.10 - - [31/Mar/2022:15:36:49 -0300] "GET /cormun/static/gxgral.js?85251 HTTP/1.1" 200 384558
190.171.142.10 - - [31/Mar/2022:15:36:49 -0300] "GET /cormun/static/Resources/PXToolsLoginBackground.png HTTP/1.1" 200 1164
190.171.142.10 - - [31/Mar/2022:15:36:49 -0300] "GET /cormun/static/Resources/PXToolsLoginTop.png HTTP/1.1" 200 1337
190.171.142.10 - - [31/Mar/2022:15:36:49 -0300] "GET /cormun/static/Resources/PXToolsButtonLeft.png HTTP/1.1" 200 1310
190.171.142.10 - - [31/Mar/2022:15:36:49 -0300] "GET /cormun/static/Resources/PXToolsLoginBottom.png HTTP/1.1" 200 1389
190.171.142.10 - - [31/Mar/2022:15:36:49 -0300] "GET /cormun/static/Resources/PXToolsButtonBackground.png HTTP/1.1" 200 1176
190.171.142.10 - - [31/Mar/2022:15:36:49 -0300] "GET /cormun/static/Resources/PXToolsButtonRight.png HTTP/1.1" 200 1294
190.171.142.10 - - [31/Mar/2022:15:36:49 -0300] "GET /cormun/servlet/hlogin HTTP/1.1" 200 1734
190.171.142.10 - - [31/Mar/2022:15:36:49 -0300] "GET /cormun/static/Resources/indicator.gif HTTP/1.1" 200 1553
190.171.142.10 - - [31/Mar/2022:15:36:49 -0300] "GET /cormun/static/Resources/indicator.gif HTTP/1.1" 200 1553
190.171.142.10 - - [31/Mar/2022:15:36:49 -0300] "GET /favicon.ico HTTP/1.1" 200 21630
190.171.142.10 - - [31/Mar/2022:15:37:16 -0300] "POST /cormun/servlet/hlogin?e3ebe5519584e6bf344db2dc19342a67,gx-no-cache=1648751090075 HTTP/1.1" 200 442
190.171.142.10 - - [31/Mar/2022:15:37:36 -0300] "POST /cormun/servlet/hlogin?e3ebe5519584e6bf344db2dc19342a67,gx-no-cache=1648751109712 HTTP/1.1" 200 445
190.171.142.10 - - [31/Mar/2022:15:37:39 -0300] "POST /cormun/servlet/hlogin?e3ebe5519584e6bf344db2dc19342a67,gx-no-cache=1648751112759 HTTP/1.1" 200 443
190.95.67.97 - - [31/Mar/2022:15:37:41 -0300] "POST /cormun/servlet/trvisualizadoreventos?e7c4e83e9aa99eb544b260c75394dd6d,,gx-no-cache=1648751115577 HTTP/1.1" 200 5374
190.95.67.97 - - [31/Mar/2022:15:37:45 -0300] "GET /cormun/servlet/trvisualizadoreventos? HTTP/1.1" 200 7996
190.95.67.97 - - [31/Mar/2022:15:37:46 -0300] "GET /cormun/servlet/trvisualizadoreventos? HTTP/1.1" 200 7996
190.95.67.97 - - [31/Mar/2022:15:37:48 -0300] "GET /cormun/static/menuarrow.gif HTTP/1.1" 404 1015
190.95.67.97 - - [31/Mar/2022:15:37:55 -0300] "POST /cormun/servlet/trvisualizadoreventos?e7c4e83e9aa99eb544b260c75394dd6d,,gx-no-cache=1648751130086 HTTP/1.1" 200 4023
190.95.67.97 - - [31/Mar/2022:15:37:56 -0300] "POST /cormun/servlet/trvisualizadoreventos?e7c4e83e9aa99eb544b260c75394dd6d,,gx-no-cache=1648751131252 HTTP/1.1" 200 4023
190.95.67.97 - - [31/Mar/2022:15:38:22 -0300] "POST /cormun/servlet/trvisualizadoreventos?e7c4e83e9aa99eb544b260c75394dd6d,,gx-no-cache=1648751156737 HTTP/1.1" 200 4023
190.95.67.97 - - [31/Mar/2022:15:38:23 -0300] "POST /cormun/servlet/trvisualizadoreventos?e7c4e83e9aa99eb544b260c75394dd6d,,gx-no-cache=1648751157550 HTTP/1.1" 200 4023
190.95.67.97 - - [31/Mar/2022:15:38:28 -0300] "GET /cormun/servlet/trsolicitudot? HTTP/1.1" 200 7164
190.95.67.97 - - [31/Mar/2022:15:38:28 -0300] "GET /cormun/servlet/trsolicitudot? HTTP/1.1" 200 7163
190.95.67.97 - - [31/Mar/2022:15:38:34 -0300] "POST /cormun/servlet/trsolicitudot?e7c4e83e9aa99eb544b260c75394dd6d,,gx-no-cache=1648751168925 HTTP/1.1" 200 12688
186.67.172.234 - - [31/Mar/2022:15:38:43 -0300] "GET /cormun/servlet/trlicencias? HTTP/1.1" 200 13702
186.67.172.234 - - [31/Mar/2022:15:38:43 -0300] "GET /cormun/servlet/trlicencias? HTTP/1.1" 200 13703
181.212.43.89 - - [31/Mar/2022:15:39:37 -0300] "GET /cormun/servlet/hlogin HTTP/1.1" 200 1716
181.212.43.89 - - [31/Mar/2022:15:39:39 -0300] "GET /cormun/servlet/hlogin HTTP/1.1" 200 1727
181.212.43.89 - - [31/Mar/2022:15:39:39 -0300] "GET /favicon.ico HTTP/1.1" 200 21630
181.212.43.89 - - [31/Mar/2022:15:39:49 -0300] "POST /cormun/servlet/hlogin?0208deb252c04044dc8468eacdcf7c3d,gx-no-cache=1648751243681 HTTP/1.1" 200 90
181.212.43.89 - - [31/Mar/2022:15:39:50 -0300] "GET /cormun/servlet/hpexe_link HTTP/1.1" 200 944
181.212.43.89 - - [31/Mar/2022:15:39:50 -0300] "GET /cormun/servlet/hhome HTTP/1.1" 200 3997
181.212.43.89 - - [31/Mar/2022:15:39:51 -0300] "GET /cormun/servlet/hhome HTTP/1.1" 200 3994
181.212.43.89 - - [31/Mar/2022:15:40:02 -0300] "GET /cormun/servlet/trsolicitudot? HTTP/1.1" 200 7215
181.212.43.89 - - [31/Mar/2022:15:40:03 -0300] "GET /cormun/servlet/trsolicitudot? HTTP/1.1" 200 7214
181.212.43.89 - - [31/Mar/2022:15:40:06 -0300] "GET /cormun/servlet/solicitudot?INS,0,0,false, HTTP/1.1" 200 15727
181.212.43.89 - - [31/Mar/2022:15:40:07 -0300] "GET /cormun/servlet/solicitudot?INS,0,0,false, HTTP/1.1" 200 15734
181.212.43.89 - - [31/Mar/2022:15:43:57 -0300] "POST /cormun/servlet/solicitudot?gx-no-cache=1648751491091 HTTP/1.1" 200 3850
181.212.43.89 - - [31/Mar/2022:15:43:57 -0300] "POST /cormun/servlet/solicitudot?0208deb252c04044dc8468eacdcf7c3d,INS,0,0,false,,gx-no-cache=1648751491291 HTTP/1.1" 200 12381
181.212.43.89 - - [31/Mar/2022:15:43:57 -0300] "GET /cormun/servlet/solicitudot?eb515dcf8a86776411c9e8e8f3eb7082a37ee19b26ed9a3a7b0ee5bf0d8ebf0cdf980adff98b3331f029d1d5adb8beaa,gx-no-cache=1648751491837 HTTP/1.1" 200 30
181.212.43.89 - - [31/Mar/2022:15:45:11 -0300] "GET /cormun/servlet/prbanco?,MD,,gxPopupLevel%3D0%3B HTTP/1.1" 200 6557
181.212.43.89 - - [31/Mar/2022:15:45:15 -0300] "GET /cormun/servlet/solicitudot?eb515dcf8a86776411c9e8e8f3eb70821dee63f9820101a2872ba62f9bb721bf2a3a0dd11906ba8f63ac09607a6b6b77363c844137ce69c21628fd4d4f67b504,gx-no-cache=1648751568927 HTTP/1.1" 200 30
181.212.43.89 - - [31/Mar/2022:15:45:16 -0300] "GET /cormun/servlet/solicitudot?eb515dcf8a86776411c9e8e8f3eb70827d0875d9784804ccdc98c134cc2355ed,gx-no-cache=1648751570070 HTTP/1.1" 200 53
181.212.43.89 - - [31/Mar/2022:15:45:25 -0300] "POST /cormun/servlet/solicitudot?gx-no-cache=1648751579380 HTTP/1.1" 200 240
181.212.43.89 - - [31/Mar/2022:15:45:27 -0300] "GET /cormun/servlet/solicitudot?eb515dcf8a86776411c9e8e8f3eb7082f9e5f7d69735ca62efb5818e28be4e5daf04e8ea4c062d46ddc43f32b61ff046b5b07801d826a881d975dad592abd4ca7377c63053e01a80204ab6edfe085b2f53c2a856424654ffb11e1be768a0e66f6c3260b144f39b3afcae75b5a2d8a6950fa44c6946aeadc72cce5bb1171de00897342e1ff65b349a05211ec8dbbb4dacede55e04dc875d249fd2d0bf5ebd456a9b3572cd8ae71e999f96ef65a7c33c7d6330115f4fedddf933bd9bd1e91a0f3479ef3d31f80a1f07e8e059424658b8b4aee98533685e91894b2fbb3d11979a21c6441cf53375ad78930e3065d36bd5010c574708928046025af5ba7542b069dc95b10983b32e8ea4d87038ff08a854f9c5ad462ba3bab921c8ad904924446713fa019646b3a884069b7824d6e399cd71d07c83506f399b65dd8a4e19ca9054fdbbfc591e833b75ca484d6ff1d8e83d78076bbc9d27dab58dd3c61a48e4955b4f67df671e61eed3df9a126c1396169aaa42a263ab3274e030837afc7ae53625e8,gx-no-cache=1648751581515 HTTP/1.1" 200 30
181.212.43.89 - - [31/Mar/2022:15:45:31 -0300] "POST /cormun/servlet/solicitudot?gx-no-cache=1648751585452 HTTP/1.1" 200 30
181.212.43.89 - - [31/Mar/2022:15:45:34 -0300] "GET /cormun/servlet/prfichaempleado?,MD,,gxPopupLevel%3D0%3B HTTP/1.1" 200 9299
181.212.43.89 - - [31/Mar/2022:15:45:34 -0300] "GET /cormun/static/gxcfg.js?20201215571085 HTTP/1.1" 200 953
181.212.43.89 - - [31/Mar/2022:15:45:34 -0300] "GET /cormun/static/prfichaempleado.js?20201215572193 HTTP/1.1" 200 16006
181.212.43.89 - - [31/Mar/2022:15:46:15 -0300] "POST /cormun/servlet/solicitudot?gx-no-cache=1648751629776 HTTP/1.1" 200 1454
181.212.43.89 - - [31/Mar/2022:15:46:18 -0300] "GET /cormun/servlet/prlicenciaspermisos?5019058,L,,MD,,gxPopupLevel%3D0%3B HTTP/1.1" 200 5713
181.212.43.89 - - [31/Mar/2022:15:46:18 -0300] "GET /cormun/static/gxcfg.js?2020121559567 HTTP/1.1" 200 953
181.212.43.89 - - [31/Mar/2022:15:46:18 -0300] "GET /cormun/static/prlicenciaspermisos.js?2020121559821 HTTP/1.1" 200 13379
190.171.142.50 - - [31/Mar/2022:15:46:44 -0300] "GET /cormun/servlet/trlicencias? HTTP/1.1" 200 13716
190.171.142.50 - - [31/Mar/2022:15:46:45 -0300] "GET /cormun/servlet/trlicencias? HTTP/1.1" 200 13727
186.67.172.234 - - [31/Mar/2022:15:46:57 -0300] "GET /cormun/servlet/trlicencias? HTTP/1.1" 200 13678
186.67.172.234 - - [31/Mar/2022:15:46:57 -0300] "GET /cormun/servlet/trlicencias? HTTP/1.1" 200 13683
181.212.43.89 - - [31/Mar/2022:15:47:29 -0300] "POST /cormun/servlet/solicitudot?gx-no-cache=1648751703004 HTTP/1.1" 200 41
190.171.142.18 - - [31/Mar/2022:15:48:41 -0300] "GET /cormun/servlet/hlogin HTTP/1.1" 200 1729
190.171.142.18 - - [31/Mar/2022:15:48:53 -0300] "POST /cormun/servlet/hlogin?9a91ea60cf70b3842a4de1f6d4e9e10b,gx-no-cache=1648751786566 HTTP/1.1" 200 90
190.171.142.18 - - [31/Mar/2022:15:48:53 -0300] "GET /cormun/servlet/hpexe_link HTTP/1.1" 200 955
190.171.142.18 - - [31/Mar/2022:15:48:53 -0300] "GET /cormun/servlet/hhome HTTP/1.1" 200 4365
190.171.142.18 - - [31/Mar/2022:15:48:54 -0300] "GET /cormun/servlet/hhome HTTP/1.1" 200 4361
190.171.141.90 - - [31/Mar/2022:15:49:02 -0300] "GET /cormun/servlet/trsolicitudot? HTTP/1.1" 200 6336
190.171.142.18 - - [31/Mar/2022:15:49:02 -0300] "GET /cormun/servlet/trpermisosgoce? HTTP/1.1" 200 8326
190.171.142.18 - - [31/Mar/2022:15:49:02 -0300] "GET /cormun/static/gxcfg.js?2020121631564 HTTP/1.1" 200 953
190.171.142.18 - - [31/Mar/2022:15:49:03 -0300] "GET /cormun/static/trpermisosgoce.js?2020121633681 HTTP/1.1" 200 35904
190.171.142.18 - - [31/Mar/2022:15:49:03 -0300] "GET /cormun/servlet/trpermisosgoce? HTTP/1.1" 200 8324
200.54.103.162 - - [31/Mar/2022:15:49:07 -0300] "GET /cormun/servlet/trpermisosadjuntos?15807616,20220331154720,P, HTTP/1.1" 200 5449
200.54.103.162 - - [31/Mar/2022:15:49:07 -0300] "GET /cormun/static/gxcfg.js?2020121641683 HTTP/1.1" 200 953
200.54.103.162 - - [31/Mar/2022:15:49:07 -0300] "GET /cormun/static/trpermisosadjuntos.js?2020121642996 HTTP/1.1" 200 20158
200.54.103.162 - - [31/Mar/2022:15:49:07 -0300] "GET /cormun/servlet/hlogin HTTP/1.1" 200 1771
200.54.103.162 - - [31/Mar/2022:15:49:07 -0300] "GET /cormun/servlet/trpermisosadjuntos?15807616,20220331154720,P, HTTP/1.1" 200 5445
200.54.103.162 - - [31/Mar/2022:15:49:14 -0300] "POST /cormun/servlet/hlogin?a00c2c3523d8bd28872d3fd03c1b629c,gx-no-cache=1648733837642 HTTP/1.1" 200 90
200.54.103.162 - - [31/Mar/2022:15:49:14 -0300] "GET /cormun/servlet/hpexe_link HTTP/1.1" 200 986
200.54.103.162 - - [31/Mar/2022:15:49:14 -0300] "GET /cormun/servlet/trpermisosadjuntos?15807616,20220331154720,P, HTTP/1.1" 200 6477
200.54.103.162 - - [31/Mar/2022:15:49:15 -0300] "GET /cormun/servlet/trpermisosadjuntos?15807616,20220331154720,P, HTTP/1.1" 200 6476
200.54.103.162 - - [31/Mar/2022:15:49:19 -0300] "GET /cormun/servlet/permisosadjuntos?INS,15807616,P,20220331154720,, HTTP/1.1" 200 5983
200.54.103.162 - - [31/Mar/2022:15:49:19 -0300] "GET /cormun/static/gxcfg.js?20201215134212 HTTP/1.1" 200 953
200.54.103.162 - - [31/Mar/2022:15:49:19 -0300] "GET /cormun/static/permisosadjuntos.js?20201215134285 HTTP/1.1" 200 8724
200.54.103.162 - - [31/Mar/2022:15:49:19 -0300] "GET /cormun/static/about:blank HTTP/1.1" 404 1011
200.54.103.162 - - [31/Mar/2022:15:49:19 -0300] "GET /cormun/servlet/permisosadjuntos?INS,15807616,P,20220331154720,, HTTP/1.1" 200 5973
200.54.103.162 - - [31/Mar/2022:15:49:35 -0300] "POST /cormun/servlet/permisosadjuntos?a00c2c3523d8bd28872d3fd03c1b629c,INS,15807616,P,20220331154720,, HTTP/1.1" 200 116
200.54.103.162 - - [31/Mar/2022:15:49:35 -0300] "GET /cormun/servlet/hpexe_return? HTTP/1.1" 200 1040
200.54.103.162 - - [31/Mar/2022:15:49:35 -0300] "GET /cormun/servlet/trpermisosadjuntos?15807616,20220331154720,P, HTTP/1.1" 200 7028
200.54.103.162 - - [31/Mar/2022:15:49:35 -0300] "GET /cormun/servlet/trpermisosadjuntos?15807616,20220331154720,P, HTTP/1.1" 200 7031
181.212.43.89 - - [31/Mar/2022:15:49:42 -0300] "GET /cormun/servlet/solicitudot?eb515dcf8a86776411c9e8e8f3eb7082d65bfa15c598236ec3fbd955400dc127bbd5e9dccd785b6ac965d584a8daf8ed9857ab9f122dd41df8cec7402bc477888cf05b54bae0e31dd9510c38ae871942a0f2bc6dfdcab85282fe9daedd863425b3f2c4131a48171957ac7b40c8dacaa2,gx-no-cache=1648751836609 HTTP/1.1" 200 110
181.212.43.89 - - [31/Mar/2022:15:49:42 -0300] "POST /cormun/servlet/solicitudot?gx-no-cache=1648751836708 HTTP/1.1" 200 97
181.212.43.89 - - [31/Mar/2022:15:49:49 -0300] "GET /cormun/servlet/solicitudot?eb515dcf8a86776411c9e8e8f3eb70828e58d5a2fb351aac968186cf45328740fd9de051b4120077504a571df6abf62c6a32c580ecaa4ef5c47d5ebe0ba613ecbaf49999e2e9f99408088a8257505295e632e80db8a4ef961992c32ab85808e4da50b40dd2eab4d5bf20a729fbb00276,gx-no-cache=1648751843239 HTTP/1.1" 200 29
181.212.43.89 - - [31/Mar/2022:15:49:49 -0300] "GET /cormun/static/menuarrow.gif HTTP/1.1" 404 1015
200.54.103.162 - - [31/Mar/2022:15:49:50 -0300] "GET /cormun/servlet/trpermisosgoce? HTTP/1.1" 200 11747
200.54.103.162 - - [31/Mar/2022:15:49:51 -0300] "GET /cormun/servlet/trpermisosgoce? HTTP/1.1" 200 11746
200.54.103.162 - - [31/Mar/2022:15:49:53 -0300] "GET /cormun/servlet/trpermisosadjuntos?8494476,20220331154757,P, HTTP/1.1" 200 6474
200.54.103.162 - - [31/Mar/2022:15:49:54 -0300] "GET /cormun/servlet/trpermisosadjuntos?8494476,20220331154757,P, HTTP/1.1" 200 6474
200.54.103.162 - - [31/Mar/2022:15:49:55 -0300] "GET /cormun/servlet/permisosadjuntos?INS,8494476,P,20220331154757,, HTTP/1.1" 200 5981
200.54.103.162 - - [31/Mar/2022:15:49:56 -0300] "GET /cormun/static/about:blank HTTP/1.1" 404 1011
200.54.103.162 - - [31/Mar/2022:15:49:56 -0300] "GET /cormun/servlet/permisosadjuntos?INS,8494476,P,20220331154757,, HTTP/1.1" 200 5971
192.168.10.199 - - [31/Mar/2022:15:49:59 -0300] "POST /cormun/servlet/trsolicitudgral?8aff79edc893f601406b19cdec8f7743,,gx-no-cache=1648755286788 HTTP/1.1" 200 6656
181.212.43.89 - - [31/Mar/2022:15:50:01 -0300] "GET /cormun/servlet/solicitudot?eb515dcf8a86776411c9e8e8f3eb7082ef6b236a3c587f8ca85113507e6dcbf14069a14afb37c61bf4dd8f5821a30e1f,gx-no-cache=1648751855040 HTTP/1.1" 200 30
181.212.43.89 - - [31/Mar/2022:15:50:01 -0300] "POST /cormun/servlet/solicitudot?gx-no-cache=1648751855088 HTTP/1.1" 200 34
200.54.103.162 - - [31/Mar/2022:15:50:03 -0300] "POST /cormun/servlet/permisosadjuntos?a00c2c3523d8bd28872d3fd03c1b629c,INS,8494476,P,20220331154757,, HTTP/1.1" 200 116
200.54.103.162 - - [31/Mar/2022:15:50:03 -0300] "GET /cormun/servlet/hpexe_return? HTTP/1.1" 200 1039
200.54.103.162 - - [31/Mar/2022:15:50:04 -0300] "GET /cormun/servlet/trpermisosadjuntos?8494476,20220331154757,P, HTTP/1.1" 200 7028
200.54.103.162 - - [31/Mar/2022:15:50:04 -0300] "GET /cormun/servlet/trpermisosadjuntos?8494476,20220331154757,P, HTTP/1.1" 200 7029
192.168.10.199 - - [31/Mar/2022:15:50:04 -0300] "GET /cormun/servlet/vesolicitudgral?2022,17932,, HTTP/1.1" 200 8408
192.168.10.199 - - [31/Mar/2022:15:50:05 -0300] "GET /cormun/pexe_scrolldiv.js HTTP/1.1" 404 1009
181.212.43.89 - - [31/Mar/2022:15:50:05 -0300] "POST /cormun/servlet/solicitudot?0208deb252c04044dc8468eacdcf7c3d,INS,0,0,false,,gx-no-cache=1648751858648 HTTP/1.1" 200 93
181.212.43.89 - - [31/Mar/2022:15:50:05 -0300] "GET /cormun/servlet/hpexe_return? HTTP/1.1" 200 1001
192.168.10.199 - - [31/Mar/2022:15:50:05 -0300] "GET /cormun/servlet/vesolicitudgral?2022,17932,, HTTP/1.1" 200 8407
181.212.43.89 - - [31/Mar/2022:15:50:05 -0300] "GET /cormun/servlet/trsolicitudot HTTP/1.1" 200 8680
181.212.43.89 - - [31/Mar/2022:15:50:06 -0300] "GET /cormun/servlet/trsolicitudot HTTP/1.1" 200 8676
181.212.43.89 - - [31/Mar/2022:15:50:13 -0300] "POST /cormun/servlet/trsolicitudot?0208deb252c04044dc8468eacdcf7c3d,gx-no-cache=1648751867715 HTTP/1.1" 200 113
200.54.103.162 - - [31/Mar/2022:15:50:14 -0300] "GET /cormun/servlet/trpermisosgoce? HTTP/1.1" 200 11753
181.212.43.89 - - [31/Mar/2022:15:50:14 -0300] "GET /cormun/servlet/solicitudot?UPD,2022,18384,false, HTTP/1.1" 200 16266
200.54.103.162 - - [31/Mar/2022:15:50:14 -0300] "GET /cormun/servlet/trpermisosgoce? HTTP/1.1" 200 11752
181.212.43.89 - - [31/Mar/2022:15:50:15 -0300] "GET /cormun/servlet/solicitudot?UPD,2022,18384,false, HTTP/1.1" 200 16277
181.212.43.89 - - [31/Mar/2022:15:50:15 -0300] "POST /cormun/servlet/solicitudot?gx-no-cache=1648751869325 HTTP/1.1" 200 3933
181.212.43.89 - - [31/Mar/2022:15:50:15 -0300] "POST /cormun/servlet/solicitudot?0208deb252c04044dc8468eacdcf7c3d,UPD,2022,18384,false,,gx-no-cache=1648751869489 HTTP/1.1" 200 12534
181.212.43.89 - - [31/Mar/2022:15:50:15 -0300] "GET /cormun/servlet/solicitudot?eb515dcf8a86776411c9e8e8f3eb7082a37ee19b26ed9a3a7b0ee5bf0d8ebf0c5a0fddd86db322ec2f27b78549d1a143,gx-no-cache=1648751869735 HTTP/1.1" 200 30
181.212.43.89 - - [31/Mar/2022:15:50:15 -0300] "GET /cormun/servlet/solicitudot?eb515dcf8a86776411c9e8e8f3eb70821dee63f9820101a2872ba62f9bb721bf2a3a0dd11906ba8f63ac09607a6b6b77dabdd245ad7b1fce171544d31ffdca31,gx-no-cache=1648751869771 HTTP/1.1" 200 30
181.212.43.89 - - [31/Mar/2022:15:50:15 -0300] "GET /cormun/servlet/solicitudot?eb515dcf8a86776411c9e8e8f3eb70823dad4a9912748a53af8d9b1e79617e9abb00da8a8a339b466117499a55ac9703c2294137cfa06e9f3b32fbac0b720978,gx-no-cache=1648751869796 HTTP/1.1" 200 53
181.212.43.89 - - [31/Mar/2022:15:50:15 -0300] "POST /cormun/servlet/solicitudot?gx-no-cache=1648751869825 HTTP/1.1" 200 240
181.212.43.89 - - [31/Mar/2022:15:50:15 -0300] "GET /cormun/servlet/solicitudot?eb515dcf8a86776411c9e8e8f3eb7082f9e5f7d69735ca62efb5818e28be4e5daf04e8ea4c062d46ddc43f32b61ff046b5b07801d826a881d975dad592abd4ca7377c63053e01a80204ab6edfe085b2f53c2a856424654ffb11e1be768a0e66f6c3260b144f39b3afcae75b5a2d8a6950fa44c6946aeadc72cce5bb1171de00897342e1ff65b349a05211ec8dbbb4dacede55e04dc875d249fd2d0bf5ebd456a9b3572cd8ae71e999f96ef65a7c33c7d6330115f4fedddf933bd9bd1e91a0f3479ef3d31f80a1f07e8e059424658b8b4aee98533685e91894b2fbb3d11979a21c6441cf53375ad78930e3065d36bd5010c574708928046025af5ba7542b069dc95b10983b32e8ea4d87038ff08a854f9c5ad462ba3bab921c8ad904924446713fa019646b3a884069b7824d6e399cd71d07c83506f399b65dd8a4e19ca9054fdbbfc591e833b75ca484d6ff1d8e83d78076bbc9d27dab58dd3c61a48e4955b4f67df671e61eed3df9a126c1396169aaa27cde2233a9a8970db0a26647dfa5db4,gx-no-cache=1648751869857 HTTP/1.1" 200 30
181.212.43.89 - - [31/Mar/2022:15:50:16 -0300] "POST /cormun/servlet/solicitudot?gx-no-cache=1648751869884 HTTP/1.1" 200 30
181.212.43.89 - - [31/Mar/2022:15:50:16 -0300] "POST /cormun/servlet/solicitudot?gx-no-cache=1648751869916 HTTP/1.1" 200 1454
181.212.43.89 - - [31/Mar/2022:15:50:16 -0300] "POST /cormun/servlet/solicitudot?gx-no-cache=1648751869994 HTTP/1.1" 200 41
181.212.43.89 - - [31/Mar/2022:15:50:17 -0300] "GET /cormun/servlet/solicitudot?eb515dcf8a86776411c9e8e8f3eb7082d65bfa15c598236ec3fbd955400dc127bbd5e9dccd785b6ac965d584a8daf8ed9857ab9f122dd41df8cec7402bc477888cf05b54bae0e31dd9510c38ae871942a0f2bc6dfdcab85282fe9daedd863425b3f2c4131a48171957ac7b40c8dacaa2,gx-no-cache=1648751871332 HTTP/1.1" 200 110
181.212.43.89 - - [31/Mar/2022:15:50:17 -0300] "POST /cormun/servlet/solicitudot?gx-no-cache=1648751871412 HTTP/1.1" 200 97
181.212.43.89 - - [31/Mar/2022:15:50:18 -0300] "GET /cormun/servlet/solicitudot?eb515dcf8a86776411c9e8e8f3eb70824d9ab52e2522eec93470a2433c4c3db95a70be81505550ed740052aecc30d4e61b47f8a864d6e122445d27e6d029806d3509ff79dc08e6d5af63078e4efff3bcb98741c96356437ea8c3e7a4acaf36ede0dba2ae3dfe82e4fddb0befddce520a6e1e90dd406d28b3cf2d274c30e74e710fc77a0be123fcc0f8d78dac7b2bad750f697867d8bf0893c1589822be7fb7998029d8cbc4d7afc64a4bf7e43d824aef1d40a81007196cf44101b01437ea2845577a6ab7a72638d6e2a71c0be63dbe3e,gx-no-cache=1648751872846 HTTP/1.1" 200 30
200.54.103.162 - - [31/Mar/2022:15:50:22 -0300] "GET /cormun/servlet/trpermisosadjuntos?8481768,20220331154901,P, HTTP/1.1" 200 6473
200.54.103.162 - - [31/Mar/2022:15:50:23 -0300] "GET /cormun/servlet/trpermisosadjuntos?8481768,20220331154901,P, HTTP/1.1" 200 6472
200.54.103.162 - - [31/Mar/2022:15:50:24 -0300] "GET /cormun/servlet/permisosadjuntos?INS,8481768,P,20220331154901,, HTTP/1.1" 200 5980
200.54.103.162 - - [31/Mar/2022:15:50:25 -0300] "GET /cormun/static/about:blank HTTP/1.1" 404 1011
200.54.103.162 - - [31/Mar/2022:15:50:25 -0300] "GET /cormun/servlet/permisosadjuntos?INS,8481768,P,20220331154901,, HTTP/1.1" 200 5969
191.125.174.93 - - [31/Mar/2022:15:50:26 -0300] "GET /cormun/servlet/trcontratoobservacion? HTTP/1.1" 200 5307
191.125.174.93 - - [31/Mar/2022:15:50:27 -0300] "GET /cormun/static/gxcfg.js?2020121604219 HTTP/1.1" 200 953
191.125.174.93 - - [31/Mar/2022:15:50:28 -0300] "GET /cormun/static/trcontratoobservacion.js?2020121604638 HTTP/1.1" 200 25148
191.125.174.93 - - [31/Mar/2022:15:50:28 -0300] "GET /cormun/servlet/hlogin HTTP/1.1" 200 1748
191.125.174.93 - - [31/Mar/2022:15:50:28 -0300] "GET /cormun/servlet/trcontratoobservacion? HTTP/1.1" 200 5302
191.125.174.93 - - [31/Mar/2022:15:50:32 -0300] "GET /cormun/servlet/solicitudotadjuntos?INS,2022,18381,,1, HTTP/1.1" 200 5395
191.125.174.93 - - [31/Mar/2022:15:50:33 -0300] "GET /cormun/servlet/trsolicitudadjuntos?2022,18381, HTTP/1.1" 200 9249
191.125.174.93 - - [31/Mar/2022:15:50:33 -0300] "GET /cormun/servlet/solicitudotadjuntos?INS,2022,18381,,1, HTTP/1.1" 200 5395
200.54.103.162 - - [31/Mar/2022:15:50:33 -0300] "POST /cormun/servlet/permisosadjuntos?a00c2c3523d8bd28872d3fd03c1b629c,INS,8481768,P,20220331154901,, HTTP/1.1" 200 116
191.125.174.93 - - [31/Mar/2022:15:50:33 -0300] "GET /cormun/servlet/trsolicitudadjuntos?2022,18381, HTTP/1.1" 200 9246
200.54.103.162 - - [31/Mar/2022:15:50:33 -0300] "GET /cormun/servlet/hpexe_return? HTTP/1.1" 200 1038
200.54.103.162 - - [31/Mar/2022:15:50:34 -0300] "GET /cormun/servlet/trpermisosadjuntos?8481768,20220331154901,P, HTTP/1.1" 200 7027
191.125.174.93 - - [31/Mar/2022:15:50:34 -0300] "GET /cormun/static/about:blank HTTP/1.1" 404 1011
191.125.174.93 - - [31/Mar/2022:15:50:34 -0300] "GET /cormun/servlet/solicitudotadjuntos?INS,2022,18381,,1, HTTP/1.1" 200 5444
191.125.174.93 - - [31/Mar/2022:15:50:34 -0300] "GET /cormun/servlet/trsolicitudadjuntos?2022,18381, HTTP/1.1" 200 9310
200.54.103.162 - - [31/Mar/2022:15:50:34 -0300] "GET /cormun/servlet/trpermisosadjuntos?8481768,20220331154901,P, HTTP/1.1" 200 7028
191.125.174.93 - - [31/Mar/2022:15:50:34 -0300] "GET /cormun/servlet/trsolicitudot? HTTP/1.1" 200 6506
191.125.174.93 - - [31/Mar/2022:15:50:34 -0300] "GET /cormun/servlet/solicitudotadjuntos?847cfb9c8c0330989742bdfd18d469a957836d7f403e3c2a709f94fffa42069ae6195d73b0045bcb2f5911a897b13f8a,gx-no-cache=1648751887178 HTTP/1.1" 200 30
191.125.174.93 - - [31/Mar/2022:15:50:36 -0300] "GET /cormun/servlet/trsolicitudadjuntos?2022,18381, HTTP/1.1" 200 9305
191.125.174.93 - - [31/Mar/2022:15:50:36 -0300] "POST /cormun/servlet/solicitudotadjuntos?3f2f7af5781b738de895c7d4eb39b5cf,INS,2022,18381,,1, HTTP/1.1" 200 5292
191.125.174.93 - - [31/Mar/2022:15:50:36 -0300] "GET /cormun/servlet/trsolicitudadjuntos?2022,18381, HTTP/1.1" 200 9306
191.125.174.93 - - [31/Mar/2022:15:50:37 -0300] "GET /cormun/servlet/hlogin HTTP/1.1" 200 1759
191.125.174.93 - - [31/Mar/2022:15:50:37 -0300] "GET /cormun//static/Resources/PXToolsActionDisabled.gif HTTP/1.1" 200 53
181.212.43.89 - - [31/Mar/2022:15:50:39 -0300] "GET /cormun/servlet/solicitudot?eb515dcf8a86776411c9e8e8f3eb7082ef6b236a3c587f8ca85113507e6dcbf14069a14afb37c61bf4dd8f5821a30e1f,gx-no-cache=1648751893802 HTTP/1.1" 200 30
181.212.43.89 - - [31/Mar/2022:15:50:39 -0300] "POST /cormun/servlet/solicitudot?gx-no-cache=1648751893838 HTTP/1.1" 200 34
181.212.43.89 - - [31/Mar/2022:15:50:40 -0300] "POST /cormun/servlet/solicitudot?0208deb252c04044dc8468eacdcf7c3d,UPD,2022,18384,false,,gx-no-cache=1648751893872 HTTP/1.1" 200 93
181.212.43.89 - - [31/Mar/2022:15:50:40 -0300] "GET /cormun/servlet/hpexe_return? HTTP/1.1" 200 1008
181.212.43.89 - - [31/Mar/2022:15:50:40 -0300] "GET /cormun/servlet/trsolicitudot HTTP/1.1" 200 8679
181.212.43.89 - - [31/Mar/2022:15:50:41 -0300] "GET /cormun/servlet/trsolicitudot HTTP/1.1" 200 8675
200.54.103.162 - - [31/Mar/2022:15:50:41 -0300] "GET /cormun/servlet/trpermisosgoce? HTTP/1.1" 200 11746
200.54.103.162 - - [31/Mar/2022:15:50:41 -0300] "GET /cormun/servlet/trpermisosgoce? HTTP/1.1" 200 11754
200.54.103.162 - - [31/Mar/2022:15:50:45 -0300] "GET /cormun/servlet/trpermisosadjuntos?17138656,20220331154837,P, HTTP/1.1" 200 6480
200.54.103.162 - - [31/Mar/2022:15:50:46 -0300] "GET /cormun/servlet/trpermisosadjuntos?17138656,20220331154837,P, HTTP/1.1" 200 6480
200.54.103.162 - - [31/Mar/2022:15:50:47 -0300] "GET /cormun/servlet/permisosadjuntos?INS,17138656,P,20220331154837,, HTTP/1.1" 200 5987
200.54.103.162 - - [31/Mar/2022:15:50:47 -0300] "GET /cormun/static/about:blank HTTP/1.1" 404 1011
200.54.103.162 - - [31/Mar/2022:15:50:47 -0300] "GET /cormun/servlet/permisosadjuntos?INS,17138656,P,20220331154837,, HTTP/1.1" 200 5976
181.212.43.89 - - [31/Mar/2022:15:50:52 -0300] "POST /cormun/servlet/trsolicitudot?0208deb252c04044dc8468eacdcf7c3d,gx-no-cache=1648751906463 HTTP/1.1" 200 107
181.212.43.89 - - [31/Mar/2022:15:50:52 -0300] "GET /cormun/servlet/trsolicitudadjuntos?2022,18384, HTTP/1.1" 200 6103
181.212.43.89 - - [31/Mar/2022:15:50:53 -0300] "GET /cormun/servlet/trsolicitudadjuntos?2022,18384, HTTP/1.1" 200 6103
200.54.103.162 - - [31/Mar/2022:15:50:54 -0300] "POST /cormun/servlet/permisosadjuntos?a00c2c3523d8bd28872d3fd03c1b629c,INS,17138656,P,20220331154837,, HTTP/1.1" 200 116
200.54.103.162 - - [31/Mar/2022:15:50:54 -0300] "GET /cormun/servlet/hpexe_return? HTTP/1.1" 200 1040
200.54.103.162 - - [31/Mar/2022:15:50:55 -0300] "GET /cormun/servlet/trpermisosadjuntos?17138656,20220331154837,P, HTTP/1.1" 200 7034
200.54.103.162 - - [31/Mar/2022:15:50:55 -0300] "GET /cormun/servlet/trpermisosadjuntos?17138656,20220331154837,P, HTTP/1.1" 200 7036
181.212.43.89 - - [31/Mar/2022:15:50:55 -0300] "GET /cormun/servlet/solicitudotadjuntos?INS,2022,18384,,1, HTTP/1.1" 200 6047
181.212.43.89 - - [31/Mar/2022:15:50:55 -0300] "GET /cormun/static/about:blank HTTP/1.1" 404 1011
181.212.43.89 - - [31/Mar/2022:15:50:56 -0300] "GET /cormun/servlet/solicitudotadjuntos?INS,2022,18384,,1, HTTP/1.1" 200 6041
181.212.43.89 - - [31/Mar/2022:15:50:56 -0300] "GET /cormun/servlet/solicitudotadjuntos?eb515dcf8a86776411c9e8e8f3eb708208ee1008e9817106650d49ff5c447ad6acfb01561578540885d6f8ed2c674180,gx-no-cache=1648751910446 HTTP/1.1" 200 30
181.212.43.89 - - [31/Mar/2022:15:50:56 -0300] "POST /cormun/servlet/solicitudotadjuntos?0208deb252c04044dc8468eacdcf7c3d,INS,2022,18384,,1,,gx-no-cache=1648751910473 HTTP/1.1" 200 3912
200.54.103.162 - - [31/Mar/2022:15:50:58 -0300] "GET /cormun/servlet/trpermisosgoce? HTTP/1.1" 200 11742
200.54.103.162 - - [31/Mar/2022:15:50:59 -0300] "GET /cormun/servlet/trpermisosgoce? HTTP/1.1" 200 11748
181.212.43.89 - - [31/Mar/2022:15:50:59 -0300] "POST /cormun/servlet/solicitudotadjuntos?gx-no-cache=1648751913226 HTTP/1.1" 200 26
200.54.103.162 - - [31/Mar/2022:15:51:01 -0300] "GET /cormun/servlet/trpermisosadjuntos?14546010,20220331154946,P, HTTP/1.1" 200 6478
200.54.103.162 - - [31/Mar/2022:15:51:01 -0300] "GET /cormun/servlet/trpermisosadjuntos?14546010,20220331154946,P, HTTP/1.1" 200 6478
200.54.103.162 - - [31/Mar/2022:15:51:03 -0300] "GET /cormun/servlet/permisosadjuntos?INS,14546010,P,20220331154946,, HTTP/1.1" 200 5986
200.54.103.162 - - [31/Mar/2022:15:51:03 -0300] "GET /cormun/static/about:blank HTTP/1.1" 404 1011
200.54.103.162 - - [31/Mar/2022:15:51:03 -0300] "GET /cormun/servlet/permisosadjuntos?INS,14546010,P,20220331154946,, HTTP/1.1" 200 5976
181.212.43.89 - - [31/Mar/2022:15:51:12 -0300] "GET /cormun/servlet/solicitudotadjuntos?eb515dcf8a86776411c9e8e8f3eb708204b51cecae1ebef1ab0536c331ddecfa,gx-no-cache=1648751926440 HTTP/1.1" 200 30
181.212.43.89 - - [31/Mar/2022:15:51:12 -0300] "GET /cormun/servlet/solicitudotadjuntos?eb515dcf8a86776411c9e8e8f3eb708204b51cecae1ebef1ab0536c331ddecfa,gx-no-cache=1648751926463 HTTP/1.1" 200 30
200.54.103.162 - - [31/Mar/2022:15:51:13 -0300] "POST /cormun/servlet/permisosadjuntos?a00c2c3523d8bd28872d3fd03c1b629c,INS,14546010,P,20220331154946,, HTTP/1.1" 200 116
200.54.103.162 - - [31/Mar/2022:15:51:13 -0300] "GET /cormun/servlet/hpexe_return? HTTP/1.1" 200 1040
200.54.103.162 - - [31/Mar/2022:15:51:13 -0300] "GET /cormun/servlet/trpermisosadjuntos?14546010,20220331154946,P, HTTP/1.1" 200 7036
200.54.103.162 - - [31/Mar/2022:15:51:14 -0300] "GET /cormun/servlet/trpermisosadjuntos?14546010,20220331154946,P, HTTP/1.1" 200 7031
181.212.43.89 - - [31/Mar/2022:15:51:14 -0300] "POST /cormun/servlet/solicitudotadjuntos?0208deb252c04044dc8468eacdcf7c3d,INS,2022,18384,,1, HTTP/1.1" 200 116
181.212.43.89 - - [31/Mar/2022:15:51:14 -0300] "GET /cormun/servlet/hpexe_return? HTTP/1.1" 200 1020
181.212.43.89 - - [31/Mar/2022:15:51:15 -0300] "GET /cormun/servlet/trsolicitudadjuntos?2022,18384, HTTP/1.1" 200 8909
181.212.43.89 - - [31/Mar/2022:15:51:15 -0300] "GET /cormun/servlet/trsolicitudadjuntos?2022,18384, HTTP/1.1" 200 8904
200.54.103.162 - - [31/Mar/2022:15:51:16 -0300] "GET /cormun/servlet/trpermisosgoce? HTTP/1.1" 200 11755
200.54.103.162 - - [31/Mar/2022:15:51:16 -0300] "GET /cormun/servlet/trpermisosgoce? HTTP/1.1" 200 11754
181.212.43.89 - - [31/Mar/2022:15:51:17 -0300] "GET /cormun/servlet/solicitudotadjuntos?INS,2022,18384,,1, HTTP/1.1" 200 6048
181.212.43.89 - - [31/Mar/2022:15:51:18 -0300] "GET /cormun/static/about:blank HTTP/1.1" 404 1011
181.212.43.89 - - [31/Mar/2022:15:51:18 -0300] "GET /cormun/servlet/solicitudotadjuntos?INS,2022,18384,,1, HTTP/1.1" 200 6041
181.212.43.89 - - [31/Mar/2022:15:51:19 -0300] "GET /cormun/servlet/solicitudotadjuntos?eb515dcf8a86776411c9e8e8f3eb708208ee1008e9817106650d49ff5c447ad6acfb01561578540885d6f8ed2c674180,gx-no-cache=1648751933077 HTTP/1.1" 200 30
181.212.43.89 - - [31/Mar/2022:15:51:19 -0300] "POST /cormun/servlet/solicitudotadjuntos?0208deb252c04044dc8468eacdcf7c3d,INS,2022,18384,,1,,gx-no-cache=1648751933105 HTTP/1.1" 200 3912
200.54.103.162 - - [31/Mar/2022:15:51:19 -0300] "GET /cormun/servlet/trpermisosadjuntos?17199981,20220331154925,P, HTTP/1.1" 200 6484
200.54.103.162 - - [31/Mar/2022:15:51:20 -0300] "GET /cormun/servlet/trpermisosadjuntos?17199981,20220331154925,P, HTTP/1.1" 200 6484
181.212.43.89 - - [31/Mar/2022:15:51:20 -0300] "POST /cormun/servlet/solicitudotadjuntos?gx-no-cache=1648751934637 HTTP/1.1" 200 26
200.54.103.162 - - [31/Mar/2022:15:51:21 -0300] "GET /cormun/servlet/permisosadjuntos?INS,17199981,P,20220331154925,, HTTP/1.1" 200 5992
200.54.103.162 - - [31/Mar/2022:15:51:21 -0300] "GET /cormun/static/about:blank HTTP/1.1" 404 1011
200.54.103.162 - - [31/Mar/2022:15:51:21 -0300] "GET /cormun/servlet/permisosadjuntos?INS,17199981,P,20220331154925,, HTTP/1.1" 200 5980
181.212.43.89 - - [31/Mar/2022:15:51:27 -0300] "GET /cormun/servlet/solicitudotadjuntos?eb515dcf8a86776411c9e8e8f3eb708204b51cecae1ebef1ab0536c331ddecfa,gx-no-cache=1648751941052 HTTP/1.1" 200 30
181.212.43.89 - - [31/Mar/2022:15:51:27 -0300] "GET /cormun/servlet/solicitudotadjuntos?eb515dcf8a86776411c9e8e8f3eb708204b51cecae1ebef1ab0536c331ddecfa,gx-no-cache=1648751941071 HTTP/1.1" 200 30
181.212.43.89 - - [31/Mar/2022:15:51:27 -0300] "POST /cormun/servlet/solicitudotadjuntos?0208deb252c04044dc8468eacdcf7c3d,INS,2022,18384,,1, HTTP/1.1" 200 116
181.212.43.89 - - [31/Mar/2022:15:51:27 -0300] "GET /cormun/servlet/hpexe_return? HTTP/1.1" 200 1020
181.212.43.89 - - [31/Mar/2022:15:51:28 -0300] "GET /cormun/servlet/trsolicitudadjuntos?2022,18384, HTTP/1.1" 200 9146
181.212.43.89 - - [31/Mar/2022:15:51:29 -0300] "GET /cormun/servlet/trsolicitudadjuntos?2022,18384, HTTP/1.1" 200 9145
200.54.103.162 - - [31/Mar/2022:15:51:32 -0300] "POST /cormun/servlet/permisosadjuntos?a00c2c3523d8bd28872d3fd03c1b629c,INS,17199981,P,20220331154925,, HTTP/1.1" 200 116
200.54.103.162 - - [31/Mar/2022:15:51:32 -0300] "GET /cormun/servlet/hpexe_return? HTTP/1.1" 200 1039
181.212.43.89 - - [31/Mar/2022:15:51:32 -0300] "GET /cormun/servlet/solicitudotadjuntos?INS,2022,18384,,1, HTTP/1.1" 200 6048
200.54.103.162 - - [31/Mar/2022:15:51:32 -0300] "GET /cormun/servlet/trpermisosadjuntos?17199981,20220331154925,P, HTTP/1.1" 200 7036
181.212.43.89 - - [31/Mar/2022:15:51:32 -0300] "GET /cormun/static/about:blank HTTP/1.1" 404 1011
181.212.43.89 - - [31/Mar/2022:15:51:33 -0300] "GET /cormun/servlet/solicitudotadjuntos?INS,2022,18384,,1, HTTP/1.1" 200 6041
200.54.103.162 - - [31/Mar/2022:15:51:33 -0300] "GET /cormun/servlet/trpermisosadjuntos?17199981,20220331154925,P, HTTP/1.1" 200 7039
181.212.43.89 - - [31/Mar/2022:15:51:33 -0300] "GET /cormun/servlet/solicitudotadjuntos?eb515dcf8a86776411c9e8e8f3eb708208ee1008e9817106650d49ff5c447ad6acfb01561578540885d6f8ed2c674180,gx-no-cache=1648751947378 HTTP/1.1" 200 30
181.212.43.89 - - [31/Mar/2022:15:51:33 -0300] "POST /cormun/servlet/solicitudotadjuntos?0208deb252c04044dc8468eacdcf7c3d,INS,2022,18384,,1,,gx-no-cache=1648751947414 HTTP/1.1" 200 3912
181.212.43.89 - - [31/Mar/2022:15:51:35 -0300] "POST /cormun/servlet/solicitudotadjuntos?gx-no-cache=1648751949566 HTTP/1.1" 200 26
200.54.103.162 - - [31/Mar/2022:15:51:36 -0300] "GET /cormun/servlet/trpermisosgoce? HTTP/1.1" 200 11757
200.54.103.162 - - [31/Mar/2022:15:51:37 -0300] "GET /cormun/servlet/trpermisosgoce? HTTP/1.1" 200 11752
181.212.43.89 - - [31/Mar/2022:15:51:44 -0300] "GET /cormun/servlet/solicitudotadjuntos?eb515dcf8a86776411c9e8e8f3eb708204b51cecae1ebef1ab0536c331ddecfa,gx-no-cache=1648751958096 HTTP/1.1" 200 30
181.212.43.89 - - [31/Mar/2022:15:51:44 -0300] "GET /cormun/servlet/solicitudotadjuntos?eb515dcf8a86776411c9e8e8f3eb708204b51cecae1ebef1ab0536c331ddecfa,gx-no-cache=1648751958114 HTTP/1.1" 200 30
181.212.43.89 - - [31/Mar/2022:15:51:44 -0300] "POST /cormun/servlet/solicitudotadjuntos?0208deb252c04044dc8468eacdcf7c3d,INS,2022,18384,,1, HTTP/1.1" 200 116
181.212.43.89 - - [31/Mar/2022:15:51:44 -0300] "GET /cormun/servlet/hpexe_return? HTTP/1.1" 200 1020
181.212.43.89 - - [31/Mar/2022:15:51:45 -0300] "GET /cormun/servlet/trsolicitudadjuntos?2022,18384, HTTP/1.1" 200 9329
200.54.103.162 - - [31/Mar/2022:15:51:45 -0300] "GET /cormun/servlet/trpermisosadjuntos?17199981,20220331154925,P, HTTP/1.1" 200 7036
200.54.103.162 - - [31/Mar/2022:15:51:46 -0300] "GET /cormun/servlet/trpermisosadjuntos?17199981,20220331154925,P, HTTP/1.1" 200 7039
181.212.43.89 - - [31/Mar/2022:15:51:46 -0300] "GET /cormun/servlet/trsolicitudadjuntos?2022,18384, HTTP/1.1" 200 9328
181.212.43.89 - - [31/Mar/2022:15:51:48 -0300] "GET /cormun/servlet/solicitudotadjuntos?INS,2022,18384,,1, HTTP/1.1" 200 6048
181.212.43.89 - - [31/Mar/2022:15:51:49 -0300] "GET /cormun/static/about:blank HTTP/1.1" 404 1011
181.212.43.89 - - [31/Mar/2022:15:51:49 -0300] "GET /cormun/servlet/solicitudotadjuntos?INS,2022,18384,,1, HTTP/1.1" 200 6041
181.212.43.89 - - [31/Mar/2022:15:51:49 -0300] "GET /cormun/servlet/solicitudotadjuntos?eb515dcf8a86776411c9e8e8f3eb708208ee1008e9817106650d49ff5c447ad6acfb01561578540885d6f8ed2c674180,gx-no-cache=1648751963459 HTTP/1.1" 200 30
181.212.43.89 - - [31/Mar/2022:15:51:49 -0300] "POST /cormun/servlet/solicitudotadjuntos?0208deb252c04044dc8468eacdcf7c3d,INS,2022,18384,,1,,gx-no-cache=1648751963488 HTTP/1.1" 200 3912
200.54.103.162 - - [31/Mar/2022:15:51:54 -0300] "GET /cormun/servlet/trpermisosgoce? HTTP/1.1" 200 11759
200.54.103.162 - - [31/Mar/2022:15:51:54 -0300] "GET /cormun/servlet/trpermisosgoce? HTTP/1.1" 200 11748
181.212.43.89 - - [31/Mar/2022:15:52:00 -0300] "POST /cormun/servlet/solicitudotadjuntos?gx-no-cache=1648751974798 HTTP/1.1" 200 26
200.54.103.162 - - [31/Mar/2022:15:52:03 -0300] "GET /cormun/servlet/trpermisosadjuntos?17199981,20220331154925,P, HTTP/1.1" 200 7037
200.54.103.162 - - [31/Mar/2022:15:52:03 -0300] "GET /cormun/servlet/trpermisosadjuntos?17199981,20220331154925,P, HTTP/1.1" 200 7039
200.54.103.162 - - [31/Mar/2022:15:52:07 -0300] "GET /cormun/servlet/trpermisosgoce? HTTP/1.1" 200 11757
200.54.103.162 - - [31/Mar/2022:15:52:07 -0300] "GET /cormun/servlet/trpermisosgoce? HTTP/1.1" 200 11748
181.212.43.89 - - [31/Mar/2022:15:52:08 -0300] "GET /cormun/servlet/solicitudotadjuntos?eb515dcf8a86776411c9e8e8f3eb708204b51cecae1ebef1ab0536c331ddecfa,gx-no-cache=1648751982440 HTTP/1.1" 200 30
181.212.43.89 - - [31/Mar/2022:15:52:08 -0300] "GET /cormun/servlet/solicitudotadjuntos?eb515dcf8a86776411c9e8e8f3eb708204b51cecae1ebef1ab0536c331ddecfa,gx-no-cache=1648751982465 HTTP/1.1" 200 30
181.212.43.89 - - [31/Mar/2022:15:52:08 -0300] "POST /cormun/servlet/solicitudotadjuntos?0208deb252c04044dc8468eacdcf7c3d,INS,2022,18384,,1, HTTP/1.1" 200 116
181.212.43.89 - - [31/Mar/2022:15:52:08 -0300] "GET /cormun/servlet/hpexe_return? HTTP/1.1" 200 1020
181.212.43.89 - - [31/Mar/2022:15:52:09 -0300] "GET /cormun/servlet/trsolicitudadjuntos?2022,18384, HTTP/1.1" 200 9627
181.212.43.89 - - [31/Mar/2022:15:52:10 -0300] "GET /cormun/servlet/trsolicitudadjuntos?2022,18384, HTTP/1.1" 200 9623
200.54.103.162 - - [31/Mar/2022:15:52:11 -0300] "GET /cormun/servlet/trpermisosadjuntos?12516844,20220331155008,P, HTTP/1.1" 200 6476
200.54.103.162 - - [31/Mar/2022:15:52:11 -0300] "GET /cormun/servlet/trpermisosadjuntos?12516844,20220331155008,P, HTTP/1.1" 200 6477
200.54.103.162 - - [31/Mar/2022:15:52:12 -0300] "GET /cormun/servlet/permisosadjuntos?INS,12516844,P,20220331155008,, HTTP/1.1" 200 5984
200.54.103.162 - - [31/Mar/2022:15:52:13 -0300] "GET /cormun/static/about:blank HTTP/1.1" 404 1011
200.54.103.162 - - [31/Mar/2022:15:52:13 -0300] "GET /cormun/servlet/permisosadjuntos?INS,12516844,P,20220331155008,, HTTP/1.1" 200 5974
181.212.43.89 - - [31/Mar/2022:15:52:16 -0300] "GET /cormun/servlet/solicitudotadjuntos?INS,2022,18384,,2, HTTP/1.1" 200 6044
181.212.43.89 - - [31/Mar/2022:15:52:17 -0300] "GET /cormun/static/about:blank HTTP/1.1" 404 1011
181.212.43.89 - - [31/Mar/2022:15:52:17 -0300] "GET /cormun/servlet/solicitudotadjuntos?INS,2022,18384,,2, HTTP/1.1" 200 6038
181.212.43.89 - - [31/Mar/2022:15:52:17 -0300] "GET /cormun/servlet/solicitudotadjuntos?eb515dcf8a86776411c9e8e8f3eb708208ee1008e9817106650d49ff5c447ad6acfb01561578540885d6f8ed2c674180,gx-no-cache=1648751991855 HTTP/1.1" 200 30
181.212.43.89 - - [31/Mar/2022:15:52:18 -0300] "POST /cormun/servlet/solicitudotadjuntos?0208deb252c04044dc8468eacdcf7c3d,INS,2022,18384,,2,,gx-no-cache=1648751991883 HTTP/1.1" 200 4054
200.54.103.162 - - [31/Mar/2022:15:52:21 -0300] "POST /cormun/servlet/permisosadjuntos?a00c2c3523d8bd28872d3fd03c1b629c,INS,12516844,P,20220331155008,, HTTP/1.1" 200 116
200.54.103.162 - - [31/Mar/2022:15:52:21 -0300] "GET /cormun/servlet/hpexe_return? HTTP/1.1" 200 1040
200.54.103.162 - - [31/Mar/2022:15:52:21 -0300] "GET /cormun/servlet/trpermisosadjuntos?12516844,20220331155008,P, HTTP/1.1" 200 7038
200.54.103.162 - - [31/Mar/2022:15:52:21 -0300] "GET /cormun/servlet/trpermisosadjuntos?12516844,20220331155008,P, HTTP/1.1" 200 7033
200.54.103.162 - - [31/Mar/2022:15:52:26 -0300] "GET /cormun/servlet/trpermisosgoce? HTTP/1.1" 200 11763
200.54.103.162 - - [31/Mar/2022:15:52:26 -0300] "GET /cormun/servlet/trpermisosgoce? HTTP/1.1" 200 11750
200.54.103.162 - - [31/Mar/2022:15:52:33 -0300] "GET /cormun/servlet/trpermisosadjuntos?11364480,20220331155035,P, HTTP/1.1" 200 6478
200.54.103.162 - - [31/Mar/2022:15:52:33 -0300] "GET /cormun/servlet/trpermisosadjuntos?11364480,20220331155035,P, HTTP/1.1" 200 6479
200.54.103.162 - - [31/Mar/2022:15:52:35 -0300] "GET /cormun/servlet/permisosadjuntos?INS,11364480,P,20220331155035,, HTTP/1.1" 200 5985
200.54.103.162 - - [31/Mar/2022:15:52:35 -0300] "GET /cormun/static/about:blank HTTP/1.1" 404 1011
200.54.103.162 - - [31/Mar/2022:15:52:35 -0300] "GET /cormun/servlet/permisosadjuntos?INS,11364480,P,20220331155035,, HTTP/1.1" 200 5975
200.54.103.162 - - [31/Mar/2022:15:52:43 -0300] "POST /cormun/servlet/permisosadjuntos?a00c2c3523d8bd28872d3fd03c1b629c,INS,11364480,P,20220331155035,, HTTP/1.1" 200 116
200.54.103.162 - - [31/Mar/2022:15:52:43 -0300] "GET /cormun/servlet/hpexe_return? HTTP/1.1" 200 1039
200.54.103.162 - - [31/Mar/2022:15:52:44 -0300] "GET /cormun/servlet/trpermisosadjuntos?11364480,20220331155035,P, HTTP/1.1" 200 7029
200.54.103.162 - - [31/Mar/2022:15:52:44 -0300] "GET /cormun/servlet/trpermisosadjuntos?11364480,20220331155035,P, HTTP/1.1" 200 7025
200.54.103.162 - - [31/Mar/2022:15:52:48 -0300] "GET /cormun/servlet/trpermisosgoce? HTTP/1.1" 200 11752
200.54.103.162 - - [31/Mar/2022:15:52:48 -0300] "GET /cormun/servlet/trpermisosgoce? HTTP/1.1" 200 11746
200.54.103.162 - - [31/Mar/2022:15:52:52 -0300] "POST /cormun/servlet/trpermisosgoce?a00c2c3523d8bd28872d3fd03c1b629c,,gx-no-cache=1648734055178 HTTP/1.1" 200 9013
200.54.103.162 - - [31/Mar/2022:15:52:52 -0300] "GET /cormun/static/Shared/jqueryui/images/ui-icons_82798d_256x240.png HTTP/1.1" 404 1089
200.54.103.162 - - [31/Mar/2022:15:52:52 -0300] "GET /cormun/static/Shared/jqueryui/images/ui-bg_highlight-soft_100_c6c2c8_1x100.png HTTP/1.1" 404 1117
200.54.103.162 - - [31/Mar/2022:15:52:52 -0300] "GET /cormun/static/Shared/jqueryui/images/ui-icons_8d78a5_256x240.png HTTP/1.1" 404 1089
200.54.103.162 - - [31/Mar/2022:15:52:52 -0300] "GET /cormun/static/Shared/jqueryui/images/ui-bg_flat_55_fafafa_40x100.png HTTP/1.1" 404 1097
190.171.141.106 - - [31/Mar/2022:15:52:54 -0300] "GET /cormun/servlet/trlicencias? HTTP/1.1" 200 9371
190.171.141.106 - - [31/Mar/2022:15:52:55 -0300] "GET /cormun/servlet/hlogin HTTP/1.1" 200 1737
190.171.141.106 - - [31/Mar/2022:15:52:55 -0300] "GET /cormun/servlet/trlicencias? HTTP/1.1" 200 9383
200.54.103.162 - - [31/Mar/2022:15:52:57 -0300] "POST /cormun/servlet/trpermisosgoce?a00c2c3523d8bd28872d3fd03c1b629c,,gx-no-cache=1648734059613 HTTP/1.1" 200 9002
200.54.103.162 - - [31/Mar/2022:15:52:59 -0300] "POST /cormun/servlet/trpermisosgoce?a00c2c3523d8bd28872d3fd03c1b629c,,gx-no-cache=1648734062134 HTTP/1.1" 200 9018
200.54.103.162 - - [31/Mar/2022:15:53:03 -0300] "POST /cormun/servlet/trpermisosgoce?a00c2c3523d8bd28872d3fd03c1b629c,,gx-no-cache=1648734065901 HTTP/1.1" 200 9008
190.171.141.106 - - [31/Mar/2022:15:53:04 -0300] "POST /cormun/servlet/hlogin?651f4ec56a12ff83d6dda3184595c725,gx-no-cache=1648752044563 HTTP/1.1" 200 90
190.171.141.106 - - [31/Mar/2022:15:53:04 -0300] "GET /cormun/servlet/hpexe_link HTTP/1.1" 200 953
190.171.141.106 - - [31/Mar/2022:15:53:05 -0300] "GET /cormun/servlet/trlicencias HTTP/1.1" 200 12796
190.171.141.106 - - [31/Mar/2022:15:53:05 -0300] "GET /cormun/servlet/trlicencias HTTP/1.1" 200 12807
190.171.143.90 - - [31/Mar/2022:15:53:05 -0300] "GET /cormun/servlet/solicitudotadjuntos?1566e6ba7170b3f592c3027fc59fe9166be21aad59f74be83eb49a46c7a008d3,gx-no-cache=1648752039119 HTTP/1.1" 200 30
190.171.143.90 - - [31/Mar/2022:15:53:05 -0300] "GET /cormun/servlet/solicitudotadjuntos?1566e6ba7170b3f592c3027fc59fe9166be21aad59f74be83eb49a46c7a008d3,gx-no-cache=1648752039279 HTTP/1.1" 200 30
190.171.143.90 - - [31/Mar/2022:15:53:05 -0300] "POST /cormun/servlet/solicitudotadjuntos?3ae4165cadd3a640d8c6dd59e9f89ad4,INS,2022,18383,,1, HTTP/1.1" 200 116
190.171.143.90 - - [31/Mar/2022:15:53:05 -0300] "GET /cormun/servlet/hpexe_return? HTTP/1.1" 200 1032
190.171.143.90 - - [31/Mar/2022:15:53:06 -0300] "GET /cormun/servlet/trsolicitudadjuntos?2022,18383, HTTP/1.1" 200 9212
190.171.143.90 - - [31/Mar/2022:15:53:06 -0300] "GET /cormun/servlet/trsolicitudadjuntos?2022,18383, HTTP/1.1" 200 9209
190.171.143.90 - - [31/Mar/2022:15:53:10 -0300] "GET /cormun/servlet/solicitudotadjuntos?INS,2022,18383,,1, HTTP/1.1" 200 6357
200.54.103.162 - - [31/Mar/2022:15:53:10 -0300] "POST /cormun/servlet/trpermisosgoce?a00c2c3523d8bd28872d3fd03c1b629c,,gx-no-cache=1648734072829 HTTP/1.1" 200 9005
190.171.143.90 - - [31/Mar/2022:15:53:10 -0300] "GET /cormun/static/about:blank HTTP/1.1" 404 1011
190.171.143.90 - - [31/Mar/2022:15:53:10 -0300] "GET /cormun/servlet/solicitudotadjuntos?INS,2022,18383,,1, HTTP/1.1" 200 6350
190.171.143.90 - - [31/Mar/2022:15:53:10 -0300] "GET /cormun/servlet/solicitudotadjuntos?1566e6ba7170b3f592c3027fc59fe916c3cc39aa12f2a4b6fcc03a7ecf9b697ffc80496e54d546fce1d6e40ad1774bff,gx-no-cache=1648752044388 HTTP/1.1" 200 30
190.171.143.90 - - [31/Mar/2022:15:53:10 -0300] "POST /cormun/servlet/solicitudotadjuntos?3ae4165cadd3a640d8c6dd59e9f89ad4,INS,2022,18383,,1,,gx-no-cache=1648752044405 HTTP/1.1" 200 4189
200.54.103.162 - - [31/Mar/2022:15:53:13 -0300] "POST /cormun/servlet/trpermisosgoce?a00c2c3523d8bd28872d3fd03c1b629c,,gx-no-cache=1648734076484 HTTP/1.1" 200 8997
190.171.143.90 - - [31/Mar/2022:15:53:15 -0300] "POST /cormun/servlet/solicitudotadjuntos?gx-no-cache=1648752049158 HTTP/1.1" 200 26
200.54.103.162 - - [31/Mar/2022:15:53:16 -0300] "POST /cormun/servlet/trpermisosgoce?a00c2c3523d8bd28872d3fd03c1b629c,,gx-no-cache=1648734079268 HTTP/1.1" 200 9007
200.54.103.162 - - [31/Mar/2022:15:53:19 -0300] "POST /cormun/servlet/trpermisosgoce?a00c2c3523d8bd28872d3fd03c1b629c,,gx-no-cache=1648734081852 HTTP/1.1" 200 8992
190.171.143.90 - - [31/Mar/2022:15:53:26 -0300] "GET /cormun/servlet/solicitudotadjuntos?1566e6ba7170b3f592c3027fc59fe9166be21aad59f74be83eb49a46c7a008d3,gx-no-cache=1648752059605 HTTP/1.1" 200 30
190.171.143.90 - - [31/Mar/2022:15:53:26 -0300] "GET /cormun/servlet/solicitudotadjuntos?1566e6ba7170b3f592c3027fc59fe9166be21aad59f74be83eb49a46c7a008d3,gx-no-cache=1648752059618 HTTP/1.1" 200 30
190.171.143.90 - - [31/Mar/2022:15:53:26 -0300] "POST /cormun/servlet/solicitudotadjuntos?3ae4165cadd3a640d8c6dd59e9f89ad4,INS,2022,18383,,1, HTTP/1.1" 200 116
190.171.143.90 - - [31/Mar/2022:15:53:26 -0300] "GET /cormun/servlet/hpexe_return? HTTP/1.1" 200 1032
190.171.143.90 - - [31/Mar/2022:15:53:26 -0300] "GET /cormun/servlet/trsolicitudadjuntos?2022,18383, HTTP/1.1" 200 9452
190.171.143.90 - - [31/Mar/2022:15:53:26 -0300] "GET /cormun/servlet/trsolicitudadjuntos?2022,18383, HTTP/1.1" 200 9449
190.171.143.90 - - [31/Mar/2022:15:53:28 -0300] "GET /cormun/servlet/solicitudotadjuntos?INS,2022,18383,,1, HTTP/1.1" 200 6356
190.171.143.90 - - [31/Mar/2022:15:53:29 -0300] "GET /cormun/static/about:blank HTTP/1.1" 404 1011
190.171.143.90 - - [31/Mar/2022:15:53:29 -0300] "GET /cormun/servlet/solicitudotadjuntos?INS,2022,18383,,1, HTTP/1.1" 200 6349
190.171.143.90 - - [31/Mar/2022:15:53:29 -0300] "GET /cormun/servlet/solicitudotadjuntos?1566e6ba7170b3f592c3027fc59fe916c3cc39aa12f2a4b6fcc03a7ecf9b697ffc80496e54d546fce1d6e40ad1774bff,gx-no-cache=1648752063128 HTTP/1.1" 200 30
190.171.143.90 - - [31/Mar/2022:15:53:29 -0300] "POST /cormun/servlet/solicitudotadjuntos?3ae4165cadd3a640d8c6dd59e9f89ad4,INS,2022,18383,,1,,gx-no-cache=1648752063145 HTTP/1.1" 200 4187
200.54.103.162 - - [31/Mar/2022:15:53:34 -0300] "GET /cormun/servlet/trpermisosadjuntos?13788520,20220331155058,P, HTTP/1.1" 200 6473
