190.171.141.106 - - [31/Mar/2022:12:18:06 -0300] "GET /cormun/servlet/hpexe_return? HTTP/1.1" 200 1032
190.171.141.106 - - [31/Mar/2022:12:18:07 -0300] "GET /cormun/servlet/trsolicitudadjuntos?2022,18373, HTTP/1.1" 200 10017
190.171.141.106 - - [31/Mar/2022:12:18:07 -0300] "GET /cormun/servlet/trsolicitudadjuntos?2022,18373, HTTP/1.1" 200 10014
190.171.152.114 - - [31/Mar/2022:12:18:10 -0300] "POST /cormun/servlet/solicitudot?gx-no-cache=1648739148774 HTTP/1.1" 200 64
190.171.141.106 - - [31/Mar/2022:12:18:14 -0300] "GET /cormun/servlet/solicitudotadjuntos?INS,2022,18373,,1, HTTP/1.1" 200 6275
190.171.141.106 - - [31/Mar/2022:12:18:14 -0300] "GET /cormun/static/about:blank HTTP/1.1" 404 1011
190.171.141.106 - - [31/Mar/2022:12:18:14 -0300] "GET /cormun/servlet/solicitudotadjuntos?INS,2022,18373,,1, HTTP/1.1" 200 6268
190.171.141.106 - - [31/Mar/2022:12:18:15 -0300] "GET /cormun/servlet/solicitudotadjuntos?533561ca8d14946aea5a42dbfada298a7d58ba7642b88b4c89723b321f3c5dc58fd34c9fccc9ae1db973dab80c16993d,gx-no-cache=1648739242616 HTTP/1.1" 200 30
190.171.141.106 - - [31/Mar/2022:12:18:15 -0300] "POST /cormun/servlet/solicitudotadjuntos?0ee369f38090ecdf946a0e9ec0369946,INS,2022,18373,,1,,gx-no-cache=1648739242648 HTTP/1.1" 200 4190
190.171.152.114 - - [31/Mar/2022:12:18:17 -0300] "GET /cormun/servlet/solicitudot?d2f26d9345ccd5a89eef97e2398502f653d81103bab84db9c805985e0b38fecacff58e0fc540ed881190157c2c474f85f401338a83a187168ffc850086ce4638721843c7b08ef5917b122c29eb0da9a32d422abf707ea7bd5f41d8ef6ea3b300bfa809408a9e3dccb89f13709ee3f32b,gx-no-cache=1648739155917 HTTP/1.1" 200 29
190.171.152.114 - - [31/Mar/2022:12:18:17 -0300] "GET /cormun/static/menuarrow.gif HTTP/1.1" 404 1015
190.171.141.106 - - [31/Mar/2022:12:18:20 -0300] "POST /cormun/servlet/solicitudotadjuntos?gx-no-cache=1648739247914 HTTP/1.1" 200 26
190.171.152.114 - - [31/Mar/2022:12:18:21 -0300] "GET /cormun/servlet/solicitudot?d2f26d9345ccd5a89eef97e2398502f603113846092563b69bb63915c90f37394493deee728e51d7aa3da70772e76c16,gx-no-cache=1648739160060 HTTP/1.1" 200 30
190.171.152.114 - - [31/Mar/2022:12:18:29 -0300] "POST /cormun/servlet/solicitudot?gx-no-cache=1648739167992 HTTP/1.1" 200 30
190.171.141.106 - - [31/Mar/2022:12:18:31 -0300] "GET /cormun/servlet/solicitudotadjuntos?533561ca8d14946aea5a42dbfada298adea332afa9ab766c9d64f89b00f9f291,gx-no-cache=1648739258528 HTTP/1.1" 200 30
190.171.141.106 - - [31/Mar/2022:12:18:31 -0300] "GET /cormun/servlet/solicitudotadjuntos?533561ca8d14946aea5a42dbfada298adea332afa9ab766c9d64f89b00f9f291,gx-no-cache=1648739258539 HTTP/1.1" 200 30
190.171.141.106 - - [31/Mar/2022:12:18:31 -0300] "POST /cormun/servlet/solicitudotadjuntos?0ee369f38090ecdf946a0e9ec0369946,INS,2022,18373,,1, HTTP/1.1" 200 116
190.171.141.106 - - [31/Mar/2022:12:18:31 -0300] "GET /cormun/servlet/hpexe_return? HTTP/1.1" 200 1025
190.171.141.106 - - [31/Mar/2022:12:18:31 -0300] "GET /cormun/servlet/trsolicitudadjuntos?2022,18373, HTTP/1.1" 200 10183
190.171.141.106 - - [31/Mar/2022:12:18:32 -0300] "GET /cormun/servlet/trsolicitudadjuntos?2022,18373, HTTP/1.1" 200 10179
190.171.141.106 - - [31/Mar/2022:12:18:40 -0300] "GET /cormun/servlet/solicitudotadjuntos?INS,2022,18373,,2, HTTP/1.1" 200 6272
190.171.141.106 - - [31/Mar/2022:12:18:40 -0300] "GET /cormun/static/about:blank HTTP/1.1" 404 1011
190.171.141.106 - - [31/Mar/2022:12:18:40 -0300] "GET /cormun/servlet/solicitudotadjuntos?INS,2022,18373,,2, HTTP/1.1" 200 6266
190.171.152.114 - - [31/Mar/2022:12:18:41 -0300] "POST /cormun/servlet/solicitudot?0213a94dccb575cf8354b2e10fec54bb,INS,0,0,false,,gx-no-cache=1648739178544 HTTP/1.1" 200 93
190.171.152.114 - - [31/Mar/2022:12:18:41 -0300] "GET /cormun/servlet/hpexe_return? HTTP/1.1" 200 1006
190.171.152.114 - - [31/Mar/2022:12:18:41 -0300] "GET /cormun/servlet/trsolicitudot HTTP/1.1" 200 12297
190.171.141.106 - - [31/Mar/2022:12:18:41 -0300] "GET /cormun/servlet/solicitudotadjuntos?533561ca8d14946aea5a42dbfada298a7d58ba7642b88b4c89723b321f3c5dc58fd34c9fccc9ae1db973dab80c16993d,gx-no-cache=1648739268833 HTTP/1.1" 200 30
190.171.141.106 - - [31/Mar/2022:12:18:41 -0300] "POST /cormun/servlet/solicitudotadjuntos?0ee369f38090ecdf946a0e9ec0369946,INS,2022,18373,,2,,gx-no-cache=1648739268863 HTTP/1.1" 200 4328
190.171.152.114 - - [31/Mar/2022:12:18:41 -0300] "GET /cormun/servlet/trsolicitudot HTTP/1.1" 200 12292
190.171.141.106 - - [31/Mar/2022:12:18:46 -0300] "POST /cormun/servlet/solicitudotadjuntos?gx-no-cache=1648739274194 HTTP/1.1" 200 26
190.171.152.114 - - [31/Mar/2022:12:18:47 -0300] "POST /cormun/servlet/trsolicitudot?0213a94dccb575cf8354b2e10fec54bb,gx-no-cache=1648739185177 HTTP/1.1" 200 107
190.171.152.114 - - [31/Mar/2022:12:18:47 -0300] "GET /cormun/servlet/trsolicitudadjuntos?2022,18374, HTTP/1.1" 200 6404
190.171.152.114 - - [31/Mar/2022:12:18:47 -0300] "GET /cormun/servlet/trsolicitudadjuntos?2022,18374, HTTP/1.1" 200 6404
190.171.152.114 - - [31/Mar/2022:12:18:50 -0300] "GET /cormun/servlet/solicitudotadjuntos?INS,2022,18374,,1, HTTP/1.1" 200 6349
190.171.152.114 - - [31/Mar/2022:12:18:50 -0300] "GET /cormun/static/about:blank HTTP/1.1" 404 1011
190.171.152.114 - - [31/Mar/2022:12:18:50 -0300] "GET /cormun/servlet/solicitudotadjuntos?INS,2022,18374,,1, HTTP/1.1" 200 6342
190.171.152.114 - - [31/Mar/2022:12:18:50 -0300] "GET /cormun/servlet/solicitudotadjuntos?d2f26d9345ccd5a89eef97e2398502f633bbf46a131e009a7f5cd0048d57115b17dc67b8e36d813a76be89a3277aca9d,gx-no-cache=1648739188929 HTTP/1.1" 200 30
190.171.152.114 - - [31/Mar/2022:12:18:50 -0300] "POST /cormun/servlet/solicitudotadjuntos?0213a94dccb575cf8354b2e10fec54bb,INS,2022,18374,,1,,gx-no-cache=1648739188944 HTTP/1.1" 200 4142
190.171.152.114 - - [31/Mar/2022:12:18:53 -0300] "POST /cormun/servlet/solicitudotadjuntos?gx-no-cache=1648739191363 HTTP/1.1" 200 26
190.171.141.106 - - [31/Mar/2022:12:18:55 -0300] "GET /cormun/servlet/solicitudotadjuntos?533561ca8d14946aea5a42dbfada298adea332afa9ab766c9d64f89b00f9f291,gx-no-cache=1648739282808 HTTP/1.1" 200 30
190.171.141.106 - - [31/Mar/2022:12:18:55 -0300] "GET /cormun/servlet/solicitudotadjuntos?533561ca8d14946aea5a42dbfada298adea332afa9ab766c9d64f89b00f9f291,gx-no-cache=1648739282847 HTTP/1.1" 200 30
190.171.141.106 - - [31/Mar/2022:12:18:55 -0300] "POST /cormun/servlet/solicitudotadjuntos?0ee369f38090ecdf946a0e9ec0369946,INS,2022,18373,,2, HTTP/1.1" 200 116
190.171.141.106 - - [31/Mar/2022:12:18:55 -0300] "GET /cormun/servlet/hpexe_return? HTTP/1.1" 200 1025
190.171.141.106 - - [31/Mar/2022:12:18:56 -0300] "GET /cormun/servlet/trsolicitudadjuntos?2022,18373, HTTP/1.1" 200 10342
190.171.141.106 - - [31/Mar/2022:12:18:56 -0300] "GET /cormun/servlet/trsolicitudadjuntos?2022,18373, HTTP/1.1" 200 10338
190.171.141.106 - - [31/Mar/2022:12:19:02 -0300] "GET /cormun/servlet/solicitudotadjuntos?INS,2022,18373,,2, HTTP/1.1" 200 6272
190.171.141.106 - - [31/Mar/2022:12:19:02 -0300] "GET /cormun/static/about:blank HTTP/1.1" 404 1011
190.171.141.106 - - [31/Mar/2022:12:19:02 -0300] "GET /cormun/servlet/solicitudotadjuntos?INS,2022,18373,,2, HTTP/1.1" 200 6266
190.171.141.106 - - [31/Mar/2022:12:19:03 -0300] "GET /cormun/servlet/solicitudotadjuntos?533561ca8d14946aea5a42dbfada298a7d58ba7642b88b4c89723b321f3c5dc58fd34c9fccc9ae1db973dab80c16993d,gx-no-cache=1648739290901 HTTP/1.1" 200 30
190.171.141.106 - - [31/Mar/2022:12:19:03 -0300] "POST /cormun/servlet/solicitudotadjuntos?0ee369f38090ecdf946a0e9ec0369946,INS,2022,18373,,2,,gx-no-cache=1648739290931 HTTP/1.1" 200 4328
190.171.152.114 - - [31/Mar/2022:12:19:04 -0300] "GET /cormun/servlet/solicitudotadjuntos?d2f26d9345ccd5a89eef97e2398502f6a42c2fcbf81adbc12736ad6eb34f134d,gx-no-cache=1648739202092 HTTP/1.1" 200 30
190.171.152.114 - - [31/Mar/2022:12:19:04 -0300] "GET /cormun/servlet/solicitudotadjuntos?d2f26d9345ccd5a89eef97e2398502f6a42c2fcbf81adbc12736ad6eb34f134d,gx-no-cache=1648739202104 HTTP/1.1" 200 30
190.171.152.114 - - [31/Mar/2022:12:19:04 -0300] "POST /cormun/servlet/solicitudotadjuntos?0213a94dccb575cf8354b2e10fec54bb,INS,2022,18374,,1, HTTP/1.1" 200 116
190.171.152.114 - - [31/Mar/2022:12:19:04 -0300] "GET /cormun/servlet/hpexe_return? HTTP/1.1" 200 1024
190.171.152.114 - - [31/Mar/2022:12:19:04 -0300] "GET /cormun/servlet/trsolicitudadjuntos?2022,18374, HTTP/1.1" 200 9199
190.171.152.114 - - [31/Mar/2022:12:19:04 -0300] "GET /cormun/servlet/trsolicitudadjuntos?2022,18374, HTTP/1.1" 200 9199
190.95.67.97 - - [31/Mar/2022:12:19:05 -0300] "POST /cormun/servlet/solicitudot?gx-no-cache=1648739199598 HTTP/1.1" 200 72
190.171.141.106 - - [31/Mar/2022:12:19:06 -0300] "POST /cormun/servlet/solicitudotadjuntos?gx-no-cache=1648739294072 HTTP/1.1" 200 26
190.95.67.97 - - [31/Mar/2022:12:19:07 -0300] "POST /cormun/servlet/solicitudot?gx-no-cache=1648739202094 HTTP/1.1" 200 33
190.171.152.114 - - [31/Mar/2022:12:19:07 -0300] "GET /cormun/servlet/solicitudotadjuntos?INS,2022,18374,,1, HTTP/1.1" 200 6349
190.171.152.114 - - [31/Mar/2022:12:19:08 -0300] "GET /cormun/static/about:blank HTTP/1.1" 404 1011
190.171.152.114 - - [31/Mar/2022:12:19:08 -0300] "GET /cormun/servlet/solicitudotadjuntos?INS,2022,18374,,1, HTTP/1.1" 200 6342
190.171.152.114 - - [31/Mar/2022:12:19:08 -0300] "GET /cormun/servlet/solicitudotadjuntos?d2f26d9345ccd5a89eef97e2398502f633bbf46a131e009a7f5cd0048d57115b17dc67b8e36d813a76be89a3277aca9d,gx-no-cache=1648739206667 HTTP/1.1" 200 30
190.171.152.114 - - [31/Mar/2022:12:19:08 -0300] "POST /cormun/servlet/solicitudotadjuntos?0213a94dccb575cf8354b2e10fec54bb,INS,2022,18374,,1,,gx-no-cache=1648739206682 HTTP/1.1" 200 4142
190.171.152.114 - - [31/Mar/2022:12:19:11 -0300] "POST /cormun/servlet/solicitudotadjuntos?gx-no-cache=1648739209164 HTTP/1.1" 200 26
190.171.141.106 - - [31/Mar/2022:12:19:14 -0300] "GET /cormun/servlet/solicitudotadjuntos?533561ca8d14946aea5a42dbfada298adea332afa9ab766c9d64f89b00f9f291,gx-no-cache=1648739301992 HTTP/1.1" 200 30
190.171.141.106 - - [31/Mar/2022:12:19:14 -0300] "GET /cormun/servlet/solicitudotadjuntos?533561ca8d14946aea5a42dbfada298adea332afa9ab766c9d64f89b00f9f291,gx-no-cache=1648739302004 HTTP/1.1" 200 30
190.171.141.106 - - [31/Mar/2022:12:19:14 -0300] "POST /cormun/servlet/solicitudotadjuntos?0ee369f38090ecdf946a0e9ec0369946,INS,2022,18373,,2, HTTP/1.1" 200 116
190.171.141.106 - - [31/Mar/2022:12:19:14 -0300] "GET /cormun/servlet/hpexe_return? HTTP/1.1" 200 1025
190.171.141.106 - - [31/Mar/2022:12:19:15 -0300] "GET /cormun/servlet/trsolicitudadjuntos?2022,18373, HTTP/1.1" 200 10492
190.171.141.106 - - [31/Mar/2022:12:19:15 -0300] "GET /cormun/servlet/trsolicitudadjuntos?2022,18373, HTTP/1.1" 200 10494
190.171.142.10 - - [31/Mar/2022:12:19:16 -0300] "GET /cormun/servlet/trsolicitudot? HTTP/1.1" 200 7190
190.171.152.114 - - [31/Mar/2022:12:19:17 -0300] "GET /cormun/servlet/solicitudotadjuntos?d2f26d9345ccd5a89eef97e2398502f6a42c2fcbf81adbc12736ad6eb34f134d,gx-no-cache=1648739215844 HTTP/1.1" 200 30
190.171.152.114 - - [31/Mar/2022:12:19:17 -0300] "GET /cormun/servlet/solicitudotadjuntos?d2f26d9345ccd5a89eef97e2398502f6a42c2fcbf81adbc12736ad6eb34f134d,gx-no-cache=1648739215856 HTTP/1.1" 200 30
190.171.142.10 - - [31/Mar/2022:12:19:17 -0300] "GET /cormun/servlet/trsolicitudot? HTTP/1.1" 200 7190
190.171.152.114 - - [31/Mar/2022:12:19:17 -0300] "POST /cormun/servlet/solicitudotadjuntos?0213a94dccb575cf8354b2e10fec54bb,INS,2022,18374,,1, HTTP/1.1" 200 116
190.171.152.114 - - [31/Mar/2022:12:19:17 -0300] "GET /cormun/servlet/hpexe_return? HTTP/1.1" 200 1024
190.171.152.114 - - [31/Mar/2022:12:19:18 -0300] "GET /cormun/servlet/trsolicitudadjuntos?2022,18374, HTTP/1.1" 200 9442
190.171.152.114 - - [31/Mar/2022:12:19:18 -0300] "GET /cormun/servlet/trsolicitudadjuntos?2022,18374, HTTP/1.1" 200 9441
190.171.142.10 - - [31/Mar/2022:12:19:24 -0300] "GET /cormun/servlet/solicitudot?INS,0,0,false, HTTP/1.1" 200 15701
190.171.141.106 - - [31/Mar/2022:12:19:25 -0300] "GET /cormun/servlet/solicitudotadjuntos?INS,2022,18373,,2, HTTP/1.1" 200 6273
190.171.141.106 - - [31/Mar/2022:12:19:25 -0300] "GET /cormun/static/about:blank HTTP/1.1" 404 1011
190.171.141.106 - - [31/Mar/2022:12:19:25 -0300] "GET /cormun/servlet/solicitudotadjuntos?INS,2022,18373,,2, HTTP/1.1" 200 6267
190.171.142.10 - - [31/Mar/2022:12:19:25 -0300] "GET /cormun/servlet/solicitudot?INS,0,0,false, HTTP/1.1" 200 15709
190.171.141.106 - - [31/Mar/2022:12:19:26 -0300] "GET /cormun/servlet/solicitudotadjuntos?533561ca8d14946aea5a42dbfada298a7d58ba7642b88b4c89723b321f3c5dc58fd34c9fccc9ae1db973dab80c16993d,gx-no-cache=1648739313716 HTTP/1.1" 200 30
190.171.141.106 - - [31/Mar/2022:12:19:26 -0300] "POST /cormun/servlet/solicitudotadjuntos?0ee369f38090ecdf946a0e9ec0369946,INS,2022,18373,,2, HTTP/1.1" 200 7090
190.171.141.106 - - [31/Mar/2022:12:19:27 -0300] "GET /cormun/PrivateTempStorage/upload_00019475.pdf HTTP/1.1" 200 200943
190.171.152.114 - - [31/Mar/2022:12:19:28 -0300] "GET /cormun/servlet/solicitudotadjuntos?INS,2022,18374,,1, HTTP/1.1" 200 6349
190.171.152.114 - - [31/Mar/2022:12:19:28 -0300] "GET /cormun/static/about:blank HTTP/1.1" 404 1011
190.171.152.114 - - [31/Mar/2022:12:19:28 -0300] "GET /cormun/servlet/solicitudotadjuntos?INS,2022,18374,,1, HTTP/1.1" 200 6342
190.171.141.106 - - [31/Mar/2022:12:19:29 -0300] "GET /cormun/servlet/trsolicitudadjuntos?2022,18373, HTTP/1.1" 200 10496
190.171.152.114 - - [31/Mar/2022:12:19:29 -0300] "GET /cormun/servlet/solicitudotadjuntos?d2f26d9345ccd5a89eef97e2398502f633bbf46a131e009a7f5cd0048d57115b17dc67b8e36d813a76be89a3277aca9d,gx-no-cache=1648739227333 HTTP/1.1" 200 30
190.171.152.114 - - [31/Mar/2022:12:19:29 -0300] "POST /cormun/servlet/solicitudotadjuntos?0213a94dccb575cf8354b2e10fec54bb,INS,2022,18374,,1,,gx-no-cache=1648739227348 HTTP/1.1" 200 4142
190.171.141.106 - - [31/Mar/2022:12:19:29 -0300] "GET /cormun/servlet/trsolicitudadjuntos?2022,18373, HTTP/1.1" 200 10493
192.168.10.199 - - [31/Mar/2022:12:19:30 -0300] "GET /cormun/servlet/vesolicitudgral?2022,17949,, HTTP/1.1" 200 8392
192.168.10.199 - - [31/Mar/2022:12:19:30 -0300] "GET /cormun/pexe_scrolldiv.js HTTP/1.1" 404 1009
192.168.10.199 - - [31/Mar/2022:12:19:30 -0300] "GET /cormun/servlet/vesolicitudgral?2022,17949,, HTTP/1.1" 200 8391
190.171.152.114 - - [31/Mar/2022:12:19:32 -0300] "POST /cormun/servlet/solicitudotadjuntos?gx-no-cache=1648739230108 HTTP/1.1" 200 26
190.171.141.106 - - [31/Mar/2022:12:19:39 -0300] "GET /cormun/servlet/hhome HTTP/1.1" 200 3322
190.171.141.106 - - [31/Mar/2022:12:19:40 -0300] "GET /cormun/servlet/hhome HTTP/1.1" 200 3332
190.171.141.106 - - [31/Mar/2022:12:19:40 -0300] "GET /cormun/servlet/hlogin HTTP/1.1" 200 1738
190.171.142.10 - - [31/Mar/2022:12:19:40 -0300] "POST /cormun/servlet/solicitudot?gx-no-cache=1648739234118 HTTP/1.1" 200 3858
190.171.142.10 - - [31/Mar/2022:12:19:41 -0300] "POST /cormun/servlet/solicitudot?d43b22bb108bd32df969f4d046314a3b,INS,0,0,false,,gx-no-cache=1648739234326 HTTP/1.1" 200 12401
190.171.152.114 - - [31/Mar/2022:12:19:42 -0300] "GET /cormun/servlet/solicitudotadjuntos?d2f26d9345ccd5a89eef97e2398502f6a42c2fcbf81adbc12736ad6eb34f134d,gx-no-cache=1648739241028 HTTP/1.1" 200 30
190.171.152.114 - - [31/Mar/2022:12:19:42 -0300] "GET /cormun/servlet/solicitudotadjuntos?d2f26d9345ccd5a89eef97e2398502f6a42c2fcbf81adbc12736ad6eb34f134d,gx-no-cache=1648739241040 HTTP/1.1" 200 30
190.171.152.114 - - [31/Mar/2022:12:19:43 -0300] "POST /cormun/servlet/solicitudotadjuntos?0213a94dccb575cf8354b2e10fec54bb,INS,2022,18374,,1, HTTP/1.1" 200 116
190.171.152.114 - - [31/Mar/2022:12:19:43 -0300] "GET /cormun/servlet/hpexe_return? HTTP/1.1" 200 1024
190.171.152.114 - - [31/Mar/2022:12:19:43 -0300] "GET /cormun/servlet/trsolicitudadjuntos?2022,18374, HTTP/1.1" 200 9668
190.171.152.114 - - [31/Mar/2022:12:19:43 -0300] "GET /cormun/servlet/trsolicitudadjuntos?2022,18374, HTTP/1.1" 200 9667
190.171.141.106 - - [31/Mar/2022:12:19:44 -0300] "POST /cormun/servlet/hlogin?5b21b351e8ad70cb0e4372c367442c7a,gx-no-cache=1648739331489 HTTP/1.1" 200 90
190.171.141.106 - - [31/Mar/2022:12:19:44 -0300] "GET /cormun/servlet/hpexe_link HTTP/1.1" 200 954
190.171.141.106 - - [31/Mar/2022:12:19:44 -0300] "GET /cormun/servlet/hhome HTTP/1.1" 200 4232
190.171.141.106 - - [31/Mar/2022:12:19:44 -0300] "GET /cormun/servlet/hhome HTTP/1.1" 200 4230
190.171.141.106 - - [31/Mar/2022:12:19:49 -0300] "GET /cormun/servlet/trsolicitudot? HTTP/1.1" 200 8846
190.171.141.106 - - [31/Mar/2022:12:19:49 -0300] "GET /cormun/servlet/trsolicitudot? HTTP/1.1" 200 8847
190.171.152.114 - - [31/Mar/2022:12:20:08 -0300] "GET /cormun/servlet/solicitudotadjuntos?INS,2022,18374,,1, HTTP/1.1" 200 6349
190.171.152.114 - - [31/Mar/2022:12:20:08 -0300] "GET /cormun/static/about:blank HTTP/1.1" 404 1011
190.171.152.114 - - [31/Mar/2022:12:20:08 -0300] "GET /cormun/servlet/solicitudotadjuntos?INS,2022,18374,,1, HTTP/1.1" 200 6342
190.171.152.114 - - [31/Mar/2022:12:20:08 -0300] "GET /cormun/servlet/solicitudotadjuntos?d2f26d9345ccd5a89eef97e2398502f633bbf46a131e009a7f5cd0048d57115b17dc67b8e36d813a76be89a3277aca9d,gx-no-cache=1648739267074 HTTP/1.1" 200 30
190.171.152.114 - - [31/Mar/2022:12:20:09 -0300] "POST /cormun/servlet/solicitudotadjuntos?0213a94dccb575cf8354b2e10fec54bb,INS,2022,18374,,1,,gx-no-cache=1648739267089 HTTP/1.1" 200 4142
190.171.152.114 - - [31/Mar/2022:12:20:11 -0300] "POST /cormun/servlet/solicitudotadjuntos?gx-no-cache=1648739270052 HTTP/1.1" 200 26
190.171.152.114 - - [31/Mar/2022:12:20:22 -0300] "GET /cormun/servlet/solicitudotadjuntos?d2f26d9345ccd5a89eef97e2398502f6a42c2fcbf81adbc12736ad6eb34f134d,gx-no-cache=1648739280932 HTTP/1.1" 200 30
190.171.152.114 - - [31/Mar/2022:12:20:22 -0300] "GET /cormun/servlet/solicitudotadjuntos?d2f26d9345ccd5a89eef97e2398502f6a42c2fcbf81adbc12736ad6eb34f134d,gx-no-cache=1648739280947 HTTP/1.1" 200 30
190.171.152.114 - - [31/Mar/2022:12:20:22 -0300] "POST /cormun/servlet/solicitudotadjuntos?0213a94dccb575cf8354b2e10fec54bb,INS,2022,18374,,1, HTTP/1.1" 200 116
190.171.152.114 - - [31/Mar/2022:12:20:23 -0300] "GET /cormun/servlet/hpexe_return? HTTP/1.1" 200 1024
190.171.152.114 - - [31/Mar/2022:12:20:23 -0300] "GET /cormun/servlet/trsolicitudadjuntos?2022,18374, HTTP/1.1" 200 9901
190.171.152.114 - - [31/Mar/2022:12:20:23 -0300] "GET /cormun/servlet/trsolicitudadjuntos?2022,18374, HTTP/1.1" 200 9895
190.171.142.10 - - [31/Mar/2022:12:20:29 -0300] "GET /cormun/servlet/solicitudot?f3af0d5f0067fa1c0699d87b3af7a249ac6e0dbbecedecdf49ed584c3ece16cb18bac273ca944602e5049772ded0642e,gx-no-cache=1648739282994 HTTP/1.1" 200 30
190.171.152.114 - - [31/Mar/2022:12:20:30 -0300] "GET /cormun/servlet/solicitudotadjuntos?INS,2022,18374,,1, HTTP/1.1" 200 6350
190.171.152.114 - - [31/Mar/2022:12:20:30 -0300] "GET /cormun/static/about:blank HTTP/1.1" 404 1011
190.171.152.114 - - [31/Mar/2022:12:20:31 -0300] "GET /cormun/servlet/solicitudotadjuntos?INS,2022,18374,,1, HTTP/1.1" 200 6343
190.171.152.114 - - [31/Mar/2022:12:20:31 -0300] "GET /cormun/servlet/solicitudotadjuntos?d2f26d9345ccd5a89eef97e2398502f633bbf46a131e009a7f5cd0048d57115b17dc67b8e36d813a76be89a3277aca9d,gx-no-cache=1648739289558 HTTP/1.1" 200 30
190.171.152.114 - - [31/Mar/2022:12:20:31 -0300] "POST /cormun/servlet/solicitudotadjuntos?0213a94dccb575cf8354b2e10fec54bb,INS,2022,18374,,1,,gx-no-cache=1648739289573 HTTP/1.1" 200 4144
190.171.152.114 - - [31/Mar/2022:12:20:34 -0300] "POST /cormun/servlet/solicitudotadjuntos?gx-no-cache=1648739292252 HTTP/1.1" 200 26
190.171.152.114 - - [31/Mar/2022:12:20:41 -0300] "GET /cormun/servlet/solicitudotadjuntos?d2f26d9345ccd5a89eef97e2398502f6a42c2fcbf81adbc12736ad6eb34f134d,gx-no-cache=1648739299509 HTTP/1.1" 200 30
190.171.152.114 - - [31/Mar/2022:12:20:41 -0300] "GET /cormun/servlet/solicitudotadjuntos?d2f26d9345ccd5a89eef97e2398502f6a42c2fcbf81adbc12736ad6eb34f134d,gx-no-cache=1648739299520 HTTP/1.1" 200 30
190.171.152.114 - - [31/Mar/2022:12:20:41 -0300] "POST /cormun/servlet/solicitudotadjuntos?0213a94dccb575cf8354b2e10fec54bb,INS,2022,18374,,1, HTTP/1.1" 200 116
190.171.152.114 - - [31/Mar/2022:12:20:41 -0300] "GET /cormun/servlet/hpexe_return? HTTP/1.1" 200 1024
190.171.152.114 - - [31/Mar/2022:12:20:42 -0300] "GET /cormun/servlet/trsolicitudadjuntos?2022,18374, HTTP/1.1" 200 10165
190.171.152.114 - - [31/Mar/2022:12:20:42 -0300] "GET /cormun/servlet/trsolicitudadjuntos?2022,18374, HTTP/1.1" 200 10162
190.171.141.106 - - [31/Mar/2022:12:20:44 -0300] "POST /cormun/servlet/trsolicitudot?5b21b351e8ad70cb0e4372c367442c7a,,gx-no-cache=1648739392187 HTTP/1.1" 200 4846
190.171.141.106 - - [31/Mar/2022:12:20:44 -0300] "GET /cormun/static/Shared/jqueryui/images/ui-bg_highlight-soft_100_c6c2c8_1x100.png HTTP/1.1" 404 1117
190.171.141.106 - - [31/Mar/2022:12:20:44 -0300] "GET /cormun/static/Shared/jqueryui/images/ui-icons_82798d_256x240.png HTTP/1.1" 404 1089
190.171.141.106 - - [31/Mar/2022:12:20:44 -0300] "GET /cormun/static/Shared/jqueryui/images/ui-bg_flat_55_fafafa_40x100.png HTTP/1.1" 404 1097
190.171.141.106 - - [31/Mar/2022:12:20:44 -0300] "GET /cormun/static/Shared/jqueryui/images/ui-icons_8d78a5_256x240.png HTTP/1.1" 404 1089
190.171.152.114 - - [31/Mar/2022:12:20:45 -0300] "GET /cormun/servlet/solicitudotadjuntos?INS,2022,18374,,1, HTTP/1.1" 200 6350
190.171.141.106 - - [31/Mar/2022:12:20:45 -0300] "POST /cormun/servlet/trsolicitudot?5b21b351e8ad70cb0e4372c367442c7a,,gx-no-cache=1648739392417 HTTP/1.1" 200 4615
190.171.152.114 - - [31/Mar/2022:12:20:45 -0300] "GET /cormun/static/about:blank HTTP/1.1" 404 1011
190.171.152.114 - - [31/Mar/2022:12:20:45 -0300] "GET /cormun/servlet/solicitudotadjuntos?INS,2022,18374,,1, HTTP/1.1" 200 6343
190.171.152.114 - - [31/Mar/2022:12:20:45 -0300] "GET /cormun/servlet/solicitudotadjuntos?d2f26d9345ccd5a89eef97e2398502f633bbf46a131e009a7f5cd0048d57115b17dc67b8e36d813a76be89a3277aca9d,gx-no-cache=1648739303791 HTTP/1.1" 200 30
190.171.152.114 - - [31/Mar/2022:12:20:45 -0300] "POST /cormun/servlet/solicitudotadjuntos?0213a94dccb575cf8354b2e10fec54bb,INS,2022,18374,,1,,gx-no-cache=1648739303810 HTTP/1.1" 200 4144
190.171.152.114 - - [31/Mar/2022:12:20:48 -0300] "POST /cormun/servlet/solicitudotadjuntos?gx-no-cache=1648739306909 HTTP/1.1" 200 26
190.171.152.114 - - [31/Mar/2022:12:20:59 -0300] "GET /cormun/servlet/solicitudotadjuntos?d2f26d9345ccd5a89eef97e2398502f6a42c2fcbf81adbc12736ad6eb34f134d,gx-no-cache=1648739317501 HTTP/1.1" 200 30
190.171.152.114 - - [31/Mar/2022:12:21:00 -0300] "GET /cormun/servlet/solicitudotadjuntos?d2f26d9345ccd5a89eef97e2398502f6a42c2fcbf81adbc12736ad6eb34f134d,gx-no-cache=1648739319035 HTTP/1.1" 200 30
190.171.152.114 - - [31/Mar/2022:12:21:01 -0300] "POST /cormun/servlet/solicitudotadjuntos?0213a94dccb575cf8354b2e10fec54bb,INS,2022,18374,,1, HTTP/1.1" 200 116
190.171.152.114 - - [31/Mar/2022:12:21:01 -0300] "GET /cormun/servlet/hpexe_return? HTTP/1.1" 200 1024
190.171.152.114 - - [31/Mar/2022:12:21:01 -0300] "GET /cormun/servlet/trsolicitudadjuntos?2022,18374, HTTP/1.1" 200 10346
190.171.152.114 - - [31/Mar/2022:12:21:01 -0300] "GET /cormun/servlet/trsolicitudadjuntos?2022,18374, HTTP/1.1" 200 10344
190.171.152.114 - - [31/Mar/2022:12:21:04 -0300] "GET /cormun/servlet/solicitudotadjuntos?INS,2022,18374,,2, HTTP/1.1" 200 6349
190.171.152.114 - - [31/Mar/2022:12:21:04 -0300] "GET /cormun/static/about:blank HTTP/1.1" 404 1011
190.171.152.114 - - [31/Mar/2022:12:21:04 -0300] "GET /cormun/servlet/solicitudotadjuntos?INS,2022,18374,,2, HTTP/1.1" 200 6342
190.171.152.114 - - [31/Mar/2022:12:21:04 -0300] "GET /cormun/servlet/solicitudotadjuntos?d2f26d9345ccd5a89eef97e2398502f633bbf46a131e009a7f5cd0048d57115b17dc67b8e36d813a76be89a3277aca9d,gx-no-cache=1648739322797 HTTP/1.1" 200 30
190.171.152.114 - - [31/Mar/2022:12:21:04 -0300] "POST /cormun/servlet/solicitudotadjuntos?0213a94dccb575cf8354b2e10fec54bb,INS,2022,18374,,2,,gx-no-cache=1648739322821 HTTP/1.1" 200 4359
190.171.152.114 - - [31/Mar/2022:12:21:06 -0300] "POST /cormun/servlet/solicitudotadjuntos?gx-no-cache=1648739325061 HTTP/1.1" 200 26
190.171.152.114 - - [31/Mar/2022:12:21:12 -0300] "GET /cormun/servlet/solicitudotadjuntos?d2f26d9345ccd5a89eef97e2398502f6a42c2fcbf81adbc12736ad6eb34f134d,gx-no-cache=1648739331061 HTTP/1.1" 200 30
190.171.152.114 - - [31/Mar/2022:12:21:12 -0300] "GET /cormun/servlet/solicitudotadjuntos?d2f26d9345ccd5a89eef97e2398502f6a42c2fcbf81adbc12736ad6eb34f134d,gx-no-cache=1648739331072 HTTP/1.1" 200 30
190.171.152.114 - - [31/Mar/2022:12:21:13 -0300] "POST /cormun/servlet/solicitudotadjuntos?0213a94dccb575cf8354b2e10fec54bb,INS,2022,18374,,2, HTTP/1.1" 200 116
190.171.152.114 - - [31/Mar/2022:12:21:13 -0300] "GET /cormun/servlet/hpexe_return? HTTP/1.1" 200 1024
190.171.152.114 - - [31/Mar/2022:12:21:13 -0300] "GET /cormun/servlet/trsolicitudadjuntos?2022,18374, HTTP/1.1" 200 10487
190.171.152.114 - - [31/Mar/2022:12:21:13 -0300] "GET /cormun/servlet/trsolicitudadjuntos?2022,18374, HTTP/1.1" 200 10485
190.171.152.114 - - [31/Mar/2022:12:21:26 -0300] "GET /cormun/servlet/trsolicitudot? HTTP/1.1" 200 12299
190.171.152.114 - - [31/Mar/2022:12:21:26 -0300] "GET /cormun/servlet/trsolicitudot? HTTP/1.1" 200 12292
190.171.141.114 - - [31/Mar/2022:12:21:36 -0300] "POST /cormun/servlet/trautorizarsolicitud?c1130b5838492cfe8f7c25acd29940b2,,gx-no-cache=1648739350756 HTTP/1.1" 440 972
190.171.142.10 - - [31/Mar/2022:12:21:37 -0300] "GET /cormun/servlet/prbanco?,MD,,gxPopupLevel%3D0%3B HTTP/1.1" 200 6533
190.171.141.114 - - [31/Mar/2022:12:21:38 -0300] "GET /cormun/servlet/trautorizarsolicitud? HTTP/1.1" 200 6215
190.171.141.114 - - [31/Mar/2022:12:21:38 -0300] "GET /cormun/servlet/hlogin HTTP/1.1" 200 1748
190.171.141.114 - - [31/Mar/2022:12:21:38 -0300] "GET /cormun/servlet/trautorizarsolicitud? HTTP/1.1" 200 6215
190.171.143.90 - - [31/Mar/2022:12:21:39 -0300] "GET /cormun/servlet/hlogin HTTP/1.1" 200 1726
190.171.143.90 - - [31/Mar/2022:12:21:40 -0300] "GET /cormun/servlet/hlogin HTTP/1.1" 200 1737
190.171.152.114 - - [31/Mar/2022:12:21:43 -0300] "POST /cormun/servlet/trsolicitudot?0213a94dccb575cf8354b2e10fec54bb,,gx-no-cache=1648739361401 HTTP/1.1" 200 8912
190.171.152.114 - - [31/Mar/2022:12:21:43 -0300] "GET /cormun/static/Shared/jqueryui/images/ui-bg_highlight-soft_100_c6c2c8_1x100.png HTTP/1.1" 404 1117
190.171.152.114 - - [31/Mar/2022:12:21:43 -0300] "GET /cormun/static/Shared/jqueryui/images/ui-icons_82798d_256x240.png HTTP/1.1" 404 1089
190.171.152.114 - - [31/Mar/2022:12:21:43 -0300] "GET /cormun/static/Shared/jqueryui/images/ui-bg_flat_55_fafafa_40x100.png HTTP/1.1" 404 1097
190.171.152.114 - - [31/Mar/2022:12:21:43 -0300] "GET /cormun/static/Shared/jqueryui/images/ui-icons_8d78a5_256x240.png HTTP/1.1" 404 1089
190.171.152.114 - - [31/Mar/2022:12:21:43 -0300] "POST /cormun/servlet/trsolicitudot?0213a94dccb575cf8354b2e10fec54bb,,gx-no-cache=1648739361683 HTTP/1.1" 200 8857
190.171.142.10 - - [31/Mar/2022:12:21:44 -0300] "GET /cormun/servlet/solicitudot?f3af0d5f0067fa1c0699d87b3af7a2492d84c85e364a5a862115ef39baec58caa4dbb878f5b02cfb6d53f3393a27085f104d710d0fe4e46376e7b049c44e1dad78965bbaade7cebd98a3466cf01e91f2,gx-no-cache=1648739357978 HTTP/1.1" 200 30
190.171.142.10 - - [31/Mar/2022:12:21:46 -0300] "GET /cormun/servlet/solicitudot?f3af0d5f0067fa1c0699d87b3af7a2490a4b2c29b50dbea80fc29abe223a590d,gx-no-cache=1648739359753 HTTP/1.1" 200 53
190.171.143.90 - - [31/Mar/2022:12:21:46 -0300] "POST /cormun/servlet/hlogin?d33a61dd24069276046c73e2516653ed,gx-no-cache=1648739360748 HTTP/1.1" 200 90
190.171.143.90 - - [31/Mar/2022:12:21:46 -0300] "GET /cormun/servlet/hpexe_link HTTP/1.1" 200 955
190.171.143.90 - - [31/Mar/2022:12:21:46 -0300] "GET /cormun/servlet/hhome HTTP/1.1" 200 4304
190.171.152.114 - - [31/Mar/2022:12:21:47 -0300] "GET /cormun/servlet/trautorizarsolicitud? HTTP/1.1" 200 8818
190.171.152.114 - - [31/Mar/2022:12:21:47 -0300] "GET /cormun/servlet/trautorizarsolicitud? HTTP/1.1" 200 8818
190.171.143.90 - - [31/Mar/2022:12:21:47 -0300] "GET /cormun/servlet/hhome HTTP/1.1" 200 4300
190.171.143.90 - - [31/Mar/2022:12:21:49 -0300] "GET /cormun/servlet/trlicencias? HTTP/1.1" 200 11858
190.171.143.90 - - [31/Mar/2022:12:21:49 -0300] "GET /cormun/servlet/trlicencias? HTTP/1.1" 200 11860
190.171.143.90 - - [31/Mar/2022:12:21:50 -0300] "GET /cormun/servlet/trlicencias? HTTP/1.1" 200 11856
190.171.152.114 - - [31/Mar/2022:12:21:56 -0300] "POST /cormun/servlet/trautorizarsolicitud?0213a94dccb575cf8354b2e10fec54bb,,gx-no-cache=1648739374240 HTTP/1.1" 200 4779
190.171.152.114 - - [31/Mar/2022:12:21:56 -0300] "GET /cormun/static/Shared/jqueryui/images/ui-icons_82798d_256x240.png HTTP/1.1" 404 1089
190.171.152.114 - - [31/Mar/2022:12:21:56 -0300] "GET /cormun/static/Shared/jqueryui/images/ui-bg_flat_55_fafafa_40x100.png HTTP/1.1" 404 1097
190.171.152.114 - - [31/Mar/2022:12:21:56 -0300] "GET /cormun/static/Shared/jqueryui/images/ui-bg_highlight-soft_100_c6c2c8_1x100.png HTTP/1.1" 404 1117
190.171.152.114 - - [31/Mar/2022:12:21:56 -0300] "GET /cormun/static/Shared/jqueryui/images/ui-icons_8d78a5_256x240.png HTTP/1.1" 404 1089
190.171.152.114 - - [31/Mar/2022:12:21:56 -0300] "POST /cormun/servlet/trautorizarsolicitud?0213a94dccb575cf8354b2e10fec54bb,,gx-no-cache=1648739374367 HTTP/1.1" 200 4529
190.171.141.114 - - [31/Mar/2022:12:21:56 -0300] "POST /cormun/servlet/hlogin?0b73cae8b756a92932f471ff4184f167,gx-no-cache=1648739370635 HTTP/1.1" 200 90
190.171.141.114 - - [31/Mar/2022:12:21:56 -0300] "GET /cormun/servlet/hpexe_link HTTP/1.1" 200 952
190.171.141.114 - - [31/Mar/2022:12:21:56 -0300] "GET /cormun/servlet/hhome HTTP/1.1" 200 4002
190.171.141.114 - - [31/Mar/2022:12:21:56 -0300] "GET /cormun/servlet/hhome HTTP/1.1" 200 3999
190.171.142.10 - - [31/Mar/2022:12:22:04 -0300] "POST /cormun/servlet/solicitudot?gx-no-cache=1648739377822 HTTP/1.1" 200 297
190.171.142.10 - - [31/Mar/2022:12:22:04 -0300] "GET /cormun/servlet/solicitudot?f3af0d5f0067fa1c0699d87b3af7a249367d556d21565f762bcc08517f9460747c2855d6a40889805655956b8f93c685dd477850ba6f3820bbde69d2ace1ecb9fbcc148ab1ef056314593ffcdb0679d0a0a1c755ab68282b68331cfd52a9aca8a95971ff47fe6e5d1467c16cd94f82ff24cc4196f3031e9c9c7747597b3e6870dd25e4568d4a6364bb770850d1646981f231b9e1d525d78012ddef6029ecfc3a906a6184f4044cb3ea2d34de146e6a7259d3a0f4d48f0afe5dd104c17751b502faf2ab50e10d4049f3dfc5546779df58c8112d0073c7e657b5eebb4cddb0240df3796581d03787b9b97d79257d5f86148ef85c9b9270ab2a9a359e8bf752385a47d1ab2a4d7e8ebc52416efe71bbcc41b51c6729d4b898201b6e337776afaaf72bcc352cb049e0f34f83fc83b1c7fd5babd683a34ecfa0ef9f6146ee49fea9e32e0cb2eedda8551a30354c4d5b4c7f0b12457b2a195cd8999fc85be324cbdf62352101c23f69d24f764b26ca752c66f6573d8a38a8097ca7930e2111d96bcc2d66c6ae534824544499d540da625778c7,gx-no-cache=1648739377872 HTTP/1.1" 200 30
190.171.141.114 - - [31/Mar/2022:12:22:05 -0300] "GET /cormun/servlet/trsolicitudot? HTTP/1.1" 200 7220
190.171.141.114 - - [31/Mar/2022:12:22:06 -0300] "GET /cormun/servlet/trsolicitudot? HTTP/1.1" 200 7219
190.171.141.114 - - [31/Mar/2022:12:22:08 -0300] "GET /cormun/servlet/solicitudot?INS,0,0,false, HTTP/1.1" 200 15732
190.171.142.10 - - [31/Mar/2022:12:22:08 -0300] "POST /cormun/servlet/solicitudot?gx-no-cache=1648739381995 HTTP/1.1" 200 30
190.171.141.114 - - [31/Mar/2022:12:22:08 -0300] "GET /cormun/servlet/solicitudot?INS,0,0,false, HTTP/1.1" 200 15739
190.171.141.114 - - [31/Mar/2022:12:22:21 -0300] "POST /cormun/servlet/solicitudot?gx-no-cache=1648739395444 HTTP/1.1" 200 3971
190.171.141.114 - - [31/Mar/2022:12:22:21 -0300] "POST /cormun/servlet/solicitudot?0b73cae8b756a92932f471ff4184f167,INS,0,0,false,,gx-no-cache=1648739395574 HTTP/1.1" 200 12522
190.171.142.10 - - [31/Mar/2022:12:22:24 -0300] "GET /cormun/servlet/prcontratosol?14580060,,,,,MD,,gxPopupLevel%3D0%3B HTTP/1.1" 200 7836
190.171.142.10 - - [31/Mar/2022:12:22:24 -0300] "GET /cormun/static/Resources/Spanish/PXTools.css?19172979 HTTP/1.1" 200 100853
190.171.142.10 - - [31/Mar/2022:12:22:24 -0300] "GET /cormun/static/gxcfg.js?2019914201458 HTTP/1.1" 200 953
190.171.142.10 - - [31/Mar/2022:12:22:24 -0300] "GET /cormun/static/prcontratosol.js?20199142014772 HTTP/1.1" 200 15806
190.171.141.114 - - [31/Mar/2022:12:22:27 -0300] "GET /cormun/servlet/solicitudot?7b16460f665ce241483e55227403a0d15da4b4f378e16cc608b7106abce2b2bab528d42cd968352efa515f7d853ee669,gx-no-cache=1648739402023 HTTP/1.1" 200 30
190.171.141.114 - - [31/Mar/2022:12:22:27 -0300] "GET /cormun/servlet/solicitudot?7b16460f665ce241483e55227403a0d115ff0122aab4cda8639053f969e8e84918a3d677256d736d04e5a5817d59a11f04afc86fc02e423847c69095d9f3dab5,gx-no-cache=1648739402053 HTTP/1.1" 200 30
190.171.141.114 - - [31/Mar/2022:12:22:27 -0300] "GET /cormun/servlet/solicitudot?7b16460f665ce241483e55227403a0d15b9e4666cc5f184b4f3d1287793d350e,gx-no-cache=1648739402078 HTTP/1.1" 200 53
190.171.141.114 - - [31/Mar/2022:12:22:27 -0300] "POST /cormun/servlet/solicitudot?gx-no-cache=1648739402105 HTTP/1.1" 200 255
190.171.141.114 - - [31/Mar/2022:12:22:27 -0300] "GET /cormun/servlet/solicitudot?7b16460f665ce241483e55227403a0d11a21f8b8781196996baacb2db6586fbc2975b8515762665fd10539931339dd1c0422d4b59225d370c838b85f56f839913dbd83c8bc2a132cf6eae99500278b8ba3733315699ea858aa2970d7711b22fa2d2d85ba6b69a2b28f7dddb96825bb6667fe67278a798d0851fdf6afe0ddec87beee1ab5cea2bd8229727e8b624e7e59b0cdc74dd96afb2e5856c32d23b77129db24255bdebecb78186ed4c68192cd8e193356c42741070c71403d785fc57033a19259f7eba80345e8cd04cc0e194038c4cef85e46a4c5168497ec8ab3dd0b21d2eae857dddfbe0f00a7d58cfa13b6665c83bb9828c642e3ff6c0e2f58cd746ce9a35b884c68cfaa1f2d88946833fa1bd4849dabe8d3f4aa00664c1d22ce31b59e985ca3e6f6ba9175fee796cb8d8bcd63b69930f93fd75e60106e297779d49074480539ebcd067f0fc2535b9343e3d2da5f48a97bbbd6a80bcc64c52a34a56b74ea67f07f591ba544a98dc04621d3059b8368b11ee4f078cf32f4bd0fa43a38,gx-no-cache=1648739402139 HTTP/1.1" 200 30
190.171.141.114 - - [31/Mar/2022:12:22:27 -0300] "POST /cormun/servlet/solicitudot?gx-no-cache=1648739402164 HTTP/1.1" 200 30
190.171.141.114 - - [31/Mar/2022:12:22:27 -0300] "POST /cormun/servlet/solicitudot?gx-no-cache=1648739402196 HTTP/1.1" 200 1454
190.171.141.114 - - [31/Mar/2022:12:22:27 -0300] "POST /cormun/servlet/solicitudot?gx-no-cache=1648739402233 HTTP/1.1" 200 38
190.171.141.114 - - [31/Mar/2022:12:22:28 -0300] "GET /cormun/servlet/solicitudot?7b16460f665ce241483e55227403a0d182fa76396b9d170b181bdba956407c188f4581734cc146ba696ff5791a9369c9ae21a9a6c153006e96f6fc5fe918ce10b6ecc264b68adeee787a06270e8143c0efd0d3b69579aa8d2a011d293a99c0fc1c14b6eb7cbc79b753dc522f461b7d82,gx-no-cache=1648739402259 HTTP/1.1" 200 110
190.171.154.42 - - [31/Mar/2022:12:22:28 -0300] "POST /cormun/servlet/trlicencias?c1ce978c2765d69dbaf643382fd75d42,gx-no-cache=1648739400352 HTTP/1.1" 200 11330
190.171.141.114 - - [31/Mar/2022:12:22:32 -0300] "POST /cormun/servlet/solicitudot?gx-no-cache=1648739407174 HTTP/1.1" 200 110
190.171.141.114 - - [31/Mar/2022:12:22:39 -0300] "GET /cormun/servlet/solicitudot?7b16460f665ce241483e55227403a0d1524bc6249fe63b5d20471754242c8f8774a0f5bb2ab1135926d4da54bded1e0d368a63f214e2a785ed2cc12ab60c66d7ac55d6f577e19ab13f7bdf97d57857bc5d3e5e39c8f0ca97632f3fe961b5f8a0dad8d038d509789445164922320b3173c133da6ad05aad09caa56306b914e77758ec4f7f37bb67da3204b1ed607aaa99e924e45546763806eab50789aa62f25d,gx-no-cache=1648739414007 HTTP/1.1" 200 29
190.171.141.114 - - [31/Mar/2022:12:22:39 -0300] "GET /cormun/static/menuarrow.gif HTTP/1.1" 404 1015
190.171.141.114 - - [31/Mar/2022:12:22:43 -0300] "GET /cormun/servlet/solicitudot?7b16460f665ce241483e55227403a0d173c83e72b9cf381fbfd452dc1494fab4,gx-no-cache=1648739417447 HTTP/1.1" 200 30
190.171.154.42 - - [31/Mar/2022:12:22:48 -0300] "GET /cormun/servlet/trsolicitudot? HTTP/1.1" 200 9709
190.171.154.42 - - [31/Mar/2022:12:22:51 -0300] "GET /cormun/servlet/trsolicitudot? HTTP/1.1" 200 9709
190.171.142.10 - - [31/Mar/2022:12:22:51 -0300] "POST /cormun/servlet/solicitudot?gx-no-cache=1648739425162 HTTP/1.1" 200 1536
190.171.142.10 - - [31/Mar/2022:12:22:52 -0300] "POST /cormun/servlet/solicitudot?gx-no-cache=1648739425304 HTTP/1.1" 200 117
190.171.142.10 - - [31/Mar/2022:12:22:52 -0300] "GET /cormun/servlet/solicitudot?f3af0d5f0067fa1c0699d87b3af7a249e7e2ebdee52debf02ee294832d5a730dc75bf7cb7dbf82936e9ccd61412d86cacd166e9d417d22fc33cb2c58b2444ec0b6dd554d7e9b31c3d2556e8002c7ad2f3a7c46314d368c0ac63b0c27e640d34a86671d877edeb507c57a407e10e84376,gx-no-cache=1648739425353 HTTP/1.1" 200 110
190.171.142.10 - - [31/Mar/2022:12:22:52 -0300] "POST /cormun/servlet/solicitudot?gx-no-cache=1648739425403 HTTP/1.1" 200 64
190.171.142.10 - - [31/Mar/2022:12:22:52 -0300] "GET /cormun/servlet/solicitudot?f3af0d5f0067fa1c0699d87b3af7a24927429965e9673333680b5e30bdc54d1648e7c7e97a07c8abbe2b337384a83459358abf8e3125fde11d34a189a6fcf58af5103fb1f418150b2f77d7f3f1b9711532b98078fb403fec52e6fb79ea07942b72b6630c03fe231e9022187846d0fea3,gx-no-cache=1648739425452 HTTP/1.1" 200 29
190.171.142.10 - - [31/Mar/2022:12:22:52 -0300] "GET /cormun/servlet/solicitudot?f3af0d5f0067fa1c0699d87b3af7a2492f66fafcffc06d7ef4b93eebf1a92144,gx-no-cache=1648739425486 HTTP/1.1" 200 30
190.171.141.114 - - [31/Mar/2022:12:22:55 -0300] "GET /cormun/servlet/solicitudot?7b16460f665ce241483e55227403a0d1eb972d8cb62976847d35ad16eacdc091650342add3c4e61e8564cf44184dce05,gx-no-cache=1648739429733 HTTP/1.1" 200 30
190.171.141.114 - - [31/Mar/2022:12:22:55 -0300] "POST /cormun/servlet/solicitudot?gx-no-cache=1648739429765 HTTP/1.1" 200 30
190.171.154.42 - - [31/Mar/2022:12:22:57 -0300] "POST /cormun/servlet/trsolicitudot?c1ce978c2765d69dbaf643382fd75d42,,gx-no-cache=1648739429253 HTTP/1.1" 200 7009
190.95.67.97 - - [31/Mar/2022:12:23:19 -0300] "POST /cormun/servlet/solicitudot?gx-no-cache=1648739454165 HTTP/1.1" 200 62
190.171.141.114 - - [31/Mar/2022:12:23:20 -0300] "POST /cormun/servlet/solicitudot?gx-no-cache=1648739455168 HTTP/1.1" 200 30
190.171.142.10 - - [31/Mar/2022:12:23:21 -0300] "POST /cormun/servlet/solicitudot?gx-no-cache=1648739454782 HTTP/1.1" 200 1455
190.171.142.10 - - [31/Mar/2022:12:23:21 -0300] "GET /cormun/static/menuarrow.gif HTTP/1.1" 404 1015
190.95.67.97 - - [31/Mar/2022:12:23:26 -0300] "GET /cormun/servlet/solicitudot?c7010545f0634e1846d1347c4cf191e860d9e4a5fdd77e13b3a5dab1819073f7977d798e084a7245ab5c924787ce2298,gx-no-cache=1648739461058 HTTP/1.1" 200 30
190.95.67.97 - - [31/Mar/2022:12:23:26 -0300] "POST /cormun/servlet/solicitudot?gx-no-cache=1648739461088 HTTP/1.1" 200 33
190.95.67.97 - - [31/Mar/2022:12:23:27 -0300] "POST /cormun/servlet/solicitudot?fa81f7411ef0f081c67b10244ae98cb6,INS,0,0,false,,gx-no-cache=1648739461157 HTTP/1.1" 200 93
190.95.67.97 - - [31/Mar/2022:12:23:27 -0300] "GET /cormun/servlet/hpexe_return? HTTP/1.1" 200 1008
190.95.67.97 - - [31/Mar/2022:12:23:27 -0300] "GET /cormun/servlet/trsolicitudot HTTP/1.1" 200 9034
190.95.67.97 - - [31/Mar/2022:12:23:28 -0300] "GET /cormun/servlet/trsolicitudot HTTP/1.1" 200 9030
190.171.141.114 - - [31/Mar/2022:12:23:30 -0300] "GET /cormun/servlet/prcontratosol?13225459,,,,,MD,,gxPopupLevel%3D0%3B HTTP/1.1" 200 8966
190.171.141.114 - - [31/Mar/2022:12:23:30 -0300] "GET /cormun/static/gxcfg.js?2019914201458 HTTP/1.1" 200 953
190.171.141.114 - - [31/Mar/2022:12:23:30 -0300] "GET /cormun/static/Resources/Spanish/PXTools.css?19172979 HTTP/1.1" 200 100853
190.171.141.114 - - [31/Mar/2022:12:23:30 -0300] "GET /cormun/static/prcontratosol.js?20199142014772 HTTP/1.1" 200 15806
190.171.142.10 - - [31/Mar/2022:12:23:31 -0300] "POST /cormun/servlet/solicitudot?gx-no-cache=1648739464619 HTTP/1.1" 200 41
190.171.141.114 - - [31/Mar/2022:12:23:34 -0300] "POST /cormun/servlet/solicitudot?gx-no-cache=1648739469063 HTTP/1.1" 200 1454
190.171.141.114 - - [31/Mar/2022:12:23:35 -0300] "POST /cormun/servlet/solicitudot?gx-no-cache=1648739469411 HTTP/1.1" 200 41
190.171.141.114 - - [31/Mar/2022:12:23:35 -0300] "GET /cormun/servlet/solicitudot?7b16460f665ce241483e55227403a0d182fa76396b9d170b181bdba956407c188f4581734cc146ba696ff5791a9369c9ae21a9a6c153006e96f6fc5fe918ce10b6ecc264b68adeee787a06270e8143c0efd0d3b69579aa8d2a011d293a99c0fc1c14b6eb7cbc79b753dc522f461b7d82,gx-no-cache=1648739469449 HTTP/1.1" 200 110
190.171.141.114 - - [31/Mar/2022:12:23:35 -0300] "POST /cormun/servlet/solicitudot?gx-no-cache=1648739469474 HTTP/1.1" 200 109
190.171.141.114 - - [31/Mar/2022:12:23:35 -0300] "GET /cormun/servlet/solicitudot?7b16460f665ce241483e55227403a0d12d35ca42a66c0f0b266b5fe902ae4702650342add3c4e61e8564cf44184dce05,gx-no-cache=1648739469501 HTTP/1.1" 200 134
190.171.141.114 - - [31/Mar/2022:12:23:35 -0300] "GET /cormun/static/Shared/jqueryui/images/ui-icons_82798d_256x240.png HTTP/1.1" 404 1089
190.171.141.114 - - [31/Mar/2022:12:23:35 -0300] "GET /cormun/static/Shared/jqueryui/images/ui-bg_highlight-soft_100_c6c2c8_1x100.png HTTP/1.1" 404 1117
190.171.141.114 - - [31/Mar/2022:12:23:35 -0300] "GET /cormun/static/Shared/jqueryui/images/ui-bg_flat_55_994d53_40x100.png HTTP/1.1" 404 1097
190.171.141.114 - - [31/Mar/2022:12:23:35 -0300] "GET /cormun/static/Shared/jqueryui/images/ui-icons_ebccce_256x240.png HTTP/1.1" 404 1089
190.171.142.10 - - [31/Mar/2022:12:24:10 -0300] "GET /cormun/servlet/solicitudot?f3af0d5f0067fa1c0699d87b3af7a249e7e2ebdee52debf02ee294832d5a730dc75bf7cb7dbf82936e9ccd61412d86cacd166e9d417d22fc33cb2c58b2444ec0b6dd554d7e9b31c3d2556e8002c7ad2f3a7c46314d368c0ac63b0c27e640d34a86671d877edeb507c57a407e10e84376,gx-no-cache=1648739504121 HTTP/1.1" 200 110
190.171.142.10 - - [31/Mar/2022:12:24:10 -0300] "POST /cormun/servlet/solicitudot?gx-no-cache=1648739504174 HTTP/1.1" 200 79
190.171.142.10 - - [31/Mar/2022:12:24:21 -0300] "GET /cormun/servlet/solicitudot?f3af0d5f0067fa1c0699d87b3af7a249fd38c778e8d216337f7a24448435d9dc2441ca1736f827c0c86aabc066ced504,gx-no-cache=1648739515115 HTTP/1.1" 200 30
190.171.142.10 - - [31/Mar/2022:12:24:21 -0300] "POST /cormun/servlet/solicitudot?gx-no-cache=1648739515155 HTTP/1.1" 200 135
190.171.141.114 - - [31/Mar/2022:12:24:26 -0300] "GET /cormun/servlet/solicitudot?7b16460f665ce241483e55227403a0d1eb972d8cb62976847d35ad16eacdc091650342add3c4e61e8564cf44184dce05,gx-no-cache=1648739521030 HTTP/1.1" 200 30
190.171.152.138 - - [31/Mar/2022:12:24:33 -0300] "GET /cormun/servlet/permisosadjuntos?INS,13803850,P,20220331112619,, HTTP/1.1" 200 4805
190.171.152.138 - - [31/Mar/2022:12:24:33 -0300] "GET /cormun/static/gxcfg.js?20201215134212 HTTP/1.1" 200 953
190.171.152.138 - - [31/Mar/2022:12:24:33 -0300] "GET /cormun/static/permisosadjuntos.js?20201215134285 HTTP/1.1" 200 8724
190.171.152.138 - - [31/Mar/2022:12:24:33 -0300] "GET /cormun/static/about:blank HTTP/1.1" 404 1011
190.171.152.138 - - [31/Mar/2022:12:24:33 -0300] "GET /cormun/servlet/hlogin HTTP/1.1" 200 1769
190.171.152.138 - - [31/Mar/2022:12:24:34 -0300] "GET /cormun/servlet/permisosadjuntos?INS,13803850,P,20220331112619,, HTTP/1.1" 200 4796
190.171.141.114 - - [31/Mar/2022:12:24:43 -0300] "POST /cormun/servlet/solicitudot?gx-no-cache=1648739537657 HTTP/1.1" 200 33
190.171.141.114 - - [31/Mar/2022:12:24:43 -0300] "POST /cormun/servlet/solicitudot?0b73cae8b756a92932f471ff4184f167,INS,0,0,false,,gx-no-cache=1648739537717 HTTP/1.1" 200 93
190.171.141.114 - - [31/Mar/2022:12:24:43 -0300] "GET /cormun/servlet/hpexe_return? HTTP/1.1" 200 1008
190.171.141.114 - - [31/Mar/2022:12:24:43 -0300] "GET /cormun/servlet/trsolicitudot HTTP/1.1" 200 8662
190.171.141.114 - - [31/Mar/2022:12:24:44 -0300] "GET /cormun/servlet/trsolicitudot HTTP/1.1" 200 8658
190.95.67.97 - - [31/Mar/2022:12:24:44 -0300] "POST /cormun/servlet/trsolicitudot?fa81f7411ef0f081c67b10244ae98cb6,gx-no-cache=1648739538806 HTTP/1.1" 200 5774
190.95.67.97 - - [31/Mar/2022:12:24:45 -0300] "POST /cormun/servlet/trsolicitudot?fa81f7411ef0f081c67b10244ae98cb6,gx-no-cache=1648739539309 HTTP/1.1" 200 5755
190.95.67.97 - - [31/Mar/2022:12:24:56 -0300] "POST /cormun/servlet/trsolicitudot?fa81f7411ef0f081c67b10244ae98cb6,gx-no-cache=1648739550294 HTTP/1.1" 200 4573
190.95.67.97 - - [31/Mar/2022:12:24:56 -0300] "GET /cormun/static/Shared/jqueryui/images/ui-bg_highlight-soft_100_c6c2c8_1x100.png HTTP/1.1" 404 1117
190.95.67.97 - - [31/Mar/2022:12:24:56 -0300] "GET /cormun/static/Shared/jqueryui/images/ui-icons_82798d_256x240.png HTTP/1.1" 404 1089
190.95.67.97 - - [31/Mar/2022:12:24:56 -0300] "GET /cormun/static/Shared/jqueryui/images/ui-bg_flat_55_fafafa_40x100.png HTTP/1.1" 404 1097
190.95.67.97 - - [31/Mar/2022:12:24:56 -0300] "GET /cormun/static/Shared/jqueryui/images/ui-icons_8d78a5_256x240.png HTTP/1.1" 404 1089
190.95.67.97 - - [31/Mar/2022:12:24:56 -0300] "POST /cormun/servlet/trsolicitudot?fa81f7411ef0f081c67b10244ae98cb6,gx-no-cache=1648739550493 HTTP/1.1" 200 4335
190.171.152.138 - - [31/Mar/2022:12:24:56 -0300] "POST /cormun/servlet/hlogin?627a899f0fa61d8bf2215dcae09bf422,gx-no-cache=1648739551767 HTTP/1.1" 200 90
190.171.152.138 - - [31/Mar/2022:12:24:56 -0300] "GET /cormun/servlet/hpexe_link HTTP/1.1" 200 986
190.171.152.138 - - [31/Mar/2022:12:24:56 -0300] "GET /cormun/servlet/permisosadjuntos?INS,13803850,P,20220331112619,, HTTP/1.1" 200 5323
190.171.152.138 - - [31/Mar/2022:12:24:56 -0300] "GET /cormun/static/about:blank HTTP/1.1" 404 1011
190.171.152.138 - - [31/Mar/2022:12:24:56 -0300] "GET /cormun/servlet/permisosadjuntos?INS,13803850,P,20220331112619,, HTTP/1.1" 200 5321
190.171.153.26 - - [31/Mar/2022:12:25:05 -0300] "POST /cormun/servlet/trlicencias?a4f504e739ca66098e2e5dc39dcb4698,gx-no-cache=1648739574567 HTTP/1.1" 440 972
190.171.153.26 - - [31/Mar/2022:12:25:11 -0300] "GET /cormun/servlet/trlicencias HTTP/1.1" 200 9385
190.171.153.26 - - [31/Mar/2022:12:25:13 -0300] "GET /cormun/static/gxtimezone.js?85251 HTTP/1.1" 304 -
190.171.153.26 - - [31/Mar/2022:12:25:13 -0300] "GET /cormun/static/Shared/ext/resources/css/ext-all.css?215870 HTTP/1.1" 304 -
190.171.153.26 - - [31/Mar/2022:12:25:13 -0300] "GET /cormun/static/gxgral.js?85251 HTTP/1.1" 304 -
190.171.153.26 - - [31/Mar/2022:12:25:13 -0300] "GET /cormun/static/calendar.js?85251 HTTP/1.1" 304 -
190.171.153.26 - - [31/Mar/2022:12:25:13 -0300] "GET /cormun/static/calendar-setup.js?85251 HTTP/1.1" 304 -
190.171.153.26 - - [31/Mar/2022:12:25:13 -0300] "GET /cormun/static/calendar-es.js?85251 HTTP/1.1" 304 -
190.171.153.26 - - [31/Mar/2022:12:25:13 -0300] "GET /cormun/static/Shared/ext/ext-all.js HTTP/1.1" 304 -
190.171.153.26 - - [31/Mar/2022:12:25:13 -0300] "GET /cormun/static/gxui/gxui-all.js HTTP/1.1" 304 -
190.171.153.26 - - [31/Mar/2022:12:25:13 -0300] "GET /cormun/static/PXToolsJavascripts/pexe_autoreload.js HTTP/1.1" 304 -
190.171.153.26 - - [31/Mar/2022:12:25:13 -0300] "GET /cormun/static/PXToolsJavascripts/pexe_grid.js HTTP/1.1" 304 -
190.171.153.26 - - [31/Mar/2022:12:25:13 -0300] "GET /cormun/static/PXToolsJavascripts/pexe_windows.js HTTP/1.1" 304 -
190.171.153.26 - - [31/Mar/2022:12:25:13 -0300] "GET /cormun/static/PXToolsJavascripts/pexe_link.js HTTP/1.1" 304 -
190.171.153.26 - - [31/Mar/2022:12:25:13 -0300] "GET /cormun/static/PXToolsJavascripts/pexe_menus.js HTTP/1.1" 304 -
190.171.153.26 - - [31/Mar/2022:12:25:13 -0300] "GET /cormun/static/PXToolsJavascripts/pexe_griddivfix.js HTTP/1.1" 304 -
190.171.153.26 - - [31/Mar/2022:12:25:13 -0300] "GET /cormun/static/PXToolsJavascripts/pexe_layers.js HTTP/1.1" 304 -
190.171.153.26 - - [31/Mar/2022:12:25:13 -0300] "GET /cormun/static/PXToolsJavascripts/pexe_popup.js HTTP/1.1" 304 -
190.171.153.26 - - [31/Mar/2022:12:25:13 -0300] "GET /cormun/static/PXToolsJavascripts/pexe_scrolldiv.js HTTP/1.1" 304 -
190.171.153.26 - - [31/Mar/2022:12:25:13 -0300] "GET /cormun/static/PXToolsJavascripts/pexe_upload.js HTTP/1.1" 304 -
190.171.153.26 - - [31/Mar/2022:12:25:13 -0300] "GET /cormun/static/Shared/ext/locale/ext-lang-en.js HTTP/1.1" 304 -
190.171.153.26 - - [31/Mar/2022:12:25:13 -0300] "GET /cormun/static/PXToolsJavascripts/pexe_tabs.js HTTP/1.1" 304 -
190.171.153.26 - - [31/Mar/2022:12:25:13 -0300] "GET /cormun/static/messages.spa.js?85251 HTTP/1.1" 304 -
190.171.153.26 - - [31/Mar/2022:12:25:13 -0300] "GET /cormun/static/trlicencias.js?202012162481 HTTP/1.1" 304 -
190.171.153.26 - - [31/Mar/2022:12:25:13 -0300] "GET /cormun/static/hpexe_recentlink.js?20201214471090 HTTP/1.1" 304 -
190.171.153.26 - - [31/Mar/2022:12:25:13 -0300] "GET /cormun/static/hpexe_scripts.js?20201214471411 HTTP/1.1" 304 -
190.171.153.26 - - [31/Mar/2022:12:25:13 -0300] "GET /cormun/static/gxdec.js?85251 HTTP/1.1" 304 -
190.171.153.26 - - [31/Mar/2022:12:25:13 -0300] "GET /cormun/static/Shared/jquery/jquery-1.10.2.min.js HTTP/1.1" 304 -
190.171.153.26 - - [31/Mar/2022:12:25:13 -0300] "GET /cormun/static/Shared/jqueryui/jquery-ui.min.js HTTP/1.1" 304 -
190.171.153.26 - - [31/Mar/2022:12:25:13 -0300] "GET /cormun/static/Shared/jquery/jquery-1.4.2.min.js HTTP/1.1" 304 -
190.171.153.26 - - [31/Mar/2022:12:25:13 -0300] "GET /cormun/static/SmoothNavMenu/resources/ddsmoothmenu.js HTTP/1.1" 304 -
190.171.153.26 - - [31/Mar/2022:12:25:13 -0300] "GET /cormun/static/cmcontrolpreferences.js?20199141926336 HTTP/1.1" 304 -
190.171.153.26 - - [31/Mar/2022:12:25:13 -0300] "GET /cormun/static/SmoothNavMenu/resources/SmoothNavMenuRender.js HTTP/1.1" 304 -
190.171.153.26 - - [31/Mar/2022:12:25:13 -0300] "GET /cormun/static/scaMessage/scaMessageRender.js HTTP/1.1" 304 -
190.171.153.26 - - [31/Mar/2022:12:25:13 -0300] "GET /cormun/static/scaMessage/js/jquery.pnotify.min.js HTTP/1.1" 304 -
190.171.153.26 - - [31/Mar/2022:12:25:13 -0300] "GET /cormun/static/hmpwkw03.js?20201215501896 HTTP/1.1" 304 -
190.171.142.10 - - [31/Mar/2022:12:25:18 -0300] "GET /cormun/servlet/prfichaempleado?,MD,,gxPopupLevel%3D0%3B HTTP/1.1" 200 9272
190.171.153.26 - - [31/Mar/2022:12:25:18 -0300] "GET /cormun/servlet/hlogin HTTP/1.1" 200 1739
190.171.141.114 - - [31/Mar/2022:12:25:25 -0300] "POST /cormun/servlet/trsolicitudot?0b73cae8b756a92932f471ff4184f167,gx-no-cache=1648739579240 HTTP/1.1" 200 4577
190.171.141.114 - - [31/Mar/2022:12:25:25 -0300] "GET /cormun/static/Shared/jqueryui/images/ui-bg_highlight-soft_100_c6c2c8_1x100.png HTTP/1.1" 404 1117
190.171.141.114 - - [31/Mar/2022:12:25:25 -0300] "GET /cormun/static/Shared/jqueryui/images/ui-icons_82798d_256x240.png HTTP/1.1" 404 1089
190.171.141.114 - - [31/Mar/2022:12:25:25 -0300] "GET /cormun/static/Shared/jqueryui/images/ui-bg_flat_55_fafafa_40x100.png HTTP/1.1" 404 1097
