192.168.10.17 - - [31/Mar/2022:11:27:40 -0300] "GET /cormun/servlet/vesolicitudgral?2022,18333,, HTTP/1.1" 200 8330
192.168.10.17 - - [31/Mar/2022:11:27:40 -0300] "GET /cormun/pexe_scrolldiv.js HTTP/1.1" 404 1009
192.168.10.17 - - [31/Mar/2022:11:27:40 -0300] "GET /cormun/servlet/vesolicitudgral?2022,18333,, HTTP/1.1" 200 8330
192.168.10.17 - - [31/Mar/2022:11:27:58 -0300] "GET /cormun/servlet/vesolicitudgral?2022,18333,,SolicitudOTAdjuntos HTTP/1.1" 200 7035
192.168.10.17 - - [31/Mar/2022:11:27:58 -0300] "GET /cormun/pexe_scrolldiv.js HTTP/1.1" 404 1009
192.168.10.17 - - [31/Mar/2022:11:27:58 -0300] "GET /cormun/servlet/vesolicitudgral?2022,18333,,SolicitudOTAdjuntos HTTP/1.1" 200 7035
192.168.10.17 - - [31/Mar/2022:11:27:59 -0300] "POST /cormun/servlet/acontrolpreferencessavestate?None,RRHH+DANIELA,true HTTP/1.1" 200 35
192.168.10.17 - - [31/Mar/2022:11:28:00 -0300] "GET /cormun/servlet/vesolicitudgral?2022,18333,,General HTTP/1.1" 200 8336
192.168.10.17 - - [31/Mar/2022:11:28:00 -0300] "GET /cormun/pexe_scrolldiv.js HTTP/1.1" 404 1009
192.168.10.17 - - [31/Mar/2022:11:28:00 -0300] "GET /cormun/servlet/vesolicitudgral?2022,18333,,General HTTP/1.1" 200 8336
192.168.10.17 - - [31/Mar/2022:11:30:49 -0300] "GET /cormun/servlet/trsolicitudgral? HTTP/1.1" 200 11609
192.168.10.17 - - [31/Mar/2022:11:30:50 -0300] "GET /cormun/servlet/trsolicitudgral? HTTP/1.1" 200 11602
192.168.10.17 - - [31/Mar/2022:11:31:02 -0300] "GET /cormun/servlet/vesolicitudgral?2022,18325,, HTTP/1.1" 200 8332
192.168.10.17 - - [31/Mar/2022:11:31:02 -0300] "GET /cormun/pexe_scrolldiv.js HTTP/1.1" 404 1009
192.168.10.17 - - [31/Mar/2022:11:31:02 -0300] "GET /cormun/servlet/vesolicitudgral?2022,18325,, HTTP/1.1" 200 8331
190.171.143.82 - - [31/Mar/2022:11:31:43 -0300] "GET /cormun/servlet/permisogoce?INS,0,,, HTTP/1.1" 200 6030
190.171.143.82 - - [31/Mar/2022:11:31:46 -0300] "GET /cormun/servlet/hlogin HTTP/1.1" 200 1752
190.171.143.82 - - [31/Mar/2022:11:31:46 -0300] "GET /cormun/servlet/permisogoce?INS,0,,, HTTP/1.1" 200 6024
190.171.142.10 - - [31/Mar/2022:11:31:51 -0300] "GET /cormun/servlet/licenciaspermisos?680d2abe677e5b9cd9f9ef98ec8a86a5c32babbae1b22887d1238dab860d826812307212bb19fcd40e8a41ef81aca93e43a16a0de28e7be45fd01d9bd93e0f37a42526ee19101fbd68524d34451de7519379ae2f48c053752258abe0ef3fdb2d72df507517da508454e16d01bcd4e0869bf6c6130a11ad03a0d0f5f79f1e8e8dd65482245760cc433336222f1ec2a6362fad85b01fa00b37d91a704a091a9de2b660ab1575ddc423af0869460dde870a91d0d331b59ac86403c5a57881bca920d43807476c939d3a09e8d9eaaadc814e3e5fae7e380e5cdf402bbce8bf517232,gx-no-cache=1648736365237 HTTP/1.1" 200 30
190.171.142.10 - - [31/Mar/2022:11:31:51 -0300] "GET /cormun/servlet/licenciaspermisos?680d2abe677e5b9cd9f9ef98ec8a86a56636affb39673c56e149ccf5496c4abe7123cd56b6e4c9cb9a493b4f71f303fb2f36e28a82e2d6325c321103d6bc14d861a0c4cd4b705439ec45ee5b2a61b888defb0ef22888a01d2ad3a6d96cbe662712e0dd3c87ef9626c76eca7ee13c524ed2654e74cb1562e84ae3ff4005b55338596b3cc5ccfa4ab935c1a5959c6216209fbd077611d523b27deefe40dd4bf1962bf1cb6915f99f7e95188f1b67d822af0f5fe33f315faf2f45d198392c23028353064015f0f923247c1265167661ae3ba7a6130080ab2de207271509e7ccba9d,gx-no-cache=1648736365279 HTTP/1.1" 200 29
190.171.142.10 - - [31/Mar/2022:11:31:52 -0300] "POST /cormun/servlet/licenciaspermisos?45a692a36483105766cde2954693404f,INS,0,,,,gx-no-cache=1648736365320 HTTP/1.1" 200 93
190.171.142.10 - - [31/Mar/2022:11:31:52 -0300] "GET /cormun/servlet/hpexe_return? HTTP/1.1" 200 1017
190.171.142.10 - - [31/Mar/2022:11:31:53 -0300] "GET /cormun/servlet/trlicencias? HTTP/1.1" 200 15140
190.171.142.10 - - [31/Mar/2022:11:31:54 -0300] "GET /cormun/servlet/trlicencias? HTTP/1.1" 200 14911
190.171.142.10 - - [31/Mar/2022:11:31:59 -0300] "POST /cormun/servlet/trlicencias?45a692a36483105766cde2954693404f,,gx-no-cache=1648736372218 HTTP/1.1" 200 12814
190.171.142.10 - - [31/Mar/2022:11:32:08 -0300] "GET /cormun/servlet/trlicenciaspermisosadjuntos?6844655,20220331000000,L, HTTP/1.1" 200 6333
190.171.142.10 - - [31/Mar/2022:11:32:10 -0300] "GET /cormun/servlet/trlicenciaspermisosadjuntos?6844655,20220331000000,L, HTTP/1.1" 200 6334
190.171.142.10 - - [31/Mar/2022:11:32:14 -0300] "GET /cormun/servlet/licenciaspermisosadjuntos?INS,6844655,L,20220331000000,, HTTP/1.1" 200 5620
190.171.142.10 - - [31/Mar/2022:11:32:16 -0300] "GET /cormun/static/about:blank HTTP/1.1" 404 1011
190.171.142.10 - - [31/Mar/2022:11:32:16 -0300] "GET /cormun/servlet/licenciaspermisosadjuntos?INS,6844655,L,20220331000000,, HTTP/1.1" 200 5609
190.171.142.10 - - [31/Mar/2022:11:32:33 -0300] "POST /cormun/servlet/licenciaspermisosadjuntos?45a692a36483105766cde2954693404f,INS,6844655,L,20220331000000,, HTTP/1.1" 200 116
190.171.142.10 - - [31/Mar/2022:11:32:33 -0300] "GET /cormun/servlet/hpexe_return? HTTP/1.1" 200 1046
190.171.142.10 - - [31/Mar/2022:11:32:33 -0300] "GET /cormun/servlet/trlicenciaspermisosadjuntos?6844655,20220331000000,L, HTTP/1.1" 200 6826
190.171.142.10 - - [31/Mar/2022:11:32:34 -0300] "GET /cormun/servlet/trlicenciaspermisosadjuntos?6844655,20220331000000,L, HTTP/1.1" 200 6824
190.171.142.10 - - [31/Mar/2022:11:32:38 -0300] "POST /cormun/servlet/trlicenciaspermisosadjuntos?45a692a36483105766cde2954693404f,6844655,20220331000000,L,,gx-no-cache=1648736411477 HTTP/1.1" 200 90
190.171.142.10 - - [31/Mar/2022:11:32:38 -0300] "GET /cormun/servlet/hpexe_link HTTP/1.1" 200 990
190.171.142.10 - - [31/Mar/2022:11:32:38 -0300] "GET /cormun/servlet/trlicencias? HTTP/1.1" 200 14952
190.171.142.10 - - [31/Mar/2022:11:32:40 -0300] "GET /cormun/servlet/trlicencias? HTTP/1.1" 200 15101
190.171.142.10 - - [31/Mar/2022:11:32:45 -0300] "POST /cormun/servlet/trlicencias?45a692a36483105766cde2954693404f,,gx-no-cache=1648736418557 HTTP/1.1" 200 12827
192.168.10.17 - - [31/Mar/2022:11:32:51 -0300] "GET /cormun/servlet/trsolicitudgral? HTTP/1.1" 200 11603
192.168.10.17 - - [31/Mar/2022:11:32:51 -0300] "GET /cormun/servlet/trsolicitudgral? HTTP/1.1" 200 11602
190.171.142.10 - - [31/Mar/2022:11:32:54 -0300] "POST /cormun/servlet/trlicencias?45a692a36483105766cde2954693404f,,gx-no-cache=1648736427943 HTTP/1.1" 200 12845
190.171.142.10 - - [31/Mar/2022:11:32:55 -0300] "GET /cormun/static/Shared/jqueryui/images/ui-bg_highlight-soft_100_c6c2c8_1x100.png HTTP/1.1" 404 1117
190.171.142.10 - - [31/Mar/2022:11:32:55 -0300] "GET /cormun/static/Shared/jqueryui/images/ui-icons_82798d_256x240.png HTTP/1.1" 404 1089
190.171.142.10 - - [31/Mar/2022:11:32:55 -0300] "GET /cormun/static/Shared/jqueryui/images/ui-bg_flat_55_fafafa_40x100.png HTTP/1.1" 404 1097
190.171.142.10 - - [31/Mar/2022:11:32:55 -0300] "GET /cormun/static/Shared/jqueryui/images/ui-icons_8d78a5_256x240.png HTTP/1.1" 404 1089
192.168.10.17 - - [31/Mar/2022:11:33:00 -0300] "POST /cormun/servlet/trsolicitudgral?ecc1010a897845a0780607dd704da7fa,,gx-no-cache=1648736270039 HTTP/1.1" 200 5261
192.168.10.17 - - [31/Mar/2022:11:33:04 -0300] "POST /cormun/servlet/trsolicitudgral?ecc1010a897845a0780607dd704da7fa,,gx-no-cache=1648736273559 HTTP/1.1" 200 8150
64.31.7.206 - - [31/Mar/2022:11:33:57 -0300] "GET / HTTP/1.1" 200 11217
192.168.10.17 - - [31/Mar/2022:11:35:45 -0300] "POST /cormun/servlet/trsolicitudgral?ecc1010a897845a0780607dd704da7fa,,gx-no-cache=1648736432314 HTTP/1.1" 200 25989
192.168.10.17 - - [31/Mar/2022:11:37:56 -0300] "POST /cormun/servlet/trsolicitudgral?ecc1010a897845a0780607dd704da7fa,,gx-no-cache=1648736565791 HTTP/1.1" 200 5269
190.171.134.178 - - [31/Mar/2022:11:39:09 -0300] "GET /cormun/servlet/hlogin HTTP/1.1" 200 1728
190.171.134.178 - - [31/Mar/2022:11:39:24 -0300] "POST /cormun/servlet/hlogin?8242d79f93df55494c398feefaaeb075,gx-no-cache=1648737105070 HTTP/1.1" 200 90
190.171.134.178 - - [31/Mar/2022:11:39:25 -0300] "GET /cormun/servlet/hpexe_link HTTP/1.1" 200 952
190.171.134.178 - - [31/Mar/2022:11:39:25 -0300] "GET /cormun/servlet/hhome HTTP/1.1" 200 3931
190.171.134.178 - - [31/Mar/2022:11:39:25 -0300] "GET /cormun/servlet/hhome HTTP/1.1" 200 3927
190.171.134.178 - - [31/Mar/2022:11:39:35 -0300] "GET /cormun/servlet/trsolicitudot? HTTP/1.1" 200 7150
190.171.134.178 - - [31/Mar/2022:11:39:35 -0300] "GET /cormun/servlet/trsolicitudot? HTTP/1.1" 200 7149
190.171.134.178 - - [31/Mar/2022:11:39:40 -0300] "GET /cormun/servlet/solicitudot?INS,0,0,false, HTTP/1.1" 200 15649
190.171.134.178 - - [31/Mar/2022:11:39:40 -0300] "GET /cormun/servlet/solicitudot?INS,0,0,false, HTTP/1.1" 200 15656
190.171.143.82 - - [31/Mar/2022:11:40:01 -0300] "POST /cormun/servlet/hlogin?f6555fa4192a495bb502904f15597756,gx-no-cache=1648736855284 HTTP/1.1" 200 90
190.171.143.82 - - [31/Mar/2022:11:40:01 -0300] "GET /cormun/servlet/hpexe_link HTTP/1.1" 200 967
190.171.143.82 - - [31/Mar/2022:11:40:01 -0300] "GET /cormun/servlet/permisogoce?INS,0,,, HTTP/1.1" 200 7082
190.171.143.82 - - [31/Mar/2022:11:40:04 -0300] "GET /cormun/servlet/permisogoce?INS,0,,, HTTP/1.1" 200 7080
192.168.10.17 - - [31/Mar/2022:11:40:13 -0300] "GET /cormun/servlet/trsolicitudgral? HTTP/1.1" 200 8285
192.168.10.17 - - [31/Mar/2022:11:40:14 -0300] "GET /cormun/servlet/trsolicitudgral? HTTP/1.1" 200 8285
190.171.152.138 - - [31/Mar/2022:11:40:15 -0300] "GET /cormun/servlet/hlogin HTTP/1.1" 200 1726
190.171.134.178 - - [31/Mar/2022:11:40:16 -0300] "GET /cormun/servlet/prfichaempleado?,MD,,gxPopupLevel%3D0%3B HTTP/1.1" 200 9229
190.171.152.138 - - [31/Mar/2022:11:40:16 -0300] "GET /cormun/servlet/hlogin HTTP/1.1" 200 1736
192.168.10.17 - - [31/Mar/2022:11:40:22 -0300] "POST /cormun/servlet/trsolicitudgral?ecc1010a897845a0780607dd704da7fa,,gx-no-cache=1648736711551 HTTP/1.1" 200 8618
190.171.134.178 - - [31/Mar/2022:11:40:33 -0300] "POST /cormun/servlet/solicitudot?gx-no-cache=1648737173186 HTTP/1.1" 200 3948
190.171.134.178 - - [31/Mar/2022:11:40:33 -0300] "POST /cormun/servlet/solicitudot?8242d79f93df55494c398feefaaeb075,INS,0,0,false,,gx-no-cache=1648737173369 HTTP/1.1" 200 12508
190.171.134.178 - - [31/Mar/2022:11:40:48 -0300] "GET /cormun/servlet/solicitudot?5badf005a717edd04cfd7a71dd8b2c48d1c0378a391506c4d8a777b0ab58044d0d35a7f7eb63ce5b0660ab9b690a2128,gx-no-cache=1648737188493 HTTP/1.1" 200 30
190.171.134.178 - - [31/Mar/2022:11:40:48 -0300] "GET /cormun/servlet/solicitudot?5badf005a717edd04cfd7a71dd8b2c48370158954efef428ac8a9e0d13c5871582f435019645ab363a6b9cdad2c328be1eedde4ef4e174520936af46b7848cff,gx-no-cache=1648737188555 HTTP/1.1" 200 30
190.171.134.178 - - [31/Mar/2022:11:40:48 -0300] "GET /cormun/servlet/solicitudot?5badf005a717edd04cfd7a71dd8b2c482ef6a0488a2a954ff76dfca7b6f86de0,gx-no-cache=1648737188580 HTTP/1.1" 200 60
190.171.134.178 - - [31/Mar/2022:11:40:48 -0300] "POST /cormun/servlet/solicitudot?gx-no-cache=1648737188608 HTTP/1.1" 200 255
190.171.134.178 - - [31/Mar/2022:11:40:48 -0300] "GET /cormun/servlet/solicitudot?5badf005a717edd04cfd7a71dd8b2c481b82724d11531a9c3576b85f8468ba9a02a1bd33b335ea3ea50e422160da7bc47fe2f306ff1c6bbc99e0e1754ccd985d1a874de7b684048e9035a561d106ca180ae3c09cb3c281dc229b350f14f4985b7cccc134de4378baaf59860f058605fcb831c9d03e4722508c89cc2b337755339dc9c7b6b23977afbcb6aa0cd1f81e23c04d3f9f41e4819e077fbed980362cc0c1a70be570c4c925b68abaf25ee0f5d1bc2fc7fca45b1d944934b20c3d42917e354fc60858cf28a5c8f27a4c7a18a7e1ad90b6cecc81f87811c8f4c6ca732f126ed0014475345e1757166e622ee0dddaa06d3d0ac9ffa673dc8c1d99d224fd4cb59be825edad5314be3c0c65521a699b3afe973c9021446a062afbac9dace1762fbff8c223b2d937f16fb6db181909708fb8d1f6456b3f75fd119bd51a468224ddf5ad4e473a7e32c0511e13117083fad64b9694b8154d1b09757e71dfc807db4733e60eeb2242dd59ff6bcbb5c249ad57bae20e69117fa3924c55bef7c00ce9,gx-no-cache=1648737188641 HTTP/1.1" 200 30
190.171.134.178 - - [31/Mar/2022:11:40:51 -0300] "POST /cormun/servlet/solicitudot?gx-no-cache=1648737191463 HTTP/1.1" 200 30
190.171.152.138 - - [31/Mar/2022:11:41:04 -0300] "POST /cormun/servlet/hlogin?9606d7369b6ef6582dfd24aab49f4704,gx-no-cache=1648736920336 HTTP/1.1" 200 90
190.171.152.138 - - [31/Mar/2022:11:41:05 -0300] "GET /cormun/servlet/hpexe_link HTTP/1.1" 200 955
190.171.152.138 - - [31/Mar/2022:11:41:05 -0300] "GET /cormun/servlet/hhome HTTP/1.1" 200 3855
190.171.152.138 - - [31/Mar/2022:11:41:05 -0300] "GET /cormun/servlet/hhome HTTP/1.1" 200 3853
190.171.152.138 - - [31/Mar/2022:11:41:09 -0300] "GET /cormun/servlet/trpermisosgoce? HTTP/1.1" 200 8789
190.171.152.138 - - [31/Mar/2022:11:41:09 -0300] "GET /cormun/static/gxcfg.js?2020121631564 HTTP/1.1" 200 953
190.171.152.138 - - [31/Mar/2022:11:41:09 -0300] "GET /cormun/static/trpermisosgoce.js?2020121633681 HTTP/1.1" 200 35904
190.171.152.138 - - [31/Mar/2022:11:41:09 -0300] "GET /cormun//static/Resources/PXToolsGridDelete.png HTTP/1.1" 200 538
190.171.152.138 - - [31/Mar/2022:11:41:09 -0300] "GET /cormun/servlet/trpermisosgoce? HTTP/1.1" 200 8789
190.171.149.74 - - [31/Mar/2022:11:41:13 -0300] "GET /cormun/servlet/hlogin HTTP/1.1" 200 1721
190.171.149.74 - - [31/Mar/2022:11:41:19 -0300] "POST /cormun/servlet/hlogin?db00cc853ddf5f7697dc061e139f7cda,gx-no-cache=1648740654333 HTTP/1.1" 200 90
190.171.149.74 - - [31/Mar/2022:11:41:19 -0300] "GET /cormun/servlet/hpexe_link HTTP/1.1" 200 947
190.171.149.74 - - [31/Mar/2022:11:41:19 -0300] "GET /cormun/servlet/hhome HTTP/1.1" 200 3973
190.171.149.74 - - [31/Mar/2022:11:41:19 -0300] "GET /cormun/servlet/hhome HTTP/1.1" 200 3969
190.171.149.74 - - [31/Mar/2022:11:41:22 -0300] "GET /cormun/servlet/trlicencias? HTTP/1.1" 200 12412
190.171.149.74 - - [31/Mar/2022:11:41:23 -0300] "GET /cormun/servlet/trlicencias? HTTP/1.1" 200 12412
190.171.152.138 - - [31/Mar/2022:11:41:30 -0300] "GET /cormun/servlet/permisogoce?INS,0,,, HTTP/1.1" 200 6718
190.171.152.138 - - [31/Mar/2022:11:41:30 -0300] "GET /cormun/static/gxcfg.js?20201215124560 HTTP/1.1" 200 953
190.171.152.138 - - [31/Mar/2022:11:41:30 -0300] "GET /cormun/static/Resources/prompt.gif HTTP/1.1" 200 902
190.171.152.138 - - [31/Mar/2022:11:41:30 -0300] "GET /cormun/static/permisogoce.js?20201215124939 HTTP/1.1" 200 27919
190.171.152.138 - - [31/Mar/2022:11:41:30 -0300] "GET /cormun/servlet/permisogoce?INS,0,,, HTTP/1.1" 200 6717
190.171.152.138 - - [31/Mar/2022:11:42:12 -0300] "GET /cormun/servlet/permisogoce?581de9aae4e9fe01fd5fc328a98ec7d6080954247569597946d0cf1ef001c5a524c7210c3f6fe8b8a15a9a67c8e60d43133bea8159abe59fc8e817d50913bc0a,gx-no-cache=1648736988003 HTTP/1.1" 200 81
190.171.149.74 - - [31/Mar/2022:11:42:13 -0300] "GET /cormun/servlet/licenciaspermisos?INS,0,,, HTTP/1.1" 200 7585
190.171.149.74 - - [31/Mar/2022:11:42:13 -0300] "GET /cormun/static/gxcfg.js?202012153173 HTTP/1.1" 200 953
190.171.149.74 - - [31/Mar/2022:11:42:13 -0300] "GET /cormun/static/licenciaspermisos.js?2020121532136 HTTP/1.1" 200 38824
190.171.149.74 - - [31/Mar/2022:11:42:14 -0300] "GET /cormun/servlet/licenciaspermisos?INS,0,,, HTTP/1.1" 200 7593
190.171.152.138 - - [31/Mar/2022:11:42:14 -0300] "GET /cormun/static/menuarrow.gif HTTP/1.1" 404 1015
190.171.149.74 - - [31/Mar/2022:11:42:27 -0300] "GET /cormun/servlet/licenciaspermisos?0758c8abf1fc72cc2f351aaf3a70dc3f9355e8590591a56055e49420e64a907f4d6c24c1898b4cbc5402f834c77c5a8545cd24a12a0dcbb3c6325b7a8b3edc32,gx-no-cache=1648740722459 HTTP/1.1" 200 104
190.171.149.74 - - [31/Mar/2022:11:42:27 -0300] "POST /cormun/servlet/licenciaspermisos?db00cc853ddf5f7697dc061e139f7cda,INS,0,,,,gx-no-cache=1648740722513 HTTP/1.1" 200 4823
190.171.149.74 - - [31/Mar/2022:11:43:06 -0300] "GET /cormun/static/menuarrow.gif HTTP/1.1" 404 1015
190.171.134.178 - - [31/Mar/2022:11:43:29 -0300] "GET /cormun/servlet/solicitudot?5badf005a717edd04cfd7a71dd8b2c48e82e195c8690992b83439f6fb8027cef572506592e2202d18015962d7f3f0d6678f8e49362b743551a6d076565bc6c56,gx-no-cache=1648737349938 HTTP/1.1" 200 30
190.171.134.178 - - [31/Mar/2022:11:43:29 -0300] "POST /cormun/servlet/solicitudot?gx-no-cache=1648737349985 HTTP/1.1" 200 254
190.171.134.178 - - [31/Mar/2022:11:43:29 -0300] "GET /cormun/servlet/solicitudot?5badf005a717edd04cfd7a71dd8b2c481b82724d11531a9c3576b85f8468ba9a02a1bd33b335ea3ea50e422160da7bc47fe2f306ff1c6bbc99e0e1754ccd985d1a874de7b684048e9035a561d106ca180ae3c09cb3c281dc229b350f14f4985b7cccc134de4378baaf59860f058605fcb831c9d03e4722508c89cc2b337755339dc9c7b6b23977afbcb6aa0cd1f81e23c04d3f9f41e4819e077fbed980362cc0c1a70be570c4c925b68abaf25ee0f5d1bc2fc7fca45b1d944934b20c3d42917e354fc60858cf28a5c8f27a4c7a18a7e1ad90b6cecc81f87811c8f4c6ca732f126ed0014475345e1757166e622ee0dddaa06d3d0ac9ffa673dc8c1d99d224fd4cb59be825edad5314be3c0c65521a699b3afe973c9021446a062afbac9dace1762fbff8c223b2d937f16fb6db181909708fb8d1f6456b3f75fd119bd51a468224ddf5ad4e473a7e32c0511e13117083fad64b9694b8154d1b09757e71dfc807db4733e60eeb2242dd59ff6bcbb5c249ad4ad191cf58b2495a1d2dc09037675f95,gx-no-cache=1648737350026 HTTP/1.1" 200 30
190.171.134.178 - - [31/Mar/2022:11:43:29 -0300] "POST /cormun/servlet/solicitudot?gx-no-cache=1648737350057 HTTP/1.1" 200 30
190.171.134.178 - - [31/Mar/2022:11:43:29 -0300] "POST /cormun/servlet/solicitudot?gx-no-cache=1648737350086 HTTP/1.1" 200 1454
190.171.134.178 - - [31/Mar/2022:11:43:29 -0300] "POST /cormun/servlet/solicitudot?gx-no-cache=1648737350121 HTTP/1.1" 200 38
190.171.134.178 - - [31/Mar/2022:11:43:29 -0300] "GET /cormun/servlet/solicitudot?5badf005a717edd04cfd7a71dd8b2c488ec1675c6f18d37118878250a7fd0bec969703ebfc38c9b06e9ca83e1e9b4d925d853267a818365346506a1318b5f2e8d97d7c7db9362f64bc3a4cdb7005bfe3e7fbea1fbf286da228b46c548f80316c499153f10a42ea51db9c91094e44baf0,gx-no-cache=1648737350144 HTTP/1.1" 200 110
190.171.134.178 - - [31/Mar/2022:11:43:40 -0300] "POST /cormun/servlet/solicitudot?gx-no-cache=1648737360834 HTTP/1.1" 200 64
190.171.152.138 - - [31/Mar/2022:11:43:46 -0300] "GET /cormun/servlet/permisogoce?581de9aae4e9fe01fd5fc328a98ec7d62d659cbb6b63c9a9442e3966112ab27f1468ff127ed0e7c512e1cfacf2776f825ccf0159102761d4ca9baca9d153c4bb,gx-no-cache=1648737082112 HTTP/1.1" 200 47
190.171.134.178 - - [31/Mar/2022:11:43:53 -0300] "GET /cormun/servlet/solicitudot?5badf005a717edd04cfd7a71dd8b2c481723d8514adf6e77414a20c62e29bf15b9b88cf735b30e7ad457448f243deb75e1ccf5fb58900e68a819e64f3acd3b1826be7513818d79315bd9c6cdd0ba8111691d06899784f321dd284c6fc9fb0033a2c8fcb6a972c090157b67e25beac0d8bfb9ef58db95baa6c703ce2de9a85ee2b5b126e5e5452ab6878709ef29b9ac7a8f3afe0bd9a0fdd111cbeafec5dd0e47b54b5271b35c505e5ffb264de3744bd1373f4710fba61244e8b9f849dd7fa79d8b47cc33112dd22ee150df46a439c59d,gx-no-cache=1648737374167 HTTP/1.1" 200 29
190.171.134.178 - - [31/Mar/2022:11:43:54 -0300] "GET /cormun/static/menuarrow.gif HTTP/1.1" 404 1015
190.171.152.138 - - [31/Mar/2022:11:43:55 -0300] "POST /cormun/servlet/permisogoce?9606d7369b6ef6582dfd24aab49f4704,INS,0,,,,gx-no-cache=1648737090276 HTTP/1.1" 200 93
190.171.152.138 - - [31/Mar/2022:11:43:55 -0300] "GET /cormun/servlet/hpexe_return? HTTP/1.1" 200 1012
190.171.152.138 - - [31/Mar/2022:11:43:55 -0300] "GET /cormun/static/gxcfg.js?201991422392976 HTTP/1.1" 200 953
190.171.152.138 - - [31/Mar/2022:11:43:55 -0300] "GET /cormun/static/hpexe_return.js?201991422392984 HTTP/1.1" 200 1633
190.171.152.138 - - [31/Mar/2022:11:43:55 -0300] "GET /cormun/servlet/trpermisosgoce HTTP/1.1" 200 9058
190.171.152.138 - - [31/Mar/2022:11:43:55 -0300] "GET /cormun//static/Resources/PXToolsGridUpdate.png HTTP/1.1" 200 470
190.171.152.138 - - [31/Mar/2022:11:43:55 -0300] "GET /cormun/servlet/trpermisosgoce HTTP/1.1" 200 9054
190.171.134.178 - - [31/Mar/2022:11:43:57 -0300] "GET /cormun/servlet/solicitudot?5badf005a717edd04cfd7a71dd8b2c4835f15d0a00b16769c24fcc9e5941df1ea4f5099f2bbf00dbb06452d94a35d257,gx-no-cache=1648737378189 HTTP/1.1" 200 30
190.171.152.138 - - [31/Mar/2022:11:44:01 -0300] "GET /cormun/servlet/apermisogoceprn?13803850,P,20220331112619,PU HTTP/1.1" 200 1654
190.171.134.178 - - [31/Mar/2022:11:44:13 -0300] "POST /cormun/servlet/solicitudot?gx-no-cache=1648737394217 HTTP/1.1" 200 30
190.171.149.74 - - [31/Mar/2022:11:44:54 -0300] "GET /cormun/servlet/licenciaspermisos?0758c8abf1fc72cc2f351aaf3a70dc3f880a3624205ed40c347868ee4b436dceee9fea9b904fc2e0950a9a66f7d6827374fef3193d61e72f3c169779c06c95cec8ed3080ded79152c20007ed68909d9b917feccffb9def60cf97c2793d97b663865a1b239895b2fa93bc2f53d240ae186f025314ea20a37e29ac25475592f30a4f4d3adec93cdfbb83e07a5b0627b99f3ba5551591d72502311845f9b26fc973a26611dd54bc75567457a97505d91f4f,gx-no-cache=1648740869298 HTTP/1.1" 200 30
190.171.149.74 - - [31/Mar/2022:11:44:54 -0300] "POST /cormun/servlet/licenciaspermisos?db00cc853ddf5f7697dc061e139f7cda,INS,0,,,,gx-no-cache=1648740869396 HTTP/1.1" 200 4903
190.171.141.90 - - [31/Mar/2022:11:45:00 -0300] "GET /cormun/servlet/hlogin HTTP/1.1" 200 1729
190.171.141.90 - - [31/Mar/2022:11:45:07 -0300] "POST /cormun/servlet/hlogin?4943d1c4d9452735375afd0fdb2754f3,gx-no-cache=1648737161224 HTTP/1.1" 200 90
190.171.141.90 - - [31/Mar/2022:11:45:07 -0300] "GET /cormun/servlet/hpexe_link HTTP/1.1" 200 957
190.171.141.90 - - [31/Mar/2022:11:45:07 -0300] "GET /cormun/servlet/hhome HTTP/1.1" 200 3978
190.171.141.90 - - [31/Mar/2022:11:45:08 -0300] "GET /cormun/servlet/hhome HTTP/1.1" 200 3975
190.171.141.90 - - [31/Mar/2022:11:45:11 -0300] "GET /cormun/servlet/trlicencias? HTTP/1.1" 200 17164
190.171.134.178 - - [31/Mar/2022:11:45:12 -0300] "POST /cormun/servlet/solicitudot?8242d79f93df55494c398feefaaeb075,INS,0,0,false,,gx-no-cache=1648737452320 HTTP/1.1" 200 93
190.171.141.90 - - [31/Mar/2022:11:45:12 -0300] "GET /cormun/servlet/trlicencias? HTTP/1.1" 200 17136
190.171.134.178 - - [31/Mar/2022:11:45:12 -0300] "GET /cormun/servlet/hpexe_return? HTTP/1.1" 200 1009
190.171.134.178 - - [31/Mar/2022:11:45:12 -0300] "GET /cormun/servlet/trsolicitudot HTTP/1.1" 200 8569
190.171.134.178 - - [31/Mar/2022:11:45:13 -0300] "GET /cormun/servlet/trsolicitudot HTTP/1.1" 200 8565
190.171.134.178 - - [31/Mar/2022:11:45:18 -0300] "POST /cormun/servlet/trsolicitudot?8242d79f93df55494c398feefaaeb075,gx-no-cache=1648737458513 HTTP/1.1" 200 4559
190.171.134.178 - - [31/Mar/2022:11:45:18 -0300] "GET /cormun/static/Shared/jqueryui/images/ui-bg_highlight-soft_100_c6c2c8_1x100.png HTTP/1.1" 404 1117
190.171.134.178 - - [31/Mar/2022:11:45:18 -0300] "GET /cormun/static/Shared/jqueryui/images/ui-icons_82798d_256x240.png HTTP/1.1" 404 1089
190.171.134.178 - - [31/Mar/2022:11:45:18 -0300] "GET /cormun/static/Shared/jqueryui/images/ui-icons_8d78a5_256x240.png HTTP/1.1" 404 1089
190.171.134.178 - - [31/Mar/2022:11:45:18 -0300] "GET /cormun/static/Shared/jqueryui/images/ui-bg_flat_55_fafafa_40x100.png HTTP/1.1" 404 1097
190.171.134.178 - - [31/Mar/2022:11:45:18 -0300] "POST /cormun/servlet/trsolicitudot?8242d79f93df55494c398feefaaeb075,gx-no-cache=1648737458849 HTTP/1.1" 200 4329
190.171.134.178 - - [31/Mar/2022:11:45:32 -0300] "GET /cormun/servlet/hlogin HTTP/1.1" 200 1744
190.171.134.178 - - [31/Mar/2022:11:45:44 -0300] "POST /cormun/servlet/hlogin?8242d79f93df55494c398feefaaeb075,gx-no-cache=1648737484750 HTTP/1.1" 200 90
190.171.134.178 - - [31/Mar/2022:11:45:44 -0300] "GET /cormun/servlet/hpexe_link HTTP/1.1" 200 952
190.171.134.178 - - [31/Mar/2022:11:45:44 -0300] "GET /cormun/servlet/hhome HTTP/1.1" 200 4232
190.171.134.178 - - [31/Mar/2022:11:45:45 -0300] "GET /cormun/servlet/hhome HTTP/1.1" 200 4229
190.171.134.178 - - [31/Mar/2022:11:45:52 -0300] "GET /cormun/servlet/trautorizarsolicitud? HTTP/1.1" 200 8742
190.171.134.178 - - [31/Mar/2022:11:45:52 -0300] "GET /cormun/servlet/trautorizarsolicitud? HTTP/1.1" 200 8740
190.171.149.74 - - [31/Mar/2022:11:45:55 -0300] "GET /cormun/servlet/licenciaspermisos?0758c8abf1fc72cc2f351aaf3a70dc3f8d762c2ecefe4a6569c3ac565e1adf78291843a55414f50bf57f7969b47e0ef9c8f639ad57f13556a4274597a3227207006fa02cc7e69d38d1fcfdfcd8dce1641e4e2dd7c5330c66e8cabfc91aea0e1199e38df3c3afbbb46e92d026d90e3701e343c95a19e602b539094e4a728d3114b0b42119babd55b363e566f5d767373acbf28bfe854607762e73fcfb92696506541254d297bfefd8a99af3a061b39abab3afb1286cf29493e3aa32c759e5743a422f17a14ba508a0a6c8defea2263564922d3e2a182452eaf752a3df4d7732aad604b5236ba5e13b8ae777b7cb2afe20,gx-no-cache=1648740930645 HTTP/1.1" 200 60
190.171.134.178 - - [31/Mar/2022:11:46:11 -0300] "POST /cormun/servlet/trautorizarsolicitud?8242d79f93df55494c398feefaaeb075,,gx-no-cache=1648737511889 HTTP/1.1" 200 4764
190.171.134.178 - - [31/Mar/2022:11:46:11 -0300] "GET /cormun/static/Shared/jqueryui/images/ui-bg_highlight-soft_100_c6c2c8_1x100.png HTTP/1.1" 404 1117
190.171.134.178 - - [31/Mar/2022:11:46:11 -0300] "GET /cormun/static/Shared/jqueryui/images/ui-bg_flat_55_fafafa_40x100.png HTTP/1.1" 404 1097
190.171.134.178 - - [31/Mar/2022:11:46:11 -0300] "GET /cormun/static/Shared/jqueryui/images/ui-icons_82798d_256x240.png HTTP/1.1" 404 1089
190.171.134.178 - - [31/Mar/2022:11:46:11 -0300] "GET /cormun/static/Shared/jqueryui/images/ui-icons_8d78a5_256x240.png HTTP/1.1" 404 1089
190.171.134.178 - - [31/Mar/2022:11:46:11 -0300] "POST /cormun/servlet/trautorizarsolicitud?8242d79f93df55494c398feefaaeb075,,gx-no-cache=1648737512086 HTTP/1.1" 200 4531
190.171.134.178 - - [31/Mar/2022:11:46:52 -0300] "POST /cormun/servlet/trautorizarsolicitud?8242d79f93df55494c398feefaaeb075,,gx-no-cache=1648737552630 HTTP/1.1" 200 110
190.171.134.178 - - [31/Mar/2022:11:46:52 -0300] "POST /cormun/servlet/trautorizarsolicitud?8242d79f93df55494c398feefaaeb075,,gx-no-cache=1648737552760 HTTP/1.1" 200 4531
190.171.134.178 - - [31/Mar/2022:11:46:52 -0300] "GET /cormun/AutorizarSolicitud-9415.xls HTTP/1.1" 200 4608
190.171.149.74 - - [31/Mar/2022:11:46:55 -0300] "GET /cormun/servlet/licenciaspermisos?0758c8abf1fc72cc2f351aaf3a70dc3f880a3624205ed40c347868ee4b436dceee9fea9b904fc2e0950a9a66f7d6827374fef3193d61e72f3c169779c06c95cec8ed3080ded79152c20007ed68909d9b917feccffb9def60cf97c2793d97b6637c1be57a545606ba324d1f8de1b3a9846f025314ea20a37e29ac25475592f30a72963ff8edf431fc90c0644ff097d047996a51ce5e6890ccb8a842df344092e6740a2de662c74f7e495459b8b37162a0f3b41b62c3c5b217c165b430251407b9d649113f3b1c79152269a3ab96ee2b83da83f354b2c3951af8598c3ac224a18b,gx-no-cache=1648740990876 HTTP/1.1" 200 30
190.171.149.74 - - [31/Mar/2022:11:46:55 -0300] "GET /cormun/servlet/licenciaspermisos?0758c8abf1fc72cc2f351aaf3a70dc3f8d762c2ecefe4a6569c3ac565e1adf78291843a55414f50bf57f7969b47e0ef9c8f639ad57f13556a4274597a3227207006fa02cc7e69d38d1fcfdfcd8dce1641e4e2dd7c5330c66e8cabfc91aea0e1199e38df3c3afbbb46e92d026d90e3701e343c95a19e602b539094e4a728d3114b0b42119babd55b363e566f5d767373acbf28bfe854607762e73fcfb92696506541254d297bfefd8a99af3a061b39abab3afb1286cf29493e3aa32c759e5743a422f17a14ba508a0a6c8defea2263564922d3e2a182452eaf752a3df4d7732aa36027330dcd1949dc8c4d63a3217197f2451f6fbffde6cacaa43d0d0b50479621ac6a7173867bc09a4b718479875d245,gx-no-cache=1648740990899 HTTP/1.1" 200 60
190.171.149.74 - - [31/Mar/2022:11:46:56 -0300] "POST /cormun/servlet/licenciaspermisos?db00cc853ddf5f7697dc061e139f7cda,INS,0,,,,gx-no-cache=1648740990918 HTTP/1.1" 200 93
190.171.149.74 - - [31/Mar/2022:11:46:56 -0300] "GET /cormun/servlet/hpexe_return? HTTP/1.1" 200 1007
190.171.149.74 - - [31/Mar/2022:11:46:56 -0300] "GET /cormun/servlet/trlicencias HTTP/1.1" 200 12880
190.171.149.74 - - [31/Mar/2022:11:46:56 -0300] "GET /cormun/servlet/trlicencias HTTP/1.1" 200 12660
190.171.149.74 - - [31/Mar/2022:11:47:00 -0300] "GET /cormun/servlet/alicenciaprn?15774663,L,20220331000000,PU HTTP/1.1" 200 1583
190.171.134.178 - - [31/Mar/2022:11:47:01 -0300] "GET /cormun/servlet/trautorizarsolicitud? HTTP/1.1" 200 7340
190.171.134.178 - - [31/Mar/2022:11:47:01 -0300] "GET /cormun/servlet/trautorizarsolicitud? HTTP/1.1" 200 7340
190.171.134.178 - - [31/Mar/2022:11:47:06 -0300] "POST /cormun/servlet/trautorizarsolicitud?8242d79f93df55494c398feefaaeb075,,gx-no-cache=1648737566928 HTTP/1.1" 200 4552
190.171.134.178 - - [31/Mar/2022:11:47:31 -0300] "GET /cormun/servlet/trautorizarsolicitud? HTTP/1.1" 200 7341
190.171.134.178 - - [31/Mar/2022:11:47:31 -0300] "GET /cormun/servlet/trautorizarsolicitud? HTTP/1.1" 200 7340
190.171.134.178 - - [31/Mar/2022:11:47:39 -0300] "POST /cormun/servlet/trautorizarsolicitud?8242d79f93df55494c398feefaaeb075,,gx-no-cache=1648737599472 HTTP/1.1" 200 4551
190.171.134.178 - - [31/Mar/2022:11:47:40 -0300] "POST /cormun/servlet/trautorizarsolicitud?8242d79f93df55494c398feefaaeb075,,gx-no-cache=1648737600421 HTTP/1.1" 200 4550
190.171.134.178 - - [31/Mar/2022:11:47:41 -0300] "POST /cormun/servlet/trautorizarsolicitud?8242d79f93df55494c398feefaaeb075,,gx-no-cache=1648737601229 HTTP/1.1" 200 4551
190.171.134.178 - - [31/Mar/2022:11:47:49 -0300] "POST /cormun/servlet/trautorizarsolicitud?8242d79f93df55494c398feefaaeb075,,gx-no-cache=1648737610110 HTTP/1.1" 200 110
190.171.134.178 - - [31/Mar/2022:11:47:50 -0300] "POST /cormun/servlet/trautorizarsolicitud?8242d79f93df55494c398feefaaeb075,,gx-no-cache=1648737610227 HTTP/1.1" 200 4530
190.171.134.178 - - [31/Mar/2022:11:47:50 -0300] "GET /cormun/AutorizarSolicitud-7889.xls HTTP/1.1" 200 4608
190.171.134.178 - - [31/Mar/2022:11:49:37 -0300] "GET /cormun/servlet/trautorizarsolicitud? HTTP/1.1" 200 7340
190.171.134.178 - - [31/Mar/2022:11:49:37 -0300] "GET /cormun/servlet/trautorizarsolicitud? HTTP/1.1" 200 7340
190.171.134.178 - - [31/Mar/2022:11:49:46 -0300] "GET /cormun/static/menuarrow.gif HTTP/1.1" 404 1015
192.168.10.199 - - [31/Mar/2022:11:50:18 -0300] "POST /cormun/servlet/trsolicitudgral?ced657a4240495475a7997fe6238e020,,gx-no-cache=1648737308174 HTTP/1.1" 440 972
192.168.10.199 - - [31/Mar/2022:11:50:20 -0300] "GET /cormun/servlet/trsolicitudgral? HTTP/1.1" 500 10
192.168.10.199 - - [31/Mar/2022:11:50:21 -0300] "GET /cormun/servlet/trsolicitudgral? HTTP/1.1" 500 10
192.168.10.199 - - [31/Mar/2022:11:50:22 -0300] "GET /cormun/servlet/trsolicitudgral? HTTP/1.1" 500 10
192.168.10.199 - - [31/Mar/2022:11:50:23 -0300] "GET /cormun/servlet/trsolicitudgral? HTTP/1.1" 500 10
192.168.10.199 - - [31/Mar/2022:11:50:23 -0300] "GET /cormun/servlet/trsolicitudgral? HTTP/1.1" 500 10
192.168.10.199 - - [31/Mar/2022:11:50:29 -0300] "GET /cormun/servlet/hlogin HTTP/1.1" 200 1730
192.168.10.199 - - [31/Mar/2022:11:50:30 -0300] "GET /favicon.ico HTTP/1.1" 200 21630
192.168.10.199 - - [31/Mar/2022:11:50:36 -0300] "POST /cormun/servlet/hlogin?25c606b1fa831cafa9b4aed12e4940ad,gx-no-cache=1648737326082 HTTP/1.1" 200 90
192.168.10.199 - - [31/Mar/2022:11:50:36 -0300] "GET /cormun/servlet/hpexe_link HTTP/1.1" 200 955
192.168.10.199 - - [31/Mar/2022:11:50:36 -0300] "GET /cormun/servlet/hhome HTTP/1.1" 200 3831
192.168.10.199 - - [31/Mar/2022:11:50:37 -0300] "GET /cormun/servlet/hhome HTTP/1.1" 200 3828
192.168.10.17 - - [31/Mar/2022:11:50:40 -0300] "POST /cormun/servlet/trsolicitudgral?ecc1010a897845a0780607dd704da7fa,,gx-no-cache=1648737327102 HTTP/1.1" 200 25847
192.168.10.199 - - [31/Mar/2022:11:50:40 -0300] "GET /cormun/servlet/trsolicitudgral? HTTP/1.1" 200 28586
192.168.10.199 - - [31/Mar/2022:11:50:41 -0300] "GET /cormun/servlet/trsolicitudgral? HTTP/1.1" 200 28585
192.168.10.199 - - [31/Mar/2022:11:50:43 -0300] "GET /cormun/servlet/vesolicitudgral?2022,18372,, HTTP/1.1" 200 8419
192.168.10.199 - - [31/Mar/2022:11:50:43 -0300] "GET /cormun/pexe_scrolldiv.js HTTP/1.1" 404 1009
192.168.10.199 - - [31/Mar/2022:11:50:44 -0300] "GET /cormun/servlet/vesolicitudgral?2022,18372,, HTTP/1.1" 200 8419
192.168.10.17 - - [31/Mar/2022:11:50:54 -0300] "POST /cormun/servlet/trsolicitudgral?ecc1010a897845a0780607dd704da7fa,,gx-no-cache=1648737343569 HTTP/1.1" 200 6651
192.168.10.17 - - [31/Mar/2022:11:51:03 -0300] "GET /cormun/servlet/vesolicitudgral?2022,17925,, HTTP/1.1" 200 8336
192.168.10.17 - - [31/Mar/2022:11:51:04 -0300] "GET /cormun/pexe_scrolldiv.js HTTP/1.1" 404 1009
192.168.10.17 - - [31/Mar/2022:11:51:04 -0300] "GET /cormun/servlet/vesolicitudgral?2022,17925,, HTTP/1.1" 200 8336
190.171.152.138 - - [31/Mar/2022:11:51:38 -0300] "GET /cormun/servlet/trpermisosadjuntos?13803850,20220331112619,P, HTTP/1.1" 200 6178
190.171.152.138 - - [31/Mar/2022:11:51:38 -0300] "GET /cormun/static/gxcfg.js?2020121641683 HTTP/1.1" 200 953
190.171.152.138 - - [31/Mar/2022:11:51:38 -0300] "GET /cormun/static/trpermisosadjuntos.js?2020121642996 HTTP/1.1" 200 20158
190.171.152.138 - - [31/Mar/2022:11:51:38 -0300] "GET /cormun/servlet/trpermisosadjuntos?13803850,20220331112619,P, HTTP/1.1" 200 6179
190.171.144.234 - - [31/Mar/2022:11:55:22 -0300] "GET /cormun/servlet/trpermisosgoce HTTP/1.1" 200 6026
190.171.144.234 - - [31/Mar/2022:11:55:22 -0300] "GET /cormun/servlet/hlogin HTTP/1.1" 200 1743
190.171.144.234 - - [31/Mar/2022:11:55:22 -0300] "GET /cormun/servlet/trpermisosgoce HTTP/1.1" 200 6024
163.247.41.10 - - [31/Mar/2022:11:56:11 -0300] "GET /cormun/servlet/hlogin HTTP/1.1" 200 1724
163.247.41.10 - - [31/Mar/2022:11:56:11 -0300] "GET /cormun/static/gxtimezone.js?85251 HTTP/1.1" 200 5781
163.247.41.10 - - [31/Mar/2022:11:56:11 -0300] "GET /cormun/static/gxcfg.js?201910216285969 HTTP/1.1" 200 953
163.247.41.10 - - [31/Mar/2022:11:56:11 -0300] "GET /cormun/static/Resources/Spanish/PXTools.css?2294816 HTTP/1.1" 200 100853
163.247.41.10 - - [31/Mar/2022:11:56:13 -0300] "GET /cormun/static/gxgral.js?85251 HTTP/1.1" 200 384558
163.247.41.10 - - [31/Mar/2022:11:56:17 -0300] "GET /cormun/static/messages.spa.js?85251 HTTP/1.1" 200 30736
163.247.41.10 - - [31/Mar/2022:11:56:19 -0300] "GET /cormun/static/hlogin.js?201910216285995 HTTP/1.1" 200 2136
163.247.41.10 - - [31/Mar/2022:11:56:21 -0300] "GET /cormun/static/Resources/Logo2019_Grande.png HTTP/1.1" 200 31733
163.247.41.10 - - [31/Mar/2022:11:56:21 -0300] "GET /cormun/static/Resources/PXToolsLoginTop.png HTTP/1.1" 200 1337
163.247.41.10 - - [31/Mar/2022:11:56:21 -0300] "GET /cormun/static/Resources/PXToolsLoginBackground.png HTTP/1.1" 200 1164
163.247.41.10 - - [31/Mar/2022:11:56:21 -0300] "GET /cormun/static/Resources/PXToolsButtonLeft.png HTTP/1.1" 200 1310
163.247.41.10 - - [31/Mar/2022:11:56:24 -0300] "GET /cormun/static/Resources/PXToolsButtonRight.png HTTP/1.1" 200 1294
163.247.41.10 - - [31/Mar/2022:11:56:28 -0300] "GET /cormun/static/Resources/PXToolsButtonBackground.png HTTP/1.1" 200 1176
163.247.41.10 - - [31/Mar/2022:11:56:28 -0300] "GET /cormun/static/Resources/PXToolsLoginBottom.png HTTP/1.1" 200 1389
163.247.41.10 - - [31/Mar/2022:11:56:28 -0300] "GET /cormun/static/Resources/indicator.gif HTTP/1.1" 200 1553
190.171.141.106 - - [31/Mar/2022:12:01:07 -0300] "GET /cormun/servlet/hhome HTTP/1.1" 200 3320
190.171.141.106 - - [31/Mar/2022:12:01:08 -0300] "GET /cormun/servlet/hhome HTTP/1.1" 200 3330
190.171.141.106 - - [31/Mar/2022:12:01:09 -0300] "GET /cormun/servlet/hlogin HTTP/1.1" 200 1735
190.171.141.106 - - [31/Mar/2022:12:01:09 -0300] "GET /favicon.ico HTTP/1.1" 200 21630
190.171.141.106 - - [31/Mar/2022:12:01:13 -0300] "POST /cormun/servlet/hlogin?0ee369f38090ecdf946a0e9ec0369946,gx-no-cache=1648738221033 HTTP/1.1" 200 90
190.171.141.106 - - [31/Mar/2022:12:01:13 -0300] "GET /cormun/servlet/hpexe_link HTTP/1.1" 200 950
190.171.141.106 - - [31/Mar/2022:12:01:14 -0300] "GET /cormun/servlet/hhome HTTP/1.1" 200 4229
190.171.141.106 - - [31/Mar/2022:12:01:14 -0300] "GET /cormun/servlet/hhome HTTP/1.1" 200 4227
190.171.141.106 - - [31/Mar/2022:12:01:18 -0300] "GET /cormun/servlet/trsolicitudot? HTTP/1.1" 200 7446
190.171.141.106 - - [31/Mar/2022:12:01:18 -0300] "GET /cormun/servlet/trsolicitudot? HTTP/1.1" 200 7445
190.171.141.106 - - [31/Mar/2022:12:01:22 -0300] "GET /cormun/servlet/solicitudot?INS,0,0,false, HTTP/1.1" 200 15955
190.171.141.106 - - [31/Mar/2022:12:01:22 -0300] "GET /cormun/servlet/solicitudot?INS,0,0,false, HTTP/1.1" 200 15963
190.171.144.234 - - [31/Mar/2022:12:01:39 -0300] "POST /cormun/servlet/hlogin?8aa163f40e6c505af753c7e116c11679,gx-no-cache=1648738153857 HTTP/1.1" 200 90
190.171.144.234 - - [31/Mar/2022:12:01:39 -0300] "GET /cormun/servlet/hpexe_link HTTP/1.1" 200 955
190.171.144.234 - - [31/Mar/2022:12:01:40 -0300] "GET /cormun/servlet/trpermisosgoce HTTP/1.1" 200 9035
190.171.144.234 - - [31/Mar/2022:12:01:40 -0300] "GET /cormun/servlet/trpermisosgoce HTTP/1.1" 200 9034
190.171.141.106 - - [31/Mar/2022:12:01:55 -0300] "POST /cormun/servlet/solicitudot?gx-no-cache=1648738263335 HTTP/1.1" 200 3850
190.171.141.106 - - [31/Mar/2022:12:01:56 -0300] "POST /cormun/servlet/solicitudot?0ee369f38090ecdf946a0e9ec0369946,INS,0,0,false,,gx-no-cache=1648738263458 HTTP/1.1" 200 12669
190.171.141.106 - - [31/Mar/2022:12:02:00 -0300] "GET /cormun/servlet/solicitudot?533561ca8d14946aea5a42dbfada298abc58db12f70b43081ab10ea137aec00ad1a35dd7b8787407238cbbeca0d5dcb7,gx-no-cache=1648738267786 HTTP/1.1" 200 30
190.171.144.234 - - [31/Mar/2022:12:05:27 -0300] "GET /cormun/servlet/hlogin HTTP/1.1" 200 1727
190.171.144.234 - - [31/Mar/2022:12:05:27 -0300] "GET /cormun/servlet/hlogin HTTP/1.1" 200 1738
190.171.144.234 - - [31/Mar/2022:12:05:35 -0300] "POST /cormun/servlet/hlogin?37fb40a22f36cdcde0026a9a08afc819,gx-no-cache=1648738389413 HTTP/1.1" 200 90
190.171.144.234 - - [31/Mar/2022:12:05:35 -0300] "GET /cormun/servlet/hpexe_link HTTP/1.1" 200 955
190.171.144.234 - - [31/Mar/2022:12:05:36 -0300] "GET /cormun/servlet/hhome HTTP/1.1" 200 3986
190.171.144.234 - - [31/Mar/2022:12:05:36 -0300] "GET /cormun/servlet/hhome HTTP/1.1" 200 3982
190.171.144.234 - - [31/Mar/2022:12:05:40 -0300] "GET /cormun/servlet/trpermisosgoce? HTTP/1.1" 200 9177
190.171.144.234 - - [31/Mar/2022:12:05:40 -0300] "GET /cormun/static/gxcfg.js?2020121631564 HTTP/1.1" 200 953
190.171.144.234 - - [31/Mar/2022:12:05:40 -0300] "GET /cormun/static/trpermisosgoce.js?2020121633681 HTTP/1.1" 200 35904
190.171.144.234 - - [31/Mar/2022:12:05:40 -0300] "GET /cormun/servlet/trpermisosgoce? HTTP/1.1" 200 9165
190.171.144.234 - - [31/Mar/2022:12:05:44 -0300] "GET /cormun/servlet/permisogoce?INS,0,,, HTTP/1.1" 200 6852
190.171.144.234 - - [31/Mar/2022:12:05:44 -0300] "GET /cormun/static/gxcfg.js?20201215124560 HTTP/1.1" 200 953
190.171.144.234 - - [31/Mar/2022:12:05:44 -0300] "GET /cormun/static/permisogoce.js?20201215124939 HTTP/1.1" 200 27919
190.171.144.234 - - [31/Mar/2022:12:05:45 -0300] "GET /cormun/servlet/permisogoce?INS,0,,, HTTP/1.1" 200 6851
190.171.144.234 - - [31/Mar/2022:12:05:57 -0300] "GET /cormun/servlet/permisogoce?ad3530030265a224c2db09580404f7ae6d9d334d21b0a7ce9fd337d897c9fca899f69715b94d17dfa8be81309f6efc25b1493e89e30021a25dd4ca26ea59e032,gx-no-cache=1648738411275 HTTP/1.1" 200 72
190.171.144.234 - - [31/Mar/2022:12:05:57 -0300] "GET /cormun/static/menuarrow.gif HTTP/1.1" 404 1015
190.171.144.234 - - [31/Mar/2022:12:06:06 -0300] "GET /cormun/servlet/permisogoce?ad3530030265a224c2db09580404f7ae580d56aece00877998034690c213245d3f11bd9dc519f88c1a6c2091e014f76e931998a14a7c38e0c97d94ca715d322a,gx-no-cache=1648738420237 HTTP/1.1" 200 47
190.171.144.234 - - [31/Mar/2022:12:06:10 -0300] "POST /cormun/servlet/permisogoce?37fb40a22f36cdcde0026a9a08afc819,INS,0,,,,gx-no-cache=1648738424673 HTTP/1.1" 200 93
190.171.144.234 - - [31/Mar/2022:12:06:11 -0300] "GET /cormun/servlet/hpexe_return? HTTP/1.1" 200 1013
190.171.144.234 - - [31/Mar/2022:12:06:11 -0300] "GET /cormun/servlet/trpermisosgoce HTTP/1.1" 200 9404
190.171.144.234 - - [31/Mar/2022:12:06:11 -0300] "GET /cormun/servlet/trpermisosgoce HTTP/1.1" 200 9399
190.171.141.90 - - [31/Mar/2022:12:06:17 -0300] "GET /cormun/servlet/hlogin HTTP/1.1" 200 1727
190.171.141.90 - - [31/Mar/2022:12:06:17 -0300] "GET /cormun/static/gxcfg.js?201910216285969 HTTP/1.1" 200 953
190.171.141.90 - - [31/Mar/2022:12:06:17 -0300] "GET /cormun/static/hlogin.js?201910216285995 HTTP/1.1" 200 2136
190.171.141.90 - - [31/Mar/2022:12:06:17 -0300] "GET /cormun/static/Resources/PXToolsLoginTop.png HTTP/1.1" 200 1337
190.171.141.90 - - [31/Mar/2022:12:06:17 -0300] "GET /cormun/static/Resources/PXToolsLoginBackground.png HTTP/1.1" 200 1164
190.171.141.90 - - [31/Mar/2022:12:06:17 -0300] "GET /cormun/static/Resources/Logo2019_Grande.png HTTP/1.1" 200 31733
190.171.141.90 - - [31/Mar/2022:12:06:17 -0300] "GET /cormun/static/Resources/PXToolsLoginBottom.png HTTP/1.1" 200 1389
190.171.141.90 - - [31/Mar/2022:12:06:17 -0300] "GET /cormun/static/Resources/PXToolsButtonLeft.png HTTP/1.1" 200 1310
190.171.141.90 - - [31/Mar/2022:12:06:17 -0300] "GET /cormun/static/Resources/PXToolsButtonRight.png HTTP/1.1" 200 1294
190.171.141.90 - - [31/Mar/2022:12:06:17 -0300] "GET /cormun/static/Resources/PXToolsButtonBackground.png HTTP/1.1" 200 1176
190.171.141.90 - - [31/Mar/2022:12:06:17 -0300] "GET /cormun/servlet/hlogin HTTP/1.1" 200 1737
190.171.141.90 - - [31/Mar/2022:12:06:32 -0300] "POST /cormun/servlet/hlogin?6d0f46a7aa67ecb13d6164d5f46584d1,gx-no-cache=1648738445445 HTTP/1.1" 200 450
190.171.141.90 - - [31/Mar/2022:12:06:41 -0300] "POST /cormun/servlet/hlogin?6d0f46a7aa67ecb13d6164d5f46584d1,gx-no-cache=1648738454811 HTTP/1.1" 200 450
190.171.144.234 - - [31/Mar/2022:12:06:44 -0300] "GET /cormun/servlet/apermisogoceprn?10979458,P,20220331115034,PU HTTP/1.1" 200 1651
190.171.141.90 - - [31/Mar/2022:12:06:52 -0300] "POST /cormun/servlet/hlogin?6d0f46a7aa67ecb13d6164d5f46584d1,gx-no-cache=1648738465955 HTTP/1.1" 200 450
190.171.141.90 - - [31/Mar/2022:12:07:02 -0300] "POST /cormun/servlet/hlogin?6d0f46a7aa67ecb13d6164d5f46584d1,gx-no-cache=1648738475441 HTTP/1.1" 200 450
190.171.141.90 - - [31/Mar/2022:12:07:17 -0300] "POST /cormun/servlet/hlogin?6d0f46a7aa67ecb13d6164d5f46584d1,gx-no-cache=1648738490472 HTTP/1.1" 200 450
190.171.141.90 - - [31/Mar/2022:12:07:19 -0300] "POST /cormun/servlet/hlogin?6d0f46a7aa67ecb13d6164d5f46584d1,gx-no-cache=1648738492441 HTTP/1.1" 200 448
190.171.141.90 - - [31/Mar/2022:12:07:35 -0300] "POST /cormun/servlet/hlogin?6d0f46a7aa67ecb13d6164d5f46584d1,gx-no-cache=1648738508864 HTTP/1.1" 200 90
190.171.141.90 - - [31/Mar/2022:12:07:36 -0300] "GET /cormun/servlet/hpexe_link HTTP/1.1" 200 955
190.171.141.90 - - [31/Mar/2022:12:07:36 -0300] "GET /cormun/static/hpexe_link.js?201991422392963 HTTP/1.1" 200 625
190.171.141.90 - - [31/Mar/2022:12:07:36 -0300] "GET /cormun/static/gxcfg.js?201991422392958 HTTP/1.1" 200 953
190.171.141.90 - - [31/Mar/2022:12:07:36 -0300] "GET /cormun/servlet/hhome HTTP/1.1" 200 4081
190.171.141.90 - - [31/Mar/2022:12:07:36 -0300] "GET /cormun/static/Resources/Spanish/PXTools.css?14345360 HTTP/1.1" 200 100853
190.171.141.90 - - [31/Mar/2022:12:07:36 -0300] "GET /cormun/static/gxcfg.js?20201215495537 HTTP/1.1" 200 953
190.171.141.90 - - [31/Mar/2022:12:07:36 -0300] "GET /cormun/static/hhome.js?20201215495544 HTTP/1.1" 200 777
190.171.141.90 - - [31/Mar/2022:12:07:37 -0300] "GET /cormun/servlet/hhome HTTP/1.1" 200 4077
190.171.142.10 - - [31/Mar/2022:12:08:04 -0300] "GET /cormun/servlet/licenciaspermisos?INS,0,,, HTTP/1.1" 200 6785
190.171.142.10 - - [31/Mar/2022:12:08:06 -0300] "GET /cormun/servlet/licenciaspermisos?INS,0,,, HTTP/1.1" 200 6781
190.171.142.10 - - [31/Mar/2022:12:08:06 -0300] "GET /cormun/servlet/hlogin HTTP/1.1" 200 1757
192.168.10.17 - - [31/Mar/2022:12:08:12 -0300] "GET /cormun/servlet/trsolicitudgral? HTTP/1.1" 200 9682
192.168.10.17 - - [31/Mar/2022:12:08:13 -0300] "GET /cormun/servlet/trsolicitudgral? HTTP/1.1" 200 9681
180.246.64.117 - - [31/Mar/2022:12:08:14 -0300] "GET / HTTP/1.1" 200 11217
190.171.142.10 - - [31/Mar/2022:12:08:14 -0300] "POST /cormun/servlet/hlogin?d43b22bb108bd32df969f4d046314a3b,gx-no-cache=1648738548024 HTTP/1.1" 200 90
190.171.142.10 - - [31/Mar/2022:12:08:14 -0300] "GET /cormun/servlet/hpexe_link HTTP/1.1" 200 972
190.171.142.10 - - [31/Mar/2022:12:08:15 -0300] "GET /cormun/servlet/licenciaspermisos?INS,0,,, HTTP/1.1" 200 7429
190.171.142.10 - - [31/Mar/2022:12:08:16 -0300] "GET /cormun/servlet/licenciaspermisos?INS,0,,, HTTP/1.1" 200 7425
192.168.10.17 - - [31/Mar/2022:12:08:30 -0300] "POST /cormun/servlet/trsolicitudgral?ecc1010a897845a0780607dd704da7fa,,gx-no-cache=1648738400305 HTTP/1.1" 200 5269
192.168.10.17 - - [31/Mar/2022:12:08:31 -0300] "POST /cormun/servlet/trsolicitudgral?ecc1010a897845a0780607dd704da7fa,,gx-no-cache=1648738401291 HTTP/1.1" 200 5270
192.168.10.17 - - [31/Mar/2022:12:09:14 -0300] "POST /cormun/servlet/trsolicitudgral?ecc1010a897845a0780607dd704da7fa,,gx-no-cache=1648738440790 HTTP/1.1" 200 25854
190.171.141.106 - - [31/Mar/2022:12:09:22 -0300] "GET /cormun/static/Resources/resize.gif HTTP/1.1" 200 77
190.171.141.106 - - [31/Mar/2022:12:09:22 -0300] "GET /cormun/static/Resources/PXTools/ClosePrompt.png HTTP/1.1" 200 1036
190.171.141.106 - - [31/Mar/2022:12:09:23 -0300] "GET /cormun/servlet/prbanco?,MD,,gxPopupLevel%3D0%3B HTTP/1.1" 200 6506
190.171.141.106 - - [31/Mar/2022:12:09:29 -0300] "GET /cormun/servlet/solicitudot?533561ca8d14946aea5a42dbfada298af5b626fbe4af86be3d64559452c042a4074ca1279856e8875bf63726fdb7a60141f673e524879310ca5cf4c7d0c2c3da,gx-no-cache=1648738716561 HTTP/1.1" 200 30
190.171.141.106 - - [31/Mar/2022:12:09:31 -0300] "GET /cormun/servlet/solicitudot?533561ca8d14946aea5a42dbfada298ac6c69ff6d3dfc7b6d6aba8283fa76f5e,gx-no-cache=1648738718830 HTTP/1.1" 200 53
190.171.142.10 - - [31/Mar/2022:12:09:39 -0300] "GET /cormun/servlet/licenciaspermisos?b1f61e4ec39533734155886f8ffdaa7777c78e2b607f78aaf1a75d44c3f128ff546ffeed41ab4550803491f21b31f74fc8c5494f20239f167667c1fb26e7179d,gx-no-cache=1648738632661 HTTP/1.1" 200 85
190.171.142.10 - - [31/Mar/2022:12:09:39 -0300] "POST /cormun/servlet/licenciaspermisos?d43b22bb108bd32df969f4d046314a3b,INS,0,,,,gx-no-cache=1648738632743 HTTP/1.1" 200 4575
190.171.141.90 - - [31/Mar/2022:12:09:47 -0300] "GET /cormun/servlet/trvisualizadoreventos? HTTP/1.1" 200 6812
190.171.141.90 - - [31/Mar/2022:12:09:47 -0300] "GET /cormun/static/gxcfg.js?20199142243133 HTTP/1.1" 200 953
190.171.141.90 - - [31/Mar/2022:12:09:47 -0300] "GET /cormun/static/trvisualizadoreventos.js?201991422431650 HTTP/1.1" 200 19318
190.171.141.90 - - [31/Mar/2022:12:09:47 -0300] "GET /cormun/static/Resources/PXToolsActionPrint.png HTTP/1.1" 200 404
190.171.141.90 - - [31/Mar/2022:12:09:47 -0300] "GET /cormun/servlet/trvisualizadoreventos? HTTP/1.1" 200 6812
190.171.141.90 - - [31/Mar/2022:12:09:48 -0300] "POST /cormun/servlet/acontrolpreferencessavestate?None,SCONTRERAS,true HTTP/1.1" 200 35
190.171.141.90 - - [31/Mar/2022:12:09:54 -0300] "GET /cormun/servlet/trsolicitudot? HTTP/1.1" 200 7301
190.171.141.90 - - [31/Mar/2022:12:09:54 -0300] "GET /cormun/static/gxcfg.js?201991910464971 HTTP/1.1" 200 953
190.171.141.90 - - [31/Mar/2022:12:09:54 -0300] "GET /cormun/static/Resources/PXToolsAddAllAction.png HTTP/1.1" 200 495
190.171.141.90 - - [31/Mar/2022:12:09:54 -0300] "GET /cormun/static/trsolicitudot.js?201991910465845 HTTP/1.1" 200 54041
190.171.141.90 - - [31/Mar/2022:12:09:55 -0300] "GET /cormun/servlet/trsolicitudot? HTTP/1.1" 200 7301
190.171.141.106 - - [31/Mar/2022:12:10:09 -0300] "POST /cormun/servlet/solicitudot?gx-no-cache=1648738757203 HTTP/1.1" 200 255
190.171.141.90 - - [31/Mar/2022:12:10:10 -0300] "POST /cormun/servlet/trsolicitudot?6d0f46a7aa67ecb13d6164d5f46584d1,,gx-no-cache=1648738663392 HTTP/1.1" 200 17592
190.171.141.90 - - [31/Mar/2022:12:10:10 -0300] "GET /cormun//static/Resources/PXToolsActionView.png HTTP/1.1" 200 398
190.171.141.90 - - [31/Mar/2022:12:10:10 -0300] "GET /cormun//static/Resources/PXToolsGridUpdate.png HTTP/1.1" 200 470
190.171.141.90 - - [31/Mar/2022:12:10:10 -0300] "GET /cormun//static/Resources/PXToolsGridDelete.png HTTP/1.1" 200 538
190.171.141.90 - - [31/Mar/2022:12:10:10 -0300] "GET /cormun//static/Resources/PXToolsRemoveAllAction.png HTTP/1.1" 200 487
190.171.141.90 - - [31/Mar/2022:12:10:10 -0300] "GET /cormun//static/Resources/PXTools/ActionInsert.png HTTP/1.1" 200 1482
190.171.141.106 - - [31/Mar/2022:12:10:13 -0300] "GET /cormun/servlet/solicitudot?533561ca8d14946aea5a42dbfada298aed0a900d9b2d047ab20385c3294d4ea616482d06e18559b043d4bf1647580d1a22a8fbc3bdeda1cc4962ce92546530b6f836041cf0c03ff72516b5fbc848c80de4e52b14ad9e65c00120672848a840ed4b8124c70cc8a672ef7b55f3db095bb7a2c9bb6392a91cc91ed252531a69c6a35ab00987b0e0ef92d6a5571d51eba53ac556e81ce8bbb1292c6f200a8871dfb0ce2a7faa744537cd81e7175a2fec9c52b1802bc6ad7b0f6ed8848b972153d5fd05979f96dfde54607710307cdaf3adcf29941d24749b05300ebabbe6cfe1d0c18c5cd2e6c48a27f603a22e4e1537d34271f27cc1a934b262f18f0f6e5bc6204cee4006bddaa246fda16758e97b475456cb209ae95ae1fb901e35d03028706874a12e5246fdc051e6c80108cf1edf9e799f2fcdc35b68f008a762e1e0c905d62d8fee0ea05c84d0f2a066c8e4850c876c9266a359801979e436102023646175abd2dfc525e0b064431fbabb20616da3d3b71aa0105bd7895b9959fbf5395f5108,gx-no-cache=1648738760532 HTTP/1.1" 200 30
190.171.141.106 - - [31/Mar/2022:12:10:19 -0300] "POST /cormun/servlet/solicitudot?gx-no-cache=1648738766952 HTTP/1.1" 200 30
190.171.142.10 - - [31/Mar/2022:12:10:20 -0300] "GET /cormun/static/menuarrow.gif HTTP/1.1" 404 1015
190.171.141.106 - - [31/Mar/2022:12:10:21 -0300] "POST /cormun/servlet/solicitudot?gx-no-cache=1648738769229 HTTP/1.1" 200 1452
190.171.141.106 - - [31/Mar/2022:12:10:21 -0300] "POST /cormun/servlet/solicitudot?gx-no-cache=1648738769274 HTTP/1.1" 200 38
190.171.141.90 - - [31/Mar/2022:12:10:49 -0300] "POST /cormun/servlet/trsolicitudot?6d0f46a7aa67ecb13d6164d5f46584d1,,gx-no-cache=1648738701652 HTTP/1.1" 200 103
190.171.141.90 - - [31/Mar/2022:12:10:49 -0300] "GET /cormun/SolicitudOT-4330.xls HTTP/1.1" 200 18432
190.171.141.106 - - [31/Mar/2022:12:10:52 -0300] "GET /cormun/servlet/solicitudot?533561ca8d14946aea5a42dbfada298a287da088f1188db3b31a9a990dc2947d57e1956f368a26967c4601b43fe39d1f3a3e47aa656707ae3437e75b3970f3e046b49a6d5a7f49d91756c39b824127651d28b19aa597709d2b6d3981e461bb7824f7a6051134159fee52f6a335d52c5a,gx-no-cache=1648738799571 HTTP/1.1" 200 110
190.171.141.106 - - [31/Mar/2022:12:11:05 -0300] "POST /cormun/servlet/solicitudot?gx-no-cache=1648738812555 HTTP/1.1" 200 110
181.212.43.89 - - [31/Mar/2022:12:11:11 -0300] "GET /cormun/servlet/hlogin HTTP/1.1" 200 1726
181.212.43.89 - - [31/Mar/2022:12:11:12 -0300] "GET /cormun/static/gxtimezone.js?85251 HTTP/1.1" 200 5781
181.212.43.89 - - [31/Mar/2022:12:11:12 -0300] "GET /cormun/static/gxcfg.js?201910216285969 HTTP/1.1" 200 953
181.212.43.89 - - [31/Mar/2022:12:11:12 -0300] "GET /cormun/static/Resources/Spanish/PXTools.css?2294816 HTTP/1.1" 200 100853
181.212.43.89 - - [31/Mar/2022:12:11:12 -0300] "GET /cormun/static/messages.spa.js?85251 HTTP/1.1" 200 30736
181.212.43.89 - - [31/Mar/2022:12:11:12 -0300] "GET /cormun/static/hlogin.js?201910216285995 HTTP/1.1" 200 2136
