192.168.10.17 - - [31/Mar/2022:13:01:26 -0300] "GET /cormun/servlet/trsolicitudgral? HTTP/1.1" 200 28621
192.168.10.17 - - [31/Mar/2022:13:01:35 -0300] "POST /cormun/servlet/trsolicitudgral?9ed5ee64095a55fdaf1006d206edaacf,,gx-no-cache=1648741584893 HTTP/1.1" 200 6623
192.168.10.17 - - [31/Mar/2022:13:01:40 -0300] "GET /cormun/servlet/vesolicitudgral?2022,18139,, HTTP/1.1" 200 8358
192.168.10.17 - - [31/Mar/2022:13:01:40 -0300] "GET /cormun/pexe_scrolldiv.js HTTP/1.1" 404 1009
192.168.10.17 - - [31/Mar/2022:13:01:40 -0300] "GET /cormun/servlet/vesolicitudgral?2022,18139,, HTTP/1.1" 200 8358
186.67.172.234 - - [31/Mar/2022:13:01:41 -0300] "POST /cormun/servlet/trcontratosolicitud?142c99aa9707f3b237312d4e329afae4,,gx-no-cache=1648741728391 HTTP/1.1" 200 12050
192.168.10.96 - - [31/Mar/2022:13:02:09 -0300] "GET /cormun/servlet/trsolicitudgral? HTTP/1.1" 500 10
192.168.10.96 - - [31/Mar/2022:13:02:11 -0300] "GET /cormun/servlet/hlogin HTTP/1.1" 200 1729
192.168.10.96 - - [31/Mar/2022:13:02:14 -0300] "POST /cormun/servlet/hlogin?1c94022c414bb2297178dae629518c70,gx-no-cache=1648741624301 HTTP/1.1" 200 90
192.168.10.96 - - [31/Mar/2022:13:02:15 -0300] "GET /cormun/servlet/hpexe_link HTTP/1.1" 200 954
192.168.10.96 - - [31/Mar/2022:13:02:15 -0300] "GET /cormun/servlet/hhome HTTP/1.1" 200 3785
192.168.10.96 - - [31/Mar/2022:13:02:15 -0300] "GET /cormun/servlet/hhome HTTP/1.1" 200 3782
192.168.10.96 - - [31/Mar/2022:13:02:18 -0300] "GET /cormun/servlet/trsolicitudgral? HTTP/1.1" 200 28626
192.168.10.96 - - [31/Mar/2022:13:02:19 -0300] "GET /cormun/servlet/trsolicitudgral? HTTP/1.1" 200 28625
192.168.10.96 - - [31/Mar/2022:13:02:36 -0300] "POST /cormun/servlet/trsolicitudgral?1c94022c414bb2297178dae629518c70,,gx-no-cache=1648741645654 HTTP/1.1" 200 7068
200.54.100.179 - - [31/Mar/2022:13:02:39 -0300] "GET /cormun/servlet/permisogoce?INS,0,,, HTTP/1.1" 200 7201
200.54.100.179 - - [31/Mar/2022:13:02:40 -0300] "GET /cormun/servlet/permisogoce?INS,0,,, HTTP/1.1" 200 7201
192.168.10.96 - - [31/Mar/2022:13:02:40 -0300] "GET /cormun/servlet/trconsultaeventos? HTTP/1.1" 200 15788
192.168.10.96 - - [31/Mar/2022:13:02:40 -0300] "GET /cormun/static/gxcfg.js?20201216165983 HTTP/1.1" 200 953
192.168.10.96 - - [31/Mar/2022:13:02:40 -0300] "GET /cormun/static/trconsultaeventos.js?20201216171545 HTTP/1.1" 200 29088
192.168.10.96 - - [31/Mar/2022:13:02:41 -0300] "GET /cormun/servlet/trconsultaeventos? HTTP/1.1" 200 15787
192.168.10.96 - - [31/Mar/2022:13:02:43 -0300] "GET /cormun/servlet/trsolicitudgral? HTTP/1.1" 200 10093
192.168.10.96 - - [31/Mar/2022:13:02:43 -0300] "GET /cormun/servlet/trsolicitudgral? HTTP/1.1" 200 10093
192.168.10.96 - - [31/Mar/2022:13:02:52 -0300] "POST /cormun/servlet/trsolicitudgral?1c94022c414bb2297178dae629518c70,,gx-no-cache=1648741661985 HTTP/1.1" 200 8977
192.168.10.199 - - [31/Mar/2022:13:03:10 -0300] "POST /cormun/servlet/trsolicitudgral?5aa510de9776d9d6c6b5ca72b675f9aa,,gx-no-cache=1648741679953 HTTP/1.1" 200 6666
200.54.100.179 - - [31/Mar/2022:13:03:11 -0300] "GET /cormun/servlet/permisogoce?88dadad23277ebdc1c0ac20bfb34d4aec183021f37f9843c485fcb74df1c1bb2aeb990a928610d55d8d2c4dcd92e7bef44531c1c96062121798a6918acc7cc0e,gx-no-cache=1648741846066 HTTP/1.1" 200 83
200.54.100.179 - - [31/Mar/2022:13:03:15 -0300] "GET /cormun/static/menuarrow.gif HTTP/1.1" 404 1015
200.54.100.179 - - [31/Mar/2022:13:03:32 -0300] "GET /cormun/servlet/permisogoce?88dadad23277ebdc1c0ac20bfb34d4ae1f436ae041d1e6fd3cebf2e34b062cf5a1fd840c4e2d7e8d81c3fdd51294cacf3830b5437798245a64432503c4eb02e2,gx-no-cache=1648741866842 HTTP/1.1" 200 46
190.171.142.18 - - [31/Mar/2022:13:03:58 -0300] "GET /cormun/servlet/prbanco?,MD,,gxPopupLevel%3D0%3B HTTP/1.1" 302 -
190.171.142.18 - - [31/Mar/2022:13:03:58 -0300] "GET /cormun/servlet/hlogin?gxPopupLevel%3D0%3B HTTP/1.1" 200 1770
190.171.142.18 - - [31/Mar/2022:13:04:04 -0300] "GET /cormun/servlet/solicitudot?0e6cbd09ee054ea69085b280348609e89a3aa8e84c0e9756d2ddf2d7aa1b871834e62a1368df795a5af7ae69883f968c,gx-no-cache=1648741897921 HTTP/1.1" 440 972
200.54.100.179 - - [31/Mar/2022:13:04:05 -0300] "POST /cormun/servlet/permisogoce?b8cdb5d49a796dc402a797f93a7dc40f,INS,0,,,,gx-no-cache=1648741898612 HTTP/1.1" 200 93
200.54.100.179 - - [31/Mar/2022:13:04:05 -0300] "GET /cormun/servlet/hpexe_return? HTTP/1.1" 200 1013
200.54.100.179 - - [31/Mar/2022:13:04:06 -0300] "GET /cormun/servlet/trpermisosgoce HTTP/1.1" 200 8668
200.54.100.179 - - [31/Mar/2022:13:04:06 -0300] "GET /cormun/servlet/trpermisosgoce HTTP/1.1" 200 8662
190.171.142.18 - - [31/Mar/2022:13:04:13 -0300] "GET /cormun/servlet/prbanco?,MD,,gxPopupLevel%3D0%3B HTTP/1.1" 302 -
190.171.142.18 - - [31/Mar/2022:13:04:13 -0300] "GET /cormun/servlet/hlogin?gxPopupLevel%3D0%3B HTTP/1.1" 200 1770
200.54.100.179 - - [31/Mar/2022:13:04:18 -0300] "GET /cormun/servlet/apermisogoceprn?10217958,P,20220331124728,PU HTTP/1.1" 200 1661
190.171.142.18 - - [31/Mar/2022:13:04:28 -0300] "GET /cormun/servlet/prbanco?,MD,,gxPopupLevel%3D0%3B HTTP/1.1" 302 -
190.171.142.18 - - [31/Mar/2022:13:04:28 -0300] "GET /cormun/servlet/hlogin?gxPopupLevel%3D0%3B HTTP/1.1" 200 1770
190.171.142.18 - - [31/Mar/2022:13:05:20 -0300] "GET /cormun/servlet/hlogin HTTP/1.1" 200 1729
190.171.143.90 - - [31/Mar/2022:13:05:22 -0300] "GET /cormun/servlet/solicitudot?4104dcb73cc5f55b500229273da7d692bd96f7e9056dc072de0180a1da3efca5,gx-no-cache=1648741976467 HTTP/1.1" 200 94
190.171.143.90 - - [31/Mar/2022:13:05:23 -0300] "GET /cormun/static/Shared/jqueryui/images/ui-icons_82798d_256x240.png HTTP/1.1" 404 1089
190.171.143.90 - - [31/Mar/2022:13:05:23 -0300] "GET /cormun/static/Shared/jqueryui/images/ui-bg_highlight-soft_100_c6c2c8_1x100.png HTTP/1.1" 404 1117
190.171.143.90 - - [31/Mar/2022:13:05:23 -0300] "GET /cormun/static/Shared/jqueryui/images/ui-bg_flat_55_994d53_40x100.png HTTP/1.1" 404 1097
190.171.143.90 - - [31/Mar/2022:13:05:23 -0300] "GET /cormun/static/Shared/jqueryui/images/ui-icons_ebccce_256x240.png HTTP/1.1" 404 1089
190.171.143.90 - - [31/Mar/2022:13:05:23 -0300] "GET /cormun/servlet/solicitudot?4104dcb73cc5f55b500229273da7d6920ffa2084f2d9e26e29971e5120a3f6ed,gx-no-cache=1648741976521 HTTP/1.1" 200 29
192.168.10.17 - - [31/Mar/2022:13:05:23 -0300] "POST /cormun/servlet/vesolicitudgral?9ed5ee64095a55fdaf1006d206edaacf,2022,18139,,,gx-no-cache=1648741812414 HTTP/1.1" 200 12095
192.168.10.17 - - [31/Mar/2022:13:05:23 -0300] "GET /cormun/static/Shared/jqueryui/images/ui-bg_highlight-soft_100_c6c2c8_1x100.png HTTP/1.1" 404 1117
192.168.10.17 - - [31/Mar/2022:13:05:23 -0300] "GET /cormun/static/Shared/jqueryui/images/ui-icons_82798d_256x240.png HTTP/1.1" 404 1089
192.168.10.17 - - [31/Mar/2022:13:05:23 -0300] "GET /cormun/static/Shared/jqueryui/images/ui-icons_8d78a5_256x240.png HTTP/1.1" 404 1089
192.168.10.17 - - [31/Mar/2022:13:05:23 -0300] "GET /cormun/static/Shared/jqueryui/images/ui-bg_flat_55_fafafa_40x100.png HTTP/1.1" 404 1097
192.168.10.17 - - [31/Mar/2022:13:05:23 -0300] "POST /cormun/servlet/vesolicitudgral?9ed5ee64095a55fdaf1006d206edaacf,2022,18139,,,gx-no-cache=1648741812864 HTTP/1.1" 200 12029
190.171.143.90 - - [31/Mar/2022:13:05:24 -0300] "GET /cormun/servlet/prbanco?,MD,,gxPopupLevel%3D0%3B HTTP/1.1" 200 6591
192.168.10.17 - - [31/Mar/2022:13:05:25 -0300] "GET /cormun/servlet/trautorizarot? HTTP/1.1" 200 11676
192.168.10.17 - - [31/Mar/2022:13:05:26 -0300] "GET /cormun/servlet/trautorizarot? HTTP/1.1" 200 11671
190.171.142.18 - - [31/Mar/2022:13:05:33 -0300] "POST /cormun/servlet/hlogin?7fb2be680c4f2bf4c6df9a66fe12a467,gx-no-cache=1648741986799 HTTP/1.1" 200 90
190.171.142.18 - - [31/Mar/2022:13:05:33 -0300] "GET /cormun/servlet/hpexe_link HTTP/1.1" 200 954
190.171.142.18 - - [31/Mar/2022:13:05:33 -0300] "GET /cormun/servlet/hhome HTTP/1.1" 200 4363
190.171.142.18 - - [31/Mar/2022:13:05:33 -0300] "GET /cormun/servlet/hhome HTTP/1.1" 200 4360
190.171.143.90 - - [31/Mar/2022:13:05:35 -0300] "GET /cormun/servlet/solicitudot?4104dcb73cc5f55b500229273da7d6921b8251b2a8cb8285586986afe146c5d0,gx-no-cache=1648741988833 HTTP/1.1" 200 53
190.171.142.18 - - [31/Mar/2022:13:05:37 -0300] "GET /cormun/servlet/trsolicitudot? HTTP/1.1" 200 7583
190.171.142.18 - - [31/Mar/2022:13:05:37 -0300] "GET /cormun/servlet/trsolicitudot? HTTP/1.1" 200 7582
190.171.142.18 - - [31/Mar/2022:13:05:42 -0300] "GET /cormun/servlet/solicitudot?INS,0,0,false, HTTP/1.1" 200 16078
190.171.142.18 - - [31/Mar/2022:13:05:43 -0300] "GET /cormun/servlet/solicitudot?INS,0,0,false, HTTP/1.1" 200 16086
190.171.142.18 - - [31/Mar/2022:13:06:03 -0300] "POST /cormun/servlet/solicitudot?gx-no-cache=1648742016906 HTTP/1.1" 200 3858
190.171.142.18 - - [31/Mar/2022:13:06:03 -0300] "POST /cormun/servlet/solicitudot?7fb2be680c4f2bf4c6df9a66fe12a467,INS,0,0,false,,gx-no-cache=1648742017076 HTTP/1.1" 200 12675
190.171.142.18 - - [31/Mar/2022:13:06:08 -0300] "GET /cormun/servlet/solicitudot?eccbca3ce38bbc2cf1d244f3f691c621b259f6ccd32c3aa592c252d67ff845f890e9457ab246f7ec7bc06e50284ee1df,gx-no-cache=1648742022681 HTTP/1.1" 200 30
190.171.142.18 - - [31/Mar/2022:13:07:28 -0300] "GET /cormun/servlet/prbanco?,MD,,gxPopupLevel%3D0%3B HTTP/1.1" 200 6659
178.62.84.161 - - [31/Mar/2022:13:07:54 -0300] "HEAD / HTTP/1.0" 200 -
178.62.84.161 - - [31/Mar/2022:13:07:56 -0300] "GET /system_api.php HTTP/1.1" 404 989
178.62.84.161 - - [31/Mar/2022:13:08:00 -0300] "GET /c/version.js HTTP/1.1" 404 985
178.62.84.161 - - [31/Mar/2022:13:08:04 -0300] "GET /streaming/clients_live.php HTTP/1.1" 404 1013
178.62.84.161 - - [31/Mar/2022:13:08:08 -0300] "GET /stalker_portal/c/version.js HTTP/1.1" 404 1015
178.62.84.161 - - [31/Mar/2022:13:08:12 -0300] "GET /stream/live.php HTTP/1.1" 404 991
178.62.84.161 - - [31/Mar/2022:13:08:17 -0300] "GET /flu/403.html HTTP/1.1" 404 985
190.171.142.18 - - [31/Mar/2022:13:08:17 -0300] "GET /cormun/servlet/solicitudot?eccbca3ce38bbc2cf1d244f3f691c621351220243f998cde894607f1804a59782f4d9a05c5e612a64cd951d066fd7011,gx-no-cache=1648742150830 HTTP/1.1" 200 30
178.62.84.161 - - [31/Mar/2022:13:08:21 -0300] "GET / HTTP/1.1" 200 11217
190.171.142.18 - - [31/Mar/2022:13:08:23 -0300] "GET /cormun/servlet/solicitudot?eccbca3ce38bbc2cf1d244f3f691c62101384b85def673d3e52e1586e7828407,gx-no-cache=1648742157038 HTTP/1.1" 200 40
190.171.142.18 - - [31/Mar/2022:13:09:02 -0300] "POST /cormun/servlet/solicitudot?gx-no-cache=1648742196597 HTTP/1.1" 200 297
190.171.142.18 - - [31/Mar/2022:13:09:02 -0300] "GET /cormun/servlet/solicitudot?eccbca3ce38bbc2cf1d244f3f691c6212798f82b17010e030f51c46bd59f07c577e715989b664050b0558056f05ecd61fe70699b978a107d3483c1e96354f6d91da6e54e771ed23839e937b939ec6229fbc4c207d9ac730f1a4793048b9ccf013fc7b5d3fbecff1b17283b0274338d4b7fa064b8454153d31da61e8f61f00aedfc6f8beba3513f09244ead3a847ab5cff3762e680a156abdf9c5ec9c195aa8b78f7729668105ac00d1d44eb7bed939f9f4d88a57af818914a8f2778e290e58e3216cee41909f5734eb05275cfc6ee30231916d5887af4c7bb6d9a5a699615f15d5cbba2d7f6bd24f9805c03d7da732e24333a4baa876fbf99ccb1c0ac98476ed391efafe3cfac89b4e6586d521a2fba44427ca2cf1f478f1504cbf7de78ab9fc9f87c2fd7bcc9940c33d3c5767e93cbecfead98652328659cc0576dc2cfc84211685851297f5e93519b44161daeb65e85855d31eb00eaa2c2a2abbe8322ec7ffe5ce787ff49ac5b9973d76a10bb0ab5fc1ea47e7b41d52a5ef56ec96ae4c74f8e4cc337e136a9babc884f578f006cef7,gx-no-cache=1648742196664 HTTP/1.1" 200 30
190.171.142.18 - - [31/Mar/2022:13:09:05 -0300] "POST /cormun/servlet/solicitudot?gx-no-cache=1648742199159 HTTP/1.1" 200 30
190.171.142.18 - - [31/Mar/2022:13:09:07 -0300] "POST /cormun/servlet/solicitudot?gx-no-cache=1648742201387 HTTP/1.1" 200 1454
190.171.142.18 - - [31/Mar/2022:13:09:07 -0300] "POST /cormun/servlet/solicitudot?gx-no-cache=1648742201461 HTTP/1.1" 200 38
190.171.142.18 - - [31/Mar/2022:13:10:16 -0300] "GET /cormun/servlet/solicitudot?eccbca3ce38bbc2cf1d244f3f691c621a05c40b2e5f53a8392676bc5e2b6a782551d5151dfff0e0dad9c7424818fae572b1ab9585ea62ec645c487662fc9f8065e786b87e0e12ce4e6039902b7a8dc35f56a1a09fdc309002b8b86c4c93dd888c04121d08309a026cdf415c0e4ce0bf4,gx-no-cache=1648742270088 HTTP/1.1" 200 110
190.171.142.18 - - [31/Mar/2022:13:10:39 -0300] "POST /cormun/servlet/solicitudot?gx-no-cache=1648742292930 HTTP/1.1" 200 72
190.171.142.18 - - [31/Mar/2022:13:11:00 -0300] "POST /cormun/servlet/solicitudot?gx-no-cache=1648742314577 HTTP/1.1" 200 91
190.171.142.18 - - [31/Mar/2022:13:11:09 -0300] "GET /cormun/servlet/solicitudot?eccbca3ce38bbc2cf1d244f3f691c621fd7dc96197a9a3f6bfac3bf1fef1c1f51402b7dc98f195bd9f59e1e907de08fa6b056bea11e81ccd365161baf79d0c04ca92dece87836ef6c490306b6fdbd6ef204c097f4dc17c1811d7e20ca450385a45215c5d0ac3542b42cdb5f55ae15955,gx-no-cache=1648742323662 HTTP/1.1" 200 29
190.171.142.18 - - [31/Mar/2022:13:11:09 -0300] "GET /cormun/static/menuarrow.gif HTTP/1.1" 404 1015
190.171.142.18 - - [31/Mar/2022:13:11:14 -0300] "GET /cormun/servlet/solicitudot?eccbca3ce38bbc2cf1d244f3f691c62159b28d9c82b9d9c70724d222d26fc794ab11dcdace0beec489d0f3605996a73c,gx-no-cache=1648742327933 HTTP/1.1" 200 30
192.168.10.17 - - [31/Mar/2022:13:11:15 -0300] "POST /cormun/servlet/trautorizarot?9ed5ee64095a55fdaf1006d206edaacf,,gx-no-cache=1648742164516 HTTP/1.1" 200 8375
190.171.142.42 - - [31/Mar/2022:13:11:20 -0300] "GET /cormun/servlet/hlogin HTTP/1.1" 200 1720
190.171.142.42 - - [31/Mar/2022:13:11:20 -0300] "GET /cormun/servlet/hlogin HTTP/1.1" 200 1731
190.171.142.42 - - [31/Mar/2022:13:11:20 -0300] "GET /favicon.ico HTTP/1.1" 200 21630
192.168.10.17 - - [31/Mar/2022:13:11:21 -0300] "GET /cormun/servlet/trsolicitudgral? HTTP/1.1" 200 8271
192.168.10.17 - - [31/Mar/2022:13:11:22 -0300] "GET /cormun/servlet/trsolicitudgral? HTTP/1.1" 200 8271
192.168.10.17 - - [31/Mar/2022:13:11:25 -0300] "POST /cormun/servlet/trsolicitudgral?9ed5ee64095a55fdaf1006d206edaacf,,gx-no-cache=1648742175192 HTTP/1.1" 200 6629
192.168.10.17 - - [31/Mar/2022:13:11:33 -0300] "GET /cormun/servlet/vesolicitudgral?2022,18139,, HTTP/1.1" 200 8361
192.168.10.17 - - [31/Mar/2022:13:11:33 -0300] "GET /cormun/pexe_scrolldiv.js HTTP/1.1" 404 1009
192.168.10.17 - - [31/Mar/2022:13:11:33 -0300] "GET /cormun/servlet/vesolicitudgral?2022,18139,, HTTP/1.1" 200 8360
190.171.142.18 - - [31/Mar/2022:13:11:37 -0300] "POST /cormun/servlet/solicitudot?gx-no-cache=1648742351553 HTTP/1.1" 200 30
190.171.142.18 - - [31/Mar/2022:13:11:57 -0300] "POST /cormun/servlet/solicitudot?7fb2be680c4f2bf4c6df9a66fe12a467,INS,0,0,false,,gx-no-cache=1648742370129 HTTP/1.1" 200 93
190.171.142.18 - - [31/Mar/2022:13:11:57 -0300] "GET /cormun/servlet/hpexe_return? HTTP/1.1" 200 1012
190.171.142.18 - - [31/Mar/2022:13:11:57 -0300] "GET /cormun/static/gxcfg.js?201991422392976 HTTP/1.1" 200 953
190.171.142.18 - - [31/Mar/2022:13:11:57 -0300] "GET /cormun/static/hpexe_return.js?201991422392984 HTTP/1.1" 200 1633
190.171.142.18 - - [31/Mar/2022:13:11:57 -0300] "GET /cormun/servlet/trsolicitudot HTTP/1.1" 200 9012
190.171.142.18 - - [31/Mar/2022:13:11:57 -0300] "GET /cormun//static/Resources/PXToolsActionView.png HTTP/1.1" 200 398
190.171.142.18 - - [31/Mar/2022:13:11:57 -0300] "GET /cormun//static/Resources/PXToolsGridUpdate.png HTTP/1.1" 200 470
190.171.142.18 - - [31/Mar/2022:13:11:57 -0300] "GET /cormun//static/Resources/PXToolsGridDelete.png HTTP/1.1" 200 538
190.171.142.18 - - [31/Mar/2022:13:11:57 -0300] "GET /cormun//static/Resources/PXToolsRemoveAllAction.png HTTP/1.1" 200 487
190.171.142.18 - - [31/Mar/2022:13:11:57 -0300] "GET /cormun/servlet/trsolicitudot HTTP/1.1" 200 9010
190.171.142.42 - - [31/Mar/2022:13:11:59 -0300] "POST /cormun/servlet/hlogin?07eed4fd770ba7ba42d90a09f9beb5fd,gx-no-cache=1648742372453 HTTP/1.1" 200 90
190.171.142.42 - - [31/Mar/2022:13:11:59 -0300] "GET /cormun/servlet/hpexe_link HTTP/1.1" 200 946
190.171.142.42 - - [31/Mar/2022:13:11:59 -0300] "GET /cormun/servlet/hhome HTTP/1.1" 200 4233
190.171.142.42 - - [31/Mar/2022:13:11:59 -0300] "GET /cormun/servlet/hhome HTTP/1.1" 200 4231
190.171.142.18 - - [31/Mar/2022:13:12:04 -0300] "POST /cormun/servlet/trsolicitudot?7fb2be680c4f2bf4c6df9a66fe12a467,gx-no-cache=1648742378441 HTTP/1.1" 200 4882
190.171.142.18 - - [31/Mar/2022:13:12:04 -0300] "GET /cormun/static/Shared/jqueryui/images/ui-icons_82798d_256x240.png HTTP/1.1" 404 1089
190.171.142.18 - - [31/Mar/2022:13:12:04 -0300] "GET /cormun/static/Shared/jqueryui/images/ui-bg_highlight-soft_100_c6c2c8_1x100.png HTTP/1.1" 404 1117
190.171.142.18 - - [31/Mar/2022:13:12:04 -0300] "GET /cormun/static/Shared/jqueryui/images/ui-bg_flat_55_fafafa_40x100.png HTTP/1.1" 404 1097
190.171.142.18 - - [31/Mar/2022:13:12:04 -0300] "GET /cormun/static/Shared/jqueryui/images/ui-icons_8d78a5_256x240.png HTTP/1.1" 404 1089
190.171.142.18 - - [31/Mar/2022:13:12:05 -0300] "POST /cormun/servlet/trsolicitudot?7fb2be680c4f2bf4c6df9a66fe12a467,gx-no-cache=1648742378900 HTTP/1.1" 200 4615
190.171.142.42 - - [31/Mar/2022:13:12:10 -0300] "GET /cormun/servlet/trpermisosgoce? HTTP/1.1" 200 9696
190.171.142.42 - - [31/Mar/2022:13:12:10 -0300] "GET /cormun/servlet/trpermisosgoce? HTTP/1.1" 200 9694
190.171.142.18 - - [31/Mar/2022:13:12:12 -0300] "GET /cormun/servlet/trautorizarsolicitud? HTTP/1.1" 200 8903
190.171.142.18 - - [31/Mar/2022:13:12:12 -0300] "GET /cormun/static/gxcfg.js?201991422414522 HTTP/1.1" 200 953
190.171.142.18 - - [31/Mar/2022:13:12:12 -0300] "GET /cormun/static/trautorizarsolicitud.js?201991422415463 HTTP/1.1" 200 53910
190.171.142.18 - - [31/Mar/2022:13:12:12 -0300] "GET /cormun/servlet/trautorizarsolicitud? HTTP/1.1" 200 8903
190.171.142.42 - - [31/Mar/2022:13:12:14 -0300] "GET /cormun/servlet/trlicencias? HTTP/1.1" 200 12219
190.171.142.42 - - [31/Mar/2022:13:12:14 -0300] "GET /cormun/servlet/trlicencias? HTTP/1.1" 200 12203
190.171.142.18 - - [31/Mar/2022:13:12:21 -0300] "POST /cormun/servlet/trautorizarsolicitud?7fb2be680c4f2bf4c6df9a66fe12a467,,gx-no-cache=1648742395321 HTTP/1.1" 200 4810
190.171.142.18 - - [31/Mar/2022:13:12:21 -0300] "GET /cormun/static/Shared/jqueryui/images/ui-icons_82798d_256x240.png HTTP/1.1" 404 1089
190.171.142.18 - - [31/Mar/2022:13:12:21 -0300] "GET /cormun/static/Shared/jqueryui/images/ui-bg_flat_55_fafafa_40x100.png HTTP/1.1" 404 1097
190.171.142.18 - - [31/Mar/2022:13:12:21 -0300] "GET /cormun/static/Shared/jqueryui/images/ui-bg_highlight-soft_100_c6c2c8_1x100.png HTTP/1.1" 404 1117
190.171.142.18 - - [31/Mar/2022:13:12:21 -0300] "GET /cormun/static/Shared/jqueryui/images/ui-icons_8d78a5_256x240.png HTTP/1.1" 404 1089
190.171.142.18 - - [31/Mar/2022:13:12:21 -0300] "POST /cormun/servlet/trautorizarsolicitud?7fb2be680c4f2bf4c6df9a66fe12a467,,gx-no-cache=1648742395530 HTTP/1.1" 200 4542
190.171.142.42 - - [31/Mar/2022:13:12:58 -0300] "GET /cormun/servlet/trpermisosgoce? HTTP/1.1" 200 9694
190.171.142.42 - - [31/Mar/2022:13:12:59 -0300] "GET /cormun/servlet/trpermisosgoce? HTTP/1.1" 200 9694
190.171.143.90 - - [31/Mar/2022:13:13:03 -0300] "POST /cormun/servlet/solicitudot?gx-no-cache=1648742436729 HTTP/1.1" 200 297
190.171.143.90 - - [31/Mar/2022:13:13:03 -0300] "GET /cormun/servlet/solicitudot?4104dcb73cc5f55b500229273da7d6925a62dede6d57b100b1c1587cbd9fd49e95c8322bd4615cbbafb4cd79d5d8774f85891d5215929151012979d109c1f87d8edc6cda3f043ee75fd51f90b9a839d1f9b59208c99d351af67e68c083eec49d9109c09929084ab33555db74bf115c8a96b9d0c9b634e4dd5076ab2a7653b8d1ec32ac86e55059dff83e20ea5647edb44f256c9e0409089061bb42f707d3fccf3c930454411d7689de0536fdcd0e908e528289522526f9daf5d0d72fda237278c80caeb6fa47286b951b5adb15cd633324f63ea311275d512c833b5f3cada2f25fb62fb9c76161cd2acefc996e4099c2bf9fd65c8c62cbba1491a18104dbd111591adc9176950f4eae30931c90441e487b82c52ea810dd6d0094525b9cf76b6c89b69e9ea24220832664c2c04cf8122216b623a69614c2279128e62ddeef3d13c40c6578158d82de664e4bb0c2863ab585a0bd90488b1dcbcd1ccba8ba4470cf9132c2557bc349e465f7e4d6f554b85abfe4a1ab3a80c0436fa4254229a4e1cef0974688f89bc70c3b69072f3e66c986,gx-no-cache=1648742437057 HTTP/1.1" 200 30
190.171.143.90 - - [31/Mar/2022:13:13:06 -0300] "POST /cormun/servlet/solicitudot?gx-no-cache=1648742439645 HTTP/1.1" 200 30
190.171.143.90 - - [31/Mar/2022:13:13:08 -0300] "POST /cormun/servlet/solicitudot?gx-no-cache=1648742442252 HTTP/1.1" 200 1453
190.171.143.90 - - [31/Mar/2022:13:13:08 -0300] "POST /cormun/servlet/solicitudot?gx-no-cache=1648742442290 HTTP/1.1" 200 38
190.171.143.90 - - [31/Mar/2022:13:13:22 -0300] "GET /cormun/servlet/solicitudot?4104dcb73cc5f55b500229273da7d6921dbeb9fb3c16c41c7daf15072fa2d0077540f1e6992f5edce3b9a293137faa1af8abaabbaa3e9314467d04bb1569b21a05962438400d104310bc47762b54134db3645e659800e7ce5cea4d9994e416b7c9188f41ce1a22eb7fa01cf3e29b7c9b,gx-no-cache=1648742455662 HTTP/1.1" 200 110
186.67.172.234 - - [31/Mar/2022:13:13:34 -0300] "GET /cormun/servlet/hlogin HTTP/1.1" 200 1725
186.67.172.234 - - [31/Mar/2022:13:13:43 -0300] "POST /cormun/servlet/hlogin?142c99aa9707f3b237312d4e329afae4,gx-no-cache=1648742450793 HTTP/1.1" 200 90
186.67.172.234 - - [31/Mar/2022:13:13:43 -0300] "GET /cormun/servlet/hpexe_link HTTP/1.1" 200 960
186.67.172.234 - - [31/Mar/2022:13:13:44 -0300] "GET /cormun/servlet/trcontratosolicitud? HTTP/1.1" 200 14394
186.67.172.234 - - [31/Mar/2022:13:13:44 -0300] "GET /cormun/servlet/trcontratosolicitud? HTTP/1.1" 200 14412
186.67.172.234 - - [31/Mar/2022:13:14:08 -0300] "POST /cormun/servlet/trcontratosolicitud?142c99aa9707f3b237312d4e329afae4,,gx-no-cache=1648742475476 HTTP/1.1" 200 12505
190.171.142.42 - - [31/Mar/2022:13:14:10 -0300] "GET /cormun/servlet/permisogoce?INS,0,,, HTTP/1.1" 200 7123
190.171.142.42 - - [31/Mar/2022:13:14:10 -0300] "GET /cormun/servlet/permisogoce?INS,0,,, HTTP/1.1" 200 7122
186.67.172.234 - - [31/Mar/2022:13:14:15 -0300] "GET /cormun/servlet/trlicencias? HTTP/1.1" 200 13457
186.67.172.234 - - [31/Mar/2022:13:14:15 -0300] "GET /cormun/servlet/trlicencias? HTTP/1.1" 200 13456
190.171.142.42 - - [31/Mar/2022:13:14:39 -0300] "POST /cormun/servlet/permisogoce?07eed4fd770ba7ba42d90a09f9beb5fd,INS,0,,,,gx-no-cache=1648742532921 HTTP/1.1" 200 4742
190.171.142.42 - - [31/Mar/2022:13:14:39 -0300] "GET /cormun/static/Shared/jqueryui/images/ui-bg_highlight-soft_100_c6c2c8_1x100.png HTTP/1.1" 404 1117
190.171.142.42 - - [31/Mar/2022:13:14:39 -0300] "GET /cormun/static/Shared/jqueryui/images/ui-icons_82798d_256x240.png HTTP/1.1" 404 1089
190.171.142.42 - - [31/Mar/2022:13:14:39 -0300] "GET /cormun/static/Shared/jqueryui/images/ui-bg_flat_55_994d53_40x100.png HTTP/1.1" 404 1097
190.171.142.42 - - [31/Mar/2022:13:14:39 -0300] "GET /cormun/static/Shared/jqueryui/images/ui-icons_ebccce_256x240.png HTTP/1.1" 404 1089
190.171.142.42 - - [31/Mar/2022:13:14:59 -0300] "GET /cormun/servlet/permisogoce?be6b1c2ca68662e5b72afb636b844f09fbb6882c5915515e51558539e365a7388b868bbfc7d96674ef5e074872583f03a2f8c619809d71809b1b65f7ca20ced7dd24cb8ff9f37bb3bb89c43d7e3902eeafe2f809482dbcdd4496a49af3b6c29e79d98cc6fff0895d9edb097e68e2f17cafe2f809482dbcdd4496a49af3b6c29ea2f8c619809d71809b1b65f7ca20ced7dd24cb8ff9f37bb3bb89c43d7e3902ee30f106c8710e0ec0173283f9cffe03e986d1be67118ca4c811eea5e0e6cd61af4c29fd9f90f49054e749de34957f993983adb19d0fd1367f2bd298549d84c370,gx-no-cache=1648742553344 HTTP/1.1" 200 76
190.171.142.42 - - [31/Mar/2022:13:15:01 -0300] "GET /cormun/static/menuarrow.gif HTTP/1.1" 404 1015
190.171.142.42 - - [31/Mar/2022:13:15:15 -0300] "GET /cormun/servlet/permisogoce?be6b1c2ca68662e5b72afb636b844f09eccb1b357cc17d752604c86f8a27cc3b7e89ddd94237ef1027af5528f6ddd4f5e93e32c6a9d084bece3770dab27ddd65,gx-no-cache=1648742568697 HTTP/1.1" 200 47
190.171.142.42 - - [31/Mar/2022:13:15:19 -0300] "POST /cormun/servlet/permisogoce?07eed4fd770ba7ba42d90a09f9beb5fd,INS,0,,,,gx-no-cache=1648742572647 HTTP/1.1" 200 93
190.171.142.42 - - [31/Mar/2022:13:15:19 -0300] "GET /cormun/servlet/hpexe_return? HTTP/1.1" 200 1004
190.171.142.42 - - [31/Mar/2022:13:15:19 -0300] "GET /cormun/servlet/trpermisosgoce HTTP/1.1" 200 9911
190.171.142.42 - - [31/Mar/2022:13:15:20 -0300] "GET /cormun/servlet/trpermisosgoce HTTP/1.1" 200 9906
190.171.142.42 - - [31/Mar/2022:13:15:22 -0300] "GET /cormun/servlet/apermisogoceprn?9079947,P,20220331125859,PU HTTP/1.1" 200 1648
190.171.142.42 - - [31/Mar/2022:13:15:49 -0300] "GET /cormun/servlet/permisogoce?INS,0,,, HTTP/1.1" 200 7123
190.171.142.42 - - [31/Mar/2022:13:15:50 -0300] "GET /cormun/servlet/permisogoce?INS,0,,, HTTP/1.1" 200 7122
190.171.142.42 - - [31/Mar/2022:13:16:00 -0300] "GET /cormun/servlet/prfichaempleado?,MD,,gxPopupLevel%3D0%3B HTTP/1.1" 200 9258
190.171.142.42 - - [31/Mar/2022:13:16:06 -0300] "GET /cormun/servlet/permisogoce?be6b1c2ca68662e5b72afb636b844f09f980e8f9415446bb0ce35fd1a182f617b044d2a1631109ab30328a11bb06a263c18f3c22cec304f6260bda330137702f,gx-no-cache=1648742619473 HTTP/1.1" 200 85
190.171.142.42 - - [31/Mar/2022:13:16:06 -0300] "GET /cormun/static/menuarrow.gif HTTP/1.1" 404 1015
190.171.142.42 - - [31/Mar/2022:13:16:16 -0300] "GET /cormun/servlet/permisogoce?be6b1c2ca68662e5b72afb636b844f0928dd725cb75e368399313797fdec89d0638bdb3b7090813f1d3561f741b84f208f733089b4ee92faa1e365f7754d9b5f,gx-no-cache=1648742629712 HTTP/1.1" 200 47
190.171.142.42 - - [31/Mar/2022:13:16:20 -0300] "POST /cormun/servlet/permisogoce?07eed4fd770ba7ba42d90a09f9beb5fd,INS,0,,,,gx-no-cache=1648742633771 HTTP/1.1" 200 93
190.171.142.42 - - [31/Mar/2022:13:16:20 -0300] "GET /cormun/servlet/hpexe_return? HTTP/1.1" 200 1004
190.171.142.42 - - [31/Mar/2022:13:16:20 -0300] "GET /cormun/servlet/trpermisosgoce HTTP/1.1" 200 10110
190.171.142.42 - - [31/Mar/2022:13:16:21 -0300] "GET /cormun/servlet/trpermisosgoce HTTP/1.1" 200 10105
190.171.142.42 - - [31/Mar/2022:13:16:26 -0300] "GET /cormun/servlet/apermisogoceprn?18646869,P,20220331130039,PU HTTP/1.1" 200 1656
192.168.10.17 - - [31/Mar/2022:13:16:58 -0300] "GET /cormun/servlet/vesolicitudgral?2022,18139,,SolicitudOTAdjuntos HTTP/1.1" 200 10782
192.168.10.17 - - [31/Mar/2022:13:16:58 -0300] "GET /cormun/pexe_scrolldiv.js HTTP/1.1" 404 1009
192.168.10.17 - - [31/Mar/2022:13:16:59 -0300] "GET /cormun/servlet/vesolicitudgral?2022,18139,,SolicitudOTAdjuntos HTTP/1.1" 200 10781
192.168.10.17 - - [31/Mar/2022:13:16:59 -0300] "POST /cormun/servlet/acontrolpreferencessavestate?None,RRHH+DANIELA,true HTTP/1.1" 200 35
192.168.10.17 - - [31/Mar/2022:13:17:06 -0300] "GET /cormun/servlet/vesolicitudgral?2022,18139,,General HTTP/1.1" 200 8365
192.168.10.17 - - [31/Mar/2022:13:17:07 -0300] "GET /cormun/pexe_scrolldiv.js HTTP/1.1" 404 1009
192.168.10.17 - - [31/Mar/2022:13:17:07 -0300] "GET /cormun/servlet/vesolicitudgral?2022,18139,,General HTTP/1.1" 200 8365
192.168.10.17 - - [31/Mar/2022:13:17:22 -0300] "GET /cormun/servlet/vesolicitudgral?2022,18139,,SolicitudOTAdjuntos HTTP/1.1" 500 10
192.168.10.17 - - [31/Mar/2022:13:17:29 -0300] "GET /cormun/servlet/hlogin HTTP/1.1" 200 1723
192.168.10.17 - - [31/Mar/2022:13:17:37 -0300] "POST /cormun/servlet/hlogin?9ed5ee64095a55fdaf1006d206edaacf,gx-no-cache=1648742547262 HTTP/1.1" 500 10
192.168.10.17 - - [31/Mar/2022:13:18:13 -0300] "GET /cormun/servlet/hlogin HTTP/1.1" 200 1723
190.171.142.10 - - [31/Mar/2022:13:18:18 -0300] "GET /cormun/servlet/trcontratoobservacion? HTTP/1.1" 200 5320
190.171.142.10 - - [31/Mar/2022:13:18:18 -0300] "GET /cormun/static/gxcfg.js?2020121604219 HTTP/1.1" 200 953
190.171.142.10 - - [31/Mar/2022:13:18:18 -0300] "GET /cormun/static/trcontratoobservacion.js?2020121604638 HTTP/1.1" 200 25148
192.168.10.17 - - [31/Mar/2022:13:18:18 -0300] "POST /cormun/servlet/hlogin?9ed5ee64095a55fdaf1006d206edaacf,gx-no-cache=1648742588060 HTTP/1.1" 200 90
192.168.10.17 - - [31/Mar/2022:13:18:18 -0300] "GET /cormun/servlet/hpexe_link HTTP/1.1" 200 971
192.168.10.17 - - [31/Mar/2022:13:18:20 -0300] "GET /cormun/servlet/vesolicitudgral?2022,18139,,General HTTP/1.1" 200 8366
192.168.10.17 - - [31/Mar/2022:13:18:20 -0300] "GET /cormun/pexe_scrolldiv.js HTTP/1.1" 404 1009
190.171.142.10 - - [31/Mar/2022:13:18:20 -0300] "GET /cormun/servlet/trcontratoobservacion? HTTP/1.1" 200 5307
190.171.142.10 - - [31/Mar/2022:13:18:20 -0300] "GET /cormun/servlet/hlogin HTTP/1.1" 200 1753
192.168.10.17 - - [31/Mar/2022:13:18:20 -0300] "GET /cormun/servlet/vesolicitudgral?2022,18139,,General HTTP/1.1" 200 8365
192.168.10.17 - - [31/Mar/2022:13:18:25 -0300] "GET /cormun/servlet/vesolicitudgral?2022,18139,,SolicitudOTAdjuntos HTTP/1.1" 200 10779
192.168.10.17 - - [31/Mar/2022:13:18:25 -0300] "GET /cormun/pexe_scrolldiv.js HTTP/1.1" 404 1009
192.168.10.17 - - [31/Mar/2022:13:18:25 -0300] "GET /cormun/servlet/vesolicitudgral?2022,18139,,SolicitudOTAdjuntos HTTP/1.1" 200 10782
192.168.10.17 - - [31/Mar/2022:13:18:26 -0300] "POST /cormun/servlet/acontrolpreferencessavestate?None,RRHH+DANIELA,true HTTP/1.1" 200 35
192.168.10.17 - - [31/Mar/2022:13:18:27 -0300] "GET /cormun/PublicTempStorage/carnet_maria_bravo108289.pdf HTTP/1.1" 200 177738
190.171.142.10 - - [31/Mar/2022:13:18:30 -0300] "POST /cormun/servlet/hlogin?96017ee5f8cf7a2d715f59cc48c11553,gx-no-cache=1648742763795 HTTP/1.1" 200 90
190.171.142.10 - - [31/Mar/2022:13:18:30 -0300] "GET /cormun/servlet/hpexe_link HTTP/1.1" 200 967
190.171.142.10 - - [31/Mar/2022:13:18:31 -0300] "GET /cormun/servlet/trcontratoobservacion HTTP/1.1" 200 6523
190.171.142.10 - - [31/Mar/2022:13:18:33 -0300] "GET /cormun/servlet/trcontratoobservacion HTTP/1.1" 200 6521
192.168.10.17 - - [31/Mar/2022:13:18:36 -0300] "GET /cormun/servlet/vesolicitudgral?2022,18139,,SolicitudOTAdjuntos HTTP/1.1" 200 10783
192.168.10.17 - - [31/Mar/2022:13:18:37 -0300] "GET /cormun/servlet/vesolicitudgral?2022,18139,,SolicitudOTAdjuntos HTTP/1.1" 200 10782
192.168.10.17 - - [31/Mar/2022:13:18:37 -0300] "POST /cormun/servlet/acontrolpreferencessavestate?None,RRHH+DANIELA,true HTTP/1.1" 200 35
192.168.10.17 - - [31/Mar/2022:13:18:38 -0300] "GET /cormun/PublicTempStorage/carnet_maria_bravo5621849.pdf HTTP/1.1" 200 177738
192.168.10.17 - - [31/Mar/2022:13:18:55 -0300] "GET /cormun/servlet/vesolicitudgral?2022,18139,,SolicitudOTAdjuntos HTTP/1.1" 200 10783
192.168.10.17 - - [31/Mar/2022:13:18:56 -0300] "GET /cormun/servlet/vesolicitudgral?2022,18139,,SolicitudOTAdjuntos HTTP/1.1" 200 10782
192.168.10.17 - - [31/Mar/2022:13:18:57 -0300] "POST /cormun/servlet/acontrolpreferencessavestate?None,RRHH+DANIELA,true HTTP/1.1" 200 35
192.168.10.17 - - [31/Mar/2022:13:19:02 -0300] "GET /cormun/PublicTempStorage/afp_maria_bravo1124514.pdf HTTP/1.1" 200 239250
190.171.143.90 - - [31/Mar/2022:13:19:21 -0300] "GET /cormun/servlet/solicitudot?4104dcb73cc5f55b500229273da7d6923429e4c7db7e600424eec29007ccf61146da4d843e0099b76a558ac50da6127a3b77d305e9db8e280b44996f554f94cf,gx-no-cache=1648742812561 HTTP/1.1" 200 30
190.171.143.90 - - [31/Mar/2022:13:19:21 -0300] "POST /cormun/servlet/solicitudot?gx-no-cache=1648742815418 HTTP/1.1" 200 30
190.171.143.90 - - [31/Mar/2022:13:19:22 -0300] "POST /cormun/servlet/solicitudot?gx-no-cache=1648742815511 HTTP/1.1" 200 1453
190.171.143.90 - - [31/Mar/2022:13:19:22 -0300] "POST /cormun/servlet/solicitudot?gx-no-cache=1648742815572 HTTP/1.1" 200 38
190.171.143.90 - - [31/Mar/2022:13:19:22 -0300] "GET /cormun/servlet/solicitudot?4104dcb73cc5f55b500229273da7d6921dbeb9fb3c16c41c7daf15072fa2d0077540f1e6992f5edce3b9a293137faa1af8abaabbaa3e9314467d04bb1569b21a05962438400d104310bc47762b54134db3645e659800e7ce5cea4d9994e416b7c9188f41ce1a22eb7fa01cf3e29b7c9b,gx-no-cache=1648742815611 HTTP/1.1" 200 110
192.168.10.17 - - [31/Mar/2022:13:19:28 -0300] "GET /cormun/servlet/vesolicitudgral?2022,18139,,SolicitudOTAdjuntos HTTP/1.1" 200 10784
192.168.10.17 - - [31/Mar/2022:13:19:29 -0300] "GET /cormun/servlet/vesolicitudgral?2022,18139,,SolicitudOTAdjuntos HTTP/1.1" 200 10785
192.168.10.17 - - [31/Mar/2022:13:19:29 -0300] "POST /cormun/servlet/acontrolpreferencessavestate?None,RRHH+DANIELA,true HTTP/1.1" 200 35
192.168.10.17 - - [31/Mar/2022:13:19:30 -0300] "GET /cormun/PublicTempStorage/fonasa_maria_bravo9866546.pdf HTTP/1.1" 200 274064
192.168.10.17 - - [31/Mar/2022:13:19:46 -0300] "GET /cormun/servlet/vesolicitudgral?2022,18139,,SolicitudOTAdjuntos HTTP/1.1" 200 10785
192.168.10.17 - - [31/Mar/2022:13:19:47 -0300] "GET /cormun/servlet/vesolicitudgral?2022,18139,,SolicitudOTAdjuntos HTTP/1.1" 200 10778
192.168.10.17 - - [31/Mar/2022:13:19:47 -0300] "POST /cormun/servlet/acontrolpreferencessavestate?None,RRHH+DANIELA,true HTTP/1.1" 200 35
192.168.10.17 - - [31/Mar/2022:13:19:50 -0300] "GET /cormun/servlet/vesolicitudgral?2022,18139,,General HTTP/1.1" 200 8365
192.168.10.17 - - [31/Mar/2022:13:19:50 -0300] "GET /cormun/pexe_scrolldiv.js HTTP/1.1" 404 1009
192.168.10.17 - - [31/Mar/2022:13:19:50 -0300] "GET /cormun/servlet/vesolicitudgral?2022,18139,,General HTTP/1.1" 200 8365
190.171.152.138 - - [31/Mar/2022:13:19:55 -0300] "GET /cormun/servlet/hlogin HTTP/1.1" 200 1726
190.171.142.10 - - [31/Mar/2022:13:20:00 -0300] "GET /cormun/servlet/trsolicitudot? HTTP/1.1" 200 7193
190.171.142.10 - - [31/Mar/2022:13:20:02 -0300] "GET /cormun/servlet/trsolicitudot? HTTP/1.1" 200 7192
190.171.152.138 - - [31/Mar/2022:13:20:08 -0300] "POST /cormun/servlet/hlogin?964d611750baad9142c98e3a8c7a1eec,gx-no-cache=1648742863426 HTTP/1.1" 200 90
190.171.152.138 - - [31/Mar/2022:13:20:08 -0300] "GET /cormun/servlet/hpexe_link HTTP/1.1" 200 954
190.171.152.138 - - [31/Mar/2022:13:20:08 -0300] "GET /cormun/servlet/hhome HTTP/1.1" 200 3855
190.171.152.138 - - [31/Mar/2022:13:20:08 -0300] "GET /cormun/servlet/hhome HTTP/1.1" 200 3852
190.171.142.10 - - [31/Mar/2022:13:21:00 -0300] "POST /cormun/servlet/trsolicitudot?96017ee5f8cf7a2d715f59cc48c11553,,gx-no-cache=1648742866416 HTTP/1.1" 200 14061
190.171.142.10 - - [31/Mar/2022:13:21:15 -0300] "GET /cormun/servlet/vesolicitudot?2022,18091,, HTTP/1.1" 200 8312
190.171.142.10 - - [31/Mar/2022:13:21:16 -0300] "GET /cormun/pexe_scrolldiv.js HTTP/1.1" 404 1009
190.171.142.10 - - [31/Mar/2022:13:21:17 -0300] "GET /cormun/servlet/vesolicitudot?2022,18091,, HTTP/1.1" 200 8312
190.171.152.138 - - [31/Mar/2022:13:21:27 -0300] "GET /cormun/servlet/hlogin HTTP/1.1" 200 1726
190.171.152.138 - - [31/Mar/2022:13:21:38 -0300] "GET /cormun/servlet/trpermisosgoce? HTTP/1.1" 200 9008
190.171.152.138 - - [31/Mar/2022:13:21:38 -0300] "GET /cormun/servlet/trpermisosgoce? HTTP/1.1" 200 9008
190.171.152.138 - - [31/Mar/2022:13:21:38 -0300] "GET /cormun/servlet/trpermisosgoce? HTTP/1.1" 200 9008
190.171.152.138 - - [31/Mar/2022:13:21:38 -0300] "GET /cormun/servlet/trpermisosgoce? HTTP/1.1" 200 9008
190.171.152.138 - - [31/Mar/2022:13:21:38 -0300] "GET /cormun/servlet/trpermisosgoce? HTTP/1.1" 200 9008
190.171.152.138 - - [31/Mar/2022:13:21:38 -0300] "GET /cormun/servlet/trpermisosgoce? HTTP/1.1" 200 9008
190.171.152.138 - - [31/Mar/2022:13:21:38 -0300] "GET /cormun/servlet/trpermisosgoce? HTTP/1.1" 200 9008
190.171.152.138 - - [31/Mar/2022:13:21:38 -0300] "GET /cormun/servlet/trlicencias? HTTP/1.1" 200 10690
190.171.152.138 - - [31/Mar/2022:13:21:38 -0300] "GET /cormun/servlet/trlicencias? HTTP/1.1" 200 10690
190.171.152.138 - - [31/Mar/2022:13:21:39 -0300] "POST /cormun/servlet/hlogin?964d611750baad9142c98e3a8c7a1eec,gx-no-cache=1648742955259 HTTP/1.1" 200 90
190.171.152.138 - - [31/Mar/2022:13:21:40 -0300] "GET /cormun/servlet/hpexe_link HTTP/1.1" 200 959
190.171.152.138 - - [31/Mar/2022:13:21:40 -0300] "GET /cormun/servlet/trpermisosgoce HTTP/1.1" 200 9004
190.171.152.138 - - [31/Mar/2022:13:21:40 -0300] "GET /cormun/servlet/trpermisosgoce HTTP/1.1" 200 9006
190.171.152.138 - - [31/Mar/2022:13:22:00 -0300] "GET /cormun/servlet/trlicencias? HTTP/1.1" 200 10685
190.171.152.138 - - [31/Mar/2022:13:22:01 -0300] "GET /cormun/servlet/trlicencias? HTTP/1.1" 200 10684
190.171.142.50 - - [31/Mar/2022:13:22:15 -0300] "GET /cormun/servlet/hlogin HTTP/1.1" 200 1727
190.171.142.50 - - [31/Mar/2022:13:22:25 -0300] "POST /cormun/servlet/hlogin?713578220a5ce3d5c1f82bec3d8deb34,gx-no-cache=1648745403537 HTTP/1.1" 200 90
190.171.142.50 - - [31/Mar/2022:13:22:25 -0300] "GET /cormun/servlet/hpexe_link HTTP/1.1" 200 955
190.171.142.50 - - [31/Mar/2022:13:22:25 -0300] "GET /cormun/servlet/hhome HTTP/1.1" 200 3948
190.171.142.50 - - [31/Mar/2022:13:22:26 -0300] "GET /cormun/servlet/hhome HTTP/1.1" 200 3944
190.171.142.50 - - [31/Mar/2022:13:22:34 -0300] "GET /cormun/servlet/trlicencias? HTTP/1.1" 200 13718
190.171.142.50 - - [31/Mar/2022:13:22:35 -0300] "GET /cormun/servlet/trlicencias? HTTP/1.1" 200 13725
190.171.142.10 - - [31/Mar/2022:13:22:44 -0300] "GET /cormun/servlet/trsolicitudot? HTTP/1.1" 200 16787
190.171.142.10 - - [31/Mar/2022:13:22:46 -0300] "GET /cormun/servlet/trsolicitudot? HTTP/1.1" 200 16783
190.171.152.138 - - [31/Mar/2022:13:22:50 -0300] "GET /cormun/servlet/alicenciaprn?16981270,L,20220330000000,PU HTTP/1.1" 200 1543
190.171.142.10 - - [31/Mar/2022:13:23:08 -0300] "POST /cormun/servlet/trsolicitudot?96017ee5f8cf7a2d715f59cc48c11553,,gx-no-cache=1648743041498 HTTP/1.1" 200 10077
190.171.152.138 - - [31/Mar/2022:13:23:25 -0300] "GET /cormun/servlet/alicenciaprn?14333462,L,20220331000000,PU HTTP/1.1" 200 1556
190.171.152.138 - - [31/Mar/2022:13:24:11 -0300] "GET /cormun/servlet/hlogin HTTP/1.1" 200 1744
192.168.10.96 - - [31/Mar/2022:13:25:59 -0300] "GET /cormun/servlet/trsolicitudgral? HTTP/1.1" 200 11913
192.168.10.96 - - [31/Mar/2022:13:25:59 -0300] "GET /cormun/servlet/trsolicitudgral? HTTP/1.1" 200 11913
192.168.10.96 - - [31/Mar/2022:13:26:05 -0300] "POST /cormun/servlet/trsolicitudgral?1c94022c414bb2297178dae629518c70,,gx-no-cache=1648743054640 HTTP/1.1" 200 11856
192.168.10.96 - - [31/Mar/2022:13:26:10 -0300] "POST /cormun/servlet/trsolicitudgral?1c94022c414bb2297178dae629518c70,,gx-no-cache=1648743059775 HTTP/1.1" 200 5251
192.168.10.96 - - [31/Mar/2022:13:26:13 -0300] "POST /cormun/servlet/trsolicitudgral?1c94022c414bb2297178dae629518c70,,gx-no-cache=1648743063317 HTTP/1.1" 200 5251
190.171.142.10 - - [31/Mar/2022:13:27:48 -0300] "POST /cormun/servlet/trsolicitudot?96017ee5f8cf7a2d715f59cc48c11553,,gx-no-cache=1648743321590 HTTP/1.1" 200 10078
190.171.142.50 - - [31/Mar/2022:13:28:52 -0300] "GET /cormun/servlet/trlicencias? HTTP/1.1" 200 13712
190.171.142.50 - - [31/Mar/2022:13:28:52 -0300] "GET /cormun/servlet/trlicencias? HTTP/1.1" 200 13716
192.168.10.199 - - [31/Mar/2022:13:31:42 -0300] "GET /cormun/servlet/hlogin HTTP/1.1" 200 1728
192.168.10.199 - - [31/Mar/2022:13:31:49 -0300] "POST /cormun/servlet/hlogin?5aa510de9776d9d6c6b5ca72b675f9aa,gx-no-cache=1648743398995 HTTP/1.1" 200 90
192.168.10.199 - - [31/Mar/2022:13:31:50 -0300] "GET /cormun/servlet/hpexe_link HTTP/1.1" 200 961
192.168.10.199 - - [31/Mar/2022:13:31:51 -0300] "GET /cormun/servlet/trsolicitudgral? HTTP/1.1" 200 9740
192.168.10.199 - - [31/Mar/2022:13:31:51 -0300] "GET /cormun/servlet/trsolicitudgral? HTTP/1.1" 200 9738
190.171.143.90 - - [31/Mar/2022:13:32:29 -0300] "POST /cormun/servlet/solicitudot?gx-no-cache=1648743602464 HTTP/1.1" 200 72
190.171.143.90 - - [31/Mar/2022:13:32:29 -0300] "GET /cormun/servlet/solicitudot?4104dcb73cc5f55b500229273da7d692d02b5fc1c5c93e4df7db4549536073b4b68637ad1082397cceec8733c8edac36409bef15572e872282052237c3e36187726df6d4f865ed3a636c6dd14b9870f235540bc51e75d73dc7e3b76c84ab0ad0082d9d353637b0e6da5d134828112b5c,gx-no-cache=1648743602799 HTTP/1.1" 200 29
190.171.143.90 - - [31/Mar/2022:13:32:29 -0300] "GET /cormun/servlet/solicitudot?4104dcb73cc5f55b500229273da7d6921eaaab82f90a7d2462293fe38e542c00,gx-no-cache=1648743602822 HTTP/1.1" 200 30
190.171.143.90 - - [31/Mar/2022:13:32:29 -0300] "POST /cormun/servlet/solicitudot?gx-no-cache=1648743602843 HTTP/1.1" 200 30
190.171.143.90 - - [31/Mar/2022:13:32:29 -0300] "POST /cormun/servlet/solicitudot?3ea2a919d86105a7699daeedb5867528,INS,0,0,false,,gx-no-cache=1648743602869 HTTP/1.1" 200 12801
190.171.143.90 - - [31/Mar/2022:13:32:44 -0300] "GET /cormun/static/menuarrow.gif HTTP/1.1" 404 1015
190.171.143.90 - - [31/Mar/2022:13:32:51 -0300] "GET /cormun/servlet/solicitudot?4104dcb73cc5f55b500229273da7d692adbed3d864dfe06a1b86e0389554c3257b4cdb891275e40ed99f1de3d29df5ff,gx-no-cache=1648743624709 HTTP/1.1" 200 30
190.171.143.90 - - [31/Mar/2022:13:33:00 -0300] "POST /cormun/servlet/solicitudot?gx-no-cache=1648743633651 HTTP/1.1" 200 30
190.171.143.90 - - [31/Mar/2022:13:33:36 -0300] "POST /cormun/servlet/solicitudot?3ea2a919d86105a7699daeedb5867528,INS,0,0,false,,gx-no-cache=1648743668840 HTTP/1.1" 200 93
190.171.143.90 - - [31/Mar/2022:13:33:36 -0300] "GET /cormun/servlet/hpexe_return? HTTP/1.1" 200 1010
190.171.143.90 - - [31/Mar/2022:13:33:36 -0300] "GET /cormun/servlet/hhome HTTP/1.1" 200 4306
190.171.143.90 - - [31/Mar/2022:13:33:36 -0300] "GET /cormun/servlet/hhome HTTP/1.1" 200 4301
190.171.143.90 - - [31/Mar/2022:13:33:57 -0300] "GET /cormun/servlet/solicitudot?INS,0,0,false, HTTP/1.1" 200 16035
190.171.143.90 - - [31/Mar/2022:13:33:58 -0300] "GET /cormun/servlet/solicitudot?INS,0,0,false, HTTP/1.1" 200 16041
192.168.10.96 - - [31/Mar/2022:13:35:06 -0300] "GET /cormun/servlet/trsolicitudgral? HTTP/1.1" 200 8276
192.168.10.96 - - [31/Mar/2022:13:35:06 -0300] "GET /cormun/servlet/trsolicitudgral? HTTP/1.1" 200 8276
192.168.10.96 - - [31/Mar/2022:13:35:06 -0300] "GET /cormun/servlet/trsolicitudgral? HTTP/1.1" 200 8276
192.168.10.96 - - [31/Mar/2022:13:35:07 -0300] "GET /cormun/servlet/trsolicitudgral? HTTP/1.1" 200 8276
190.171.143.90 - - [31/Mar/2022:13:35:18 -0300] "POST /cormun/servlet/solicitudot?gx-no-cache=1648743771661 HTTP/1.1" 200 3908
190.171.143.90 - - [31/Mar/2022:13:35:18 -0300] "GET /cormun/static/Shared/jqueryui/images/ui-bg_flat_55_994d53_40x100.png HTTP/1.1" 404 1097
190.171.143.90 - - [31/Mar/2022:13:35:18 -0300] "GET /cormun/servlet/solicitudot?4104dcb73cc5f55b500229273da7d6922353e741569170ada990cfd1c5ab8bf7,gx-no-cache=1648743771765 HTTP/1.1" 200 111
190.171.143.90 - - [31/Mar/2022:13:35:18 -0300] "GET /cormun/static/Shared/jqueryui/images/ui-icons_ebccce_256x240.png HTTP/1.1" 404 1089
190.171.143.90 - - [31/Mar/2022:13:35:18 -0300] "GET /cormun/static/Shared/jqueryui/images/ui-bg_highlight-soft_100_c6c2c8_1x100.png HTTP/1.1" 404 1117
190.171.143.90 - - [31/Mar/2022:13:35:18 -0300] "GET /cormun/static/Shared/jqueryui/images/ui-icons_82798d_256x240.png HTTP/1.1" 404 1089
190.171.143.90 - - [31/Mar/2022:13:35:18 -0300] "GET /cormun/servlet/solicitudot?4104dcb73cc5f55b500229273da7d692bd96f7e9056dc072de0180a1da3efca5,gx-no-cache=1648743771800 HTTP/1.1" 200 94
190.171.143.90 - - [31/Mar/2022:13:35:18 -0300] "GET /cormun/servlet/solicitudot?4104dcb73cc5f55b500229273da7d6920ffa2084f2d9e26e29971e5120a3f6ed,gx-no-cache=1648743771823 HTTP/1.1" 200 29
190.171.143.90 - - [31/Mar/2022:13:35:18 -0300] "GET /cormun/servlet/solicitudot?4104dcb73cc5f55b500229273da7d69272fe281dc91a72ef7c3ccd4485e754637abfb8e1613e3d4b3b8a4f22875c6e04bff1df46bd71d4a3dd641c2857fa51fc9b93c23929e71f720e0b829f77f08e679ecfce6f2b4fc73357320488bdd1f75328331680c770bb74a2ac123a00441a14c4dfd5b872b80e356f259bb492221c25b70bf724635df45804bd48cd290e1e0ecee09d3c2181224154ed9695f3204e69dd1d2e4be78e601fd664fd6e2311808a8665252a0dbc0f6f3ecbd04fe4cd57ee66e668d29f34dd798460c71ac7056956ef6b19e52d6d6c129ffdf9d8bd93814040dc24079485828a73c4294435c1ab12b68637ad1082397cceec8733c8edac36302b84beb13a0b5041f0e18309384d841b2b699ef7fd3c78462f9bd9f8a650d99a3c5d4ae182f8352a927ccf39f5666198e56a9ffc4ed3278c2e0ade691fc6ecc600b8b9d52daa3cd9767a7829eb74ae,gx-no-cache=1648743771851 HTTP/1.1" 200 297
190.171.143.90 - - [31/Mar/2022:13:35:18 -0300] "GET /cormun/servlet/solicitudot?4104dcb73cc5f55b500229273da7d6925a62dede6d57b100b1c1587cbd9fd49e95c8322bd4615cbbafb4cd79d5d8774f85891d5215929151012979d109c1f87d8edc6cda3f043ee75fd51f90b9a839d1f9b59208c99d351af67e68c083eec49d9109c09929084ab33555db74bf115c8a96b9d0c9b634e4dd5076ab2a7653b8d1ec32ac86e55059dff83e20ea5647edb44f256c9e0409089061bb42f707d3fccf3c930454411d7689de0536fdcd0e908e528289522526f9daf5d0d72fda237278c80caeb6fa47286b951b5adb15cd633324f63ea311275d512c833b5f3cada2f25fb62fb9c76161cd2acefc996e4099c2bf9fd65c8c62cbba1491a18104dbd111591adc9176950f4eae30931c90441e487b82c52ea810dd6d0094525b9cf76b6c89b69e9ea24220832664c2c04cf8122216b623a69614c2279128e62ddeef3d13c40c6578158d82de664e4bb0c2863ab585a0bd90488b1dcbcd1ccba8ba4470cf9132c2557bc349e465f7e4d6f554b85abfe4a1ab3a80c0436fa4254229a4e1cef0974688f89bc70c3b69072f3e66c986,gx-no-cache=1648743771882 HTTP/1.1" 200 30
190.171.143.90 - - [31/Mar/2022:13:35:18 -0300] "POST /cormun/servlet/solicitudot?gx-no-cache=1648743771906 HTTP/1.1" 200 30
190.171.143.90 - - [31/Mar/2022:13:35:18 -0300] "POST /cormun/servlet/solicitudot?gx-no-cache=1648743771933 HTTP/1.1" 200 1448
190.171.143.90 - - [31/Mar/2022:13:35:18 -0300] "POST /cormun/servlet/solicitudot?gx-no-cache=1648743771967 HTTP/1.1" 200 38
190.171.143.90 - - [31/Mar/2022:13:35:18 -0300] "GET /cormun/servlet/solicitudot?4104dcb73cc5f55b500229273da7d6921dbeb9fb3c16c41c7daf15072fa2d0077540f1e6992f5edce3b9a293137faa1af8abaabbaa3e9314467d04bb1569b21a05962438400d104310bc47762b54134db3645e659800e7ce5cea4d9994e416b7c9188f41ce1a22eb7fa01cf3e29b7c9b,gx-no-cache=1648743771992 HTTP/1.1" 200 110
192.168.10.96 - - [31/Mar/2022:13:35:23 -0300] "POST /cormun/servlet/trsolicitudgral?1c94022c414bb2297178dae629518c70,,gx-no-cache=1648743613127 HTTP/1.1" 200 5261
192.168.10.96 - - [31/Mar/2022:13:35:27 -0300] "POST /cormun/servlet/trsolicitudgral?1c94022c414bb2297178dae629518c70,,gx-no-cache=1648743616837 HTTP/1.1" 200 5263
190.171.143.90 - - [31/Mar/2022:13:35:28 -0300] "POST /cormun/servlet/solicitudot?gx-no-cache=1648743782264 HTTP/1.1" 200 30
192.168.10.96 - - [31/Mar/2022:13:35:29 -0300] "POST /cormun/servlet/trsolicitudgral?1c94022c414bb2297178dae629518c70,,gx-no-cache=1648743618850 HTTP/1.1" 200 5262
192.168.10.96 - - [31/Mar/2022:13:35:29 -0300] "POST /cormun/servlet/trsolicitudgral?1c94022c414bb2297178dae629518c70,,gx-no-cache=1648743619050 HTTP/1.1" 200 5262
192.168.10.96 - - [31/Mar/2022:13:35:29 -0300] "POST /cormun/servlet/trsolicitudgral?1c94022c414bb2297178dae629518c70,,gx-no-cache=1648743619314 HTTP/1.1" 200 5262
192.168.10.96 - - [31/Mar/2022:13:35:30 -0300] "POST /cormun/servlet/trsolicitudgral?1c94022c414bb2297178dae629518c70,,gx-no-cache=1648743619530 HTTP/1.1" 200 5262
192.168.10.96 - - [31/Mar/2022:13:35:30 -0300] "POST /cormun/servlet/trsolicitudgral?1c94022c414bb2297178dae629518c70,,gx-no-cache=1648743619706 HTTP/1.1" 200 5262
192.168.10.96 - - [31/Mar/2022:13:35:30 -0300] "POST /cormun/servlet/trsolicitudgral?1c94022c414bb2297178dae629518c70,,gx-no-cache=1648743619921 HTTP/1.1" 200 5263
192.168.10.96 - - [31/Mar/2022:13:35:30 -0300] "POST /cormun/servlet/trsolicitudgral?1c94022c414bb2297178dae629518c70,,gx-no-cache=1648743620121 HTTP/1.1" 200 5262
192.168.10.96 - - [31/Mar/2022:13:35:31 -0300] "POST /cormun/servlet/trsolicitudgral?1c94022c414bb2297178dae629518c70,,gx-no-cache=1648743620418 HTTP/1.1" 200 5262
192.168.10.96 - - [31/Mar/2022:13:35:31 -0300] "POST /cormun/servlet/trsolicitudgral?1c94022c414bb2297178dae629518c70,,gx-no-cache=1648743620635 HTTP/1.1" 200 5263
190.171.143.90 - - [31/Mar/2022:13:35:32 -0300] "POST /cormun/servlet/solicitudot?gx-no-cache=1648743785595 HTTP/1.1" 200 1448
190.171.143.90 - - [31/Mar/2022:13:35:32 -0300] "POST /cormun/servlet/solicitudot?gx-no-cache=1648743785631 HTTP/1.1" 200 38
192.168.10.96 - - [31/Mar/2022:13:35:34 -0300] "POST /cormun/servlet/trsolicitudgral?1c94022c414bb2297178dae629518c70,,gx-no-cache=1648743623572 HTTP/1.1" 200 5262
192.168.10.96 - - [31/Mar/2022:13:35:34 -0300] "POST /cormun/servlet/trsolicitudgral?1c94022c414bb2297178dae629518c70,,gx-no-cache=1648743623778 HTTP/1.1" 200 5263
192.168.10.96 - - [31/Mar/2022:13:35:34 -0300] "POST /cormun/servlet/trsolicitudgral?1c94022c414bb2297178dae629518c70,,gx-no-cache=1648743623955 HTTP/1.1" 200 5263
190.95.2.157 - - [31/Mar/2022:13:35:39 -0300] "GET /cormun/servlet/hlogin HTTP/1.1" 200 1732
190.95.2.157 - - [31/Mar/2022:13:35:47 -0300] "POST /cormun/servlet/hlogin?bc0a1eb99738ea08f57f368a1226abe4,gx-no-cache=1648743801075 HTTP/1.1" 200 90
190.95.2.157 - - [31/Mar/2022:13:35:47 -0300] "GET /cormun/servlet/hpexe_link HTTP/1.1" 200 957
190.95.2.157 - - [31/Mar/2022:13:35:47 -0300] "GET /cormun/servlet/hhome HTTP/1.1" 200 4284
190.95.2.157 - - [31/Mar/2022:13:35:48 -0300] "GET /cormun/servlet/hhome HTTP/1.1" 200 4280
190.95.2.157 - - [31/Mar/2022:13:35:56 -0300] "GET /cormun/servlet/trpermisosgoce? HTTP/1.1" 200 8826
190.95.2.157 - - [31/Mar/2022:13:35:57 -0300] "GET /cormun/servlet/trpermisosgoce? HTTP/1.1" 200 8824
192.168.10.199 - - [31/Mar/2022:13:36:18 -0300] "GET /cormun/servlet/vesolicitudgral?2022,18181,, HTTP/1.1" 200 8376
192.168.10.199 - - [31/Mar/2022:13:36:18 -0300] "GET /cormun/pexe_scrolldiv.js HTTP/1.1" 404 1009
192.168.10.199 - - [31/Mar/2022:13:36:18 -0300] "GET /cormun/servlet/vesolicitudgral?2022,18181,, HTTP/1.1" 200 8376
190.171.143.90 - - [31/Mar/2022:13:36:34 -0300] "POST /cormun/servlet/solicitudot?gx-no-cache=1648743848370 HTTP/1.1" 200 3850
190.171.143.90 - - [31/Mar/2022:13:36:35 -0300] "POST /cormun/servlet/solicitudot?3ea2a919d86105a7699daeedb5867528,INS,0,0,false,,gx-no-cache=1648743848496 HTTP/1.1" 200 12681
190.171.143.90 - - [31/Mar/2022:13:36:52 -0300] "GET /cormun/servlet/solicitudot?4104dcb73cc5f55b500229273da7d69287aafb5dda4540331849535b11aa8eeb3acdadb4a340a3211ab220e2531a1548,gx-no-cache=1648743865494 HTTP/1.1" 200 111
190.171.143.90 - - [31/Mar/2022:13:36:52 -0300] "GET /cormun/servlet/solicitudot?4104dcb73cc5f55b500229273da7d692bd96f7e9056dc072de0180a1da3efca5,gx-no-cache=1648743865536 HTTP/1.1" 200 94
190.171.143.90 - - [31/Mar/2022:13:36:52 -0300] "GET /cormun/servlet/solicitudot?4104dcb73cc5f55b500229273da7d6920ffa2084f2d9e26e29971e5120a3f6ed,gx-no-cache=1648743865563 HTTP/1.1" 200 29
190.171.143.90 - - [31/Mar/2022:13:36:52 -0300] "POST /cormun/servlet/solicitudot?gx-no-cache=1648743865597 HTTP/1.1" 200 297
