191.125.137.103 - - [30/Mar/2022:13:03:45 -0300] "POST /cormun/servlet/trautorizarsolicitud?1c698cd45e4a60bec52feccb43e5237a,,gx-no-cache=1648655478872 HTTP/1.1" 200 12706
190.171.149.74 - - [30/Mar/2022:13:03:45 -0300] "POST /cormun/servlet/solicitudot?gx-no-cache=1648659199970 HTTP/1.1" 200 3858
190.171.149.74 - - [30/Mar/2022:13:03:45 -0300] "POST /cormun/servlet/solicitudot?96dbf474ba2e6df7f4fd7583e2d8bd75,INS,0,0,false,,gx-no-cache=1648659200135 HTTP/1.1" 200 12393
191.125.137.103 - - [30/Mar/2022:13:03:46 -0300] "GET /cormun/static/Shared/jqueryui/images/ui-bg_highlight-soft_100_c6c2c8_1x100.png HTTP/1.1" 404 1117
191.125.137.103 - - [30/Mar/2022:13:03:46 -0300] "GET /cormun/static/Shared/jqueryui/images/ui-icons_82798d_256x240.png HTTP/1.1" 404 1089
191.125.137.103 - - [30/Mar/2022:13:03:46 -0300] "GET /cormun/static/Shared/jqueryui/images/ui-bg_flat_55_fafafa_40x100.png HTTP/1.1" 404 1097
191.125.137.103 - - [30/Mar/2022:13:03:46 -0300] "GET /cormun/static/Shared/jqueryui/images/ui-icons_8d78a5_256x240.png HTTP/1.1" 404 1089
191.125.137.103 - - [30/Mar/2022:13:03:46 -0300] "POST /cormun/servlet/trautorizarsolicitud?1c698cd45e4a60bec52feccb43e5237a,,gx-no-cache=1648655479926 HTTP/1.1" 200 12649
190.171.149.74 - - [30/Mar/2022:13:03:50 -0300] "GET /cormun/servlet/solicitudot?fae034d53c091602436477fb701d2bf13d8884ddecf39513fd84cf54b9ccb7d492d32fc1811fcf546c57dcc37b57879b,gx-no-cache=1648659204763 HTTP/1.1" 200 30
191.125.137.103 - - [30/Mar/2022:13:03:52 -0300] "POST /cormun/servlet/trautorizarsolicitud?1c698cd45e4a60bec52feccb43e5237a,,gx-no-cache=1648655485671 HTTP/1.1" 200 12378
191.125.137.103 - - [30/Mar/2022:13:03:53 -0300] "POST /cormun/servlet/trautorizarsolicitud?1c698cd45e4a60bec52feccb43e5237a,,gx-no-cache=1648655486656 HTTP/1.1" 200 12314
191.125.137.103 - - [30/Mar/2022:13:03:56 -0300] "POST /cormun/servlet/trautorizarsolicitud?1c698cd45e4a60bec52feccb43e5237a,,gx-no-cache=1648655490022 HTTP/1.1" 200 11977
191.125.137.103 - - [30/Mar/2022:13:03:57 -0300] "POST /cormun/servlet/trautorizarsolicitud?1c698cd45e4a60bec52feccb43e5237a,,gx-no-cache=1648655490815 HTTP/1.1" 200 11921
191.125.137.103 - - [30/Mar/2022:13:03:59 -0300] "POST /cormun/servlet/trautorizarsolicitud?1c698cd45e4a60bec52feccb43e5237a,,gx-no-cache=1648655492702 HTTP/1.1" 200 11539
191.125.137.103 - - [30/Mar/2022:13:04:00 -0300] "POST /cormun/servlet/trautorizarsolicitud?1c698cd45e4a60bec52feccb43e5237a,,gx-no-cache=1648655493798 HTTP/1.1" 200 11483
191.125.137.103 - - [30/Mar/2022:13:04:02 -0300] "POST /cormun/servlet/trautorizarsolicitud?1c698cd45e4a60bec52feccb43e5237a,,gx-no-cache=1648655495567 HTTP/1.1" 200 11106
191.125.137.103 - - [30/Mar/2022:13:04:03 -0300] "POST /cormun/servlet/trautorizarsolicitud?1c698cd45e4a60bec52feccb43e5237a,,gx-no-cache=1648655496450 HTTP/1.1" 200 11049
191.125.137.103 - - [30/Mar/2022:13:04:05 -0300] "POST /cormun/servlet/trautorizarsolicitud?1c698cd45e4a60bec52feccb43e5237a,,gx-no-cache=1648655498757 HTTP/1.1" 200 10582
191.125.137.103 - - [30/Mar/2022:13:04:06 -0300] "POST /cormun/servlet/trautorizarsolicitud?1c698cd45e4a60bec52feccb43e5237a,,gx-no-cache=1648655499496 HTTP/1.1" 200 10526
191.125.137.103 - - [30/Mar/2022:13:04:07 -0300] "POST /cormun/servlet/trautorizarsolicitud?1c698cd45e4a60bec52feccb43e5237a,,gx-no-cache=1648655500983 HTTP/1.1" 200 10241
191.125.137.103 - - [30/Mar/2022:13:04:08 -0300] "POST /cormun/servlet/trautorizarsolicitud?1c698cd45e4a60bec52feccb43e5237a,,gx-no-cache=1648655502132 HTTP/1.1" 200 10185
191.125.137.103 - - [30/Mar/2022:13:04:09 -0300] "POST /cormun/servlet/trautorizarsolicitud?1c698cd45e4a60bec52feccb43e5237a,,gx-no-cache=1648655503239 HTTP/1.1" 200 9830
191.125.137.103 - - [30/Mar/2022:13:04:10 -0300] "POST /cormun/servlet/trautorizarsolicitud?1c698cd45e4a60bec52feccb43e5237a,,gx-no-cache=1648655504096 HTTP/1.1" 200 9774
191.125.137.103 - - [30/Mar/2022:13:04:12 -0300] "POST /cormun/servlet/trautorizarsolicitud?1c698cd45e4a60bec52feccb43e5237a,,gx-no-cache=1648655506150 HTTP/1.1" 200 9442
191.125.137.103 - - [30/Mar/2022:13:04:13 -0300] "POST /cormun/servlet/trautorizarsolicitud?1c698cd45e4a60bec52feccb43e5237a,,gx-no-cache=1648655507021 HTTP/1.1" 200 9384
191.125.137.103 - - [30/Mar/2022:13:04:15 -0300] "POST /cormun/servlet/trautorizarsolicitud?1c698cd45e4a60bec52feccb43e5237a,,gx-no-cache=1648655508504 HTTP/1.1" 200 8951
191.125.137.103 - - [30/Mar/2022:13:04:16 -0300] "POST /cormun/servlet/trautorizarsolicitud?1c698cd45e4a60bec52feccb43e5237a,,gx-no-cache=1648655509579 HTTP/1.1" 200 8900
191.125.137.103 - - [30/Mar/2022:13:04:19 -0300] "POST /cormun/servlet/trautorizarsolicitud?1c698cd45e4a60bec52feccb43e5237a,,gx-no-cache=1648655512518 HTTP/1.1" 200 8545
191.125.137.103 - - [30/Mar/2022:13:04:21 -0300] "POST /cormun/servlet/trautorizarsolicitud?1c698cd45e4a60bec52feccb43e5237a,,gx-no-cache=1648655513276 HTTP/1.1" 200 8491
191.125.137.103 - - [30/Mar/2022:13:04:23 -0300] "POST /cormun/servlet/trautorizarsolicitud?1c698cd45e4a60bec52feccb43e5237a,,gx-no-cache=1648655516686 HTTP/1.1" 200 8174
191.125.137.103 - - [30/Mar/2022:13:04:24 -0300] "POST /cormun/servlet/trautorizarsolicitud?1c698cd45e4a60bec52feccb43e5237a,,gx-no-cache=1648655518157 HTTP/1.1" 200 8119
191.125.137.103 - - [30/Mar/2022:13:04:27 -0300] "POST /cormun/servlet/trautorizarsolicitud?1c698cd45e4a60bec52feccb43e5237a,,gx-no-cache=1648655520686 HTTP/1.1" 200 7778
191.125.137.103 - - [30/Mar/2022:13:04:28 -0300] "POST /cormun/servlet/trautorizarsolicitud?1c698cd45e4a60bec52feccb43e5237a,,gx-no-cache=1648655521531 HTTP/1.1" 200 7722
191.125.137.103 - - [30/Mar/2022:13:04:30 -0300] "POST /cormun/servlet/trautorizarsolicitud?1c698cd45e4a60bec52feccb43e5237a,,gx-no-cache=1648655524054 HTTP/1.1" 200 7347
191.125.137.103 - - [30/Mar/2022:13:04:31 -0300] "POST /cormun/servlet/trautorizarsolicitud?1c698cd45e4a60bec52feccb43e5237a,,gx-no-cache=1648655524978 HTTP/1.1" 200 7290
191.125.137.103 - - [30/Mar/2022:13:04:35 -0300] "POST /cormun/servlet/trautorizarsolicitud?1c698cd45e4a60bec52feccb43e5237a,,gx-no-cache=1648655528726 HTTP/1.1" 200 6937
191.125.137.103 - - [30/Mar/2022:13:04:36 -0300] "POST /cormun/servlet/trautorizarsolicitud?1c698cd45e4a60bec52feccb43e5237a,,gx-no-cache=1648655529536 HTTP/1.1" 200 6882
191.125.137.103 - - [30/Mar/2022:13:04:37 -0300] "POST /cormun/servlet/trautorizarsolicitud?1c698cd45e4a60bec52feccb43e5237a,,gx-no-cache=1648655531022 HTTP/1.1" 200 6457
191.125.137.103 - - [30/Mar/2022:13:04:38 -0300] "POST /cormun/servlet/trautorizarsolicitud?1c698cd45e4a60bec52feccb43e5237a,,gx-no-cache=1648655531848 HTTP/1.1" 200 6402
191.125.137.103 - - [30/Mar/2022:13:04:39 -0300] "POST /cormun/servlet/trautorizarsolicitud?1c698cd45e4a60bec52feccb43e5237a,,gx-no-cache=1648655533254 HTTP/1.1" 200 5982
191.125.137.103 - - [30/Mar/2022:13:04:41 -0300] "POST /cormun/servlet/trautorizarsolicitud?1c698cd45e4a60bec52feccb43e5237a,,gx-no-cache=1648655534358 HTTP/1.1" 200 5926
191.125.137.103 - - [30/Mar/2022:13:04:42 -0300] "POST /cormun/servlet/trautorizarsolicitud?1c698cd45e4a60bec52feccb43e5237a,,gx-no-cache=1648655536158 HTTP/1.1" 200 4766
191.125.137.103 - - [30/Mar/2022:13:04:43 -0300] "POST /cormun/servlet/trautorizarsolicitud?1c698cd45e4a60bec52feccb43e5237a,,gx-no-cache=1648655536788 HTTP/1.1" 200 4547
191.125.137.103 - - [30/Mar/2022:13:04:48 -0300] "POST /cormun/servlet/trsolicitudot?b9a32df2f9128c4ac06387f0bfb10817,,gx-no-cache=1648655541943 HTTP/1.1" 200 8525
191.125.137.103 - - [30/Mar/2022:13:04:49 -0300] "GET /cormun/static/Shared/jqueryui/images/ui-bg_highlight-soft_100_c6c2c8_1x100.png HTTP/1.1" 404 1117
191.125.137.103 - - [30/Mar/2022:13:04:49 -0300] "GET /cormun/static/Shared/jqueryui/images/ui-bg_flat_55_fafafa_40x100.png HTTP/1.1" 404 1097
191.125.137.103 - - [30/Mar/2022:13:04:49 -0300] "GET /cormun/static/Shared/jqueryui/images/ui-icons_82798d_256x240.png HTTP/1.1" 404 1089
191.125.137.103 - - [30/Mar/2022:13:04:49 -0300] "GET /cormun/static/Shared/jqueryui/images/ui-icons_8d78a5_256x240.png HTTP/1.1" 404 1089
191.125.137.103 - - [30/Mar/2022:13:04:51 -0300] "POST /cormun/servlet/trsolicitudot?b9a32df2f9128c4ac06387f0bfb10817,,gx-no-cache=1648655544712 HTTP/1.1" 200 8525
191.125.137.103 - - [30/Mar/2022:13:04:54 -0300] "POST /cormun/servlet/trsolicitudot?b9a32df2f9128c4ac06387f0bfb10817,,gx-no-cache=1648655546879 HTTP/1.1" 200 8525
191.125.137.103 - - [30/Mar/2022:13:04:55 -0300] "POST /cormun/servlet/trsolicitudot?b9a32df2f9128c4ac06387f0bfb10817,,gx-no-cache=1648655548527 HTTP/1.1" 200 8553
191.125.137.103 - - [30/Mar/2022:13:04:57 -0300] "POST /cormun/servlet/trsolicitudot?b9a32df2f9128c4ac06387f0bfb10817,,gx-no-cache=1648655550783 HTTP/1.1" 200 8525
191.125.137.103 - - [30/Mar/2022:13:04:58 -0300] "POST /cormun/servlet/trsolicitudot?b9a32df2f9128c4ac06387f0bfb10817,,gx-no-cache=1648655552207 HTTP/1.1" 200 8525
191.125.137.103 - - [30/Mar/2022:13:05:00 -0300] "POST /cormun/servlet/trsolicitudot?b9a32df2f9128c4ac06387f0bfb10817,,gx-no-cache=1648655553576 HTTP/1.1" 200 8551
190.171.149.74 - - [30/Mar/2022:13:08:03 -0300] "GET /cormun/servlet/solicitudot?fae034d53c091602436477fb701d2bf1359d32f2f3787861a0434444dc8a0117df72f9ce4cac163945b5a60a61baa346aabe694da9c7820f00e9c5f27d13883d,gx-no-cache=1648659457182 HTTP/1.1" 200 30
190.171.149.74 - - [30/Mar/2022:13:08:03 -0300] "GET /cormun/servlet/solicitudot?fae034d53c091602436477fb701d2bf1fc09975e5ab6f6cbe20a9b9e567c4aca,gx-no-cache=1648659457312 HTTP/1.1" 200 29
190.171.149.74 - - [30/Mar/2022:13:08:05 -0300] "POST /cormun/servlet/solicitudot?gx-no-cache=1648659459672 HTTP/1.1" 200 240
190.171.149.74 - - [30/Mar/2022:13:08:08 -0300] "GET /cormun/servlet/solicitudot?fae034d53c091602436477fb701d2bf1e91b7ae0481b74208459d7fe40c6a95f9c4b8db61e8ebe369ef8615a896e6a2dde10b9a80c8b17171f5ff0b9792b4e87044fb21a6bde6a2602f275c47a11de172ffa637406bfcc1b6baeeddf97c983086dbfd12c65b4dce08483b981684d5c455fdab20ff1f1fb7d84147af76c5d0dde5d74075644abb739cb509039d9ede53282dcbc90667a48eaff69aa2fb72e054939ac7199f60abd87c72a83f386e9181cb98a1bc1ad8bea4a8cc70fbb34acb87915bc79367113a8b2566f4346cf86f0950a42fc0e8df2a1cfbcea9aeb06dcff7bdd1d7a1092e53651502d3875ea54ffc4a3544f680c7c3073aca60831ed742db60e5a1f1ad811a1a7cb93655b8fbbe1d4ed533af8d500bb8a4688132a5bf0b6e283d5556f1644e224641b8f18c8ff3c7dfa55dde787f4c0cdc43709748e29ffb36c5f689794e82d6686e3c2bfd0ea0e79456aa1228e035f338ac6ea134d2fbfe58627ff4cac6c606024bc53afcc4ceb91892acb6d5a50c8cb14155ef9a37faab2,gx-no-cache=1648659462507 HTTP/1.1" 200 30
190.171.149.74 - - [30/Mar/2022:13:08:12 -0300] "POST /cormun/servlet/solicitudot?gx-no-cache=1648659466778 HTTP/1.1" 200 30
191.125.137.103 - - [30/Mar/2022:13:08:20 -0300] "POST /cormun/servlet/trsolicitudot?b9a32df2f9128c4ac06387f0bfb10817,,gx-no-cache=1648655753417 HTTP/1.1" 200 107
191.125.137.103 - - [30/Mar/2022:13:08:21 -0300] "GET /cormun/servlet/trsolicitudadjuntos?2022,18347, HTTP/1.1" 200 5935
191.125.137.103 - - [30/Mar/2022:13:08:21 -0300] "GET /cormun/static/gxui/gxui-all.css?120300 HTTP/1.1" 200 2179
191.125.137.103 - - [30/Mar/2022:13:08:21 -0300] "GET /cormun/static/gxcfg.js?20201215574222 HTTP/1.1" 200 953
191.125.137.103 - - [30/Mar/2022:13:08:21 -0300] "GET /cormun/static/trsolicitudadjuntos.js?20201215574932 HTTP/1.1" 200 17922
191.125.137.103 - - [30/Mar/2022:13:08:22 -0300] "GET /cormun/static/Resources/PXToolsGridNew.png HTTP/1.1" 200 427
191.125.137.103 - - [30/Mar/2022:13:08:23 -0300] "GET /cormun/static/Shared/ext/resources/css/ext-all.css?215870 HTTP/1.1" 200 416045
191.125.137.103 - - [30/Mar/2022:13:08:24 -0300] "GET /cormun/servlet/trsolicitudadjuntos?2022,18347, HTTP/1.1" 200 5935
191.125.137.103 - - [30/Mar/2022:13:08:28 -0300] "GET /cormun/servlet/solicitudotadjuntos?INS,2022,18347,,2, HTTP/1.1" 200 5880
191.125.137.103 - - [30/Mar/2022:13:08:28 -0300] "GET /cormun/static/gxcfg.js?202012157947 HTTP/1.1" 200 953
191.125.137.103 - - [30/Mar/2022:13:08:28 -0300] "GET /cormun/static/solicitudotadjuntos.js?202012157966 HTTP/1.1" 200 11771
191.125.137.103 - - [30/Mar/2022:13:08:28 -0300] "GET /cormun/static/about:blank HTTP/1.1" 404 1011
190.171.149.74 - - [30/Mar/2022:13:08:28 -0300] "POST /cormun/servlet/solicitudot?gx-no-cache=1648659482942 HTTP/1.1" 200 1456
191.125.137.103 - - [30/Mar/2022:13:08:29 -0300] "GET /cormun/servlet/solicitudotadjuntos?INS,2022,18347,,2, HTTP/1.1" 200 5874
191.125.137.103 - - [30/Mar/2022:13:08:29 -0300] "GET /cormun/servlet/solicitudotadjuntos?fd64a2a43e5ea5fdda8f2bd8f41d24d58d95dcb4a1ef755f514980d15a8826cd75d9ff5268b94d8524250597608ad3db,gx-no-cache=1648655762993 HTTP/1.1" 200 30
191.125.137.103 - - [30/Mar/2022:13:08:29 -0300] "POST /cormun/servlet/solicitudotadjuntos?b9a32df2f9128c4ac06387f0bfb10817,INS,2022,18347,,2,,gx-no-cache=1648655763161 HTTP/1.1" 200 4082
190.171.149.74 - - [30/Mar/2022:13:08:31 -0300] "GET /cormun/servlet/prlicenciaspermisos?7650750,L,,MD,,gxPopupLevel%3D0%3B HTTP/1.1" 200 7675
190.171.149.74 - - [30/Mar/2022:13:08:31 -0300] "GET /cormun/static/gxcfg.js?2020121559567 HTTP/1.1" 200 953
190.171.149.74 - - [30/Mar/2022:13:08:31 -0300] "GET /cormun/static/prlicenciaspermisos.js?2020121559821 HTTP/1.1" 200 13379
190.171.149.74 - - [30/Mar/2022:13:08:41 -0300] "POST /cormun/servlet/solicitudot?gx-no-cache=1648659495408 HTTP/1.1" 200 40
191.125.137.103 - - [30/Mar/2022:13:08:41 -0300] "GET /cormun/servlet/trsolicitudadjuntos?2022,18347, HTTP/1.1" 200 5935
191.125.137.103 - - [30/Mar/2022:13:08:42 -0300] "GET /cormun/servlet/trsolicitudadjuntos?2022,18347, HTTP/1.1" 200 5935
192.168.10.96 - - [30/Mar/2022:13:08:42 -0300] "GET /cormun/servlet/hlogin HTTP/1.1" 200 1745
192.168.10.96 - - [30/Mar/2022:13:08:44 -0300] "POST /cormun/servlet/hlogin?0ddf625b4eed51688fd2428cae06f7f7,gx-no-cache=1648655614611 HTTP/1.1" 200 90
192.168.10.96 - - [30/Mar/2022:13:08:44 -0300] "GET /cormun/servlet/hpexe_link HTTP/1.1" 200 952
192.168.10.96 - - [30/Mar/2022:13:08:45 -0300] "GET /cormun/servlet/hhome HTTP/1.1" 200 3781
192.168.10.96 - - [30/Mar/2022:13:08:45 -0300] "GET /cormun/servlet/hhome HTTP/1.1" 200 3777
191.125.137.103 - - [30/Mar/2022:13:08:45 -0300] "GET /cormun/servlet/trsolicitudot? HTTP/1.1" 200 10929
191.125.137.103 - - [30/Mar/2022:13:08:46 -0300] "GET /cormun/servlet/trsolicitudot? HTTP/1.1" 200 10927
192.168.10.96 - - [30/Mar/2022:13:08:48 -0300] "GET /cormun/servlet/trsolicitudgral? HTTP/1.1" 200 28750
192.168.10.96 - - [30/Mar/2022:13:08:49 -0300] "GET /cormun/servlet/trsolicitudgral? HTTP/1.1" 200 28748
192.168.10.96 - - [30/Mar/2022:13:08:54 -0300] "POST /cormun/servlet/trsolicitudgral?0ddf625b4eed51688fd2428cae06f7f7,,gx-no-cache=1648655624359 HTTP/1.1" 200 13356
191.125.137.103 - - [30/Mar/2022:13:09:01 -0300] "POST /cormun/servlet/trsolicitudot?b9a32df2f9128c4ac06387f0bfb10817,,gx-no-cache=1648655794999 HTTP/1.1" 200 8525
191.125.137.103 - - [30/Mar/2022:13:09:01 -0300] "GET /cormun/static/Shared/jqueryui/images/ui-bg_highlight-soft_100_c6c2c8_1x100.png HTTP/1.1" 404 1117
191.125.137.103 - - [30/Mar/2022:13:09:01 -0300] "GET /cormun/static/Shared/jqueryui/images/ui-bg_flat_55_fafafa_40x100.png HTTP/1.1" 404 1097
191.125.137.103 - - [30/Mar/2022:13:09:01 -0300] "GET /cormun/static/Shared/jqueryui/images/ui-icons_8d78a5_256x240.png HTTP/1.1" 404 1089
191.125.137.103 - - [30/Mar/2022:13:09:01 -0300] "GET /cormun/static/Shared/jqueryui/images/ui-icons_82798d_256x240.png HTTP/1.1" 404 1089
192.168.10.96 - - [30/Mar/2022:13:09:02 -0300] "GET /cormun/servlet/vesolicitudgral?2022,17894,, HTTP/1.1" 200 8320
192.168.10.96 - - [30/Mar/2022:13:09:02 -0300] "GET /cormun/pexe_scrolldiv.js HTTP/1.1" 404 1009
192.168.10.96 - - [30/Mar/2022:13:09:03 -0300] "GET /cormun/servlet/vesolicitudgral?2022,17894,, HTTP/1.1" 200 8320
192.168.10.96 - - [30/Mar/2022:13:09:04 -0300] "GET /cormun/servlet/vesolicitudgral?2022,17894,,SolicitudOTLog HTTP/1.1" 200 9224
192.168.10.96 - - [30/Mar/2022:13:09:04 -0300] "GET /cormun/pexe_scrolldiv.js HTTP/1.1" 404 1009
192.168.10.96 - - [30/Mar/2022:13:09:04 -0300] "GET /cormun/servlet/vesolicitudgral?2022,17894,,SolicitudOTLog HTTP/1.1" 200 9225
191.125.137.103 - - [30/Mar/2022:13:09:04 -0300] "POST /cormun/servlet/trsolicitudot?b9a32df2f9128c4ac06387f0bfb10817,,gx-no-cache=1648655798191 HTTP/1.1" 200 8526
192.168.10.96 - - [30/Mar/2022:13:09:05 -0300] "POST /cormun/servlet/acontrolpreferencessavestate?None,RRHH+DANIELA,true HTTP/1.1" 200 35
191.125.137.103 - - [30/Mar/2022:13:09:06 -0300] "POST /cormun/servlet/trsolicitudot?b9a32df2f9128c4ac06387f0bfb10817,,gx-no-cache=1648655799439 HTTP/1.1" 200 8525
191.125.137.103 - - [30/Mar/2022:13:09:07 -0300] "POST /cormun/servlet/trsolicitudot?b9a32df2f9128c4ac06387f0bfb10817,,gx-no-cache=1648655800575 HTTP/1.1" 200 8552
192.168.10.96 - - [30/Mar/2022:13:09:08 -0300] "POST /cormun/servlet/vesolicitudgral?0ddf625b4eed51688fd2428cae06f7f7,2022,17894,,SolicitudOTLog,gx-no-cache=1648655637820 HTTP/1.1" 200 90
192.168.10.96 - - [30/Mar/2022:13:09:08 -0300] "GET /cormun/servlet/hpexe_link HTTP/1.1" 200 976
191.125.137.103 - - [30/Mar/2022:13:09:08 -0300] "POST /cormun/servlet/trsolicitudot?b9a32df2f9128c4ac06387f0bfb10817,,gx-no-cache=1648655801672 HTTP/1.1" 200 8525
192.168.10.96 - - [30/Mar/2022:13:09:08 -0300] "GET /cormun/servlet/trsolicitudgral? HTTP/1.1" 200 16395
192.168.10.96 - - [30/Mar/2022:13:09:08 -0300] "GET /cormun/servlet/trsolicitudgral? HTTP/1.1" 200 16393
191.125.137.103 - - [30/Mar/2022:13:09:09 -0300] "POST /cormun/servlet/trsolicitudot?b9a32df2f9128c4ac06387f0bfb10817,,gx-no-cache=1648655802800 HTTP/1.1" 200 8525
191.125.137.103 - - [30/Mar/2022:13:09:10 -0300] "POST /cormun/servlet/trsolicitudot?b9a32df2f9128c4ac06387f0bfb10817,,gx-no-cache=1648655804304 HTTP/1.1" 200 8551
192.168.10.96 - - [30/Mar/2022:13:09:15 -0300] "POST /cormun/servlet/trsolicitudgral?0ddf625b4eed51688fd2428cae06f7f7,,gx-no-cache=1648655645311 HTTP/1.1" 200 9049
190.171.149.74 - - [30/Mar/2022:13:09:23 -0300] "GET /cormun/servlet/solicitudot?fae034d53c091602436477fb701d2bf1dbe4d571f007acfdcdea39ec63723f18138b337e47ab3d824440bab89805c467d241efffe78d2cca98c4e15dac6a42002608ea92bce4eb650071906a4533e286adfad543ad0ad5c8be8f03cb0d407e0f1f12669c9099c96c1c9296570bc20f54,gx-no-cache=1648659537774 HTTP/1.1" 200 110
190.171.149.74 - - [30/Mar/2022:13:09:23 -0300] "POST /cormun/servlet/solicitudot?gx-no-cache=1648659537830 HTTP/1.1" 200 97
192.168.10.96 - - [30/Mar/2022:13:09:25 -0300] "GET /cormun/servlet/vesolicitudgral?2022,18347,, HTTP/1.1" 200 8363
192.168.10.96 - - [30/Mar/2022:13:09:25 -0300] "GET /cormun/pexe_scrolldiv.js HTTP/1.1" 404 1009
192.168.10.96 - - [30/Mar/2022:13:09:25 -0300] "GET /cormun/servlet/vesolicitudgral?2022,18347,, HTTP/1.1" 200 8362
192.168.10.96 - - [30/Mar/2022:13:09:26 -0300] "GET /cormun/servlet/vesolicitudgral?2022,18347,,SolicitudOTAdjuntos HTTP/1.1" 200 7041
192.168.10.96 - - [30/Mar/2022:13:09:26 -0300] "GET /cormun/pexe_scrolldiv.js HTTP/1.1" 404 1009
192.168.10.96 - - [30/Mar/2022:13:09:26 -0300] "GET /cormun/servlet/vesolicitudgral?2022,18347,,SolicitudOTAdjuntos HTTP/1.1" 200 7042
192.168.10.96 - - [30/Mar/2022:13:09:27 -0300] "POST /cormun/servlet/acontrolpreferencessavestate?None,RRHH+DANIELA,true HTTP/1.1" 200 35
191.125.137.103 - - [30/Mar/2022:13:09:28 -0300] "POST /cormun/servlet/trsolicitudot?b9a32df2f9128c4ac06387f0bfb10817,,gx-no-cache=1648655822169 HTTP/1.1" 200 107
192.168.10.96 - - [30/Mar/2022:13:09:28 -0300] "POST /cormun/servlet/vesolicitudgral?0ddf625b4eed51688fd2428cae06f7f7,2022,18347,,SolicitudOTAdjuntos,gx-no-cache=1648655658524 HTTP/1.1" 200 90
191.125.137.103 - - [30/Mar/2022:13:09:28 -0300] "GET /cormun/servlet/trsolicitudadjuntos?2022,18347, HTTP/1.1" 200 5935
192.168.10.96 - - [30/Mar/2022:13:09:28 -0300] "GET /cormun/servlet/hpexe_link HTTP/1.1" 200 979
192.168.10.96 - - [30/Mar/2022:13:09:29 -0300] "GET /cormun/servlet/trsolicitudgral? HTTP/1.1" 200 12025
191.125.137.103 - - [30/Mar/2022:13:09:29 -0300] "GET /cormun/servlet/trsolicitudadjuntos?2022,18347, HTTP/1.1" 200 5935
192.168.10.96 - - [30/Mar/2022:13:09:29 -0300] "GET /cormun/servlet/trsolicitudgral? HTTP/1.1" 200 12023
192.168.10.96 - - [30/Mar/2022:13:09:31 -0300] "GET /cormun/servlet/vesolicitudgral?2022,18229,, HTTP/1.1" 200 8315
192.168.10.96 - - [30/Mar/2022:13:09:31 -0300] "GET /cormun/pexe_scrolldiv.js HTTP/1.1" 404 1009
192.168.10.96 - - [30/Mar/2022:13:09:31 -0300] "GET /cormun/servlet/vesolicitudgral?2022,18229,, HTTP/1.1" 200 8315
190.171.149.74 - - [30/Mar/2022:13:09:32 -0300] "GET /cormun/servlet/solicitudot?fae034d53c091602436477fb701d2bf175feafc0b1a43c0600c5242551a5240737dba1ec75d890bbedd1ed28c0846cb3cb46165bf9b8ac4099bea50f6a41697622cfe7bf1d1b23445d8cda1f20afb3797f0f596c4830a8f73af8a4f66345d59b7ac234e40da8a76d9749233fdf9b83a8,gx-no-cache=1648659546614 HTTP/1.1" 200 29
190.171.149.74 - - [30/Mar/2022:13:09:32 -0300] "GET /cormun/static/menuarrow.gif HTTP/1.1" 404 1015
192.168.10.96 - - [30/Mar/2022:13:09:32 -0300] "GET /cormun/servlet/vesolicitudgral?2022,18229,,SolicitudOTAdjuntos HTTP/1.1" 200 7043
192.168.10.96 - - [30/Mar/2022:13:09:32 -0300] "GET /cormun/pexe_scrolldiv.js HTTP/1.1" 404 1009
192.168.10.96 - - [30/Mar/2022:13:09:33 -0300] "GET /cormun/servlet/vesolicitudgral?2022,18229,,SolicitudOTAdjuntos HTTP/1.1" 200 7043
192.168.10.96 - - [30/Mar/2022:13:09:34 -0300] "POST /cormun/servlet/acontrolpreferencessavestate?None,RRHH+DANIELA,true HTTP/1.1" 200 35
192.168.10.96 - - [30/Mar/2022:13:09:36 -0300] "POST /cormun/servlet/vesolicitudgral?0ddf625b4eed51688fd2428cae06f7f7,2022,18229,,SolicitudOTAdjuntos,gx-no-cache=1648655665699 HTTP/1.1" 200 90
192.168.10.96 - - [30/Mar/2022:13:09:36 -0300] "GET /cormun/servlet/hpexe_link HTTP/1.1" 200 979
191.125.137.103 - - [30/Mar/2022:13:09:36 -0300] "GET /cormun/servlet/trsolicitudot? HTTP/1.1" 200 10929
192.168.10.96 - - [30/Mar/2022:13:09:36 -0300] "GET /cormun/servlet/trsolicitudgral HTTP/1.1" 200 12025
192.168.10.96 - - [30/Mar/2022:13:09:36 -0300] "GET /cormun/servlet/trsolicitudgral HTTP/1.1" 200 12024
191.125.137.103 - - [30/Mar/2022:13:09:36 -0300] "GET /cormun/servlet/trsolicitudot? HTTP/1.1" 200 10927
192.168.10.96 - - [30/Mar/2022:13:09:39 -0300] "GET /cormun/servlet/vesolicitudgral?2022,17900,, HTTP/1.1" 200 8342
192.168.10.96 - - [30/Mar/2022:13:09:39 -0300] "GET /cormun/pexe_scrolldiv.js HTTP/1.1" 404 1009
192.168.10.96 - - [30/Mar/2022:13:09:39 -0300] "GET /cormun/servlet/vesolicitudgral?2022,17900,, HTTP/1.1" 200 8342
192.168.10.96 - - [30/Mar/2022:13:09:40 -0300] "GET /cormun/servlet/vesolicitudgral?2022,17900,,SolicitudOTAdjuntos HTTP/1.1" 200 7042
192.168.10.96 - - [30/Mar/2022:13:09:40 -0300] "GET /cormun/pexe_scrolldiv.js HTTP/1.1" 404 1009
192.168.10.96 - - [30/Mar/2022:13:09:40 -0300] "GET /cormun/servlet/vesolicitudgral?2022,17900,,SolicitudOTAdjuntos HTTP/1.1" 200 7042
192.168.10.96 - - [30/Mar/2022:13:09:41 -0300] "POST /cormun/servlet/acontrolpreferencessavestate?None,RRHH+DANIELA,true HTTP/1.1" 200 35
190.171.149.74 - - [30/Mar/2022:13:09:42 -0300] "GET /cormun/servlet/solicitudot?fae034d53c091602436477fb701d2bf11efd2064555f5312ce9e8692f69bada247d4948d1d86f6c61d8faba195374f78,gx-no-cache=1648659556753 HTTP/1.1" 200 30
190.171.149.74 - - [30/Mar/2022:13:09:42 -0300] "POST /cormun/servlet/solicitudot?gx-no-cache=1648659556794 HTTP/1.1" 200 34
192.168.10.96 - - [30/Mar/2022:13:09:43 -0300] "POST /cormun/servlet/vesolicitudgral?0ddf625b4eed51688fd2428cae06f7f7,2022,17900,,SolicitudOTAdjuntos,gx-no-cache=1648655673395 HTTP/1.1" 200 90
192.168.10.96 - - [30/Mar/2022:13:09:43 -0300] "GET /cormun/servlet/hpexe_link HTTP/1.1" 200 979
192.168.10.96 - - [30/Mar/2022:13:09:43 -0300] "GET /cormun/servlet/trsolicitudgral HTTP/1.1" 200 12025
192.168.10.96 - - [30/Mar/2022:13:09:44 -0300] "GET /cormun/servlet/trsolicitudgral HTTP/1.1" 200 12024
192.168.10.96 - - [30/Mar/2022:13:09:48 -0300] "GET /cormun/servlet/vesolicitudgral?2022,17893,, HTTP/1.1" 200 8333
192.168.10.96 - - [30/Mar/2022:13:09:48 -0300] "GET /cormun/pexe_scrolldiv.js HTTP/1.1" 404 1009
192.168.10.96 - - [30/Mar/2022:13:09:48 -0300] "GET /cormun/servlet/vesolicitudgral?2022,17893,, HTTP/1.1" 200 8333
192.168.10.96 - - [30/Mar/2022:13:09:49 -0300] "GET /cormun/servlet/vesolicitudgral?2022,17893,,SolicitudOTAdjuntos HTTP/1.1" 200 7042
192.168.10.96 - - [30/Mar/2022:13:09:49 -0300] "GET /cormun/pexe_scrolldiv.js HTTP/1.1" 404 1009
192.168.10.96 - - [30/Mar/2022:13:09:50 -0300] "GET /cormun/servlet/vesolicitudgral?2022,17893,,SolicitudOTAdjuntos HTTP/1.1" 200 7043
192.168.10.96 - - [30/Mar/2022:13:09:50 -0300] "POST /cormun/servlet/acontrolpreferencessavestate?None,RRHH+DANIELA,true HTTP/1.1" 200 35
192.168.10.96 - - [30/Mar/2022:13:09:52 -0300] "POST /cormun/servlet/vesolicitudgral?0ddf625b4eed51688fd2428cae06f7f7,2022,17893,,SolicitudOTAdjuntos,gx-no-cache=1648655682467 HTTP/1.1" 200 90
192.168.10.96 - - [30/Mar/2022:13:09:52 -0300] "GET /cormun/servlet/hpexe_link HTTP/1.1" 200 979
192.168.10.96 - - [30/Mar/2022:13:09:52 -0300] "GET /cormun/servlet/trsolicitudgral HTTP/1.1" 200 12025
192.168.10.96 - - [30/Mar/2022:13:09:53 -0300] "GET /cormun/servlet/trsolicitudgral HTTP/1.1" 200 12024
192.168.10.96 - - [30/Mar/2022:13:09:56 -0300] "POST /cormun/servlet/trsolicitudgral?0ddf625b4eed51688fd2428cae06f7f7,gx-no-cache=1648655686164 HTTP/1.1" 200 90
192.168.10.96 - - [30/Mar/2022:13:09:56 -0300] "GET /cormun/servlet/hpexe_link HTTP/1.1" 200 957
192.168.10.96 - - [30/Mar/2022:13:09:56 -0300] "GET /cormun/servlet/hhome HTTP/1.1" 200 3781
192.168.10.96 - - [30/Mar/2022:13:09:56 -0300] "GET /cormun/servlet/hhome HTTP/1.1" 200 3777
192.168.10.96 - - [30/Mar/2022:13:10:00 -0300] "GET /cormun/servlet/trsolicitudgral? HTTP/1.1" 200 12026
192.168.10.96 - - [30/Mar/2022:13:10:01 -0300] "GET /cormun/servlet/trsolicitudgral? HTTP/1.1" 200 12023
191.125.137.103 - - [30/Mar/2022:13:10:22 -0300] "GET /cormun/servlet/trautorizarsolicitud? HTTP/1.1" 200 7377
191.125.137.103 - - [30/Mar/2022:13:10:22 -0300] "GET /cormun/servlet/trautorizarsolicitud? HTTP/1.1" 200 7377
191.125.137.103 - - [30/Mar/2022:13:10:29 -0300] "POST /cormun/servlet/trsolicitudot?b9a32df2f9128c4ac06387f0bfb10817,,gx-no-cache=1648655882601 HTTP/1.1" 200 107
191.125.137.103 - - [30/Mar/2022:13:10:29 -0300] "GET /cormun/servlet/trsolicitudadjuntos?2022,18347, HTTP/1.1" 200 5935
191.125.137.103 - - [30/Mar/2022:13:10:29 -0300] "GET /cormun/servlet/trsolicitudadjuntos?2022,18347, HTTP/1.1" 200 5935
191.125.137.103 - - [30/Mar/2022:13:10:35 -0300] "GET /cormun/servlet/trsolicitudot? HTTP/1.1" 200 10929
191.125.137.103 - - [30/Mar/2022:13:10:35 -0300] "GET /cormun/servlet/trsolicitudot? HTTP/1.1" 200 10927
191.125.137.103 - - [30/Mar/2022:13:11:18 -0300] "POST /cormun/servlet/trsolicitudot?b9a32df2f9128c4ac06387f0bfb10817,,gx-no-cache=1648655931928 HTTP/1.1" 200 107
191.125.137.103 - - [30/Mar/2022:13:11:18 -0300] "GET /cormun/servlet/trsolicitudadjuntos?2022,18015, HTTP/1.1" 200 9207
191.125.137.103 - - [30/Mar/2022:13:11:19 -0300] "GET /cormun/servlet/trsolicitudadjuntos?2022,18015, HTTP/1.1" 200 9211
190.171.149.74 - - [30/Mar/2022:13:11:29 -0300] "POST /cormun/servlet/solicitudot?96dbf474ba2e6df7f4fd7583e2d8bd75,INS,0,0,false,,gx-no-cache=1648659663366 HTTP/1.1" 200 93
190.171.149.74 - - [30/Mar/2022:13:11:29 -0300] "GET /cormun/servlet/hpexe_return? HTTP/1.1" 200 1009
190.171.149.74 - - [30/Mar/2022:13:11:29 -0300] "GET /cormun/servlet/trsolicitudot HTTP/1.1" 200 8524
191.125.137.103 - - [30/Mar/2022:13:11:29 -0300] "GET /cormun/servlet/solicitudotadjuntos?INS,2022,18015,,2, HTTP/1.1" 200 5880
190.171.149.74 - - [30/Mar/2022:13:11:29 -0300] "GET /cormun/servlet/trsolicitudot HTTP/1.1" 200 8523
191.125.137.103 - - [30/Mar/2022:13:11:30 -0300] "GET /cormun/static/about:blank HTTP/1.1" 404 1011
191.125.137.103 - - [30/Mar/2022:13:11:30 -0300] "GET /cormun/servlet/solicitudotadjuntos?INS,2022,18015,,2, HTTP/1.1" 200 5874
191.125.137.103 - - [30/Mar/2022:13:11:30 -0300] "GET /cormun/servlet/solicitudotadjuntos?fd64a2a43e5ea5fdda8f2bd8f41d24d5317afa1a13c771a325c26cde1e1db0f275d9ff5268b94d8524250597608ad3db,gx-no-cache=1648655944373 HTTP/1.1" 200 30
191.125.137.103 - - [30/Mar/2022:13:11:31 -0300] "POST /cormun/servlet/solicitudotadjuntos?b9a32df2f9128c4ac06387f0bfb10817,INS,2022,18015,,2,,gx-no-cache=1648655944457 HTTP/1.1" 200 4083
191.125.137.103 - - [30/Mar/2022:13:11:48 -0300] "POST /cormun/servlet/solicitudotadjuntos?gx-no-cache=1648655961982 HTTP/1.1" 200 26
191.125.137.103 - - [30/Mar/2022:13:11:48 -0300] "GET /cormun/servlet/solicitudotadjuntos?fd64a2a43e5ea5fdda8f2bd8f41d24d54a30eb0f09c68b626366d1e1e7346d86,gx-no-cache=1648655962089 HTTP/1.1" 200 30
191.125.137.103 - - [30/Mar/2022:13:11:48 -0300] "GET /cormun/servlet/solicitudotadjuntos?fd64a2a43e5ea5fdda8f2bd8f41d24d54a30eb0f09c68b626366d1e1e7346d86,gx-no-cache=1648655962159 HTTP/1.1" 200 30
191.125.137.103 - - [30/Mar/2022:13:11:48 -0300] "POST /cormun/servlet/solicitudotadjuntos?b9a32df2f9128c4ac06387f0bfb10817,INS,2022,18015,,2,,gx-no-cache=1648655962235 HTTP/1.1" 200 3722
191.125.137.103 - - [30/Mar/2022:13:11:48 -0300] "GET /cormun/static/Shared/jqueryui/images/ui-icons_82798d_256x240.png HTTP/1.1" 404 1089
191.125.137.103 - - [30/Mar/2022:13:11:48 -0300] "GET /cormun/static/Shared/jqueryui/images/ui-bg_highlight-soft_100_c6c2c8_1x100.png HTTP/1.1" 404 1117
191.125.137.103 - - [30/Mar/2022:13:11:48 -0300] "GET /cormun/static/Shared/jqueryui/images/ui-bg_flat_55_994d53_40x100.png HTTP/1.1" 404 1097
191.125.137.103 - - [30/Mar/2022:13:11:48 -0300] "GET /cormun/static/Shared/jqueryui/images/ui-icons_ebccce_256x240.png HTTP/1.1" 404 1089
191.125.137.103 - - [30/Mar/2022:13:11:53 -0300] "GET /cormun/servlet/solicitudotadjuntos?fd64a2a43e5ea5fdda8f2bd8f41d24d54a30eb0f09c68b626366d1e1e7346d86,gx-no-cache=1648655965100 HTTP/1.1" 200 30
191.125.137.103 - - [30/Mar/2022:13:11:53 -0300] "GET /cormun/servlet/trsolicitudadjuntos?2022,18015, HTTP/1.1" 200 9211
191.125.137.103 - - [30/Mar/2022:13:11:54 -0300] "POST /cormun/servlet/solicitudotadjuntos?b9a32df2f9128c4ac06387f0bfb10817,INS,2022,18015,,2,,gx-no-cache=1648655967311 HTTP/1.1" 200 3722
191.125.137.103 - - [30/Mar/2022:13:11:54 -0300] "GET /cormun/servlet/trsolicitudadjuntos?2022,18015, HTTP/1.1" 200 9214
191.125.137.103 - - [30/Mar/2022:13:11:56 -0300] "GET /cormun/servlet/trsolicitudot? HTTP/1.1" 200 10929
191.125.137.103 - - [30/Mar/2022:13:11:57 -0300] "GET /cormun/servlet/trsolicitudot? HTTP/1.1" 200 10927
191.125.137.103 - - [30/Mar/2022:13:12:08 -0300] "GET /cormun/servlet/hhome HTTP/1.1" 200 3830
191.125.137.103 - - [30/Mar/2022:13:12:08 -0300] "GET /cormun/servlet/hlogin HTTP/1.1" 200 1730
190.171.149.74 - - [30/Mar/2022:13:12:11 -0300] "POST /cormun/servlet/trsolicitudot?96dbf474ba2e6df7f4fd7583e2d8bd75,gx-no-cache=1648659705474 HTTP/1.1" 200 107
190.171.149.74 - - [30/Mar/2022:13:12:11 -0300] "GET /cormun/servlet/trsolicitudadjuntos?2022,18363, HTTP/1.1" 200 6088
190.171.149.74 - - [30/Mar/2022:13:12:11 -0300] "GET /cormun/servlet/trsolicitudadjuntos?2022,18363, HTTP/1.1" 200 6088
190.171.149.74 - - [30/Mar/2022:13:12:13 -0300] "GET /cormun/servlet/solicitudotadjuntos?INS,2022,18363,,1, HTTP/1.1" 200 6030
190.171.149.74 - - [30/Mar/2022:13:12:13 -0300] "GET /cormun/static/about:blank HTTP/1.1" 404 1011
190.171.149.74 - - [30/Mar/2022:13:12:13 -0300] "GET /cormun/servlet/solicitudotadjuntos?INS,2022,18363,,1, HTTP/1.1" 200 6024
190.171.149.74 - - [30/Mar/2022:13:12:14 -0300] "GET /cormun/servlet/solicitudotadjuntos?fae034d53c091602436477fb701d2bf1168e4ee75d0329b9114e85a984e7e486f59b397018dc9e6a79c42e7c6b656cae,gx-no-cache=1648659708494 HTTP/1.1" 200 30
190.171.149.74 - - [30/Mar/2022:13:12:14 -0300] "POST /cormun/servlet/solicitudotadjuntos?96dbf474ba2e6df7f4fd7583e2d8bd75,INS,2022,18363,,1,,gx-no-cache=1648659708521 HTTP/1.1" 200 3901
190.171.149.74 - - [30/Mar/2022:13:12:16 -0300] "POST /cormun/servlet/solicitudotadjuntos?gx-no-cache=1648659710560 HTTP/1.1" 200 26
190.171.149.74 - - [30/Mar/2022:13:12:47 -0300] "GET /cormun/servlet/solicitudotadjuntos?fae034d53c091602436477fb701d2bf145bdc9fc4aaa8dc2da8b0c7a18304751,gx-no-cache=1648659741755 HTTP/1.1" 200 30
190.171.149.74 - - [30/Mar/2022:13:12:47 -0300] "GET /cormun/servlet/solicitudotadjuntos?fae034d53c091602436477fb701d2bf145bdc9fc4aaa8dc2da8b0c7a18304751,gx-no-cache=1648659741772 HTTP/1.1" 200 30
190.171.149.74 - - [30/Mar/2022:13:12:47 -0300] "POST /cormun/servlet/solicitudotadjuntos?96dbf474ba2e6df7f4fd7583e2d8bd75,INS,2022,18363,,1, HTTP/1.1" 200 116
190.171.149.74 - - [30/Mar/2022:13:12:47 -0300] "GET /cormun/servlet/hpexe_return? HTTP/1.1" 200 1028
190.171.149.74 - - [30/Mar/2022:13:12:47 -0300] "GET /cormun/servlet/trsolicitudadjuntos?2022,18363, HTTP/1.1" 200 8843
190.171.149.74 - - [30/Mar/2022:13:12:48 -0300] "GET /cormun/servlet/trsolicitudadjuntos?2022,18363, HTTP/1.1" 200 8838
190.171.149.74 - - [30/Mar/2022:13:12:49 -0300] "GET /cormun/servlet/solicitudotadjuntos?INS,2022,18363,,1, HTTP/1.1" 200 6030
190.171.149.74 - - [30/Mar/2022:13:12:50 -0300] "GET /cormun/static/about:blank HTTP/1.1" 404 1011
190.171.149.74 - - [30/Mar/2022:13:12:50 -0300] "GET /cormun/servlet/solicitudotadjuntos?INS,2022,18363,,1, HTTP/1.1" 200 6024
190.171.149.74 - - [30/Mar/2022:13:12:50 -0300] "GET /cormun/servlet/solicitudotadjuntos?fae034d53c091602436477fb701d2bf1168e4ee75d0329b9114e85a984e7e486f59b397018dc9e6a79c42e7c6b656cae,gx-no-cache=1648659744850 HTTP/1.1" 200 30
190.171.149.74 - - [30/Mar/2022:13:12:50 -0300] "POST /cormun/servlet/solicitudotadjuntos?96dbf474ba2e6df7f4fd7583e2d8bd75,INS,2022,18363,,1,,gx-no-cache=1648659744885 HTTP/1.1" 200 3901
190.171.149.74 - - [30/Mar/2022:13:12:54 -0300] "POST /cormun/servlet/solicitudotadjuntos?gx-no-cache=1648659748433 HTTP/1.1" 200 26
191.125.137.103 - - [30/Mar/2022:13:12:59 -0300] "GET /cormun/servlet/hlogin HTTP/1.1" 200 1730
190.171.149.74 - - [30/Mar/2022:13:13:00 -0300] "GET /cormun/servlet/solicitudotadjuntos?fae034d53c091602436477fb701d2bf145bdc9fc4aaa8dc2da8b0c7a18304751,gx-no-cache=1648659754809 HTTP/1.1" 200 30
190.171.149.74 - - [30/Mar/2022:13:13:00 -0300] "GET /cormun/servlet/solicitudotadjuntos?fae034d53c091602436477fb701d2bf145bdc9fc4aaa8dc2da8b0c7a18304751,gx-no-cache=1648659754820 HTTP/1.1" 200 30
190.171.149.74 - - [30/Mar/2022:13:13:00 -0300] "POST /cormun/servlet/solicitudotadjuntos?96dbf474ba2e6df7f4fd7583e2d8bd75,INS,2022,18363,,1, HTTP/1.1" 200 116
190.171.149.74 - - [30/Mar/2022:13:13:00 -0300] "GET /cormun/servlet/hpexe_return? HTTP/1.1" 200 1028
190.171.149.74 - - [30/Mar/2022:13:13:01 -0300] "GET /cormun/servlet/trsolicitudadjuntos?2022,18363, HTTP/1.1" 200 9094
190.171.149.74 - - [30/Mar/2022:13:13:01 -0300] "GET /cormun/servlet/trsolicitudadjuntos?2022,18363, HTTP/1.1" 200 9093
190.171.149.74 - - [30/Mar/2022:13:13:03 -0300] "GET /cormun/servlet/solicitudotadjuntos?INS,2022,18363,,1, HTTP/1.1" 200 6030
190.171.149.74 - - [30/Mar/2022:13:13:03 -0300] "GET /cormun/static/about:blank HTTP/1.1" 404 1011
190.171.149.74 - - [30/Mar/2022:13:13:03 -0300] "GET /cormun/servlet/solicitudotadjuntos?INS,2022,18363,,1, HTTP/1.1" 200 6024
191.125.137.103 - - [30/Mar/2022:13:13:03 -0300] "POST /cormun/servlet/hlogin?b9a32df2f9128c4ac06387f0bfb10817,gx-no-cache=1648656037261 HTTP/1.1" 200 90
190.171.149.74 - - [30/Mar/2022:13:13:03 -0300] "GET /cormun/servlet/solicitudotadjuntos?fae034d53c091602436477fb701d2bf1168e4ee75d0329b9114e85a984e7e486f59b397018dc9e6a79c42e7c6b656cae,gx-no-cache=1648659758103 HTTP/1.1" 200 30
191.125.137.103 - - [30/Mar/2022:13:13:03 -0300] "GET /cormun/servlet/hpexe_link HTTP/1.1" 200 955
190.171.149.74 - - [30/Mar/2022:13:13:03 -0300] "POST /cormun/servlet/solicitudotadjuntos?96dbf474ba2e6df7f4fd7583e2d8bd75,INS,2022,18363,,1,,gx-no-cache=1648659758130 HTTP/1.1" 200 3901
191.125.137.103 - - [30/Mar/2022:13:13:04 -0300] "GET /cormun/servlet/hhome HTTP/1.1" 200 3830
191.125.137.103 - - [30/Mar/2022:13:13:04 -0300] "GET /cormun/servlet/hhome HTTP/1.1" 200 3826
190.171.149.74 - - [30/Mar/2022:13:13:06 -0300] "POST /cormun/servlet/solicitudotadjuntos?gx-no-cache=1648659760574 HTTP/1.1" 200 26
191.125.137.103 - - [30/Mar/2022:13:13:08 -0300] "GET /cormun/servlet/trsolicitudot? HTTP/1.1" 200 10929
191.125.137.103 - - [30/Mar/2022:13:13:09 -0300] "GET /cormun/servlet/trsolicitudot? HTTP/1.1" 200 10927
190.171.149.74 - - [30/Mar/2022:13:13:13 -0300] "GET /cormun/servlet/solicitudotadjuntos?fae034d53c091602436477fb701d2bf145bdc9fc4aaa8dc2da8b0c7a18304751,gx-no-cache=1648659768246 HTTP/1.1" 200 30
190.171.149.74 - - [30/Mar/2022:13:13:13 -0300] "GET /cormun/servlet/solicitudotadjuntos?fae034d53c091602436477fb701d2bf145bdc9fc4aaa8dc2da8b0c7a18304751,gx-no-cache=1648659768258 HTTP/1.1" 200 30
190.171.149.74 - - [30/Mar/2022:13:13:14 -0300] "POST /cormun/servlet/solicitudotadjuntos?96dbf474ba2e6df7f4fd7583e2d8bd75,INS,2022,18363,,1, HTTP/1.1" 200 116
190.171.149.74 - - [30/Mar/2022:13:13:14 -0300] "GET /cormun/servlet/hpexe_return? HTTP/1.1" 200 1028
190.171.149.74 - - [30/Mar/2022:13:13:14 -0300] "GET /cormun/servlet/trsolicitudadjuntos?2022,18363, HTTP/1.1" 200 9272
190.171.149.74 - - [30/Mar/2022:13:13:14 -0300] "GET /cormun/servlet/trsolicitudadjuntos?2022,18363, HTTP/1.1" 200 9270
190.171.149.74 - - [30/Mar/2022:13:13:19 -0300] "GET /cormun/servlet/solicitudotadjuntos?INS,2022,18363,,1, HTTP/1.1" 200 6031
190.171.149.74 - - [30/Mar/2022:13:13:19 -0300] "GET /cormun/static/about:blank HTTP/1.1" 404 1011
190.171.149.74 - - [30/Mar/2022:13:13:19 -0300] "GET /cormun/servlet/solicitudotadjuntos?INS,2022,18363,,1, HTTP/1.1" 200 6024
190.171.149.74 - - [30/Mar/2022:13:13:20 -0300] "GET /cormun/servlet/solicitudotadjuntos?fae034d53c091602436477fb701d2bf1168e4ee75d0329b9114e85a984e7e486f59b397018dc9e6a79c42e7c6b656cae,gx-no-cache=1648659774437 HTTP/1.1" 200 30
190.171.149.74 - - [30/Mar/2022:13:13:20 -0300] "POST /cormun/servlet/solicitudotadjuntos?96dbf474ba2e6df7f4fd7583e2d8bd75,INS,2022,18363,,1,,gx-no-cache=1648659774464 HTTP/1.1" 200 3902
190.171.149.74 - - [30/Mar/2022:13:13:23 -0300] "POST /cormun/servlet/solicitudotadjuntos?gx-no-cache=1648659777335 HTTP/1.1" 200 26
191.125.137.103 - - [30/Mar/2022:13:13:26 -0300] "POST /cormun/servlet/trsolicitudot?b9a32df2f9128c4ac06387f0bfb10817,,gx-no-cache=1648656059937 HTTP/1.1" 200 107
191.125.137.103 - - [30/Mar/2022:13:13:26 -0300] "GET /cormun/servlet/trsolicitudadjuntos?2022,17895, HTTP/1.1" 200 5935
191.125.137.103 - - [30/Mar/2022:13:13:27 -0300] "GET /cormun/servlet/trsolicitudadjuntos?2022,17895, HTTP/1.1" 200 5935
191.125.137.103 - - [30/Mar/2022:13:13:30 -0300] "GET /cormun/servlet/solicitudotadjuntos?INS,2022,17895,,2, HTTP/1.1" 200 5880
190.171.149.74 - - [30/Mar/2022:13:13:30 -0300] "GET /cormun/servlet/solicitudotadjuntos?fae034d53c091602436477fb701d2bf145bdc9fc4aaa8dc2da8b0c7a18304751,gx-no-cache=1648659784617 HTTP/1.1" 200 30
190.171.149.74 - - [30/Mar/2022:13:13:30 -0300] "GET /cormun/servlet/solicitudotadjuntos?fae034d53c091602436477fb701d2bf145bdc9fc4aaa8dc2da8b0c7a18304751,gx-no-cache=1648659784628 HTTP/1.1" 200 30
190.171.149.74 - - [30/Mar/2022:13:13:30 -0300] "POST /cormun/servlet/solicitudotadjuntos?96dbf474ba2e6df7f4fd7583e2d8bd75,INS,2022,18363,,1, HTTP/1.1" 200 116
190.171.149.74 - - [30/Mar/2022:13:13:30 -0300] "GET /cormun/servlet/hpexe_return? HTTP/1.1" 200 1028
191.125.137.103 - - [30/Mar/2022:13:13:30 -0300] "GET /cormun/static/about:blank HTTP/1.1" 404 1011
191.125.137.103 - - [30/Mar/2022:13:13:30 -0300] "GET /cormun/servlet/solicitudotadjuntos?INS,2022,17895,,2, HTTP/1.1" 200 5874
190.171.149.74 - - [30/Mar/2022:13:13:30 -0300] "GET /cormun/servlet/trsolicitudadjuntos?2022,18363, HTTP/1.1" 200 9548
190.171.149.74 - - [30/Mar/2022:13:13:31 -0300] "GET /cormun/servlet/trsolicitudadjuntos?2022,18363, HTTP/1.1" 200 9548
191.125.137.103 - - [30/Mar/2022:13:13:31 -0300] "GET /cormun/servlet/solicitudotadjuntos?fd64a2a43e5ea5fdda8f2bd8f41d24d588f8a8621a70d4cec388e7e19583d99a75d9ff5268b94d8524250597608ad3db,gx-no-cache=1648656064731 HTTP/1.1" 200 30
191.125.137.103 - - [30/Mar/2022:13:13:31 -0300] "POST /cormun/servlet/solicitudotadjuntos?b9a32df2f9128c4ac06387f0bfb10817,INS,2022,17895,,2,,gx-no-cache=1648656064931 HTTP/1.1" 200 4083
190.171.149.74 - - [30/Mar/2022:13:13:33 -0300] "GET /cormun/servlet/solicitudotadjuntos?INS,2022,18363,,1, HTTP/1.1" 200 6031
191.125.137.103 - - [30/Mar/2022:13:13:33 -0300] "POST /cormun/servlet/solicitudotadjuntos?gx-no-cache=1648656067556 HTTP/1.1" 200 26
190.171.149.74 - - [30/Mar/2022:13:13:34 -0300] "GET /cormun/static/about:blank HTTP/1.1" 404 1011
190.171.149.74 - - [30/Mar/2022:13:13:34 -0300] "GET /cormun/servlet/solicitudotadjuntos?INS,2022,18363,,1, HTTP/1.1" 200 6024
190.171.149.74 - - [30/Mar/2022:13:13:34 -0300] "GET /cormun/servlet/solicitudotadjuntos?fae034d53c091602436477fb701d2bf1168e4ee75d0329b9114e85a984e7e486f59b397018dc9e6a79c42e7c6b656cae,gx-no-cache=1648659788938 HTTP/1.1" 200 30
190.171.149.74 - - [30/Mar/2022:13:13:34 -0300] "POST /cormun/servlet/solicitudotadjuntos?96dbf474ba2e6df7f4fd7583e2d8bd75,INS,2022,18363,,1,,gx-no-cache=1648659788972 HTTP/1.1" 200 3902
190.171.149.74 - - [30/Mar/2022:13:13:38 -0300] "POST /cormun/servlet/solicitudotadjuntos?gx-no-cache=1648659792704 HTTP/1.1" 200 26
191.125.137.103 - - [30/Mar/2022:13:13:43 -0300] "GET /cormun/servlet/solicitudotadjuntos?fd64a2a43e5ea5fdda8f2bd8f41d24d54a30eb0f09c68b626366d1e1e7346d86,gx-no-cache=1648656076877 HTTP/1.1" 200 30
191.125.137.103 - - [30/Mar/2022:13:13:43 -0300] "GET /cormun/servlet/solicitudotadjuntos?fd64a2a43e5ea5fdda8f2bd8f41d24d54a30eb0f09c68b626366d1e1e7346d86,gx-no-cache=1648656076978 HTTP/1.1" 200 30
191.125.137.103 - - [30/Mar/2022:13:13:43 -0300] "POST /cormun/servlet/solicitudotadjuntos?b9a32df2f9128c4ac06387f0bfb10817,INS,2022,17895,,2, HTTP/1.1" 200 116
190.171.149.74 - - [30/Mar/2022:13:13:43 -0300] "GET /cormun/servlet/solicitudotadjuntos?fae034d53c091602436477fb701d2bf145bdc9fc4aaa8dc2da8b0c7a18304751,gx-no-cache=1648659798091 HTTP/1.1" 200 30
190.171.149.74 - - [30/Mar/2022:13:13:43 -0300] "GET /cormun/servlet/solicitudotadjuntos?fae034d53c091602436477fb701d2bf145bdc9fc4aaa8dc2da8b0c7a18304751,gx-no-cache=1648659798103 HTTP/1.1" 200 30
191.125.137.103 - - [30/Mar/2022:13:13:43 -0300] "GET /cormun/servlet/hpexe_return? HTTP/1.1" 200 1030
191.125.137.103 - - [30/Mar/2022:13:13:44 -0300] "GET /cormun/static/gxcfg.js?201991422392976 HTTP/1.1" 200 953
191.125.137.103 - - [30/Mar/2022:13:13:44 -0300] "GET /cormun/static/hpexe_return.js?201991422392984 HTTP/1.1" 200 1633
190.171.149.74 - - [30/Mar/2022:13:13:44 -0300] "POST /cormun/servlet/solicitudotadjuntos?96dbf474ba2e6df7f4fd7583e2d8bd75,INS,2022,18363,,1, HTTP/1.1" 200 116
190.171.149.74 - - [30/Mar/2022:13:13:44 -0300] "GET /cormun/servlet/hpexe_return? HTTP/1.1" 200 1028
191.125.137.103 - - [30/Mar/2022:13:13:44 -0300] "GET /cormun/servlet/trsolicitudadjuntos?2022,17895, HTTP/1.1" 200 8754
190.171.149.74 - - [30/Mar/2022:13:13:44 -0300] "GET /cormun/servlet/trsolicitudadjuntos?2022,18363, HTTP/1.1" 200 9830
191.125.137.103 - - [30/Mar/2022:13:13:44 -0300] "GET /cormun/servlet/trsolicitudadjuntos?2022,17895, HTTP/1.1" 200 8749
190.171.149.74 - - [30/Mar/2022:13:13:44 -0300] "GET /cormun/servlet/trsolicitudadjuntos?2022,18363, HTTP/1.1" 200 9828
191.125.137.103 - - [30/Mar/2022:13:13:47 -0300] "GET /cormun/servlet/solicitudotadjuntos?INS,2022,17895,,2, HTTP/1.1" 200 5880
190.171.149.74 - - [30/Mar/2022:13:13:47 -0300] "GET /cormun/servlet/solicitudotadjuntos?INS,2022,18363,,1, HTTP/1.1" 200 6031
191.125.137.103 - - [30/Mar/2022:13:13:47 -0300] "GET /cormun/static/about:blank HTTP/1.1" 404 1011
190.171.149.74 - - [30/Mar/2022:13:13:48 -0300] "GET /cormun/static/about:blank HTTP/1.1" 404 1011
191.125.137.103 - - [30/Mar/2022:13:13:48 -0300] "GET /cormun/servlet/solicitudotadjuntos?INS,2022,17895,,2, HTTP/1.1" 200 5874
190.171.149.74 - - [30/Mar/2022:13:13:48 -0300] "GET /cormun/servlet/solicitudotadjuntos?INS,2022,18363,,1, HTTP/1.1" 200 6024
191.125.137.103 - - [30/Mar/2022:13:13:48 -0300] "GET /cormun/servlet/solicitudotadjuntos?fd64a2a43e5ea5fdda8f2bd8f41d24d588f8a8621a70d4cec388e7e19583d99a75d9ff5268b94d8524250597608ad3db,gx-no-cache=1648656082109 HTTP/1.1" 200 30
190.171.149.74 - - [30/Mar/2022:13:13:48 -0300] "GET /cormun/servlet/solicitudotadjuntos?fae034d53c091602436477fb701d2bf1168e4ee75d0329b9114e85a984e7e486f59b397018dc9e6a79c42e7c6b656cae,gx-no-cache=1648659802839 HTTP/1.1" 200 30
190.171.149.74 - - [30/Mar/2022:13:13:48 -0300] "POST /cormun/servlet/solicitudotadjuntos?96dbf474ba2e6df7f4fd7583e2d8bd75,INS,2022,18363,,1,,gx-no-cache=1648659802870 HTTP/1.1" 200 3902
191.125.137.103 - - [30/Mar/2022:13:13:48 -0300] "POST /cormun/servlet/solicitudotadjuntos?b9a32df2f9128c4ac06387f0bfb10817,INS,2022,17895,,2,,gx-no-cache=1648656082179 HTTP/1.1" 200 4083
191.125.137.103 - - [30/Mar/2022:13:13:50 -0300] "POST /cormun/servlet/solicitudotadjuntos?gx-no-cache=1648656083738 HTTP/1.1" 200 26
190.171.149.74 - - [30/Mar/2022:13:13:50 -0300] "POST /cormun/servlet/solicitudotadjuntos?gx-no-cache=1648659805020 HTTP/1.1" 200 26
190.171.149.74 - - [30/Mar/2022:13:13:58 -0300] "GET /cormun/servlet/solicitudotadjuntos?fae034d53c091602436477fb701d2bf145bdc9fc4aaa8dc2da8b0c7a18304751,gx-no-cache=1648659813114 HTTP/1.1" 200 30
190.171.149.74 - - [30/Mar/2022:13:13:58 -0300] "GET /cormun/servlet/solicitudotadjuntos?fae034d53c091602436477fb701d2bf145bdc9fc4aaa8dc2da8b0c7a18304751,gx-no-cache=1648659813133 HTTP/1.1" 200 30
191.125.137.103 - - [30/Mar/2022:13:13:59 -0300] "GET /cormun/servlet/solicitudotadjuntos?fd64a2a43e5ea5fdda8f2bd8f41d24d54a30eb0f09c68b626366d1e1e7346d86,gx-no-cache=1648656092628 HTTP/1.1" 200 30
190.171.149.74 - - [30/Mar/2022:13:13:59 -0300] "POST /cormun/servlet/solicitudotadjuntos?96dbf474ba2e6df7f4fd7583e2d8bd75,INS,2022,18363,,1, HTTP/1.1" 200 116
191.125.137.103 - - [30/Mar/2022:13:13:59 -0300] "GET /cormun/servlet/solicitudotadjuntos?fd64a2a43e5ea5fdda8f2bd8f41d24d54a30eb0f09c68b626366d1e1e7346d86,gx-no-cache=1648656092698 HTTP/1.1" 200 30
190.171.149.74 - - [30/Mar/2022:13:13:59 -0300] "GET /cormun/servlet/hpexe_return? HTTP/1.1" 200 1028
191.125.137.103 - - [30/Mar/2022:13:13:59 -0300] "POST /cormun/servlet/solicitudotadjuntos?b9a32df2f9128c4ac06387f0bfb10817,INS,2022,17895,,2, HTTP/1.1" 200 6287
190.171.149.74 - - [30/Mar/2022:13:13:59 -0300] "GET /cormun/servlet/trsolicitudadjuntos?2022,18363, HTTP/1.1" 200 10003
191.125.137.103 - - [30/Mar/2022:13:13:59 -0300] "GET /cormun/static/Shared/jqueryui/images/ui-bg_highlight-soft_100_c6c2c8_1x100.png HTTP/1.1" 404 1117
191.125.137.103 - - [30/Mar/2022:13:13:59 -0300] "GET /cormun/static/Shared/jqueryui/images/ui-icons_82798d_256x240.png HTTP/1.1" 404 1089
191.125.137.103 - - [30/Mar/2022:13:13:59 -0300] "GET /cormun/static/Shared/jqueryui/images/ui-icons_ebccce_256x240.png HTTP/1.1" 404 1089
191.125.137.103 - - [30/Mar/2022:13:13:59 -0300] "GET /cormun/static/Shared/jqueryui/images/ui-bg_flat_55_994d53_40x100.png HTTP/1.1" 404 1097
191.125.137.103 - - [30/Mar/2022:13:13:59 -0300] "GET /cormun/PrivateTempStorage/upload_00018466.pdf HTTP/1.1" 200 12910
190.171.149.74 - - [30/Mar/2022:13:13:59 -0300] "GET /cormun/servlet/trsolicitudadjuntos?2022,18363, HTTP/1.1" 200 10000
190.171.149.74 - - [30/Mar/2022:13:14:07 -0300] "GET /cormun/servlet/trsolicitudot? HTTP/1.1" 200 8529
191.125.137.103 - - [30/Mar/2022:13:14:08 -0300] "GET /cormun/servlet/solicitudotadjuntos?fd64a2a43e5ea5fdda8f2bd8f41d24d5c2c31d10e98c697a6f7500e170d61dbf8b1305d788836ea1f50291f30a3d8fe1,gx-no-cache=1648656101740 HTTP/1.1" 200 30
190.171.149.74 - - [30/Mar/2022:13:14:08 -0300] "GET /cormun/servlet/trsolicitudot? HTTP/1.1" 200 8522
191.125.137.103 - - [30/Mar/2022:13:14:08 -0300] "POST /cormun/servlet/solicitudotadjuntos?b9a32df2f9128c4ac06387f0bfb10817,INS,2022,17895,,2, HTTP/1.1" 200 6287
191.125.137.103 - - [30/Mar/2022:13:14:08 -0300] "GET /cormun/PrivateTempStorage/upload_00018478.pdf HTTP/1.1" 200 12910
190.171.149.74 - - [30/Mar/2022:13:14:15 -0300] "POST /cormun/servlet/trsolicitudot?96dbf474ba2e6df7f4fd7583e2d8bd75,,gx-no-cache=1648659829488 HTTP/1.1" 200 4338
190.171.149.74 - - [30/Mar/2022:13:14:15 -0300] "GET /cormun/static/Shared/jqueryui/images/ui-bg_highlight-soft_100_c6c2c8_1x100.png HTTP/1.1" 404 1117
190.171.149.74 - - [30/Mar/2022:13:14:15 -0300] "GET /cormun/static/Shared/jqueryui/images/ui-bg_flat_55_fafafa_40x100.png HTTP/1.1" 404 1097
190.171.149.74 - - [30/Mar/2022:13:14:15 -0300] "GET /cormun/static/Shared/jqueryui/images/ui-icons_8d78a5_256x240.png HTTP/1.1" 404 1089
190.171.149.74 - - [30/Mar/2022:13:14:15 -0300] "GET /cormun/static/Shared/jqueryui/images/ui-icons_82798d_256x240.png HTTP/1.1" 404 1089
190.171.149.74 - - [30/Mar/2022:13:14:15 -0300] "POST /cormun/servlet/trsolicitudot?96dbf474ba2e6df7f4fd7583e2d8bd75,,gx-no-cache=1648659829710 HTTP/1.1" 200 4083
191.125.137.103 - - [30/Mar/2022:13:14:21 -0300] "GET /cormun/servlet/solicitudotadjuntos?fd64a2a43e5ea5fdda8f2bd8f41d24d52cd44a4f046625a50f5c3dae87fd938d8b1305d788836ea1f50291f30a3d8fe1,gx-no-cache=1648656114820 HTTP/1.1" 200 30
191.125.137.103 - - [30/Mar/2022:13:14:21 -0300] "GET /cormun/servlet/solicitudotadjuntos?fd64a2a43e5ea5fdda8f2bd8f41d24d52cd44a4f046625a50f5c3dae87fd938d8b1305d788836ea1f50291f30a3d8fe1,gx-no-cache=1648656114909 HTTP/1.1" 200 30
191.125.137.103 - - [30/Mar/2022:13:14:21 -0300] "POST /cormun/servlet/solicitudotadjuntos?b9a32df2f9128c4ac06387f0bfb10817,INS,2022,17895,,2, HTTP/1.1" 200 6241
191.125.137.103 - - [30/Mar/2022:13:14:22 -0300] "GET /cormun/PrivateTempStorage/upload_00018490.pdf HTTP/1.1" 200 25629
190.171.149.74 - - [30/Mar/2022:13:14:25 -0300] "GET /cormun/servlet/hlogin HTTP/1.1" 200 1744
191.125.137.103 - - [30/Mar/2022:13:14:35 -0300] "GET /cormun/servlet/trsolicitudadjuntos?2022,17895, HTTP/1.1" 200 8750
191.125.137.103 - - [30/Mar/2022:13:14:36 -0300] "GET /cormun/servlet/trsolicitudadjuntos?2022,17895, HTTP/1.1" 200 8750
190.171.149.74 - - [30/Mar/2022:13:14:39 -0300] "POST /cormun/servlet/hlogin?96dbf474ba2e6df7f4fd7583e2d8bd75,gx-no-cache=1648659854060 HTTP/1.1" 200 90
190.171.149.74 - - [30/Mar/2022:13:14:39 -0300] "GET /cormun/servlet/hpexe_link HTTP/1.1" 200 953
