181.212.43.89 - - [29/Mar/2022:09:24:37 -0300] "GET /cormun/servlet/hhome HTTP/1.1" 200 4191
181.212.43.89 - - [29/Mar/2022:09:24:43 -0300] "GET /cormun/servlet/trautorizarsolicitud? HTTP/1.1" 200 8687
181.212.43.89 - - [29/Mar/2022:09:24:43 -0300] "GET /cormun/servlet/trautorizarsolicitud? HTTP/1.1" 200 8682
190.171.144.234 - - [29/Mar/2022:09:24:52 -0300] "GET /cormun/servlet/hlogin HTTP/1.1" 200 1723
181.212.43.89 - - [29/Mar/2022:09:25:01 -0300] "POST /cormun/servlet/trautorizarsolicitud?f2ef271ecf7674aebfdec6e139af9d92,,gx-no-cache=1648555955637 HTTP/1.1" 200 4794
181.212.43.89 - - [29/Mar/2022:09:25:02 -0300] "GET /cormun/static/Shared/jqueryui/images/ui-icons_82798d_256x240.png HTTP/1.1" 404 1089
181.212.43.89 - - [29/Mar/2022:09:25:02 -0300] "GET /cormun/static/Shared/jqueryui/images/ui-bg_highlight-soft_100_c6c2c8_1x100.png HTTP/1.1" 404 1117
181.212.43.89 - - [29/Mar/2022:09:25:02 -0300] "GET /cormun/static/Shared/jqueryui/images/ui-icons_8d78a5_256x240.png HTTP/1.1" 404 1089
181.212.43.89 - - [29/Mar/2022:09:25:02 -0300] "GET /cormun/static/Shared/jqueryui/images/ui-bg_flat_55_fafafa_40x100.png HTTP/1.1" 404 1097
181.212.43.89 - - [29/Mar/2022:09:25:02 -0300] "POST /cormun/servlet/trautorizarsolicitud?f2ef271ecf7674aebfdec6e139af9d92,,gx-no-cache=1648555955821 HTTP/1.1" 200 4553
190.171.144.234 - - [29/Mar/2022:09:25:05 -0300] "POST /cormun/servlet/hlogin?becd9736e84ad7f1054aa776ed4c4a1a,gx-no-cache=1648555959567 HTTP/1.1" 200 90
190.171.144.234 - - [29/Mar/2022:09:25:05 -0300] "GET /cormun/servlet/hpexe_link HTTP/1.1" 200 946
190.171.144.234 - - [29/Mar/2022:09:25:06 -0300] "GET /cormun/servlet/hhome HTTP/1.1" 200 3981
190.171.144.234 - - [29/Mar/2022:09:25:06 -0300] "GET /cormun/servlet/hhome HTTP/1.1" 200 3977
190.171.144.234 - - [29/Mar/2022:09:25:10 -0300] "GET /cormun/servlet/trpermisosgoce? HTTP/1.1" 200 9190
190.171.144.234 - - [29/Mar/2022:09:25:11 -0300] "GET /cormun/servlet/trpermisosgoce? HTTP/1.1" 200 9188
190.171.143.90 - - [29/Mar/2022:09:26:07 -0300] "GET /cormun/servlet/solicitudot?99aa1e964cc165bd0dfaf63799d44c4e9e31438d132f6f4dd7e0a9dc7957c7e5811aca332fb3051febb39e0d680b955322903bcbe5eeb2b0fa3bb46390981f78,gx-no-cache=1648556021664 HTTP/1.1" 200 30
190.171.143.90 - - [29/Mar/2022:09:26:11 -0300] "GET /cormun/servlet/solicitudot?99aa1e964cc165bd0dfaf63799d44c4e7d9dc5af7eeb29ed525b89fec2711839,gx-no-cache=1648556025338 HTTP/1.1" 200 53
181.212.43.89 - - [29/Mar/2022:09:27:09 -0300] "GET /cormun/static/menuarrow.gif HTTP/1.1" 404 1015
181.212.43.89 - - [29/Mar/2022:09:27:10 -0300] "GET /cormun/servlet/trvisualizadoreventos? HTTP/1.1" 200 6947
181.212.43.89 - - [29/Mar/2022:09:27:10 -0300] "GET /cormun/static/gxcfg.js?20199142243133 HTTP/1.1" 200 953
181.212.43.89 - - [29/Mar/2022:09:27:10 -0300] "GET /cormun/static/Resources/PXToolsActionPrint.png HTTP/1.1" 200 404
181.212.43.89 - - [29/Mar/2022:09:27:10 -0300] "GET /cormun/static/trvisualizadoreventos.js?201991422431650 HTTP/1.1" 200 19318
181.212.43.89 - - [29/Mar/2022:09:27:10 -0300] "GET /cormun/servlet/trvisualizadoreventos? HTTP/1.1" 200 6947
181.212.43.89 - - [29/Mar/2022:09:27:14 -0300] "POST /cormun/servlet/trsolicitudot?8c4e00aedb3c1015f57b9e07aef7f02b,,gx-no-cache=1648556087980 HTTP/1.1" 200 5807
181.212.43.89 - - [29/Mar/2022:09:27:16 -0300] "GET /cormun/static/menuarrow.gif HTTP/1.1" 404 1015
181.212.43.89 - - [29/Mar/2022:09:27:21 -0300] "POST /cormun/servlet/trvisualizadoreventos?f2ef271ecf7674aebfdec6e139af9d92,,gx-no-cache=1648556095489 HTTP/1.1" 200 4311
181.212.43.89 - - [29/Mar/2022:09:27:25 -0300] "POST /cormun/servlet/trvisualizadoreventos?f2ef271ecf7674aebfdec6e139af9d92,,gx-no-cache=1648556099016 HTTP/1.1" 200 4311
190.171.143.90 - - [29/Mar/2022:09:27:25 -0300] "POST /cormun/servlet/solicitudot?gx-no-cache=1648556099519 HTTP/1.1" 200 297
190.171.143.90 - - [29/Mar/2022:09:27:25 -0300] "GET /cormun/servlet/solicitudot?99aa1e964cc165bd0dfaf63799d44c4e10951483fe4317da4571c9fe06e7c53c3178879d857849012d5f25cf43075a7f9bb2bb416f5dd3850f89a808c9d4a680360a995de5733bce3c91c8fa68b4cfb4a11bfbd75f2a65fc6cf988900cfa209ecbb4ae22197c22632d4e6f5502a5929743cecc5b330d6116e14d576a1cc0284daee040a2f3ab6e6a94f06af07354fc36d9c4d510ccab615315193456f2d41e0c027d15b761d0752b66f983f403b2fc9fdf35725db69ae5106c5894ed8eaf112773f8f5fb0b62e3868bf448cd15d3da456ec1494ff842ac1e868357a0b07119a1e13eaabd904f3484351d557e9f390e84f2c87373d48180e0e95094741909fe71701287a565ed388a4588292ff63c2d9211dad78e41de7a777136d63c0551fd76314799359b987a2ead5f16f80845ed2a7115b8037295c3d59a74eb9cca129dcdeff58b254b43cb5d7a3e1da241afbb5a8f741712231fcf2a616164e149001764cc54aedb82f739468c4cd21c45cc21ef399f4e34adbae5a701f221703481567a0084b38e7925ad21894b52a0dd3f2296,gx-no-cache=1648556099557 HTTP/1.1" 200 30
181.212.43.89 - - [29/Mar/2022:09:27:26 -0300] "POST /cormun/servlet/trsolicitudot?8c4e00aedb3c1015f57b9e07aef7f02b,,gx-no-cache=1648556100533 HTTP/1.1" 200 11444
181.212.43.89 - - [29/Mar/2022:09:27:31 -0300] "POST /cormun/servlet/trvisualizadoreventos?f2ef271ecf7674aebfdec6e139af9d92,,gx-no-cache=1648556105105 HTTP/1.1" 200 4925
190.171.143.90 - - [29/Mar/2022:09:27:35 -0300] "POST /cormun/servlet/solicitudot?gx-no-cache=1648556109072 HTTP/1.1" 200 30
190.171.143.90 - - [29/Mar/2022:09:27:39 -0300] "POST /cormun/servlet/solicitudot?gx-no-cache=1648556113744 HTTP/1.1" 200 1452
190.171.143.90 - - [29/Mar/2022:09:27:39 -0300] "POST /cormun/servlet/solicitudot?gx-no-cache=1648556113777 HTTP/1.1" 200 38
181.212.43.89 - - [29/Mar/2022:09:27:48 -0300] "POST /cormun/servlet/trsolicitudot?8c4e00aedb3c1015f57b9e07aef7f02b,,gx-no-cache=1648556122604 HTTP/1.1" 200 4365
181.212.43.89 - - [29/Mar/2022:09:27:49 -0300] "POST /cormun/servlet/trvisualizadoreventos?f2ef271ecf7674aebfdec6e139af9d92,,gx-no-cache=1648556123454 HTTP/1.1" 200 4905
200.54.103.162 - - [29/Mar/2022:09:28:21 -0300] "GET /cormun/servlet/trsolicitudot? HTTP/1.1" 200 9776
200.54.103.162 - - [29/Mar/2022:09:28:22 -0300] "GET /cormun/servlet/trsolicitudot? HTTP/1.1" 200 9776
200.54.103.162 - - [29/Mar/2022:09:28:29 -0300] "POST /cormun/servlet/trsolicitudot?d9be2ae99d75d30db5d3083010af0a11,,gx-no-cache=1648538190921 HTTP/1.1" 200 4629
190.171.144.234 - - [29/Mar/2022:09:28:31 -0300] "GET /cormun/servlet/trpermisosadjuntos?25940801,20220314102313,P, HTTP/1.1" 200 6290
190.171.144.234 - - [29/Mar/2022:09:28:32 -0300] "GET /cormun/servlet/trpermisosadjuntos?25940801,20220314102313,P, HTTP/1.1" 200 6291
200.54.103.162 - - [29/Mar/2022:09:28:32 -0300] "GET /cormun/servlet/solicitudot?INS,0,0,false, HTTP/1.1" 200 16054
200.54.103.162 - - [29/Mar/2022:09:28:34 -0300] "GET /cormun/servlet/solicitudot?INS,0,0,false, HTTP/1.1" 200 16061
181.212.43.89 - - [29/Mar/2022:09:28:37 -0300] "POST /cormun/servlet/trsolicitudot?8c4e00aedb3c1015f57b9e07aef7f02b,,gx-no-cache=1648556171202 HTTP/1.1" 200 11445
200.54.103.162 - - [29/Mar/2022:09:28:52 -0300] "POST /cormun/servlet/solicitudot?gx-no-cache=1648538213322 HTTP/1.1" 200 3850
200.54.103.162 - - [29/Mar/2022:09:28:52 -0300] "POST /cormun/servlet/solicitudot?d9be2ae99d75d30db5d3083010af0a11,INS,0,0,false,,gx-no-cache=1648538213676 HTTP/1.1" 200 12666
200.54.103.162 - - [29/Mar/2022:09:29:09 -0300] "GET /cormun/servlet/solicitudot?c4242fd71e1007156aa44267320597052189f9adc32ae1b28866be9510bbc28a669bf34af9e1e8df339791e245f24dd4,gx-no-cache=1648538230686 HTTP/1.1" 200 30
190.171.144.234 - - [29/Mar/2022:09:29:09 -0300] "GET /cormun/servlet/permisosadjuntos?INS,25940801,P,20220314102313,, HTTP/1.1" 200 5611
190.171.144.234 - - [29/Mar/2022:09:29:09 -0300] "GET /cormun/servlet/permisosadjuntos?INS,25940801,P,20220314102313,, HTTP/1.1" 200 5601
190.171.144.234 - - [29/Mar/2022:09:29:09 -0300] "GET /cormun/static/about:blank HTTP/1.1" 404 1011
190.171.144.234 - - [29/Mar/2022:09:29:34 -0300] "POST /cormun/servlet/permisosadjuntos?becd9736e84ad7f1054aa776ed4c4a1a,INS,25940801,P,20220314102313,, HTTP/1.1" 200 116
190.171.144.234 - - [29/Mar/2022:09:29:34 -0300] "GET /cormun/servlet/hpexe_return? HTTP/1.1" 200 1033
190.171.144.234 - - [29/Mar/2022:09:29:34 -0300] "GET /cormun/servlet/trpermisosadjuntos?25940801,20220314102313,P, HTTP/1.1" 200 6756
190.171.144.234 - - [29/Mar/2022:09:29:34 -0300] "GET /cormun/servlet/trpermisosadjuntos?25940801,20220314102313,P, HTTP/1.1" 200 6753
190.171.144.234 - - [29/Mar/2022:09:29:38 -0300] "GET /cormun/servlet/trpermisosgoce? HTTP/1.1" 200 9189
190.171.144.234 - - [29/Mar/2022:09:29:39 -0300] "GET /cormun/servlet/trpermisosgoce? HTTP/1.1" 200 9188
190.171.144.234 - - [29/Mar/2022:09:29:47 -0300] "POST /cormun/servlet/trpermisosgoce?becd9736e84ad7f1054aa776ed4c4a1a,,gx-no-cache=1648556241392 HTTP/1.1" 200 6488
190.171.144.234 - - [29/Mar/2022:09:29:47 -0300] "GET /cormun/static/Shared/jqueryui/images/ui-icons_82798d_256x240.png HTTP/1.1" 404 1089
190.171.144.234 - - [29/Mar/2022:09:29:47 -0300] "GET /cormun/static/Shared/jqueryui/images/ui-bg_highlight-soft_100_c6c2c8_1x100.png HTTP/1.1" 404 1117
190.171.144.234 - - [29/Mar/2022:09:29:47 -0300] "GET /cormun/static/Shared/jqueryui/images/ui-bg_flat_55_fafafa_40x100.png HTTP/1.1" 404 1097
190.171.144.234 - - [29/Mar/2022:09:29:47 -0300] "GET /cormun/static/Shared/jqueryui/images/ui-icons_8d78a5_256x240.png HTTP/1.1" 404 1089
181.212.43.89 - - [29/Mar/2022:09:29:51 -0300] "GET /cormun/servlet/trlicencias? HTTP/1.1" 200 13285
181.212.43.89 - - [29/Mar/2022:09:29:51 -0300] "GET /cormun/servlet/trlicencias? HTTP/1.1" 200 13285
181.212.43.89 - - [29/Mar/2022:09:30:10 -0300] "POST /cormun/servlet/trvisualizadoreventos?f2ef271ecf7674aebfdec6e139af9d92,,gx-no-cache=1648556264305 HTTP/1.1" 200 5655
190.171.144.234 - - [29/Mar/2022:09:30:13 -0300] "GET /cormun/servlet/hlogin HTTP/1.1" 200 1729
190.171.144.234 - - [29/Mar/2022:09:30:20 -0300] "POST /cormun/servlet/hlogin?0d0bb96a8aca64fcb92be5e10f8c60c1,gx-no-cache=1648556274610 HTTP/1.1" 200 90
190.171.144.234 - - [29/Mar/2022:09:30:20 -0300] "GET /cormun/servlet/hpexe_link HTTP/1.1" 200 954
190.171.144.234 - - [29/Mar/2022:09:30:21 -0300] "GET /cormun/servlet/hhome HTTP/1.1" 200 3986
190.171.144.234 - - [29/Mar/2022:09:30:21 -0300] "GET /cormun/servlet/hhome HTTP/1.1" 200 3982
181.212.43.89 - - [29/Mar/2022:09:30:29 -0300] "GET /cormun/servlet/trlicencias? HTTP/1.1" 200 13452
181.212.43.89 - - [29/Mar/2022:09:30:30 -0300] "GET /cormun/servlet/trlicencias? HTTP/1.1" 200 13454
190.171.144.234 - - [29/Mar/2022:09:30:32 -0300] "GET /cormun/servlet/hlogin HTTP/1.1" 200 1730
190.171.144.234 - - [29/Mar/2022:09:30:39 -0300] "POST /cormun/servlet/hlogin?5926d09153d7574fa3c5c5e0b8082960,gx-no-cache=1648556293830 HTTP/1.1" 200 424
190.171.144.234 - - [29/Mar/2022:09:30:46 -0300] "POST /cormun/servlet/hlogin?5926d09153d7574fa3c5c5e0b8082960,gx-no-cache=1648556301040 HTTP/1.1" 200 428
190.171.144.234 - - [29/Mar/2022:09:30:50 -0300] "POST /cormun/servlet/hlogin?5926d09153d7574fa3c5c5e0b8082960,gx-no-cache=1648556304743 HTTP/1.1" 200 424
200.54.103.162 - - [29/Mar/2022:09:30:51 -0300] "GET /cormun/servlet/prbanco?,MD,,gxPopupLevel%3D0%3B HTTP/1.1" 200 6640
190.171.144.234 - - [29/Mar/2022:09:31:01 -0300] "GET /cormun/servlet/hlogin HTTP/1.1" 200 1729
190.171.141.138 - - [29/Mar/2022:09:31:04 -0300] "GET /cormun/servlet/hlogin HTTP/1.1" 200 1732
190.171.144.234 - - [29/Mar/2022:09:31:12 -0300] "POST /cormun/servlet/hlogin?69a361ab110bd7f8be31fdf616e5dee1,gx-no-cache=1648556326443 HTTP/1.1" 200 429
190.171.144.234 - - [29/Mar/2022:09:31:20 -0300] "POST /cormun/servlet/hlogin?69a361ab110bd7f8be31fdf616e5dee1,gx-no-cache=1648556334684 HTTP/1.1" 200 90
190.171.144.234 - - [29/Mar/2022:09:31:20 -0300] "GET /cormun/servlet/hpexe_link HTTP/1.1" 200 954
190.171.144.234 - - [29/Mar/2022:09:31:21 -0300] "GET /cormun/servlet/hhome HTTP/1.1" 200 4112
190.171.144.234 - - [29/Mar/2022:09:31:21 -0300] "GET /cormun/servlet/hhome HTTP/1.1" 200 4109
190.171.144.234 - - [29/Mar/2022:09:31:27 -0300] "GET /cormun/servlet/trautorizarpermisogoce? HTTP/1.1" 200 7776
190.171.144.234 - - [29/Mar/2022:09:31:27 -0300] "GET /cormun/servlet/trautorizarpermisogoce? HTTP/1.1" 200 7775
190.171.144.234 - - [29/Mar/2022:09:31:31 -0300] "POST /cormun/servlet/trautorizarpermisogoce?69a361ab110bd7f8be31fdf616e5dee1,,gx-no-cache=1648556345776 HTTP/1.1" 200 4517
190.171.144.234 - - [29/Mar/2022:09:31:31 -0300] "GET /cormun/static/Shared/jqueryui/images/ui-bg_highlight-soft_100_c6c2c8_1x100.png HTTP/1.1" 404 1117
190.171.144.234 - - [29/Mar/2022:09:31:31 -0300] "GET /cormun/static/Shared/jqueryui/images/ui-icons_82798d_256x240.png HTTP/1.1" 404 1089
190.171.144.234 - - [29/Mar/2022:09:31:31 -0300] "GET /cormun/static/Shared/jqueryui/images/ui-icons_8d78a5_256x240.png HTTP/1.1" 404 1089
190.171.144.234 - - [29/Mar/2022:09:31:31 -0300] "GET /cormun/static/Shared/jqueryui/images/ui-bg_flat_55_fafafa_40x100.png HTTP/1.1" 404 1097
181.212.43.89 - - [29/Mar/2022:09:32:34 -0300] "GET /cormun/servlet/trvisualizadoreventos? HTTP/1.1" 200 8224
181.212.43.89 - - [29/Mar/2022:09:32:34 -0300] "GET /cormun/servlet/trvisualizadoreventos? HTTP/1.1" 200 8224
181.212.43.89 - - [29/Mar/2022:09:32:37 -0300] "GET /cormun/static/menuarrow.gif HTTP/1.1" 404 1015
181.212.43.89 - - [29/Mar/2022:09:32:42 -0300] "POST /cormun/servlet/trvisualizadoreventos?f2ef271ecf7674aebfdec6e139af9d92,,gx-no-cache=1648556416589 HTTP/1.1" 200 5654
190.171.143.90 - - [29/Mar/2022:09:33:14 -0300] "POST /cormun/servlet/solicitudot?gx-no-cache=1648556448380 HTTP/1.1" 200 30
190.171.143.90 - - [29/Mar/2022:09:33:14 -0300] "POST /cormun/servlet/solicitudot?gx-no-cache=1648556448705 HTTP/1.1" 200 1452
190.171.143.90 - - [29/Mar/2022:09:33:14 -0300] "POST /cormun/servlet/solicitudot?gx-no-cache=1648556448735 HTTP/1.1" 200 38
190.171.143.90 - - [29/Mar/2022:09:33:14 -0300] "GET /cormun/servlet/solicitudot?99aa1e964cc165bd0dfaf63799d44c4efac89245031a3838d94c80da9696b4b8601b08e7646b5d7122ba67b1924f49afd7c9d5b716d8a6bd0a11cb1d350aa4f4786cbd0397702fcb58359b3e45db8c917b64123c25541252f0e75ba6be97f15e0745849cfc92aac9d426d062cbcf1e67,gx-no-cache=1648556448754 HTTP/1.1" 200 110
190.171.143.90 - - [29/Mar/2022:09:33:30 -0300] "POST /cormun/servlet/solicitudot?gx-no-cache=1648556464540 HTTP/1.1" 200 83
190.171.143.90 - - [29/Mar/2022:09:33:50 -0300] "GET /cormun/servlet/solicitudot?99aa1e964cc165bd0dfaf63799d44c4e1f9bfc1168baed64d825932019812853e6ed44eb60229fe56fd7f3122c67665af92fada8da34b13299ecef1c16eab04a31ac61382a75133201d96cb6eacd95463932140aa243d8a83b9aa392fc88b5a6a96080e6c30b0ed8daf766509a0f4cca,gx-no-cache=1648556483916 HTTP/1.1" 200 29
190.171.143.90 - - [29/Mar/2022:09:33:50 -0300] "GET /cormun/static/menuarrow.gif HTTP/1.1" 404 1015
190.171.143.90 - - [29/Mar/2022:09:33:55 -0300] "GET /cormun/servlet/solicitudot?99aa1e964cc165bd0dfaf63799d44c4e495fc0f0cdaccd0e8c764fd292fab4764c1b0cd89d7f6aff8ee5cd167de27bf4,gx-no-cache=1648556489005 HTTP/1.1" 200 30
200.54.103.162 - - [29/Mar/2022:09:34:06 -0300] "GET /cormun/servlet/solicitudot?c4242fd71e1007156aa4426732059705dab9d74cc54c8d691444b8704df5cbafe040ff19a3b91126dc333976373863fc,gx-no-cache=1648538527444 HTTP/1.1" 200 30
200.54.103.162 - - [29/Mar/2022:09:34:10 -0300] "GET /cormun/servlet/solicitudot?c4242fd71e1007156aa4426732059705b6eef807b5d52beddd160d8cc9502651,gx-no-cache=1648538531809 HTTP/1.1" 200 55
190.171.143.90 - - [29/Mar/2022:09:34:33 -0300] "POST /cormun/servlet/solicitudot?gx-no-cache=1648556527115 HTTP/1.1" 200 30
200.54.103.162 - - [29/Mar/2022:09:34:43 -0300] "POST /cormun/servlet/solicitudot?gx-no-cache=1648538565205 HTTP/1.1" 200 297
200.54.103.162 - - [29/Mar/2022:09:34:46 -0300] "GET /cormun/servlet/solicitudot?c4242fd71e1007156aa4426732059705ff3ec185b38e5273ebbff06d7699a83aa8dc746705bea6f0c578d2db98832fa009ae4c9442f58f9d5f08633d1f5d7f87ae06c0de3cc821ed244055018e7634413da66935fd35817cbfad87fa31791da9f4cd6b41b5a3d0c6964143f1fd089373ec85254cd2c5e5763eba8d0ea2f91c8a9b06dcf672fe2360edfa6bd766eb88d0da55f9eb67378f8eb49de66fc57b92e0468b7a7d5e5f745e47bb7b603274f5a9fb358860c698737d857802d130076a70068aa29569eca94d665728a8cae78f04fdb81cc333424e4cf544aaa925012842174688e245b45f4fda26b2c345b802945f53843e386c61b71d15e18e9ad844d25a41b4da9fd79396e2e4fc92682aaea2221bed70ad2ad95ca2af7e6d06ebb0bf6914564eae5ad3bea160c1e0cb43b7470f78f070b2ee986880aea9c3f99218e6d6283c36c42e4eb82b3683772dce6cdae5f0a8ab4c3c2c238450e4ba6d6e859d58e347b028632d014b90b64dc51ac5f58014be69b8d57662e485841da9bf437a8013e4d3e977b3c7a8aac012629cf556,gx-no-cache=1648538568193 HTTP/1.1" 200 30
200.54.103.162 - - [29/Mar/2022:09:34:49 -0300] "POST /cormun/servlet/solicitudot?gx-no-cache=1648538570902 HTTP/1.1" 200 30
200.54.103.162 - - [29/Mar/2022:09:34:51 -0300] "POST /cormun/servlet/solicitudot?gx-no-cache=1648538572900 HTTP/1.1" 200 1452
200.54.103.162 - - [29/Mar/2022:09:34:51 -0300] "POST /cormun/servlet/solicitudot?gx-no-cache=1648538572945 HTTP/1.1" 200 38
200.54.103.162 - - [29/Mar/2022:09:34:59 -0300] "GET /cormun/servlet/solicitudot?c4242fd71e1007156aa44267320597059c7ca860636bd8d426c351395fe62b5a3821d7c6ff30f0919069798a21332ec9ae13bce888be3f7fa5399bbf5c878251b76f788a98210e4bde19ec86995b483d14bcb907c4cd48c036d54a73bfb11ff726c74de8347d1a96d12a1f27897b887b,gx-no-cache=1648538580371 HTTP/1.1" 200 110
200.54.103.162 - - [29/Mar/2022:09:35:08 -0300] "POST /cormun/servlet/solicitudot?gx-no-cache=1648538590155 HTTP/1.1" 200 97
200.54.103.162 - - [29/Mar/2022:09:35:14 -0300] "GET /cormun/servlet/solicitudot?c4242fd71e1007156aa4426732059705fe7b214b92db8490fd21871bcb149f492cd07d5cf6831d3bdf75bfc3d964bb2f3ddb4af667aa7db5b3112c02e7c8c305f04329c4051ec330413fb831ae86157a3628cfa7536402599f3881db0d75aae755078d3624527107cc442c91af9bca00,gx-no-cache=1648538596141 HTTP/1.1" 200 29
200.54.103.162 - - [29/Mar/2022:09:35:14 -0300] "GET /cormun/static/menuarrow.gif HTTP/1.1" 404 1015
200.54.103.162 - - [29/Mar/2022:09:35:19 -0300] "GET /cormun/servlet/solicitudot?c4242fd71e1007156aa442673205970504df28951073a0cad52419b26de347012ab586bd728f3c2e521c95f612bd4b6e,gx-no-cache=1648538600708 HTTP/1.1" 200 30
192.168.10.199 - - [29/Mar/2022:09:35:22 -0300] "GET /cormun/servlet/hlogin HTTP/1.1" 200 1722
192.168.10.199 - - [29/Mar/2022:09:35:22 -0300] "GET /cormun/servlet/hlogin HTTP/1.1" 200 1732
190.171.143.90 - - [29/Mar/2022:09:35:23 -0300] "POST /cormun/servlet/solicitudot?ed75e07dbb3a7384f74ec887586a26c6,INS,0,0,false,,gx-no-cache=1648556577542 HTTP/1.1" 200 93
190.171.143.90 - - [29/Mar/2022:09:35:23 -0300] "GET /cormun/servlet/hpexe_return? HTTP/1.1" 200 1013
190.171.143.90 - - [29/Mar/2022:09:35:23 -0300] "GET /cormun/static/gxcfg.js?201991422392976 HTTP/1.1" 200 953
190.171.143.90 - - [29/Mar/2022:09:35:23 -0300] "GET /cormun/static/hpexe_return.js?201991422392984 HTTP/1.1" 200 1633
190.171.143.90 - - [29/Mar/2022:09:35:24 -0300] "GET /cormun/servlet/trsolicitudot HTTP/1.1" 200 8934
190.171.143.90 - - [29/Mar/2022:09:35:24 -0300] "GET /cormun//static/Resources/PXToolsActionView.png HTTP/1.1" 200 398
190.171.143.90 - - [29/Mar/2022:09:35:24 -0300] "GET /cormun//static/Resources/PXToolsRemoveAllAction.png HTTP/1.1" 200 487
190.171.143.90 - - [29/Mar/2022:09:35:24 -0300] "GET /cormun//static/Resources/PXTools/ActionInsert.png HTTP/1.1" 200 1482
190.171.143.90 - - [29/Mar/2022:09:35:24 -0300] "GET /cormun//static/Resources/PXToolsGridDelete.png HTTP/1.1" 200 538
190.171.143.90 - - [29/Mar/2022:09:35:24 -0300] "GET /cormun//static/Resources/PXToolsGridUpdate.png HTTP/1.1" 200 470
190.171.143.90 - - [29/Mar/2022:09:35:24 -0300] "GET /cormun/servlet/trsolicitudot HTTP/1.1" 200 8933
200.54.103.162 - - [29/Mar/2022:09:35:27 -0300] "POST /cormun/servlet/solicitudot?gx-no-cache=1648538608984 HTTP/1.1" 200 30
192.168.10.199 - - [29/Mar/2022:09:35:29 -0300] "POST /cormun/servlet/hlogin?54014a7af8fc1b064867f6da91bf0d5c,gx-no-cache=1648556419239 HTTP/1.1" 200 90
192.168.10.199 - - [29/Mar/2022:09:35:29 -0300] "GET /cormun/servlet/hpexe_link HTTP/1.1" 200 949
192.168.10.199 - - [29/Mar/2022:09:35:30 -0300] "GET /cormun/servlet/hhome HTTP/1.1" 200 3825
191.126.22.116 - - [29/Mar/2022:09:35:30 -0300] "GET /cormun/servlet/hlogin HTTP/1.1" 200 1730
192.168.10.199 - - [29/Mar/2022:09:35:30 -0300] "GET /cormun/servlet/hhome HTTP/1.1" 200 3822
191.126.22.116 - - [29/Mar/2022:09:35:30 -0300] "GET /cormun/servlet/hlogin HTTP/1.1" 200 1741
190.171.143.90 - - [29/Mar/2022:09:35:31 -0300] "POST /cormun/servlet/trsolicitudot?ed75e07dbb3a7384f74ec887586a26c6,gx-no-cache=1648556585734 HTTP/1.1" 200 107
190.171.143.90 - - [29/Mar/2022:09:35:31 -0300] "GET /cormun/servlet/trsolicitudadjuntos?2022,18341, HTTP/1.1" 200 6409
190.171.143.90 - - [29/Mar/2022:09:35:31 -0300] "GET /cormun/static/gxcfg.js?20201215574222 HTTP/1.1" 200 953
200.54.103.162 - - [29/Mar/2022:09:35:32 -0300] "POST /cormun/servlet/solicitudot?d9be2ae99d75d30db5d3083010af0a11,INS,0,0,false,,gx-no-cache=1648538612992 HTTP/1.1" 200 93
190.171.143.90 - - [29/Mar/2022:09:35:32 -0300] "GET /cormun/static/Resources/PXToolsGridNew.png HTTP/1.1" 200 427
190.171.143.90 - - [29/Mar/2022:09:35:32 -0300] "GET /cormun/static/trsolicitudadjuntos.js?20201215574932 HTTP/1.1" 200 17922
200.54.103.162 - - [29/Mar/2022:09:35:32 -0300] "GET /cormun/servlet/hpexe_return? HTTP/1.1" 200 1010
190.171.143.90 - - [29/Mar/2022:09:35:32 -0300] "GET /cormun/servlet/trsolicitudadjuntos?2022,18341, HTTP/1.1" 200 6409
200.54.103.162 - - [29/Mar/2022:09:35:32 -0300] "GET /cormun/servlet/trsolicitudot? HTTP/1.1" 200 8946
200.54.103.162 - - [29/Mar/2022:09:35:33 -0300] "GET /cormun/servlet/trsolicitudot? HTTP/1.1" 200 8940
181.212.43.89 - - [29/Mar/2022:09:35:33 -0300] "POST /cormun/servlet/trvisualizadoreventos?f2ef271ecf7674aebfdec6e139af9d92,,gx-no-cache=1648556587573 HTTP/1.1" 200 5868
192.168.10.199 - - [29/Mar/2022:09:35:41 -0300] "GET /cormun/servlet/trsolicitudgral? HTTP/1.1" 200 28798
190.171.143.90 - - [29/Mar/2022:09:35:42 -0300] "POST /cormun/servlet/trsolicitudadjuntos?ed75e07dbb3a7384f74ec887586a26c6,2022,18341,,gx-no-cache=1648556595724 HTTP/1.1" 200 4222
192.168.10.199 - - [29/Mar/2022:09:35:42 -0300] "GET /cormun/servlet/trsolicitudgral? HTTP/1.1" 200 28795
181.212.43.89 - - [29/Mar/2022:09:35:43 -0300] "GET /cormun/servlet/avisualizareventos?0,0,ENV,20220301,20220329,PU HTTP/1.1" 200 1705
190.171.143.90 - - [29/Mar/2022:09:35:45 -0300] "GET /cormun/servlet/solicitudotadjuntos?INS,2022,18341,,2, HTTP/1.1" 200 6353
190.171.143.90 - - [29/Mar/2022:09:35:45 -0300] "GET /cormun/static/gxcfg.js?202012157947 HTTP/1.1" 200 953
190.171.143.90 - - [29/Mar/2022:09:35:45 -0300] "GET /cormun/static/solicitudotadjuntos.js?202012157966 HTTP/1.1" 200 11771
190.171.143.90 - - [29/Mar/2022:09:35:45 -0300] "GET /cormun/static/about:blank HTTP/1.1" 404 1011
190.171.143.90 - - [29/Mar/2022:09:35:45 -0300] "GET /cormun/servlet/solicitudotadjuntos?INS,2022,18341,,2, HTTP/1.1" 200 6347
190.171.143.90 - - [29/Mar/2022:09:35:46 -0300] "GET /cormun/servlet/solicitudotadjuntos?99aa1e964cc165bd0dfaf63799d44c4e4755ba48e0a9232e2678af2ce0c20d601ff2b58b9f68aa80395fed32eb6dd3d2,gx-no-cache=1648556600141 HTTP/1.1" 200 30
190.171.143.90 - - [29/Mar/2022:09:35:46 -0300] "POST /cormun/servlet/solicitudotadjuntos?ed75e07dbb3a7384f74ec887586a26c6,INS,2022,18341,,2,,gx-no-cache=1648556600158 HTTP/1.1" 200 4368
192.168.10.199 - - [29/Mar/2022:09:35:47 -0300] "POST /cormun/servlet/trsolicitudgral?54014a7af8fc1b064867f6da91bf0d5c,,gx-no-cache=1648556436721 HTTP/1.1" 200 26286
181.212.43.89 - - [29/Mar/2022:09:35:48 -0300] "POST /cormun/servlet/trvisualizadoreventos?f2ef271ecf7674aebfdec6e139af9d92,,gx-no-cache=1648556602047 HTTP/1.1" 200 111
181.212.43.89 - - [29/Mar/2022:09:35:48 -0300] "GET /cormun/VisualizadorEventos-7062.xls HTTP/1.1" 200 6656
192.168.10.199 - - [29/Mar/2022:09:35:50 -0300] "POST /cormun/servlet/trsolicitudgral?54014a7af8fc1b064867f6da91bf0d5c,,gx-no-cache=1648556439516 HTTP/1.1" 200 14548
191.126.22.116 - - [29/Mar/2022:09:35:51 -0300] "POST /cormun/servlet/hlogin?4e95134fc078a9b7eae343d76d274369,gx-no-cache=1648556605069 HTTP/1.1" 200 447
191.126.22.116 - - [29/Mar/2022:09:36:00 -0300] "POST /cormun/servlet/hlogin?4e95134fc078a9b7eae343d76d274369,gx-no-cache=1648556614677 HTTP/1.1" 200 90
191.126.22.116 - - [29/Mar/2022:09:36:00 -0300] "GET /cormun/servlet/hpexe_link HTTP/1.1" 200 958
191.126.22.116 - - [29/Mar/2022:09:36:01 -0300] "GET /cormun/servlet/hhome HTTP/1.1" 200 3830
191.126.22.116 - - [29/Mar/2022:09:36:01 -0300] "GET /cormun/servlet/hhome HTTP/1.1" 200 3827
191.126.22.116 - - [29/Mar/2022:09:36:03 -0300] "GET /cormun/servlet/trsolicitudot? HTTP/1.1" 200 10518
191.126.22.116 - - [29/Mar/2022:09:36:04 -0300] "GET /cormun/servlet/trsolicitudot? HTTP/1.1" 200 10516
181.212.43.89 - - [29/Mar/2022:09:36:04 -0300] "GET /cormun/servlet/avisualizareventos?0,0,ENV,20220301,20220329,PU HTTP/1.1" 200 1716
181.212.43.89 - - [29/Mar/2022:09:36:08 -0300] "POST /cormun/servlet/trvisualizadoreventos?f2ef271ecf7674aebfdec6e139af9d92,,gx-no-cache=1648556621771 HTTP/1.1" 200 111
181.212.43.89 - - [29/Mar/2022:09:36:08 -0300] "POST /cormun/servlet/trvisualizadoreventos?f2ef271ecf7674aebfdec6e139af9d92,,gx-no-cache=1648556621917 HTTP/1.1" 200 5847
181.212.43.89 - - [29/Mar/2022:09:36:08 -0300] "GET /cormun/VisualizadorEventos-5370.xls HTTP/1.1" 200 6656
191.126.22.116 - - [29/Mar/2022:09:36:09 -0300] "POST /cormun/servlet/trsolicitudot?4e95134fc078a9b7eae343d76d274369,,gx-no-cache=1648556623080 HTTP/1.1" 200 8122
191.126.22.116 - - [29/Mar/2022:09:36:09 -0300] "GET /cormun/static/Shared/jqueryui/images/ui-bg_highlight-soft_100_c6c2c8_1x100.png HTTP/1.1" 404 1117
191.126.22.116 - - [29/Mar/2022:09:36:09 -0300] "GET /cormun/static/Shared/jqueryui/images/ui-icons_82798d_256x240.png HTTP/1.1" 404 1089
191.126.22.116 - - [29/Mar/2022:09:36:09 -0300] "GET /cormun/static/Shared/jqueryui/images/ui-bg_flat_55_fafafa_40x100.png HTTP/1.1" 404 1097
191.126.22.116 - - [29/Mar/2022:09:36:09 -0300] "GET /cormun/static/Shared/jqueryui/images/ui-icons_8d78a5_256x240.png HTTP/1.1" 404 1089
191.126.22.116 - - [29/Mar/2022:09:36:15 -0300] "POST /cormun/servlet/trsolicitudot?4e95134fc078a9b7eae343d76d274369,,gx-no-cache=1648556629432 HTTP/1.1" 200 107
191.126.22.116 - - [29/Mar/2022:09:36:15 -0300] "GET /cormun/servlet/trsolicitudadjuntos?2022,17895, HTTP/1.1" 200 5936
191.126.22.116 - - [29/Mar/2022:09:36:16 -0300] "GET /cormun/servlet/trsolicitudadjuntos?2022,17895, HTTP/1.1" 200 5936
190.171.143.90 - - [29/Mar/2022:09:36:17 -0300] "POST /cormun/servlet/solicitudotadjuntos?gx-no-cache=1648556630995 HTTP/1.1" 200 26
191.126.22.116 - - [29/Mar/2022:09:36:19 -0300] "GET /cormun/servlet/solicitudotadjuntos?INS,2022,17895,,2, HTTP/1.1" 200 5880
191.126.22.116 - - [29/Mar/2022:09:36:20 -0300] "GET /cormun/static/about:blank HTTP/1.1" 404 1011
191.126.22.116 - - [29/Mar/2022:09:36:20 -0300] "GET /cormun/servlet/solicitudotadjuntos?INS,2022,17895,,2, HTTP/1.1" 200 5874
191.126.22.116 - - [29/Mar/2022:09:36:20 -0300] "GET /cormun/servlet/solicitudotadjuntos?0fd198d7a6e25073517d145e09ededf63be28f81e7b1a60a8372f385cfe8ba155ef476f19dfd8ffada33188474a673ea,gx-no-cache=1648556634655 HTTP/1.1" 200 30
191.126.22.116 - - [29/Mar/2022:09:36:20 -0300] "POST /cormun/servlet/solicitudotadjuntos?4e95134fc078a9b7eae343d76d274369,INS,2022,17895,,2,,gx-no-cache=1648556634741 HTTP/1.1" 200 4085
190.171.143.90 - - [29/Mar/2022:09:36:29 -0300] "GET /cormun/servlet/solicitudotadjuntos?99aa1e964cc165bd0dfaf63799d44c4ef4e3cf522f9d0a494605fd4bb7128e0f,gx-no-cache=1648556643737 HTTP/1.1" 200 30
190.171.143.90 - - [29/Mar/2022:09:36:29 -0300] "GET /cormun/servlet/solicitudotadjuntos?99aa1e964cc165bd0dfaf63799d44c4ef4e3cf522f9d0a494605fd4bb7128e0f,gx-no-cache=1648556643750 HTTP/1.1" 200 30
190.171.143.90 - - [29/Mar/2022:09:36:29 -0300] "POST /cormun/servlet/solicitudotadjuntos?ed75e07dbb3a7384f74ec887586a26c6,INS,2022,18341,,2, HTTP/1.1" 200 116
190.171.143.90 - - [29/Mar/2022:09:36:30 -0300] "GET /cormun/servlet/hpexe_return? HTTP/1.1" 200 1030
190.171.143.90 - - [29/Mar/2022:09:36:30 -0300] "GET /cormun/servlet/trsolicitudadjuntos?2022,18341, HTTP/1.1" 200 9209
190.171.143.90 - - [29/Mar/2022:09:36:30 -0300] "GET /cormun/servlet/trsolicitudadjuntos?2022,18341, HTTP/1.1" 200 9207
191.126.22.116 - - [29/Mar/2022:09:36:32 -0300] "POST /cormun/servlet/solicitudotadjuntos?gx-no-cache=1648556646200 HTTP/1.1" 200 26
190.171.143.90 - - [29/Mar/2022:09:36:34 -0300] "GET /cormun/servlet/solicitudotadjuntos?INS,2022,18341,,2, HTTP/1.1" 200 6351
190.171.143.90 - - [29/Mar/2022:09:36:34 -0300] "GET /cormun/static/about:blank HTTP/1.1" 404 1011
190.171.143.90 - - [29/Mar/2022:09:36:34 -0300] "GET /cormun/servlet/solicitudotadjuntos?INS,2022,18341,,2, HTTP/1.1" 200 6345
190.171.143.90 - - [29/Mar/2022:09:36:35 -0300] "GET /cormun/servlet/solicitudotadjuntos?99aa1e964cc165bd0dfaf63799d44c4e4755ba48e0a9232e2678af2ce0c20d601ff2b58b9f68aa80395fed32eb6dd3d2,gx-no-cache=1648556649304 HTTP/1.1" 200 30
190.171.143.90 - - [29/Mar/2022:09:36:35 -0300] "POST /cormun/servlet/solicitudotadjuntos?ed75e07dbb3a7384f74ec887586a26c6,INS,2022,18341,,2,,gx-no-cache=1648556649351 HTTP/1.1" 200 4367
190.171.143.90 - - [29/Mar/2022:09:37:19 -0300] "POST /cormun/servlet/solicitudotadjuntos?gx-no-cache=1648556693543 HTTP/1.1" 200 26
190.171.143.90 - - [29/Mar/2022:09:37:30 -0300] "GET /cormun/servlet/solicitudotadjuntos?99aa1e964cc165bd0dfaf63799d44c4ef4e3cf522f9d0a494605fd4bb7128e0f,gx-no-cache=1648556704478 HTTP/1.1" 200 30
190.171.143.90 - - [29/Mar/2022:09:37:30 -0300] "GET /cormun/servlet/solicitudotadjuntos?99aa1e964cc165bd0dfaf63799d44c4ef4e3cf522f9d0a494605fd4bb7128e0f,gx-no-cache=1648556704491 HTTP/1.1" 200 30
190.171.143.90 - - [29/Mar/2022:09:37:30 -0300] "POST /cormun/servlet/solicitudotadjuntos?ed75e07dbb3a7384f74ec887586a26c6,INS,2022,18341,,2, HTTP/1.1" 200 116
190.171.143.90 - - [29/Mar/2022:09:37:30 -0300] "GET /cormun/servlet/hpexe_return? HTTP/1.1" 200 1030
190.171.143.90 - - [29/Mar/2022:09:37:30 -0300] "GET /cormun/servlet/trsolicitudadjuntos?2022,18341, HTTP/1.1" 200 9455
190.171.143.90 - - [29/Mar/2022:09:37:31 -0300] "GET /cormun/servlet/trsolicitudadjuntos?2022,18341, HTTP/1.1" 200 9454
190.171.143.90 - - [29/Mar/2022:09:37:34 -0300] "GET /cormun/servlet/solicitudotadjuntos?INS,2022,18341,,1, HTTP/1.1" 200 6352
190.171.143.90 - - [29/Mar/2022:09:37:34 -0300] "GET /cormun/static/about:blank HTTP/1.1" 404 1011
190.171.143.90 - - [29/Mar/2022:09:37:34 -0300] "GET /cormun/servlet/solicitudotadjuntos?INS,2022,18341,,1, HTTP/1.1" 200 6346
190.171.143.90 - - [29/Mar/2022:09:37:34 -0300] "GET /cormun/servlet/solicitudotadjuntos?99aa1e964cc165bd0dfaf63799d44c4e4755ba48e0a9232e2678af2ce0c20d601ff2b58b9f68aa80395fed32eb6dd3d2,gx-no-cache=1648556708747 HTTP/1.1" 200 30
190.171.143.90 - - [29/Mar/2022:09:37:34 -0300] "POST /cormun/servlet/solicitudotadjuntos?ed75e07dbb3a7384f74ec887586a26c6,INS,2022,18341,,1,,gx-no-cache=1648556708766 HTTP/1.1" 200 4150
190.171.143.90 - - [29/Mar/2022:09:38:04 -0300] "POST /cormun/servlet/solicitudotadjuntos?gx-no-cache=1648556738198 HTTP/1.1" 200 26
190.171.143.90 - - [29/Mar/2022:09:38:10 -0300] "POST /cormun/servlet/solicitudotadjuntos?gx-no-cache=1648556743909 HTTP/1.1" 200 26
190.171.143.90 - - [29/Mar/2022:09:38:40 -0300] "GET /cormun/servlet/solicitudotadjuntos?99aa1e964cc165bd0dfaf63799d44c4ef4e3cf522f9d0a494605fd4bb7128e0f,gx-no-cache=1648556774635 HTTP/1.1" 200 30
190.171.143.90 - - [29/Mar/2022:09:38:40 -0300] "GET /cormun/servlet/solicitudotadjuntos?99aa1e964cc165bd0dfaf63799d44c4ef4e3cf522f9d0a494605fd4bb7128e0f,gx-no-cache=1648556774794 HTTP/1.1" 200 30
190.171.143.90 - - [29/Mar/2022:09:38:40 -0300] "POST /cormun/servlet/solicitudotadjuntos?ed75e07dbb3a7384f74ec887586a26c6,INS,2022,18341,,1, HTTP/1.1" 200 116
190.171.143.90 - - [29/Mar/2022:09:38:41 -0300] "GET /cormun/servlet/hpexe_return? HTTP/1.1" 200 1030
190.171.143.90 - - [29/Mar/2022:09:38:41 -0300] "GET /cormun/servlet/trsolicitudadjuntos?2022,18341, HTTP/1.1" 200 9676
190.171.143.90 - - [29/Mar/2022:09:38:41 -0300] "GET /cormun/servlet/trsolicitudadjuntos?2022,18341, HTTP/1.1" 200 9675
190.171.143.90 - - [29/Mar/2022:09:38:54 -0300] "GET /cormun/servlet/solicitudotadjuntos?DLT,2022,18341,FOTO,0, HTTP/1.1" 200 6343
190.171.143.90 - - [29/Mar/2022:09:38:54 -0300] "GET /cormun/static/Shared/jqueryui/images/ui-bg_highlight-soft_100_c6c2c8_1x100.png HTTP/1.1" 404 1117
190.171.143.90 - - [29/Mar/2022:09:38:54 -0300] "GET /cormun/PublicTempStorage/carne_identidad_karina_miranda3603512.pdf HTTP/1.1" 200 44740
190.171.143.90 - - [29/Mar/2022:09:38:54 -0300] "GET /cormun/static/Shared/jqueryui/images/ui-icons_82798d_256x240.png HTTP/1.1" 404 1089
190.171.143.90 - - [29/Mar/2022:09:38:54 -0300] "GET /cormun/static/Shared/jqueryui/images/ui-icons_8d78a5_256x240.png HTTP/1.1" 404 1089
190.171.143.90 - - [29/Mar/2022:09:38:54 -0300] "GET /cormun/static/Shared/jqueryui/images/ui-bg_flat_55_fafafa_40x100.png HTTP/1.1" 404 1097
190.171.143.90 - - [29/Mar/2022:09:38:54 -0300] "GET /cormun/servlet/solicitudotadjuntos?DLT,2022,18341,FOTO,0, HTTP/1.1" 200 6337
200.54.103.162 - - [29/Mar/2022:09:38:54 -0300] "GET /cormun/servlet/solicitudot?INS,0,0,false, HTTP/1.1" 200 16054
200.54.103.162 - - [29/Mar/2022:09:38:56 -0300] "GET /cormun/servlet/solicitudot?INS,0,0,false, HTTP/1.1" 200 16061
190.171.143.90 - - [29/Mar/2022:09:38:56 -0300] "POST /cormun/servlet/solicitudotadjuntos?ed75e07dbb3a7384f74ec887586a26c6,DLT,2022,18341,FOTO,0,,gx-no-cache=1648556790557 HTTP/1.1" 200 93
190.171.143.90 - - [29/Mar/2022:09:38:56 -0300] "GET /cormun/servlet/hpexe_return? HTTP/1.1" 200 1035
190.171.143.90 - - [29/Mar/2022:09:38:56 -0300] "GET /cormun/servlet/trsolicitudadjuntos?2022,18341, HTTP/1.1" 200 9456
190.171.143.90 - - [29/Mar/2022:09:38:57 -0300] "GET /cormun/servlet/trsolicitudadjuntos?2022,18341, HTTP/1.1" 200 9456
190.171.143.90 - - [29/Mar/2022:09:39:02 -0300] "GET /cormun/servlet/solicitudotadjuntos?DLT,2022,18341,TITULO,0, HTTP/1.1" 200 6352
190.171.143.90 - - [29/Mar/2022:09:39:02 -0300] "GET /cormun/PublicTempStorage/certificado_titulo_karina_miranda2009107.pdf HTTP/1.1" 200 69917
190.171.143.90 - - [29/Mar/2022:09:39:02 -0300] "GET /cormun/static/Shared/jqueryui/images/ui-bg_highlight-soft_100_c6c2c8_1x100.png HTTP/1.1" 404 1117
190.171.143.90 - - [29/Mar/2022:09:39:02 -0300] "GET /cormun/static/Shared/jqueryui/images/ui-icons_82798d_256x240.png HTTP/1.1" 404 1089
190.171.143.90 - - [29/Mar/2022:09:39:02 -0300] "GET /cormun/static/Shared/jqueryui/images/ui-bg_flat_55_fafafa_40x100.png HTTP/1.1" 404 1097
190.171.143.90 - - [29/Mar/2022:09:39:02 -0300] "GET /cormun/static/Shared/jqueryui/images/ui-icons_8d78a5_256x240.png HTTP/1.1" 404 1089
190.171.143.90 - - [29/Mar/2022:09:39:02 -0300] "GET /cormun/servlet/solicitudotadjuntos?DLT,2022,18341,TITULO,0, HTTP/1.1" 200 6345
190.171.143.90 - - [29/Mar/2022:09:39:04 -0300] "POST /cormun/servlet/solicitudotadjuntos?ed75e07dbb3a7384f74ec887586a26c6,DLT,2022,18341,TITULO,0,,gx-no-cache=1648556797949 HTTP/1.1" 200 93
190.171.143.90 - - [29/Mar/2022:09:39:04 -0300] "GET /cormun/servlet/hpexe_return? HTTP/1.1" 200 1037
190.171.143.90 - - [29/Mar/2022:09:39:04 -0300] "GET /cormun/servlet/trsolicitudadjuntos?2022,18341, HTTP/1.1" 200 9208
190.171.143.90 - - [29/Mar/2022:09:39:04 -0300] "GET /cormun/servlet/trsolicitudadjuntos?2022,18341, HTTP/1.1" 200 9206
190.171.143.90 - - [29/Mar/2022:09:39:09 -0300] "GET /cormun/servlet/solicitudotadjuntos?INS,2022,18341,,1, HTTP/1.1" 200 6353
190.171.143.90 - - [29/Mar/2022:09:39:09 -0300] "GET /cormun/static/about:blank HTTP/1.1" 404 1011
190.171.143.90 - - [29/Mar/2022:09:39:09 -0300] "GET /cormun/servlet/solicitudotadjuntos?INS,2022,18341,,1, HTTP/1.1" 200 6347
190.171.143.90 - - [29/Mar/2022:09:39:10 -0300] "GET /cormun/servlet/solicitudotadjuntos?99aa1e964cc165bd0dfaf63799d44c4e4755ba48e0a9232e2678af2ce0c20d601ff2b58b9f68aa80395fed32eb6dd3d2,gx-no-cache=1648556804048 HTTP/1.1" 200 30
190.171.143.90 - - [29/Mar/2022:09:39:10 -0300] "POST /cormun/servlet/solicitudotadjuntos?ed75e07dbb3a7384f74ec887586a26c6,INS,2022,18341,,1,,gx-no-cache=1648556804075 HTTP/1.1" 200 4152
200.54.103.162 - - [29/Mar/2022:09:39:14 -0300] "POST /cormun/servlet/solicitudot?gx-no-cache=1648538835551 HTTP/1.1" 200 3850
200.54.103.162 - - [29/Mar/2022:09:39:14 -0300] "POST /cormun/servlet/solicitudot?d9be2ae99d75d30db5d3083010af0a11,INS,0,0,false,,gx-no-cache=1648538835710 HTTP/1.1" 200 12666
190.171.143.90 - - [29/Mar/2022:09:39:14 -0300] "POST /cormun/servlet/solicitudotadjuntos?gx-no-cache=1648556808611 HTTP/1.1" 200 26
200.54.103.162 - - [29/Mar/2022:09:39:17 -0300] "GET /cormun/servlet/solicitudot?c4242fd71e1007156aa44267320597050494d8062534e80e2443f5119177ee7a669bf34af9e1e8df339791e245f24dd4,gx-no-cache=1648538838904 HTTP/1.1" 200 30
190.171.143.90 - - [29/Mar/2022:09:39:23 -0300] "GET /cormun/servlet/solicitudotadjuntos?99aa1e964cc165bd0dfaf63799d44c4ef4e3cf522f9d0a494605fd4bb7128e0f,gx-no-cache=1648556817731 HTTP/1.1" 200 30
190.171.143.90 - - [29/Mar/2022:09:39:23 -0300] "GET /cormun/servlet/solicitudotadjuntos?99aa1e964cc165bd0dfaf63799d44c4ef4e3cf522f9d0a494605fd4bb7128e0f,gx-no-cache=1648556817743 HTTP/1.1" 200 30
190.171.143.90 - - [29/Mar/2022:09:39:23 -0300] "POST /cormun/servlet/solicitudotadjuntos?ed75e07dbb3a7384f74ec887586a26c6,INS,2022,18341,,1, HTTP/1.1" 200 116
190.171.143.90 - - [29/Mar/2022:09:39:23 -0300] "GET /cormun/servlet/hpexe_return? HTTP/1.1" 200 1030
190.171.143.90 - - [29/Mar/2022:09:39:24 -0300] "GET /cormun/servlet/trsolicitudadjuntos?2022,18341, HTTP/1.1" 200 9453
190.171.143.90 - - [29/Mar/2022:09:39:24 -0300] "GET /cormun/servlet/trsolicitudadjuntos?2022,18341, HTTP/1.1" 200 9452
190.171.143.90 - - [29/Mar/2022:09:39:27 -0300] "GET /cormun/servlet/solicitudotadjuntos?INS,2022,18341,,1, HTTP/1.1" 200 6353
190.171.143.90 - - [29/Mar/2022:09:39:27 -0300] "GET /cormun/static/about:blank HTTP/1.1" 404 1011
190.171.143.90 - - [29/Mar/2022:09:39:27 -0300] "GET /cormun/servlet/solicitudotadjuntos?INS,2022,18341,,1, HTTP/1.1" 200 6347
190.171.143.90 - - [29/Mar/2022:09:39:28 -0300] "GET /cormun/servlet/solicitudotadjuntos?99aa1e964cc165bd0dfaf63799d44c4e4755ba48e0a9232e2678af2ce0c20d601ff2b58b9f68aa80395fed32eb6dd3d2,gx-no-cache=1648556821945 HTTP/1.1" 200 30
190.171.143.90 - - [29/Mar/2022:09:39:28 -0300] "POST /cormun/servlet/solicitudotadjuntos?ed75e07dbb3a7384f74ec887586a26c6,INS,2022,18341,,1,,gx-no-cache=1648556821961 HTTP/1.1" 200 4152
190.171.143.90 - - [29/Mar/2022:09:39:33 -0300] "POST /cormun/servlet/solicitudotadjuntos?gx-no-cache=1648556827360 HTTP/1.1" 200 26
190.171.143.90 - - [29/Mar/2022:09:39:42 -0300] "GET /cormun/servlet/solicitudotadjuntos?99aa1e964cc165bd0dfaf63799d44c4ef4e3cf522f9d0a494605fd4bb7128e0f,gx-no-cache=1648556836024 HTTP/1.1" 200 30
190.171.143.90 - - [29/Mar/2022:09:39:42 -0300] "GET /cormun/servlet/solicitudotadjuntos?99aa1e964cc165bd0dfaf63799d44c4ef4e3cf522f9d0a494605fd4bb7128e0f,gx-no-cache=1648556836036 HTTP/1.1" 200 30
190.171.143.90 - - [29/Mar/2022:09:39:42 -0300] "POST /cormun/servlet/solicitudotadjuntos?ed75e07dbb3a7384f74ec887586a26c6,INS,2022,18341,,1, HTTP/1.1" 200 116
190.171.143.90 - - [29/Mar/2022:09:39:42 -0300] "GET /cormun/servlet/hpexe_return? HTTP/1.1" 200 1030
190.171.143.90 - - [29/Mar/2022:09:39:42 -0300] "GET /cormun/servlet/trsolicitudadjuntos?2022,18341, HTTP/1.1" 200 9675
190.171.143.90 - - [29/Mar/2022:09:39:42 -0300] "GET /cormun/servlet/trsolicitudadjuntos?2022,18341, HTTP/1.1" 200 9674
190.171.143.90 - - [29/Mar/2022:09:39:45 -0300] "GET /cormun/servlet/solicitudotadjuntos?INS,2022,18341,,1, HTTP/1.1" 200 6353
190.171.143.90 - - [29/Mar/2022:09:39:46 -0300] "GET /cormun/static/about:blank HTTP/1.1" 404 1011
190.171.143.90 - - [29/Mar/2022:09:39:46 -0300] "GET /cormun/servlet/solicitudotadjuntos?INS,2022,18341,,1, HTTP/1.1" 200 6347
190.171.143.90 - - [29/Mar/2022:09:39:46 -0300] "GET /cormun/servlet/solicitudotadjuntos?99aa1e964cc165bd0dfaf63799d44c4e4755ba48e0a9232e2678af2ce0c20d601ff2b58b9f68aa80395fed32eb6dd3d2,gx-no-cache=1648556840574 HTTP/1.1" 200 30
190.171.143.90 - - [29/Mar/2022:09:39:46 -0300] "POST /cormun/servlet/solicitudotadjuntos?ed75e07dbb3a7384f74ec887586a26c6,INS,2022,18341,,1,,gx-no-cache=1648556840590 HTTP/1.1" 200 4152
190.171.143.90 - - [29/Mar/2022:09:39:50 -0300] "POST /cormun/servlet/solicitudotadjuntos?gx-no-cache=1648556844207 HTTP/1.1" 200 26
190.171.143.90 - - [29/Mar/2022:09:39:59 -0300] "GET /cormun/servlet/solicitudotadjuntos?99aa1e964cc165bd0dfaf63799d44c4ef4e3cf522f9d0a494605fd4bb7128e0f,gx-no-cache=1648556853440 HTTP/1.1" 200 30
190.171.143.90 - - [29/Mar/2022:09:39:59 -0300] "GET /cormun/servlet/solicitudotadjuntos?99aa1e964cc165bd0dfaf63799d44c4ef4e3cf522f9d0a494605fd4bb7128e0f,gx-no-cache=1648556853504 HTTP/1.1" 200 30
190.171.143.90 - - [29/Mar/2022:09:39:59 -0300] "POST /cormun/servlet/solicitudotadjuntos?ed75e07dbb3a7384f74ec887586a26c6,INS,2022,18341,,1, HTTP/1.1" 200 116
190.171.143.90 - - [29/Mar/2022:09:39:59 -0300] "GET /cormun/servlet/hpexe_return? HTTP/1.1" 200 1030
190.171.143.90 - - [29/Mar/2022:09:39:59 -0300] "GET /cormun/servlet/trsolicitudadjuntos?2022,18341, HTTP/1.1" 200 9914
190.171.143.90 - - [29/Mar/2022:09:40:00 -0300] "GET /cormun/servlet/trsolicitudadjuntos?2022,18341, HTTP/1.1" 200 9913
190.171.143.90 - - [29/Mar/2022:09:40:02 -0300] "GET /cormun/servlet/solicitudotadjuntos?INS,2022,18341,,1, HTTP/1.1" 200 6353
190.171.143.90 - - [29/Mar/2022:09:40:02 -0300] "GET /cormun/static/about:blank HTTP/1.1" 404 1011
190.171.143.90 - - [29/Mar/2022:09:40:03 -0300] "GET /cormun/servlet/solicitudotadjuntos?INS,2022,18341,,1, HTTP/1.1" 200 6347
190.171.143.90 - - [29/Mar/2022:09:40:03 -0300] "GET /cormun/servlet/solicitudotadjuntos?99aa1e964cc165bd0dfaf63799d44c4e4755ba48e0a9232e2678af2ce0c20d601ff2b58b9f68aa80395fed32eb6dd3d2,gx-no-cache=1648556857467 HTTP/1.1" 200 30
190.171.143.90 - - [29/Mar/2022:09:40:03 -0300] "POST /cormun/servlet/solicitudotadjuntos?ed75e07dbb3a7384f74ec887586a26c6,INS,2022,18341,,1,,gx-no-cache=1648556857490 HTTP/1.1" 200 4152
190.171.143.90 - - [29/Mar/2022:09:40:07 -0300] "POST /cormun/servlet/solicitudotadjuntos?gx-no-cache=1648556861207 HTTP/1.1" 200 26
190.171.143.90 - - [29/Mar/2022:09:40:25 -0300] "GET /cormun/servlet/solicitudotadjuntos?99aa1e964cc165bd0dfaf63799d44c4ef4e3cf522f9d0a494605fd4bb7128e0f,gx-no-cache=1648556879280 HTTP/1.1" 200 30
190.171.143.90 - - [29/Mar/2022:09:40:25 -0300] "GET /cormun/servlet/solicitudotadjuntos?99aa1e964cc165bd0dfaf63799d44c4ef4e3cf522f9d0a494605fd4bb7128e0f,gx-no-cache=1648556879293 HTTP/1.1" 200 30
190.171.143.90 - - [29/Mar/2022:09:40:25 -0300] "POST /cormun/servlet/solicitudotadjuntos?ed75e07dbb3a7384f74ec887586a26c6,INS,2022,18341,,1, HTTP/1.1" 200 116
190.171.143.90 - - [29/Mar/2022:09:40:25 -0300] "GET /cormun/servlet/hpexe_return? HTTP/1.1" 200 1030
190.171.143.90 - - [29/Mar/2022:09:40:25 -0300] "GET /cormun/servlet/trsolicitudadjuntos?2022,18341, HTTP/1.1" 200 10182
190.171.143.90 - - [29/Mar/2022:09:40:26 -0300] "GET /cormun/servlet/trsolicitudadjuntos?2022,18341, HTTP/1.1" 200 10178
190.171.143.90 - - [29/Mar/2022:09:40:28 -0300] "GET /cormun/servlet/solicitudotadjuntos?INS,2022,18341,,1, HTTP/1.1" 200 6353
190.171.143.90 - - [29/Mar/2022:09:40:28 -0300] "GET /cormun/static/about:blank HTTP/1.1" 404 1011
190.171.143.90 - - [29/Mar/2022:09:40:28 -0300] "GET /cormun/servlet/solicitudotadjuntos?INS,2022,18341,,1, HTTP/1.1" 200 6347
190.171.143.90 - - [29/Mar/2022:09:40:29 -0300] "GET /cormun/servlet/solicitudotadjuntos?99aa1e964cc165bd0dfaf63799d44c4e4755ba48e0a9232e2678af2ce0c20d601ff2b58b9f68aa80395fed32eb6dd3d2,gx-no-cache=1648556882919 HTTP/1.1" 200 30
190.171.143.90 - - [29/Mar/2022:09:40:29 -0300] "POST /cormun/servlet/solicitudotadjuntos?ed75e07dbb3a7384f74ec887586a26c6,INS,2022,18341,,1,,gx-no-cache=1648556882937 HTTP/1.1" 200 4152
190.171.143.90 - - [29/Mar/2022:09:40:32 -0300] "POST /cormun/servlet/solicitudotadjuntos?gx-no-cache=1648556886903 HTTP/1.1" 200 26
190.171.143.90 - - [29/Mar/2022:09:40:44 -0300] "GET /cormun/servlet/solicitudotadjuntos?99aa1e964cc165bd0dfaf63799d44c4ef4e3cf522f9d0a494605fd4bb7128e0f,gx-no-cache=1648556898662 HTTP/1.1" 200 30
190.171.143.90 - - [29/Mar/2022:09:40:44 -0300] "GET /cormun/servlet/solicitudotadjuntos?99aa1e964cc165bd0dfaf63799d44c4ef4e3cf522f9d0a494605fd4bb7128e0f,gx-no-cache=1648556898674 HTTP/1.1" 200 30
190.171.143.90 - - [29/Mar/2022:09:40:44 -0300] "POST /cormun/servlet/solicitudotadjuntos?ed75e07dbb3a7384f74ec887586a26c6,INS,2022,18341,,1, HTTP/1.1" 200 116
190.171.143.90 - - [29/Mar/2022:09:40:44 -0300] "GET /cormun/servlet/hpexe_return? HTTP/1.1" 200 1030
190.171.143.90 - - [29/Mar/2022:09:40:45 -0300] "GET /cormun/servlet/trsolicitudadjuntos?2022,18341, HTTP/1.1" 200 10376
190.171.143.90 - - [29/Mar/2022:09:40:45 -0300] "GET /cormun/servlet/trsolicitudadjuntos?2022,18341, HTTP/1.1" 200 10372
190.171.143.90 - - [29/Mar/2022:09:41:00 -0300] "GET /cormun/servlet/trautorizarsolicitud? HTTP/1.1" 200 7427
190.171.143.90 - - [29/Mar/2022:09:41:00 -0300] "GET /cormun/static/gxcfg.js?201991422414522 HTTP/1.1" 200 953
190.171.143.90 - - [29/Mar/2022:09:41:00 -0300] "GET /cormun/static/trautorizarsolicitud.js?201991422415463 HTTP/1.1" 200 53910
190.171.143.90 - - [29/Mar/2022:09:41:00 -0300] "GET /cormun/servlet/trautorizarsolicitud? HTTP/1.1" 200 7413
190.171.143.90 - - [29/Mar/2022:09:41:06 -0300] "GET /cormun/servlet/trvisualizadoreventos? HTTP/1.1" 200 7077
190.171.143.90 - - [29/Mar/2022:09:41:06 -0300] "GET /cormun/static/gxcfg.js?20199142243133 HTTP/1.1" 200 953
190.171.143.90 - - [29/Mar/2022:09:41:06 -0300] "GET /cormun/static/trvisualizadoreventos.js?201991422431650 HTTP/1.1" 200 19318
190.171.143.90 - - [29/Mar/2022:09:41:06 -0300] "GET /cormun/static/Resources/PXToolsActionPrint.png HTTP/1.1" 200 404
190.171.143.90 - - [29/Mar/2022:09:41:06 -0300] "GET /cormun/servlet/trvisualizadoreventos? HTTP/1.1" 200 7077
190.171.143.90 - - [29/Mar/2022:09:41:10 -0300] "GET /cormun/servlet/trsolicitudot? HTTP/1.1" 200 8933
190.171.143.90 - - [29/Mar/2022:09:41:11 -0300] "GET /cormun/servlet/trsolicitudot? HTTP/1.1" 200 8933
190.171.143.90 - - [29/Mar/2022:09:41:43 -0300] "GET /cormun/servlet/trsolicitudot? HTTP/1.1" 200 8933
190.171.143.90 - - [29/Mar/2022:09:41:44 -0300] "GET /cormun/servlet/trsolicitudot? HTTP/1.1" 200 8933
190.171.143.90 - - [29/Mar/2022:09:41:49 -0300] "GET /cormun/servlet/solicitudot?INS,0,0,false, HTTP/1.1" 200 16020
190.171.143.90 - - [29/Mar/2022:09:41:49 -0300] "GET /cormun/servlet/solicitudot?INS,0,0,false, HTTP/1.1" 200 16027
200.54.103.162 - - [29/Mar/2022:09:41:51 -0300] "GET /cormun/servlet/prbanco?,MD,,gxPopupLevel%3D0%3B HTTP/1.1" 200 6640
190.171.143.90 - - [29/Mar/2022:09:42:04 -0300] "POST /cormun/servlet/solicitudot?gx-no-cache=1648556978527 HTTP/1.1" 200 3850
190.171.143.90 - - [29/Mar/2022:09:42:04 -0300] "POST /cormun/servlet/solicitudot?ed75e07dbb3a7384f74ec887586a26c6,INS,0,0,false,,gx-no-cache=1648556978705 HTTP/1.1" 200 12673
190.171.143.90 - - [29/Mar/2022:09:42:06 -0300] "GET /cormun/servlet/solicitudot?99aa1e964cc165bd0dfaf63799d44c4e7b1dbfa6ace76684b29cdd79a1ffb8ba3ceab52cb253d641c29f56a834f95bae,gx-no-cache=1648556980621 HTTP/1.1" 200 111
190.171.143.90 - - [29/Mar/2022:09:42:06 -0300] "GET /cormun/static/Shared/jqueryui/images/ui-bg_highlight-soft_100_c6c2c8_1x100.png HTTP/1.1" 404 1117
190.171.143.90 - - [29/Mar/2022:09:42:06 -0300] "GET /cormun/static/Shared/jqueryui/images/ui-icons_82798d_256x240.png HTTP/1.1" 404 1089
190.171.143.90 - - [29/Mar/2022:09:42:06 -0300] "GET /cormun/static/Shared/jqueryui/images/ui-bg_flat_55_994d53_40x100.png HTTP/1.1" 404 1097
190.171.143.90 - - [29/Mar/2022:09:42:06 -0300] "GET /cormun/static/Shared/jqueryui/images/ui-icons_ebccce_256x240.png HTTP/1.1" 404 1089
200.54.103.162 - - [29/Mar/2022:09:42:12 -0300] "GET /cormun/servlet/solicitudot?c4242fd71e1007156aa442673205970537704aeef3a922e92ff205b73031cf0345563cea6a6ab908f9a7fbd9239a8a8e,gx-no-cache=1648539013591 HTTP/1.1" 200 30
200.54.103.162 - - [29/Mar/2022:09:42:13 -0300] "GET /cormun/servlet/solicitudot?c4242fd71e1007156aa44267320597056675635c66fcb456ca74c07d375eb3b9,gx-no-cache=1648539014894 HTTP/1.1" 200 53
200.54.103.162 - - [29/Mar/2022:09:42:39 -0300] "POST /cormun/servlet/solicitudot?gx-no-cache=1648539041262 HTTP/1.1" 200 255
200.54.103.162 - - [29/Mar/2022:09:42:42 -0300] "GET /cormun/servlet/solicitudot?c4242fd71e1007156aa4426732059705ff3ec185b38e5273ebbff06d7699a83aadc445c6e65886ae956cf5c808b7ebf309ae4c9442f58f9d5f08633d1f5d7f87ae06c0de3cc821ed244055018e7634413da66935fd35817cbfad87fa31791da9f4cd6b41b5a3d0c6964143f1fd089373ec85254cd2c5e5763eba8d0ea2f91c8a9b06dcf672fe2360edfa6bd766eb88d0da55f9eb67378f8eb49de66fc57b92e0468b7a7d5e5f745e47bb7b603274f5a9fb358860c698737d857802d130076a70068aa29569eca94d665728a8cae78f04fdb81cc333424e4cf544aaa925012842174688e245b45f4fda26b2c345b802941e97e922f162b65259d59ed7625eaccf5a41b4da9fd79396e2e4fc92682aaea2b0d4c347c7418c6174aa77b553763fd4b05b457c8283e0b8962dbdc76bab79f91d7947c50fd75314b932c827528e5b673903017d8e1373816126db31a019d5556ab8c3edf4d25842717157ca1576c903c2b5bc6f63ac6f12a21f6685b5cc7e4849ee77e5953a2b9fb7219af6f609b435,gx-no-cache=1648539043547 HTTP/1.1" 200 30
190.171.143.90 - - [29/Mar/2022:09:42:44 -0300] "POST /cormun/servlet/solicitudot?gx-no-cache=1648557018469 HTTP/1.1" 200 4011
190.171.143.90 - - [29/Mar/2022:09:42:44 -0300] "GET /cormun/servlet/solicitudot?99aa1e964cc165bd0dfaf63799d44c4e664ea266f032881120a601c6100f5c293ceab52cb253d641c29f56a834f95bae,gx-no-cache=1648557018580 HTTP/1.1" 200 30
200.54.103.162 - - [29/Mar/2022:09:42:45 -0300] "POST /cormun/servlet/solicitudot?gx-no-cache=1648539046933 HTTP/1.1" 200 30
200.54.103.162 - - [29/Mar/2022:09:42:46 -0300] "POST /cormun/servlet/solicitudot?gx-no-cache=1648539048124 HTTP/1.1" 200 1452
200.54.103.162 - - [29/Mar/2022:09:42:46 -0300] "POST /cormun/servlet/solicitudot?gx-no-cache=1648539048173 HTTP/1.1" 200 38
