186.103.156.166 - - [28/Mar/2022:12:57:20 -0300] "POST /cormun/servlet/solicitudot?0c397501c97d140ca17ac30e80ec7b98,INS,0,0,false,,gx-no-cache=1648482293467 HTTP/1.1" 200 13029
190.171.152.138 - - [28/Mar/2022:12:57:20 -0300] "GET /cormun/static/Shared/jqueryui/images/ui-bg_highlight-soft_100_c6c2c8_1x100.png HTTP/1.1" 404 1117
190.171.152.138 - - [28/Mar/2022:12:57:20 -0300] "GET /cormun/static/Shared/jqueryui/images/ui-icons_82798d_256x240.png HTTP/1.1" 404 1089
190.171.152.138 - - [28/Mar/2022:12:57:20 -0300] "GET /cormun/static/Shared/jqueryui/images/ui-bg_flat_55_994d53_40x100.png HTTP/1.1" 404 1097
190.171.152.138 - - [28/Mar/2022:12:57:20 -0300] "GET /cormun/static/Shared/jqueryui/images/ui-icons_ebccce_256x240.png HTTP/1.1" 404 1089
190.171.152.138 - - [28/Mar/2022:12:57:25 -0300] "GET /cormun/servlet/prlicenciaspermisos?0,L,,MD,,gxPopupLevel%3D0%3B HTTP/1.1" 200 5082
190.171.152.138 - - [28/Mar/2022:12:57:30 -0300] "POST /cormun/servlet/prlicenciaspermisos?6aedd55eddab241281f71fca37943352,0,L,,MD,,gxPopupLevel%3D0%3B,gx-no-cache=1648482305568 HTTP/1.1" 200 2582
186.103.156.166 - - [28/Mar/2022:12:57:30 -0300] "GET /cormun/servlet/solicitudot?321864fcb122b1291523d3ddd94d5f760a80ad861f8aa45b04784c7b40cba8712d96222ed1ffac7dd68a46789baa1f68,gx-no-cache=1648482303929 HTTP/1.1" 200 30
190.171.152.138 - - [28/Mar/2022:12:57:31 -0300] "POST /cormun/servlet/prlicenciaspermisos?6aedd55eddab241281f71fca37943352,0,L,,MD,,gxPopupLevel%3D0%3B,gx-no-cache=1648482307320 HTTP/1.1" 200 2582
190.171.152.138 - - [28/Mar/2022:12:57:38 -0300] "GET /cormun/servlet/prlicenciaspermisos?0,L,,MD,,gxPopupLevel%3D0%3B HTTP/1.1" 200 5082
190.171.141.98 - - [28/Mar/2022:12:57:42 -0300] "GET /cormun/servlet/trsolicitudadjuntos?2021,17422, HTTP/1.1" 200 9131
190.171.141.98 - - [28/Mar/2022:12:57:43 -0300] "GET /cormun/servlet/trsolicitudadjuntos?2021,17422, HTTP/1.1" 200 9130
190.171.141.98 - - [28/Mar/2022:12:57:43 -0300] "GET /cormun/servlet/hlogin HTTP/1.1" 200 1754
190.171.141.98 - - [28/Mar/2022:12:57:44 -0300] "GET /cormun/servlet/trsolicitudadjuntos?2021,17422, HTTP/1.1" 200 9150
190.171.141.98 - - [28/Mar/2022:12:57:46 -0300] "POST /cormun/servlet/hlogin?146e2009b2100e3b324d47f1657fa6d5,gx-no-cache=1648482320404 HTTP/1.1" 200 90
190.171.141.98 - - [28/Mar/2022:12:57:46 -0300] "GET /cormun/servlet/hpexe_link HTTP/1.1" 200 968
190.171.141.98 - - [28/Mar/2022:12:57:47 -0300] "GET /cormun/servlet/trsolicitudadjuntos?2021,17422, HTTP/1.1" 200 9713
190.171.141.98 - - [28/Mar/2022:12:57:48 -0300] "GET /cormun/servlet/trsolicitudadjuntos?2021,17422, HTTP/1.1" 200 9720
190.171.141.98 - - [28/Mar/2022:12:57:52 -0300] "GET /cormun/servlet/trsolicitudot? HTTP/1.1" 200 7108
190.171.141.98 - - [28/Mar/2022:12:57:53 -0300] "GET /cormun/servlet/trsolicitudot? HTTP/1.1" 200 7094
190.171.141.98 - - [28/Mar/2022:12:57:58 -0300] "GET /cormun/servlet/solicitudot?INS,0,0,false, HTTP/1.1" 200 15613
190.171.141.98 - - [28/Mar/2022:12:57:58 -0300] "GET /cormun/static/gxcfg.js?20203414241232 HTTP/1.1" 200 953
190.171.141.98 - - [28/Mar/2022:12:57:58 -0300] "GET /cormun/static/Resources/prompt.gif HTTP/1.1" 200 902
190.171.141.98 - - [28/Mar/2022:12:57:58 -0300] "GET /cormun/static/solicitudot.js?20203414242792 HTTP/1.1" 200 74114
190.171.141.98 - - [28/Mar/2022:12:57:59 -0300] "GET /cormun/servlet/solicitudot?INS,0,0,false, HTTP/1.1" 200 15620
190.171.141.98 - - [28/Mar/2022:12:58:22 -0300] "POST /cormun/servlet/solicitudot?gx-no-cache=1648482356379 HTTP/1.1" 200 3850
190.171.141.98 - - [28/Mar/2022:12:58:22 -0300] "POST /cormun/servlet/solicitudot?146e2009b2100e3b324d47f1657fa6d5,INS,0,0,false,,gx-no-cache=1648482356504 HTTP/1.1" 200 12393
190.171.141.98 - - [28/Mar/2022:12:58:26 -0300] "GET /cormun/servlet/solicitudot?22e962959f69384036556f1a82c32645d0c2807421c7b740027f49bf11e6d645921175a62333ca6b18cae40b3dcc6e35,gx-no-cache=1648482360130 HTTP/1.1" 200 30
71.6.232.4 - - [28/Mar/2022:12:58:40 -0300] "GET / HTTP/1.1" 200 11217
186.103.156.166 - - [28/Mar/2022:12:58:42 -0300] "GET /cormun/servlet/solicitudot?321864fcb122b1291523d3ddd94d5f767215160afe75b8516ed138ea92767d8f8451f9631c0b55cc3bb97d7939462c75545cdc90c69db46d6d66eff32012ebad,gx-no-cache=1648482376112 HTTP/1.1" 200 30
186.103.156.166 - - [28/Mar/2022:12:58:42 -0300] "GET /cormun/servlet/solicitudot?321864fcb122b1291523d3ddd94d5f76280be730167f358679144511b09436cd30714a9d27cfcb54b38f014dc9009a794772babaa4b2d43ea7d103afe27d9250ad1abef7a42413184d1086e876c6df8ad270759fa0bfad67f3c1c342256ace59afcfd2c598ee85bfa065bdf2a0276674,gx-no-cache=1648482376181 HTTP/1.1" 200 53
190.171.152.138 - - [28/Mar/2022:12:59:01 -0300] "GET /cormun/servlet/prlicenciaspermisos?0,L,,MD,,gxPopupLevel%3D0%3B HTTP/1.1" 200 5082
190.171.152.138 - - [28/Mar/2022:12:59:15 -0300] "GET /cormun/servlet/prlicenciaspermisos?0,L,,MD,,gxPopupLevel%3D0%3B HTTP/1.1" 200 5082
190.171.152.138 - - [28/Mar/2022:12:59:57 -0300] "GET /cormun/servlet/prlicenciaspermisos?0,L,,MD,,gxPopupLevel%3D0%3B HTTP/1.1" 200 5082
186.103.156.166 - - [28/Mar/2022:13:00:23 -0300] "POST /cormun/servlet/solicitudot?gx-no-cache=1648482477219 HTTP/1.1" 200 240
186.103.156.166 - - [28/Mar/2022:13:00:24 -0300] "GET /cormun/servlet/solicitudot?321864fcb122b1291523d3ddd94d5f76929c09f1a147224d44450a128804fd9ece84bf6399eef4ca92d9a8e87fb229287fd0663388a0cc738c051ed2d0e531e930eec002fa2c8359412c93a5924c8eceb499f88810fbac652d26edee2f37e06fe0940ada8d28b20d581c83d0be64e6c52cf0fe69a067a231fd1d9bbdeb467f1b28d42adb1528a24a6dbb9e8ecf0614ffa1dde95b279fe6b6d159a8151236e93cc3c329334c7fca83d4f54006e8a0fc89d17240df56e21f97a8fe2da206e4f056a1a1bb98e6c6346e4f545d37f3f9917a202f1833a0cc1afe9aa05831a3db5d70f247950eb0d3b710fbab0cf33504c9603b800537678547d69a7fe8b61ab532c1f8c608ac3066d0d87d5c09f4e1a4f01630886a75a6e62810f70d52047b55cf47e6133f1465383567d3a73ef7f24f33182faf04850704e40cc2a43d4072b623a434605eb54e1d726242d2c90dc3f02727a72ec29e4240519a7c9996170ad3b566f6e4367cccd67be0bb9f6e1cda090f31d6f787125b78406ad68d5558cd7cda8d,gx-no-cache=1648482477299 HTTP/1.1" 200 30
186.103.156.166 - - [28/Mar/2022:13:00:24 -0300] "POST /cormun/servlet/solicitudot?gx-no-cache=1648482477376 HTTP/1.1" 200 30
186.103.156.166 - - [28/Mar/2022:13:00:24 -0300] "POST /cormun/servlet/solicitudot?gx-no-cache=1648482477433 HTTP/1.1" 200 1455
186.103.156.166 - - [28/Mar/2022:13:00:24 -0300] "POST /cormun/servlet/solicitudot?gx-no-cache=1648482477533 HTTP/1.1" 200 41
186.103.156.166 - - [28/Mar/2022:13:00:24 -0300] "GET /cormun/servlet/solicitudot?321864fcb122b1291523d3ddd94d5f76d11724c93c655fab1f30b715a89518572166a47c82d77c929d5df4f733517896738d4cb7a2dc03f0b73df7ef2f583e31809d8f130cc8fd265ca5968c19897a747e511e97b4509d8ceb0b63b89ffe32e9c3c9bdd06cdf79c0ff473f8f958e5015,gx-no-cache=1648482477565 HTTP/1.1" 200 110
192.168.10.199 - - [28/Mar/2022:13:00:24 -0300] "GET /cormun/servlet/hlogin HTTP/1.1" 200 1723
190.171.152.138 - - [28/Mar/2022:13:00:30 -0300] "GET /cormun/servlet/prlicenciaspermisos?0,L,,MD,,gxPopupLevel%3D0%3B HTTP/1.1" 200 5082
190.171.152.138 - - [28/Mar/2022:13:00:41 -0300] "GET /cormun/servlet/prfichaempleado?,MD,,gxPopupLevel%3D0%3B HTTP/1.1" 200 9227
190.171.141.98 - - [28/Mar/2022:13:00:52 -0300] "GET /cormun/servlet/solicitudot?22e962959f69384036556f1a82c32645709793f535f7864640f4e741b32b8268857583789a450192981a609254903be5f123fa5ae0ee7a3e02cc4a6a90d4dafa,gx-no-cache=1648482506208 HTTP/1.1" 200 30
190.171.141.98 - - [28/Mar/2022:13:00:52 -0300] "GET /cormun/servlet/solicitudot?22e962959f69384036556f1a82c326459e559006ce697293102691dea0843034,gx-no-cache=1648482506244 HTTP/1.1" 200 29
190.171.141.98 - - [28/Mar/2022:13:00:52 -0300] "POST /cormun/servlet/solicitudot?gx-no-cache=1648482506273 HTTP/1.1" 200 297
190.171.141.98 - - [28/Mar/2022:13:00:52 -0300] "GET /cormun/servlet/solicitudot?22e962959f69384036556f1a82c32645cbbabf1b745e7a53e1fb418c98d8e37b0e6c6fc94ce92903a36ea5a0d81c0c79287e5253dd80aa208ca440f4bc62fbdc5245f8c84e4d6660e2da9dee608720ea66b5502e339ec9e69abc1a977ed775d79ef7e550bf0f23f95fe82a36b64d5ef465052a4e761c4f22c3e2cd11a0f644e9111ec62b2ec726308b1f52b9e1eac30ae697aa26c2e06fa0d4601138380370e82d34c16e476329169a36aac536b6e7f15667f3c135e5c0f525e0f882385ac6b69039e79f433341fd491a15857903243d53b32bf25c5733f42f6d70b9d7ac60fa4c51e61f2ae63242a1469f2c41ff197d80be9aa8079f3a31a7d28dd96aeb4cd516fc1d21aab1c1aea083a572457bd56056a6a85fc6686243dd5feaae7b5512648962f86f969d035f8f478460e1a680112221c40a52990a66cd7917702a2b3cade051cb6066d7b6db84a39764710b735889844898bb09986fa0bf8d34a5ceda0c74d1edda98ab095ae95920502431042a102500444d699ba8e2188b388e8acac9433079cbb3c20cdd1814e2b65e3d87e1,gx-no-cache=1648482506301 HTTP/1.1" 200 30
190.171.152.138 - - [28/Mar/2022:13:00:54 -0300] "POST /cormun/servlet/prfichaempleado?6aedd55eddab241281f71fca37943352,,MD,,gxPopupLevel%3D0%3B,gx-no-cache=1648482509824 HTTP/1.1" 200 6273
190.171.152.138 - - [28/Mar/2022:13:00:55 -0300] "GET /cormun/static/Resources/PXToolsGridNext.gif HTTP/1.1" 200 369
190.171.152.138 - - [28/Mar/2022:13:00:55 -0300] "GET /cormun/static/Resources/PXToolsGridLast.gif HTTP/1.1" 200 370
190.171.141.98 - - [28/Mar/2022:13:00:55 -0300] "POST /cormun/servlet/solicitudot?gx-no-cache=1648482509660 HTTP/1.1" 200 30
186.103.156.166 - - [28/Mar/2022:13:00:57 -0300] "POST /cormun/servlet/solicitudot?gx-no-cache=1648482511224 HTTP/1.1" 200 97
190.171.141.98 - - [28/Mar/2022:13:00:59 -0300] "POST /cormun/servlet/solicitudot?gx-no-cache=1648482513146 HTTP/1.1" 200 1452
190.171.141.98 - - [28/Mar/2022:13:00:59 -0300] "POST /cormun/servlet/solicitudot?gx-no-cache=1648482513192 HTTP/1.1" 200 38
190.171.152.138 - - [28/Mar/2022:13:01:05 -0300] "POST /cormun/servlet/prfichaempleado?6aedd55eddab241281f71fca37943352,,MD,,gxPopupLevel%3D0%3B,gx-no-cache=1648482521303 HTTP/1.1" 200 5123
186.103.156.166 - - [28/Mar/2022:13:01:10 -0300] "GET /cormun/servlet/prfichaempleado?,MD,,gxPopupLevel%3D0%3B HTTP/1.1" 200 9233
192.168.10.199 - - [28/Mar/2022:13:01:13 -0300] "POST /cormun/servlet/hlogin?d12ad8ca3af56fca99b78be199c1c87b,gx-no-cache=1648482363230 HTTP/1.1" 200 90
192.168.10.199 - - [28/Mar/2022:13:01:13 -0300] "GET /cormun/servlet/hpexe_link HTTP/1.1" 200 956
192.168.10.199 - - [28/Mar/2022:13:01:13 -0300] "GET /cormun/servlet/trautorizarot HTTP/1.1" 200 8171
192.168.10.199 - - [28/Mar/2022:13:01:13 -0300] "GET /cormun/servlet/trautorizarot HTTP/1.1" 200 8169
192.168.10.199 - - [28/Mar/2022:13:01:18 -0300] "GET /cormun/servlet/trsolicitudgral? HTTP/1.1" 200 28231
186.103.156.166 - - [28/Mar/2022:13:01:18 -0300] "POST /cormun/servlet/prfichaempleado?0c397501c97d140ca17ac30e80ec7b98,,MD,,gxPopupLevel%3D0%3B,gx-no-cache=1648482531846 HTTP/1.1" 200 6265
192.168.10.199 - - [28/Mar/2022:13:01:19 -0300] "GET /cormun/servlet/trsolicitudgral? HTTP/1.1" 200 28231
190.171.152.138 - - [28/Mar/2022:13:01:20 -0300] "POST /cormun/servlet/solicitudot?gx-no-cache=1648482535181 HTTP/1.1" 200 1454
192.168.10.199 - - [28/Mar/2022:13:01:22 -0300] "GET /cormun/servlet/trautorizarot? HTTP/1.1" 200 8170
192.168.10.199 - - [28/Mar/2022:13:01:22 -0300] "GET /cormun/servlet/trautorizarot? HTTP/1.1" 200 8169
192.168.10.199 - - [28/Mar/2022:13:01:28 -0300] "POST /cormun/servlet/trautorizarot?d12ad8ca3af56fca99b78be199c1c87b,,gx-no-cache=1648482378037 HTTP/1.1" 200 20422
190.171.152.138 - - [28/Mar/2022:13:01:28 -0300] "GET /cormun/servlet/prfichaempleado?,MD,,gxPopupLevel%3D0%3B HTTP/1.1" 200 9227
190.171.141.98 - - [28/Mar/2022:13:01:41 -0300] "GET /cormun/servlet/solicitudot?22e962959f69384036556f1a82c32645463b7e043e57db0fc8b5fefc152727a95aa7b72e91591b0022e21e959adeed129bd80d365d085482c1968665f8a0402bfc7171df1e055b507725278d2fd7c8304e50d5cf466ac9919d69e94ca5f981ddbb1ea553e6474b38c42a27a0009e226a,gx-no-cache=1648482555606 HTTP/1.1" 200 110
192.168.10.199 - - [28/Mar/2022:13:01:43 -0300] "POST /cormun/servlet/trautorizarot?d12ad8ca3af56fca99b78be199c1c87b,,gx-no-cache=1648482392239 HTTP/1.1" 200 103
192.168.10.199 - - [28/Mar/2022:13:01:43 -0300] "GET /cormun/AutorizarOT-8058.xls HTTP/1.1" 200 22016
186.103.156.166 - - [28/Mar/2022:13:01:47 -0300] "POST /cormun/servlet/prfichaempleado?0c397501c97d140ca17ac30e80ec7b98,,MD,,gxPopupLevel%3D0%3B,gx-no-cache=1648482561105 HTTP/1.1" 200 3460
186.103.156.166 - - [28/Mar/2022:13:01:52 -0300] "GET /cormun/servlet/prlicenciaspermisos?8935260,L,,MD,,gxPopupLevel%3D0%3B HTTP/1.1" 200 6606
190.171.152.138 - - [28/Mar/2022:13:01:57 -0300] "POST /cormun/servlet/prfichaempleado?6aedd55eddab241281f71fca37943352,,MD,,gxPopupLevel%3D0%3B,gx-no-cache=1648482572806 HTTP/1.1" 200 5128
186.103.156.166 - - [28/Mar/2022:13:01:59 -0300] "POST /cormun/servlet/solicitudot?gx-no-cache=1648482572151 HTTP/1.1" 200 1454
190.171.152.138 - - [28/Mar/2022:13:02:04 -0300] "GET /cormun/servlet/prlicenciaspermisos?7833769,L,,MD,,gxPopupLevel%3D0%3B HTTP/1.1" 200 7355
190.171.141.98 - - [28/Mar/2022:13:02:05 -0300] "POST /cormun/servlet/solicitudot?gx-no-cache=1648482579535 HTTP/1.1" 200 79
186.103.156.166 - - [28/Mar/2022:13:02:09 -0300] "POST /cormun/servlet/solicitudot?gx-no-cache=1648482582638 HTTP/1.1" 200 41
186.103.156.166 - - [28/Mar/2022:13:02:09 -0300] "GET /cormun/servlet/solicitudot?321864fcb122b1291523d3ddd94d5f76d11724c93c655fab1f30b715a89518572166a47c82d77c929d5df4f733517896738d4cb7a2dc03f0b73df7ef2f583e31809d8f130cc8fd265ca5968c19897a747e511e97b4509d8ceb0b63b89ffe32e9c3c9bdd06cdf79c0ff473f8f958e5015,gx-no-cache=1648482582849 HTTP/1.1" 200 110
186.103.156.166 - - [28/Mar/2022:13:02:09 -0300] "POST /cormun/servlet/solicitudot?gx-no-cache=1648482582922 HTTP/1.1" 200 97
186.103.156.166 - - [28/Mar/2022:13:02:09 -0300] "GET /cormun/servlet/solicitudot?321864fcb122b1291523d3ddd94d5f76e760d63677553ace6ea85df9c1aabe40aed2229ee2fe5a4525a28d0476f679dc,gx-no-cache=1648482583005 HTTP/1.1" 200 30
190.171.141.98 - - [28/Mar/2022:13:02:13 -0300] "GET /cormun/servlet/solicitudot?22e962959f69384036556f1a82c32645f0e476c689959b11680b3aefc5d8fa680c413d76e6650c1a7d3019bef60f752c357f87abf83f4db8b522e2cb2f390d8bfd24e2ed7c0cbe93d3ad66d590e070cedbd18cab4b833154a16dea5f559eee27dd4e67c2c826a4dc08de544195fa4ebb,gx-no-cache=1648482586884 HTTP/1.1" 200 29
190.171.141.98 - - [28/Mar/2022:13:02:13 -0300] "GET /cormun/static/menuarrow.gif HTTP/1.1" 404 1015
186.103.156.166 - - [28/Mar/2022:13:02:15 -0300] "GET /cormun/servlet/prlicenciaspermisos?8935260,L,,MD,,gxPopupLevel%3D0%3B HTTP/1.1" 200 6606
192.168.10.199 - - [28/Mar/2022:13:02:16 -0300] "POST /cormun/servlet/trautorizarot?d12ad8ca3af56fca99b78be199c1c87b,,gx-no-cache=1648482427136 HTTP/1.1" 200 5169
192.168.10.199 - - [28/Mar/2022:13:02:21 -0300] "POST /cormun/servlet/trautorizarot?d12ad8ca3af56fca99b78be199c1c87b,,gx-no-cache=1648482431234 HTTP/1.1" 200 5170
186.103.156.166 - - [28/Mar/2022:13:02:22 -0300] "GET /cormun/servlet/prlicenciaspermisos?8935260,L,,MD,,gxPopupLevel%3D0%3B HTTP/1.1" 200 6606
190.171.141.98 - - [28/Mar/2022:13:02:26 -0300] "GET /cormun/servlet/solicitudot?22e962959f69384036556f1a82c32645886f341219c5fcd75a23a28992e2d410123a4e06bb9e434138df4ff67566b74f,gx-no-cache=1648482599965 HTTP/1.1" 200 30
192.168.10.199 - - [28/Mar/2022:13:02:26 -0300] "POST /cormun/servlet/trautorizarot?d12ad8ca3af56fca99b78be199c1c87b,,gx-no-cache=1648482436676 HTTP/1.1" 200 6965
186.103.156.166 - - [28/Mar/2022:13:02:28 -0300] "POST /cormun/servlet/solicitudot?gx-no-cache=1648482602138 HTTP/1.1" 200 41
186.103.156.166 - - [28/Mar/2022:13:02:28 -0300] "GET /cormun/servlet/solicitudot?321864fcb122b1291523d3ddd94d5f76d11724c93c655fab1f30b715a89518572166a47c82d77c929d5df4f733517896738d4cb7a2dc03f0b73df7ef2f583e31809d8f130cc8fd265ca5968c19897a747e511e97b4509d8ceb0b63b89ffe32e9c3c9bdd06cdf79c0ff473f8f958e5015,gx-no-cache=1648482602206 HTTP/1.1" 200 110
186.103.156.166 - - [28/Mar/2022:13:02:28 -0300] "GET /cormun/servlet/solicitudot?321864fcb122b1291523d3ddd94d5f76ab6e186769beb2976803db6640d37b51,gx-no-cache=1648482602253 HTTP/1.1" 200 30
186.103.156.166 - - [28/Mar/2022:13:02:30 -0300] "GET /cormun/servlet/solicitudot?321864fcb122b1291523d3ddd94d5f76d11724c93c655fab1f30b715a89518572166a47c82d77c929d5df4f733517896738d4cb7a2dc03f0b73df7ef2f583e31809d8f130cc8fd265ca5968c19897a747e511e97b4509d8ceb0b63b89ffe32e9c3c9bdd06cdf79c0ff473f8f958e5015,gx-no-cache=1648482603658 HTTP/1.1" 200 110
190.171.152.138 - - [28/Mar/2022:13:02:32 -0300] "POST /cormun/servlet/solicitudot?gx-no-cache=1648482608519 HTTP/1.1" 200 118
190.171.152.138 - - [28/Mar/2022:13:02:32 -0300] "GET /cormun/servlet/solicitudot?77d1753d10b648a71d136e87c222e59f469fd73a823ef145fcb9c0fb7d0ae2788b2da231d5fbc16bd3970336baeaa13e1b2f93761fa0d13b0814ef287da37a0684b0a15a1133086e586d7a0625113869c0ad46525e68980b9f3b2f43bd0365e5a2f16065f874850aa703bf0df6a3be94,gx-no-cache=1648482608597 HTTP/1.1" 200 110
190.171.152.138 - - [28/Mar/2022:13:02:33 -0300] "POST /cormun/servlet/solicitudot?gx-no-cache=1648482608633 HTTP/1.1" 200 97
190.171.141.98 - - [28/Mar/2022:13:02:40 -0300] "POST /cormun/servlet/solicitudot?gx-no-cache=1648482613859 HTTP/1.1" 200 30
186.103.156.166 - - [28/Mar/2022:13:02:40 -0300] "GET /cormun/servlet/solicitudot?321864fcb122b1291523d3ddd94d5f76e760d63677553ace6ea85df9c1aabe400b7361de79b2db38fcfef903255ed9ae,gx-no-cache=1648482613486 HTTP/1.1" 200 30
186.103.156.166 - - [28/Mar/2022:13:02:40 -0300] "POST /cormun/servlet/solicitudot?gx-no-cache=1648482613527 HTTP/1.1" 200 34
186.103.156.166 - - [28/Mar/2022:13:02:40 -0300] "POST /cormun/servlet/solicitudot?0c397501c97d140ca17ac30e80ec7b98,INS,0,0,false,,gx-no-cache=1648482613568 HTTP/1.1" 200 93
186.103.156.166 - - [28/Mar/2022:13:02:40 -0300] "GET /cormun/servlet/hpexe_return? HTTP/1.1" 200 1031
186.103.156.166 - - [28/Mar/2022:13:02:41 -0300] "GET /cormun/servlet/trsolicitudot?gx-no-cache=1648480645691 HTTP/1.1" 200 9305
186.103.156.166 - - [28/Mar/2022:13:02:42 -0300] "GET /cormun/servlet/trsolicitudot?gx-no-cache=1648480645691 HTTP/1.1" 200 9323
190.171.141.98 - - [28/Mar/2022:13:03:03 -0300] "POST /cormun/servlet/solicitudot?146e2009b2100e3b324d47f1657fa6d5,INS,0,0,false,,gx-no-cache=1648482637061 HTTP/1.1" 200 93
190.171.141.98 - - [28/Mar/2022:13:03:03 -0300] "GET /cormun/servlet/hpexe_return? HTTP/1.1" 200 1007
190.171.141.98 - - [28/Mar/2022:13:03:04 -0300] "GET /cormun/servlet/trsolicitudot HTTP/1.1" 200 8501
190.171.141.98 - - [28/Mar/2022:13:03:04 -0300] "GET /cormun/servlet/trsolicitudot HTTP/1.1" 200 8497
190.171.152.138 - - [28/Mar/2022:13:03:07 -0300] "GET /cormun/servlet/prlicenciaspermisos?7833769,L,,MD,,gxPopupLevel%3D0%3B HTTP/1.1" 200 7355
186.103.156.166 - - [28/Mar/2022:13:03:07 -0300] "POST /cormun/servlet/trsolicitudot?0c397501c97d140ca17ac30e80ec7b98,gx-no-cache=1648480645691,gx-no-cache=1648482641098 HTTP/1.1" 200 112
190.171.141.98 - - [28/Mar/2022:13:03:08 -0300] "GET /cormun/servlet/trlicencias? HTTP/1.1" 200 10304
186.103.156.166 - - [28/Mar/2022:13:03:08 -0300] "GET /cormun/servlet/solicitudot?UPD,2022,18326,false, HTTP/1.1" 200 16513
190.171.141.98 - - [28/Mar/2022:13:03:08 -0300] "GET /cormun/servlet/trlicencias? HTTP/1.1" 200 10311
186.103.156.166 - - [28/Mar/2022:13:03:09 -0300] "GET /cormun/servlet/solicitudot?UPD,2022,18326,false, HTTP/1.1" 200 16502
186.103.156.166 - - [28/Mar/2022:13:03:09 -0300] "POST /cormun/servlet/solicitudot?gx-no-cache=1648482642981 HTTP/1.1" 200 3927
186.103.156.166 - - [28/Mar/2022:13:03:09 -0300] "POST /cormun/servlet/solicitudot?0c397501c97d140ca17ac30e80ec7b98,UPD,2022,18326,false,,gx-no-cache=1648482643133 HTTP/1.1" 200 12823
186.103.156.166 - - [28/Mar/2022:13:03:10 -0300] "GET /cormun/servlet/solicitudot?321864fcb122b1291523d3ddd94d5f760a80ad861f8aa45b04784c7b40cba8712d96222ed1ffac7dd68a46789baa1f68,gx-no-cache=1648482643362 HTTP/1.1" 200 30
186.103.156.166 - - [28/Mar/2022:13:03:10 -0300] "GET /cormun/servlet/solicitudot?321864fcb122b1291523d3ddd94d5f767215160afe75b8516ed138ea92767d8f8451f9631c0b55cc3bb97d7939462c75545cdc90c69db46d6d66eff32012ebad,gx-no-cache=1648482643426 HTTP/1.1" 200 30
186.103.156.166 - - [28/Mar/2022:13:03:10 -0300] "GET /cormun/servlet/solicitudot?321864fcb122b1291523d3ddd94d5f76280be730167f358679144511b09436cd30714a9d27cfcb54b38f014dc9009a797048ef6c9826c51348edfd7ed0c05855,gx-no-cache=1648482643463 HTTP/1.1" 200 53
186.103.156.166 - - [28/Mar/2022:13:03:10 -0300] "POST /cormun/servlet/solicitudot?gx-no-cache=1648482643495 HTTP/1.1" 200 240
186.103.156.166 - - [28/Mar/2022:13:03:10 -0300] "GET /cormun/servlet/solicitudot?321864fcb122b1291523d3ddd94d5f76929c09f1a147224d44450a128804fd9ece84bf6399eef4ca92d9a8e87fb229287fd0663388a0cc738c051ed2d0e531e930eec002fa2c8359412c93a5924c8eceb499f88810fbac652d26edee2f37e06fe0940ada8d28b20d581c83d0be64e6c52cf0fe69a067a231fd1d9bbdeb467f1b28d42adb1528a24a6dbb9e8ecf0614ffa1dde95b279fe6b6d159a8151236e93cc3c329334c7fca83d4f54006e8a0fc89d17240df56e21f97a8fe2da206e4f056a1a1bb98e6c6346e4f545d37f3f9917a202f1833a0cc1afe9aa05831a3db5d70f247950eb0d3b710fbab0cf33504c9603b800537678547d69a7fe8b61ab532c1f8c608ac3066d0d87d5c09f4e1a4f01630886a75a6e62810f70d52047b55cf47e6133f1465383567d3a73ef7f24f33182faf04850704e40cc2a43d4072b623a434605eb54e1d726242d2c90dc3f02727a72ec29e4240519a7c9996170ad3b566f6e4367cccd67be0bb9f6e1cda090f31d6f787125b78406ad68d5558cd7cda8d,gx-no-cache=1648482643540 HTTP/1.1" 200 30
186.103.156.166 - - [28/Mar/2022:13:03:10 -0300] "POST /cormun/servlet/solicitudot?gx-no-cache=1648482643567 HTTP/1.1" 200 30
186.103.156.166 - - [28/Mar/2022:13:03:10 -0300] "POST /cormun/servlet/solicitudot?gx-no-cache=1648482643611 HTTP/1.1" 200 1454
186.103.156.166 - - [28/Mar/2022:13:03:10 -0300] "POST /cormun/servlet/solicitudot?gx-no-cache=1648482643688 HTTP/1.1" 200 41
190.171.141.98 - - [28/Mar/2022:13:03:17 -0300] "GET /cormun/servlet/trsolicitudot? HTTP/1.1" 200 8497
190.171.141.98 - - [28/Mar/2022:13:03:17 -0300] "GET /cormun/servlet/trsolicitudot? HTTP/1.1" 200 8497
190.171.152.138 - - [28/Mar/2022:13:03:25 -0300] "POST /cormun/servlet/solicitudot?gx-no-cache=1648482661505 HTTP/1.1" 200 41
190.171.152.138 - - [28/Mar/2022:13:03:25 -0300] "GET /cormun/servlet/solicitudot?77d1753d10b648a71d136e87c222e59f469fd73a823ef145fcb9c0fb7d0ae2788b2da231d5fbc16bd3970336baeaa13e1b2f93761fa0d13b0814ef287da37a0684b0a15a1133086e586d7a0625113869c0ad46525e68980b9f3b2f43bd0365e5a2f16065f874850aa703bf0df6a3be94,gx-no-cache=1648482661544 HTTP/1.1" 200 110
190.171.141.98 - - [28/Mar/2022:13:03:27 -0300] "POST /cormun/servlet/trsolicitudot?146e2009b2100e3b324d47f1657fa6d5,,gx-no-cache=1648482661324 HTTP/1.1" 200 112
190.171.141.98 - - [28/Mar/2022:13:03:27 -0300] "GET /cormun/servlet/solicitudot?UPD,2022,18327,false, HTTP/1.1" 200 16162
190.171.141.98 - - [28/Mar/2022:13:03:28 -0300] "GET /cormun/servlet/solicitudot?UPD,2022,18327,false, HTTP/1.1" 200 16173
190.171.141.98 - - [28/Mar/2022:13:03:28 -0300] "POST /cormun/servlet/solicitudot?gx-no-cache=1648482662291 HTTP/1.1" 200 3926
190.171.152.138 - - [28/Mar/2022:13:03:28 -0300] "GET /cormun/servlet/solicitudot?77d1753d10b648a71d136e87c222e59f469fd73a823ef145fcb9c0fb7d0ae2788b2da231d5fbc16bd3970336baeaa13e1b2f93761fa0d13b0814ef287da37a0684b0a15a1133086e586d7a0625113869c0ad46525e68980b9f3b2f43bd0365e5a2f16065f874850aa703bf0df6a3be94,gx-no-cache=1648482664291 HTTP/1.1" 200 110
190.171.141.98 - - [28/Mar/2022:13:03:28 -0300] "POST /cormun/servlet/solicitudot?146e2009b2100e3b324d47f1657fa6d5,UPD,2022,18327,false,,gx-no-cache=1648482662400 HTTP/1.1" 200 12542
190.171.141.98 - - [28/Mar/2022:13:03:28 -0300] "GET /cormun/servlet/solicitudot?22e962959f69384036556f1a82c32645d0c2807421c7b740027f49bf11e6d645790af7342ec4390d1ec724a31760b4f3,gx-no-cache=1648482662543 HTTP/1.1" 200 30
190.171.141.98 - - [28/Mar/2022:13:03:28 -0300] "GET /cormun/servlet/solicitudot?22e962959f69384036556f1a82c32645709793f535f7864640f4e741b32b8268857583789a450192981a609254903be59d12a1ab6c167b3ca9148a9e3163798d,gx-no-cache=1648482662566 HTTP/1.1" 200 30
190.171.141.98 - - [28/Mar/2022:13:03:28 -0300] "GET /cormun/servlet/solicitudot?22e962959f69384036556f1a82c326459e559006ce697293102691dea0843034,gx-no-cache=1648482662585 HTTP/1.1" 200 29
190.171.141.98 - - [28/Mar/2022:13:03:28 -0300] "POST /cormun/servlet/solicitudot?gx-no-cache=1648482662607 HTTP/1.1" 200 297
190.171.141.98 - - [28/Mar/2022:13:03:28 -0300] "GET /cormun/servlet/solicitudot?22e962959f69384036556f1a82c32645cbbabf1b745e7a53e1fb418c98d8e37b0e6c6fc94ce92903a36ea5a0d81c0c79287e5253dd80aa208ca440f4bc62fbdc5245f8c84e4d6660e2da9dee608720ea66b5502e339ec9e69abc1a977ed775d79ef7e550bf0f23f95fe82a36b64d5ef465052a4e761c4f22c3e2cd11a0f644e9111ec62b2ec726308b1f52b9e1eac30ae697aa26c2e06fa0d4601138380370e82d34c16e476329169a36aac536b6e7f15667f3c135e5c0f525e0f882385ac6b69039e79f433341fd491a15857903243d53b32bf25c5733f42f6d70b9d7ac60fa4c51e61f2ae63242a1469f2c41ff197d80be9aa8079f3a31a7d28dd96aeb4cd516fc1d21aab1c1aea083a572457bd56056a6a85fc6686243dd5feaae7b5512648962f86f969d035f8f478460e1a680112221c40a52990a66cd7917702a2b3cade051cb6066d7b6db84a39764710b735889844898bb09986fa0bf8d34a5ceda0c74d1edda98ab095ae95920502431042a670db0552ba4c263f6eadaf48453ff6d433079cbb3c20cdd1814e2b65e3d87e1,gx-no-cache=1648482662632 HTTP/1.1" 200 30
190.171.141.98 - - [28/Mar/2022:13:03:28 -0300] "POST /cormun/servlet/solicitudot?gx-no-cache=1648482662653 HTTP/1.1" 200 30
190.171.141.98 - - [28/Mar/2022:13:03:28 -0300] "POST /cormun/servlet/solicitudot?gx-no-cache=1648482662677 HTTP/1.1" 200 1454
190.171.141.98 - - [28/Mar/2022:13:03:29 -0300] "POST /cormun/servlet/solicitudot?gx-no-cache=1648482662708 HTTP/1.1" 200 41
190.171.141.98 - - [28/Mar/2022:13:03:32 -0300] "GET /cormun/servlet/solicitudot?22e962959f69384036556f1a82c32645463b7e043e57db0fc8b5fefc152727a95aa7b72e91591b0022e21e959adeed129bd80d365d085482c1968665f8a0402bfc7171df1e055b507725278d2fd7c8304e50d5cf466ac9919d69e94ca5f981ddbb1ea553e6474b38c42a27a0009e226a,gx-no-cache=1648482665900 HTTP/1.1" 200 110
190.171.141.98 - - [28/Mar/2022:13:03:32 -0300] "POST /cormun/servlet/solicitudot?gx-no-cache=1648482665923 HTTP/1.1" 200 79
190.171.141.98 - - [28/Mar/2022:13:03:32 -0300] "GET /cormun/servlet/solicitudot?22e962959f69384036556f1a82c326455decef4201804f45027cde485ff28c7146335cffe3076959ceb45d8f222077279748c400d8cedea348de067795eefd9f2f25b0229451e7260245b0e604dbbda2bf6b93ca4001fbc54be31db18b9774e77fca3a1be6de7037c14414192f895f00,gx-no-cache=1648482665946 HTTP/1.1" 200 29
190.171.141.98 - - [28/Mar/2022:13:03:32 -0300] "GET /cormun/servlet/solicitudot?22e962959f69384036556f1a82c32645886f341219c5fcd75a23a28992e2d410123a4e06bb9e434138df4ff67566b74f,gx-no-cache=1648482665965 HTTP/1.1" 200 30
190.171.141.98 - - [28/Mar/2022:13:03:32 -0300] "GET /cormun/static/menuarrow.gif HTTP/1.1" 404 1015
190.171.141.98 - - [28/Mar/2022:13:03:34 -0300] "GET /cormun/servlet/solicitudot?22e962959f69384036556f1a82c32645463b7e043e57db0fc8b5fefc152727a95aa7b72e91591b0022e21e959adeed129bd80d365d085482c1968665f8a0402bfc7171df1e055b507725278d2fd7c8304e50d5cf466ac9919d69e94ca5f981ddbb1ea553e6474b38c42a27a0009e226a,gx-no-cache=1648482668158 HTTP/1.1" 200 110
190.171.152.138 - - [28/Mar/2022:13:03:35 -0300] "POST /cormun/servlet/solicitudot?gx-no-cache=1648482670912 HTTP/1.1" 200 34
186.103.156.166 - - [28/Mar/2022:13:03:36 -0300] "POST /cormun/servlet/solicitudot?gx-no-cache=1648482669259 HTTP/1.1" 200 4002
186.103.156.166 - - [28/Mar/2022:13:03:36 -0300] "GET /cormun/static/Shared/jqueryui/images/ui-bg_highlight-soft_100_c6c2c8_1x100.png HTTP/1.1" 404 1117
186.103.156.166 - - [28/Mar/2022:13:03:36 -0300] "GET /cormun/static/Shared/jqueryui/images/ui-icons_82798d_256x240.png HTTP/1.1" 404 1089
186.103.156.166 - - [28/Mar/2022:13:03:36 -0300] "GET /cormun/static/Shared/jqueryui/images/ui-bg_flat_55_994d53_40x100.png HTTP/1.1" 404 1097
186.103.156.166 - - [28/Mar/2022:13:03:36 -0300] "GET /cormun/static/Shared/jqueryui/images/ui-icons_ebccce_256x240.png HTTP/1.1" 404 1089
190.171.141.98 - - [28/Mar/2022:13:03:37 -0300] "POST /cormun/servlet/solicitudot?gx-no-cache=1648482670897 HTTP/1.1" 200 30
190.171.141.98 - - [28/Mar/2022:13:03:37 -0300] "POST /cormun/servlet/solicitudot?146e2009b2100e3b324d47f1657fa6d5,UPD,2022,18327,false,,gx-no-cache=1648482670921 HTTP/1.1" 200 93
190.171.141.98 - - [28/Mar/2022:13:03:37 -0300] "GET /cormun/servlet/hpexe_return? HTTP/1.1" 200 1012
190.171.141.98 - - [28/Mar/2022:13:03:37 -0300] "GET /cormun/servlet/trsolicitudot HTTP/1.1" 200 8502
190.171.141.98 - - [28/Mar/2022:13:03:37 -0300] "GET /cormun/servlet/trsolicitudot HTTP/1.1" 200 8498
190.171.141.98 - - [28/Mar/2022:13:03:48 -0300] "POST /cormun/servlet/trsolicitudot?146e2009b2100e3b324d47f1657fa6d5,gx-no-cache=1648482682005 HTTP/1.1" 200 107
190.171.141.98 - - [28/Mar/2022:13:03:48 -0300] "GET /cormun/servlet/trsolicitudadjuntos?2022,18327, HTTP/1.1" 200 5811
190.171.141.98 - - [28/Mar/2022:13:03:48 -0300] "GET /cormun/servlet/trsolicitudadjuntos?2022,18327, HTTP/1.1" 200 5811
181.162.184.241 - - [28/Mar/2022:13:04:01 -0300] "GET /cormun/servlet/hlogin HTTP/1.1" 200 1727
181.162.184.241 - - [28/Mar/2022:13:04:01 -0300] "GET /cormun/static/gxtimezone.js?85251 HTTP/1.1" 200 5781
181.162.184.241 - - [28/Mar/2022:13:04:01 -0300] "GET /cormun/static/messages.spa.js?85251 HTTP/1.1" 200 30736
181.162.184.241 - - [28/Mar/2022:13:04:01 -0300] "GET /cormun/static/gxcfg.js?201910216285969 HTTP/1.1" 200 953
181.162.184.241 - - [28/Mar/2022:13:04:01 -0300] "GET /cormun/static/hlogin.js?201910216285995 HTTP/1.1" 200 2136
181.162.184.241 - - [28/Mar/2022:13:04:01 -0300] "GET /cormun/static/Resources/Spanish/PXTools.css?2294816 HTTP/1.1" 200 100853
181.162.184.241 - - [28/Mar/2022:13:04:01 -0300] "GET /cormun/static/Resources/Logo2019_Grande.png HTTP/1.1" 200 31733
181.162.184.241 - - [28/Mar/2022:13:04:01 -0300] "GET /cormun/static/gxgral.js?85251 HTTP/1.1" 200 384558
181.162.184.241 - - [28/Mar/2022:13:04:01 -0300] "GET /cormun/static/Resources/indicator.gif HTTP/1.1" 200 1553
181.162.184.241 - - [28/Mar/2022:13:04:01 -0300] "GET /cormun/static/Resources/PXToolsLoginTop.png HTTP/1.1" 200 1337
181.162.184.241 - - [28/Mar/2022:13:04:01 -0300] "GET /cormun/static/Resources/PXToolsLoginBottom.png HTTP/1.1" 200 1389
181.162.184.241 - - [28/Mar/2022:13:04:01 -0300] "GET /cormun/static/Resources/PXToolsLoginBackground.png HTTP/1.1" 200 1164
181.162.184.241 - - [28/Mar/2022:13:04:01 -0300] "GET /cormun/static/Resources/PXToolsButtonRight.png HTTP/1.1" 200 1294
181.162.184.241 - - [28/Mar/2022:13:04:01 -0300] "GET /cormun/static/Resources/PXToolsButtonLeft.png HTTP/1.1" 200 1310
181.162.184.241 - - [28/Mar/2022:13:04:01 -0300] "GET /cormun/static/Resources/PXToolsButtonBackground.png HTTP/1.1" 200 1176
181.162.184.241 - - [28/Mar/2022:13:04:01 -0300] "GET /cormun/servlet/hlogin HTTP/1.1" 200 1737
181.162.184.241 - - [28/Mar/2022:13:04:01 -0300] "GET /cormun/static/Resources/PXToolsButtonRight.png HTTP/1.1" 200 1294
181.162.184.241 - - [28/Mar/2022:13:04:01 -0300] "GET /cormun/static/Resources/PXToolsButtonLeft.png HTTP/1.1" 200 1310
181.162.184.241 - - [28/Mar/2022:13:04:01 -0300] "GET /cormun/static/Resources/PXToolsButtonBackground.png HTTP/1.1" 200 1176
181.162.184.241 - - [28/Mar/2022:13:04:01 -0300] "GET /favicon.ico HTTP/1.1" 200 21630
186.103.156.166 - - [28/Mar/2022:13:04:04 -0300] "POST /cormun/servlet/solicitudot?0c397501c97d140ca17ac30e80ec7b98,UPD,2022,18326,false,,gx-no-cache=1648482697184 HTTP/1.1" 200 93
186.103.156.166 - - [28/Mar/2022:13:04:04 -0300] "GET /cormun/servlet/hpexe_return? HTTP/1.1" 200 1037
186.103.156.166 - - [28/Mar/2022:13:04:04 -0300] "GET /cormun/servlet/trsolicitudot?gx-no-cache=1648480645691 HTTP/1.1" 200 9305
186.103.156.166 - - [28/Mar/2022:13:04:05 -0300] "GET /cormun/servlet/trsolicitudot?gx-no-cache=1648480645691 HTTP/1.1" 200 9323
181.162.184.241 - - [28/Mar/2022:13:04:06 -0300] "GET /cormun/servlet/hlogin HTTP/1.1" 200 1720
186.103.156.166 - - [28/Mar/2022:13:04:12 -0300] "GET /cormun/servlet/solicitudot?INS,0,0,false, HTTP/1.1" 200 15947
186.103.156.166 - - [28/Mar/2022:13:04:13 -0300] "GET /cormun/servlet/solicitudot?INS,0,0,false, HTTP/1.1" 200 15932
190.171.152.138 - - [28/Mar/2022:13:04:13 -0300] "GET /cormun/servlet/solicitudot?77d1753d10b648a71d136e87c222e59f61afa3d0733e142892e896a6b96cc3e20c96e23fdddf1d6c2b9108ac26c3d29d,gx-no-cache=1648482709497 HTTP/1.1" 200 30
190.171.152.138 - - [28/Mar/2022:13:04:13 -0300] "POST /cormun/servlet/solicitudot?gx-no-cache=1648482709545 HTTP/1.1" 200 34
190.171.152.138 - - [28/Mar/2022:13:04:14 -0300] "POST /cormun/servlet/solicitudot?6aedd55eddab241281f71fca37943352,INS,0,0,false,,gx-no-cache=1648482709576 HTTP/1.1" 200 93
190.171.152.138 - - [28/Mar/2022:13:04:14 -0300] "GET /cormun/servlet/hpexe_return? HTTP/1.1" 200 1004
190.171.152.138 - - [28/Mar/2022:13:04:14 -0300] "GET /cormun/servlet/trsolicitudot HTTP/1.1" 200 9443
190.171.152.138 - - [28/Mar/2022:13:04:14 -0300] "GET /cormun/servlet/trsolicitudot HTTP/1.1" 200 9439
181.162.184.241 - - [28/Mar/2022:13:04:16 -0300] "POST /cormun/servlet/hlogin?296e2ce220a040287ef40ee6a6ee7ce2,gx-no-cache=1648482709980 HTTP/1.1" 200 90
181.162.184.241 - - [28/Mar/2022:13:04:16 -0300] "GET /cormun/servlet/hpexe_link HTTP/1.1" 200 954
181.162.184.241 - - [28/Mar/2022:13:04:16 -0300] "GET /cormun/static/gxcfg.js?201991422392958 HTTP/1.1" 200 953
181.162.184.241 - - [28/Mar/2022:13:04:16 -0300] "GET /cormun/static/hpexe_link.js?201991422392963 HTTP/1.1" 200 625
181.162.184.241 - - [28/Mar/2022:13:04:16 -0300] "GET /cormun/servlet/hhome HTTP/1.1" 200 4362
181.162.184.241 - - [28/Mar/2022:13:04:16 -0300] "GET /cormun/static/Resources/Spanish/PXTools.css?14345360 HTTP/1.1" 200 100853
181.162.184.241 - - [28/Mar/2022:13:04:16 -0300] "GET /cormun/static/Shared/jqueryui/jquery-ui.min.css?1345370 HTTP/1.1" 200 30288
181.162.184.241 - - [28/Mar/2022:13:04:16 -0300] "GET /cormun/static/SmoothNavMenu/resources/ddsmoothmenu-v.css?1112540 HTTP/1.1" 200 1188
181.162.184.241 - - [28/Mar/2022:13:04:16 -0300] "GET /cormun/static/SmoothNavMenu/resources/ddsmoothmenu.css?1112540 HTTP/1.1" 200 2223
181.162.184.241 - - [28/Mar/2022:13:04:16 -0300] "GET /cormun/static/PXToolsJavascripts/pexe_autoreload.js HTTP/1.1" 200 1762
181.162.184.241 - - [28/Mar/2022:13:04:16 -0300] "GET /cormun/static/PXToolsJavascripts/pexe_grid.js HTTP/1.1" 200 7559
181.162.184.241 - - [28/Mar/2022:13:04:16 -0300] "GET /cormun/static/scaMessage/css/jquery.pnotify.default.css?1816380 HTTP/1.1" 200 1707
181.162.184.241 - - [28/Mar/2022:13:04:16 -0300] "GET /cormun/static/PXToolsJavascripts/pexe_cookies.js HTTP/1.1" 200 792
181.162.184.241 - - [28/Mar/2022:13:04:16 -0300] "GET /cormun/static/PXToolsJavascripts/pexe_windows.js HTTP/1.1" 200 15207
181.162.184.241 - - [28/Mar/2022:13:04:16 -0300] "GET /cormun/static/PXToolsJavascripts/pexe_menudivfix.js HTTP/1.1" 200 333
181.162.184.241 - - [28/Mar/2022:13:04:16 -0300] "GET /cormun/static/PXToolsJavascripts/pexe_griddivfix.js HTTP/1.1" 200 6644
181.162.184.241 - - [28/Mar/2022:13:04:16 -0300] "GET /cormun/static/PXToolsJavascripts/pexe_menus.js HTTP/1.1" 200 1286
181.162.184.241 - - [28/Mar/2022:13:04:16 -0300] "GET /cormun/static/PXToolsJavascripts/pexe_link.js HTTP/1.1" 200 5671
181.162.184.241 - - [28/Mar/2022:13:04:16 -0300] "GET /cormun/static/PXToolsJavascripts/pexe_layers.js HTTP/1.1" 200 4114
181.162.184.241 - - [28/Mar/2022:13:04:16 -0300] "GET /cormun/static/PXToolsJavascripts/pexe_oav.js HTTP/1.1" 200 645
181.162.184.241 - - [28/Mar/2022:13:04:16 -0300] "GET /cormun/static/PXToolsJavascripts/pexe_picture.js HTTP/1.1" 200 689
181.162.184.241 - - [28/Mar/2022:13:04:16 -0300] "GET /cormun/static/PXToolsJavascripts/pexe_oavdivfix.js HTTP/1.1" 200 639
181.162.184.241 - - [28/Mar/2022:13:04:16 -0300] "GET /cormun/static/PXToolsJavascripts/pexe_popup.js HTTP/1.1" 200 13458
181.162.184.241 - - [28/Mar/2022:13:04:16 -0300] "GET /cormun/static/PXToolsJavascripts/pexe_tabs.js HTTP/1.1" 200 3748
181.162.184.241 - - [28/Mar/2022:13:04:16 -0300] "GET /cormun/static/PXToolsJavascripts/pexe_upload.js HTTP/1.1" 200 1423
181.162.184.241 - - [28/Mar/2022:13:04:16 -0300] "GET /cormun/static/PXToolsJavascripts/pexe_scrolldiv.js HTTP/1.1" 200 4138
181.162.184.241 - - [28/Mar/2022:13:04:16 -0300] "GET /cormun/static/PXToolsJavascripts/pexe_tabdivfix.js HTTP/1.1" 200 876
181.162.184.241 - - [28/Mar/2022:13:04:16 -0300] "GET /cormun/static/gxcfg.js?20201215495537 HTTP/1.1" 200 953
181.162.184.241 - - [28/Mar/2022:13:04:16 -0300] "GET /cormun/static/PXToolsJavascripts/PXToolsJavascriptsRender.js HTTP/1.1" 200 367
181.162.184.241 - - [28/Mar/2022:13:04:16 -0300] "GET /cormun/static/hhome.js?20201215495544 HTTP/1.1" 200 777
181.162.184.241 - - [28/Mar/2022:13:04:16 -0300] "GET /cormun/static/hwchdr01.js?20201214473739 HTTP/1.1" 200 996
181.162.184.241 - - [28/Mar/2022:13:04:16 -0300] "GET /cormun/static/hpexe_scripts.js?20201214471411 HTTP/1.1" 200 1544
181.162.184.241 - - [28/Mar/2022:13:04:16 -0300] "GET /cormun/static/hpexe_recentlink.js?20201214471090 HTTP/1.1" 200 2144
181.162.184.241 - - [28/Mar/2022:13:04:16 -0300] "GET /cormun/static/RunJS/RunJS.js HTTP/1.1" 200 288
181.162.184.241 - - [28/Mar/2022:13:04:16 -0300] "GET /cormun/static/Shared/ext/locale/ext-lang-en.js HTTP/1.1" 200 10940
181.162.184.241 - - [28/Mar/2022:13:04:16 -0300] "GET /cormun/static/hpexe_messagecontroller.js?201991422154126 HTTP/1.1" 200 870
181.162.184.241 - - [28/Mar/2022:13:04:16 -0300] "GET /cormun/static/hpexe_messagepopupcomponent.js?2020121447232 HTTP/1.1" 200 605
181.162.184.241 - - [28/Mar/2022:13:04:16 -0300] "GET /cormun/static/hpexe_messagegenexuscomponent.js?2020121447173 HTTP/1.1" 200 587
181.162.184.241 - - [28/Mar/2022:13:04:16 -0300] "GET /cormun/static/cmcontrolpreferences.js?20199141926336 HTTP/1.1" 200 1375
181.162.184.241 - - [28/Mar/2022:13:04:16 -0300] "GET /cormun/static/SmoothNavMenu/resources/ddsmoothmenu.js HTTP/1.1" 200 12712
181.162.184.241 - - [28/Mar/2022:13:04:16 -0300] "GET /cormun/static/gxui/gxui-all.js HTTP/1.1" 200 107772
181.162.184.241 - - [28/Mar/2022:13:04:16 -0300] "GET /cormun/static/Shared/jquery/jquery-1.4.2.min.js HTTP/1.1" 200 72174
181.162.184.241 - - [28/Mar/2022:13:04:16 -0300] "GET /cormun/static/SmoothNavMenu/resources/SmoothNavMenuRender.js HTTP/1.1" 200 5951
181.162.184.241 - - [28/Mar/2022:13:04:16 -0300] "GET /cormun/static/scaMessage/js/jquery.pnotify.min.js HTTP/1.1" 200 13038
181.162.184.241 - - [28/Mar/2022:13:04:16 -0300] "GET /cormun/static/scaMessage/scaMessageRender.js HTTP/1.1" 200 11977
181.162.184.241 - - [28/Mar/2022:13:04:16 -0300] "GET /cormun/static/hmpwkw03.js?20201215501896 HTTP/1.1" 200 3973
181.162.184.241 - - [28/Mar/2022:13:04:16 -0300] "GET /cormun/static/Shared/jqueryui/jquery-ui.min.js HTTP/1.1" 200 240427
181.162.184.241 - - [28/Mar/2022:13:04:16 -0300] "GET /cormun/static/Shared/jquery/jquery-1.10.2.min.js HTTP/1.1" 200 273199
181.162.184.241 - - [28/Mar/2022:13:04:17 -0300] "GET /cormun/static/Resources/Logo2019_Small.png HTTP/1.1" 200 10855
181.162.184.241 - - [28/Mar/2022:13:04:17 -0300] "GET /cormun/static/Resources/ImgHome.png HTTP/1.1" 200 1364
181.162.184.241 - - [28/Mar/2022:13:04:17 -0300] "GET /cormun/static/Resources/ImgLogin.png HTTP/1.1" 200 1432
181.162.184.241 - - [28/Mar/2022:13:04:17 -0300] "GET /cormun/static/Resources/Llave.png HTTP/1.1" 200 1395
181.162.184.241 - - [28/Mar/2022:13:04:17 -0300] "GET /cormun/static/Shared/ext/ext-all.js HTTP/1.1" 200 1289687
181.162.184.241 - - [28/Mar/2022:13:04:17 -0300] "GET /cormun/static/Resources/PXToolsDataTitle.png HTTP/1.1" 200 1173
181.162.184.241 - - [28/Mar/2022:13:04:17 -0300] "GET /cormun/static/SmoothNavMenu/resources/images/down.gif HTTP/1.1" 200 854
181.162.184.241 - - [28/Mar/2022:13:04:17 -0300] "GET /cormun/static/SmoothNavMenu/resources/images/right.gif HTTP/1.1" 200 860
181.162.184.241 - - [28/Mar/2022:13:04:17 -0300] "GET /cormun/servlet/hhome HTTP/1.1" 200 4358
190.171.141.114 - - [28/Mar/2022:13:04:20 -0300] "GET /cormun/servlet/trlicencias? HTTP/1.1" 200 9396
190.171.141.114 - - [28/Mar/2022:13:04:20 -0300] "GET /cormun/servlet/hlogin HTTP/1.1" 200 1741
190.171.141.114 - - [28/Mar/2022:13:04:20 -0300] "GET /cormun/servlet/trlicencias? HTTP/1.1" 200 9391
190.171.141.114 - - [28/Mar/2022:13:04:20 -0300] "GET /favicon.ico HTTP/1.1" 200 21630
181.162.184.241 - - [28/Mar/2022:13:04:21 -0300] "GET /cormun/servlet/trsolicitudot? HTTP/1.1" 200 7585
181.162.184.241 - - [28/Mar/2022:13:04:21 -0300] "GET /cormun/static/gxui/gxui-all.css?110300 HTTP/1.1" 200 2179
181.162.184.241 - - [28/Mar/2022:13:04:21 -0300] "GET /cormun/static/gxcfg.js?201991910464971 HTTP/1.1" 200 953
181.162.184.241 - - [28/Mar/2022:13:04:21 -0300] "GET /cormun/static/calendar-setup.js?85251 HTTP/1.1" 200 2588
181.162.184.241 - - [28/Mar/2022:13:04:21 -0300] "GET /cormun/static/calendar-system.css?75620 HTTP/1.1" 200 5572
181.162.184.241 - - [28/Mar/2022:13:04:21 -0300] "GET /cormun/static/calendar.js?85251 HTTP/1.1" 200 26246
181.162.184.241 - - [28/Mar/2022:13:04:21 -0300] "GET /cormun/static/calendar-es.js?85251 HTTP/1.1" 200 1901
181.162.184.241 - - [28/Mar/2022:13:04:21 -0300] "GET /cormun/static/gxdec.js?85251 HTTP/1.1" 200 19579
181.162.184.241 - - [28/Mar/2022:13:04:21 -0300] "GET /cormun/static/trsolicitudot.js?201991910465845 HTTP/1.1" 200 54041
181.162.184.241 - - [28/Mar/2022:13:04:21 -0300] "GET /cormun/static/Resources/PXTools/calendar.png HTTP/1.1" 200 1306
181.162.184.241 - - [28/Mar/2022:13:04:21 -0300] "GET /cormun/static/Resources/PXToolsDataSearch.png HTTP/1.1" 200 435
181.162.184.241 - - [28/Mar/2022:13:04:21 -0300] "GET /cormun/static/Resources/PXToolsGridFirstDisabled.gif HTTP/1.1" 200 100
181.162.184.241 - - [28/Mar/2022:13:04:21 -0300] "GET /cormun/static/Resources/PXToolsGridPreviousDisabled.gif HTTP/1.1" 200 90
181.162.184.241 - - [28/Mar/2022:13:04:21 -0300] "GET /cormun/static/Resources/PXToolsGridNextDisabled.gif HTTP/1.1" 200 90
181.162.184.241 - - [28/Mar/2022:13:04:21 -0300] "GET /cormun/static/Resources/PXToolsGridLastDisabled.gif HTTP/1.1" 200 98
181.162.184.241 - - [28/Mar/2022:13:04:21 -0300] "GET /cormun/static/Shared/ext/resources/css/ext-all.css?205870 HTTP/1.1" 200 416045
181.162.184.241 - - [28/Mar/2022:13:04:21 -0300] "GET /cormun/static/Resources/PXToolsGridPage.gif HTTP/1.1" 200 725
181.162.184.241 - - [28/Mar/2022:13:04:21 -0300] "GET /cormun/static/Resources/PXToolsActionExcel.png HTTP/1.1" 200 727
181.162.184.241 - - [28/Mar/2022:13:04:21 -0300] "GET /cormun/static/Resources/PXToolsAddAllAction.png HTTP/1.1" 200 495
181.162.184.241 - - [28/Mar/2022:13:04:21 -0300] "GET /cormun/static/Resources/desc.gif HTTP/1.1" 200 65
181.162.184.241 - - [28/Mar/2022:13:04:21 -0300] "GET /cormun/static/Resources/asc.gif HTTP/1.1" 200 67
181.162.184.241 - - [28/Mar/2022:13:04:21 -0300] "GET /cormun/servlet/trsolicitudot? HTTP/1.1" 200 7583
181.162.184.241 - - [28/Mar/2022:13:04:21 -0300] "GET /cormun/static/Shared/ext/resources/themes/images/default/tools/tool-sprites.gif HTTP/1.1" 200 5434
181.162.184.241 - - [28/Mar/2022:13:04:21 -0300] "GET /cormun/static/Shared/ext/resources/themes/images/default/panel/bg-headersPanel.png HTTP/1.1" 200 255
181.162.184.241 - - [28/Mar/2022:13:04:27 -0300] "POST /cormun/servlet/trsolicitudot?296e2ce220a040287ef40ee6a6ee7ce2,,gx-no-cache=1648482721230 HTTP/1.1" 200 7353
181.162.184.241 - - [28/Mar/2022:13:04:27 -0300] "GET /cormun//static/Resources/PXToolsGridUpdate.png HTTP/1.1" 200 470
181.162.184.241 - - [28/Mar/2022:13:04:27 -0300] "GET /cormun//static/Resources/PXToolsGridDelete.png HTTP/1.1" 200 538
181.162.184.241 - - [28/Mar/2022:13:04:27 -0300] "GET /cormun//static/Resources/PXToolsActionView.png HTTP/1.1" 200 398
181.162.184.241 - - [28/Mar/2022:13:04:27 -0300] "GET /cormun//static/Resources/PXToolsRemoveAllAction.png HTTP/1.1" 200 487
181.162.184.241 - - [28/Mar/2022:13:04:27 -0300] "GET /cormun//static/Resources/PXTools/ActionInsert.png HTTP/1.1" 200 1482
190.171.152.138 - - [28/Mar/2022:13:04:33 -0300] "GET /cormun/servlet/treventos?2022,18328, HTTP/1.1" 200 6275
190.171.152.138 - - [28/Mar/2022:13:04:33 -0300] "GET /cormun/static/gxcfg.js?20201215584657 HTTP/1.1" 200 953
190.171.152.138 - - [28/Mar/2022:13:04:33 -0300] "GET /cormun/static/treventos.js?2020121558506 HTTP/1.1" 200 16064
190.171.152.138 - - [28/Mar/2022:13:04:33 -0300] "GET /cormun/servlet/treventos?2022,18328, HTTP/1.1" 200 6275
190.171.152.138 - - [28/Mar/2022:13:04:35 -0300] "GET /cormun/servlet/trsolicitudot HTTP/1.1" 200 9443
190.171.152.138 - - [28/Mar/2022:13:04:36 -0300] "GET /cormun/servlet/trsolicitudot HTTP/1.1" 200 9439
190.171.152.138 - - [28/Mar/2022:13:04:42 -0300] "POST /cormun/servlet/trsolicitudot?6aedd55eddab241281f71fca37943352,gx-no-cache=1648482737888 HTTP/1.1" 200 6326
190.171.152.138 - - [28/Mar/2022:13:04:42 -0300] "GET /cormun/static/Shared/jqueryui/images/ui-bg_highlight-soft_100_c6c2c8_1x100.png HTTP/1.1" 404 1117
190.171.152.138 - - [28/Mar/2022:13:04:42 -0300] "GET /cormun/static/Shared/jqueryui/images/ui-icons_82798d_256x240.png HTTP/1.1" 404 1089
190.171.152.138 - - [28/Mar/2022:13:04:42 -0300] "GET /cormun/static/Shared/jqueryui/images/ui-bg_flat_55_fafafa_40x100.png HTTP/1.1" 404 1097
190.171.152.138 - - [28/Mar/2022:13:04:42 -0300] "GET /cormun/static/Shared/jqueryui/images/ui-icons_8d78a5_256x240.png HTTP/1.1" 404 1089
190.171.152.138 - - [28/Mar/2022:13:04:42 -0300] "POST /cormun/servlet/trsolicitudot?6aedd55eddab241281f71fca37943352,gx-no-cache=1648482738206 HTTP/1.1" 200 6269
190.171.152.138 - - [28/Mar/2022:13:04:44 -0300] "POST /cormun/servlet/trsolicitudot?6aedd55eddab241281f71fca37943352,gx-no-cache=1648482739861 HTTP/1.1" 200 5867
190.171.152.138 - - [28/Mar/2022:13:04:44 -0300] "POST /cormun/servlet/trsolicitudot?6aedd55eddab241281f71fca37943352,gx-no-cache=1648482740076 HTTP/1.1" 200 5812
190.171.141.98 - - [28/Mar/2022:13:04:46 -0300] "GET /cormun/servlet/solicitudotadjuntos?INS,2022,18327,,1, HTTP/1.1" 200 5937
190.171.141.98 - - [28/Mar/2022:13:04:46 -0300] "GET /cormun/static/gxcfg.js?202012157947 HTTP/1.1" 200 953
190.171.141.98 - - [28/Mar/2022:13:04:46 -0300] "GET /cormun/static/solicitudotadjuntos.js?202012157966 HTTP/1.1" 200 11771
190.171.141.98 - - [28/Mar/2022:13:04:46 -0300] "GET /cormun/static/about:blank HTTP/1.1" 404 1011
190.171.141.98 - - [28/Mar/2022:13:04:47 -0300] "GET /cormun/servlet/solicitudotadjuntos?INS,2022,18327,,1, HTTP/1.1" 200 5931
190.171.141.98 - - [28/Mar/2022:13:04:47 -0300] "GET /cormun/servlet/solicitudotadjuntos?22e962959f69384036556f1a82c326459c483c0b3827bb2c7590b0f151d38d07bad628c7b35a642c24d0dbadb7b422ea,gx-no-cache=1648482741203 HTTP/1.1" 200 30
190.171.141.98 - - [28/Mar/2022:13:04:47 -0300] "POST /cormun/servlet/solicitudotadjuntos?146e2009b2100e3b324d47f1657fa6d5,INS,2022,18327,,1,,gx-no-cache=1648482741224 HTTP/1.1" 200 3870
190.171.141.98 - - [28/Mar/2022:13:04:50 -0300] "POST /cormun/servlet/solicitudotadjuntos?gx-no-cache=1648482744161 HTTP/1.1" 200 26
186.103.156.166 - - [28/Mar/2022:13:05:01 -0300] "POST /cormun/servlet/solicitudot?gx-no-cache=1648482754261 HTTP/1.1" 200 3850
186.103.156.166 - - [28/Mar/2022:13:05:01 -0300] "POST /cormun/servlet/solicitudot?0c397501c97d140ca17ac30e80ec7b98,INS,0,0,false,,gx-no-cache=1648482754511 HTTP/1.1" 200 12686
186.103.156.166 - - [28/Mar/2022:13:05:02 -0300] "GET /cormun/servlet/solicitudot?321864fcb122b1291523d3ddd94d5f76ac80fa0a402804d304272684e76d38a60d70a820dd1939fecd3d8e2a838c85ae,gx-no-cache=1648482756036 HTTP/1.1" 200 111
186.103.156.166 - - [28/Mar/2022:13:05:02 -0300] "GET /cormun/static/Shared/jqueryui/images/ui-bg_highlight-soft_100_c6c2c8_1x100.png HTTP/1.1" 404 1117
186.103.156.166 - - [28/Mar/2022:13:05:02 -0300] "GET /cormun/static/Shared/jqueryui/images/ui-icons_82798d_256x240.png HTTP/1.1" 404 1089
186.103.156.166 - - [28/Mar/2022:13:05:02 -0300] "GET /cormun/static/Shared/jqueryui/images/ui-bg_flat_55_994d53_40x100.png HTTP/1.1" 404 1097
186.103.156.166 - - [28/Mar/2022:13:05:02 -0300] "GET /cormun/static/Shared/jqueryui/images/ui-icons_ebccce_256x240.png HTTP/1.1" 404 1089
186.103.156.166 - - [28/Mar/2022:13:05:08 -0300] "GET /cormun/servlet/prfichaempleado?,MD,,gxPopupLevel%3D0%3B HTTP/1.1" 200 9233
190.171.141.98 - - [28/Mar/2022:13:05:08 -0300] "GET /cormun/servlet/solicitudotadjuntos?22e962959f69384036556f1a82c32645069a217a7ac18a38d986621386220836,gx-no-cache=1648482762614 HTTP/1.1" 200 30
190.171.141.98 - - [28/Mar/2022:13:05:08 -0300] "GET /cormun/servlet/solicitudotadjuntos?22e962959f69384036556f1a82c32645069a217a7ac18a38d986621386220836,gx-no-cache=1648482762642 HTTP/1.1" 200 30
190.171.141.98 - - [28/Mar/2022:13:05:09 -0300] "POST /cormun/servlet/solicitudotadjuntos?146e2009b2100e3b324d47f1657fa6d5,INS,2022,18327,,1, HTTP/1.1" 200 116
190.171.141.98 - - [28/Mar/2022:13:05:09 -0300] "GET /cormun/servlet/hpexe_return? HTTP/1.1" 200 1025
190.171.141.98 - - [28/Mar/2022:13:05:09 -0300] "GET /cormun/servlet/trsolicitudadjuntos?2022,18327, HTTP/1.1" 200 8626
190.171.141.98 - - [28/Mar/2022:13:05:09 -0300] "GET /cormun/servlet/trsolicitudadjuntos?2022,18327, HTTP/1.1" 200 8625
190.171.141.98 - - [28/Mar/2022:13:05:12 -0300] "GET /cormun/servlet/solicitudotadjuntos?INS,2022,18327,,1, HTTP/1.1" 200 5937
190.171.141.98 - - [28/Mar/2022:13:05:13 -0300] "GET /cormun/static/about:blank HTTP/1.1" 404 1011
190.171.141.98 - - [28/Mar/2022:13:05:13 -0300] "GET /cormun/servlet/solicitudotadjuntos?INS,2022,18327,,1, HTTP/1.1" 200 5930
190.171.141.98 - - [28/Mar/2022:13:05:13 -0300] "GET /cormun/servlet/solicitudotadjuntos?22e962959f69384036556f1a82c326459c483c0b3827bb2c7590b0f151d38d07bad628c7b35a642c24d0dbadb7b422ea,gx-no-cache=1648482767264 HTTP/1.1" 200 30
190.171.141.98 - - [28/Mar/2022:13:05:13 -0300] "POST /cormun/servlet/solicitudotadjuntos?146e2009b2100e3b324d47f1657fa6d5,INS,2022,18327,,1,,gx-no-cache=1648482767291 HTTP/1.1" 200 3870
190.171.141.98 - - [28/Mar/2022:13:05:17 -0300] "POST /cormun/servlet/solicitudotadjuntos?gx-no-cache=1648482770744 HTTP/1.1" 200 26
186.103.156.166 - - [28/Mar/2022:13:05:18 -0300] "POST /cormun/servlet/prfichaempleado?0c397501c97d140ca17ac30e80ec7b98,,MD,,gxPopupLevel%3D0%3B,gx-no-cache=1648482771355 HTTP/1.1" 200 4143
190.171.141.114 - - [28/Mar/2022:13:05:19 -0300] "POST /cormun/servlet/hlogin?9d5c9b10704914f98cbdef61d55f1cb2,gx-no-cache=1648482773375 HTTP/1.1" 200 90
