192.168.10.17 - - [28/Mar/2022:10:46:30 -0300] "GET /cormun/static/Shared/jqueryui/images/ui-bg_flat_55_fafafa_40x100.png HTTP/1.1" 404 1097
192.168.10.17 - - [28/Mar/2022:10:46:30 -0300] "POST /cormun/servlet/vesolicitudgral?2576934d8e80cf7184754eb796749830,2022,18221,,,gx-no-cache=1648474280957 HTTP/1.1" 200 12037
192.168.10.199 - - [28/Mar/2022:10:46:33 -0300] "POST /cormun/servlet/trsolicitudgral?d12ad8ca3af56fca99b78be199c1c87b,,gx-no-cache=1648474283161 HTTP/1.1" 200 26052
192.168.10.17 - - [28/Mar/2022:10:46:33 -0300] "GET /cormun/servlet/trsolicitudgral? HTTP/1.1" 200 28449
192.168.10.17 - - [28/Mar/2022:10:46:34 -0300] "GET /cormun/servlet/trsolicitudgral? HTTP/1.1" 200 28444
192.168.10.17 - - [28/Mar/2022:10:46:54 -0300] "GET /cormun/servlet/trsolicitudgral? HTTP/1.1" 200 28449
192.168.10.17 - - [28/Mar/2022:10:46:55 -0300] "GET /cormun/servlet/trsolicitudgral? HTTP/1.1" 200 28444
192.168.10.199 - - [28/Mar/2022:10:46:56 -0300] "POST /cormun/servlet/trsolicitudgral?d12ad8ca3af56fca99b78be199c1c87b,,gx-no-cache=1648474306572 HTTP/1.1" 200 6641
45.155.204.146 - - [28/Mar/2022:10:46:58 -0300] "GET /manager/html HTTP/1.1" 401 2474
192.168.10.17 - - [28/Mar/2022:10:47:04 -0300] "POST /cormun/servlet/trsolicitudgral?2576934d8e80cf7184754eb796749830,,gx-no-cache=1648474314043 HTTP/1.1" 200 26028
192.168.10.17 - - [28/Mar/2022:10:47:08 -0300] "POST /cormun/servlet/trsolicitudgral?2576934d8e80cf7184754eb796749830,,gx-no-cache=1648474318197 HTTP/1.1" 200 23542
192.168.10.17 - - [28/Mar/2022:10:47:24 -0300] "GET /cormun/servlet/trautorizarot? HTTP/1.1" 200 20687
192.168.10.17 - - [28/Mar/2022:10:47:25 -0300] "GET /cormun/servlet/trautorizarot? HTTP/1.1" 200 20687
192.168.10.17 - - [28/Mar/2022:10:47:30 -0300] "GET /cormun/servlet/veautorizarot?2022,18221,, HTTP/1.1" 200 8330
192.168.10.17 - - [28/Mar/2022:10:47:30 -0300] "GET /cormun/pexe_scrolldiv.js HTTP/1.1" 404 1009
192.168.10.17 - - [28/Mar/2022:10:47:30 -0300] "GET /cormun/servlet/veautorizarot?2022,18221,, HTTP/1.1" 200 8330
45.155.204.146 - - [28/Mar/2022:10:47:31 -0300] "GET /manager/html HTTP/1.1" 401 2474
192.168.10.17 - - [28/Mar/2022:10:47:32 -0300] "POST /cormun/servlet/veautorizarot?2576934d8e80cf7184754eb796749830,2022,18221,,,gx-no-cache=1648474342318 HTTP/1.1" 200 12094
192.168.10.17 - - [28/Mar/2022:10:47:32 -0300] "GET /cormun/static/Shared/jqueryui/images/ui-icons_82798d_256x240.png HTTP/1.1" 404 1089
192.168.10.17 - - [28/Mar/2022:10:47:32 -0300] "GET /cormun/static/Shared/jqueryui/images/ui-bg_highlight-soft_100_c6c2c8_1x100.png HTTP/1.1" 404 1117
192.168.10.17 - - [28/Mar/2022:10:47:32 -0300] "GET /cormun/static/Shared/jqueryui/images/ui-bg_flat_55_fafafa_40x100.png HTTP/1.1" 404 1097
192.168.10.17 - - [28/Mar/2022:10:47:32 -0300] "GET /cormun/static/Shared/jqueryui/images/ui-icons_8d78a5_256x240.png HTTP/1.1" 404 1089
192.168.10.17 - - [28/Mar/2022:10:47:32 -0300] "POST /cormun/servlet/veautorizarot?2576934d8e80cf7184754eb796749830,2022,18221,,,gx-no-cache=1648474342501 HTTP/1.1" 200 12034
192.168.10.199 - - [28/Mar/2022:10:47:32 -0300] "POST /cormun/servlet/trsolicitudgral?d12ad8ca3af56fca99b78be199c1c87b,,gx-no-cache=1648474342929 HTTP/1.1" 200 5264
192.168.10.17 - - [28/Mar/2022:10:47:35 -0300] "GET /cormun/servlet/trsolicitudgral? HTTP/1.1" 200 26157
192.168.10.17 - - [28/Mar/2022:10:47:36 -0300] "GET /cormun/servlet/trsolicitudgral? HTTP/1.1" 200 26148
192.168.10.199 - - [28/Mar/2022:10:47:36 -0300] "POST /cormun/servlet/trsolicitudgral?d12ad8ca3af56fca99b78be199c1c87b,,gx-no-cache=1648474346576 HTTP/1.1" 200 7571
192.168.10.17 - - [28/Mar/2022:10:47:39 -0300] "POST /cormun/servlet/trsolicitudgral?2576934d8e80cf7184754eb796749830,,gx-no-cache=1648474349915 HTTP/1.1" 200 7226
192.168.10.17 - - [28/Mar/2022:10:47:42 -0300] "GET /cormun/servlet/vesolicitudgral?2022,18221,, HTTP/1.1" 200 8378
192.168.10.17 - - [28/Mar/2022:10:47:42 -0300] "GET /cormun/pexe_scrolldiv.js HTTP/1.1" 404 1009
192.168.10.17 - - [28/Mar/2022:10:47:42 -0300] "GET /cormun/servlet/vesolicitudgral?2022,18221,, HTTP/1.1" 200 8378
190.171.152.138 - - [28/Mar/2022:10:47:57 -0300] "GET /cormun/servlet/hlogin HTTP/1.1" 200 1729
45.155.204.146 - - [28/Mar/2022:10:48:04 -0300] "GET /manager/html HTTP/1.1" 401 2474
190.171.152.138 - - [28/Mar/2022:10:48:11 -0300] "POST /cormun/servlet/hlogin?6244c03f76444d21cb06ee8a6e237695,gx-no-cache=1648474546404 HTTP/1.1" 200 90
190.171.152.138 - - [28/Mar/2022:10:48:11 -0300] "GET /cormun/servlet/hpexe_link HTTP/1.1" 200 954
190.171.152.138 - - [28/Mar/2022:10:48:11 -0300] "GET /cormun/static/hpexe_link.js?201991422392963 HTTP/1.1" 200 625
190.171.152.138 - - [28/Mar/2022:10:48:11 -0300] "GET /cormun/static/gxcfg.js?201991422392958 HTTP/1.1" 200 953
190.171.152.138 - - [28/Mar/2022:10:48:11 -0300] "GET /cormun/servlet/hhome HTTP/1.1" 200 4221
190.171.152.138 - - [28/Mar/2022:10:48:12 -0300] "GET /cormun/static/gxcfg.js?20201215495537 HTTP/1.1" 200 953
190.171.152.138 - - [28/Mar/2022:10:48:12 -0300] "GET /cormun/static/scaMessage/css/jquery.pnotify.default.css?1816380 HTTP/1.1" 200 1707
190.171.152.138 - - [28/Mar/2022:10:48:12 -0300] "GET /cormun/static/SmoothNavMenu/resources/ddsmoothmenu-v.css?1112540 HTTP/1.1" 200 1188
190.171.152.138 - - [28/Mar/2022:10:48:12 -0300] "GET /cormun/static/Shared/jqueryui/jquery-ui.min.css?1345370 HTTP/1.1" 200 30288
190.171.152.138 - - [28/Mar/2022:10:48:12 -0300] "GET /cormun/static/SmoothNavMenu/resources/ddsmoothmenu.css?1112540 HTTP/1.1" 200 2223
190.171.152.138 - - [28/Mar/2022:10:48:12 -0300] "GET /cormun/static/PXToolsJavascripts/pexe_autoreload.js HTTP/1.1" 200 1762
190.171.152.138 - - [28/Mar/2022:10:48:12 -0300] "GET /cormun/static/PXToolsJavascripts/pexe_cookies.js HTTP/1.1" 200 792
190.171.152.138 - - [28/Mar/2022:10:48:12 -0300] "GET /cormun/static/PXToolsJavascripts/pexe_windows.js HTTP/1.1" 200 15207
190.171.152.138 - - [28/Mar/2022:10:48:12 -0300] "GET /cormun/static/PXToolsJavascripts/pexe_grid.js HTTP/1.1" 200 7559
190.171.152.138 - - [28/Mar/2022:10:48:12 -0300] "GET /cormun/static/PXToolsJavascripts/pexe_griddivfix.js HTTP/1.1" 200 6644
190.171.152.138 - - [28/Mar/2022:10:48:12 -0300] "GET /cormun/static/PXToolsJavascripts/pexe_link.js HTTP/1.1" 200 5671
190.171.152.138 - - [28/Mar/2022:10:48:12 -0300] "GET /cormun/static/PXToolsJavascripts/pexe_menudivfix.js HTTP/1.1" 200 333
190.171.152.138 - - [28/Mar/2022:10:48:12 -0300] "GET /cormun/static/PXToolsJavascripts/pexe_menus.js HTTP/1.1" 200 1286
190.171.152.138 - - [28/Mar/2022:10:48:12 -0300] "GET /cormun/static/Resources/Spanish/PXTools.css?14345360 HTTP/1.1" 200 100853
190.171.152.138 - - [28/Mar/2022:10:48:12 -0300] "GET /cormun/static/PXToolsJavascripts/pexe_layers.js HTTP/1.1" 200 4114
190.171.152.138 - - [28/Mar/2022:10:48:12 -0300] "GET /cormun/static/PXToolsJavascripts/pexe_oav.js HTTP/1.1" 200 645
190.171.152.138 - - [28/Mar/2022:10:48:12 -0300] "GET /cormun/static/PXToolsJavascripts/pexe_oavdivfix.js HTTP/1.1" 200 639
190.171.152.138 - - [28/Mar/2022:10:48:12 -0300] "GET /cormun/static/PXToolsJavascripts/pexe_picture.js HTTP/1.1" 200 689
190.171.152.138 - - [28/Mar/2022:10:48:12 -0300] "GET /cormun/static/PXToolsJavascripts/pexe_popup.js HTTP/1.1" 200 13458
190.171.152.138 - - [28/Mar/2022:10:48:12 -0300] "GET /cormun/static/PXToolsJavascripts/pexe_scrolldiv.js HTTP/1.1" 200 4138
190.171.152.138 - - [28/Mar/2022:10:48:12 -0300] "GET /cormun/static/PXToolsJavascripts/pexe_tabdivfix.js HTTP/1.1" 200 876
190.171.152.138 - - [28/Mar/2022:10:48:12 -0300] "GET /cormun/static/PXToolsJavascripts/pexe_tabs.js HTTP/1.1" 200 3748
190.171.152.138 - - [28/Mar/2022:10:48:12 -0300] "GET /cormun/static/PXToolsJavascripts/pexe_upload.js HTTP/1.1" 200 1423
190.171.152.138 - - [28/Mar/2022:10:48:12 -0300] "GET /cormun/static/PXToolsJavascripts/PXToolsJavascriptsRender.js HTTP/1.1" 200 367
190.171.152.138 - - [28/Mar/2022:10:48:12 -0300] "GET /cormun/static/RunJS/RunJS.js HTTP/1.1" 200 288
190.171.152.138 - - [28/Mar/2022:10:48:12 -0300] "GET /cormun/static/hwchdr01.js?20201214473739 HTTP/1.1" 200 996
190.171.152.138 - - [28/Mar/2022:10:48:12 -0300] "GET /cormun/static/hhome.js?20201215495544 HTTP/1.1" 200 777
190.171.152.138 - - [28/Mar/2022:10:48:12 -0300] "GET /cormun/static/Shared/ext/locale/ext-lang-en.js HTTP/1.1" 200 10940
190.171.152.138 - - [28/Mar/2022:10:48:12 -0300] "GET /cormun/static/Resources/Logo2019_Small.png HTTP/1.1" 200 10855
190.171.152.138 - - [28/Mar/2022:10:48:12 -0300] "GET /cormun/static/Resources/ImgHome.png HTTP/1.1" 200 1364
190.171.152.138 - - [28/Mar/2022:10:48:12 -0300] "GET /cormun/static/Resources/ImgLogin.png HTTP/1.1" 200 1432
190.171.152.138 - - [28/Mar/2022:10:48:12 -0300] "GET /cormun/static/Resources/PXToolsDataTitle.png HTTP/1.1" 200 1173
190.171.152.138 - - [28/Mar/2022:10:48:12 -0300] "GET /cormun/static/Resources/Llave.png HTTP/1.1" 200 1395
190.171.152.138 - - [28/Mar/2022:10:48:12 -0300] "GET /cormun/static/hpexe_scripts.js?20201214471411 HTTP/1.1" 200 1544
190.171.152.138 - - [28/Mar/2022:10:48:12 -0300] "GET /cormun/static/hpexe_recentlink.js?20201214471090 HTTP/1.1" 200 2144
190.171.152.138 - - [28/Mar/2022:10:48:12 -0300] "GET /cormun/static/hpexe_messagecontroller.js?201991422154126 HTTP/1.1" 200 870
190.171.152.138 - - [28/Mar/2022:10:48:12 -0300] "GET /cormun/static/hpexe_messagepopupcomponent.js?2020121447232 HTTP/1.1" 200 605
190.171.152.138 - - [28/Mar/2022:10:48:12 -0300] "GET /cormun/static/gxui/gxui-all.js HTTP/1.1" 200 107772
190.171.152.138 - - [28/Mar/2022:10:48:12 -0300] "GET /cormun/static/cmcontrolpreferences.js?20199141926336 HTTP/1.1" 200 1375
190.171.152.138 - - [28/Mar/2022:10:48:12 -0300] "GET /cormun/static/hpexe_messagegenexuscomponent.js?2020121447173 HTTP/1.1" 200 587
190.171.152.138 - - [28/Mar/2022:10:48:12 -0300] "GET /cormun/static/SmoothNavMenu/resources/ddsmoothmenu.js HTTP/1.1" 200 12712
190.171.152.138 - - [28/Mar/2022:10:48:12 -0300] "GET /cormun/static/SmoothNavMenu/resources/SmoothNavMenuRender.js HTTP/1.1" 200 5951
190.171.152.138 - - [28/Mar/2022:10:48:12 -0300] "GET /cormun/static/scaMessage/js/jquery.pnotify.min.js HTTP/1.1" 200 13038
190.171.152.138 - - [28/Mar/2022:10:48:12 -0300] "GET /cormun/static/scaMessage/scaMessageRender.js HTTP/1.1" 200 11977
190.171.152.138 - - [28/Mar/2022:10:48:12 -0300] "GET /cormun/static/Shared/jquery/jquery-1.4.2.min.js HTTP/1.1" 200 72174
190.171.152.138 - - [28/Mar/2022:10:48:12 -0300] "GET /cormun/static/hmpwkw03.js?20201215501896 HTTP/1.1" 200 3973
190.171.152.138 - - [28/Mar/2022:10:48:12 -0300] "GET /cormun/static/Shared/jquery/jquery-1.10.2.min.js HTTP/1.1" 200 273199
190.171.152.138 - - [28/Mar/2022:10:48:12 -0300] "GET /cormun/static/Shared/jqueryui/jquery-ui.min.js HTTP/1.1" 200 240427
190.171.152.138 - - [28/Mar/2022:10:48:13 -0300] "GET /cormun/static/Shared/ext/ext-all.js HTTP/1.1" 200 1289687
190.171.152.138 - - [28/Mar/2022:10:48:13 -0300] "GET /cormun/static/SmoothNavMenu/resources/images/right.gif HTTP/1.1" 200 860
190.171.152.138 - - [28/Mar/2022:10:48:13 -0300] "GET /cormun/static/SmoothNavMenu/resources/images/down.gif HTTP/1.1" 200 854
190.171.152.138 - - [28/Mar/2022:10:48:13 -0300] "GET /cormun/servlet/hhome HTTP/1.1" 200 4217
192.168.10.17 - - [28/Mar/2022:10:48:18 -0300] "GET /cormun/servlet/vesolicitudgral?2022,18221,,SolicitudOTAdjuntos HTTP/1.1" 200 10844
192.168.10.17 - - [28/Mar/2022:10:48:18 -0300] "GET /cormun/pexe_scrolldiv.js HTTP/1.1" 404 1009
192.168.10.17 - - [28/Mar/2022:10:48:18 -0300] "GET /cormun/servlet/vesolicitudgral?2022,18221,,SolicitudOTAdjuntos HTTP/1.1" 200 10845
192.168.10.17 - - [28/Mar/2022:10:48:19 -0300] "POST /cormun/servlet/acontrolpreferencessavestate?None,RRHH+DANIELA,true HTTP/1.1" 200 35
190.171.141.106 - - [28/Mar/2022:10:48:22 -0300] "GET /cormun/servlet/trlicencias? HTTP/1.1" 200 9380
190.171.141.106 - - [28/Mar/2022:10:48:23 -0300] "GET /cormun/servlet/hlogin HTTP/1.1" 200 1741
190.171.141.106 - - [28/Mar/2022:10:48:23 -0300] "GET /cormun/servlet/trlicencias? HTTP/1.1" 200 9392
190.171.141.106 - - [28/Mar/2022:10:48:32 -0300] "POST /cormun/servlet/hlogin?5a38dd3077f93bddce77d902217d9264,gx-no-cache=1648474570786 HTTP/1.1" 200 90
190.171.141.106 - - [28/Mar/2022:10:48:32 -0300] "GET /cormun/servlet/hpexe_link HTTP/1.1" 200 953
190.171.141.106 - - [28/Mar/2022:10:48:32 -0300] "GET /cormun/servlet/trlicencias HTTP/1.1" 200 11932
190.171.141.106 - - [28/Mar/2022:10:48:32 -0300] "GET /cormun/servlet/trlicencias HTTP/1.1" 200 11917
192.168.10.17 - - [28/Mar/2022:10:48:34 -0300] "GET /cormun/PublicTempStorage/certificado_afp_edson837232.pdf HTTP/1.1" 200 115249
45.155.204.146 - - [28/Mar/2022:10:48:37 -0300] "GET /manager/html HTTP/1.1" 401 2474
192.168.10.17 - - [28/Mar/2022:10:48:53 -0300] "GET /cormun/servlet/vesolicitudgral?2022,18221,,SolicitudOTAdjuntos HTTP/1.1" 200 10841
192.168.10.17 - - [28/Mar/2022:10:48:54 -0300] "GET /cormun/servlet/vesolicitudgral?2022,18221,,SolicitudOTAdjuntos HTTP/1.1" 200 10846
192.168.10.17 - - [28/Mar/2022:10:48:54 -0300] "POST /cormun/servlet/acontrolpreferencessavestate?None,RRHH+DANIELA,true HTTP/1.1" 200 35
192.168.10.17 - - [28/Mar/2022:10:48:57 -0300] "GET /cormun/PublicTempStorage/certificado_salud3443730.pdf HTTP/1.1" 200 131941
45.155.204.146 - - [28/Mar/2022:10:49:11 -0300] "GET /manager/html HTTP/1.1" 401 2474
192.168.10.17 - - [28/Mar/2022:10:49:19 -0300] "GET /cormun/servlet/vesolicitudgral?2022,18221,,SolicitudOTAdjuntos HTTP/1.1" 200 10840
192.168.10.17 - - [28/Mar/2022:10:49:20 -0300] "GET /cormun/servlet/vesolicitudgral?2022,18221,,SolicitudOTAdjuntos HTTP/1.1" 200 10846
192.168.10.17 - - [28/Mar/2022:10:49:20 -0300] "POST /cormun/servlet/acontrolpreferencessavestate?None,RRHH+DANIELA,true HTTP/1.1" 200 35
190.171.152.138 - - [28/Mar/2022:10:49:22 -0300] "GET /cormun/servlet/trautorizarsolicitud? HTTP/1.1" 200 9476
190.171.152.138 - - [28/Mar/2022:10:49:22 -0300] "GET /cormun/static/gxui/gxui-all.css?110300 HTTP/1.1" 200 2179
190.171.152.138 - - [28/Mar/2022:10:49:22 -0300] "GET /cormun/static/calendar-system.css?75620 HTTP/1.1" 200 5572
190.171.152.138 - - [28/Mar/2022:10:49:22 -0300] "GET /cormun/static/calendar-setup.js?85251 HTTP/1.1" 200 2588
190.171.152.138 - - [28/Mar/2022:10:49:22 -0300] "GET /cormun/static/calendar-es.js?85251 HTTP/1.1" 200 1901
190.171.152.138 - - [28/Mar/2022:10:49:22 -0300] "GET /cormun/static/gxcfg.js?201991422414522 HTTP/1.1" 200 953
190.171.152.138 - - [28/Mar/2022:10:49:22 -0300] "GET /cormun/static/calendar.js?85251 HTTP/1.1" 200 26246
190.171.152.138 - - [28/Mar/2022:10:49:22 -0300] "GET /cormun/static/gxdec.js?85251 HTTP/1.1" 200 19579
190.171.152.138 - - [28/Mar/2022:10:49:22 -0300] "GET /cormun/static/trautorizarsolicitud.js?201991422415463 HTTP/1.1" 200 53910
190.171.152.138 - - [28/Mar/2022:10:49:22 -0300] "GET /cormun/static/Resources/PXTools/calendar.png HTTP/1.1" 200 1306
190.171.152.138 - - [28/Mar/2022:10:49:22 -0300] "GET /cormun/static/Resources/PXToolsDataSearch.png HTTP/1.1" 200 435
190.171.152.138 - - [28/Mar/2022:10:49:22 -0300] "GET /cormun/static/Shared/ext/resources/css/ext-all.css?205870 HTTP/1.1" 200 416045
190.171.152.138 - - [28/Mar/2022:10:49:22 -0300] "GET /cormun/static/Resources/PXToolsGridFirstDisabled.gif HTTP/1.1" 200 100
190.171.152.138 - - [28/Mar/2022:10:49:22 -0300] "GET /cormun/static/Resources/PXToolsGridPreviousDisabled.gif HTTP/1.1" 200 90
190.171.152.138 - - [28/Mar/2022:10:49:22 -0300] "GET /cormun/static/Resources/PXToolsGridNextDisabled.gif HTTP/1.1" 200 90
190.171.152.138 - - [28/Mar/2022:10:49:23 -0300] "GET /cormun/static/Resources/PXToolsActionExcel.png HTTP/1.1" 200 727
190.171.152.138 - - [28/Mar/2022:10:49:23 -0300] "GET /cormun/static/Resources/PXToolsGridLastDisabled.gif HTTP/1.1" 200 98
190.171.152.138 - - [28/Mar/2022:10:49:23 -0300] "GET /cormun/static/Resources/PXToolsGridPage.gif HTTP/1.1" 200 725
190.171.152.138 - - [28/Mar/2022:10:49:23 -0300] "GET /cormun/static/Resources/asc.gif HTTP/1.1" 200 67
190.171.152.138 - - [28/Mar/2022:10:49:23 -0300] "GET /cormun/static/Resources/desc.gif HTTP/1.1" 200 65
190.171.152.138 - - [28/Mar/2022:10:49:23 -0300] "GET /cormun//static/Resources/PXToolsActionView.png HTTP/1.1" 200 398
190.171.152.138 - - [28/Mar/2022:10:49:23 -0300] "GET /cormun//static/Resources/PXToolsGridDelete.png HTTP/1.1" 200 538
190.171.152.138 - - [28/Mar/2022:10:49:23 -0300] "GET /cormun//static/Resources/PXToolsRemoveAllAction.png HTTP/1.1" 200 487
190.171.152.138 - - [28/Mar/2022:10:49:23 -0300] "GET /cormun//static/Resources/PXTools/ActionInsert.png HTTP/1.1" 200 1482
190.171.152.138 - - [28/Mar/2022:10:49:23 -0300] "GET /cormun//static/Resources/PXToolsGridUpdate.png HTTP/1.1" 200 470
190.171.152.138 - - [28/Mar/2022:10:49:23 -0300] "GET /cormun/servlet/trautorizarsolicitud? HTTP/1.1" 200 9474
190.171.152.138 - - [28/Mar/2022:10:49:23 -0300] "GET /cormun/static/Shared/ext/resources/themes/images/default/panel/bg-headersPanel.png HTTP/1.1" 200 255
190.171.152.138 - - [28/Mar/2022:10:49:23 -0300] "GET /cormun/static/Shared/ext/resources/themes/images/default/tools/tool-sprites.gif HTTP/1.1" 200 5434
192.168.10.17 - - [28/Mar/2022:10:49:25 -0300] "GET /cormun/PublicTempStorage/cedula_de_identidad_%281%29865331.docx HTTP/1.1" 200 224991
190.171.152.138 - - [28/Mar/2022:10:49:27 -0300] "GET /cormun/servlet/trsolicitudot? HTTP/1.1" 200 9241
190.171.152.138 - - [28/Mar/2022:10:49:27 -0300] "GET /cormun/static/gxcfg.js?201991910464971 HTTP/1.1" 200 953
190.171.152.138 - - [28/Mar/2022:10:49:27 -0300] "GET /cormun/static/trsolicitudot.js?201991910465845 HTTP/1.1" 200 54041
190.171.152.138 - - [28/Mar/2022:10:49:27 -0300] "GET /cormun/static/Resources/PXToolsAddAllAction.png HTTP/1.1" 200 495
190.171.152.138 - - [28/Mar/2022:10:49:27 -0300] "GET /cormun/servlet/trsolicitudot? HTTP/1.1" 200 9240
190.171.152.138 - - [28/Mar/2022:10:49:30 -0300] "POST /cormun/servlet/trsolicitudot?6244c03f76444d21cb06ee8a6e237695,,gx-no-cache=1648474625533 HTTP/1.1" 200 6684
190.171.152.138 - - [28/Mar/2022:10:49:30 -0300] "GET /cormun/static/Shared/jqueryui/images/ui-icons_82798d_256x240.png HTTP/1.1" 404 1089
190.171.152.138 - - [28/Mar/2022:10:49:30 -0300] "GET /cormun/static/Shared/jqueryui/images/ui-bg_highlight-soft_100_c6c2c8_1x100.png HTTP/1.1" 404 1117
190.171.152.138 - - [28/Mar/2022:10:49:30 -0300] "GET /cormun/static/Shared/jqueryui/images/ui-icons_8d78a5_256x240.png HTTP/1.1" 404 1089
190.171.152.138 - - [28/Mar/2022:10:49:30 -0300] "GET /cormun/static/Shared/jqueryui/images/ui-bg_flat_55_fafafa_40x100.png HTTP/1.1" 404 1097
192.168.10.199 - - [28/Mar/2022:10:49:37 -0300] "GET /cormun/servlet/vesolicitudgral?2022,18061,, HTTP/1.1" 200 8399
192.168.10.199 - - [28/Mar/2022:10:49:37 -0300] "GET /cormun/pexe_scrolldiv.js HTTP/1.1" 404 1009
192.168.10.199 - - [28/Mar/2022:10:49:38 -0300] "GET /cormun/servlet/vesolicitudgral?2022,18061,, HTTP/1.1" 200 8398
192.168.10.199 - - [28/Mar/2022:10:49:41 -0300] "POST /cormun/servlet/vesolicitudgral?d12ad8ca3af56fca99b78be199c1c87b,2022,18061,,,gx-no-cache=1648474471770 HTTP/1.1" 200 12071
192.168.10.199 - - [28/Mar/2022:10:49:41 -0300] "GET /cormun/static/Shared/jqueryui/images/ui-icons_82798d_256x240.png HTTP/1.1" 404 1089
192.168.10.199 - - [28/Mar/2022:10:49:41 -0300] "GET /cormun/static/Shared/jqueryui/images/ui-bg_highlight-soft_100_c6c2c8_1x100.png HTTP/1.1" 404 1117
192.168.10.199 - - [28/Mar/2022:10:49:41 -0300] "GET /cormun/static/Shared/jqueryui/images/ui-icons_8d78a5_256x240.png HTTP/1.1" 404 1089
192.168.10.199 - - [28/Mar/2022:10:49:41 -0300] "GET /cormun/static/Shared/jqueryui/images/ui-bg_flat_55_fafafa_40x100.png HTTP/1.1" 404 1097
192.168.10.199 - - [28/Mar/2022:10:49:41 -0300] "POST /cormun/servlet/vesolicitudgral?d12ad8ca3af56fca99b78be199c1c87b,2022,18061,,,gx-no-cache=1648474471956 HTTP/1.1" 200 12004
190.171.152.138 - - [28/Mar/2022:10:49:42 -0300] "POST /cormun/servlet/trsolicitudot?6244c03f76444d21cb06ee8a6e237695,,gx-no-cache=1648474637522 HTTP/1.1" 200 6684
192.168.10.199 - - [28/Mar/2022:10:49:44 -0300] "POST /cormun/servlet/vesolicitudgral?d12ad8ca3af56fca99b78be199c1c87b,2022,18061,,,gx-no-cache=1648474474741 HTTP/1.1" 200 90
192.168.10.199 - - [28/Mar/2022:10:49:44 -0300] "GET /cormun/servlet/hpexe_link HTTP/1.1" 200 968
192.168.10.17 - - [28/Mar/2022:10:49:44 -0300] "GET /cormun/PublicTempStorage/curriculum_edson6395636.pdf HTTP/1.1" 200 847053
45.155.204.146 - - [28/Mar/2022:10:49:44 -0300] "GET /manager/html HTTP/1.1" 401 2474
192.168.10.199 - - [28/Mar/2022:10:49:44 -0300] "GET /cormun/servlet/trsolicitudgral? HTTP/1.1" 200 10278
192.168.10.199 - - [28/Mar/2022:10:49:45 -0300] "GET /cormun/servlet/trsolicitudgral? HTTP/1.1" 200 10276
190.171.152.138 - - [28/Mar/2022:10:50:10 -0300] "POST /cormun/servlet/trsolicitudot?6244c03f76444d21cb06ee8a6e237695,,gx-no-cache=1648474666084 HTTP/1.1" 200 6684
45.155.204.146 - - [28/Mar/2022:10:50:18 -0300] "GET /manager/html HTTP/1.1" 401 2474
190.171.152.138 - - [28/Mar/2022:10:50:22 -0300] "POST /cormun/servlet/trsolicitudot?6244c03f76444d21cb06ee8a6e237695,,gx-no-cache=1648474677132 HTTP/1.1" 200 6685
192.168.10.199 - - [28/Mar/2022:10:50:26 -0300] "GET /cormun/servlet/vesolicitudgral?2022,18026,, HTTP/1.1" 200 8412
192.168.10.199 - - [28/Mar/2022:10:50:26 -0300] "GET /cormun/pexe_scrolldiv.js HTTP/1.1" 404 1009
192.168.10.199 - - [28/Mar/2022:10:50:26 -0300] "GET /cormun/servlet/vesolicitudgral?2022,18026,, HTTP/1.1" 200 8412
192.168.10.199 - - [28/Mar/2022:10:50:28 -0300] "POST /cormun/servlet/vesolicitudgral?d12ad8ca3af56fca99b78be199c1c87b,2022,18026,,,gx-no-cache=1648474518780 HTTP/1.1" 200 12076
192.168.10.199 - - [28/Mar/2022:10:50:28 -0300] "GET /cormun/static/Shared/jqueryui/images/ui-icons_82798d_256x240.png HTTP/1.1" 404 1089
192.168.10.199 - - [28/Mar/2022:10:50:28 -0300] "GET /cormun/static/Shared/jqueryui/images/ui-bg_highlight-soft_100_c6c2c8_1x100.png HTTP/1.1" 404 1117
192.168.10.199 - - [28/Mar/2022:10:50:28 -0300] "GET /cormun/static/Shared/jqueryui/images/ui-bg_flat_55_fafafa_40x100.png HTTP/1.1" 404 1097
192.168.10.199 - - [28/Mar/2022:10:50:28 -0300] "GET /cormun/static/Shared/jqueryui/images/ui-icons_8d78a5_256x240.png HTTP/1.1" 404 1089
192.168.10.199 - - [28/Mar/2022:10:50:28 -0300] "POST /cormun/servlet/vesolicitudgral?d12ad8ca3af56fca99b78be199c1c87b,2022,18026,,,gx-no-cache=1648474519028 HTTP/1.1" 200 12009
192.168.10.199 - - [28/Mar/2022:10:50:30 -0300] "POST /cormun/servlet/vesolicitudgral?d12ad8ca3af56fca99b78be199c1c87b,2022,18026,,,gx-no-cache=1648474520784 HTTP/1.1" 200 90
192.168.10.199 - - [28/Mar/2022:10:50:30 -0300] "GET /cormun/servlet/hpexe_link HTTP/1.1" 200 967
192.168.10.199 - - [28/Mar/2022:10:50:30 -0300] "GET /cormun/servlet/trsolicitudgral HTTP/1.1" 200 9766
192.168.10.199 - - [28/Mar/2022:10:50:30 -0300] "GET /cormun/servlet/trsolicitudgral HTTP/1.1" 200 9767
192.168.10.199 - - [28/Mar/2022:10:50:35 -0300] "POST /cormun/servlet/trsolicitudgral?d12ad8ca3af56fca99b78be199c1c87b,gx-no-cache=1648474525250 HTTP/1.1" 200 7512
45.155.204.146 - - [28/Mar/2022:10:50:52 -0300] "GET /manager/html HTTP/1.1" 401 2474
192.168.10.17 - - [28/Mar/2022:10:51:00 -0300] "GET /cormun/servlet/vesolicitudgral?2022,18221,,SolicitudOTAdjuntos HTTP/1.1" 200 10844
192.168.10.17 - - [28/Mar/2022:10:51:01 -0300] "GET /cormun/servlet/vesolicitudgral?2022,18221,,SolicitudOTAdjuntos HTTP/1.1" 200 10847
192.168.10.17 - - [28/Mar/2022:10:51:02 -0300] "POST /cormun/servlet/acontrolpreferencessavestate?None,RRHH+DANIELA,true HTTP/1.1" 200 35
192.168.10.17 - - [28/Mar/2022:10:51:06 -0300] "GET /cormun/servlet/vesolicitudgral?2022,18221,,General HTTP/1.1" 200 8386
192.168.10.17 - - [28/Mar/2022:10:51:06 -0300] "GET /cormun/pexe_scrolldiv.js HTTP/1.1" 404 1009
192.168.10.17 - - [28/Mar/2022:10:51:06 -0300] "GET /cormun/servlet/vesolicitudgral?2022,18221,,General HTTP/1.1" 200 8386
45.155.204.146 - - [28/Mar/2022:10:51:25 -0300] "GET /manager/html HTTP/1.1" 401 2474
103.203.57.9 - - [28/Mar/2022:10:51:56 -0300] "GET / HTTP/1.1" 200 11217
45.155.204.146 - - [28/Mar/2022:10:51:58 -0300] "GET /manager/html HTTP/1.1" 401 2474
45.155.204.146 - - [28/Mar/2022:10:52:32 -0300] "GET /manager/html HTTP/1.1" 401 2474
45.155.204.146 - - [28/Mar/2022:10:53:05 -0300] "GET /manager/html HTTP/1.1" 401 2474
45.155.204.146 - - [28/Mar/2022:10:53:38 -0300] "GET /manager/html HTTP/1.1" 401 2474
45.155.204.146 - - [28/Mar/2022:10:54:11 -0300] "GET /manager/html HTTP/1.1" 401 2474
45.155.204.146 - - [28/Mar/2022:10:54:44 -0300] "GET /manager/html HTTP/1.1" 401 2474
181.212.42.153 - - [28/Mar/2022:10:54:59 -0300] "GET /cormun/servlet/trlicencias? HTTP/1.1" 200 9395
181.212.42.153 - - [28/Mar/2022:10:54:59 -0300] "GET /cormun/servlet/hlogin HTTP/1.1" 200 1741
181.212.42.153 - - [28/Mar/2022:10:55:00 -0300] "GET /cormun/servlet/trlicencias? HTTP/1.1" 200 9394
181.212.42.153 - - [28/Mar/2022:10:55:05 -0300] "POST /cormun/servlet/hlogin?af33ebafde06d6464a1def16fc276b1e,gx-no-cache=1648475318599 HTTP/1.1" 200 90
181.212.42.153 - - [28/Mar/2022:10:55:05 -0300] "GET /cormun/servlet/hpexe_link HTTP/1.1" 200 951
181.212.42.153 - - [28/Mar/2022:10:55:05 -0300] "GET /cormun/servlet/hhome HTTP/1.1" 200 3960
181.212.42.153 - - [28/Mar/2022:10:55:05 -0300] "GET /cormun/servlet/hhome HTTP/1.1" 200 3956
181.212.42.153 - - [28/Mar/2022:10:55:09 -0300] "GET /cormun/servlet/trlicencias? HTTP/1.1" 200 16240
181.212.42.153 - - [28/Mar/2022:10:55:09 -0300] "GET /cormun/servlet/trlicencias? HTTP/1.1" 200 16230
45.155.204.146 - - [28/Mar/2022:10:55:16 -0300] "GET /manager/html HTTP/1.1" 401 2474
181.212.42.153 - - [28/Mar/2022:10:55:25 -0300] "POST /cormun/servlet/trlicencias?af33ebafde06d6464a1def16fc276b1e,,gx-no-cache=1648475339219 HTTP/1.1" 200 5402
45.155.204.146 - - [28/Mar/2022:10:55:49 -0300] "GET /manager/html HTTP/1.1" 401 2474
45.155.204.146 - - [28/Mar/2022:10:56:22 -0300] "GET /manager/html HTTP/1.1" 401 2474
45.155.204.146 - - [28/Mar/2022:10:56:57 -0300] "GET /manager/html HTTP/1.1" 401 2474
181.203.123.30 - - [28/Mar/2022:10:57:12 -0300] "GET /cormun/servlet/trpermisosgoce? HTTP/1.1" 200 8357
181.203.123.30 - - [28/Mar/2022:10:57:14 -0300] "GET /cormun/servlet/trpermisosgoce? HTTP/1.1" 200 8359
45.155.204.146 - - [28/Mar/2022:10:57:32 -0300] "GET /manager/html HTTP/1.1" 401 2474
181.203.123.30 - - [28/Mar/2022:10:57:41 -0300] "POST /cormun/servlet/trpermisosgoce?2c1f6ff132fab3049600d7acb100ee70,,gx-no-cache=1648475114593 HTTP/1.1" 200 4498
181.203.123.30 - - [28/Mar/2022:10:57:45 -0300] "GET /cormun/servlet/permisogoce?INS,0,,, HTTP/1.1" 200 7149
181.203.123.30 - - [28/Mar/2022:10:57:46 -0300] "GET /cormun/servlet/permisogoce?INS,0,,, HTTP/1.1" 200 7149
181.203.123.30 - - [28/Mar/2022:10:58:02 -0300] "GET /cormun/servlet/prfichaempleado?,MD,,gxPopupLevel%3D0%3B HTTP/1.1" 200 9280
45.155.204.146 - - [28/Mar/2022:10:58:07 -0300] "GET /manager/html HTTP/1.1" 401 2474
181.203.123.30 - - [28/Mar/2022:10:58:21 -0300] "POST /cormun/servlet/prfichaempleado?2c1f6ff132fab3049600d7acb100ee70,,MD,,gxPopupLevel%3D0%3B,gx-no-cache=1648475154842 HTTP/1.1" 200 3177
181.203.123.30 - - [28/Mar/2022:10:58:27 -0300] "GET /cormun/servlet/permisogoce?a552afa2acdd278e79293b4a1d13931de3d09c2ae5c4d2163265d2bf67b0ce50d7a6ac16868b481d597a2d5642d116dda101795153b044f3d0409941de2e57c0,gx-no-cache=1648475161456 HTTP/1.1" 200 82
181.203.123.30 - - [28/Mar/2022:10:58:27 -0300] "GET /cormun/static/menuarrow.gif HTTP/1.1" 404 1015
181.203.123.30 - - [28/Mar/2022:10:58:34 -0300] "POST /cormun/servlet/permisogoce?2c1f6ff132fab3049600d7acb100ee70,INS,0,,,,gx-no-cache=1648475168744 HTTP/1.1" 200 93
181.203.123.30 - - [28/Mar/2022:10:58:35 -0300] "GET /cormun/servlet/hpexe_return? HTTP/1.1" 200 1013
181.203.123.30 - - [28/Mar/2022:10:58:35 -0300] "GET /cormun/servlet/trpermisosgoce? HTTP/1.1" 200 7221
181.203.123.30 - - [28/Mar/2022:10:58:35 -0300] "GET /cormun/servlet/trpermisosgoce? HTTP/1.1" 200 7217
45.155.204.146 - - [28/Mar/2022:10:58:45 -0300] "GET /manager/html HTTP/1.1" 401 2474
181.203.123.30 - - [28/Mar/2022:10:58:57 -0300] "GET /cormun/servlet/trpermisosgoce? HTTP/1.1" 200 7221
181.203.123.30 - - [28/Mar/2022:10:58:59 -0300] "GET /cormun/servlet/trpermisosgoce? HTTP/1.1" 200 7217
45.155.204.146 - - [28/Mar/2022:10:59:34 -0300] "GET /manager/html HTTP/1.1" 401 2474
190.171.152.138 - - [28/Mar/2022:11:00:01 -0300] "POST /cormun/servlet/trsolicitudot?6244c03f76444d21cb06ee8a6e237695,,gx-no-cache=1648475256445 HTTP/1.1" 200 6684
201.186.225.189 - - [28/Mar/2022:11:00:06 -0300] "GET /cormun/servlet/hlogin HTTP/1.1" 200 1723
201.186.225.189 - - [28/Mar/2022:11:00:06 -0300] "GET /cormun/servlet/hlogin HTTP/1.1" 200 1734
45.155.204.146 - - [28/Mar/2022:11:00:09 -0300] "GET /manager/html HTTP/1.1" 401 2474
201.186.225.189 - - [28/Mar/2022:11:00:14 -0300] "POST /cormun/servlet/hlogin?117f56ab6e8ca187c6930d4ed92d77df,gx-no-cache=1648475268784 HTTP/1.1" 200 90
201.186.225.189 - - [28/Mar/2022:11:00:15 -0300] "GET /cormun/servlet/hpexe_link HTTP/1.1" 200 950
201.186.225.189 - - [28/Mar/2022:11:00:15 -0300] "GET /cormun/servlet/hhome HTTP/1.1" 200 4346
201.186.225.189 - - [28/Mar/2022:11:00:15 -0300] "GET /cormun/servlet/hhome HTTP/1.1" 200 4343
201.186.225.189 - - [28/Mar/2022:11:00:17 -0300] "GET /cormun/servlet/trlicencias? HTTP/1.1" 200 10636
201.186.225.189 - - [28/Mar/2022:11:00:18 -0300] "GET /cormun/servlet/trlicencias? HTTP/1.1" 200 10634
45.155.204.146 - - [28/Mar/2022:11:00:46 -0300] "GET /manager/html HTTP/1.1" 401 2474
45.155.204.146 - - [28/Mar/2022:11:01:22 -0300] "GET /manager/html HTTP/1.1" 401 2474
45.155.204.146 - - [28/Mar/2022:11:01:57 -0300] "GET /manager/html HTTP/1.1" 401 2474
192.168.10.199 - - [28/Mar/2022:11:02:25 -0300] "GET /cormun/servlet/vesolicitudgral?2022,18225,, HTTP/1.1" 200 8401
192.168.10.199 - - [28/Mar/2022:11:02:25 -0300] "GET /cormun/pexe_scrolldiv.js HTTP/1.1" 404 1009
192.168.10.199 - - [28/Mar/2022:11:02:26 -0300] "GET /cormun/servlet/vesolicitudgral?2022,18225,, HTTP/1.1" 200 8400
192.168.10.199 - - [28/Mar/2022:11:02:31 -0300] "POST /cormun/servlet/vesolicitudgral?d12ad8ca3af56fca99b78be199c1c87b,2022,18225,,,gx-no-cache=1648475241200 HTTP/1.1" 200 12097
192.168.10.199 - - [28/Mar/2022:11:02:31 -0300] "GET /cormun/static/Shared/jqueryui/images/ui-icons_82798d_256x240.png HTTP/1.1" 404 1089
192.168.10.199 - - [28/Mar/2022:11:02:31 -0300] "GET /cormun/static/Shared/jqueryui/images/ui-bg_highlight-soft_100_c6c2c8_1x100.png HTTP/1.1" 404 1117
192.168.10.199 - - [28/Mar/2022:11:02:31 -0300] "GET /cormun/static/Shared/jqueryui/images/ui-icons_8d78a5_256x240.png HTTP/1.1" 404 1089
192.168.10.199 - - [28/Mar/2022:11:02:31 -0300] "GET /cormun/static/Shared/jqueryui/images/ui-bg_flat_55_fafafa_40x100.png HTTP/1.1" 404 1097
192.168.10.199 - - [28/Mar/2022:11:02:31 -0300] "POST /cormun/servlet/vesolicitudgral?d12ad8ca3af56fca99b78be199c1c87b,2022,18225,,,gx-no-cache=1648475241418 HTTP/1.1" 200 12030
45.155.204.146 - - [28/Mar/2022:11:02:33 -0300] "GET /manager/html HTTP/1.1" 401 2474
192.168.10.199 - - [28/Mar/2022:11:02:44 -0300] "POST /cormun/servlet/vesolicitudgral?d12ad8ca3af56fca99b78be199c1c87b,2022,18225,,,gx-no-cache=1648475254598 HTTP/1.1" 200 90
192.168.10.199 - - [28/Mar/2022:11:02:44 -0300] "GET /cormun/servlet/hpexe_link HTTP/1.1" 200 987
192.168.10.199 - - [28/Mar/2022:11:02:44 -0300] "GET /cormun/servlet/trsolicitudgral?gx-no-cache=1648474525250 HTTP/1.1" 200 10169
192.168.10.199 - - [28/Mar/2022:11:02:45 -0300] "GET /cormun/servlet/trsolicitudgral?gx-no-cache=1648474525250 HTTP/1.1" 200 10187
45.155.204.146 - - [28/Mar/2022:11:03:09 -0300] "GET /manager/html HTTP/1.1" 401 2474
45.155.204.146 - - [28/Mar/2022:11:03:48 -0300] "GET /manager/html HTTP/1.1" 401 2474
45.155.204.146 - - [28/Mar/2022:11:04:36 -0300] "GET /manager/html HTTP/1.1" 401 2474
192.168.10.199 - - [28/Mar/2022:11:05:01 -0300] "POST /cormun/servlet/trsolicitudgral?d12ad8ca3af56fca99b78be199c1c87b,gx-no-cache=1648474525250,gx-no-cache=1648475391901 HTTP/1.1" 200 116
192.168.10.199 - - [28/Mar/2022:11:05:01 -0300] "GET /cormun/servlet/solicitudotlog?INS,2022,18168,0,REC, HTTP/1.1" 200 5665
192.168.10.199 - - [28/Mar/2022:11:05:02 -0300] "GET /cormun/servlet/solicitudotlog?INS,2022,18168,0,REC, HTTP/1.1" 200 5645
192.168.10.199 - - [28/Mar/2022:11:05:02 -0300] "GET /cormun/servlet/solicitudotlog?f1d7a87a3c103b5b8ab377d2fac139115667985ec2313188d211d3b44a0499189266dc0267e458d167898181d4baf2e4de3cf388fd4183f9e5bc0658bcfcc6cffebdadac54c4da66d44792f7ca5c62515cda65e641210ebe3f6af5fbf749c8d11d43aa7498315108f56bde9c1fbfd92dcc1b2ee6264554c0f837b9c6d4697bd322b88ede873ba2364e12684dbd3e961859f62230d60ebdb05a2e1c69a537afa0,gx-no-cache=1648475393031 HTTP/1.1" 200 94
192.168.10.199 - - [28/Mar/2022:11:05:10 -0300] "POST /cormun/servlet/solicitudotlog?d12ad8ca3af56fca99b78be199c1c87b,INS,2022,18168,0,REC,,gx-no-cache=1648475400771 HTTP/1.1" 200 93
192.168.10.199 - - [28/Mar/2022:11:05:10 -0300] "GET /cormun/servlet/hpexe_return? HTTP/1.1" 200 1043
192.168.10.199 - - [28/Mar/2022:11:05:11 -0300] "GET /cormun/servlet/trsolicitudgral?gx-no-cache=1648474525250 HTTP/1.1" 200 9738
192.168.10.199 - - [28/Mar/2022:11:05:11 -0300] "GET /cormun/servlet/trsolicitudgral?gx-no-cache=1648474525250 HTTP/1.1" 200 9753
192.168.10.199 - - [28/Mar/2022:11:05:16 -0300] "POST /cormun/servlet/trsolicitudgral?d12ad8ca3af56fca99b78be199c1c87b,gx-no-cache=1648474525250,gx-no-cache=1648475406170 HTTP/1.1" 200 9246
45.155.204.146 - - [28/Mar/2022:11:05:19 -0300] "GET /manager/html HTTP/1.1" 401 2474
45.155.204.146 - - [28/Mar/2022:11:06:01 -0300] "GET /manager/html HTTP/1.1" 401 2474
45.155.204.146 - - [28/Mar/2022:11:06:40 -0300] "GET /manager/html HTTP/1.1" 401 2474
40.77.167.19 - - [28/Mar/2022:11:07:07 -0300] "GET /cormun/servlet/trvisualizadoreventos?_escaped_fragment_= HTTP/1.1" 200 5750
45.155.204.146 - - [28/Mar/2022:11:07:19 -0300] "GET /manager/html HTTP/1.1" 401 2474
45.155.204.146 - - [28/Mar/2022:11:07:58 -0300] "GET /manager/html HTTP/1.1" 401 2474
45.155.204.146 - - [28/Mar/2022:11:08:38 -0300] "GET /manager/html HTTP/1.1" 401 2474
45.155.204.146 - - [28/Mar/2022:11:09:16 -0300] "GET /manager/html HTTP/1.1" 401 2474
45.155.204.146 - - [28/Mar/2022:11:09:54 -0300] "GET /manager/html HTTP/1.1" 401 2474
45.155.204.146 - - [28/Mar/2022:11:10:32 -0300] "GET /manager/html HTTP/1.1" 401 2474
45.155.204.146 - - [28/Mar/2022:11:11:10 -0300] "GET /manager/html HTTP/1.1" 401 2474
45.155.204.146 - - [28/Mar/2022:11:11:49 -0300] "GET /manager/html HTTP/1.1" 401 2474
45.155.204.146 - - [28/Mar/2022:11:12:27 -0300] "GET /manager/html HTTP/1.1" 401 2474
45.155.204.146 - - [28/Mar/2022:11:13:03 -0300] "GET /manager/html HTTP/1.1" 401 2474
45.155.204.146 - - [28/Mar/2022:11:13:39 -0300] "GET /manager/html HTTP/1.1" 401 2474
45.155.204.146 - - [28/Mar/2022:11:14:15 -0300] "GET /manager/html HTTP/1.1" 401 2474
45.155.204.146 - - [28/Mar/2022:11:14:53 -0300] "GET /manager/html HTTP/1.1" 401 2474
45.155.204.146 - - [28/Mar/2022:11:15:29 -0300] "GET /manager/html HTTP/1.1" 401 2474
45.155.204.146 - - [28/Mar/2022:11:16:05 -0300] "GET /manager/html HTTP/1.1" 401 2474
45.155.204.146 - - [28/Mar/2022:11:16:42 -0300] "GET /manager/html HTTP/1.1" 401 2474
45.155.204.146 - - [28/Mar/2022:11:17:16 -0300] "GET /manager/html HTTP/1.1" 401 2474
45.155.204.146 - - [28/Mar/2022:11:17:52 -0300] "GET /manager/html HTTP/1.1" 401 2474
45.155.204.146 - - [28/Mar/2022:11:18:28 -0300] "GET /manager/html HTTP/1.1" 401 2474
192.168.10.199 - - [28/Mar/2022:11:18:52 -0300] "POST /cormun/servlet/trsolicitudgral?d12ad8ca3af56fca99b78be199c1c87b,gx-no-cache=1648474525250,gx-no-cache=1648476222714 HTTP/1.1" 200 116
192.168.10.199 - - [28/Mar/2022:11:18:52 -0300] "GET /cormun/servlet/solicitudotlog?INS,2022,18277,0,REC, HTTP/1.1" 200 5667
192.168.10.199 - - [28/Mar/2022:11:18:52 -0300] "GET /cormun/servlet/solicitudotlog?INS,2022,18277,0,REC, HTTP/1.1" 200 5647
192.168.10.199 - - [28/Mar/2022:11:18:53 -0300] "GET /cormun/servlet/solicitudotlog?f1d7a87a3c103b5b8ab377d2fac139110a0fdb5895bd6a216ad2e7c3b9f548d29266dc0267e458d167898181d4baf2e4de3cf388fd4183f9e5bc0658bcfcc6cffebdadac54c4da66d44792f7ca5c62515cda65e641210ebe3f6af5fbf749c8d11d43aa7498315108f56bde9c1fbfd92dcc1b2ee6264554c0f837b9c6d4697bd322b88ede873ba2364e12684dbd3e961859f62230d60ebdb05a2e1c69a537afa0,gx-no-cache=1648476223737 HTTP/1.1" 200 94
192.168.10.199 - - [28/Mar/2022:11:18:57 -0300] "POST /cormun/servlet/solicitudotlog?d12ad8ca3af56fca99b78be199c1c87b,INS,2022,18277,0,REC,,gx-no-cache=1648476227846 HTTP/1.1" 200 93
192.168.10.199 - - [28/Mar/2022:11:18:57 -0300] "GET /cormun/servlet/hpexe_return? HTTP/1.1" 200 1044
192.168.10.199 - - [28/Mar/2022:11:18:58 -0300] "GET /cormun/servlet/trsolicitudgral?gx-no-cache=1648474525250 HTTP/1.1" 200 11855
192.168.10.199 - - [28/Mar/2022:11:18:58 -0300] "GET /cormun/servlet/trsolicitudgral?gx-no-cache=1648474525250 HTTP/1.1" 200 11870
45.155.204.146 - - [28/Mar/2022:11:19:05 -0300] "GET /manager/html HTTP/1.1" 401 2474
45.155.204.146 - - [28/Mar/2022:11:19:40 -0300] "GET /manager/html HTTP/1.1" 401 2474
45.155.204.146 - - [28/Mar/2022:11:20:16 -0300] "GET /manager/html HTTP/1.1" 401 2474
200.54.107.2 - - [28/Mar/2022:11:20:45 -0300] "GET /cormun/servlet/hlogin HTTP/1.1" 200 1721
200.54.107.2 - - [28/Mar/2022:11:20:46 -0300] "GET /cormun/servlet/hlogin HTTP/1.1" 200 1732
200.54.107.2 - - [28/Mar/2022:11:20:57 -0300] "POST /cormun/servlet/hlogin?72d9e3d89447a91cc0602047536a7513,gx-no-cache=1648476511279 HTTP/1.1" 200 90
200.54.107.2 - - [28/Mar/2022:11:20:57 -0300] "GET /cormun/servlet/hpexe_link HTTP/1.1" 200 949
200.54.107.2 - - [28/Mar/2022:11:20:57 -0300] "GET /cormun/servlet/hhome HTTP/1.1" 200 4346
45.155.204.146 - - [28/Mar/2022:11:20:58 -0300] "GET /manager/html HTTP/1.1" 401 2474
200.54.107.2 - - [28/Mar/2022:11:20:58 -0300] "GET /cormun/servlet/hhome HTTP/1.1" 200 4344
200.54.107.2 - - [28/Mar/2022:11:21:03 -0300] "GET /cormun/servlet/trpermisosgoce? HTTP/1.1" 200 8439
200.54.107.2 - - [28/Mar/2022:11:21:03 -0300] "GET /cormun/servlet/trpermisosgoce? HTTP/1.1" 200 8438
200.54.107.2 - - [28/Mar/2022:11:21:16 -0300] "POST /cormun/servlet/trpermisosgoce?72d9e3d89447a91cc0602047536a7513,,gx-no-cache=1648476529955 HTTP/1.1" 200 5344
200.54.107.2 - - [28/Mar/2022:11:21:16 -0300] "POST /cormun/servlet/trpermisosgoce?72d9e3d89447a91cc0602047536a7513,,gx-no-cache=1648476530564 HTTP/1.1" 200 5325
45.155.204.146 - - [28/Mar/2022:11:21:34 -0300] "GET /manager/html HTTP/1.1" 401 2474
192.168.10.17 - - [28/Mar/2022:11:21:47 -0300] "GET /cormun/servlet/trsolicitudgral? HTTP/1.1" 500 10
192.168.10.199 - - [28/Mar/2022:11:21:52 -0300] "POST /cormun/servlet/trsolicitudgral?d12ad8ca3af56fca99b78be199c1c87b,gx-no-cache=1648474525250,gx-no-cache=1648476402807 HTTP/1.1" 200 116
192.168.10.199 - - [28/Mar/2022:11:21:52 -0300] "GET /cormun/servlet/solicitudotlog?INS,2022,18268,0,REC, HTTP/1.1" 200 5667
192.168.10.199 - - [28/Mar/2022:11:21:52 -0300] "GET /cormun/servlet/solicitudotlog?INS,2022,18268,0,REC, HTTP/1.1" 200 5647
192.168.10.199 - - [28/Mar/2022:11:21:53 -0300] "GET /cormun/servlet/solicitudotlog?f1d7a87a3c103b5b8ab377d2fac1391170184f2691d2b719e7dcc82af7f7f1bb9266dc0267e458d167898181d4baf2e4de3cf388fd4183f9e5bc0658bcfcc6cffebdadac54c4da66d44792f7ca5c62515cda65e641210ebe3f6af5fbf749c8d11d43aa7498315108f56bde9c1fbfd92dcc1b2ee6264554c0f837b9c6d4697bd322b88ede873ba2364e12684dbd3e961859f62230d60ebdb05a2e1c69a537afa0,gx-no-cache=1648476403707 HTTP/1.1" 200 94
192.168.10.199 - - [28/Mar/2022:11:21:57 -0300] "POST /cormun/servlet/solicitudotlog?d12ad8ca3af56fca99b78be199c1c87b,INS,2022,18268,0,REC,,gx-no-cache=1648476407949 HTTP/1.1" 200 93
192.168.10.199 - - [28/Mar/2022:11:21:57 -0300] "GET /cormun/servlet/hpexe_return? HTTP/1.1" 200 1044
192.168.10.199 - - [28/Mar/2022:11:21:57 -0300] "GET /cormun/servlet/trsolicitudgral?gx-no-cache=1648474525250 HTTP/1.1" 200 11557
192.168.10.199 - - [28/Mar/2022:11:21:58 -0300] "GET /cormun/servlet/trsolicitudgral?gx-no-cache=1648474525250 HTTP/1.1" 200 11570
192.168.10.199 - - [28/Mar/2022:11:22:04 -0300] "GET /cormun/servlet/vesolicitudgral?2022,18059,, HTTP/1.1" 200 8461
192.168.10.199 - - [28/Mar/2022:11:22:04 -0300] "GET /cormun/pexe_scrolldiv.js HTTP/1.1" 404 1009
192.168.10.199 - - [28/Mar/2022:11:22:05 -0300] "GET /cormun/servlet/vesolicitudgral?2022,18059,, HTTP/1.1" 200 8440
192.168.10.199 - - [28/Mar/2022:11:22:07 -0300] "POST /cormun/servlet/vesolicitudgral?d12ad8ca3af56fca99b78be199c1c87b,2022,18059,,,gx-no-cache=1648476417431 HTTP/1.1" 200 12128
192.168.10.199 - - [28/Mar/2022:11:22:07 -0300] "GET /cormun/static/Shared/jqueryui/images/ui-icons_82798d_256x240.png HTTP/1.1" 404 1089
192.168.10.199 - - [28/Mar/2022:11:22:07 -0300] "GET /cormun/static/Shared/jqueryui/images/ui-bg_highlight-soft_100_c6c2c8_1x100.png HTTP/1.1" 404 1117
192.168.10.199 - - [28/Mar/2022:11:22:07 -0300] "GET /cormun/static/Shared/jqueryui/images/ui-icons_8d78a5_256x240.png HTTP/1.1" 404 1089
192.168.10.199 - - [28/Mar/2022:11:22:07 -0300] "GET /cormun/static/Shared/jqueryui/images/ui-bg_flat_55_fafafa_40x100.png HTTP/1.1" 404 1097
192.168.10.199 - - [28/Mar/2022:11:22:07 -0300] "POST /cormun/servlet/vesolicitudgral?d12ad8ca3af56fca99b78be199c1c87b,2022,18059,,,gx-no-cache=1648476417636 HTTP/1.1" 200 12062
192.168.10.199 - - [28/Mar/2022:11:22:09 -0300] "POST /cormun/servlet/vesolicitudgral?d12ad8ca3af56fca99b78be199c1c87b,2022,18059,,,gx-no-cache=1648476419608 HTTP/1.1" 200 90
192.168.10.199 - - [28/Mar/2022:11:22:09 -0300] "GET /cormun/servlet/hpexe_link HTTP/1.1" 200 987
192.168.10.199 - - [28/Mar/2022:11:22:09 -0300] "GET /cormun/servlet/trsolicitudgral?gx-no-cache=1648474525250 HTTP/1.1" 200 11171
192.168.10.199 - - [28/Mar/2022:11:22:09 -0300] "GET /cormun/servlet/trsolicitudgral?gx-no-cache=1648474525250 HTTP/1.1" 200 11190
45.155.204.146 - - [28/Mar/2022:11:22:10 -0300] "GET /manager/html HTTP/1.1" 401 2474
45.155.204.146 - - [28/Mar/2022:11:22:46 -0300] "GET /manager/html HTTP/1.1" 401 2474
192.168.10.17 - - [28/Mar/2022:11:22:47 -0300] "GET /cormun/servlet/trsolicitudgral? HTTP/1.1" 500 10
192.168.10.17 - - [28/Mar/2022:11:23:03 -0300] "GET /cormun/servlet/hlogin HTTP/1.1" 200 1727
192.168.10.17 - - [28/Mar/2022:11:23:09 -0300] "POST /cormun/servlet/hlogin?9235dce24bd9cd37f5debb64d0a2b181,gx-no-cache=1648476480137 HTTP/1.1" 200 90
192.168.10.17 - - [28/Mar/2022:11:23:09 -0300] "GET /cormun/servlet/hpexe_link HTTP/1.1" 200 953
192.168.10.17 - - [28/Mar/2022:11:23:09 -0300] "GET /cormun/servlet/hhome HTTP/1.1" 200 3783
192.168.10.17 - - [28/Mar/2022:11:23:10 -0300] "GET /cormun/servlet/hhome HTTP/1.1" 200 3780
45.155.204.146 - - [28/Mar/2022:11:23:22 -0300] "GET /manager/html HTTP/1.1" 401 2474
45.155.204.146 - - [28/Mar/2022:11:23:58 -0300] "GET /manager/html HTTP/1.1" 401 2474
45.155.204.146 - - [28/Mar/2022:11:24:34 -0300] "GET /manager/html HTTP/1.1" 401 2474
45.155.204.146 - - [28/Mar/2022:11:25:09 -0300] "GET /manager/html HTTP/1.1" 401 2474
45.155.204.146 - - [28/Mar/2022:11:25:45 -0300] "GET /manager/html HTTP/1.1" 401 2474
45.155.204.146 - - [28/Mar/2022:11:26:21 -0300] "GET /manager/html HTTP/1.1" 401 2474
45.155.204.146 - - [28/Mar/2022:11:26:58 -0300] "GET /manager/html HTTP/1.1" 401 2474
45.155.204.146 - - [28/Mar/2022:11:27:35 -0300] "GET /manager/html HTTP/1.1" 401 2474
45.155.204.146 - - [28/Mar/2022:11:28:12 -0300] "GET /manager/html HTTP/1.1" 401 2474
190.171.141.90 - - [28/Mar/2022:11:28:13 -0300] "POST /cormun/servlet/trlicencias?c244e314c93f17503dd58f22b34b5793,,gx-no-cache=1648476954836 HTTP/1.1" 440 972
190.171.141.90 - - [28/Mar/2022:11:28:14 -0300] "GET /cormun/servlet/trlicencias? HTTP/1.1" 200 9399
190.171.141.90 - - [28/Mar/2022:11:28:16 -0300] "GET /cormun/servlet/hlogin HTTP/1.1" 200 1747
190.171.141.90 - - [28/Mar/2022:11:28:16 -0300] "GET /cormun/servlet/trlicencias? HTTP/1.1" 200 9399
190.171.141.90 - - [28/Mar/2022:11:28:25 -0300] "POST /cormun/servlet/hlogin?7d5cea23c0abda00e7246b2f96564ad4,gx-no-cache=1648476967191 HTTP/1.1" 200 449
190.171.141.90 - - [28/Mar/2022:11:28:31 -0300] "POST /cormun/servlet/hlogin?7d5cea23c0abda00e7246b2f96564ad4,gx-no-cache=1648476973030 HTTP/1.1" 200 449
190.171.141.90 - - [28/Mar/2022:11:28:39 -0300] "POST /cormun/servlet/hlogin?7d5cea23c0abda00e7246b2f96564ad4,gx-no-cache=1648476981102 HTTP/1.1" 200 449
45.155.204.146 - - [28/Mar/2022:11:28:49 -0300] "GET /manager/html HTTP/1.1" 401 2474
190.171.141.90 - - [28/Mar/2022:11:28:49 -0300] "POST /cormun/servlet/hlogin?7d5cea23c0abda00e7246b2f96564ad4,gx-no-cache=1648476990941 HTTP/1.1" 200 90
190.171.141.90 - - [28/Mar/2022:11:28:49 -0300] "GET /cormun/servlet/hpexe_link HTTP/1.1" 200 960
190.171.141.90 - - [28/Mar/2022:11:28:50 -0300] "GET /cormun/servlet/trlicencias HTTP/1.1" 200 16790
190.171.141.90 - - [28/Mar/2022:11:28:51 -0300] "GET /cormun/servlet/trlicencias HTTP/1.1" 200 16794
190.171.141.90 - - [28/Mar/2022:11:28:56 -0300] "GET /cormun/servlet/licenciaspermisos?DSP,10142483,L,20220325000000, HTTP/1.1" 200 7055
190.171.141.90 - - [28/Mar/2022:11:28:57 -0300] "GET /cormun/servlet/licenciaspermisos?DSP,10142483,L,20220325000000, HTTP/1.1" 200 7055
190.171.141.90 - - [28/Mar/2022:11:29:03 -0300] "GET /cormun/servlet/trlicencias HTTP/1.1" 200 16792
190.171.141.90 - - [28/Mar/2022:11:29:04 -0300] "GET /cormun/servlet/trlicencias HTTP/1.1" 200 16795
45.155.204.146 - - [28/Mar/2022:11:29:27 -0300] "GET /manager/html HTTP/1.1" 401 2474
45.155.204.146 - - [28/Mar/2022:11:30:04 -0300] "GET /manager/html HTTP/1.1" 401 2474
190.171.134.178 - - [28/Mar/2022:11:30:29 -0300] "GET /cormun/servlet/hlogin HTTP/1.1" 200 1729
190.171.134.178 - - [28/Mar/2022:11:30:29 -0300] "GET /cormun/static/gxtimezone.js?85251 HTTP/1.1" 200 5781
190.171.134.178 - - [28/Mar/2022:11:30:29 -0300] "GET /cormun/static/gxcfg.js?201910216285969 HTTP/1.1" 200 953
190.171.134.178 - - [28/Mar/2022:11:30:29 -0300] "GET /cormun/static/Resources/Spanish/PXTools.css?2294816 HTTP/1.1" 200 100853
190.171.134.178 - - [28/Mar/2022:11:30:29 -0300] "GET /cormun/static/messages.spa.js?85251 HTTP/1.1" 200 30736
190.171.134.178 - - [28/Mar/2022:11:30:29 -0300] "GET /cormun/static/hlogin.js?201910216285995 HTTP/1.1" 200 2136
190.171.134.178 - - [28/Mar/2022:11:30:29 -0300] "GET /cormun/static/gxgral.js?85251 HTTP/1.1" 200 384558
190.171.134.178 - - [28/Mar/2022:11:30:29 -0300] "GET /cormun/static/Resources/Logo2019_Grande.png HTTP/1.1" 200 31733
190.171.134.178 - - [28/Mar/2022:11:30:29 -0300] "GET /cormun/static/Resources/PXToolsLoginTop.png HTTP/1.1" 200 1337
190.171.134.178 - - [28/Mar/2022:11:30:29 -0300] "GET /cormun/static/Resources/PXToolsLoginBackground.png HTTP/1.1" 200 1164
190.171.134.178 - - [28/Mar/2022:11:30:29 -0300] "GET /cormun/static/Resources/PXToolsButtonLeft.png HTTP/1.1" 200 1310
190.171.134.178 - - [28/Mar/2022:11:30:29 -0300] "GET /cormun/static/Resources/PXToolsButtonRight.png HTTP/1.1" 200 1294
190.171.134.178 - - [28/Mar/2022:11:30:29 -0300] "GET /cormun/static/Resources/PXToolsLoginBottom.png HTTP/1.1" 200 1389
190.171.134.178 - - [28/Mar/2022:11:30:29 -0300] "GET /cormun/static/Resources/PXToolsButtonBackground.png HTTP/1.1" 200 1176
190.171.134.178 - - [28/Mar/2022:11:30:30 -0300] "GET /cormun/servlet/hlogin HTTP/1.1" 200 1738
190.171.134.178 - - [28/Mar/2022:11:30:30 -0300] "GET /cormun/static/Resources/indicator.gif HTTP/1.1" 200 1553
190.171.134.178 - - [28/Mar/2022:11:30:30 -0300] "GET /favicon.ico HTTP/1.1" 200 21630
192.168.10.199 - - [28/Mar/2022:11:30:34 -0300] "POST /cormun/servlet/trsolicitudgral?d12ad8ca3af56fca99b78be199c1c87b,gx-no-cache=1648474525250,gx-no-cache=1648476924184 HTTP/1.1" 200 7795
45.155.204.146 - - [28/Mar/2022:11:30:41 -0300] "GET /manager/html HTTP/1.1" 401 2474
190.171.134.178 - - [28/Mar/2022:11:30:47 -0300] "POST /cormun/servlet/hlogin?22bdb8e836e544283e2d6f93cc84d81b,gx-no-cache=1648477385214 HTTP/1.1" 200 90
190.171.134.178 - - [28/Mar/2022:11:30:47 -0300] "GET /cormun/servlet/hpexe_link HTTP/1.1" 200 953
190.171.134.178 - - [28/Mar/2022:11:30:47 -0300] "GET /cormun/static/gxcfg.js?201991422392958 HTTP/1.1" 200 953
190.171.134.178 - - [28/Mar/2022:11:30:47 -0300] "GET /cormun/static/hpexe_link.js?201991422392963 HTTP/1.1" 200 625
190.171.134.178 - - [28/Mar/2022:11:30:47 -0300] "GET /cormun/servlet/hhome HTTP/1.1" 200 3935
190.171.134.178 - - [28/Mar/2022:11:30:47 -0300] "GET /cormun/static/Shared/jqueryui/jquery-ui.min.css?1345370 HTTP/1.1" 200 30288
190.171.134.178 - - [28/Mar/2022:11:30:47 -0300] "GET /cormun/static/gxcfg.js?20201215495537 HTTP/1.1" 200 953
190.171.134.178 - - [28/Mar/2022:11:30:47 -0300] "GET /cormun/static/SmoothNavMenu/resources/ddsmoothmenu-v.css?1112540 HTTP/1.1" 200 1188
190.171.134.178 - - [28/Mar/2022:11:30:47 -0300] "GET /cormun/static/SmoothNavMenu/resources/ddsmoothmenu.css?1112540 HTTP/1.1" 200 2223
190.171.134.178 - - [28/Mar/2022:11:30:47 -0300] "GET /cormun/static/scaMessage/css/jquery.pnotify.default.css?1816380 HTTP/1.1" 200 1707
190.171.134.178 - - [28/Mar/2022:11:30:47 -0300] "GET /cormun/static/Resources/Spanish/PXTools.css?14345360 HTTP/1.1" 200 100853
190.171.134.178 - - [28/Mar/2022:11:30:47 -0300] "GET /cormun/static/PXToolsJavascripts/pexe_autoreload.js HTTP/1.1" 200 1762
190.171.134.178 - - [28/Mar/2022:11:30:47 -0300] "GET /cormun/static/PXToolsJavascripts/pexe_cookies.js HTTP/1.1" 200 792
190.171.134.178 - - [28/Mar/2022:11:30:47 -0300] "GET /cormun/static/PXToolsJavascripts/pexe_windows.js HTTP/1.1" 200 15207
190.171.134.178 - - [28/Mar/2022:11:30:47 -0300] "GET /cormun/static/PXToolsJavascripts/pexe_grid.js HTTP/1.1" 200 7559
190.171.134.178 - - [28/Mar/2022:11:30:47 -0300] "GET /cormun/static/PXToolsJavascripts/pexe_griddivfix.js HTTP/1.1" 200 6644
190.171.134.178 - - [28/Mar/2022:11:30:48 -0300] "GET /cormun/static/PXToolsJavascripts/pexe_link.js HTTP/1.1" 200 5671
190.171.134.178 - - [28/Mar/2022:11:30:48 -0300] "GET /cormun/static/PXToolsJavascripts/pexe_menudivfix.js HTTP/1.1" 200 333
190.171.134.178 - - [28/Mar/2022:11:30:48 -0300] "GET /cormun/static/PXToolsJavascripts/pexe_menus.js HTTP/1.1" 200 1286
190.171.134.178 - - [28/Mar/2022:11:30:48 -0300] "GET /cormun/static/PXToolsJavascripts/pexe_layers.js HTTP/1.1" 200 4114
