192.168.10.199 - - [28/Mar/2022:08:44:06 -0300] "GET /cormun/servlet/vesolicitudgral?2022,18033,, HTTP/1.1" 200 8456
192.168.10.199 - - [28/Mar/2022:08:44:06 -0300] "GET /cormun/pexe_scrolldiv.js HTTP/1.1" 404 1009
192.168.10.199 - - [28/Mar/2022:08:44:07 -0300] "GET /cormun/servlet/vesolicitudgral?2022,18033,, HTTP/1.1" 200 8435
192.168.10.199 - - [28/Mar/2022:08:44:09 -0300] "POST /cormun/servlet/vesolicitudgral?d12ad8ca3af56fca99b78be199c1c87b,2022,18033,,,gx-no-cache=1648466939911 HTTP/1.1" 200 90
192.168.10.199 - - [28/Mar/2022:08:44:09 -0300] "GET /cormun/servlet/hpexe_link HTTP/1.1" 200 988
192.168.10.199 - - [28/Mar/2022:08:44:09 -0300] "GET /cormun/servlet/trsolicitudgral?gx-no-cache=1648465874796 HTTP/1.1" 200 13787
192.168.10.199 - - [28/Mar/2022:08:44:10 -0300] "GET /cormun/servlet/trsolicitudgral?gx-no-cache=1648465874796 HTTP/1.1" 200 13808
45.155.204.146 - - [28/Mar/2022:08:44:14 -0300] "GET /manager/html HTTP/1.1" 401 2474
192.168.10.199 - - [28/Mar/2022:08:44:18 -0300] "GET /cormun/servlet/vesolicitudgral?2022,18032,, HTTP/1.1" 200 8444
192.168.10.199 - - [28/Mar/2022:08:44:18 -0300] "GET /cormun/pexe_scrolldiv.js HTTP/1.1" 404 1009
192.168.10.199 - - [28/Mar/2022:08:44:18 -0300] "GET /cormun/servlet/vesolicitudgral?2022,18032,, HTTP/1.1" 200 8421
192.168.10.199 - - [28/Mar/2022:08:44:20 -0300] "POST /cormun/servlet/vesolicitudgral?d12ad8ca3af56fca99b78be199c1c87b,2022,18032,,,gx-no-cache=1648466950801 HTTP/1.1" 200 90
192.168.10.199 - - [28/Mar/2022:08:44:20 -0300] "GET /cormun/servlet/hpexe_link HTTP/1.1" 200 988
192.168.10.199 - - [28/Mar/2022:08:44:20 -0300] "GET /cormun/servlet/trsolicitudgral?gx-no-cache=1648465874796 HTTP/1.1" 200 13787
192.168.10.199 - - [28/Mar/2022:08:44:21 -0300] "GET /cormun/servlet/trsolicitudgral?gx-no-cache=1648465874796 HTTP/1.1" 200 13808
192.168.10.199 - - [28/Mar/2022:08:44:23 -0300] "GET /cormun/servlet/vesolicitudgral?2022,18031,, HTTP/1.1" 200 8477
192.168.10.199 - - [28/Mar/2022:08:44:23 -0300] "GET /cormun/pexe_scrolldiv.js HTTP/1.1" 404 1009
192.168.10.199 - - [28/Mar/2022:08:44:23 -0300] "GET /cormun/servlet/vesolicitudgral?2022,18031,, HTTP/1.1" 200 8453
192.168.10.199 - - [28/Mar/2022:08:44:26 -0300] "POST /cormun/servlet/vesolicitudgral?d12ad8ca3af56fca99b78be199c1c87b,2022,18031,,,gx-no-cache=1648466956267 HTTP/1.1" 200 90
192.168.10.199 - - [28/Mar/2022:08:44:26 -0300] "GET /cormun/servlet/hpexe_link HTTP/1.1" 200 988
192.168.10.199 - - [28/Mar/2022:08:44:26 -0300] "GET /cormun/servlet/trsolicitudgral?gx-no-cache=1648465874796 HTTP/1.1" 200 13787
192.168.10.199 - - [28/Mar/2022:08:44:26 -0300] "GET /cormun/servlet/trsolicitudgral?gx-no-cache=1648465874796 HTTP/1.1" 200 13808
192.168.10.199 - - [28/Mar/2022:08:44:28 -0300] "GET /cormun/servlet/vesolicitudgral?2022,18030,, HTTP/1.1" 200 8461
192.168.10.199 - - [28/Mar/2022:08:44:28 -0300] "GET /cormun/pexe_scrolldiv.js HTTP/1.1" 404 1009
192.168.10.199 - - [28/Mar/2022:08:44:28 -0300] "GET /cormun/servlet/vesolicitudgral?2022,18030,, HTTP/1.1" 200 8440
192.168.10.199 - - [28/Mar/2022:08:44:31 -0300] "POST /cormun/servlet/vesolicitudgral?d12ad8ca3af56fca99b78be199c1c87b,2022,18030,,,gx-no-cache=1648466962204 HTTP/1.1" 200 90
192.168.10.199 - - [28/Mar/2022:08:44:31 -0300] "GET /cormun/servlet/hpexe_link HTTP/1.1" 200 988
192.168.10.199 - - [28/Mar/2022:08:44:32 -0300] "GET /cormun/servlet/trsolicitudgral?gx-no-cache=1648465874796 HTTP/1.1" 200 13787
192.168.10.199 - - [28/Mar/2022:08:44:32 -0300] "GET /cormun/servlet/trsolicitudgral?gx-no-cache=1648465874796 HTTP/1.1" 200 13808
192.168.10.199 - - [28/Mar/2022:08:44:39 -0300] "POST /cormun/servlet/trsolicitudgral?d12ad8ca3af56fca99b78be199c1c87b,gx-no-cache=1648465874796,gx-no-cache=1648466969841 HTTP/1.1" 200 7440
192.168.10.199 - - [28/Mar/2022:08:44:43 -0300] "GET /cormun/servlet/vesolicitudgral?2022,18215,, HTTP/1.1" 200 8481
192.168.10.199 - - [28/Mar/2022:08:44:43 -0300] "GET /cormun/pexe_scrolldiv.js HTTP/1.1" 404 1009
192.168.10.199 - - [28/Mar/2022:08:44:43 -0300] "GET /cormun/servlet/vesolicitudgral?2022,18215,, HTTP/1.1" 200 8457
192.168.10.199 - - [28/Mar/2022:08:44:46 -0300] "POST /cormun/servlet/vesolicitudgral?d12ad8ca3af56fca99b78be199c1c87b,2022,18215,,,gx-no-cache=1648466977137 HTTP/1.1" 200 90
192.168.10.199 - - [28/Mar/2022:08:44:46 -0300] "GET /cormun/servlet/hpexe_link HTTP/1.1" 200 988
192.168.10.199 - - [28/Mar/2022:08:44:47 -0300] "GET /cormun/servlet/trsolicitudgral?gx-no-cache=1648465874796 HTTP/1.1" 200 10506
192.168.10.199 - - [28/Mar/2022:08:44:47 -0300] "GET /cormun/servlet/trsolicitudgral?gx-no-cache=1648465874796 HTTP/1.1" 200 10524
192.168.10.199 - - [28/Mar/2022:08:44:48 -0300] "GET /cormun/servlet/vesolicitudgral?2022,17999,, HTTP/1.1" 200 8445
192.168.10.199 - - [28/Mar/2022:08:44:48 -0300] "GET /cormun/pexe_scrolldiv.js HTTP/1.1" 404 1009
192.168.10.199 - - [28/Mar/2022:08:44:49 -0300] "GET /cormun/servlet/vesolicitudgral?2022,17999,, HTTP/1.1" 200 8423
192.168.10.199 - - [28/Mar/2022:08:45:01 -0300] "POST /cormun/servlet/vesolicitudgral?d12ad8ca3af56fca99b78be199c1c87b,2022,17999,,,gx-no-cache=1648466992249 HTTP/1.1" 200 90
192.168.10.199 - - [28/Mar/2022:08:45:02 -0300] "GET /cormun/servlet/hpexe_link HTTP/1.1" 200 987
192.168.10.199 - - [28/Mar/2022:08:45:02 -0300] "GET /cormun/servlet/trsolicitudgral?gx-no-cache=1648465874796 HTTP/1.1" 200 10506
192.168.10.199 - - [28/Mar/2022:08:45:02 -0300] "GET /cormun/servlet/trsolicitudgral?gx-no-cache=1648465874796 HTTP/1.1" 200 10524
192.168.10.199 - - [28/Mar/2022:08:45:05 -0300] "GET /cormun/servlet/vesolicitudgral?2022,17888,, HTTP/1.1" 200 8468
192.168.10.199 - - [28/Mar/2022:08:45:05 -0300] "GET /cormun/pexe_scrolldiv.js HTTP/1.1" 404 1009
192.168.10.199 - - [28/Mar/2022:08:45:06 -0300] "GET /cormun/servlet/vesolicitudgral?2022,17888,, HTTP/1.1" 200 8445
192.168.10.199 - - [28/Mar/2022:08:45:08 -0300] "POST /cormun/servlet/vesolicitudgral?d12ad8ca3af56fca99b78be199c1c87b,2022,17888,,,gx-no-cache=1648466998538 HTTP/1.1" 200 90
192.168.10.199 - - [28/Mar/2022:08:45:08 -0300] "GET /cormun/servlet/hpexe_link HTTP/1.1" 200 988
192.168.10.199 - - [28/Mar/2022:08:45:08 -0300] "GET /cormun/servlet/trsolicitudgral?gx-no-cache=1648465874796 HTTP/1.1" 200 10506
192.168.10.199 - - [28/Mar/2022:08:45:08 -0300] "GET /cormun/servlet/trsolicitudgral?gx-no-cache=1648465874796 HTTP/1.1" 200 10524
192.168.10.199 - - [28/Mar/2022:08:45:16 -0300] "POST /cormun/servlet/trsolicitudgral?d12ad8ca3af56fca99b78be199c1c87b,gx-no-cache=1648465874796,gx-no-cache=1648467006918 HTTP/1.1" 200 7024
192.168.10.17 - - [28/Mar/2022:08:45:18 -0300] "GET /cormun/servlet/trsolicitudgral? HTTP/1.1" 200 8302
192.168.10.17 - - [28/Mar/2022:08:45:18 -0300] "GET /cormun/servlet/trsolicitudgral? HTTP/1.1" 200 8288
192.168.10.199 - - [28/Mar/2022:08:45:19 -0300] "GET /cormun/servlet/vesolicitudgral?2022,18070,, HTTP/1.1" 200 8436
192.168.10.199 - - [28/Mar/2022:08:45:19 -0300] "GET /cormun/pexe_scrolldiv.js HTTP/1.1" 404 1009
192.168.10.199 - - [28/Mar/2022:08:45:19 -0300] "GET /cormun/servlet/vesolicitudgral?2022,18070,, HTTP/1.1" 200 8414
192.168.10.199 - - [28/Mar/2022:08:45:21 -0300] "POST /cormun/servlet/vesolicitudgral?d12ad8ca3af56fca99b78be199c1c87b,2022,18070,,,gx-no-cache=1648467012116 HTTP/1.1" 200 90
192.168.10.199 - - [28/Mar/2022:08:45:21 -0300] "GET /cormun/servlet/hpexe_link HTTP/1.1" 200 988
192.168.10.199 - - [28/Mar/2022:08:45:22 -0300] "GET /cormun/servlet/trsolicitudgral?gx-no-cache=1648465874796 HTTP/1.1" 200 10101
192.168.10.199 - - [28/Mar/2022:08:45:22 -0300] "GET /cormun/servlet/trsolicitudgral?gx-no-cache=1648465874796 HTTP/1.1" 200 10121
192.168.10.199 - - [28/Mar/2022:08:45:23 -0300] "GET /cormun/servlet/vesolicitudgral?2022,18065,, HTTP/1.1" 200 8446
192.168.10.199 - - [28/Mar/2022:08:45:24 -0300] "GET /cormun/pexe_scrolldiv.js HTTP/1.1" 404 1009
192.168.10.199 - - [28/Mar/2022:08:45:24 -0300] "GET /cormun/servlet/vesolicitudgral?2022,18065,, HTTP/1.1" 200 8424
192.168.10.17 - - [28/Mar/2022:08:45:24 -0300] "POST /cormun/servlet/trsolicitudgral?2576934d8e80cf7184754eb796749830,,gx-no-cache=1648467014613 HTTP/1.1" 200 10825
192.168.10.199 - - [28/Mar/2022:08:45:26 -0300] "POST /cormun/servlet/vesolicitudgral?d12ad8ca3af56fca99b78be199c1c87b,2022,18065,,,gx-no-cache=1648467016365 HTTP/1.1" 200 90
192.168.10.199 - - [28/Mar/2022:08:45:26 -0300] "GET /cormun/servlet/hpexe_link HTTP/1.1" 200 988
192.168.10.199 - - [28/Mar/2022:08:45:26 -0300] "GET /cormun/servlet/trsolicitudgral?gx-no-cache=1648465874796 HTTP/1.1" 200 10101
192.168.10.199 - - [28/Mar/2022:08:45:26 -0300] "GET /cormun/servlet/trsolicitudgral?gx-no-cache=1648465874796 HTTP/1.1" 200 10121
192.168.10.199 - - [28/Mar/2022:08:45:33 -0300] "POST /cormun/servlet/trsolicitudgral?d12ad8ca3af56fca99b78be199c1c87b,gx-no-cache=1648465874796,gx-no-cache=1648467023928 HTTP/1.1" 200 7845
192.168.10.17 - - [28/Mar/2022:08:45:33 -0300] "POST /cormun/servlet/trsolicitudgral?2576934d8e80cf7184754eb796749830,,gx-no-cache=1648467023388 HTTP/1.1" 200 26103
45.155.204.146 - - [28/Mar/2022:08:45:34 -0300] "GET /manager/html HTTP/1.1" 401 2474
192.168.10.199 - - [28/Mar/2022:08:45:39 -0300] "GET /cormun/servlet/vesolicitudgral?2022,18155,, HTTP/1.1" 200 8439
192.168.10.199 - - [28/Mar/2022:08:45:39 -0300] "GET /cormun/pexe_scrolldiv.js HTTP/1.1" 404 1009
192.168.10.199 - - [28/Mar/2022:08:45:39 -0300] "GET /cormun/servlet/vesolicitudgral?2022,18155,, HTTP/1.1" 200 8416
192.168.10.17 - - [28/Mar/2022:08:45:40 -0300] "GET /cormun/servlet/vesolicitudgral?2022,18299,, HTTP/1.1" 200 8418
192.168.10.17 - - [28/Mar/2022:08:45:40 -0300] "GET /cormun/pexe_scrolldiv.js HTTP/1.1" 404 1009
192.168.10.17 - - [28/Mar/2022:08:45:40 -0300] "GET /cormun/servlet/vesolicitudgral?2022,18299,, HTTP/1.1" 200 8417
192.168.10.199 - - [28/Mar/2022:08:45:41 -0300] "POST /cormun/servlet/vesolicitudgral?d12ad8ca3af56fca99b78be199c1c87b,2022,18155,,,gx-no-cache=1648467031474 HTTP/1.1" 200 90
192.168.10.199 - - [28/Mar/2022:08:45:41 -0300] "GET /cormun/servlet/hpexe_link HTTP/1.1" 200 988
192.168.10.199 - - [28/Mar/2022:08:45:41 -0300] "GET /cormun/servlet/trsolicitudgral?gx-no-cache=1648465874796 HTTP/1.1" 200 10897
192.168.10.199 - - [28/Mar/2022:08:45:41 -0300] "GET /cormun/servlet/trsolicitudgral?gx-no-cache=1648465874796 HTTP/1.1" 200 10917
192.168.10.199 - - [28/Mar/2022:08:45:43 -0300] "GET /cormun/servlet/vesolicitudgral?2022,18143,, HTTP/1.1" 200 8442
192.168.10.199 - - [28/Mar/2022:08:45:43 -0300] "GET /cormun/pexe_scrolldiv.js HTTP/1.1" 404 1009
192.168.10.199 - - [28/Mar/2022:08:45:43 -0300] "GET /cormun/servlet/vesolicitudgral?2022,18143,, HTTP/1.1" 200 8418
192.168.10.199 - - [28/Mar/2022:08:45:45 -0300] "POST /cormun/servlet/vesolicitudgral?d12ad8ca3af56fca99b78be199c1c87b,2022,18143,,,gx-no-cache=1648467036009 HTTP/1.1" 200 90
192.168.10.199 - - [28/Mar/2022:08:45:45 -0300] "GET /cormun/servlet/hpexe_link HTTP/1.1" 200 988
192.168.10.199 - - [28/Mar/2022:08:45:45 -0300] "GET /cormun/servlet/trsolicitudgral?gx-no-cache=1648465874796 HTTP/1.1" 200 10897
192.168.10.199 - - [28/Mar/2022:08:45:46 -0300] "GET /cormun/servlet/trsolicitudgral?gx-no-cache=1648465874796 HTTP/1.1" 200 10917
186.67.172.234 - - [28/Mar/2022:08:45:47 -0300] "GET /cormun/servlet/prlicenciaspermisos?13568456,L,,MD,,gxPopupLevel%3D0%3B HTTP/1.1" 200 7831
192.168.10.199 - - [28/Mar/2022:08:45:47 -0300] "GET /cormun/servlet/vesolicitudgral?2022,18137,, HTTP/1.1" 200 8424
192.168.10.199 - - [28/Mar/2022:08:45:47 -0300] "GET /cormun/pexe_scrolldiv.js HTTP/1.1" 404 1009
192.168.10.199 - - [28/Mar/2022:08:45:48 -0300] "GET /cormun/servlet/vesolicitudgral?2022,18137,, HTTP/1.1" 200 8404
192.168.10.199 - - [28/Mar/2022:08:45:49 -0300] "POST /cormun/servlet/vesolicitudgral?d12ad8ca3af56fca99b78be199c1c87b,2022,18137,,,gx-no-cache=1648467040231 HTTP/1.1" 200 90
192.168.10.199 - - [28/Mar/2022:08:45:49 -0300] "GET /cormun/servlet/hpexe_link HTTP/1.1" 200 988
192.168.10.199 - - [28/Mar/2022:08:45:50 -0300] "GET /cormun/servlet/trsolicitudgral?gx-no-cache=1648465874796 HTTP/1.1" 200 10897
192.168.10.199 - - [28/Mar/2022:08:45:50 -0300] "GET /cormun/servlet/trsolicitudgral?gx-no-cache=1648465874796 HTTP/1.1" 200 10917
186.67.172.234 - - [28/Mar/2022:08:45:50 -0300] "POST /cormun/servlet/solicitudot?gx-no-cache=1648467204278 HTTP/1.1" 200 1456
192.168.10.199 - - [28/Mar/2022:08:45:51 -0300] "GET /cormun/servlet/vesolicitudgral?2022,17978,, HTTP/1.1" 200 8426
192.168.10.199 - - [28/Mar/2022:08:45:51 -0300] "GET /cormun/pexe_scrolldiv.js HTTP/1.1" 404 1009
192.168.10.199 - - [28/Mar/2022:08:45:52 -0300] "GET /cormun/servlet/vesolicitudgral?2022,17978,, HTTP/1.1" 200 8404
192.168.10.199 - - [28/Mar/2022:08:45:54 -0300] "POST /cormun/servlet/vesolicitudgral?d12ad8ca3af56fca99b78be199c1c87b,2022,17978,,,gx-no-cache=1648467045011 HTTP/1.1" 200 90
192.168.10.199 - - [28/Mar/2022:08:45:54 -0300] "GET /cormun/servlet/hpexe_link HTTP/1.1" 200 988
192.168.10.17 - - [28/Mar/2022:08:45:54 -0300] "POST /cormun/servlet/vesolicitudgral?2576934d8e80cf7184754eb796749830,2022,18299,,,gx-no-cache=1648467045016 HTTP/1.1" 200 12127
192.168.10.17 - - [28/Mar/2022:08:45:54 -0300] "GET /cormun/static/Shared/jqueryui/images/ui-icons_82798d_256x240.png HTTP/1.1" 404 1089
192.168.10.17 - - [28/Mar/2022:08:45:54 -0300] "GET /cormun/static/Shared/jqueryui/images/ui-bg_highlight-soft_100_c6c2c8_1x100.png HTTP/1.1" 404 1117
192.168.10.17 - - [28/Mar/2022:08:45:54 -0300] "GET /cormun/static/Shared/jqueryui/images/ui-bg_flat_55_fafafa_40x100.png HTTP/1.1" 404 1097
192.168.10.17 - - [28/Mar/2022:08:45:54 -0300] "GET /cormun/static/Shared/jqueryui/images/ui-icons_8d78a5_256x240.png HTTP/1.1" 404 1089
192.168.10.199 - - [28/Mar/2022:08:45:55 -0300] "GET /cormun/servlet/trsolicitudgral?gx-no-cache=1648465874796 HTTP/1.1" 200 10897
192.168.10.17 - - [28/Mar/2022:08:45:55 -0300] "POST /cormun/servlet/vesolicitudgral?2576934d8e80cf7184754eb796749830,2022,18299,,,gx-no-cache=1648467045302 HTTP/1.1" 200 12059
192.168.10.199 - - [28/Mar/2022:08:45:55 -0300] "GET /cormun/servlet/trsolicitudgral?gx-no-cache=1648465874796 HTTP/1.1" 200 10917
192.168.10.17 - - [28/Mar/2022:08:45:58 -0300] "GET /cormun/servlet/trautorizarot? HTTP/1.1" 200 15930
192.168.10.17 - - [28/Mar/2022:08:45:59 -0300] "GET /cormun/servlet/trautorizarot? HTTP/1.1" 200 15925
186.67.172.234 - - [28/Mar/2022:08:45:59 -0300] "POST /cormun/servlet/solicitudot?gx-no-cache=1648467213649 HTTP/1.1" 200 41
192.168.10.199 - - [28/Mar/2022:08:46:02 -0300] "POST /cormun/servlet/trsolicitudgral?d12ad8ca3af56fca99b78be199c1c87b,gx-no-cache=1648465874796,gx-no-cache=1648467052477 HTTP/1.1" 200 7567
192.168.10.199 - - [28/Mar/2022:08:46:04 -0300] "GET /cormun/servlet/vesolicitudgral?2022,18004,, HTTP/1.1" 200 8449
192.168.10.199 - - [28/Mar/2022:08:46:04 -0300] "GET /cormun/pexe_scrolldiv.js HTTP/1.1" 404 1009
192.168.10.199 - - [28/Mar/2022:08:46:04 -0300] "GET /cormun/servlet/vesolicitudgral?2022,18004,, HTTP/1.1" 200 8427
192.168.10.17 - - [28/Mar/2022:08:46:06 -0300] "POST /cormun/servlet/trautorizarot?2576934d8e80cf7184754eb796749830,,gx-no-cache=1648467056624 HTTP/1.1" 200 12692
192.168.10.17 - - [28/Mar/2022:08:46:10 -0300] "GET /cormun/servlet/trsolicitudgral? HTTP/1.1" 200 28644
192.168.10.199 - - [28/Mar/2022:08:46:10 -0300] "POST /cormun/servlet/vesolicitudgral?d12ad8ca3af56fca99b78be199c1c87b,2022,18004,,,gx-no-cache=1648467060626 HTTP/1.1" 200 12119
192.168.10.199 - - [28/Mar/2022:08:46:10 -0300] "GET /cormun/static/Shared/jqueryui/images/ui-bg_highlight-soft_100_c6c2c8_1x100.png HTTP/1.1" 404 1117
192.168.10.199 - - [28/Mar/2022:08:46:10 -0300] "GET /cormun/static/Shared/jqueryui/images/ui-icons_82798d_256x240.png HTTP/1.1" 404 1089
192.168.10.199 - - [28/Mar/2022:08:46:10 -0300] "GET /cormun/static/Shared/jqueryui/images/ui-icons_8d78a5_256x240.png HTTP/1.1" 404 1089
192.168.10.199 - - [28/Mar/2022:08:46:10 -0300] "GET /cormun/static/Shared/jqueryui/images/ui-bg_flat_55_fafafa_40x100.png HTTP/1.1" 404 1097
192.168.10.199 - - [28/Mar/2022:08:46:10 -0300] "POST /cormun/servlet/vesolicitudgral?d12ad8ca3af56fca99b78be199c1c87b,2022,18004,,,gx-no-cache=1648467060851 HTTP/1.1" 200 12053
192.168.10.17 - - [28/Mar/2022:08:46:11 -0300] "GET /cormun/servlet/trsolicitudgral? HTTP/1.1" 200 28643
192.168.10.199 - - [28/Mar/2022:08:46:12 -0300] "POST /cormun/servlet/vesolicitudgral?d12ad8ca3af56fca99b78be199c1c87b,2022,18004,,,gx-no-cache=1648467063042 HTTP/1.1" 200 90
192.168.10.199 - - [28/Mar/2022:08:46:12 -0300] "GET /cormun/servlet/hpexe_link HTTP/1.1" 200 988
192.168.10.199 - - [28/Mar/2022:08:46:13 -0300] "GET /cormun/servlet/trsolicitudgral?gx-no-cache=1648465874796 HTTP/1.1" 200 10180
192.168.10.199 - - [28/Mar/2022:08:46:13 -0300] "GET /cormun/servlet/trsolicitudgral?gx-no-cache=1648465874796 HTTP/1.1" 200 10201
192.168.10.17 - - [28/Mar/2022:08:46:15 -0300] "POST /cormun/servlet/trsolicitudgral?2576934d8e80cf7184754eb796749830,,gx-no-cache=1648467065472 HTTP/1.1" 200 6634
192.168.10.199 - - [28/Mar/2022:08:46:16 -0300] "GET /cormun/servlet/vesolicitudgral?2022,17921,, HTTP/1.1" 200 8452
192.168.10.199 - - [28/Mar/2022:08:46:16 -0300] "GET /cormun/pexe_scrolldiv.js HTTP/1.1" 404 1009
192.168.10.199 - - [28/Mar/2022:08:46:16 -0300] "GET /cormun/servlet/vesolicitudgral?2022,17921,, HTTP/1.1" 200 8426
192.168.10.17 - - [28/Mar/2022:08:46:17 -0300] "GET /cormun/servlet/vesolicitudgral?2022,18299,, HTTP/1.1" 200 8420
192.168.10.17 - - [28/Mar/2022:08:46:17 -0300] "GET /cormun/pexe_scrolldiv.js HTTP/1.1" 404 1009
192.168.10.17 - - [28/Mar/2022:08:46:17 -0300] "GET /cormun/servlet/vesolicitudgral?2022,18299,, HTTP/1.1" 200 8419
192.168.10.17 - - [28/Mar/2022:08:46:20 -0300] "GET /cormun/servlet/vesolicitudgral?2022,18299,,SolicitudOTAdjuntos HTTP/1.1" 200 7045
192.168.10.17 - - [28/Mar/2022:08:46:20 -0300] "GET /cormun/pexe_scrolldiv.js HTTP/1.1" 404 1009
192.168.10.17 - - [28/Mar/2022:08:46:20 -0300] "GET /cormun/servlet/vesolicitudgral?2022,18299,,SolicitudOTAdjuntos HTTP/1.1" 200 7045
192.168.10.17 - - [28/Mar/2022:08:46:21 -0300] "POST /cormun/servlet/acontrolpreferencessavestate?None,RRHH+DANIELA,true HTTP/1.1" 200 35
192.168.10.17 - - [28/Mar/2022:08:46:22 -0300] "GET /cormun/servlet/vesolicitudgral?2022,18299,,General HTTP/1.1" 200 8424
192.168.10.17 - - [28/Mar/2022:08:46:22 -0300] "GET /cormun/pexe_scrolldiv.js HTTP/1.1" 404 1009
192.168.10.17 - - [28/Mar/2022:08:46:22 -0300] "GET /cormun/servlet/vesolicitudgral?2022,18299,,General HTTP/1.1" 200 8424
192.168.10.199 - - [28/Mar/2022:08:46:23 -0300] "POST /cormun/servlet/vesolicitudgral?d12ad8ca3af56fca99b78be199c1c87b,2022,17921,,,gx-no-cache=1648467073931 HTTP/1.1" 200 12137
192.168.10.199 - - [28/Mar/2022:08:46:23 -0300] "GET /cormun/static/Shared/jqueryui/images/ui-bg_highlight-soft_100_c6c2c8_1x100.png HTTP/1.1" 404 1117
192.168.10.199 - - [28/Mar/2022:08:46:23 -0300] "GET /cormun/static/Shared/jqueryui/images/ui-icons_82798d_256x240.png HTTP/1.1" 404 1089
192.168.10.199 - - [28/Mar/2022:08:46:23 -0300] "GET /cormun/static/Shared/jqueryui/images/ui-bg_flat_55_fafafa_40x100.png HTTP/1.1" 404 1097
192.168.10.199 - - [28/Mar/2022:08:46:23 -0300] "GET /cormun/static/Shared/jqueryui/images/ui-icons_8d78a5_256x240.png HTTP/1.1" 404 1089
192.168.10.199 - - [28/Mar/2022:08:46:23 -0300] "POST /cormun/servlet/vesolicitudgral?d12ad8ca3af56fca99b78be199c1c87b,2022,17921,,,gx-no-cache=1648467074120 HTTP/1.1" 200 12070
192.168.10.199 - - [28/Mar/2022:08:46:26 -0300] "POST /cormun/servlet/vesolicitudgral?d12ad8ca3af56fca99b78be199c1c87b,2022,17921,,,gx-no-cache=1648467076257 HTTP/1.1" 200 90
192.168.10.199 - - [28/Mar/2022:08:46:26 -0300] "GET /cormun/servlet/hpexe_link HTTP/1.1" 200 988
192.168.10.199 - - [28/Mar/2022:08:46:26 -0300] "GET /cormun/servlet/trsolicitudgral?gx-no-cache=1648465874796 HTTP/1.1" 200 9731
192.168.10.199 - - [28/Mar/2022:08:46:26 -0300] "GET /cormun/servlet/trsolicitudgral?gx-no-cache=1648465874796 HTTP/1.1" 200 9751
192.168.10.199 - - [28/Mar/2022:08:46:34 -0300] "POST /cormun/servlet/trsolicitudgral?d12ad8ca3af56fca99b78be199c1c87b,gx-no-cache=1648465874796,gx-no-cache=1648467084541 HTTP/1.1" 200 8333
192.168.10.199 - - [28/Mar/2022:08:46:39 -0300] "GET /cormun/servlet/vesolicitudgral?2022,18097,, HTTP/1.1" 200 8431
192.168.10.199 - - [28/Mar/2022:08:46:39 -0300] "GET /cormun/pexe_scrolldiv.js HTTP/1.1" 404 1009
192.168.10.199 - - [28/Mar/2022:08:46:39 -0300] "GET /cormun/servlet/vesolicitudgral?2022,18097,, HTTP/1.1" 200 8409
45.155.204.146 - - [28/Mar/2022:08:46:58 -0300] "GET /manager/html HTTP/1.1" 401 2474
192.168.10.199 - - [28/Mar/2022:08:47:21 -0300] "POST /cormun/servlet/vesolicitudgral?d12ad8ca3af56fca99b78be199c1c87b,2022,18097,,,gx-no-cache=1648467131906 HTTP/1.1" 200 12113
192.168.10.199 - - [28/Mar/2022:08:47:21 -0300] "GET /cormun/static/Shared/jqueryui/images/ui-icons_82798d_256x240.png HTTP/1.1" 404 1089
192.168.10.199 - - [28/Mar/2022:08:47:21 -0300] "GET /cormun/static/Shared/jqueryui/images/ui-bg_flat_55_fafafa_40x100.png HTTP/1.1" 404 1097
192.168.10.199 - - [28/Mar/2022:08:47:21 -0300] "GET /cormun/static/Shared/jqueryui/images/ui-icons_8d78a5_256x240.png HTTP/1.1" 404 1089
192.168.10.199 - - [28/Mar/2022:08:47:21 -0300] "GET /cormun/static/Shared/jqueryui/images/ui-bg_highlight-soft_100_c6c2c8_1x100.png HTTP/1.1" 404 1117
192.168.10.199 - - [28/Mar/2022:08:47:21 -0300] "POST /cormun/servlet/vesolicitudgral?d12ad8ca3af56fca99b78be199c1c87b,2022,18097,,,gx-no-cache=1648467132115 HTTP/1.1" 200 12047
192.168.10.199 - - [28/Mar/2022:08:47:24 -0300] "POST /cormun/servlet/vesolicitudgral?d12ad8ca3af56fca99b78be199c1c87b,2022,18097,,,gx-no-cache=1648467135009 HTTP/1.1" 200 90
192.168.10.199 - - [28/Mar/2022:08:47:24 -0300] "GET /cormun/servlet/hpexe_link HTTP/1.1" 200 988
192.168.10.199 - - [28/Mar/2022:08:47:24 -0300] "GET /cormun/servlet/trsolicitudgral?gx-no-cache=1648465874796 HTTP/1.1" 200 10860
192.168.10.199 - - [28/Mar/2022:08:47:25 -0300] "GET /cormun/servlet/trsolicitudgral?gx-no-cache=1648465874796 HTTP/1.1" 200 10881
192.168.10.199 - - [28/Mar/2022:08:47:27 -0300] "GET /cormun/servlet/vesolicitudgral?2022,18005,, HTTP/1.1" 200 8456
192.168.10.199 - - [28/Mar/2022:08:47:27 -0300] "GET /cormun/pexe_scrolldiv.js HTTP/1.1" 404 1009
192.168.10.199 - - [28/Mar/2022:08:47:27 -0300] "GET /cormun/servlet/vesolicitudgral?2022,18005,, HTTP/1.1" 200 8435
192.168.10.199 - - [28/Mar/2022:08:47:30 -0300] "POST /cormun/servlet/vesolicitudgral?d12ad8ca3af56fca99b78be199c1c87b,2022,18005,,,gx-no-cache=1648467140593 HTTP/1.1" 200 12142
192.168.10.199 - - [28/Mar/2022:08:47:30 -0300] "GET /cormun/static/Shared/jqueryui/images/ui-icons_82798d_256x240.png HTTP/1.1" 404 1089
192.168.10.199 - - [28/Mar/2022:08:47:30 -0300] "GET /cormun/static/Shared/jqueryui/images/ui-bg_highlight-soft_100_c6c2c8_1x100.png HTTP/1.1" 404 1117
192.168.10.199 - - [28/Mar/2022:08:47:30 -0300] "GET /cormun/static/Shared/jqueryui/images/ui-bg_flat_55_fafafa_40x100.png HTTP/1.1" 404 1097
192.168.10.199 - - [28/Mar/2022:08:47:30 -0300] "GET /cormun/static/Shared/jqueryui/images/ui-icons_8d78a5_256x240.png HTTP/1.1" 404 1089
192.168.10.199 - - [28/Mar/2022:08:47:30 -0300] "POST /cormun/servlet/vesolicitudgral?d12ad8ca3af56fca99b78be199c1c87b,2022,18005,,,gx-no-cache=1648467140806 HTTP/1.1" 200 12075
192.168.10.199 - - [28/Mar/2022:08:47:31 -0300] "POST /cormun/servlet/vesolicitudgral?d12ad8ca3af56fca99b78be199c1c87b,2022,18005,,,gx-no-cache=1648467142059 HTTP/1.1" 200 90
192.168.10.199 - - [28/Mar/2022:08:47:31 -0300] "GET /cormun/servlet/hpexe_link HTTP/1.1" 200 988
192.168.10.199 - - [28/Mar/2022:08:47:31 -0300] "GET /cormun/servlet/trsolicitudgral?gx-no-cache=1648465874796 HTTP/1.1" 200 10472
192.168.10.199 - - [28/Mar/2022:08:47:32 -0300] "GET /cormun/servlet/trsolicitudgral?gx-no-cache=1648465874796 HTTP/1.1" 200 10492
192.168.10.199 - - [28/Mar/2022:08:47:34 -0300] "GET /cormun/servlet/vesolicitudgral?2022,17965,, HTTP/1.1" 200 8441
192.168.10.199 - - [28/Mar/2022:08:47:34 -0300] "GET /cormun/pexe_scrolldiv.js HTTP/1.1" 404 1009
192.168.10.199 - - [28/Mar/2022:08:47:34 -0300] "GET /cormun/servlet/vesolicitudgral?2022,17965,, HTTP/1.1" 200 8419
192.168.10.199 - - [28/Mar/2022:08:47:37 -0300] "POST /cormun/servlet/vesolicitudgral?d12ad8ca3af56fca99b78be199c1c87b,2022,17965,,,gx-no-cache=1648467147365 HTTP/1.1" 200 12127
192.168.10.199 - - [28/Mar/2022:08:47:37 -0300] "GET /cormun/static/Shared/jqueryui/images/ui-icons_82798d_256x240.png HTTP/1.1" 404 1089
192.168.10.199 - - [28/Mar/2022:08:47:37 -0300] "GET /cormun/static/Shared/jqueryui/images/ui-bg_highlight-soft_100_c6c2c8_1x100.png HTTP/1.1" 404 1117
192.168.10.199 - - [28/Mar/2022:08:47:37 -0300] "GET /cormun/static/Shared/jqueryui/images/ui-bg_flat_55_fafafa_40x100.png HTTP/1.1" 404 1097
192.168.10.199 - - [28/Mar/2022:08:47:37 -0300] "GET /cormun/static/Shared/jqueryui/images/ui-icons_8d78a5_256x240.png HTTP/1.1" 404 1089
192.168.10.199 - - [28/Mar/2022:08:47:37 -0300] "POST /cormun/servlet/vesolicitudgral?d12ad8ca3af56fca99b78be199c1c87b,2022,17965,,,gx-no-cache=1648467147549 HTTP/1.1" 200 12061
192.168.10.199 - - [28/Mar/2022:08:47:38 -0300] "POST /cormun/servlet/vesolicitudgral?d12ad8ca3af56fca99b78be199c1c87b,2022,17965,,,gx-no-cache=1648467148863 HTTP/1.1" 200 90
192.168.10.199 - - [28/Mar/2022:08:47:38 -0300] "GET /cormun/servlet/hpexe_link HTTP/1.1" 200 988
192.168.10.199 - - [28/Mar/2022:08:47:38 -0300] "GET /cormun/servlet/trsolicitudgral?gx-no-cache=1648465874796 HTTP/1.1" 200 10133
192.168.10.199 - - [28/Mar/2022:08:47:39 -0300] "GET /cormun/servlet/trsolicitudgral?gx-no-cache=1648465874796 HTTP/1.1" 200 10153
192.168.10.199 - - [28/Mar/2022:08:47:40 -0300] "GET /cormun/servlet/vesolicitudgral?2022,17964,, HTTP/1.1" 200 8439
192.168.10.199 - - [28/Mar/2022:08:47:40 -0300] "GET /cormun/pexe_scrolldiv.js HTTP/1.1" 404 1009
192.168.10.199 - - [28/Mar/2022:08:47:40 -0300] "GET /cormun/servlet/vesolicitudgral?2022,17964,, HTTP/1.1" 200 8417
192.168.10.199 - - [28/Mar/2022:08:47:42 -0300] "POST /cormun/servlet/vesolicitudgral?d12ad8ca3af56fca99b78be199c1c87b,2022,17964,,,gx-no-cache=1648467152543 HTTP/1.1" 200 12129
192.168.10.199 - - [28/Mar/2022:08:47:42 -0300] "GET /cormun/static/Shared/jqueryui/images/ui-icons_82798d_256x240.png HTTP/1.1" 404 1089
192.168.10.199 - - [28/Mar/2022:08:47:42 -0300] "GET /cormun/static/Shared/jqueryui/images/ui-bg_highlight-soft_100_c6c2c8_1x100.png HTTP/1.1" 404 1117
192.168.10.199 - - [28/Mar/2022:08:47:42 -0300] "GET /cormun/static/Shared/jqueryui/images/ui-icons_8d78a5_256x240.png HTTP/1.1" 404 1089
192.168.10.199 - - [28/Mar/2022:08:47:42 -0300] "GET /cormun/static/Shared/jqueryui/images/ui-bg_flat_55_fafafa_40x100.png HTTP/1.1" 404 1097
192.168.10.199 - - [28/Mar/2022:08:47:42 -0300] "POST /cormun/servlet/vesolicitudgral?d12ad8ca3af56fca99b78be199c1c87b,2022,17964,,,gx-no-cache=1648467152719 HTTP/1.1" 200 12062
190.171.142.50 - - [28/Mar/2022:08:47:42 -0300] "GET /cormun/servlet/hlogin HTTP/1.1" 200 1730
190.171.142.50 - - [28/Mar/2022:08:47:42 -0300] "GET /cormun/servlet/hlogin HTTP/1.1" 200 1740
192.168.10.199 - - [28/Mar/2022:08:47:44 -0300] "POST /cormun/servlet/vesolicitudgral?d12ad8ca3af56fca99b78be199c1c87b,2022,17964,,,gx-no-cache=1648467154965 HTTP/1.1" 200 90
192.168.10.199 - - [28/Mar/2022:08:47:44 -0300] "GET /cormun/servlet/hpexe_link HTTP/1.1" 200 988
192.168.10.199 - - [28/Mar/2022:08:47:44 -0300] "GET /cormun/servlet/trsolicitudgral?gx-no-cache=1648465874796 HTTP/1.1" 200 9717
192.168.10.199 - - [28/Mar/2022:08:47:45 -0300] "GET /cormun/servlet/trsolicitudgral?gx-no-cache=1648465874796 HTTP/1.1" 200 9739
192.168.10.199 - - [28/Mar/2022:08:47:46 -0300] "GET /cormun/servlet/vesolicitudgral?2022,17960,, HTTP/1.1" 200 8453
192.168.10.199 - - [28/Mar/2022:08:47:46 -0300] "GET /cormun/pexe_scrolldiv.js HTTP/1.1" 404 1009
192.168.10.199 - - [28/Mar/2022:08:47:47 -0300] "GET /cormun/servlet/vesolicitudgral?2022,17960,, HTTP/1.1" 200 8431
192.168.10.199 - - [28/Mar/2022:08:47:48 -0300] "POST /cormun/servlet/vesolicitudgral?d12ad8ca3af56fca99b78be199c1c87b,2022,17960,,,gx-no-cache=1648467159130 HTTP/1.1" 200 12144
192.168.10.199 - - [28/Mar/2022:08:47:48 -0300] "GET /cormun/static/Shared/jqueryui/images/ui-icons_82798d_256x240.png HTTP/1.1" 404 1089
192.168.10.199 - - [28/Mar/2022:08:47:48 -0300] "GET /cormun/static/Shared/jqueryui/images/ui-bg_highlight-soft_100_c6c2c8_1x100.png HTTP/1.1" 404 1117
192.168.10.199 - - [28/Mar/2022:08:47:48 -0300] "GET /cormun/static/Shared/jqueryui/images/ui-bg_flat_55_fafafa_40x100.png HTTP/1.1" 404 1097
192.168.10.199 - - [28/Mar/2022:08:47:48 -0300] "GET /cormun/static/Shared/jqueryui/images/ui-icons_8d78a5_256x240.png HTTP/1.1" 404 1089
192.168.10.199 - - [28/Mar/2022:08:47:49 -0300] "POST /cormun/servlet/vesolicitudgral?d12ad8ca3af56fca99b78be199c1c87b,2022,17960,,,gx-no-cache=1648467159315 HTTP/1.1" 200 12076
190.171.142.50 - - [28/Mar/2022:08:47:50 -0300] "POST /cormun/servlet/hlogin?451581a4c7200c4a49cccfd511fd30a7,gx-no-cache=1648469732819 HTTP/1.1" 200 90
190.171.142.50 - - [28/Mar/2022:08:47:50 -0300] "GET /cormun/servlet/hpexe_link HTTP/1.1" 200 956
190.171.142.50 - - [28/Mar/2022:08:47:50 -0300] "GET /cormun/servlet/hhome HTTP/1.1" 200 3946
190.171.142.50 - - [28/Mar/2022:08:47:50 -0300] "GET /cormun/servlet/hhome HTTP/1.1" 200 3944
192.168.10.199 - - [28/Mar/2022:08:47:51 -0300] "POST /cormun/servlet/vesolicitudgral?d12ad8ca3af56fca99b78be199c1c87b,2022,17960,,,gx-no-cache=1648467161585 HTTP/1.1" 200 90
192.168.10.199 - - [28/Mar/2022:08:47:51 -0300] "GET /cormun/servlet/hpexe_link HTTP/1.1" 200 988
192.168.10.199 - - [28/Mar/2022:08:47:51 -0300] "GET /cormun/servlet/trsolicitudgral?gx-no-cache=1648465874796 HTTP/1.1" 200 8324
192.168.10.199 - - [28/Mar/2022:08:47:51 -0300] "GET /cormun/servlet/trsolicitudgral?gx-no-cache=1648465874796 HTTP/1.1" 200 8344
190.171.142.50 - - [28/Mar/2022:08:47:56 -0300] "GET /cormun/servlet/trlicencias? HTTP/1.1" 200 13977
190.171.142.50 - - [28/Mar/2022:08:47:57 -0300] "GET /cormun/servlet/trlicencias? HTTP/1.1" 200 13985
192.168.10.199 - - [28/Mar/2022:08:47:57 -0300] "POST /cormun/servlet/trsolicitudgral?d12ad8ca3af56fca99b78be199c1c87b,gx-no-cache=1648465874796,gx-no-cache=1648467167876 HTTP/1.1" 200 6653
192.168.10.199 - - [28/Mar/2022:08:47:59 -0300] "GET /cormun/servlet/vesolicitudgral?2022,18221,, HTTP/1.1" 200 8431
192.168.10.199 - - [28/Mar/2022:08:47:59 -0300] "GET /cormun/pexe_scrolldiv.js HTTP/1.1" 404 1009
192.168.10.199 - - [28/Mar/2022:08:47:59 -0300] "GET /cormun/servlet/vesolicitudgral?2022,18221,, HTTP/1.1" 200 8409
192.168.10.199 - - [28/Mar/2022:08:48:02 -0300] "POST /cormun/servlet/vesolicitudgral?d12ad8ca3af56fca99b78be199c1c87b,2022,18221,,,gx-no-cache=1648467172567 HTTP/1.1" 200 90
192.168.10.199 - - [28/Mar/2022:08:48:02 -0300] "GET /cormun/servlet/hpexe_link HTTP/1.1" 200 988
192.168.10.199 - - [28/Mar/2022:08:48:02 -0300] "GET /cormun/servlet/trsolicitudgral?gx-no-cache=1648465874796 HTTP/1.1" 200 9733
192.168.10.199 - - [28/Mar/2022:08:48:02 -0300] "GET /cormun/servlet/trsolicitudgral?gx-no-cache=1648465874796 HTTP/1.1" 200 9754
192.168.10.199 - - [28/Mar/2022:08:48:09 -0300] "POST /cormun/servlet/trsolicitudgral?d12ad8ca3af56fca99b78be199c1c87b,gx-no-cache=1648465874796,gx-no-cache=1648467179678 HTTP/1.1" 200 5260
45.155.204.146 - - [28/Mar/2022:08:48:16 -0300] "GET /manager/html HTTP/1.1" 401 2474
192.168.10.199 - - [28/Mar/2022:08:48:17 -0300] "POST /cormun/servlet/trsolicitudgral?d12ad8ca3af56fca99b78be199c1c87b,gx-no-cache=1648465874796,gx-no-cache=1648467187680 HTTP/1.1" 200 7412
192.168.10.199 - - [28/Mar/2022:08:48:21 -0300] "GET /cormun/servlet/vesolicitudgral?2022,18211,, HTTP/1.1" 200 8430
192.168.10.199 - - [28/Mar/2022:08:48:21 -0300] "GET /cormun/pexe_scrolldiv.js HTTP/1.1" 404 1009
192.168.10.199 - - [28/Mar/2022:08:48:21 -0300] "GET /cormun/servlet/vesolicitudgral?2022,18211,, HTTP/1.1" 200 8409
192.168.10.199 - - [28/Mar/2022:08:48:23 -0300] "POST /cormun/servlet/vesolicitudgral?d12ad8ca3af56fca99b78be199c1c87b,2022,18211,,,gx-no-cache=1648467193596 HTTP/1.1" 200 90
192.168.10.199 - - [28/Mar/2022:08:48:23 -0300] "GET /cormun/servlet/hpexe_link HTTP/1.1" 200 988
192.168.10.199 - - [28/Mar/2022:08:48:23 -0300] "GET /cormun/servlet/trsolicitudgral?gx-no-cache=1648465874796 HTTP/1.1" 200 10466
192.168.10.199 - - [28/Mar/2022:08:48:23 -0300] "GET /cormun/servlet/trsolicitudgral?gx-no-cache=1648465874796 HTTP/1.1" 200 10486
192.168.10.199 - - [28/Mar/2022:08:48:25 -0300] "GET /cormun/servlet/vesolicitudgral?2022,18105,, HTTP/1.1" 200 8448
192.168.10.199 - - [28/Mar/2022:08:48:25 -0300] "GET /cormun/pexe_scrolldiv.js HTTP/1.1" 404 1009
192.168.10.199 - - [28/Mar/2022:08:48:25 -0300] "GET /cormun/servlet/vesolicitudgral?2022,18105,, HTTP/1.1" 200 8425
192.168.10.199 - - [28/Mar/2022:08:48:28 -0300] "POST /cormun/servlet/vesolicitudgral?d12ad8ca3af56fca99b78be199c1c87b,2022,18105,,,gx-no-cache=1648467197715 HTTP/1.1" 200 90
192.168.10.199 - - [28/Mar/2022:08:48:28 -0300] "GET /cormun/servlet/hpexe_link HTTP/1.1" 200 988
192.168.10.199 - - [28/Mar/2022:08:48:28 -0300] "GET /cormun/servlet/trsolicitudgral?gx-no-cache=1648465874796 HTTP/1.1" 200 10466
192.168.10.199 - - [28/Mar/2022:08:48:28 -0300] "GET /cormun/servlet/trsolicitudgral?gx-no-cache=1648465874796 HTTP/1.1" 200 10486
192.168.10.199 - - [28/Mar/2022:08:48:30 -0300] "GET /cormun/servlet/vesolicitudgral?2022,18087,, HTTP/1.1" 200 8441
192.168.10.199 - - [28/Mar/2022:08:48:30 -0300] "GET /cormun/pexe_scrolldiv.js HTTP/1.1" 404 1009
192.168.10.199 - - [28/Mar/2022:08:48:30 -0300] "GET /cormun/servlet/vesolicitudgral?2022,18087,, HTTP/1.1" 200 8419
192.168.10.199 - - [28/Mar/2022:08:48:32 -0300] "POST /cormun/servlet/vesolicitudgral?d12ad8ca3af56fca99b78be199c1c87b,2022,18087,,,gx-no-cache=1648467202890 HTTP/1.1" 200 90
192.168.10.199 - - [28/Mar/2022:08:48:32 -0300] "GET /cormun/servlet/hpexe_link HTTP/1.1" 200 988
192.168.10.199 - - [28/Mar/2022:08:48:32 -0300] "GET /cormun/servlet/trsolicitudgral?gx-no-cache=1648465874796 HTTP/1.1" 200 10466
192.168.10.199 - - [28/Mar/2022:08:48:33 -0300] "GET /cormun/servlet/trsolicitudgral?gx-no-cache=1648465874796 HTTP/1.1" 200 10486
192.168.10.199 - - [28/Mar/2022:08:48:40 -0300] "POST /cormun/servlet/trsolicitudgral?d12ad8ca3af56fca99b78be199c1c87b,gx-no-cache=1648465874796,gx-no-cache=1648467210800 HTTP/1.1" 200 5257
192.168.10.199 - - [28/Mar/2022:08:48:46 -0300] "POST /cormun/servlet/trsolicitudgral?d12ad8ca3af56fca99b78be199c1c87b,gx-no-cache=1648465874796,gx-no-cache=1648467216627 HTTP/1.1" 200 8702
192.168.10.199 - - [28/Mar/2022:08:48:50 -0300] "GET /cormun/servlet/vesolicitudgral?2022,18141,, HTTP/1.1" 200 8412
192.168.10.199 - - [28/Mar/2022:08:48:50 -0300] "GET /cormun/pexe_scrolldiv.js HTTP/1.1" 404 1009
192.168.10.199 - - [28/Mar/2022:08:48:50 -0300] "GET /cormun/servlet/vesolicitudgral?2022,18141,, HTTP/1.1" 200 8390
192.168.10.199 - - [28/Mar/2022:08:48:53 -0300] "POST /cormun/servlet/vesolicitudgral?d12ad8ca3af56fca99b78be199c1c87b,2022,18141,,,gx-no-cache=1648467223862 HTTP/1.1" 200 90
192.168.10.199 - - [28/Mar/2022:08:48:53 -0300] "GET /cormun/servlet/hpexe_link HTTP/1.1" 200 988
192.168.10.199 - - [28/Mar/2022:08:48:53 -0300] "GET /cormun/servlet/trsolicitudgral?gx-no-cache=1648465874796 HTTP/1.1" 200 11709
192.168.10.199 - - [28/Mar/2022:08:48:54 -0300] "GET /cormun/servlet/trsolicitudgral?gx-no-cache=1648465874796 HTTP/1.1" 200 11729
192.168.10.199 - - [28/Mar/2022:08:48:56 -0300] "GET /cormun/servlet/vesolicitudgral?2022,18107,, HTTP/1.1" 200 8451
192.168.10.199 - - [28/Mar/2022:08:48:56 -0300] "GET /cormun/pexe_scrolldiv.js HTTP/1.1" 404 1009
192.168.10.199 - - [28/Mar/2022:08:48:57 -0300] "GET /cormun/servlet/vesolicitudgral?2022,18107,, HTTP/1.1" 200 8427
191.125.44.161 - - [28/Mar/2022:08:49:05 -0300] "GET /cormun/servlet/hlogin HTTP/1.1" 200 1726
191.125.44.161 - - [28/Mar/2022:08:49:06 -0300] "GET /cormun/servlet/hlogin HTTP/1.1" 200 1737
192.168.10.199 - - [28/Mar/2022:08:49:38 -0300] "POST /cormun/servlet/vesolicitudgral?d12ad8ca3af56fca99b78be199c1c87b,2022,18107,,,gx-no-cache=1648467269149 HTTP/1.1" 200 12146
192.168.10.199 - - [28/Mar/2022:08:49:39 -0300] "GET /cormun/static/Shared/jqueryui/images/ui-bg_highlight-soft_100_c6c2c8_1x100.png HTTP/1.1" 404 1117
192.168.10.199 - - [28/Mar/2022:08:49:39 -0300] "GET /cormun/static/Shared/jqueryui/images/ui-icons_82798d_256x240.png HTTP/1.1" 404 1089
192.168.10.199 - - [28/Mar/2022:08:49:39 -0300] "GET /cormun/static/Shared/jqueryui/images/ui-bg_flat_55_fafafa_40x100.png HTTP/1.1" 404 1097
192.168.10.199 - - [28/Mar/2022:08:49:39 -0300] "GET /cormun/static/Shared/jqueryui/images/ui-icons_8d78a5_256x240.png HTTP/1.1" 404 1089
192.168.10.199 - - [28/Mar/2022:08:49:39 -0300] "POST /cormun/servlet/vesolicitudgral?d12ad8ca3af56fca99b78be199c1c87b,2022,18107,,,gx-no-cache=1648467269349 HTTP/1.1" 200 12079
45.155.204.146 - - [28/Mar/2022:08:49:39 -0300] "GET /manager/html HTTP/1.1" 401 2474
186.103.156.166 - - [28/Mar/2022:08:49:44 -0300] "GET /cormun/servlet/hlogin HTTP/1.1" 200 1728
186.103.156.166 - - [28/Mar/2022:08:49:45 -0300] "GET /cormun/servlet/hlogin HTTP/1.1" 200 1739
186.67.172.234 - - [28/Mar/2022:08:49:45 -0300] "GET /cormun/servlet/solicitudot?64addff3df63ebab058bec4cd677b28afd86d0c3d8ffcc2be283a99caeefd3c8ed7aa4ea3019e4f4a47f1847dc3a317c5ad769cae0f90bfd624301da3d8cc9420663fb52368239fb58ef440cb2241452d3def645bc29e561f39a47a7854b4d100f942fdf41921d158a3e28cc619b00ac,gx-no-cache=1648467439810 HTTP/1.1" 200 110
186.67.172.234 - - [28/Mar/2022:08:49:45 -0300] "POST /cormun/servlet/solicitudot?gx-no-cache=1648467439849 HTTP/1.1" 200 97
186.103.156.166 - - [28/Mar/2022:08:49:46 -0300] "GET /cormun/static/Resources/indicator.gif HTTP/1.1" 200 1553
191.125.44.161 - - [28/Mar/2022:08:49:50 -0300] "POST /cormun/servlet/hlogin?e2e7c7e3d5b067e093be33a6fb15860e,gx-no-cache=1648467445295 HTTP/1.1" 200 90
191.125.44.161 - - [28/Mar/2022:08:49:50 -0300] "GET /cormun/servlet/hpexe_link HTTP/1.1" 200 954
191.125.44.161 - - [28/Mar/2022:08:49:50 -0300] "GET /cormun/servlet/hhome HTTP/1.1" 200 4255
186.67.172.234 - - [28/Mar/2022:08:49:50 -0300] "GET /cormun/servlet/solicitudot?64addff3df63ebab058bec4cd677b28a188129e5982a9f156f04c71c34e815be4d1fba48029c7e6eb610f004d9166f11c2abf952220f521fafaeb8f3890ee50cc445a97a1db214718d57034a830440bb1dc06d8ec8c05eaf3fcec11ee0c4e6fde34ed6f9450defa7f752dc5a87a25878,gx-no-cache=1648467444362 HTTP/1.1" 200 29
191.125.44.161 - - [28/Mar/2022:08:49:51 -0300] "GET /cormun/servlet/hhome HTTP/1.1" 200 4252
192.168.10.199 - - [28/Mar/2022:08:49:58 -0300] "POST /cormun/servlet/vesolicitudgral?d12ad8ca3af56fca99b78be199c1c87b,2022,18107,,,gx-no-cache=1648467288490 HTTP/1.1" 200 90
192.168.10.199 - - [28/Mar/2022:08:49:58 -0300] "GET /cormun/servlet/hpexe_link HTTP/1.1" 200 988
192.168.10.199 - - [28/Mar/2022:08:49:58 -0300] "GET /cormun/servlet/trsolicitudgral?gx-no-cache=1648465874796 HTTP/1.1" 200 11358
192.168.10.199 - - [28/Mar/2022:08:49:58 -0300] "GET /cormun/servlet/trsolicitudgral?gx-no-cache=1648465874796 HTTP/1.1" 200 11378
192.168.10.199 - - [28/Mar/2022:08:50:15 -0300] "GET /cormun/servlet/vesolicitudgral?2022,18141,, HTTP/1.1" 200 8412
192.168.10.199 - - [28/Mar/2022:08:50:15 -0300] "GET /cormun/pexe_scrolldiv.js HTTP/1.1" 404 1009
192.168.10.199 - - [28/Mar/2022:08:50:15 -0300] "GET /cormun/servlet/vesolicitudgral?2022,18141,, HTTP/1.1" 200 8390
192.168.10.199 - - [28/Mar/2022:08:50:18 -0300] "POST /cormun/servlet/vesolicitudgral?d12ad8ca3af56fca99b78be199c1c87b,2022,18141,,,gx-no-cache=1648467309165 HTTP/1.1" 200 90
192.168.10.199 - - [28/Mar/2022:08:50:18 -0300] "GET /cormun/servlet/hpexe_link HTTP/1.1" 200 988
192.168.10.199 - - [28/Mar/2022:08:50:19 -0300] "GET /cormun/servlet/trsolicitudgral?gx-no-cache=1648465874796 HTTP/1.1" 200 11358
192.168.10.199 - - [28/Mar/2022:08:50:19 -0300] "GET /cormun/servlet/trsolicitudgral?gx-no-cache=1648465874796 HTTP/1.1" 200 11378
192.168.10.199 - - [28/Mar/2022:08:50:21 -0300] "GET /cormun/servlet/vesolicitudgral?2022,18095,, HTTP/1.1" 200 8446
192.168.10.199 - - [28/Mar/2022:08:50:21 -0300] "GET /cormun/pexe_scrolldiv.js HTTP/1.1" 404 1009
192.168.10.199 - - [28/Mar/2022:08:50:21 -0300] "GET /cormun/servlet/vesolicitudgral?2022,18095,, HTTP/1.1" 200 8424
192.168.10.199 - - [28/Mar/2022:08:50:28 -0300] "POST /cormun/servlet/vesolicitudgral?d12ad8ca3af56fca99b78be199c1c87b,2022,18095,,,gx-no-cache=1648467319033 HTTP/1.1" 200 90
192.168.10.199 - - [28/Mar/2022:08:50:28 -0300] "GET /cormun/servlet/hpexe_link HTTP/1.1" 200 988
192.168.10.199 - - [28/Mar/2022:08:50:28 -0300] "GET /cormun/servlet/trsolicitudgral?gx-no-cache=1648465874796 HTTP/1.1" 200 11358
192.168.10.199 - - [28/Mar/2022:08:50:29 -0300] "GET /cormun/servlet/trsolicitudgral?gx-no-cache=1648465874796 HTTP/1.1" 200 11378
192.168.10.199 - - [28/Mar/2022:08:50:31 -0300] "GET /cormun/servlet/vesolicitudgral?2022,18048,, HTTP/1.1" 200 8405
192.168.10.199 - - [28/Mar/2022:08:50:31 -0300] "GET /cormun/pexe_scrolldiv.js HTTP/1.1" 404 1009
192.168.10.199 - - [28/Mar/2022:08:50:32 -0300] "GET /cormun/servlet/vesolicitudgral?2022,18048,, HTTP/1.1" 200 8382
186.67.172.234 - - [28/Mar/2022:08:50:40 -0300] "GET /cormun/static/menuarrow.gif HTTP/1.1" 404 1015
45.155.204.146 - - [28/Mar/2022:08:51:04 -0300] "GET /manager/html HTTP/1.1" 401 2474
186.67.172.234 - - [28/Mar/2022:08:51:08 -0300] "GET /cormun/servlet/solicitudot?64addff3df63ebab058bec4cd677b28a96d85214f34c447602342a7f023479eed47371b3fe08d158e6110a8c960621bd,gx-no-cache=1648467522286 HTTP/1.1" 200 30
186.67.172.234 - - [28/Mar/2022:08:51:08 -0300] "POST /cormun/servlet/solicitudot?gx-no-cache=1648467522323 HTTP/1.1" 200 34
186.103.156.166 - - [28/Mar/2022:08:51:43 -0300] "GET /cormun/servlet/hlogin HTTP/1.1" 200 1724
186.103.156.166 - - [28/Mar/2022:08:51:45 -0300] "GET /cormun/servlet/hlogin HTTP/1.1" 200 1735
186.67.172.234 - - [28/Mar/2022:08:51:47 -0300] "POST /cormun/servlet/solicitudot?05dd12facf83deb5a3d2c7a4051e0b80,INS,0,0,false,,gx-no-cache=1648467560491 HTTP/1.1" 200 93
186.67.172.234 - - [28/Mar/2022:08:51:47 -0300] "GET /cormun/servlet/hpexe_return? HTTP/1.1" 200 1009
186.67.172.234 - - [28/Mar/2022:08:51:48 -0300] "GET /cormun/servlet/hhome HTTP/1.1" 200 4372
186.67.172.234 - - [28/Mar/2022:08:51:48 -0300] "GET /cormun/static/gxcfg.js?20201215495537 HTTP/1.1" 200 953
186.67.172.234 - - [28/Mar/2022:08:51:48 -0300] "GET /cormun/static/hhome.js?20201215495544 HTTP/1.1" 200 777
186.67.172.234 - - [28/Mar/2022:08:51:48 -0300] "GET /cormun/servlet/hhome HTTP/1.1" 200 4369
186.103.156.166 - - [28/Mar/2022:08:51:54 -0300] "POST /cormun/servlet/hlogin?daa00b64445a7e67c2c5c1e2e127bb0e,gx-no-cache=1648467567934 HTTP/1.1" 200 90
186.103.156.166 - - [28/Mar/2022:08:51:55 -0300] "GET /cormun/servlet/hpexe_link HTTP/1.1" 200 949
186.103.156.166 - - [28/Mar/2022:08:51:55 -0300] "GET /cormun/servlet/hhome HTTP/1.1" 200 4213
186.103.156.166 - - [28/Mar/2022:08:51:57 -0300] "GET /cormun/servlet/hhome HTTP/1.1" 200 4209
186.67.172.234 - - [28/Mar/2022:08:52:14 -0300] "GET /cormun/servlet/trsolicitudot? HTTP/1.1" 200 9048
186.67.172.234 - - [28/Mar/2022:08:52:14 -0300] "GET /cormun/servlet/trsolicitudot? HTTP/1.1" 200 9044
186.67.172.234 - - [28/Mar/2022:08:52:16 -0300] "POST /cormun/servlet/trsolicitudot?05dd12facf83deb5a3d2c7a4051e0b80,,gx-no-cache=1648467590619 HTTP/1.1" 200 107
186.67.172.234 - - [28/Mar/2022:08:52:16 -0300] "GET /cormun/servlet/trsolicitudadjuntos?2022,18315, HTTP/1.1" 200 6479
186.67.172.234 - - [28/Mar/2022:08:52:17 -0300] "GET /cormun/servlet/trsolicitudadjuntos?2022,18315, HTTP/1.1" 200 6479
191.125.44.161 - - [28/Mar/2022:08:52:19 -0300] "GET /cormun/servlet/trsolicitudot? HTTP/1.1" 200 17504
192.168.10.199 - - [28/Mar/2022:08:52:20 -0300] "POST /cormun/servlet/vesolicitudgral?d12ad8ca3af56fca99b78be199c1c87b,2022,18048,,,gx-no-cache=1648467430650 HTTP/1.1" 200 90
192.168.10.199 - - [28/Mar/2022:08:52:20 -0300] "GET /cormun/servlet/hpexe_link HTTP/1.1" 200 988
186.103.156.166 - - [28/Mar/2022:08:52:20 -0300] "GET /cormun/servlet/trsolicitudot? HTTP/1.1" 200 7438
192.168.10.199 - - [28/Mar/2022:08:52:20 -0300] "GET /cormun/servlet/trsolicitudgral?gx-no-cache=1648465874796 HTTP/1.1" 200 11358
191.125.44.161 - - [28/Mar/2022:08:52:20 -0300] "GET /cormun/servlet/trsolicitudot? HTTP/1.1" 200 17502
192.168.10.199 - - [28/Mar/2022:08:52:21 -0300] "GET /cormun/servlet/trsolicitudgral?gx-no-cache=1648465874796 HTTP/1.1" 200 11378
186.103.156.166 - - [28/Mar/2022:08:52:22 -0300] "GET /cormun/servlet/trsolicitudot? HTTP/1.1" 200 7437
192.168.10.199 - - [28/Mar/2022:08:52:24 -0300] "GET /cormun/servlet/vesolicitudgral?2022,17952,, HTTP/1.1" 200 8362
192.168.10.199 - - [28/Mar/2022:08:52:24 -0300] "GET /cormun/pexe_scrolldiv.js HTTP/1.1" 404 1009
192.168.10.199 - - [28/Mar/2022:08:52:24 -0300] "GET /cormun/servlet/vesolicitudgral?2022,17952,, HTTP/1.1" 200 8340
45.155.204.146 - - [28/Mar/2022:08:52:25 -0300] "GET /manager/html HTTP/1.1" 401 2474
192.168.10.199 - - [28/Mar/2022:08:52:27 -0300] "POST /cormun/servlet/vesolicitudgral?d12ad8ca3af56fca99b78be199c1c87b,2022,17952,,,gx-no-cache=1648467437642 HTTP/1.1" 200 12087
192.168.10.199 - - [28/Mar/2022:08:52:27 -0300] "GET /cormun/static/Shared/jqueryui/images/ui-icons_82798d_256x240.png HTTP/1.1" 404 1089
192.168.10.199 - - [28/Mar/2022:08:52:27 -0300] "GET /cormun/static/Shared/jqueryui/images/ui-bg_highlight-soft_100_c6c2c8_1x100.png HTTP/1.1" 404 1117
192.168.10.199 - - [28/Mar/2022:08:52:27 -0300] "GET /cormun/static/Shared/jqueryui/images/ui-bg_flat_55_fafafa_40x100.png HTTP/1.1" 404 1097
192.168.10.199 - - [28/Mar/2022:08:52:27 -0300] "GET /cormun/static/Shared/jqueryui/images/ui-icons_8d78a5_256x240.png HTTP/1.1" 404 1089
192.168.10.199 - - [28/Mar/2022:08:52:27 -0300] "POST /cormun/servlet/vesolicitudgral?d12ad8ca3af56fca99b78be199c1c87b,2022,17952,,,gx-no-cache=1648467437827 HTTP/1.1" 200 12021
190.171.142.10 - - [28/Mar/2022:08:52:28 -0300] "GET /cormun/servlet/hlogin HTTP/1.1" 200 1727
192.168.10.199 - - [28/Mar/2022:08:52:29 -0300] "POST /cormun/servlet/vesolicitudgral?d12ad8ca3af56fca99b78be199c1c87b,2022,17952,,,gx-no-cache=1648467439523 HTTP/1.1" 200 90
192.168.10.199 - - [28/Mar/2022:08:52:29 -0300] "GET /cormun/servlet/hpexe_link HTTP/1.1" 200 988
190.171.142.10 - - [28/Mar/2022:08:52:29 -0300] "GET /cormun/servlet/hlogin HTTP/1.1" 200 1738
192.168.10.199 - - [28/Mar/2022:08:52:29 -0300] "GET /cormun/servlet/trsolicitudgral?gx-no-cache=1648465874796 HTTP/1.1" 200 10931
190.171.142.10 - - [28/Mar/2022:08:52:29 -0300] "GET /cormun/static/Resources/indicator.gif HTTP/1.1" 200 1553
192.168.10.199 - - [28/Mar/2022:08:52:29 -0300] "GET /cormun/servlet/trsolicitudgral?gx-no-cache=1648465874796 HTTP/1.1" 200 10951
192.168.10.199 - - [28/Mar/2022:08:52:31 -0300] "GET /cormun/servlet/vesolicitudgral?2022,17950,, HTTP/1.1" 200 8369
192.168.10.199 - - [28/Mar/2022:08:52:31 -0300] "GET /cormun/pexe_scrolldiv.js HTTP/1.1" 404 1009
192.168.10.199 - - [28/Mar/2022:08:52:32 -0300] "GET /cormun/servlet/vesolicitudgral?2022,17950,, HTTP/1.1" 200 8346
192.168.10.199 - - [28/Mar/2022:08:52:35 -0300] "POST /cormun/servlet/vesolicitudgral?d12ad8ca3af56fca99b78be199c1c87b,2022,17950,,,gx-no-cache=1648467445594 HTTP/1.1" 200 12113
192.168.10.199 - - [28/Mar/2022:08:52:35 -0300] "GET /cormun/static/Shared/jqueryui/images/ui-icons_82798d_256x240.png HTTP/1.1" 404 1089
192.168.10.199 - - [28/Mar/2022:08:52:35 -0300] "GET /cormun/static/Shared/jqueryui/images/ui-bg_highlight-soft_100_c6c2c8_1x100.png HTTP/1.1" 404 1117
192.168.10.199 - - [28/Mar/2022:08:52:35 -0300] "GET /cormun/static/Shared/jqueryui/images/ui-bg_flat_55_fafafa_40x100.png HTTP/1.1" 404 1097
192.168.10.199 - - [28/Mar/2022:08:52:35 -0300] "GET /cormun/static/Shared/jqueryui/images/ui-icons_8d78a5_256x240.png HTTP/1.1" 404 1089
192.168.10.199 - - [28/Mar/2022:08:52:35 -0300] "POST /cormun/servlet/vesolicitudgral?d12ad8ca3af56fca99b78be199c1c87b,2022,17950,,,gx-no-cache=1648467445785 HTTP/1.1" 200 12046
192.168.10.199 - - [28/Mar/2022:08:52:37 -0300] "POST /cormun/servlet/vesolicitudgral?d12ad8ca3af56fca99b78be199c1c87b,2022,17950,,,gx-no-cache=1648467447317 HTTP/1.1" 200 90
192.168.10.199 - - [28/Mar/2022:08:52:37 -0300] "GET /cormun/servlet/hpexe_link HTTP/1.1" 200 988
192.168.10.199 - - [28/Mar/2022:08:52:37 -0300] "GET /cormun/servlet/trsolicitudgral?gx-no-cache=1648465874796 HTTP/1.1" 200 10471
192.168.10.199 - - [28/Mar/2022:08:52:37 -0300] "GET /cormun/servlet/trsolicitudgral?gx-no-cache=1648465874796 HTTP/1.1" 200 10491
190.171.142.10 - - [28/Mar/2022:08:52:40 -0300] "POST /cormun/servlet/hlogin?40a0ba57b6306d4dc220b476759673e8,gx-no-cache=1648467614091 HTTP/1.1" 200 90
190.171.142.10 - - [28/Mar/2022:08:52:40 -0300] "GET /cormun/servlet/hpexe_link HTTP/1.1" 200 953
190.171.142.10 - - [28/Mar/2022:08:52:41 -0300] "GET /cormun/servlet/hhome HTTP/1.1" 200 3971
190.171.142.10 - - [28/Mar/2022:08:52:42 -0300] "GET /cormun/servlet/hhome HTTP/1.1" 200 3967
192.168.10.199 - - [28/Mar/2022:08:52:43 -0300] "POST /cormun/servlet/trsolicitudgral?d12ad8ca3af56fca99b78be199c1c87b,gx-no-cache=1648465874796,gx-no-cache=1648467454037 HTTP/1.1" 200 8628
186.103.156.166 - - [28/Mar/2022:08:52:45 -0300] "GET /cormun/servlet/solicitudot?INS,0,0,false, HTTP/1.1" 200 15926
186.103.156.166 - - [28/Mar/2022:08:52:45 -0300] "GET /cormun/static/gxcfg.js?20203414241232 HTTP/1.1" 200 953
186.103.156.166 - - [28/Mar/2022:08:52:45 -0300] "GET /cormun/static/Resources/prompt.gif HTTP/1.1" 200 902
186.103.156.166 - - [28/Mar/2022:08:52:45 -0300] "GET /cormun/static/solicitudot.js?20203414242792 HTTP/1.1" 200 74114
186.103.156.166 - - [28/Mar/2022:08:52:46 -0300] "GET /cormun/servlet/solicitudot?INS,0,0,false, HTTP/1.1" 200 15934
190.171.142.10 - - [28/Mar/2022:08:52:48 -0300] "GET /cormun/servlet/trlicencias? HTTP/1.1" 200 13726
190.171.142.10 - - [28/Mar/2022:08:52:50 -0300] "GET /cormun/servlet/trlicencias? HTTP/1.1" 200 13729
190.171.142.10 - - [28/Mar/2022:08:52:53 -0300] "POST /cormun/servlet/trlicencias?40a0ba57b6306d4dc220b476759673e8,,gx-no-cache=1648467627281 HTTP/1.1" 200 11511
