190.171.141.114 - - [28/Mar/2022:13:05:19 -0300] "GET /cormun/servlet/hpexe_link HTTP/1.1" 200 955
190.171.141.114 - - [28/Mar/2022:13:05:19 -0300] "GET /cormun/servlet/trlicencias HTTP/1.1" 200 8854
190.171.141.114 - - [28/Mar/2022:13:05:20 -0300] "GET /cormun/servlet/trlicencias HTTP/1.1" 200 8852
190.171.141.114 - - [28/Mar/2022:13:05:22 -0300] "GET /cormun/servlet/trlicencias? HTTP/1.1" 200 8852
190.171.141.114 - - [28/Mar/2022:13:05:22 -0300] "GET /cormun/servlet/trlicencias? HTTP/1.1" 200 8852
186.103.156.166 - - [28/Mar/2022:13:05:23 -0300] "POST /cormun/servlet/solicitudot?gx-no-cache=1648482776379 HTTP/1.1" 200 3976
186.103.156.166 - - [28/Mar/2022:13:05:23 -0300] "POST /cormun/servlet/solicitudot?0c397501c97d140ca17ac30e80ec7b98,INS,0,0,false,,gx-no-cache=1648482776590 HTTP/1.1" 200 12865
186.103.156.166 - - [28/Mar/2022:13:05:32 -0300] "GET /cormun/servlet/solicitudot?321864fcb122b1291523d3ddd94d5f760a80ad861f8aa45b04784c7b40cba8718e891fd0f267e2b5fb3334daec7e8e6f,gx-no-cache=1648482786005 HTTP/1.1" 200 30
186.103.156.166 - - [28/Mar/2022:13:05:32 -0300] "GET /cormun/servlet/solicitudot?321864fcb122b1291523d3ddd94d5f767215160afe75b8516ed138ea92767d8f8451f9631c0b55cc3bb97d7939462c750d70a820dd1939fecd3d8e2a838c85ae,gx-no-cache=1648482786071 HTTP/1.1" 200 30
186.103.156.166 - - [28/Mar/2022:13:05:32 -0300] "GET /cormun/servlet/solicitudot?321864fcb122b1291523d3ddd94d5f7696c0f82e7c458cc74f6ca21f338e2aa2,gx-no-cache=1648482786104 HTTP/1.1" 200 53
186.103.156.166 - - [28/Mar/2022:13:05:32 -0300] "POST /cormun/servlet/solicitudot?gx-no-cache=1648482786147 HTTP/1.1" 200 240
186.103.156.166 - - [28/Mar/2022:13:05:32 -0300] "GET /cormun/servlet/solicitudot?321864fcb122b1291523d3ddd94d5f76929c09f1a147224d44450a128804fd9ece84bf6399eef4ca92d9a8e87fb229287fd0663388a0cc738c051ed2d0e531e930eec002fa2c8359412c93a5924c8eceb499f88810fbac652d26edee2f37e06fe0940ada8d28b20d581c83d0be64e6c52cf0fe69a067a231fd1d9bbdeb467f1b28d42adb1528a24a6dbb9e8ecf0614ffa1dde95b279fe6b6d159a8151236e93cc3c329334c7fca83d4f54006e8a0fc89d17240df56e21f97a8fe2da206e4f056a1a1bb98e6c6346e4f545d37f3f9917a202f1833a0cc1afe9aa05831a3db5d70f247950eb0d3b710fbab0cf33504c9603b800537678547d69a7fe8b61ab532c1f8c608ac3066d0d87d5c09f4e1a4f01630886a75a6e62810f70d52047b55cf47e6133f1465383567d3a73ef7f24f33182faf04850704e40cc2a43d4072b623a434605eb54e1d726242d2c90dc3f02727a72ec29e4240519a7c9996170ad3b566f6e4367cccd67be0bb9f6e1cda090f31ab11b9ed1640a8045f2bb2ebe3bd335c,gx-no-cache=1648482786198 HTTP/1.1" 200 30
186.103.156.166 - - [28/Mar/2022:13:05:32 -0300] "POST /cormun/servlet/solicitudot?gx-no-cache=1648482786233 HTTP/1.1" 200 30
186.103.156.166 - - [28/Mar/2022:13:05:33 -0300] "POST /cormun/servlet/solicitudot?gx-no-cache=1648482786282 HTTP/1.1" 200 1454
186.103.156.166 - - [28/Mar/2022:13:05:33 -0300] "POST /cormun/servlet/solicitudot?gx-no-cache=1648482786342 HTTP/1.1" 200 38
186.103.156.166 - - [28/Mar/2022:13:05:33 -0300] "GET /cormun/servlet/solicitudot?321864fcb122b1291523d3ddd94d5f76d11724c93c655fab1f30b715a89518572166a47c82d77c929d5df4f733517896738d4cb7a2dc03f0b73df7ef2f583e31809d8f130cc8fd265ca5968c19897a747e511e97b4509d8ceb0b63b89ffe32e9c3c9bdd06cdf79c0ff473f8f958e5015,gx-no-cache=1648482786377 HTTP/1.1" 200 110
186.103.156.166 - - [28/Mar/2022:13:05:33 -0300] "POST /cormun/servlet/solicitudot?gx-no-cache=1648482786426 HTTP/1.1" 200 97
190.171.141.98 - - [28/Mar/2022:13:05:40 -0300] "GET /cormun/servlet/solicitudotadjuntos?22e962959f69384036556f1a82c32645069a217a7ac18a38d986621386220836,gx-no-cache=1648482793712 HTTP/1.1" 200 30
190.171.141.98 - - [28/Mar/2022:13:05:40 -0300] "GET /cormun/servlet/solicitudotadjuntos?22e962959f69384036556f1a82c32645069a217a7ac18a38d986621386220836,gx-no-cache=1648482793737 HTTP/1.1" 200 30
190.171.141.98 - - [28/Mar/2022:13:05:40 -0300] "POST /cormun/servlet/solicitudotadjuntos?146e2009b2100e3b324d47f1657fa6d5,INS,2022,18327,,1, HTTP/1.1" 200 116
190.171.141.98 - - [28/Mar/2022:13:05:40 -0300] "GET /cormun/servlet/hpexe_return? HTTP/1.1" 200 1025
190.171.141.98 - - [28/Mar/2022:13:05:40 -0300] "GET /cormun/servlet/trsolicitudadjuntos?2022,18327, HTTP/1.1" 200 8874
190.171.141.98 - - [28/Mar/2022:13:05:41 -0300] "GET /cormun/servlet/trsolicitudadjuntos?2022,18327, HTTP/1.1" 200 8872
186.103.156.166 - - [28/Mar/2022:13:05:41 -0300] "POST /cormun/servlet/solicitudot?gx-no-cache=1648482795196 HTTP/1.1" 200 30
186.103.156.166 - - [28/Mar/2022:13:05:47 -0300] "GET /cormun/servlet/prfichaempleado?,MD,,gxPopupLevel%3D0%3B HTTP/1.1" 200 9233
190.171.141.98 - - [28/Mar/2022:13:05:48 -0300] "GET /cormun/servlet/solicitudotadjuntos?INS,2022,18327,,1, HTTP/1.1" 200 5937
190.171.141.98 - - [28/Mar/2022:13:05:48 -0300] "GET /cormun/static/about:blank HTTP/1.1" 404 1011
190.171.141.98 - - [28/Mar/2022:13:05:49 -0300] "GET /cormun/servlet/solicitudotadjuntos?INS,2022,18327,,1, HTTP/1.1" 200 5930
190.171.141.98 - - [28/Mar/2022:13:05:49 -0300] "GET /cormun/servlet/solicitudotadjuntos?22e962959f69384036556f1a82c326459c483c0b3827bb2c7590b0f151d38d07bad628c7b35a642c24d0dbadb7b422ea,gx-no-cache=1648482803191 HTTP/1.1" 200 30
190.171.141.98 - - [28/Mar/2022:13:05:49 -0300] "POST /cormun/servlet/solicitudotadjuntos?146e2009b2100e3b324d47f1657fa6d5,INS,2022,18327,,1,,gx-no-cache=1648482803210 HTTP/1.1" 200 3870
190.171.141.98 - - [28/Mar/2022:13:05:54 -0300] "POST /cormun/servlet/solicitudotadjuntos?gx-no-cache=1648482808348 HTTP/1.1" 200 26
186.103.156.166 - - [28/Mar/2022:13:05:57 -0300] "POST /cormun/servlet/prfichaempleado?0c397501c97d140ca17ac30e80ec7b98,,MD,,gxPopupLevel%3D0%3B,gx-no-cache=1648482810848 HTTP/1.1" 200 3460
186.103.156.166 - - [28/Mar/2022:13:06:04 -0300] "GET /cormun/servlet/prlicenciaspermisos?8935260,L,,MD,,gxPopupLevel%3D0%3B HTTP/1.1" 200 6606
186.103.156.166 - - [28/Mar/2022:13:06:08 -0300] "POST /cormun/servlet/solicitudot?gx-no-cache=1648482821197 HTTP/1.1" 200 1454
186.103.156.166 - - [28/Mar/2022:13:06:09 -0300] "POST /cormun/servlet/solicitudot?gx-no-cache=1648482823163 HTTP/1.1" 200 41
186.103.156.166 - - [28/Mar/2022:13:06:09 -0300] "GET /cormun/servlet/solicitudot?321864fcb122b1291523d3ddd94d5f76d11724c93c655fab1f30b715a89518572166a47c82d77c929d5df4f733517896738d4cb7a2dc03f0b73df7ef2f583e31809d8f130cc8fd265ca5968c19897a747e511e97b4509d8ceb0b63b89ffe32e9c3c9bdd06cdf79c0ff473f8f958e5015,gx-no-cache=1648482823206 HTTP/1.1" 200 110
186.103.156.166 - - [28/Mar/2022:13:06:09 -0300] "POST /cormun/servlet/solicitudot?gx-no-cache=1648482823241 HTTP/1.1" 200 97
186.103.156.166 - - [28/Mar/2022:13:06:13 -0300] "GET /cormun/servlet/solicitudot?321864fcb122b1291523d3ddd94d5f768225ba7345286646526b759285310736d2a57d4a0bf6fa8038509975d5d50becab671fec90b6061a760ce7404114b96530089af11755145486bf88b0e9c737c5901af88a9eceaa6f2c210e539f121a76e1ff82003505f7bfb273d5ba8506a0a5fc8268da0f2158d4338f5e992ff299bb8e211ae85c48475cdf9dd773668915a7f4f2b3057d6cb961161ddd15e050f959,gx-no-cache=1648482827007 HTTP/1.1" 200 29
186.103.156.166 - - [28/Mar/2022:13:06:13 -0300] "GET /cormun/static/menuarrow.gif HTTP/1.1" 404 1015
186.103.156.166 - - [28/Mar/2022:13:06:18 -0300] "GET /cormun/servlet/solicitudot?321864fcb122b1291523d3ddd94d5f76e760d63677553ace6ea85df9c1aabe40aed2229ee2fe5a4525a28d0476f679dc,gx-no-cache=1648482831538 HTTP/1.1" 200 30
186.103.156.166 - - [28/Mar/2022:13:06:18 -0300] "POST /cormun/servlet/solicitudot?gx-no-cache=1648482831680 HTTP/1.1" 200 34
186.103.156.166 - - [28/Mar/2022:13:06:27 -0300] "POST /cormun/servlet/solicitudot?0c397501c97d140ca17ac30e80ec7b98,INS,0,0,false,,gx-no-cache=1648482840020 HTTP/1.1" 200 93
186.103.156.166 - - [28/Mar/2022:13:06:27 -0300] "GET /cormun/servlet/hpexe_return? HTTP/1.1" 200 1031
186.103.156.166 - - [28/Mar/2022:13:06:27 -0300] "GET /cormun/servlet/trsolicitudot?gx-no-cache=1648480645691 HTTP/1.1" 200 9203
186.103.156.166 - - [28/Mar/2022:13:06:28 -0300] "GET /cormun/servlet/trsolicitudot?gx-no-cache=1648480645691 HTTP/1.1" 200 9220
190.171.141.98 - - [28/Mar/2022:13:06:29 -0300] "GET /cormun/servlet/solicitudotadjuntos?22e962959f69384036556f1a82c32645069a217a7ac18a38d986621386220836,gx-no-cache=1648482843267 HTTP/1.1" 200 30
190.171.141.98 - - [28/Mar/2022:13:06:29 -0300] "GET /cormun/servlet/solicitudotadjuntos?22e962959f69384036556f1a82c32645069a217a7ac18a38d986621386220836,gx-no-cache=1648482843311 HTTP/1.1" 200 30
190.171.141.98 - - [28/Mar/2022:13:06:29 -0300] "POST /cormun/servlet/solicitudotadjuntos?146e2009b2100e3b324d47f1657fa6d5,INS,2022,18327,,1, HTTP/1.1" 200 116
190.171.141.98 - - [28/Mar/2022:13:06:29 -0300] "GET /cormun/servlet/hpexe_return? HTTP/1.1" 200 1025
190.171.141.98 - - [28/Mar/2022:13:06:30 -0300] "GET /cormun/servlet/trsolicitudadjuntos?2022,18327, HTTP/1.1" 200 9063
190.171.141.98 - - [28/Mar/2022:13:06:30 -0300] "GET /cormun/servlet/trsolicitudadjuntos?2022,18327, HTTP/1.1" 200 9058
186.103.156.166 - - [28/Mar/2022:13:06:33 -0300] "POST /cormun/servlet/trsolicitudot?0c397501c97d140ca17ac30e80ec7b98,gx-no-cache=1648480645691,gx-no-cache=1648482846419 HTTP/1.1" 200 6082
186.103.156.166 - - [28/Mar/2022:13:06:33 -0300] "GET /cormun/static/Shared/jqueryui/images/ui-icons_82798d_256x240.png HTTP/1.1" 404 1089
186.103.156.166 - - [28/Mar/2022:13:06:33 -0300] "GET /cormun/static/Shared/jqueryui/images/ui-bg_highlight-soft_100_c6c2c8_1x100.png HTTP/1.1" 404 1117
186.103.156.166 - - [28/Mar/2022:13:06:33 -0300] "GET /cormun/static/Shared/jqueryui/images/ui-icons_8d78a5_256x240.png HTTP/1.1" 404 1089
186.103.156.166 - - [28/Mar/2022:13:06:33 -0300] "GET /cormun/static/Shared/jqueryui/images/ui-bg_flat_55_fafafa_40x100.png HTTP/1.1" 404 1097
186.103.156.166 - - [28/Mar/2022:13:06:33 -0300] "POST /cormun/servlet/trsolicitudot?0c397501c97d140ca17ac30e80ec7b98,gx-no-cache=1648480645691,gx-no-cache=1648482846951 HTTP/1.1" 200 6026
190.171.141.98 - - [28/Mar/2022:13:06:36 -0300] "GET /cormun/servlet/solicitudotadjuntos?INS,2022,18327,,1, HTTP/1.1" 200 5937
190.171.141.98 - - [28/Mar/2022:13:06:36 -0300] "GET /cormun/static/about:blank HTTP/1.1" 404 1011
190.171.141.98 - - [28/Mar/2022:13:06:36 -0300] "GET /cormun/servlet/solicitudotadjuntos?INS,2022,18327,,1, HTTP/1.1" 200 5930
190.171.141.98 - - [28/Mar/2022:13:06:36 -0300] "GET /cormun/servlet/solicitudotadjuntos?22e962959f69384036556f1a82c326459c483c0b3827bb2c7590b0f151d38d07bad628c7b35a642c24d0dbadb7b422ea,gx-no-cache=1648482850644 HTTP/1.1" 200 30
190.171.141.98 - - [28/Mar/2022:13:06:37 -0300] "POST /cormun/servlet/solicitudotadjuntos?146e2009b2100e3b324d47f1657fa6d5,INS,2022,18327,,1,,gx-no-cache=1648482850693 HTTP/1.1" 200 3869
190.171.141.98 - - [28/Mar/2022:13:06:41 -0300] "POST /cormun/servlet/solicitudotadjuntos?gx-no-cache=1648482854690 HTTP/1.1" 200 26
186.103.156.166 - - [28/Mar/2022:13:06:46 -0300] "GET /cormun/servlet/solicitudot?INS,0,0,false, HTTP/1.1" 200 15947
186.103.156.166 - - [28/Mar/2022:13:06:47 -0300] "GET /cormun/servlet/solicitudot?INS,0,0,false, HTTP/1.1" 200 15932
190.171.141.98 - - [28/Mar/2022:13:07:02 -0300] "GET /cormun/servlet/solicitudotadjuntos?22e962959f69384036556f1a82c32645069a217a7ac18a38d986621386220836,gx-no-cache=1648482876378 HTTP/1.1" 200 30
190.171.141.98 - - [28/Mar/2022:13:07:02 -0300] "GET /cormun/servlet/solicitudotadjuntos?22e962959f69384036556f1a82c32645069a217a7ac18a38d986621386220836,gx-no-cache=1648482876511 HTTP/1.1" 200 30
190.171.141.98 - - [28/Mar/2022:13:07:03 -0300] "POST /cormun/servlet/solicitudotadjuntos?146e2009b2100e3b324d47f1657fa6d5,INS,2022,18327,,1, HTTP/1.1" 200 116
190.171.141.98 - - [28/Mar/2022:13:07:03 -0300] "GET /cormun/servlet/hpexe_return? HTTP/1.1" 200 1025
190.171.141.98 - - [28/Mar/2022:13:07:03 -0300] "GET /cormun/servlet/trsolicitudadjuntos?2022,18327, HTTP/1.1" 200 9328
190.171.141.98 - - [28/Mar/2022:13:07:04 -0300] "GET /cormun/servlet/trsolicitudadjuntos?2022,18327, HTTP/1.1" 200 9322
190.171.141.98 - - [28/Mar/2022:13:07:08 -0300] "GET /cormun/servlet/solicitudotadjuntos?INS,2022,18327,,1, HTTP/1.1" 200 5937
190.171.141.98 - - [28/Mar/2022:13:07:08 -0300] "GET /cormun/static/about:blank HTTP/1.1" 404 1011
190.171.141.98 - - [28/Mar/2022:13:07:08 -0300] "GET /cormun/servlet/solicitudotadjuntos?INS,2022,18327,,1, HTTP/1.1" 200 5930
190.171.141.98 - - [28/Mar/2022:13:07:09 -0300] "GET /cormun/servlet/solicitudotadjuntos?22e962959f69384036556f1a82c326459c483c0b3827bb2c7590b0f151d38d07bad628c7b35a642c24d0dbadb7b422ea,gx-no-cache=1648482882811 HTTP/1.1" 200 30
190.171.141.98 - - [28/Mar/2022:13:07:09 -0300] "POST /cormun/servlet/solicitudotadjuntos?146e2009b2100e3b324d47f1657fa6d5,INS,2022,18327,,1,,gx-no-cache=1648482882830 HTTP/1.1" 200 3869
190.171.141.98 - - [28/Mar/2022:13:07:17 -0300] "POST /cormun/servlet/solicitudotadjuntos?gx-no-cache=1648482890792 HTTP/1.1" 200 26
190.171.141.98 - - [28/Mar/2022:13:07:22 -0300] "GET /cormun/servlet/solicitudotadjuntos?22e962959f69384036556f1a82c32645069a217a7ac18a38d986621386220836,gx-no-cache=1648482895883 HTTP/1.1" 200 30
190.171.141.98 - - [28/Mar/2022:13:07:22 -0300] "GET /cormun/servlet/solicitudotadjuntos?22e962959f69384036556f1a82c32645069a217a7ac18a38d986621386220836,gx-no-cache=1648482895899 HTTP/1.1" 200 30
190.171.141.98 - - [28/Mar/2022:13:07:22 -0300] "POST /cormun/servlet/solicitudotadjuntos?146e2009b2100e3b324d47f1657fa6d5,INS,2022,18327,,1,,gx-no-cache=1648482895916 HTTP/1.1" 200 93
190.171.141.98 - - [28/Mar/2022:13:07:22 -0300] "GET /cormun/servlet/hpexe_return? HTTP/1.1" 200 1025
190.171.141.98 - - [28/Mar/2022:13:07:22 -0300] "GET /cormun/servlet/trsolicitudadjuntos?2022,18327, HTTP/1.1" 200 9554
190.171.141.98 - - [28/Mar/2022:13:07:23 -0300] "GET /cormun/servlet/trsolicitudadjuntos?2022,18327, HTTP/1.1" 200 9553
201.186.225.189 - - [28/Mar/2022:13:07:36 -0300] "GET /cormun/servlet/hlogin HTTP/1.1" 200 1724
201.186.225.189 - - [28/Mar/2022:13:07:46 -0300] "POST /cormun/servlet/hlogin?c69a4c164ca9d0ea1b98365601e458e7,gx-no-cache=1648482920190 HTTP/1.1" 200 90
201.186.225.189 - - [28/Mar/2022:13:07:46 -0300] "GET /cormun/servlet/hpexe_link HTTP/1.1" 200 953
201.186.225.189 - - [28/Mar/2022:13:07:46 -0300] "GET /cormun/servlet/hhome HTTP/1.1" 200 4345
201.186.225.189 - - [28/Mar/2022:13:07:46 -0300] "GET /cormun/servlet/hhome HTTP/1.1" 200 4342
190.171.141.98 - - [28/Mar/2022:13:07:50 -0300] "GET /cormun/servlet/solicitudotadjuntos?INS,2022,18327,,1, HTTP/1.1" 200 5937
190.171.141.98 - - [28/Mar/2022:13:07:50 -0300] "GET /cormun/static/about:blank HTTP/1.1" 404 1011
190.171.141.98 - - [28/Mar/2022:13:07:50 -0300] "GET /cormun/servlet/solicitudotadjuntos?INS,2022,18327,,1, HTTP/1.1" 200 5931
190.171.141.98 - - [28/Mar/2022:13:07:51 -0300] "GET /cormun/servlet/solicitudotadjuntos?22e962959f69384036556f1a82c326459c483c0b3827bb2c7590b0f151d38d07bad628c7b35a642c24d0dbadb7b422ea,gx-no-cache=1648482925112 HTTP/1.1" 200 30
190.171.141.98 - - [28/Mar/2022:13:07:51 -0300] "POST /cormun/servlet/solicitudotadjuntos?146e2009b2100e3b324d47f1657fa6d5,INS,2022,18327,,1,,gx-no-cache=1648482925129 HTTP/1.1" 200 3869
190.171.141.98 - - [28/Mar/2022:13:07:57 -0300] "POST /cormun/servlet/solicitudotadjuntos?gx-no-cache=1648482931355 HTTP/1.1" 200 26
190.171.141.98 - - [28/Mar/2022:13:08:28 -0300] "GET /cormun/servlet/solicitudotadjuntos?22e962959f69384036556f1a82c32645069a217a7ac18a38d986621386220836,gx-no-cache=1648482962058 HTTP/1.1" 200 30
190.171.141.98 - - [28/Mar/2022:13:08:28 -0300] "GET /cormun/servlet/solicitudotadjuntos?22e962959f69384036556f1a82c32645069a217a7ac18a38d986621386220836,gx-no-cache=1648482962095 HTTP/1.1" 200 30
190.171.141.98 - - [28/Mar/2022:13:08:28 -0300] "POST /cormun/servlet/solicitudotadjuntos?146e2009b2100e3b324d47f1657fa6d5,INS,2022,18327,,1, HTTP/1.1" 200 116
190.171.141.98 - - [28/Mar/2022:13:08:28 -0300] "GET /cormun/servlet/hpexe_return? HTTP/1.1" 200 1025
190.171.141.98 - - [28/Mar/2022:13:08:29 -0300] "GET /cormun/servlet/trsolicitudadjuntos?2022,18327, HTTP/1.1" 200 9778
190.171.141.98 - - [28/Mar/2022:13:08:29 -0300] "GET /cormun/servlet/trsolicitudadjuntos?2022,18327, HTTP/1.1" 200 9776
192.168.10.199 - - [28/Mar/2022:13:08:39 -0300] "GET /cormun/servlet/veautorizarot?2022,18061,, HTTP/1.1" 200 8355
192.168.10.199 - - [28/Mar/2022:13:08:39 -0300] "GET /cormun/static/gxcfg.js?20199142248470 HTTP/1.1" 200 953
192.168.10.199 - - [28/Mar/2022:13:08:39 -0300] "GET /cormun/pexe_scrolldiv.js HTTP/1.1" 404 1009
192.168.10.199 - - [28/Mar/2022:13:08:39 -0300] "GET /cormun/static/veautorizarot.js?20199142248486 HTTP/1.1" 200 6707
192.168.10.199 - - [28/Mar/2022:13:08:39 -0300] "GET /cormun/static/tbautorizarot01.js?201991422252945 HTTP/1.1" 200 31227
192.168.10.199 - - [28/Mar/2022:13:08:40 -0300] "GET /cormun/servlet/veautorizarot?2022,18061,, HTTP/1.1" 200 8355
192.168.10.199 - - [28/Mar/2022:13:08:43 -0300] "GET /cormun/servlet/veautorizarot?2022,18061,,SolicitudOTAdjuntos HTTP/1.1" 200 10413
192.168.10.199 - - [28/Mar/2022:13:08:43 -0300] "GET /cormun/pexe_scrolldiv.js HTTP/1.1" 404 1009
192.168.10.199 - - [28/Mar/2022:13:08:43 -0300] "GET /cormun/static/tbautorizarot02.js?2020121445386 HTTP/1.1" 200 13302
192.168.10.199 - - [28/Mar/2022:13:08:43 -0300] "GET /cormun/servlet/veautorizarot?2022,18061,,SolicitudOTAdjuntos HTTP/1.1" 200 10417
192.168.10.199 - - [28/Mar/2022:13:08:44 -0300] "POST /cormun/servlet/acontrolpreferencessavestate?None,RRHH+CATALINA+CACERES,true HTTP/1.1" 200 35
192.168.10.199 - - [28/Mar/2022:13:08:48 -0300] "GET /cormun/PublicTempStorage/curriculum_marcelo_bahamonde300111.pdf HTTP/1.1" 200 502344
190.171.141.98 - - [28/Mar/2022:13:08:51 -0300] "GET /cormun/PublicTempStorage/certificadoantecedentesrodrigo0393592999.pdf HTTP/1.1" 200 240020
192.168.10.199 - - [28/Mar/2022:13:08:56 -0300] "GET /cormun/servlet/veautorizarot?2022,18061,,SolicitudOTAdjuntos HTTP/1.1" 200 10415
192.168.10.199 - - [28/Mar/2022:13:08:56 -0300] "GET /cormun/servlet/veautorizarot?2022,18061,,SolicitudOTAdjuntos HTTP/1.1" 200 10417
192.168.10.199 - - [28/Mar/2022:13:08:57 -0300] "POST /cormun/servlet/acontrolpreferencessavestate?None,RRHH+CATALINA+CACERES,true HTTP/1.1" 200 35
192.168.10.199 - - [28/Mar/2022:13:09:00 -0300] "GET /cormun/servlet/veautorizarot?2022,18061,,General HTTP/1.1" 200 8359
192.168.10.199 - - [28/Mar/2022:13:09:00 -0300] "GET /cormun/pexe_scrolldiv.js HTTP/1.1" 404 1009
192.168.10.199 - - [28/Mar/2022:13:09:00 -0300] "GET /cormun/servlet/veautorizarot?2022,18061,,General HTTP/1.1" 200 8359
190.171.141.98 - - [28/Mar/2022:13:09:02 -0300] "GET /cormun/servlet/trsolicitudadjuntos?2021,17422, HTTP/1.1" 200 9706
190.171.141.98 - - [28/Mar/2022:13:09:03 -0300] "GET /cormun/servlet/trsolicitudadjuntos?2021,17422, HTTP/1.1" 200 9724
190.171.141.98 - - [28/Mar/2022:13:09:08 -0300] "GET /cormun/servlet/trsolicitudot? HTTP/1.1" 200 8512
190.171.141.98 - - [28/Mar/2022:13:09:08 -0300] "GET /cormun/servlet/trsolicitudot? HTTP/1.1" 200 8498
190.171.141.98 - - [28/Mar/2022:13:09:14 -0300] "POST /cormun/servlet/trsolicitudot?146e2009b2100e3b324d47f1657fa6d5,,gx-no-cache=1648483008578 HTTP/1.1" 200 112
190.171.141.98 - - [28/Mar/2022:13:09:15 -0300] "GET /cormun/servlet/solicitudot?UPD,2022,18327,false, HTTP/1.1" 200 16161
190.171.141.98 - - [28/Mar/2022:13:09:15 -0300] "GET /cormun/servlet/solicitudot?UPD,2022,18327,false, HTTP/1.1" 200 16173
190.171.141.98 - - [28/Mar/2022:13:09:16 -0300] "POST /cormun/servlet/solicitudot?gx-no-cache=1648483009599 HTTP/1.1" 200 3926
190.171.141.98 - - [28/Mar/2022:13:09:16 -0300] "POST /cormun/servlet/solicitudot?146e2009b2100e3b324d47f1657fa6d5,UPD,2022,18327,false,,gx-no-cache=1648483009751 HTTP/1.1" 200 12540
190.171.141.98 - - [28/Mar/2022:13:09:16 -0300] "GET /cormun/servlet/solicitudot?22e962959f69384036556f1a82c32645d0c2807421c7b740027f49bf11e6d645790af7342ec4390d1ec724a31760b4f3,gx-no-cache=1648483009927 HTTP/1.1" 200 30
190.171.141.98 - - [28/Mar/2022:13:09:16 -0300] "GET /cormun/servlet/solicitudot?22e962959f69384036556f1a82c32645709793f535f7864640f4e741b32b8268857583789a450192981a609254903be59d12a1ab6c167b3ca9148a9e3163798d,gx-no-cache=1648483010000 HTTP/1.1" 200 30
190.171.141.98 - - [28/Mar/2022:13:09:16 -0300] "GET /cormun/servlet/solicitudot?22e962959f69384036556f1a82c326459e559006ce697293102691dea0843034,gx-no-cache=1648483010045 HTTP/1.1" 200 29
190.171.141.98 - - [28/Mar/2022:13:09:16 -0300] "POST /cormun/servlet/solicitudot?gx-no-cache=1648483010079 HTTP/1.1" 200 297
190.171.141.98 - - [28/Mar/2022:13:09:16 -0300] "GET /cormun/servlet/solicitudot?22e962959f69384036556f1a82c32645cbbabf1b745e7a53e1fb418c98d8e37b0e6c6fc94ce92903a36ea5a0d81c0c79287e5253dd80aa208ca440f4bc62fbdc5245f8c84e4d6660e2da9dee608720ea66b5502e339ec9e69abc1a977ed775d79ef7e550bf0f23f95fe82a36b64d5ef465052a4e761c4f22c3e2cd11a0f644e9111ec62b2ec726308b1f52b9e1eac30ae697aa26c2e06fa0d4601138380370e82d34c16e476329169a36aac536b6e7f15667f3c135e5c0f525e0f882385ac6b69039e79f433341fd491a15857903243d53b32bf25c5733f42f6d70b9d7ac60fa4c51e61f2ae63242a1469f2c41ff197d80be9aa8079f3a31a7d28dd96aeb4cd516fc1d21aab1c1aea083a572457bd56056a6a85fc6686243dd5feaae7b5512648962f86f969d035f8f478460e1a680112221c40a52990a66cd7917702a2b3cade051cb6066d7b6db84a39764710b735889844898bb09986fa0bf8d34a5ceda0c74d1edda98ab095ae95920502431042a670db0552ba4c263f6eadaf48453ff6d433079cbb3c20cdd1814e2b65e3d87e1,gx-no-cache=1648483010106 HTTP/1.1" 200 30
192.168.10.199 - - [28/Mar/2022:13:09:16 -0300] "POST /cormun/servlet/veautorizarot?d12ad8ca3af56fca99b78be199c1c87b,2022,18061,,General,gx-no-cache=1648482846425 HTTP/1.1" 200 12064
190.171.141.98 - - [28/Mar/2022:13:09:16 -0300] "POST /cormun/servlet/solicitudot?gx-no-cache=1648483010128 HTTP/1.1" 200 30
192.168.10.199 - - [28/Mar/2022:13:09:16 -0300] "GET /cormun/static/Shared/jqueryui/images/ui-icons_82798d_256x240.png HTTP/1.1" 404 1089
192.168.10.199 - - [28/Mar/2022:13:09:16 -0300] "GET /cormun/static/Shared/jqueryui/images/ui-bg_highlight-soft_100_c6c2c8_1x100.png HTTP/1.1" 404 1117
192.168.10.199 - - [28/Mar/2022:13:09:16 -0300] "GET /cormun/static/Shared/jqueryui/images/ui-bg_flat_55_fafafa_40x100.png HTTP/1.1" 404 1097
192.168.10.199 - - [28/Mar/2022:13:09:16 -0300] "GET /cormun/static/Shared/jqueryui/images/ui-icons_8d78a5_256x240.png HTTP/1.1" 404 1089
190.171.141.98 - - [28/Mar/2022:13:09:16 -0300] "POST /cormun/servlet/solicitudot?gx-no-cache=1648483010155 HTTP/1.1" 200 1454
190.171.141.98 - - [28/Mar/2022:13:09:16 -0300] "POST /cormun/servlet/solicitudot?gx-no-cache=1648483010189 HTTP/1.1" 200 41
192.168.10.199 - - [28/Mar/2022:13:09:16 -0300] "POST /cormun/servlet/veautorizarot?d12ad8ca3af56fca99b78be199c1c87b,2022,18061,,General,gx-no-cache=1648482846762 HTTP/1.1" 200 12005
190.171.141.98 - - [28/Mar/2022:13:09:20 -0300] "GET /cormun/servlet/trsolicitudot? HTTP/1.1" 200 8512
192.168.10.199 - - [28/Mar/2022:13:09:20 -0300] "GET /cormun/servlet/trautorizarot? HTTP/1.1" 200 9588
190.171.141.98 - - [28/Mar/2022:13:09:20 -0300] "GET /cormun/servlet/trsolicitudot? HTTP/1.1" 200 8498
192.168.10.199 - - [28/Mar/2022:13:09:20 -0300] "GET /cormun/servlet/trautorizarot? HTTP/1.1" 200 9582
190.171.141.98 - - [28/Mar/2022:13:09:25 -0300] "POST /cormun/servlet/trsolicitudot?146e2009b2100e3b324d47f1657fa6d5,,gx-no-cache=1648483019575 HTTP/1.1" 200 107
190.171.141.98 - - [28/Mar/2022:13:09:26 -0300] "GET /cormun/servlet/trsolicitudadjuntos?2022,18327, HTTP/1.1" 200 9772
190.171.141.98 - - [28/Mar/2022:13:09:26 -0300] "GET /cormun/servlet/trsolicitudadjuntos?2022,18327, HTTP/1.1" 200 9774
192.168.10.199 - - [28/Mar/2022:13:09:47 -0300] "POST /cormun/servlet/trautorizarot?d12ad8ca3af56fca99b78be199c1c87b,,gx-no-cache=1648482877980 HTTP/1.1" 200 116
192.168.10.199 - - [28/Mar/2022:13:09:48 -0300] "GET /cormun/servlet/solicitudotlog?INS,2022,18026,0,REC, HTTP/1.1" 200 5652
192.168.10.199 - - [28/Mar/2022:13:09:49 -0300] "GET /cormun/servlet/solicitudotlog?INS,2022,18026,0,REC, HTTP/1.1" 200 5651
192.168.10.199 - - [28/Mar/2022:13:09:49 -0300] "GET /cormun/servlet/solicitudotlog?f1d7a87a3c103b5b8ab377d2fac1391119acc1a5afaeb672a9e35421dfd828709266dc0267e458d167898181d4baf2e4de3cf388fd4183f9e5bc0658bcfcc6cffebdadac54c4da66d44792f7ca5c62515cda65e641210ebe3f6af5fbf749c8d11d43aa7498315108f56bde9c1fbfd92dcc1b2ee6264554c0f837b9c6d4697bd322b88ede873ba2364e12684dbd3e961859f62230d60ebdb05a2e1c69a537afa0,gx-no-cache=1648482879834 HTTP/1.1" 200 94
190.171.141.98 - - [28/Mar/2022:13:09:51 -0300] "GET /cormun/servlet/solicitudotadjuntos?DLT,2022,18327,CERTIF5,0, HTTP/1.1" 200 5810
190.171.141.98 - - [28/Mar/2022:13:09:51 -0300] "GET /cormun/static/about:blank HTTP/1.1" 404 1011
190.171.141.98 - - [28/Mar/2022:13:09:51 -0300] "GET /cormun/static/Shared/jqueryui/images/ui-bg_highlight-soft_100_c6c2c8_1x100.png HTTP/1.1" 404 1117
190.171.141.98 - - [28/Mar/2022:13:09:51 -0300] "GET /cormun/static/Shared/jqueryui/images/ui-icons_82798d_256x240.png HTTP/1.1" 404 1089
190.171.141.98 - - [28/Mar/2022:13:09:51 -0300] "GET /cormun/static/Shared/jqueryui/images/ui-bg_flat_55_fafafa_40x100.png HTTP/1.1" 404 1097
190.171.141.98 - - [28/Mar/2022:13:09:51 -0300] "GET /cormun/static/Shared/jqueryui/images/ui-icons_8d78a5_256x240.png HTTP/1.1" 404 1089
190.171.141.98 - - [28/Mar/2022:13:09:51 -0300] "GET /cormun/servlet/solicitudotadjuntos?DLT,2022,18327,CERTIF5,0, HTTP/1.1" 200 5803
192.168.10.199 - - [28/Mar/2022:13:09:53 -0300] "POST /cormun/servlet/solicitudotlog?d12ad8ca3af56fca99b78be199c1c87b,INS,2022,18026,0,REC,,gx-no-cache=1648482883832 HTTP/1.1" 200 93
192.168.10.199 - - [28/Mar/2022:13:09:53 -0300] "GET /cormun/servlet/hpexe_return? HTTP/1.1" 200 1025
192.168.10.199 - - [28/Mar/2022:13:09:54 -0300] "GET /cormun/servlet/trautorizarot HTTP/1.1" 200 8174
190.171.141.98 - - [28/Mar/2022:13:09:54 -0300] "POST /cormun/servlet/solicitudotadjuntos?146e2009b2100e3b324d47f1657fa6d5,DLT,2022,18327,CERTIF5,0,,gx-no-cache=1648483048018 HTTP/1.1" 200 93
192.168.10.199 - - [28/Mar/2022:13:09:54 -0300] "GET /cormun/servlet/trautorizarot HTTP/1.1" 200 8170
190.171.141.98 - - [28/Mar/2022:13:09:54 -0300] "GET /cormun/servlet/hpexe_return? HTTP/1.1" 200 1031
190.171.141.98 - - [28/Mar/2022:13:09:54 -0300] "GET /cormun/servlet/trsolicitudadjuntos?2022,18327, HTTP/1.1" 200 9631
190.171.141.98 - - [28/Mar/2022:13:09:55 -0300] "GET /cormun/servlet/trsolicitudadjuntos?2022,18327, HTTP/1.1" 200 9628
186.67.172.234 - - [28/Mar/2022:13:10:01 -0300] "GET /cormun/servlet/hlogin HTTP/1.1" 200 1729
186.67.172.234 - - [28/Mar/2022:13:10:01 -0300] "GET /cormun/static/gxtimezone.js?85251 HTTP/1.1" 200 5781
186.67.172.234 - - [28/Mar/2022:13:10:01 -0300] "GET /cormun/static/gxcfg.js?201910216285969 HTTP/1.1" 200 953
186.67.172.234 - - [28/Mar/2022:13:10:01 -0300] "GET /cormun/static/Resources/Spanish/PXTools.css?2294816 HTTP/1.1" 200 100853
186.67.172.234 - - [28/Mar/2022:13:10:01 -0300] "GET /cormun/static/messages.spa.js?85251 HTTP/1.1" 200 30736
186.67.172.234 - - [28/Mar/2022:13:10:01 -0300] "GET /cormun/static/hlogin.js?201910216285995 HTTP/1.1" 200 2136
186.67.172.234 - - [28/Mar/2022:13:10:01 -0300] "GET /cormun/static/Resources/Logo2019_Grande.png HTTP/1.1" 200 31733
186.67.172.234 - - [28/Mar/2022:13:10:02 -0300] "GET /cormun/static/gxgral.js?85251 HTTP/1.1" 200 384558
186.67.172.234 - - [28/Mar/2022:13:10:02 -0300] "GET /cormun/static/Resources/PXToolsLoginTop.png HTTP/1.1" 200 1337
186.67.172.234 - - [28/Mar/2022:13:10:02 -0300] "GET /cormun/static/Resources/PXToolsLoginBackground.png HTTP/1.1" 200 1164
186.67.172.234 - - [28/Mar/2022:13:10:02 -0300] "GET /cormun/static/Resources/PXToolsButtonLeft.png HTTP/1.1" 200 1310
186.67.172.234 - - [28/Mar/2022:13:10:02 -0300] "GET /cormun/static/Resources/PXToolsButtonRight.png HTTP/1.1" 200 1294
186.67.172.234 - - [28/Mar/2022:13:10:02 -0300] "GET /cormun/static/Resources/PXToolsButtonBackground.png HTTP/1.1" 200 1176
186.67.172.234 - - [28/Mar/2022:13:10:02 -0300] "GET /cormun/static/Resources/PXToolsLoginBottom.png HTTP/1.1" 200 1389
186.67.172.234 - - [28/Mar/2022:13:10:02 -0300] "GET /cormun/static/Resources/indicator.gif HTTP/1.1" 200 1553
186.67.172.234 - - [28/Mar/2022:13:10:02 -0300] "GET /cormun/servlet/hlogin HTTP/1.1" 200 1740
190.171.141.98 - - [28/Mar/2022:13:10:10 -0300] "GET /cormun/servlet/solicitudotadjuntos?INS,2022,18327,,1, HTTP/1.1" 200 5937
190.171.141.98 - - [28/Mar/2022:13:10:10 -0300] "GET /cormun/static/about:blank HTTP/1.1" 404 1011
190.171.141.98 - - [28/Mar/2022:13:10:10 -0300] "GET /cormun/servlet/solicitudotadjuntos?INS,2022,18327,,1, HTTP/1.1" 200 5931
186.67.172.234 - - [28/Mar/2022:13:10:11 -0300] "POST /cormun/servlet/hlogin?802dde370bd8ce5c53b363aadd129974,gx-no-cache=1648483040438 HTTP/1.1" 200 90
186.67.172.234 - - [28/Mar/2022:13:10:11 -0300] "GET /cormun/servlet/hpexe_link HTTP/1.1" 200 958
186.67.172.234 - - [28/Mar/2022:13:10:11 -0300] "GET /cormun/static/gxcfg.js?201991422392958 HTTP/1.1" 200 953
186.67.172.234 - - [28/Mar/2022:13:10:11 -0300] "GET /cormun/static/hpexe_link.js?201991422392963 HTTP/1.1" 200 625
186.67.172.234 - - [28/Mar/2022:13:10:11 -0300] "GET /cormun/servlet/hhome HTTP/1.1" 200 4379
190.171.141.98 - - [28/Mar/2022:13:10:11 -0300] "GET /cormun/servlet/solicitudotadjuntos?22e962959f69384036556f1a82c326459c483c0b3827bb2c7590b0f151d38d07bad628c7b35a642c24d0dbadb7b422ea,gx-no-cache=1648483064968 HTTP/1.1" 200 30
186.67.172.234 - - [28/Mar/2022:13:10:11 -0300] "GET /cormun/static/gxcfg.js?20201215495537 HTTP/1.1" 200 953
186.67.172.234 - - [28/Mar/2022:13:10:11 -0300] "GET /cormun/static/PXToolsJavascripts/pexe_autoreload.js HTTP/1.1" 200 1762
186.67.172.234 - - [28/Mar/2022:13:10:11 -0300] "GET /cormun/static/PXToolsJavascripts/pexe_cookies.js HTTP/1.1" 200 792
186.67.172.234 - - [28/Mar/2022:13:10:11 -0300] "GET /cormun/static/PXToolsJavascripts/pexe_grid.js HTTP/1.1" 200 7559
186.67.172.234 - - [28/Mar/2022:13:10:11 -0300] "GET /cormun/static/PXToolsJavascripts/pexe_windows.js HTTP/1.1" 200 15207
186.67.172.234 - - [28/Mar/2022:13:10:11 -0300] "GET /cormun/static/PXToolsJavascripts/pexe_griddivfix.js HTTP/1.1" 200 6644
186.67.172.234 - - [28/Mar/2022:13:10:11 -0300] "GET /cormun/static/PXToolsJavascripts/pexe_link.js HTTP/1.1" 200 5671
186.67.172.234 - - [28/Mar/2022:13:10:11 -0300] "GET /cormun/static/PXToolsJavascripts/pexe_menudivfix.js HTTP/1.1" 200 333
186.67.172.234 - - [28/Mar/2022:13:10:11 -0300] "GET /cormun/static/PXToolsJavascripts/pexe_menus.js HTTP/1.1" 200 1286
186.67.172.234 - - [28/Mar/2022:13:10:11 -0300] "GET /cormun/static/PXToolsJavascripts/pexe_layers.js HTTP/1.1" 200 4114
186.67.172.234 - - [28/Mar/2022:13:10:11 -0300] "GET /cormun/static/PXToolsJavascripts/pexe_oav.js HTTP/1.1" 200 645
186.67.172.234 - - [28/Mar/2022:13:10:11 -0300] "GET /cormun/static/PXToolsJavascripts/pexe_oavdivfix.js HTTP/1.1" 200 639
186.67.172.234 - - [28/Mar/2022:13:10:11 -0300] "GET /cormun/static/PXToolsJavascripts/pexe_picture.js HTTP/1.1" 200 689
186.67.172.234 - - [28/Mar/2022:13:10:11 -0300] "GET /cormun/static/PXToolsJavascripts/pexe_tabdivfix.js HTTP/1.1" 200 876
186.67.172.234 - - [28/Mar/2022:13:10:11 -0300] "GET /cormun/static/PXToolsJavascripts/pexe_scrolldiv.js HTTP/1.1" 200 4138
186.67.172.234 - - [28/Mar/2022:13:10:11 -0300] "GET /cormun/static/PXToolsJavascripts/pexe_popup.js HTTP/1.1" 200 13458
186.67.172.234 - - [28/Mar/2022:13:10:11 -0300] "GET /cormun/static/PXToolsJavascripts/pexe_tabs.js HTTP/1.1" 200 3748
190.171.141.98 - - [28/Mar/2022:13:10:11 -0300] "POST /cormun/servlet/solicitudotadjuntos?146e2009b2100e3b324d47f1657fa6d5,INS,2022,18327,,1,,gx-no-cache=1648483065010 HTTP/1.1" 200 3870
186.67.172.234 - - [28/Mar/2022:13:10:11 -0300] "GET /cormun/static/PXToolsJavascripts/pexe_upload.js HTTP/1.1" 200 1423
186.67.172.234 - - [28/Mar/2022:13:10:11 -0300] "GET /cormun/static/PXToolsJavascripts/PXToolsJavascriptsRender.js HTTP/1.1" 200 367
186.67.172.234 - - [28/Mar/2022:13:10:11 -0300] "GET /cormun/static/RunJS/RunJS.js HTTP/1.1" 200 288
186.67.172.234 - - [28/Mar/2022:13:10:11 -0300] "GET /cormun/static/Shared/ext/locale/ext-lang-en.js HTTP/1.1" 200 10940
186.67.172.234 - - [28/Mar/2022:13:10:11 -0300] "GET /cormun/static/hhome.js?20201215495544 HTTP/1.1" 200 777
186.67.172.234 - - [28/Mar/2022:13:10:11 -0300] "GET /cormun/static/hwchdr01.js?20201214473739 HTTP/1.1" 200 996
186.67.172.234 - - [28/Mar/2022:13:10:11 -0300] "GET /cormun/static/hpexe_recentlink.js?20201214471090 HTTP/1.1" 200 2144
186.67.172.234 - - [28/Mar/2022:13:10:11 -0300] "GET /cormun/static/Resources/Llave.png HTTP/1.1" 200 1395
186.67.172.234 - - [28/Mar/2022:13:10:11 -0300] "GET /cormun/static/Resources/ImgLogin.png HTTP/1.1" 200 1432
186.67.172.234 - - [28/Mar/2022:13:10:11 -0300] "GET /cormun/static/Resources/Logo2019_Small.png HTTP/1.1" 200 10855
186.67.172.234 - - [28/Mar/2022:13:10:11 -0300] "GET /cormun/static/Resources/ImgHome.png HTTP/1.1" 200 1364
186.67.172.234 - - [28/Mar/2022:13:10:11 -0300] "GET /cormun/static/gxui/gxui-all.js HTTP/1.1" 200 107772
186.67.172.234 - - [28/Mar/2022:13:10:11 -0300] "GET /cormun/static/Resources/PXToolsDataTitle.png HTTP/1.1" 200 1173
186.67.172.234 - - [28/Mar/2022:13:10:11 -0300] "GET /cormun/static/hpexe_scripts.js?20201214471411 HTTP/1.1" 200 1544
186.67.172.234 - - [28/Mar/2022:13:10:11 -0300] "GET /cormun/static/hpexe_messagecontroller.js?201991422154126 HTTP/1.1" 200 870
186.67.172.234 - - [28/Mar/2022:13:10:11 -0300] "GET /cormun/static/hpexe_messagepopupcomponent.js?2020121447232 HTTP/1.1" 200 605
186.67.172.234 - - [28/Mar/2022:13:10:11 -0300] "GET /cormun/static/hpexe_messagegenexuscomponent.js?2020121447173 HTTP/1.1" 200 587
186.67.172.234 - - [28/Mar/2022:13:10:11 -0300] "GET /cormun/static/cmcontrolpreferences.js?20199141926336 HTTP/1.1" 200 1375
186.67.172.234 - - [28/Mar/2022:13:10:11 -0300] "GET /cormun/static/SmoothNavMenu/resources/ddsmoothmenu.js HTTP/1.1" 200 12712
186.67.172.234 - - [28/Mar/2022:13:10:11 -0300] "GET /cormun/static/SmoothNavMenu/resources/SmoothNavMenuRender.js HTTP/1.1" 200 5951
186.67.172.234 - - [28/Mar/2022:13:10:11 -0300] "GET /cormun/static/Shared/jquery/jquery-1.4.2.min.js HTTP/1.1" 200 72174
186.67.172.234 - - [28/Mar/2022:13:10:11 -0300] "GET /cormun/static/scaMessage/js/jquery.pnotify.min.js HTTP/1.1" 200 13038
186.67.172.234 - - [28/Mar/2022:13:10:11 -0300] "GET /cormun/static/scaMessage/scaMessageRender.js HTTP/1.1" 200 11977
186.67.172.234 - - [28/Mar/2022:13:10:11 -0300] "GET /cormun/static/hmpwkw03.js?20201215501896 HTTP/1.1" 200 3973
186.67.172.234 - - [28/Mar/2022:13:10:11 -0300] "GET /cormun/static/Shared/jquery/jquery-1.10.2.min.js HTTP/1.1" 200 273199
186.67.172.234 - - [28/Mar/2022:13:10:11 -0300] "GET /cormun/static/Shared/jqueryui/jquery-ui.min.js HTTP/1.1" 200 240427
186.67.172.234 - - [28/Mar/2022:13:10:11 -0300] "GET /cormun/static/Shared/ext/ext-all.js HTTP/1.1" 200 1289687
186.67.172.234 - - [28/Mar/2022:13:10:12 -0300] "GET /cormun/static/SmoothNavMenu/resources/images/right.gif HTTP/1.1" 200 860
186.67.172.234 - - [28/Mar/2022:13:10:12 -0300] "GET /cormun/static/SmoothNavMenu/resources/images/down.gif HTTP/1.1" 200 854
186.67.172.234 - - [28/Mar/2022:13:10:12 -0300] "GET /cormun/servlet/hhome HTTP/1.1" 200 4375
186.67.172.234 - - [28/Mar/2022:13:10:17 -0300] "GET /cormun/servlet/trlicencias? HTTP/1.1" 200 13266
186.67.172.234 - - [28/Mar/2022:13:10:17 -0300] "GET /cormun/static/calendar.js?85251 HTTP/1.1" 200 26246
186.67.172.234 - - [28/Mar/2022:13:10:17 -0300] "GET /cormun/static/gxcfg.js?2020121613995 HTTP/1.1" 200 953
186.67.172.234 - - [28/Mar/2022:13:10:17 -0300] "GET /cormun/static/calendar-es.js?85251 HTTP/1.1" 200 1901
186.67.172.234 - - [28/Mar/2022:13:10:17 -0300] "GET /cormun/static/calendar-setup.js?85251 HTTP/1.1" 200 2588
186.67.172.234 - - [28/Mar/2022:13:10:17 -0300] "GET /cormun/static/gxdec.js?85251 HTTP/1.1" 200 19579
186.67.172.234 - - [28/Mar/2022:13:10:17 -0300] "GET /cormun/static/trlicencias.js?202012162481 HTTP/1.1" 200 41883
186.67.172.234 - - [28/Mar/2022:13:10:17 -0300] "GET /cormun/static/Resources/PXToolsGridLastDisabled.gif HTTP/1.1" 200 98
186.67.172.234 - - [28/Mar/2022:13:10:17 -0300] "GET /cormun/static/Resources/PXToolsGridPreviousDisabled.gif HTTP/1.1" 200 90
186.67.172.234 - - [28/Mar/2022:13:10:17 -0300] "GET /cormun/static/Resources/PXToolsGridFirstDisabled.gif HTTP/1.1" 200 100
186.67.172.234 - - [28/Mar/2022:13:10:17 -0300] "GET /cormun/static/Resources/PXToolsGridPage.gif HTTP/1.1" 200 725
186.67.172.234 - - [28/Mar/2022:13:10:17 -0300] "GET /cormun/static/Resources/PXToolsGridNextDisabled.gif HTTP/1.1" 200 90
186.67.172.234 - - [28/Mar/2022:13:10:17 -0300] "GET /cormun/static/Resources/PXTools/calendar.png HTTP/1.1" 200 1306
186.67.172.234 - - [28/Mar/2022:13:10:17 -0300] "GET /cormun/static/Resources/PXToolsActionExcel.png HTTP/1.1" 200 727
186.67.172.234 - - [28/Mar/2022:13:10:17 -0300] "GET /cormun/static/Resources/PXToolsAddAllAction.png HTTP/1.1" 200 495
186.67.172.234 - - [28/Mar/2022:13:10:17 -0300] "GET /cormun/static/Resources/asc.gif HTTP/1.1" 200 67
186.67.172.234 - - [28/Mar/2022:13:10:17 -0300] "GET /cormun//static/Resources/PXToolsActionDisabled.gif HTTP/1.1" 200 53
186.67.172.234 - - [28/Mar/2022:13:10:17 -0300] "GET /cormun//static/Resources/PXToolsGridDisplay.png HTTP/1.1" 200 525
186.67.172.234 - - [28/Mar/2022:13:10:17 -0300] "GET /cormun//static/Resources/PXTools/ActionInsert.png HTTP/1.1" 200 1482
186.67.172.234 - - [28/Mar/2022:13:10:17 -0300] "GET /cormun/static/Resources/desc.gif HTTP/1.1" 200 65
186.67.172.234 - - [28/Mar/2022:13:10:17 -0300] "GET /cormun//static/Resources/PXToolsActionPrint.png HTTP/1.1" 200 404
186.67.172.234 - - [28/Mar/2022:13:10:17 -0300] "GET /cormun//static/Resources/PXToolsHeaderFavorites.png HTTP/1.1" 200 1414
186.67.172.234 - - [28/Mar/2022:13:10:17 -0300] "GET /cormun//static/Resources/PXToolsHeaderHelp.png HTTP/1.1" 200 1333
186.67.172.234 - - [28/Mar/2022:13:10:17 -0300] "GET /cormun/static/Shared/ext/resources/themes/images/default/panel/bg-headersPanel.png HTTP/1.1" 200 255
186.67.172.234 - - [28/Mar/2022:13:10:17 -0300] "GET /cormun/static/Shared/ext/resources/themes/images/default/tools/tool-sprites.gif HTTP/1.1" 200 5434
186.67.172.234 - - [28/Mar/2022:13:10:17 -0300] "GET /cormun/servlet/trlicencias? HTTP/1.1" 200 13259
190.171.141.98 - - [28/Mar/2022:13:10:34 -0300] "POST /cormun/servlet/solicitudotadjuntos?gx-no-cache=1648483088142 HTTP/1.1" 200 26
190.171.141.98 - - [28/Mar/2022:13:10:42 -0300] "GET /cormun/servlet/solicitudotadjuntos?22e962959f69384036556f1a82c32645069a217a7ac18a38d986621386220836,gx-no-cache=1648483095927 HTTP/1.1" 200 30
190.171.141.98 - - [28/Mar/2022:13:10:42 -0300] "GET /cormun/servlet/solicitudotadjuntos?22e962959f69384036556f1a82c32645069a217a7ac18a38d986621386220836,gx-no-cache=1648483095951 HTTP/1.1" 200 30
190.171.141.98 - - [28/Mar/2022:13:10:42 -0300] "POST /cormun/servlet/solicitudotadjuntos?146e2009b2100e3b324d47f1657fa6d5,INS,2022,18327,,1, HTTP/1.1" 200 6160
190.171.141.98 - - [28/Mar/2022:13:10:42 -0300] "GET /home/sistema/apache-tomcat-7.0.65/webapps/cormun/PrivateTempStorage/upload_00016644.pdf HTTP/1.1" 404 1135
190.171.141.98 - - [28/Mar/2022:13:10:42 -0300] "GET /cormun/static/Shared/jqueryui/images/ui-bg_highlight-soft_100_c6c2c8_1x100.png HTTP/1.1" 404 1117
190.171.141.98 - - [28/Mar/2022:13:10:42 -0300] "GET /cormun/static/Shared/jqueryui/images/ui-bg_flat_55_994d53_40x100.png HTTP/1.1" 404 1097
190.171.141.98 - - [28/Mar/2022:13:10:42 -0300] "GET /cormun/static/Shared/jqueryui/images/ui-icons_ebccce_256x240.png HTTP/1.1" 404 1089
190.171.141.98 - - [28/Mar/2022:13:10:42 -0300] "GET /cormun/static/Shared/jqueryui/images/ui-icons_82798d_256x240.png HTTP/1.1" 404 1089
190.171.141.98 - - [28/Mar/2022:13:10:42 -0300] "GET /cormun/PrivateTempStorage/upload_00016644.pdf HTTP/1.1" 200 207171
190.171.141.98 - - [28/Mar/2022:13:10:45 -0300] "GET /cormun/servlet/solicitudotadjuntos?22e962959f69384036556f1a82c32645161944ddfaf8d2232d438a951584f073433079cbb3c20cdd1814e2b65e3d87e1,gx-no-cache=1648483098858 HTTP/1.1" 200 30
190.171.141.98 - - [28/Mar/2022:13:10:45 -0300] "POST /cormun/servlet/solicitudotadjuntos?146e2009b2100e3b324d47f1657fa6d5,INS,2022,18327,,1, HTTP/1.1" 200 6160
190.171.141.98 - - [28/Mar/2022:13:10:45 -0300] "GET /home/sistema/apache-tomcat-7.0.65/webapps/cormun/PrivateTempStorage/upload_00016656.pdf HTTP/1.1" 404 1135
190.171.141.98 - - [28/Mar/2022:13:10:45 -0300] "GET /cormun/PrivateTempStorage/upload_00016656.pdf HTTP/1.1" 200 207171
190.171.141.98 - - [28/Mar/2022:13:11:04 -0300] "GET /cormun/servlet/solicitudotadjuntos?22e962959f69384036556f1a82c3264588644bdc9b4f1d82d99c146574055947433079cbb3c20cdd1814e2b65e3d87e1,gx-no-cache=1648483118289 HTTP/1.1" 200 30
190.171.141.98 - - [28/Mar/2022:13:11:04 -0300] "GET /cormun/servlet/solicitudotadjuntos?22e962959f69384036556f1a82c3264588644bdc9b4f1d82d99c146574055947433079cbb3c20cdd1814e2b65e3d87e1,gx-no-cache=1648483118314 HTTP/1.1" 200 30
190.171.141.98 - - [28/Mar/2022:13:11:04 -0300] "POST /cormun/servlet/solicitudotadjuntos?146e2009b2100e3b324d47f1657fa6d5,INS,2022,18327,,1,,gx-no-cache=1648483118337 HTTP/1.1" 200 3726
192.168.10.199 - - [28/Mar/2022:13:11:24 -0300] "POST /cormun/servlet/trautorizarot?d12ad8ca3af56fca99b78be199c1c87b,gx-no-cache=1648482974964 HTTP/1.1" 200 7034
186.103.156.166 - - [28/Mar/2022:13:11:40 -0300] "POST /cormun/servlet/solicitudot?gx-no-cache=1648483153759 HTTP/1.1" 200 3934
186.103.156.166 - - [28/Mar/2022:13:11:40 -0300] "GET /cormun/static/Shared/jqueryui/images/ui-bg_highlight-soft_100_c6c2c8_1x100.png HTTP/1.1" 404 1117
186.103.156.166 - - [28/Mar/2022:13:11:40 -0300] "GET /cormun/static/Shared/jqueryui/images/ui-icons_82798d_256x240.png HTTP/1.1" 404 1089
186.103.156.166 - - [28/Mar/2022:13:11:40 -0300] "GET /cormun/static/Shared/jqueryui/images/ui-bg_flat_55_994d53_40x100.png HTTP/1.1" 404 1097
186.103.156.166 - - [28/Mar/2022:13:11:40 -0300] "GET /cormun/static/Shared/jqueryui/images/ui-icons_ebccce_256x240.png HTTP/1.1" 404 1089
186.103.156.166 - - [28/Mar/2022:13:11:44 -0300] "GET /cormun/servlet/prfichaempleado?,MD,,gxPopupLevel%3D0%3B HTTP/1.1" 200 9233
190.171.141.98 - - [28/Mar/2022:13:11:46 -0300] "GET /cormun/servlet/solicitudotadjuntos?22e962959f69384036556f1a82c3264588644bdc9b4f1d82d99c146574055947433079cbb3c20cdd1814e2b65e3d87e1,gx-no-cache=1648483160403 HTTP/1.1" 200 30
190.171.141.98 - - [28/Mar/2022:13:11:46 -0300] "GET /cormun/servlet/solicitudotadjuntos?22e962959f69384036556f1a82c3264588644bdc9b4f1d82d99c146574055947433079cbb3c20cdd1814e2b65e3d87e1,gx-no-cache=1648483160547 HTTP/1.1" 200 30
190.171.141.98 - - [28/Mar/2022:13:11:47 -0300] "POST /cormun/servlet/solicitudotadjuntos?146e2009b2100e3b324d47f1657fa6d5,INS,2022,18327,,1, HTTP/1.1" 200 6212
190.171.141.98 - - [28/Mar/2022:13:11:47 -0300] "GET /cormun/PrivateTempStorage/upload_00016668.pdf HTTP/1.1" 200 162673
190.171.141.98 - - [28/Mar/2022:13:11:51 -0300] "GET /cormun/servlet/solicitudotadjuntos?22e962959f69384036556f1a82c3264588644bdc9b4f1d82d99c146574055947433079cbb3c20cdd1814e2b65e3d87e1,gx-no-cache=1648483165170 HTTP/1.1" 200 30
190.171.141.98 - - [28/Mar/2022:13:11:51 -0300] "POST /cormun/servlet/solicitudotadjuntos?146e2009b2100e3b324d47f1657fa6d5,INS,2022,18327,,1, HTTP/1.1" 200 6213
190.171.141.98 - - [28/Mar/2022:13:11:51 -0300] "GET /home/sistema/apache-tomcat-7.0.65/webapps/cormun/PrivateTempStorage/upload_00016680.pdf HTTP/1.1" 404 1135
190.171.141.98 - - [28/Mar/2022:13:11:52 -0300] "GET /cormun/PrivateTempStorage/upload_00016680.pdf HTTP/1.1" 200 162673
186.103.156.166 - - [28/Mar/2022:13:11:59 -0300] "POST /cormun/servlet/prfichaempleado?0c397501c97d140ca17ac30e80ec7b98,,MD,,gxPopupLevel%3D0%3B,gx-no-cache=1648483172930 HTTP/1.1" 200 3169
186.103.156.166 - - [28/Mar/2022:13:12:05 -0300] "POST /cormun/servlet/prfichaempleado?0c397501c97d140ca17ac30e80ec7b98,,MD,,gxPopupLevel%3D0%3B,gx-no-cache=1648483177902 HTTP/1.1" 200 6241
186.103.156.166 - - [28/Mar/2022:13:12:19 -0300] "POST /cormun/servlet/prfichaempleado?0c397501c97d140ca17ac30e80ec7b98,,MD,,gxPopupLevel%3D0%3B,gx-no-cache=1648483192883 HTTP/1.1" 200 3170
190.171.141.98 - - [28/Mar/2022:13:12:25 -0300] "GET /cormun/servlet/solicitudotadjuntos?22e962959f69384036556f1a82c3264588644bdc9b4f1d82d99c146574055947433079cbb3c20cdd1814e2b65e3d87e1,gx-no-cache=1648483199603 HTTP/1.1" 200 30
190.171.141.98 - - [28/Mar/2022:13:12:25 -0300] "GET /cormun/servlet/solicitudotadjuntos?22e962959f69384036556f1a82c3264588644bdc9b4f1d82d99c146574055947433079cbb3c20cdd1814e2b65e3d87e1,gx-no-cache=1648483199639 HTTP/1.1" 200 30
190.171.141.98 - - [28/Mar/2022:13:12:26 -0300] "POST /cormun/servlet/solicitudotadjuntos?146e2009b2100e3b324d47f1657fa6d5,INS,2022,18327,,1, HTTP/1.1" 200 6212
190.171.141.98 - - [28/Mar/2022:13:12:26 -0300] "GET /cormun/PrivateTempStorage/upload_00016692.pdf HTTP/1.1" 200 162673
190.171.141.98 - - [28/Mar/2022:13:12:27 -0300] "POST /cormun/servlet/solicitudotadjuntos?146e2009b2100e3b324d47f1657fa6d5,INS,2022,18327,,1, HTTP/1.1" 200 116
190.171.141.98 - - [28/Mar/2022:13:12:27 -0300] "GET /cormun/servlet/hpexe_return? HTTP/1.1" 200 1025
190.171.141.98 - - [28/Mar/2022:13:12:28 -0300] "GET /cormun/servlet/trsolicitudadjuntos?2022,18327, HTTP/1.1" 200 9632
190.171.141.98 - - [28/Mar/2022:13:12:28 -0300] "GET /cormun/servlet/trsolicitudadjuntos?2022,18327, HTTP/1.1" 200 9630
201.186.225.189 - - [28/Mar/2022:13:12:33 -0300] "GET /cormun/servlet/trsolicitudot? HTTP/1.1" 200 9718
201.186.225.189 - - [28/Mar/2022:13:12:33 -0300] "GET /cormun/servlet/trsolicitudot? HTTP/1.1" 200 9716
190.171.141.98 - - [28/Mar/2022:13:12:38 -0300] "GET /cormun/servlet/trsolicitudot? HTTP/1.1" 200 8505
190.171.141.98 - - [28/Mar/2022:13:12:38 -0300] "GET /cormun/servlet/trsolicitudot? HTTP/1.1" 200 8498
186.103.156.166 - - [28/Mar/2022:13:12:40 -0300] "GET /cormun/servlet/hlogin HTTP/1.1" 200 1751
192.168.10.199 - - [28/Mar/2022:13:12:45 -0300] "POST /cormun/servlet/trautorizarot?d12ad8ca3af56fca99b78be199c1c87b,gx-no-cache=1648483055422 HTTP/1.1" 200 6569
190.171.141.98 - - [28/Mar/2022:13:12:46 -0300] "POST /cormun/servlet/trsolicitudot?146e2009b2100e3b324d47f1657fa6d5,,gx-no-cache=1648483219849 HTTP/1.1" 200 5786
190.171.141.98 - - [28/Mar/2022:13:12:46 -0300] "GET /cormun/static/Shared/jqueryui/images/ui-bg_highlight-soft_100_c6c2c8_1x100.png HTTP/1.1" 404 1117
190.171.141.98 - - [28/Mar/2022:13:12:46 -0300] "GET /cormun/static/Shared/jqueryui/images/ui-icons_82798d_256x240.png HTTP/1.1" 404 1089
190.171.141.98 - - [28/Mar/2022:13:12:46 -0300] "GET /cormun/static/Shared/jqueryui/images/ui-icons_8d78a5_256x240.png HTTP/1.1" 404 1089
190.171.141.98 - - [28/Mar/2022:13:12:46 -0300] "GET /cormun/static/Shared/jqueryui/images/ui-bg_flat_55_fafafa_40x100.png HTTP/1.1" 404 1097
186.103.156.166 - - [28/Mar/2022:13:12:47 -0300] "POST /cormun/servlet/hlogin?0c397501c97d140ca17ac30e80ec7b98,gx-no-cache=1648483220896 HTTP/1.1" 200 90
186.103.156.166 - - [28/Mar/2022:13:12:47 -0300] "GET /cormun/servlet/hpexe_link HTTP/1.1" 200 965
186.103.156.166 - - [28/Mar/2022:13:12:48 -0300] "GET /cormun/servlet/prfichaempleado?,MD, HTTP/1.1" 200 9226
190.171.141.98 - - [28/Mar/2022:13:12:56 -0300] "POST /cormun/servlet/trsolicitudot?146e2009b2100e3b324d47f1657fa6d5,,gx-no-cache=1648483229410 HTTP/1.1" 200 107
190.171.141.98 - - [28/Mar/2022:13:12:56 -0300] "GET /cormun/servlet/trsolicitudadjuntos?2022,18327, HTTP/1.1" 200 9631
190.171.141.98 - - [28/Mar/2022:13:12:56 -0300] "GET /cormun/servlet/trsolicitudadjuntos?2022,18327, HTTP/1.1" 200 9629
186.103.156.166 - - [28/Mar/2022:13:12:58 -0300] "GET /cormun/servlet/prfichaempleado?,MD, HTTP/1.1" 200 9215
190.171.141.98 - - [28/Mar/2022:13:13:01 -0300] "GET /cormun/servlet/solicitudotadjuntos?INS,2022,18327,,1, HTTP/1.1" 200 5936
190.171.141.98 - - [28/Mar/2022:13:13:01 -0300] "GET /cormun/static/about:blank HTTP/1.1" 404 1011
190.171.141.98 - - [28/Mar/2022:13:13:01 -0300] "GET /cormun/servlet/solicitudotadjuntos?INS,2022,18327,,1, HTTP/1.1" 200 5930
186.103.156.166 - - [28/Mar/2022:13:13:01 -0300] "GET /cormun/servlet/hlogin HTTP/1.1" 200 1751
190.171.141.98 - - [28/Mar/2022:13:13:01 -0300] "GET /cormun/servlet/solicitudotadjuntos?22e962959f69384036556f1a82c326459c483c0b3827bb2c7590b0f151d38d07bad628c7b35a642c24d0dbadb7b422ea,gx-no-cache=1648483235607 HTTP/1.1" 200 30
190.171.141.98 - - [28/Mar/2022:13:13:02 -0300] "POST /cormun/servlet/solicitudotadjuntos?146e2009b2100e3b324d47f1657fa6d5,INS,2022,18327,,1,,gx-no-cache=1648483235635 HTTP/1.1" 200 3869
190.171.141.98 - - [28/Mar/2022:13:13:05 -0300] "POST /cormun/servlet/solicitudotadjuntos?gx-no-cache=1648483239031 HTTP/1.1" 200 26
186.103.156.166 - - [28/Mar/2022:13:13:07 -0300] "POST /cormun/servlet/hlogin?0c397501c97d140ca17ac30e80ec7b98,gx-no-cache=1648483240424 HTTP/1.1" 200 90
186.103.156.166 - - [28/Mar/2022:13:13:07 -0300] "GET /cormun/servlet/hpexe_link HTTP/1.1" 200 965
186.103.156.166 - - [28/Mar/2022:13:13:08 -0300] "GET /cormun/servlet/prfichaempleado?,MD, HTTP/1.1" 200 9226
190.171.141.98 - - [28/Mar/2022:13:13:12 -0300] "GET /cormun/servlet/solicitudotadjuntos?22e962959f69384036556f1a82c32645069a217a7ac18a38d986621386220836,gx-no-cache=1648483245980 HTTP/1.1" 200 30
190.171.141.98 - - [28/Mar/2022:13:13:12 -0300] "GET /cormun/servlet/solicitudotadjuntos?22e962959f69384036556f1a82c32645069a217a7ac18a38d986621386220836,gx-no-cache=1648483246005 HTTP/1.1" 200 30
190.171.141.98 - - [28/Mar/2022:13:13:12 -0300] "POST /cormun/servlet/solicitudotadjuntos?146e2009b2100e3b324d47f1657fa6d5,INS,2022,18327,,1, HTTP/1.1" 200 116
190.171.141.98 - - [28/Mar/2022:13:13:12 -0300] "GET /cormun/servlet/hpexe_return? HTTP/1.1" 200 1025
190.171.141.98 - - [28/Mar/2022:13:13:13 -0300] "GET /cormun/servlet/trsolicitudadjuntos?2022,18327, HTTP/1.1" 200 9782
190.171.141.98 - - [28/Mar/2022:13:13:13 -0300] "GET /cormun/servlet/trsolicitudadjuntos?2022,18327, HTTP/1.1" 200 9778
186.103.156.166 - - [28/Mar/2022:13:13:14 -0300] "POST /cormun/servlet/acontrolpreferencessavestate?None,MJRAMOS,true HTTP/1.1" 200 35
186.103.156.166 - - [28/Mar/2022:13:13:17 -0300] "GET /cormun/servlet/hlogin HTTP/1.1" 200 1751
190.171.141.98 - - [28/Mar/2022:13:13:17 -0300] "GET /cormun/servlet/solicitudotadjuntos?INS,2022,18327,,1, HTTP/1.1" 200 5936
