181.203.123.30 - - [28/Mar/2022:14:54:25 -0300] "POST /cormun/servlet/trsolicitudot?c893f17b462110cc3c6ac60fe5f93dbb,,gx-no-cache=1648489318989 HTTP/1.1" 200 9404
181.203.123.30 - - [28/Mar/2022:14:54:25 -0300] "POST /cormun/servlet/trsolicitudot?c893f17b462110cc3c6ac60fe5f93dbb,,gx-no-cache=1648489319961 HTTP/1.1" 200 9345
181.203.123.30 - - [28/Mar/2022:14:54:27 -0300] "POST /cormun/servlet/trsolicitudot?c893f17b462110cc3c6ac60fe5f93dbb,,gx-no-cache=1648489321173 HTTP/1.1" 200 8973
181.203.123.30 - - [28/Mar/2022:14:54:28 -0300] "POST /cormun/servlet/trsolicitudot?c893f17b462110cc3c6ac60fe5f93dbb,,gx-no-cache=1648489322188 HTTP/1.1" 200 8914
181.203.123.30 - - [28/Mar/2022:14:54:35 -0300] "POST /cormun/servlet/trsolicitudot?c893f17b462110cc3c6ac60fe5f93dbb,,gx-no-cache=1648489329269 HTTP/1.1" 200 8595
181.203.123.30 - - [28/Mar/2022:14:54:36 -0300] "POST /cormun/servlet/trsolicitudot?c893f17b462110cc3c6ac60fe5f93dbb,,gx-no-cache=1648489330220 HTTP/1.1" 200 8538
181.203.123.30 - - [28/Mar/2022:14:54:37 -0300] "POST /cormun/servlet/trsolicitudot?c893f17b462110cc3c6ac60fe5f93dbb,,gx-no-cache=1648489331133 HTTP/1.1" 200 8826
181.203.123.30 - - [28/Mar/2022:14:54:40 -0300] "POST /cormun/servlet/trsolicitudot?c893f17b462110cc3c6ac60fe5f93dbb,,gx-no-cache=1648489334220 HTTP/1.1" 200 8826
181.203.123.30 - - [28/Mar/2022:14:54:57 -0300] "POST /cormun/servlet/trsolicitudot?c893f17b462110cc3c6ac60fe5f93dbb,,gx-no-cache=1648489351955 HTTP/1.1" 200 8828
181.203.123.30 - - [28/Mar/2022:14:55:01 -0300] "POST /cormun/servlet/trsolicitudot?c893f17b462110cc3c6ac60fe5f93dbb,,gx-no-cache=1648489355405 HTTP/1.1" 200 8786
200.54.237.82 - - [28/Mar/2022:14:55:06 -0300] "GET /cormun/servlet/trcontratounov2? HTTP/1.1" 200 16578
200.54.237.82 - - [28/Mar/2022:14:55:06 -0300] "GET /cormun/servlet/trcontratounov2? HTTP/1.1" 200 16578
181.203.123.30 - - [28/Mar/2022:14:55:06 -0300] "POST /cormun/servlet/trsolicitudot?c893f17b462110cc3c6ac60fe5f93dbb,,gx-no-cache=1648489360740 HTTP/1.1" 200 8786
181.203.123.30 - - [28/Mar/2022:14:55:08 -0300] "POST /cormun/servlet/trsolicitudot?c893f17b462110cc3c6ac60fe5f93dbb,,gx-no-cache=1648489362157 HTTP/1.1" 200 8826
181.203.123.30 - - [28/Mar/2022:14:55:09 -0300] "POST /cormun/servlet/trsolicitudot?c893f17b462110cc3c6ac60fe5f93dbb,,gx-no-cache=1648489363676 HTTP/1.1" 200 8786
181.203.123.30 - - [28/Mar/2022:14:55:11 -0300] "POST /cormun/servlet/trsolicitudot?c893f17b462110cc3c6ac60fe5f93dbb,,gx-no-cache=1648489365541 HTTP/1.1" 200 8825
181.203.123.30 - - [28/Mar/2022:14:55:13 -0300] "POST /cormun/servlet/trsolicitudot?c893f17b462110cc3c6ac60fe5f93dbb,,gx-no-cache=1648489367373 HTTP/1.1" 200 8244
181.203.123.30 - - [28/Mar/2022:14:55:14 -0300] "POST /cormun/servlet/trsolicitudot?c893f17b462110cc3c6ac60fe5f93dbb,,gx-no-cache=1648489368389 HTTP/1.1" 200 8167
181.203.123.30 - - [28/Mar/2022:14:55:15 -0300] "POST /cormun/servlet/trsolicitudot?c893f17b462110cc3c6ac60fe5f93dbb,,gx-no-cache=1648489369604 HTTP/1.1" 200 8435
181.203.123.30 - - [28/Mar/2022:14:55:17 -0300] "POST /cormun/servlet/trsolicitudot?c893f17b462110cc3c6ac60fe5f93dbb,,gx-no-cache=1648489371821 HTTP/1.1" 200 8434
181.203.123.30 - - [28/Mar/2022:14:55:20 -0300] "POST /cormun/servlet/trsolicitudot?c893f17b462110cc3c6ac60fe5f93dbb,,gx-no-cache=1648489374284 HTTP/1.1" 200 8435
190.171.142.42 - - [28/Mar/2022:14:55:28 -0300] "GET /cormun/servlet/hlogin HTTP/1.1" 200 1726
190.171.142.42 - - [28/Mar/2022:14:55:28 -0300] "GET /cormun/servlet/hlogin HTTP/1.1" 200 1736
181.203.123.30 - - [28/Mar/2022:14:55:29 -0300] "POST /cormun/servlet/trsolicitudot?c893f17b462110cc3c6ac60fe5f93dbb,,gx-no-cache=1648489383260 HTTP/1.1" 200 8434
181.203.123.30 - - [28/Mar/2022:14:55:32 -0300] "POST /cormun/servlet/trsolicitudot?c893f17b462110cc3c6ac60fe5f93dbb,,gx-no-cache=1648489386021 HTTP/1.1" 200 8434
181.203.123.30 - - [28/Mar/2022:14:55:33 -0300] "POST /cormun/servlet/trsolicitudot?c893f17b462110cc3c6ac60fe5f93dbb,,gx-no-cache=1648489387915 HTTP/1.1" 200 8191
181.203.123.30 - - [28/Mar/2022:14:55:35 -0300] "POST /cormun/servlet/trsolicitudot?c893f17b462110cc3c6ac60fe5f93dbb,,gx-no-cache=1648489389843 HTTP/1.1" 200 8190
181.203.123.30 - - [28/Mar/2022:14:55:38 -0300] "POST /cormun/servlet/trsolicitudot?c893f17b462110cc3c6ac60fe5f93dbb,,gx-no-cache=1648489392958 HTTP/1.1" 200 8433
190.171.142.42 - - [28/Mar/2022:14:55:40 -0300] "POST /cormun/servlet/hlogin?04ec536fbef8f2ea7f1da10087b0bd1b,gx-no-cache=1648489393125 HTTP/1.1" 200 90
190.171.142.42 - - [28/Mar/2022:14:55:40 -0300] "GET /cormun/servlet/hpexe_link HTTP/1.1" 200 954
190.171.142.42 - - [28/Mar/2022:14:55:40 -0300] "GET /cormun/servlet/hhome HTTP/1.1" 200 4244
190.171.142.42 - - [28/Mar/2022:14:55:40 -0300] "GET /cormun/servlet/hhome HTTP/1.1" 200 4240
181.203.123.30 - - [28/Mar/2022:14:55:40 -0300] "POST /cormun/servlet/trsolicitudot?c893f17b462110cc3c6ac60fe5f93dbb,,gx-no-cache=1648489394820 HTTP/1.1" 200 8434
181.203.123.30 - - [28/Mar/2022:14:55:43 -0300] "POST /cormun/servlet/trsolicitudot?c893f17b462110cc3c6ac60fe5f93dbb,,gx-no-cache=1648489397164 HTTP/1.1" 200 8462
181.203.123.30 - - [28/Mar/2022:14:55:44 -0300] "POST /cormun/servlet/trsolicitudot?c893f17b462110cc3c6ac60fe5f93dbb,,gx-no-cache=1648489398661 HTTP/1.1" 200 8435
181.203.123.30 - - [28/Mar/2022:14:55:46 -0300] "POST /cormun/servlet/trsolicitudot?c893f17b462110cc3c6ac60fe5f93dbb,,gx-no-cache=1648489400220 HTTP/1.1" 200 8433
181.203.123.30 - - [28/Mar/2022:14:55:47 -0300] "POST /cormun/servlet/trsolicitudot?c893f17b462110cc3c6ac60fe5f93dbb,,gx-no-cache=1648489401940 HTTP/1.1" 200 8462
190.171.142.42 - - [28/Mar/2022:14:55:50 -0300] "GET /cormun/servlet/trsolicitudot? HTTP/1.1" 200 9381
190.171.142.42 - - [28/Mar/2022:14:55:50 -0300] "GET /cormun/servlet/trsolicitudot? HTTP/1.1" 200 9378
190.171.142.42 - - [28/Mar/2022:14:56:03 -0300] "GET /cormun/servlet/trautorizarsolicitud? HTTP/1.1" 200 7364
190.171.142.42 - - [28/Mar/2022:14:56:03 -0300] "GET /cormun/servlet/trautorizarsolicitud? HTTP/1.1" 200 7364
190.171.142.42 - - [28/Mar/2022:14:56:11 -0300] "GET /cormun/servlet/trsolicitudot? HTTP/1.1" 200 9379
190.171.142.42 - - [28/Mar/2022:14:56:12 -0300] "GET /cormun/servlet/trsolicitudot? HTTP/1.1" 200 9378
190.171.142.42 - - [28/Mar/2022:14:56:17 -0300] "POST /cormun/servlet/trsolicitudot?04ec536fbef8f2ea7f1da10087b0bd1b,,gx-no-cache=1648489429757 HTTP/1.1" 200 103
190.171.142.42 - - [28/Mar/2022:14:56:17 -0300] "POST /cormun/servlet/trsolicitudot?04ec536fbef8f2ea7f1da10087b0bd1b,,gx-no-cache=1648489429936 HTTP/1.1" 200 6531
190.171.142.42 - - [28/Mar/2022:14:56:17 -0300] "GET /cormun/SolicitudOT-8219.xls HTTP/1.1" 200 6144
190.171.142.42 - - [28/Mar/2022:14:56:27 -0300] "POST /cormun/servlet/trsolicitudot?04ec536fbef8f2ea7f1da10087b0bd1b,,gx-no-cache=1648489440232 HTTP/1.1" 200 11720
181.203.123.30 - - [28/Mar/2022:14:56:37 -0300] "POST /cormun/servlet/trsolicitudot?c893f17b462110cc3c6ac60fe5f93dbb,,gx-no-cache=1648489451598 HTTP/1.1" 200 8434
181.203.123.30 - - [28/Mar/2022:14:56:44 -0300] "POST /cormun/servlet/trsolicitudot?c893f17b462110cc3c6ac60fe5f93dbb,,gx-no-cache=1648489458742 HTTP/1.1" 200 8433
181.203.123.30 - - [28/Mar/2022:14:57:05 -0300] "POST /cormun/servlet/trsolicitudot?c893f17b462110cc3c6ac60fe5f93dbb,,gx-no-cache=1648489479349 HTTP/1.1" 200 8434
181.203.123.30 - - [28/Mar/2022:14:57:08 -0300] "POST /cormun/servlet/trsolicitudot?c893f17b462110cc3c6ac60fe5f93dbb,,gx-no-cache=1648489482061 HTTP/1.1" 200 8434
181.203.123.30 - - [28/Mar/2022:14:57:09 -0300] "POST /cormun/servlet/trsolicitudot?c893f17b462110cc3c6ac60fe5f93dbb,,gx-no-cache=1648489483820 HTTP/1.1" 200 8463
181.203.123.30 - - [28/Mar/2022:14:57:11 -0300] "POST /cormun/servlet/trsolicitudot?c893f17b462110cc3c6ac60fe5f93dbb,,gx-no-cache=1648489485557 HTTP/1.1" 200 8434
181.203.123.30 - - [28/Mar/2022:14:57:13 -0300] "POST /cormun/servlet/trsolicitudot?c893f17b462110cc3c6ac60fe5f93dbb,,gx-no-cache=1648489487332 HTTP/1.1" 200 8434
181.203.123.30 - - [28/Mar/2022:14:57:16 -0300] "POST /cormun/servlet/trsolicitudot?c893f17b462110cc3c6ac60fe5f93dbb,,gx-no-cache=1648489490262 HTTP/1.1" 200 8463
181.203.123.30 - - [28/Mar/2022:14:57:19 -0300] "POST /cormun/servlet/trsolicitudot?c893f17b462110cc3c6ac60fe5f93dbb,,gx-no-cache=1648489493893 HTTP/1.1" 200 8433
181.203.123.30 - - [28/Mar/2022:14:57:24 -0300] "POST /cormun/servlet/trsolicitudot?c893f17b462110cc3c6ac60fe5f93dbb,,gx-no-cache=1648489496356 HTTP/1.1" 200 8190
181.162.181.238 - - [28/Mar/2022:14:57:35 -0300] "GET /cormun/servlet/hlogin HTTP/1.1" 200 1723
181.162.181.238 - - [28/Mar/2022:14:57:35 -0300] "GET /cormun/static/gxtimezone.js?85251 HTTP/1.1" 200 5781
181.162.181.238 - - [28/Mar/2022:14:57:35 -0300] "GET /cormun/static/gxcfg.js?201910216285969 HTTP/1.1" 200 953
181.162.181.238 - - [28/Mar/2022:14:57:35 -0300] "GET /cormun/static/Resources/Spanish/PXTools.css?2294816 HTTP/1.1" 200 100853
181.162.181.238 - - [28/Mar/2022:14:57:35 -0300] "GET /cormun/static/messages.spa.js?85251 HTTP/1.1" 200 30736
181.162.181.238 - - [28/Mar/2022:14:57:35 -0300] "GET /cormun/static/hlogin.js?201910216285995 HTTP/1.1" 200 2136
181.162.181.238 - - [28/Mar/2022:14:57:35 -0300] "GET /cormun/static/Resources/Logo2019_Grande.png HTTP/1.1" 200 31733
181.162.181.238 - - [28/Mar/2022:14:57:35 -0300] "GET /cormun/static/gxgral.js?85251 HTTP/1.1" 200 384558
181.162.181.238 - - [28/Mar/2022:14:57:35 -0300] "GET /cormun/static/Resources/PXToolsLoginTop.png HTTP/1.1" 200 1337
181.162.181.238 - - [28/Mar/2022:14:57:35 -0300] "GET /cormun/static/Resources/PXToolsLoginBackground.png HTTP/1.1" 200 1164
181.162.181.238 - - [28/Mar/2022:14:57:35 -0300] "GET /cormun/static/Resources/PXToolsButtonRight.png HTTP/1.1" 200 1294
181.162.181.238 - - [28/Mar/2022:14:57:35 -0300] "GET /cormun/static/Resources/PXToolsButtonLeft.png HTTP/1.1" 200 1310
181.162.181.238 - - [28/Mar/2022:14:57:35 -0300] "GET /cormun/static/Resources/PXToolsLoginBottom.png HTTP/1.1" 200 1389
181.162.181.238 - - [28/Mar/2022:14:57:35 -0300] "GET /cormun/static/Resources/PXToolsButtonBackground.png HTTP/1.1" 200 1176
181.162.181.238 - - [28/Mar/2022:14:57:35 -0300] "GET /cormun/static/Resources/indicator.gif HTTP/1.1" 200 1553
181.162.181.238 - - [28/Mar/2022:14:57:35 -0300] "GET /cormun/servlet/hlogin HTTP/1.1" 200 1734
181.162.181.238 - - [28/Mar/2022:14:57:35 -0300] "GET /favicon.ico HTTP/1.1" 200 21630
200.54.237.82 - - [28/Mar/2022:14:57:49 -0300] "GET /cormun/servlet/trfichaempleado? HTTP/1.1" 200 11374
181.162.181.238 - - [28/Mar/2022:14:57:50 -0300] "POST /cormun/servlet/hlogin?1efda1c2ae2f0c7005ae005dbb9c5c1d,gx-no-cache=1648489524668 HTTP/1.1" 200 441
190.171.142.42 - - [28/Mar/2022:15:05:26 -0300] "GET /cormun/servlet/hlogin HTTP/1.1" 200 1728
190.171.142.10 - - [28/Mar/2022:15:05:52 -0300] "-" 400 -
190.171.142.10 - - [28/Mar/2022:15:05:52 -0300] "-" 400 -
190.171.142.42 - - [28/Mar/2022:15:05:59 -0300] "POST /cormun/servlet/hlogin?9495b59e5e4b55e2f05b341baa6dd7a9,gx-no-cache=1648490013456 HTTP/1.1" 200 90
190.171.142.42 - - [28/Mar/2022:15:05:59 -0300] "GET /cormun/servlet/hpexe_link HTTP/1.1" 200 961
190.171.142.42 - - [28/Mar/2022:15:05:59 -0300] "GET /cormun/servlet/trfichaempleado HTTP/1.1" 200 6378
190.171.142.42 - - [28/Mar/2022:15:06:00 -0300] "GET /cormun/servlet/trfichaempleado HTTP/1.1" 200 6377
190.171.142.10 - - [28/Mar/2022:15:06:00 -0300] "üó´ÎF÷ÅpY¦‚<¿o =Bdžgá^ÙlǹÂi Ù€v±½U®Gút7>5· #—6o:Ý*D¸þà JJ̨̩À+À/À,À0ÀÀœ/5“JJservicios.cormun.clÿ" 400 -
190.171.142.10 - - [28/Mar/2022:15:06:00 -0300] "GET /cormun/servlet/hlogin HTTP/1.1" 200 1730
190.171.142.10 - - [28/Mar/2022:15:06:00 -0300] "üùás~¥ožibÊò;Ú¦ Ï/î@ýü ôVà ï Æ8©q¦t–ÀᕬM˜mRF@{;°’E7m@رnb ŠŠ̨̩À+À/À,À0ÀÀœ/5“" 505 -
190.171.142.10 - - [28/Mar/2022:15:06:01 -0300] "GET /cormun/static/gxtimezone.js?85251 HTTP/1.1" 200 5781
190.171.142.10 - - [28/Mar/2022:15:06:01 -0300] "GET /cormun/static/gxcfg.js?201910216285969 HTTP/1.1" 200 953
190.171.142.10 - - [28/Mar/2022:15:06:01 -0300] "GET /cormun/static/Resources/Spanish/PXTools.css?2294816 HTTP/1.1" 200 100853
190.171.142.10 - - [28/Mar/2022:15:06:01 -0300] "GET /cormun/static/messages.spa.js?85251 HTTP/1.1" 200 30736
190.171.142.10 - - [28/Mar/2022:15:06:01 -0300] "GET /cormun/static/gxgral.js?85251 HTTP/1.1" 200 384558
190.171.142.10 - - [28/Mar/2022:15:06:01 -0300] "GET /cormun/static/hlogin.js?201910216285995 HTTP/1.1" 200 2136
190.171.142.10 - - [28/Mar/2022:15:06:01 -0300] "GET /cormun/static/Resources/Logo2019_Grande.png HTTP/1.1" 200 31733
190.171.142.10 - - [28/Mar/2022:15:06:01 -0300] "GET /cormun/static/Resources/PXToolsLoginBackground.png HTTP/1.1" 200 1164
190.171.142.10 - - [28/Mar/2022:15:06:01 -0300] "GET /cormun/static/Resources/PXToolsLoginTop.png HTTP/1.1" 200 1337
190.171.142.10 - - [28/Mar/2022:15:06:01 -0300] "GET /cormun/static/Resources/PXToolsButtonLeft.png HTTP/1.1" 200 1310
190.171.142.10 - - [28/Mar/2022:15:06:01 -0300] "GET /cormun/static/Resources/PXToolsButtonRight.png HTTP/1.1" 200 1294
190.171.142.10 - - [28/Mar/2022:15:06:01 -0300] "GET /cormun/static/Resources/PXToolsLoginBottom.png HTTP/1.1" 200 1389
190.171.142.10 - - [28/Mar/2022:15:06:01 -0300] "GET /cormun/static/Resources/PXToolsButtonBackground.png HTTP/1.1" 200 1176
190.171.142.10 - - [28/Mar/2022:15:06:01 -0300] "GET /cormun/static/Resources/indicator.gif HTTP/1.1" 200 1553
190.171.142.10 - - [28/Mar/2022:15:06:01 -0300] "GET /cormun/servlet/hlogin HTTP/1.1" 200 1740
190.171.142.10 - - [28/Mar/2022:15:06:01 -0300] "GET /cormun/static/Resources/PXToolsButtonRight.png HTTP/1.1" 200 1294
190.171.142.10 - - [28/Mar/2022:15:06:01 -0300] "GET /cormun/static/Resources/PXToolsButtonBackground.png HTTP/1.1" 200 1176
190.171.142.10 - - [28/Mar/2022:15:06:01 -0300] "GET /cormun/static/Resources/indicator.gif HTTP/1.1" 200 1553
190.171.142.10 - - [28/Mar/2022:15:06:01 -0300] "GET /cormun/static/Resources/PXToolsLoginBottom.png HTTP/1.1" 200 1389
190.171.142.10 - - [28/Mar/2022:15:06:01 -0300] "GET /favicon.ico HTTP/1.1" 200 21630
190.171.142.10 - - [28/Mar/2022:15:06:14 -0300] "POST /cormun/servlet/hlogin?920d0ebc02220c1b77cac08d45685158,gx-no-cache=1648490028940 HTTP/1.1" 200 450
190.171.142.10 - - [28/Mar/2022:15:06:22 -0300] "POST /cormun/servlet/hlogin?920d0ebc02220c1b77cac08d45685158,gx-no-cache=1648490036884 HTTP/1.1" 200 450
181.203.123.30 - - [28/Mar/2022:15:09:22 -0300] "POST /cormun/servlet/trsolicitudot?c893f17b462110cc3c6ac60fe5f93dbb,,gx-no-cache=1648490216301 HTTP/1.1" 200 8434
181.203.123.30 - - [28/Mar/2022:15:09:24 -0300] "POST /cormun/servlet/trsolicitudot?c893f17b462110cc3c6ac60fe5f93dbb,,gx-no-cache=1648490218709 HTTP/1.1" 200 8434
181.203.123.30 - - [28/Mar/2022:15:09:27 -0300] "POST /cormun/servlet/trsolicitudot?c893f17b462110cc3c6ac60fe5f93dbb,,gx-no-cache=1648490221061 HTTP/1.1" 200 8463
181.203.123.30 - - [28/Mar/2022:15:09:30 -0300] "POST /cormun/servlet/trsolicitudot?c893f17b462110cc3c6ac60fe5f93dbb,,gx-no-cache=1648490223701 HTTP/1.1" 200 8433
181.203.123.30 - - [28/Mar/2022:15:09:32 -0300] "POST /cormun/servlet/trsolicitudot?c893f17b462110cc3c6ac60fe5f93dbb,,gx-no-cache=1648490226005 HTTP/1.1" 200 8433
181.203.123.30 - - [28/Mar/2022:15:09:34 -0300] "POST /cormun/servlet/trsolicitudot?c893f17b462110cc3c6ac60fe5f93dbb,,gx-no-cache=1648490227988 HTTP/1.1" 200 8463
181.203.123.30 - - [28/Mar/2022:15:09:46 -0300] "POST /cormun/servlet/trsolicitudot?c893f17b462110cc3c6ac60fe5f93dbb,,gx-no-cache=1648490240840 HTTP/1.1" 200 107
181.203.123.30 - - [28/Mar/2022:15:09:46 -0300] "GET /cormun/servlet/trsolicitudadjuntos?2022,17893, HTTP/1.1" 200 6365
181.203.123.30 - - [28/Mar/2022:15:09:47 -0300] "GET /cormun/static/gxcfg.js?20201215574222 HTTP/1.1" 200 953
181.203.123.30 - - [28/Mar/2022:15:09:47 -0300] "GET /cormun/static/Resources/PXToolsGridNew.png HTTP/1.1" 200 427
181.203.123.30 - - [28/Mar/2022:15:09:47 -0300] "GET /cormun/static/trsolicitudadjuntos.js?20201215574932 HTTP/1.1" 200 17922
181.203.123.30 - - [28/Mar/2022:15:09:47 -0300] "GET /cormun/servlet/trsolicitudadjuntos?2022,17893, HTTP/1.1" 200 6365
181.203.123.30 - - [28/Mar/2022:15:09:52 -0300] "GET /cormun/servlet/trsolicitudot? HTTP/1.1" 200 11023
181.203.123.30 - - [28/Mar/2022:15:09:53 -0300] "GET /cormun/servlet/trsolicitudot? HTTP/1.1" 200 11021
181.203.123.30 - - [28/Mar/2022:15:09:55 -0300] "POST /cormun/servlet/trsolicitudot?c893f17b462110cc3c6ac60fe5f93dbb,,gx-no-cache=1648490249603 HTTP/1.1" 200 8435
181.203.123.30 - - [28/Mar/2022:15:09:55 -0300] "GET /cormun/static/Shared/jqueryui/images/ui-bg_highlight-soft_100_c6c2c8_1x100.png HTTP/1.1" 404 1117
181.203.123.30 - - [28/Mar/2022:15:09:55 -0300] "GET /cormun/static/Shared/jqueryui/images/ui-icons_82798d_256x240.png HTTP/1.1" 404 1089
181.203.123.30 - - [28/Mar/2022:15:09:55 -0300] "GET /cormun/static/Shared/jqueryui/images/ui-icons_8d78a5_256x240.png HTTP/1.1" 404 1089
181.203.123.30 - - [28/Mar/2022:15:09:55 -0300] "GET /cormun/static/Shared/jqueryui/images/ui-bg_flat_55_fafafa_40x100.png HTTP/1.1" 404 1097
181.203.123.30 - - [28/Mar/2022:15:09:56 -0300] "POST /cormun/servlet/trsolicitudot?c893f17b462110cc3c6ac60fe5f93dbb,,gx-no-cache=1648490250726 HTTP/1.1" 200 8434
181.203.123.30 - - [28/Mar/2022:15:09:57 -0300] "POST /cormun/servlet/trsolicitudot?c893f17b462110cc3c6ac60fe5f93dbb,,gx-no-cache=1648490251748 HTTP/1.1" 200 8435
181.203.123.30 - - [28/Mar/2022:15:09:59 -0300] "POST /cormun/servlet/trsolicitudot?c893f17b462110cc3c6ac60fe5f93dbb,,gx-no-cache=1648490253005 HTTP/1.1" 200 8462
181.203.123.30 - - [28/Mar/2022:15:09:59 -0300] "POST /cormun/servlet/trsolicitudot?c893f17b462110cc3c6ac60fe5f93dbb,,gx-no-cache=1648490253917 HTTP/1.1" 200 8434
181.203.123.30 - - [28/Mar/2022:15:10:01 -0300] "POST /cormun/servlet/trsolicitudot?c893f17b462110cc3c6ac60fe5f93dbb,,gx-no-cache=1648490254829 HTTP/1.1" 200 8435
181.203.123.30 - - [28/Mar/2022:15:10:02 -0300] "POST /cormun/servlet/trsolicitudot?c893f17b462110cc3c6ac60fe5f93dbb,,gx-no-cache=1648490256109 HTTP/1.1" 200 8463
181.203.123.30 - - [28/Mar/2022:15:10:49 -0300] "POST /cormun/servlet/trsolicitudot?c893f17b462110cc3c6ac60fe5f93dbb,,gx-no-cache=1648490303843 HTTP/1.1" 200 8190
181.203.123.30 - - [28/Mar/2022:15:10:51 -0300] "POST /cormun/servlet/trsolicitudot?c893f17b462110cc3c6ac60fe5f93dbb,,gx-no-cache=1648490305451 HTTP/1.1" 200 8190
181.203.123.30 - - [28/Mar/2022:15:10:54 -0300] "POST /cormun/servlet/trsolicitudot?c893f17b462110cc3c6ac60fe5f93dbb,,gx-no-cache=1648490308027 HTTP/1.1" 200 8190
181.203.123.30 - - [28/Mar/2022:15:10:56 -0300] "POST /cormun/servlet/trsolicitudot?c893f17b462110cc3c6ac60fe5f93dbb,,gx-no-cache=1648490310677 HTTP/1.1" 200 8434
181.203.123.30 - - [28/Mar/2022:15:12:54 -0300] "GET /cormun/servlet/hhome HTTP/1.1" 200 4261
181.203.123.30 - - [28/Mar/2022:15:12:55 -0300] "GET /cormun/servlet/hhome HTTP/1.1" 200 4257
181.203.123.30 - - [28/Mar/2022:15:13:14 -0300] "GET /cormun/servlet/trsolicitudot? HTTP/1.1" 200 11023
181.203.123.30 - - [28/Mar/2022:15:13:14 -0300] "GET /cormun/servlet/trsolicitudot? HTTP/1.1" 200 11021
181.203.123.30 - - [28/Mar/2022:15:13:25 -0300] "POST /cormun/servlet/trsolicitudot?c893f17b462110cc3c6ac60fe5f93dbb,,gx-no-cache=1648490459524 HTTP/1.1" 200 8434
181.203.123.30 - - [28/Mar/2022:15:13:26 -0300] "GET /cormun/static/Shared/jqueryui/images/ui-bg_highlight-soft_100_c6c2c8_1x100.png HTTP/1.1" 404 1117
181.203.123.30 - - [28/Mar/2022:15:13:26 -0300] "GET /cormun/static/Shared/jqueryui/images/ui-icons_8d78a5_256x240.png HTTP/1.1" 404 1089
181.203.123.30 - - [28/Mar/2022:15:13:26 -0300] "GET /cormun/static/Shared/jqueryui/images/ui-bg_flat_55_fafafa_40x100.png HTTP/1.1" 404 1097
181.203.123.30 - - [28/Mar/2022:15:13:26 -0300] "GET /cormun/static/Shared/jqueryui/images/ui-icons_82798d_256x240.png HTTP/1.1" 404 1089
181.203.123.30 - - [28/Mar/2022:15:14:35 -0300] "POST /cormun/servlet/trsolicitudot?c893f17b462110cc3c6ac60fe5f93dbb,,gx-no-cache=1648490529428 HTTP/1.1" 200 8434
181.203.123.30 - - [28/Mar/2022:15:15:22 -0300] "POST /cormun/servlet/trsolicitudot?c893f17b462110cc3c6ac60fe5f93dbb,,gx-no-cache=1648490576079 HTTP/1.1" 200 8434
190.171.142.42 - - [28/Mar/2022:15:18:11 -0300] "GET /cormun/servlet/hlogin HTTP/1.1" 200 1747
181.212.42.153 - - [28/Mar/2022:15:18:15 -0300] "GET /cormun/servlet/trlicencias? HTTP/1.1" 200 9402
181.212.42.153 - - [28/Mar/2022:15:18:16 -0300] "GET /cormun/servlet/hlogin HTTP/1.1" 200 1745
181.212.42.153 - - [28/Mar/2022:15:18:16 -0300] "GET /cormun/servlet/trlicencias? HTTP/1.1" 200 9398
181.212.42.153 - - [28/Mar/2022:15:18:25 -0300] "POST /cormun/servlet/hlogin?8c71e46c0023b6e49e83b4480449ccfc,gx-no-cache=1648491119158 HTTP/1.1" 200 90
181.212.42.153 - - [28/Mar/2022:15:18:25 -0300] "GET /cormun/servlet/hpexe_link HTTP/1.1" 200 959
181.212.42.153 - - [28/Mar/2022:15:18:25 -0300] "GET /cormun/servlet/trlicencias HTTP/1.1" 200 16126
181.212.42.153 - - [28/Mar/2022:15:18:26 -0300] "GET /cormun/servlet/trlicencias HTTP/1.1" 200 16119
200.54.237.82 - - [28/Mar/2022:15:19:01 -0300] "GET /cormun/servlet/hlogin HTTP/1.1" 200 1717
200.54.237.82 - - [28/Mar/2022:15:19:08 -0300] "POST /cormun/servlet/hlogin?4ceaa3f2848a733aac549e0dd8a50dbb,gx-no-cache=1648490805711 HTTP/1.1" 200 90
200.54.237.82 - - [28/Mar/2022:15:19:08 -0300] "GET /cormun/servlet/hpexe_link HTTP/1.1" 200 945
200.54.237.82 - - [28/Mar/2022:15:19:08 -0300] "GET /cormun/servlet/hhome HTTP/1.1" 200 4324
200.54.237.82 - - [28/Mar/2022:15:19:09 -0300] "GET /cormun/servlet/hhome HTTP/1.1" 200 4320
200.54.237.82 - - [28/Mar/2022:15:19:13 -0300] "GET /cormun/servlet/trcontratounov2? HTTP/1.1" 200 16572
200.54.237.82 - - [28/Mar/2022:15:19:14 -0300] "GET /cormun/servlet/trcontratounov2? HTTP/1.1" 200 16569
190.171.152.114 - - [28/Mar/2022:15:21:24 -0300] "GET /cormun/servlet/hlogin HTTP/1.1" 200 1730
190.171.152.114 - - [28/Mar/2022:15:21:24 -0300] "GET /cormun/servlet/hlogin HTTP/1.1" 200 1741
192.168.10.199 - - [28/Mar/2022:15:21:57 -0300] "GET /cormun/servlet/hlogin HTTP/1.1" 200 1728
192.168.10.199 - - [28/Mar/2022:15:22:04 -0300] "POST /cormun/servlet/hlogin?995cc47d32b8414c5cce0b72d247ce22,gx-no-cache=1648490814201 HTTP/1.1" 200 90
192.168.10.199 - - [28/Mar/2022:15:22:04 -0300] "GET /cormun/servlet/hpexe_link HTTP/1.1" 200 953
192.168.10.199 - - [28/Mar/2022:15:22:04 -0300] "GET /cormun/servlet/hhome HTTP/1.1" 200 3828
192.168.10.199 - - [28/Mar/2022:15:22:05 -0300] "GET /cormun/servlet/hhome HTTP/1.1" 200 3824
200.54.237.82 - - [28/Mar/2022:15:22:13 -0300] "GET /cormun/servlet/hlogin HTTP/1.1" 200 1728
192.168.10.199 - - [28/Mar/2022:15:22:14 -0300] "GET /cormun/servlet/trsolicitudgral? HTTP/1.1" 200 28398
192.168.10.199 - - [28/Mar/2022:15:22:14 -0300] "GET /cormun/servlet/trsolicitudgral? HTTP/1.1" 200 28396
200.54.237.82 - - [28/Mar/2022:15:22:19 -0300] "POST /cormun/servlet/hlogin?79e4efdfddbd56327c4d6ca7a6b3f6fe,gx-no-cache=1648490996591 HTTP/1.1" 200 90
200.54.237.82 - - [28/Mar/2022:15:22:19 -0300] "GET /cormun/servlet/hpexe_link HTTP/1.1" 200 956
192.168.10.199 - - [28/Mar/2022:15:22:19 -0300] "POST /cormun/servlet/trsolicitudgral?995cc47d32b8414c5cce0b72d247ce22,,gx-no-cache=1648490829474 HTTP/1.1" 200 25936
200.54.237.82 - - [28/Mar/2022:15:22:19 -0300] "GET /cormun/servlet/hhome HTTP/1.1" 200 4337
200.54.237.82 - - [28/Mar/2022:15:22:20 -0300] "GET /cormun/servlet/hhome HTTP/1.1" 200 4334
192.168.10.199 - - [28/Mar/2022:15:22:22 -0300] "POST /cormun/servlet/trsolicitudgral?995cc47d32b8414c5cce0b72d247ce22,,gx-no-cache=1648490831792 HTTP/1.1" 200 10026
200.54.237.82 - - [28/Mar/2022:15:22:23 -0300] "GET /cormun/servlet/trcontratounov2? HTTP/1.1" 200 16582
200.54.237.82 - - [28/Mar/2022:15:22:24 -0300] "GET /cormun/servlet/trcontratounov2? HTTP/1.1" 200 16581
192.168.10.199 - - [28/Mar/2022:15:22:25 -0300] "POST /cormun/servlet/trsolicitudgral?995cc47d32b8414c5cce0b72d247ce22,,gx-no-cache=1648490835281 HTTP/1.1" 200 25937
192.168.10.199 - - [28/Mar/2022:15:22:29 -0300] "GET /cormun/servlet/trautorizarot? HTTP/1.1" 200 11665
192.168.10.199 - - [28/Mar/2022:15:22:29 -0300] "GET /cormun/servlet/trautorizarot? HTTP/1.1" 200 11664
190.171.152.114 - - [28/Mar/2022:15:22:30 -0300] "POST /cormun/servlet/hlogin?a45446df1469e3ecd24fa75f2cc2bc49,gx-no-cache=1648491003898 HTTP/1.1" 200 90
190.171.152.114 - - [28/Mar/2022:15:22:30 -0300] "GET /cormun/servlet/hpexe_link HTTP/1.1" 200 958
190.171.152.114 - - [28/Mar/2022:15:22:30 -0300] "GET /cormun/servlet/hhome HTTP/1.1" 200 4314
190.171.152.114 - - [28/Mar/2022:15:22:30 -0300] "GET /cormun/servlet/hhome HTTP/1.1" 200 4310
190.171.152.114 - - [28/Mar/2022:15:22:35 -0300] "GET /cormun/servlet/trlicencias? HTTP/1.1" 200 13031
190.171.152.114 - - [28/Mar/2022:15:22:35 -0300] "GET /cormun/servlet/trlicencias? HTTP/1.1" 200 13029
190.171.152.114 - - [28/Mar/2022:15:23:12 -0300] "GET /cormun/servlet/trsolicitudot? HTTP/1.1" 200 12141
190.171.152.114 - - [28/Mar/2022:15:23:12 -0300] "GET /cormun/servlet/trsolicitudot? HTTP/1.1" 200 12142
192.168.10.199 - - [28/Mar/2022:15:23:30 -0300] "GET /cormun/servlet/trsolicitudgral? HTTP/1.1" 200 28396
192.168.10.199 - - [28/Mar/2022:15:23:30 -0300] "GET /cormun/servlet/trsolicitudgral? HTTP/1.1" 200 28396
190.171.152.114 - - [28/Mar/2022:15:25:39 -0300] "GET /cormun/servlet/trsolicitudot? HTTP/1.1" 200 12142
190.171.152.114 - - [28/Mar/2022:15:25:40 -0300] "GET /cormun/servlet/trsolicitudot? HTTP/1.1" 200 12142
190.171.152.114 - - [28/Mar/2022:15:26:15 -0300] "GET /cormun/servlet/trsolicitudot? HTTP/1.1" 200 12142
190.171.152.114 - - [28/Mar/2022:15:26:15 -0300] "GET /cormun/servlet/trsolicitudot? HTTP/1.1" 200 12142
190.171.152.114 - - [28/Mar/2022:15:27:14 -0300] "GET /cormun/servlet/trautorizarsolicitud? HTTP/1.1" 200 7429
190.171.152.114 - - [28/Mar/2022:15:27:14 -0300] "GET /cormun/servlet/trautorizarsolicitud? HTTP/1.1" 200 7428
190.171.152.114 - - [28/Mar/2022:15:27:18 -0300] "GET /cormun/servlet/trsolicitudot? HTTP/1.1" 200 12143
190.171.152.114 - - [28/Mar/2022:15:27:18 -0300] "GET /cormun/servlet/trsolicitudot? HTTP/1.1" 200 12142
201.186.225.189 - - [28/Mar/2022:15:27:31 -0300] "GET /cormun/servlet/hlogin HTTP/1.1" 200 1726
201.186.225.189 - - [28/Mar/2022:15:27:41 -0300] "POST /cormun/servlet/hlogin?ad40c094ad338b0c20078a5538e6303b,gx-no-cache=1648491314861 HTTP/1.1" 200 90
201.186.225.189 - - [28/Mar/2022:15:27:41 -0300] "GET /cormun/servlet/hpexe_link HTTP/1.1" 200 952
201.186.225.189 - - [28/Mar/2022:15:27:41 -0300] "GET /cormun/servlet/hhome HTTP/1.1" 200 4346
201.186.225.189 - - [28/Mar/2022:15:27:41 -0300] "GET /cormun/servlet/hhome HTTP/1.1" 200 4342
181.212.42.153 - - [28/Mar/2022:15:28:01 -0300] "GET /cormun/servlet/trpermisosgoce? HTTP/1.1" 200 12849
181.212.42.153 - - [28/Mar/2022:15:28:02 -0300] "GET /cormun/servlet/trpermisosgoce? HTTP/1.1" 200 12854
181.212.42.153 - - [28/Mar/2022:15:28:04 -0300] "GET /cormun/servlet/permisogoce?INS,0,,, HTTP/1.1" 200 6827
181.212.42.153 - - [28/Mar/2022:15:28:04 -0300] "GET /cormun/servlet/permisogoce?INS,0,,, HTTP/1.1" 200 6827
181.212.42.153 - - [28/Mar/2022:15:28:07 -0300] "GET /cormun/servlet/prfichaempleado?,MD,,gxPopupLevel%3D0%3B HTTP/1.1" 200 9272
181.212.42.153 - - [28/Mar/2022:15:28:14 -0300] "POST /cormun/servlet/prfichaempleado?8c71e46c0023b6e49e83b4480449ccfc,,MD,,gxPopupLevel%3D0%3B,gx-no-cache=1648491707431 HTTP/1.1" 200 4374
181.212.42.153 - - [28/Mar/2022:15:28:17 -0300] "GET /cormun/servlet/permisogoce?012b52999c0fc441396bb2b78b5a8ac70f1120a46badcfbafbe812bb7d762e78dfcc5a92b2d6491464ab3f288a9a12612677855c191c7c18ff756daf25286b4a,gx-no-cache=1648491710957 HTTP/1.1" 200 86
181.212.42.153 - - [28/Mar/2022:15:28:18 -0300] "GET /cormun/static/menuarrow.gif HTTP/1.1" 404 1015
181.212.42.153 - - [28/Mar/2022:15:28:26 -0300] "GET /cormun/servlet/permisogoce?012b52999c0fc441396bb2b78b5a8ac76c2c9fa4d2ed329ff242ff433ee65c20c1c0303e509579eb388f84c63e770c0357a4f4c2ffb29e9fd8f28d2047e62ab0,gx-no-cache=1648491720481 HTTP/1.1" 200 47
201.186.225.189 - - [28/Mar/2022:15:28:29 -0300] "GET /cormun/servlet/trcontratounov2? HTTP/1.1" 200 17533
201.186.225.189 - - [28/Mar/2022:15:28:29 -0300] "GET /cormun/static/gxcfg.js?2020121614367 HTTP/1.1" 200 953
201.186.225.189 - - [28/Mar/2022:15:28:30 -0300] "GET /cormun/static/trcontratounov2.js?20201216143065 HTTP/1.1" 200 38486
201.186.225.189 - - [28/Mar/2022:15:28:30 -0300] "GET /cormun/static/Resources/PXToolsAddSelectedAction.png HTTP/1.1" 200 523
201.186.225.189 - - [28/Mar/2022:15:28:30 -0300] "GET /cormun/servlet/trcontratounov2? HTTP/1.1" 200 17509
201.186.225.189 - - [28/Mar/2022:15:28:43 -0300] "GET /cormun/servlet/trlicencias? HTTP/1.1" 200 10637
201.186.225.189 - - [28/Mar/2022:15:28:43 -0300] "GET /cormun/servlet/trlicencias? HTTP/1.1" 200 10636
192.168.10.96 - - [28/Mar/2022:15:28:53 -0300] "POST /cormun/servlet/trsolicitudgral?022985cbb6e702fa74ef9614fe296d43,,gx-no-cache=1648491223549 HTTP/1.1" 440 972
192.168.10.96 - - [28/Mar/2022:15:28:56 -0300] "GET /cormun/servlet/trsolicitudgral? HTTP/1.1" 500 10
192.168.10.96 - - [28/Mar/2022:15:28:57 -0300] "GET /cormun/servlet/hlogin HTTP/1.1" 200 1730
192.168.10.96 - - [28/Mar/2022:15:29:00 -0300] "POST /cormun/servlet/hlogin?bf13be90c948233dceedc2cc6144c327,gx-no-cache=1648491230339 HTTP/1.1" 200 90
192.168.10.96 - - [28/Mar/2022:15:29:00 -0300] "GET /cormun/servlet/hpexe_link HTTP/1.1" 200 955
192.168.10.96 - - [28/Mar/2022:15:29:00 -0300] "GET /cormun/servlet/hhome HTTP/1.1" 200 3786
192.168.10.96 - - [28/Mar/2022:15:29:00 -0300] "GET /cormun/servlet/hhome HTTP/1.1" 200 3783
192.168.10.96 - - [28/Mar/2022:15:29:03 -0300] "GET /cormun/servlet/trsolicitudgral? HTTP/1.1" 200 28352
192.168.10.96 - - [28/Mar/2022:15:29:04 -0300] "GET /cormun/servlet/trsolicitudgral? HTTP/1.1" 200 28351
201.186.225.189 - - [28/Mar/2022:15:29:11 -0300] "POST /cormun/servlet/trlicencias?ad40c094ad338b0c20078a5538e6303b,,gx-no-cache=1648491405705 HTTP/1.1" 200 5697
192.168.10.96 - - [28/Mar/2022:15:29:13 -0300] "POST /cormun/servlet/trsolicitudgral?bf13be90c948233dceedc2cc6144c327,,gx-no-cache=1648491243564 HTTP/1.1" 200 8120
201.186.225.189 - - [28/Mar/2022:15:29:32 -0300] "GET /cormun/static/menuarrow.gif HTTP/1.1" 404 1015
201.186.225.189 - - [28/Mar/2022:15:29:37 -0300] "POST /cormun/servlet/trlicencias?ad40c094ad338b0c20078a5538e6303b,,gx-no-cache=1648491431228 HTTP/1.1" 200 5703
201.186.225.189 - - [28/Mar/2022:15:29:39 -0300] "POST /cormun/servlet/trlicencias?ad40c094ad338b0c20078a5538e6303b,,gx-no-cache=1648491433300 HTTP/1.1" 200 5703
201.186.225.189 - - [28/Mar/2022:15:29:48 -0300] "POST /cormun/servlet/trlicencias?ad40c094ad338b0c20078a5538e6303b,,gx-no-cache=1648491442622 HTTP/1.1" 200 5697
201.186.225.189 - - [28/Mar/2022:15:29:51 -0300] "POST /cormun/servlet/trlicencias?ad40c094ad338b0c20078a5538e6303b,,gx-no-cache=1648491445460 HTTP/1.1" 200 5697
192.168.10.96 - - [28/Mar/2022:15:29:56 -0300] "POST /cormun/servlet/trsolicitudgral?bf13be90c948233dceedc2cc6144c327,,gx-no-cache=1648491286523 HTTP/1.1" 200 8120
201.186.225.189 - - [28/Mar/2022:15:30:01 -0300] "POST /cormun/servlet/trlicencias?ad40c094ad338b0c20078a5538e6303b,,gx-no-cache=1648491454836 HTTP/1.1" 200 4464
201.186.225.189 - - [28/Mar/2022:15:30:01 -0300] "POST /cormun/servlet/trlicencias?ad40c094ad338b0c20078a5538e6303b,,gx-no-cache=1648491455323 HTTP/1.1" 200 4463
201.186.225.189 - - [28/Mar/2022:15:30:02 -0300] "POST /cormun/servlet/trlicencias?ad40c094ad338b0c20078a5538e6303b,,gx-no-cache=1648491456171 HTTP/1.1" 200 4464
201.186.225.189 - - [28/Mar/2022:15:30:17 -0300] "POST /cormun/servlet/trlicencias?ad40c094ad338b0c20078a5538e6303b,,gx-no-cache=1648491471244 HTTP/1.1" 200 5698
192.168.10.96 - - [28/Mar/2022:15:30:30 -0300] "POST /cormun/servlet/trsolicitudgral?bf13be90c948233dceedc2cc6144c327,,gx-no-cache=1648491320366 HTTP/1.1" 200 16613
192.168.10.96 - - [28/Mar/2022:15:30:37 -0300] "POST /cormun/servlet/trsolicitudgral?bf13be90c948233dceedc2cc6144c327,,gx-no-cache=1648491327870 HTTP/1.1" 200 8163
192.168.10.96 - - [28/Mar/2022:15:31:02 -0300] "POST /cormun/servlet/trsolicitudgral?bf13be90c948233dceedc2cc6144c327,,gx-no-cache=1648491352372 HTTP/1.1" 200 8120
192.168.10.96 - - [28/Mar/2022:15:31:02 -0300] "POST /cormun/servlet/trsolicitudgral?bf13be90c948233dceedc2cc6144c327,,gx-no-cache=1648491352556 HTTP/1.1" 200 8120
201.186.225.189 - - [28/Mar/2022:15:31:02 -0300] "GET /cormun/servlet/trcargahoraria? HTTP/1.1" 200 7934
201.186.225.189 - - [28/Mar/2022:15:31:02 -0300] "GET /cormun/static/gxcfg.js?202012113392337 HTTP/1.1" 200 953
192.168.10.96 - - [28/Mar/2022:15:31:02 -0300] "POST /cormun/servlet/trsolicitudgral?bf13be90c948233dceedc2cc6144c327,,gx-no-cache=1648491352816 HTTP/1.1" 200 8120
201.186.225.189 - - [28/Mar/2022:15:31:02 -0300] "GET /cormun/static/trcargahoraria.js?202012113392783 HTTP/1.1" 200 28768
201.186.225.189 - - [28/Mar/2022:15:31:02 -0300] "GET /cormun//static/Resources/PXToolsActionExcel.png HTTP/1.1" 200 727
201.186.225.189 - - [28/Mar/2022:15:31:02 -0300] "GET /cormun/servlet/trcargahoraria? HTTP/1.1" 200 7934
192.168.10.96 - - [28/Mar/2022:15:31:03 -0300] "POST /cormun/servlet/trsolicitudgral?bf13be90c948233dceedc2cc6144c327,,gx-no-cache=1648491353258 HTTP/1.1" 200 8120
192.168.10.96 - - [28/Mar/2022:15:31:03 -0300] "POST /cormun/servlet/trsolicitudgral?bf13be90c948233dceedc2cc6144c327,,gx-no-cache=1648491353456 HTTP/1.1" 200 8120
192.168.10.96 - - [28/Mar/2022:15:31:03 -0300] "POST /cormun/servlet/trsolicitudgral?bf13be90c948233dceedc2cc6144c327,,gx-no-cache=1648491353692 HTTP/1.1" 200 8120
192.168.10.96 - - [28/Mar/2022:15:31:03 -0300] "POST /cormun/servlet/trsolicitudgral?bf13be90c948233dceedc2cc6144c327,,gx-no-cache=1648491353915 HTTP/1.1" 200 8120
190.171.152.114 - - [28/Mar/2022:15:31:04 -0300] "POST /cormun/servlet/trsolicitudot?a45446df1469e3ecd24fa75f2cc2bc49,,gx-no-cache=1648491518083 HTTP/1.1" 200 8919
190.171.152.114 - - [28/Mar/2022:15:31:04 -0300] "GET /cormun/static/Shared/jqueryui/images/ui-bg_highlight-soft_100_c6c2c8_1x100.png HTTP/1.1" 404 1117
190.171.152.114 - - [28/Mar/2022:15:31:04 -0300] "GET /cormun/static/Shared/jqueryui/images/ui-icons_82798d_256x240.png HTTP/1.1" 404 1089
190.171.152.114 - - [28/Mar/2022:15:31:04 -0300] "GET /cormun/static/Shared/jqueryui/images/ui-bg_flat_55_fafafa_40x100.png HTTP/1.1" 404 1097
190.171.152.114 - - [28/Mar/2022:15:31:04 -0300] "GET /cormun/static/Shared/jqueryui/images/ui-icons_8d78a5_256x240.png HTTP/1.1" 404 1089
190.171.152.114 - - [28/Mar/2022:15:31:04 -0300] "POST /cormun/servlet/trsolicitudot?a45446df1469e3ecd24fa75f2cc2bc49,,gx-no-cache=1648491518403 HTTP/1.1" 200 8862
190.171.152.114 - - [28/Mar/2022:15:31:08 -0300] "GET /cormun/servlet/trautorizarsolicitud? HTTP/1.1" 200 8858
190.171.152.114 - - [28/Mar/2022:15:31:09 -0300] "GET /cormun/servlet/trautorizarsolicitud? HTTP/1.1" 200 8858
201.186.225.189 - - [28/Mar/2022:15:31:15 -0300] "GET /cormun/servlet/trcontratosolicitud? HTTP/1.1" 200 14172
201.186.225.189 - - [28/Mar/2022:15:31:15 -0300] "GET /cormun/static/gxcfg.js?20199142011887 HTTP/1.1" 200 953
201.186.225.189 - - [28/Mar/2022:15:31:15 -0300] "GET /cormun/static/trcontratosolicitud.js?201991420111348 HTTP/1.1" 200 28237
201.186.225.189 - - [28/Mar/2022:15:31:15 -0300] "GET /cormun/static/Resources/Spanish/PXTools.css?19172979 HTTP/1.1" 200 100853
190.171.152.114 - - [28/Mar/2022:15:31:15 -0300] "POST /cormun/servlet/trautorizarsolicitud?a45446df1469e3ecd24fa75f2cc2bc49,,gx-no-cache=1648491529700 HTTP/1.1" 200 4805
190.171.152.114 - - [28/Mar/2022:15:31:15 -0300] "GET /cormun/static/Shared/jqueryui/images/ui-icons_82798d_256x240.png HTTP/1.1" 404 1089
190.171.152.114 - - [28/Mar/2022:15:31:15 -0300] "GET /cormun/static/Shared/jqueryui/images/ui-bg_highlight-soft_100_c6c2c8_1x100.png HTTP/1.1" 404 1117
190.171.152.114 - - [28/Mar/2022:15:31:15 -0300] "GET /cormun/static/Shared/jqueryui/images/ui-bg_flat_55_fafafa_40x100.png HTTP/1.1" 404 1097
190.171.152.114 - - [28/Mar/2022:15:31:15 -0300] "GET /cormun/static/Shared/jqueryui/images/ui-icons_8d78a5_256x240.png HTTP/1.1" 404 1089
201.186.225.189 - - [28/Mar/2022:15:31:15 -0300] "GET /cormun//static/Resources/PXToolsGridNew.png HTTP/1.1" 200 427
190.171.152.114 - - [28/Mar/2022:15:31:16 -0300] "POST /cormun/servlet/trautorizarsolicitud?a45446df1469e3ecd24fa75f2cc2bc49,,gx-no-cache=1648491529851 HTTP/1.1" 200 4547
201.186.225.189 - - [28/Mar/2022:15:31:16 -0300] "GET /cormun/servlet/trcontratosolicitud? HTTP/1.1" 200 14172
190.171.152.114 - - [28/Mar/2022:15:31:22 -0300] "GET /cormun/servlet/trsolicitudot? HTTP/1.1" 200 11774
192.168.10.96 - - [28/Mar/2022:15:31:22 -0300] "POST /cormun/servlet/trsolicitudgral?bf13be90c948233dceedc2cc6144c327,,gx-no-cache=1648491372338 HTTP/1.1" 200 8522
190.171.152.114 - - [28/Mar/2022:15:31:22 -0300] "GET /cormun/servlet/trsolicitudot? HTTP/1.1" 200 11773
192.168.10.96 - - [28/Mar/2022:15:31:22 -0300] "POST /cormun/servlet/trsolicitudgral?bf13be90c948233dceedc2cc6144c327,,gx-no-cache=1648491372619 HTTP/1.1" 200 8519
192.168.10.96 - - [28/Mar/2022:15:31:22 -0300] "POST /cormun/servlet/trsolicitudgral?bf13be90c948233dceedc2cc6144c327,,gx-no-cache=1648491372869 HTTP/1.1" 200 8519
192.168.10.96 - - [28/Mar/2022:15:31:23 -0300] "POST /cormun/servlet/trsolicitudgral?bf13be90c948233dceedc2cc6144c327,,gx-no-cache=1648491373129 HTTP/1.1" 200 8522
201.186.225.189 - - [28/Mar/2022:15:31:54 -0300] "POST /cormun/servlet/trcontratosolicitud?ad40c094ad338b0c20078a5538e6303b,,gx-no-cache=1648491567711 HTTP/1.1" 200 4299
201.186.225.189 - - [28/Mar/2022:15:31:59 -0300] "GET /cormun/servlet/trcontratoobservaciondir? HTTP/1.1" 200 6574
201.186.225.189 - - [28/Mar/2022:15:31:59 -0300] "GET /cormun/static/gxcfg.js?20199142031930 HTTP/1.1" 200 953
201.186.225.189 - - [28/Mar/2022:15:31:59 -0300] "GET /cormun/static/trcontratoobservaciondir.js?20199142032391 HTTP/1.1" 200 27185
201.186.225.189 - - [28/Mar/2022:15:31:59 -0300] "GET /cormun/servlet/trcontratoobservaciondir? HTTP/1.1" 200 6574
201.186.225.189 - - [28/Mar/2022:15:32:15 -0300] "POST /cormun/servlet/trcontratoobservaciondir?ad40c094ad338b0c20078a5538e6303b,,gx-no-cache=1648491588975 HTTP/1.1" 200 4137
201.186.225.189 - - [28/Mar/2022:15:32:21 -0300] "GET /cormun/servlet/trvisualizadoreventos? HTTP/1.1" 200 7122
201.186.225.189 - - [28/Mar/2022:15:32:21 -0300] "GET /cormun/static/gxcfg.js?20199142243133 HTTP/1.1" 200 953
201.186.225.189 - - [28/Mar/2022:15:32:21 -0300] "GET /cormun/static/trvisualizadoreventos.js?201991422431650 HTTP/1.1" 200 19318
201.186.225.189 - - [28/Mar/2022:15:32:21 -0300] "GET /cormun/static/Resources/PXToolsActionPrint.png HTTP/1.1" 200 404
201.186.225.189 - - [28/Mar/2022:15:32:21 -0300] "GET /cormun/servlet/trvisualizadoreventos? HTTP/1.1" 200 7122
201.186.225.189 - - [28/Mar/2022:15:32:26 -0300] "GET /cormun/static/menuarrow.gif HTTP/1.1" 404 1015
192.168.10.199 - - [28/Mar/2022:15:32:33 -0300] "POST /cormun/servlet/trsolicitudgral?995cc47d32b8414c5cce0b72d247ce22,,gx-no-cache=1648491443640 HTTP/1.1" 200 6664
190.171.141.106 - - [28/Mar/2022:15:32:34 -0300] "GET /cormun/servlet/hhome HTTP/1.1" 200 3318
190.171.141.106 - - [28/Mar/2022:15:32:35 -0300] "GET /cormun/servlet/hhome HTTP/1.1" 200 3328
190.171.141.106 - - [28/Mar/2022:15:32:35 -0300] "GET /cormun/servlet/hlogin HTTP/1.1" 200 1734
192.168.10.199 - - [28/Mar/2022:15:32:38 -0300] "GET /cormun/servlet/vesolicitudgral?2022,17930,, HTTP/1.1" 200 8428
192.168.10.199 - - [28/Mar/2022:15:32:38 -0300] "GET /cormun/pexe_scrolldiv.js HTTP/1.1" 404 1009
192.168.10.199 - - [28/Mar/2022:15:32:39 -0300] "GET /cormun/servlet/vesolicitudgral?2022,17930,, HTTP/1.1" 200 8427
190.171.141.106 - - [28/Mar/2022:15:32:39 -0300] "POST /cormun/servlet/hlogin?af43d8c53a7a1047173906a79d91fcd7,gx-no-cache=1648491706366 HTTP/1.1" 200 90
190.171.141.106 - - [28/Mar/2022:15:32:40 -0300] "GET /cormun/servlet/hpexe_link HTTP/1.1" 200 950
190.171.141.106 - - [28/Mar/2022:15:32:40 -0300] "GET /cormun/servlet/hhome HTTP/1.1" 200 4228
190.171.141.106 - - [28/Mar/2022:15:32:40 -0300] "GET /cormun/servlet/hhome HTTP/1.1" 200 4224
201.186.225.189 - - [28/Mar/2022:15:32:44 -0300] "POST /cormun/servlet/trvisualizadoreventos?ad40c094ad338b0c20078a5538e6303b,,gx-no-cache=1648491618656 HTTP/1.1" 200 5106
190.171.141.106 - - [28/Mar/2022:15:32:47 -0300] "GET /cormun/servlet/trlicencias? HTTP/1.1" 200 12310
190.171.141.106 - - [28/Mar/2022:15:32:47 -0300] "GET /cormun/servlet/trlicencias? HTTP/1.1" 200 12325
192.168.10.199 - - [28/Mar/2022:15:32:55 -0300] "GET /cormun/servlet/vesolicitudgral?2022,17930,,SolicitudOTAdjuntos HTTP/1.1" 200 7077
192.168.10.199 - - [28/Mar/2022:15:32:55 -0300] "GET /cormun/pexe_scrolldiv.js HTTP/1.1" 404 1009
192.168.10.199 - - [28/Mar/2022:15:32:55 -0300] "GET /cormun/servlet/vesolicitudgral?2022,17930,,SolicitudOTAdjuntos HTTP/1.1" 200 7079
192.168.10.199 - - [28/Mar/2022:15:32:56 -0300] "POST /cormun/servlet/acontrolpreferencessavestate?None,RRHH+CATALINA+CACERES,true HTTP/1.1" 200 35
192.168.10.199 - - [28/Mar/2022:15:32:58 -0300] "GET /cormun/servlet/vesolicitudgral?2022,17930,,General HTTP/1.1" 200 8429
192.168.10.199 - - [28/Mar/2022:15:32:58 -0300] "GET /cormun/pexe_scrolldiv.js HTTP/1.1" 404 1009
192.168.10.199 - - [28/Mar/2022:15:32:58 -0300] "GET /cormun/servlet/vesolicitudgral?2022,17930,,General HTTP/1.1" 200 8429
190.171.152.114 - - [28/Mar/2022:15:33:00 -0300] "GET /cormun/servlet/solicitudot?INS,0,0,false, HTTP/1.1" 200 16027
190.171.152.114 - - [28/Mar/2022:15:33:01 -0300] "GET /cormun/servlet/solicitudot?INS,0,0,false, HTTP/1.1" 200 16034
201.186.225.189 - - [28/Mar/2022:15:33:05 -0300] "POST /cormun/servlet/trvisualizadoreventos?ad40c094ad338b0c20078a5538e6303b,,gx-no-cache=1648491638982 HTTP/1.1" 200 5109
201.186.225.189 - - [28/Mar/2022:15:33:38 -0300] "POST /cormun/servlet/trvisualizadoreventos?ad40c094ad338b0c20078a5538e6303b,,gx-no-cache=1648491672444 HTTP/1.1" 200 4667
103.178.236.95 - - [28/Mar/2022:15:34:20 -0300] "GET / HTTP/1.1" 200 11217
192.168.10.199 - - [28/Mar/2022:15:35:02 -0300] "POST /cormun/servlet/vesolicitudgral?995cc47d32b8414c5cce0b72d247ce22,2022,17930,,General,gx-no-cache=1648491592764 HTTP/1.1" 200 90
192.168.10.199 - - [28/Mar/2022:15:35:02 -0300] "GET /cormun/servlet/hpexe_link HTTP/1.1" 200 975
192.168.10.199 - - [28/Mar/2022:15:35:05 -0300] "GET /cormun/servlet/trsolicitudgral? HTTP/1.1" 200 9735
192.168.10.199 - - [28/Mar/2022:15:35:06 -0300] "GET /cormun/servlet/trsolicitudgral? HTTP/1.1" 200 9734
192.168.10.199 - - [28/Mar/2022:15:35:14 -0300] "POST /cormun/servlet/trsolicitudgral?995cc47d32b8414c5cce0b72d247ce22,,gx-no-cache=1648491604560 HTTP/1.1" 200 6685
192.168.10.199 - - [28/Mar/2022:15:35:19 -0300] "GET /cormun/servlet/vesolicitudgral?2022,17938,, HTTP/1.1" 200 8429
192.168.10.199 - - [28/Mar/2022:15:35:19 -0300] "GET /cormun/pexe_scrolldiv.js HTTP/1.1" 404 1009
192.168.10.199 - - [28/Mar/2022:15:35:20 -0300] "GET /cormun/servlet/vesolicitudgral?2022,17938,, HTTP/1.1" 200 8428
192.168.10.96 - - [28/Mar/2022:15:38:14 -0300] "GET /cormun/servlet/trsolicitudgral? HTTP/1.1" 200 11512
192.168.10.96 - - [28/Mar/2022:15:38:14 -0300] "GET /cormun/servlet/trsolicitudgral? HTTP/1.1" 200 11512
192.168.10.96 - - [28/Mar/2022:15:38:27 -0300] "POST /cormun/servlet/trsolicitudgral?bf13be90c948233dceedc2cc6144c327,,gx-no-cache=1648491797591 HTTP/1.1" 200 6657
192.168.10.96 - - [28/Mar/2022:15:38:31 -0300] "POST /cormun/servlet/trsolicitudgral?bf13be90c948233dceedc2cc6144c327,,gx-no-cache=1648491801940 HTTP/1.1" 200 9422
190.171.152.114 - - [28/Mar/2022:15:39:04 -0300] "POST /cormun/servlet/solicitudot?gx-no-cache=1648491997871 HTTP/1.1" 200 3858
190.171.152.114 - - [28/Mar/2022:15:39:04 -0300] "POST /cormun/servlet/solicitudot?a45446df1469e3ecd24fa75f2cc2bc49,INS,0,0,false,,gx-no-cache=1648491998047 HTTP/1.1" 200 12673
190.171.152.114 - - [28/Mar/2022:15:39:09 -0300] "GET /cormun/servlet/solicitudot?39b792d52c574047a0451f23df230c6d74aa9c6b2cc87faa840b1f77101fec3553008bf955405462d692a32e0c0a1d13,gx-no-cache=1648492003343 HTTP/1.1" 200 30
192.168.10.199 - - [28/Mar/2022:15:39:23 -0300] "POST /cormun/servlet/vesolicitudgral?995cc47d32b8414c5cce0b72d247ce22,2022,17938,,,gx-no-cache=1648491853822 HTTP/1.1" 200 90
192.168.10.199 - - [28/Mar/2022:15:39:23 -0300] "GET /cormun/servlet/hpexe_link HTTP/1.1" 200 970
192.168.10.199 - - [28/Mar/2022:15:39:24 -0300] "GET /cormun/servlet/trsolicitudgral? HTTP/1.1" 200 9746
192.168.10.199 - - [28/Mar/2022:15:39:24 -0300] "GET /cormun/servlet/trsolicitudgral? HTTP/1.1" 200 9744
192.168.10.199 - - [28/Mar/2022:15:39:31 -0300] "POST /cormun/servlet/trsolicitudgral?995cc47d32b8414c5cce0b72d247ce22,,gx-no-cache=1648491861420 HTTP/1.1" 200 6657
192.168.10.199 - - [28/Mar/2022:15:40:00 -0300] "GET /cormun/servlet/vesolicitudgral?2022,17952,, HTTP/1.1" 200 8345
192.168.10.199 - - [28/Mar/2022:15:40:00 -0300] "GET /cormun/pexe_scrolldiv.js HTTP/1.1" 404 1009
192.168.10.199 - - [28/Mar/2022:15:40:01 -0300] "GET /cormun/servlet/vesolicitudgral?2022,17952,, HTTP/1.1" 200 8344
190.171.152.114 - - [28/Mar/2022:15:40:15 -0300] "GET /cormun/servlet/prbanco?,MD,,gxPopupLevel%3D0%3B HTTP/1.1" 200 6598
190.171.152.114 - - [28/Mar/2022:15:40:18 -0300] "GET /cormun/servlet/solicitudot?39b792d52c574047a0451f23df230c6dda6e2af88cccb21fcb0cb836f2af075b,gx-no-cache=1648492072635 HTTP/1.1" 200 94
190.171.152.114 - - [28/Mar/2022:15:40:18 -0300] "GET /cormun/static/Shared/jqueryui/images/ui-bg_highlight-soft_100_c6c2c8_1x100.png HTTP/1.1" 404 1117
190.171.152.114 - - [28/Mar/2022:15:40:18 -0300] "GET /cormun/static/Shared/jqueryui/images/ui-icons_ebccce_256x240.png HTTP/1.1" 404 1089
190.171.152.114 - - [28/Mar/2022:15:40:18 -0300] "GET /cormun/static/Shared/jqueryui/images/ui-icons_82798d_256x240.png HTTP/1.1" 404 1089
190.171.152.114 - - [28/Mar/2022:15:40:18 -0300] "GET /cormun/static/Shared/jqueryui/images/ui-bg_flat_55_994d53_40x100.png HTTP/1.1" 404 1097
190.171.152.242 - - [28/Mar/2022:15:40:27 -0300] "GET /cormun/servlet/hlogin HTTP/1.1" 200 1726
190.171.152.242 - - [28/Mar/2022:15:40:32 -0300] "POST /cormun/servlet/hlogin?c36539deeac74c08fcbc31f93140c7f5,gx-no-cache=1648492086842 HTTP/1.1" 200 90
190.171.152.242 - - [28/Mar/2022:15:40:33 -0300] "GET /cormun/servlet/hpexe_link HTTP/1.1" 200 954
190.171.152.242 - - [28/Mar/2022:15:40:33 -0300] "GET /cormun/servlet/hhome HTTP/1.1" 200 3999
190.171.152.242 - - [28/Mar/2022:15:40:34 -0300] "GET /cormun/servlet/hhome HTTP/1.1" 200 3996
190.171.152.242 - - [28/Mar/2022:15:40:36 -0300] "GET /cormun/servlet/trlicencias? HTTP/1.1" 200 9669
190.171.152.242 - - [28/Mar/2022:15:40:37 -0300] "GET /cormun/servlet/trlicencias? HTTP/1.1" 200 9666
190.171.152.114 - - [28/Mar/2022:15:44:22 -0300] "GET /cormun/servlet/solicitudot?39b792d52c574047a0451f23df230c6dae449e7110643790fcb6b74cd44bbd8675a9e05cf0309e7a92a1d2a5d1e2eba53fef05b5a02577ef6902f6d928af6099ddd2a181e38624bceff066ac3be12275,gx-no-cache=1648492315983 HTTP/1.1" 200 30
190.171.152.114 - - [28/Mar/2022:15:44:24 -0300] "GET /cormun/servlet/solicitudot?39b792d52c574047a0451f23df230c6de8272c1146840206479cbc2cfd1b757a,gx-no-cache=1648492318639 HTTP/1.1" 200 53
192.168.10.199 - - [28/Mar/2022:15:45:07 -0300] "GET /cormun/servlet/vesolicitudgral?2022,17952,,SolicitudOTAdjuntos HTTP/1.1" 200 10949
192.168.10.199 - - [28/Mar/2022:15:45:07 -0300] "GET /cormun/pexe_scrolldiv.js HTTP/1.1" 404 1009
192.168.10.199 - - [28/Mar/2022:15:45:08 -0300] "GET /cormun/servlet/vesolicitudgral?2022,17952,,SolicitudOTAdjuntos HTTP/1.1" 200 10951
192.168.10.199 - - [28/Mar/2022:15:45:08 -0300] "POST /cormun/servlet/acontrolpreferencessavestate?None,RRHH+CATALINA+CACERES,true HTTP/1.1" 200 35
190.171.152.114 - - [28/Mar/2022:15:45:24 -0300] "POST /cormun/servlet/solicitudot?gx-no-cache=1648492378880 HTTP/1.1" 200 255
190.171.152.114 - - [28/Mar/2022:15:45:26 -0300] "GET /cormun/servlet/solicitudot?39b792d52c574047a0451f23df230c6d068e78eb3bc4122010a9a606c7b8b97013c5be2a16dc23d96ff41de67fcbb5f1a9d768a1b7b1e3eaa66dbe229e358f77de45f7b013dd3ce5631cfc828781dc76b3b89f5b6b6da8a2950426a1ba87a39c2d06a6cb4ed364fe42fe6c1bb5fb1ad1cbde44fbeee3a7d15b0fdfe10c10d89c926070793469aa3866f4f1689f6f10bc3154a8891c9e15ccc858c3d6b845a6bbdccec5aef26bc0084c64b043dc761f23101b1417304f5d218ee0f3963c2a21de76e7af688f13935f35b9ebf99d14585b348a7ef9d5605c374132a76843c2569a09b24008a553115c64658d1fcf71a51aa522785063b84d892e8baedf266badb987c0bbad443662b5fce35895e79271ba0f7a1fb671db6e1fa0a30af3fcd9625f057c185beab49cd40b45de31433a981b8299fe0099dc62bc047207e581a8811d4f98ae3a5b8f9ab224fccfa461bae5e8e4bcf92075a36a9b0f81a61fb88c5127233d107d7f909fe00e374fca7de6b3150b3622c424962374f3a88d63c5b8df36,gx-no-cache=1648492380425 HTTP/1.1" 200 30
190.171.152.114 - - [28/Mar/2022:15:45:30 -0300] "POST /cormun/servlet/solicitudot?gx-no-cache=1648492384248 HTTP/1.1" 200 30
190.171.152.114 - - [28/Mar/2022:15:45:34 -0300] "GET /cormun/servlet/prsolicitudot?19588858,,,,,MD,,gxPopupLevel%3D0%3B HTTP/1.1" 200 6100
190.171.152.114 - - [28/Mar/2022:15:45:34 -0300] "GET /cormun/static/gxcfg.js?20201215593468 HTTP/1.1" 200 953
190.171.152.114 - - [28/Mar/2022:15:45:34 -0300] "GET /cormun/static/prsolicitudot.js?20201215593721 HTTP/1.1" 200 13680
192.168.10.199 - - [28/Mar/2022:15:45:45 -0300] "GET /cormun/PublicTempStorage/certificado_antecedes33564.pdf HTTP/1.1" 200 34176
192.168.10.199 - - [28/Mar/2022:15:45:58 -0300] "GET /cormun/servlet/vesolicitudgral?2022,17952,,SolicitudOTAdjuntos HTTP/1.1" 200 10948
192.168.10.199 - - [28/Mar/2022:15:45:59 -0300] "GET /cormun/servlet/vesolicitudgral?2022,17952,,SolicitudOTAdjuntos HTTP/1.1" 200 10949
192.168.10.199 - - [28/Mar/2022:15:45:59 -0300] "POST /cormun/servlet/acontrolpreferencessavestate?None,RRHH+CATALINA+CACERES,true HTTP/1.1" 200 35
192.168.10.199 - - [28/Mar/2022:15:46:07 -0300] "GET /cormun/PublicTempStorage/cv_daniela_belen_jara_silva._%281%299732946.pdf HTTP/1.1" 200 543276
190.171.152.114 - - [28/Mar/2022:15:46:33 -0300] "POST /cormun/servlet/solicitudot?gx-no-cache=1648492447376 HTTP/1.1" 200 1454
190.171.152.114 - - [28/Mar/2022:15:46:33 -0300] "POST /cormun/servlet/solicitudot?gx-no-cache=1648492447489 HTTP/1.1" 200 38
