186.103.156.166 - - [28/Mar/2022:12:33:40 -0300] "GET /cormun/servlet/hpexe_return? HTTP/1.1" 200 1026
186.103.156.166 - - [28/Mar/2022:12:33:41 -0300] "GET /cormun/servlet/trsolicitudadjuntos?2022,18322, HTTP/1.1" 200 9331
186.103.156.166 - - [28/Mar/2022:12:33:42 -0300] "GET /cormun/servlet/trsolicitudadjuntos?2022,18322, HTTP/1.1" 200 9329
186.103.156.166 - - [28/Mar/2022:12:33:52 -0300] "GET /cormun/servlet/solicitudotadjuntos?INS,2022,18322,,1, HTTP/1.1" 200 6263
186.103.156.166 - - [28/Mar/2022:12:33:53 -0300] "GET /cormun/static/about:blank HTTP/1.1" 404 1011
186.103.156.166 - - [28/Mar/2022:12:33:53 -0300] "GET /cormun/servlet/solicitudotadjuntos?INS,2022,18322,,1, HTTP/1.1" 200 6256
186.103.156.166 - - [28/Mar/2022:12:33:54 -0300] "GET /cormun/servlet/solicitudotadjuntos?321864fcb122b1291523d3ddd94d5f7617cec2954076e45b4698ac592a99484003da766d0349e15f5def5f7a6dec4605,gx-no-cache=1648480887450 HTTP/1.1" 200 30
186.103.156.166 - - [28/Mar/2022:12:33:54 -0300] "POST /cormun/servlet/solicitudotadjuntos?0c397501c97d140ca17ac30e80ec7b98,INS,2022,18322,,1,,gx-no-cache=1648480887681 HTTP/1.1" 200 4178
186.103.156.166 - - [28/Mar/2022:12:33:56 -0300] "POST /cormun/servlet/solicitudotadjuntos?gx-no-cache=1648480890116 HTTP/1.1" 200 26
186.103.156.166 - - [28/Mar/2022:12:34:11 -0300] "GET /cormun/servlet/solicitudotadjuntos?321864fcb122b1291523d3ddd94d5f76e0a09ec80af13857db49122c096f7072,gx-no-cache=1648480904289 HTTP/1.1" 200 30
186.103.156.166 - - [28/Mar/2022:12:34:11 -0300] "GET /cormun/servlet/solicitudotadjuntos?321864fcb122b1291523d3ddd94d5f76e0a09ec80af13857db49122c096f7072,gx-no-cache=1648480904400 HTTP/1.1" 200 30
186.103.156.166 - - [28/Mar/2022:12:34:11 -0300] "POST /cormun/servlet/solicitudotadjuntos?0c397501c97d140ca17ac30e80ec7b98,INS,2022,18322,,1, HTTP/1.1" 200 116
186.103.156.166 - - [28/Mar/2022:12:34:11 -0300] "GET /cormun/servlet/hpexe_return? HTTP/1.1" 200 1026
186.103.156.166 - - [28/Mar/2022:12:34:12 -0300] "GET /cormun/servlet/trsolicitudadjuntos?2022,18322, HTTP/1.1" 200 9541
186.103.156.166 - - [28/Mar/2022:12:34:13 -0300] "GET /cormun/servlet/trsolicitudadjuntos?2022,18322, HTTP/1.1" 200 9542
186.103.156.166 - - [28/Mar/2022:12:34:16 -0300] "GET /cormun/servlet/solicitudotadjuntos?INS,2022,18322,,1, HTTP/1.1" 200 6262
186.103.156.166 - - [28/Mar/2022:12:34:17 -0300] "GET /cormun/static/about:blank HTTP/1.1" 404 1011
186.103.156.166 - - [28/Mar/2022:12:34:17 -0300] "GET /cormun/servlet/solicitudotadjuntos?INS,2022,18322,,1, HTTP/1.1" 200 6256
186.103.156.166 - - [28/Mar/2022:12:34:17 -0300] "GET /cormun/servlet/solicitudotadjuntos?321864fcb122b1291523d3ddd94d5f7617cec2954076e45b4698ac592a99484003da766d0349e15f5def5f7a6dec4605,gx-no-cache=1648480911185 HTTP/1.1" 200 30
186.103.156.166 - - [28/Mar/2022:12:34:18 -0300] "POST /cormun/servlet/solicitudotadjuntos?0c397501c97d140ca17ac30e80ec7b98,INS,2022,18322,,1,,gx-no-cache=1648480911234 HTTP/1.1" 200 4178
186.103.156.166 - - [28/Mar/2022:12:34:22 -0300] "POST /cormun/servlet/solicitudotadjuntos?gx-no-cache=1648480915261 HTTP/1.1" 200 26
186.103.156.166 - - [28/Mar/2022:12:34:32 -0300] "GET /cormun/servlet/solicitudotadjuntos?321864fcb122b1291523d3ddd94d5f76e0a09ec80af13857db49122c096f7072,gx-no-cache=1648480926196 HTTP/1.1" 200 30
186.103.156.166 - - [28/Mar/2022:12:34:33 -0300] "GET /cormun/servlet/solicitudotadjuntos?321864fcb122b1291523d3ddd94d5f76e0a09ec80af13857db49122c096f7072,gx-no-cache=1648480926287 HTTP/1.1" 200 30
186.103.156.166 - - [28/Mar/2022:12:34:33 -0300] "POST /cormun/servlet/solicitudotadjuntos?0c397501c97d140ca17ac30e80ec7b98,INS,2022,18322,,1, HTTP/1.1" 200 116
186.103.156.166 - - [28/Mar/2022:12:34:33 -0300] "GET /cormun/servlet/hpexe_return? HTTP/1.1" 200 1026
186.103.156.166 - - [28/Mar/2022:12:34:33 -0300] "GET /cormun/servlet/trsolicitudadjuntos?2022,18322, HTTP/1.1" 200 9765
186.103.156.166 - - [28/Mar/2022:12:34:34 -0300] "GET /cormun/servlet/trsolicitudadjuntos?2022,18322, HTTP/1.1" 200 9761
192.168.10.17 - - [28/Mar/2022:12:34:35 -0300] "GET /cormun/servlet/trsolicitudgral? HTTP/1.1" 200 8296
192.168.10.17 - - [28/Mar/2022:12:34:35 -0300] "GET /cormun/servlet/trsolicitudgral? HTTP/1.1" 200 8283
186.103.156.166 - - [28/Mar/2022:12:34:37 -0300] "GET /cormun/servlet/solicitudotadjuntos?INS,2022,18322,,1, HTTP/1.1" 200 6262
186.103.156.166 - - [28/Mar/2022:12:34:37 -0300] "GET /cormun/static/about:blank HTTP/1.1" 404 1011
186.103.156.166 - - [28/Mar/2022:12:34:37 -0300] "GET /cormun/servlet/solicitudotadjuntos?INS,2022,18322,,1, HTTP/1.1" 200 6256
186.103.156.166 - - [28/Mar/2022:12:34:38 -0300] "GET /cormun/servlet/solicitudotadjuntos?321864fcb122b1291523d3ddd94d5f7617cec2954076e45b4698ac592a99484003da766d0349e15f5def5f7a6dec4605,gx-no-cache=1648480931670 HTTP/1.1" 200 30
186.103.156.166 - - [28/Mar/2022:12:34:38 -0300] "POST /cormun/servlet/solicitudotadjuntos?0c397501c97d140ca17ac30e80ec7b98,INS,2022,18322,,1,,gx-no-cache=1648480931725 HTTP/1.1" 200 4178
192.168.10.17 - - [28/Mar/2022:12:34:39 -0300] "POST /cormun/servlet/trsolicitudgral?9235dce24bd9cd37f5debb64d0a2b181,,gx-no-cache=1648480770103 HTTP/1.1" 200 6683
186.103.156.166 - - [28/Mar/2022:12:34:41 -0300] "POST /cormun/servlet/solicitudotadjuntos?gx-no-cache=1648480934476 HTTP/1.1" 200 26
186.103.156.166 - - [28/Mar/2022:12:35:01 -0300] "GET /cormun/servlet/solicitudotadjuntos?321864fcb122b1291523d3ddd94d5f76e0a09ec80af13857db49122c096f7072,gx-no-cache=1648480954220 HTTP/1.1" 200 30
186.103.156.166 - - [28/Mar/2022:12:35:01 -0300] "GET /cormun/servlet/solicitudotadjuntos?321864fcb122b1291523d3ddd94d5f76e0a09ec80af13857db49122c096f7072,gx-no-cache=1648480954435 HTTP/1.1" 200 30
186.103.156.166 - - [28/Mar/2022:12:35:01 -0300] "POST /cormun/servlet/solicitudotadjuntos?0c397501c97d140ca17ac30e80ec7b98,INS,2022,18322,,1, HTTP/1.1" 200 116
186.103.156.166 - - [28/Mar/2022:12:35:01 -0300] "GET /cormun/servlet/hpexe_return? HTTP/1.1" 200 1026
186.103.156.166 - - [28/Mar/2022:12:35:02 -0300] "GET /cormun/servlet/trsolicitudadjuntos?2022,18322, HTTP/1.1" 200 10086
186.103.156.166 - - [28/Mar/2022:12:35:03 -0300] "GET /cormun/servlet/trsolicitudadjuntos?2022,18322, HTTP/1.1" 200 10082
186.103.156.166 - - [28/Mar/2022:12:35:06 -0300] "GET /cormun/servlet/solicitudotadjuntos?INS,2022,18322,,1, HTTP/1.1" 200 6262
186.103.156.166 - - [28/Mar/2022:12:35:06 -0300] "GET /cormun/static/about:blank HTTP/1.1" 404 1011
186.103.156.166 - - [28/Mar/2022:12:35:06 -0300] "GET /cormun/servlet/solicitudotadjuntos?INS,2022,18322,,1, HTTP/1.1" 200 6256
186.103.156.166 - - [28/Mar/2022:12:35:07 -0300] "GET /cormun/servlet/solicitudotadjuntos?321864fcb122b1291523d3ddd94d5f7617cec2954076e45b4698ac592a99484003da766d0349e15f5def5f7a6dec4605,gx-no-cache=1648480960732 HTTP/1.1" 200 30
186.103.156.166 - - [28/Mar/2022:12:35:07 -0300] "POST /cormun/servlet/solicitudotadjuntos?0c397501c97d140ca17ac30e80ec7b98,INS,2022,18322,,1,,gx-no-cache=1648480960766 HTTP/1.1" 200 4178
186.103.156.166 - - [28/Mar/2022:12:35:10 -0300] "POST /cormun/servlet/solicitudotadjuntos?gx-no-cache=1648480963749 HTTP/1.1" 200 26
186.103.156.166 - - [28/Mar/2022:12:35:24 -0300] "GET /cormun/servlet/solicitudotadjuntos?321864fcb122b1291523d3ddd94d5f76e0a09ec80af13857db49122c096f7072,gx-no-cache=1648480977665 HTTP/1.1" 200 30
186.103.156.166 - - [28/Mar/2022:12:35:24 -0300] "GET /cormun/servlet/solicitudotadjuntos?321864fcb122b1291523d3ddd94d5f76e0a09ec80af13857db49122c096f7072,gx-no-cache=1648480977691 HTTP/1.1" 200 30
186.103.156.166 - - [28/Mar/2022:12:35:24 -0300] "POST /cormun/servlet/solicitudotadjuntos?0c397501c97d140ca17ac30e80ec7b98,INS,2022,18322,,1, HTTP/1.1" 200 116
186.103.156.166 - - [28/Mar/2022:12:35:24 -0300] "GET /cormun/servlet/hpexe_return? HTTP/1.1" 200 1026
186.103.156.166 - - [28/Mar/2022:12:35:25 -0300] "GET /cormun/servlet/trsolicitudadjuntos?2022,18322, HTTP/1.1" 200 10255
186.103.156.166 - - [28/Mar/2022:12:35:26 -0300] "GET /cormun/servlet/trsolicitudadjuntos?2022,18322, HTTP/1.1" 200 10255
186.103.156.166 - - [28/Mar/2022:12:35:28 -0300] "POST /cormun/servlet/trsolicitudadjuntos?0c397501c97d140ca17ac30e80ec7b98,2022,18322,,gx-no-cache=1648480982028 HTTP/1.1" 200 90
186.103.156.166 - - [28/Mar/2022:12:35:28 -0300] "GET /cormun/servlet/hpexe_link HTTP/1.1" 200 991
186.103.156.166 - - [28/Mar/2022:12:35:29 -0300] "GET /cormun/servlet/trsolicitudot?gx-no-cache=1648480645691 HTTP/1.1" 200 8888
186.103.156.166 - - [28/Mar/2022:12:35:30 -0300] "GET /cormun/servlet/trsolicitudot?gx-no-cache=1648480645691 HTTP/1.1" 200 8910
186.103.156.166 - - [28/Mar/2022:12:35:34 -0300] "POST /cormun/servlet/trsolicitudot?0c397501c97d140ca17ac30e80ec7b98,gx-no-cache=1648480645691,gx-no-cache=1648480987585 HTTP/1.1" 200 4872
186.103.156.166 - - [28/Mar/2022:12:35:34 -0300] "GET /cormun/static/Shared/jqueryui/images/ui-bg_highlight-soft_100_c6c2c8_1x100.png HTTP/1.1" 404 1117
186.103.156.166 - - [28/Mar/2022:12:35:34 -0300] "GET /cormun/static/Shared/jqueryui/images/ui-icons_82798d_256x240.png HTTP/1.1" 404 1089
186.103.156.166 - - [28/Mar/2022:12:35:34 -0300] "GET /cormun/static/Shared/jqueryui/images/ui-bg_flat_55_fafafa_40x100.png HTTP/1.1" 404 1097
186.103.156.166 - - [28/Mar/2022:12:35:34 -0300] "GET /cormun/static/Shared/jqueryui/images/ui-icons_8d78a5_256x240.png HTTP/1.1" 404 1089
186.103.156.166 - - [28/Mar/2022:12:35:34 -0300] "POST /cormun/servlet/trsolicitudot?0c397501c97d140ca17ac30e80ec7b98,gx-no-cache=1648480645691,gx-no-cache=1648480987889 HTTP/1.1" 200 4604
192.168.10.199 - - [28/Mar/2022:12:36:26 -0300] "POST /cormun/servlet/trsolicitudgral?d12ad8ca3af56fca99b78be199c1c87b,gx-no-cache=1648474525250,gx-no-cache=1648480876699 HTTP/1.1" 200 8631
192.168.10.199 - - [28/Mar/2022:12:37:08 -0300] "POST /cormun/servlet/trsolicitudgral?d12ad8ca3af56fca99b78be199c1c87b,gx-no-cache=1648474525250,gx-no-cache=1648480918733 HTTP/1.1" 200 25763
192.168.10.199 - - [28/Mar/2022:12:37:13 -0300] "POST /cormun/servlet/trsolicitudgral?d12ad8ca3af56fca99b78be199c1c87b,gx-no-cache=1648474525250,gx-no-cache=1648480923709 HTTP/1.1" 200 10130
192.168.10.199 - - [28/Mar/2022:12:37:29 -0300] "GET /cormun/servlet/trautorizarot? HTTP/1.1" 200 23412
192.168.10.199 - - [28/Mar/2022:12:37:30 -0300] "GET /cormun/servlet/trautorizarot? HTTP/1.1" 200 23391
186.103.156.166 - - [28/Mar/2022:12:37:36 -0300] "POST /cormun/servlet/trsolicitudot?0c397501c97d140ca17ac30e80ec7b98,gx-no-cache=1648480645691,gx-no-cache=1648481109657 HTTP/1.1" 200 103
186.103.156.166 - - [28/Mar/2022:12:37:37 -0300] "GET /cormun/SolicitudOT-2274.xls HTTP/1.1" 200 4608
186.103.156.166 - - [28/Mar/2022:12:37:38 -0300] "GET /cormun/servlet/solicitudot?INS,0,0,false, HTTP/1.1" 200 15945
186.103.156.166 - - [28/Mar/2022:12:37:40 -0300] "GET /cormun/servlet/solicitudot?INS,0,0,false, HTTP/1.1" 200 15930
186.103.156.166 - - [28/Mar/2022:12:37:50 -0300] "POST /cormun/servlet/solicitudot?gx-no-cache=1648481123811 HTTP/1.1" 200 3934
186.103.156.166 - - [28/Mar/2022:12:37:50 -0300] "GET /cormun/static/Shared/jqueryui/images/ui-bg_highlight-soft_100_c6c2c8_1x100.png HTTP/1.1" 404 1117
186.103.156.166 - - [28/Mar/2022:12:37:50 -0300] "GET /cormun/static/Shared/jqueryui/images/ui-icons_82798d_256x240.png HTTP/1.1" 404 1089
186.103.156.166 - - [28/Mar/2022:12:37:50 -0300] "GET /cormun/static/Shared/jqueryui/images/ui-bg_flat_55_994d53_40x100.png HTTP/1.1" 404 1097
186.103.156.166 - - [28/Mar/2022:12:37:50 -0300] "GET /cormun/static/Shared/jqueryui/images/ui-icons_ebccce_256x240.png HTTP/1.1" 404 1089
186.103.156.166 - - [28/Mar/2022:12:37:57 -0300] "GET /cormun/servlet/prfichaempleado?,MD,,gxPopupLevel%3D0%3B HTTP/1.1" 200 9234
186.103.156.166 - - [28/Mar/2022:12:38:02 -0300] "POST /cormun/servlet/solicitudot?gx-no-cache=1648481135487 HTTP/1.1" 200 3933
186.103.156.166 - - [28/Mar/2022:12:38:02 -0300] "GET /cormun/servlet/solicitudot?321864fcb122b1291523d3ddd94d5f7651042a7d1b38aa70ea32ee57b6ca00fd8e891fd0f267e2b5fb3334daec7e8e6f,gx-no-cache=1648481135608 HTTP/1.1" 200 30
190.171.154.42 - - [28/Mar/2022:12:38:24 -0300] "POST /cormun/servlet/trlicencias?0a66de7f057c1e2a28359b4357a46381,,gx-no-cache=1648481157598 HTTP/1.1" 440 972
190.171.154.42 - - [28/Mar/2022:12:38:25 -0300] "GET /cormun/servlet/trlicencias? HTTP/1.1" 200 9394
190.171.154.42 - - [28/Mar/2022:12:38:29 -0300] "GET /cormun/servlet/hlogin HTTP/1.1" 200 1739
190.171.154.42 - - [28/Mar/2022:12:38:29 -0300] "GET /cormun/servlet/trlicencias? HTTP/1.1" 200 9394
190.171.154.42 - - [28/Mar/2022:12:38:43 -0300] "POST /cormun/servlet/hlogin?348cc2baf6f818fd23e604b32e803fde,gx-no-cache=1648481177669 HTTP/1.1" 200 90
190.171.154.42 - - [28/Mar/2022:12:38:44 -0300] "GET /cormun/servlet/hpexe_link HTTP/1.1" 200 955
190.171.154.42 - - [28/Mar/2022:12:38:44 -0300] "GET /cormun/servlet/trlicencias HTTP/1.1" 200 13473
190.171.154.42 - - [28/Mar/2022:12:38:46 -0300] "GET /cormun/servlet/trlicencias HTTP/1.1" 200 13468
190.171.152.138 - - [28/Mar/2022:12:39:09 -0300] "POST /cormun/servlet/trsolicitudot?6244c03f76444d21cb06ee8a6e237695,,gx-no-cache=1648481205181 HTTP/1.1" 440 972
190.171.152.138 - - [28/Mar/2022:12:39:11 -0300] "GET /cormun/servlet/trsolicitudot? HTTP/1.1" 200 6320
190.171.152.138 - - [28/Mar/2022:12:39:11 -0300] "GET /cormun/servlet/hlogin HTTP/1.1" 200 1739
190.171.152.138 - - [28/Mar/2022:12:39:11 -0300] "GET /cormun/servlet/trsolicitudot? HTTP/1.1" 200 6320
190.171.152.138 - - [28/Mar/2022:12:39:28 -0300] "POST /cormun/servlet/hlogin?6aedd55eddab241281f71fca37943352,gx-no-cache=1648481223688 HTTP/1.1" 200 90
190.171.152.138 - - [28/Mar/2022:12:39:28 -0300] "GET /cormun/servlet/hpexe_link HTTP/1.1" 200 952
190.171.152.138 - - [28/Mar/2022:12:39:28 -0300] "GET /cormun/servlet/trsolicitudot HTTP/1.1" 200 7258
190.171.152.138 - - [28/Mar/2022:12:39:28 -0300] "GET /cormun/servlet/trsolicitudot HTTP/1.1" 200 7257
190.171.152.138 - - [28/Mar/2022:12:39:35 -0300] "GET /cormun/servlet/solicitudot?INS,0,0,false, HTTP/1.1" 200 15922
190.171.152.138 - - [28/Mar/2022:12:39:35 -0300] "GET /cormun/static/calendar-system.css?85620 HTTP/1.1" 200 5572
190.171.152.138 - - [28/Mar/2022:12:39:35 -0300] "GET /cormun/static/gxcfg.js?20203414241232 HTTP/1.1" 200 953
190.171.152.138 - - [28/Mar/2022:12:39:35 -0300] "GET /cormun/static/Resources/prompt.gif HTTP/1.1" 200 902
190.171.152.138 - - [28/Mar/2022:12:39:35 -0300] "GET /cormun/static/solicitudot.js?20203414242792 HTTP/1.1" 200 74114
190.171.152.138 - - [28/Mar/2022:12:39:35 -0300] "GET /cormun/servlet/solicitudot?INS,0,0,false, HTTP/1.1" 200 15929
190.171.152.138 - - [28/Mar/2022:12:40:04 -0300] "POST /cormun/servlet/solicitudot?gx-no-cache=1648481259956 HTTP/1.1" 200 3966
190.171.152.138 - - [28/Mar/2022:12:40:04 -0300] "POST /cormun/servlet/solicitudot?6aedd55eddab241281f71fca37943352,INS,0,0,false,,gx-no-cache=1648481260100 HTTP/1.1" 200 12760
190.171.152.138 - - [28/Mar/2022:12:40:06 -0300] "GET /cormun/servlet/solicitudot?77d1753d10b648a71d136e87c222e59f633e55d4e1e516693618bc9e484afa800db4b73531edc82f89658a46a15db501,gx-no-cache=1648481261814 HTTP/1.1" 200 30
192.168.10.199 - - [28/Mar/2022:12:40:29 -0300] "POST /cormun/servlet/trautorizarot?d12ad8ca3af56fca99b78be199c1c87b,,gx-no-cache=1648481119512 HTTP/1.1" 200 5179
192.168.10.199 - - [28/Mar/2022:12:40:34 -0300] "GET /cormun/servlet/trsolicitudgral? HTTP/1.1" 200 13254
192.168.10.199 - - [28/Mar/2022:12:40:34 -0300] "GET /cormun/servlet/trsolicitudgral? HTTP/1.1" 200 13253
192.168.10.199 - - [28/Mar/2022:12:40:41 -0300] "POST /cormun/servlet/trsolicitudgral?d12ad8ca3af56fca99b78be199c1c87b,,gx-no-cache=1648481131822 HTTP/1.1" 200 8633
192.168.10.96 - - [28/Mar/2022:12:40:49 -0300] "GET /cormun/servlet/trsolicitudgral? HTTP/1.1" 500 10
192.168.10.96 - - [28/Mar/2022:12:40:52 -0300] "GET /cormun/servlet/hlogin HTTP/1.1" 200 1731
192.168.10.96 - - [28/Mar/2022:12:40:55 -0300] "POST /cormun/servlet/hlogin?df55c6feb1e2dfa279a1e93b20d33bb1,gx-no-cache=1648481146144 HTTP/1.1" 200 90
192.168.10.96 - - [28/Mar/2022:12:40:55 -0300] "GET /cormun/servlet/hpexe_link HTTP/1.1" 200 956
192.168.10.96 - - [28/Mar/2022:12:40:56 -0300] "GET /cormun/servlet/hhome HTTP/1.1" 200 3786
192.168.10.96 - - [28/Mar/2022:12:40:56 -0300] "GET /cormun/servlet/hhome HTTP/1.1" 200 3783
186.103.156.166 - - [28/Mar/2022:12:40:56 -0300] "GET /cormun/servlet/solicitudot?321864fcb122b1291523d3ddd94d5f76c787967b259c096ef3de2a0c0a721c2b462b7e790511593057211b285ea271cd,gx-no-cache=1648481310105 HTTP/1.1" 200 30
192.168.10.96 - - [28/Mar/2022:12:40:58 -0300] "GET /cormun/servlet/trsolicitudgral? HTTP/1.1" 200 28224
192.168.10.96 - - [28/Mar/2022:12:40:59 -0300] "GET /cormun/servlet/trsolicitudgral? HTTP/1.1" 200 28221
192.168.10.17 - - [28/Mar/2022:12:41:00 -0300] "POST /cormun/servlet/trsolicitudgral?9235dce24bd9cd37f5debb64d0a2b181,,gx-no-cache=1648481150568 HTTP/1.1" 200 25747
192.168.10.17 - - [28/Mar/2022:12:41:06 -0300] "POST /cormun/servlet/trsolicitudgral?9235dce24bd9cd37f5debb64d0a2b181,,gx-no-cache=1648481156410 HTTP/1.1" 200 5264
192.168.10.96 - - [28/Mar/2022:12:41:13 -0300] "POST /cormun/servlet/trsolicitudgral?df55c6feb1e2dfa279a1e93b20d33bb1,,gx-no-cache=1648481163970 HTTP/1.1" 200 7848
192.168.10.17 - - [28/Mar/2022:12:41:20 -0300] "POST /cormun/servlet/trsolicitudgral?9235dce24bd9cd37f5debb64d0a2b181,,gx-no-cache=1648481170822 HTTP/1.1" 200 5264
186.103.156.166 - - [28/Mar/2022:12:41:22 -0300] "GET /cormun/servlet/solicitudot?321864fcb122b1291523d3ddd94d5f7696c0f82e7c458cc74f6ca21f338e2aa2,gx-no-cache=1648481336108 HTTP/1.1" 200 53
192.168.10.96 - - [28/Mar/2022:12:41:24 -0300] "POST /cormun/servlet/trsolicitudgral?df55c6feb1e2dfa279a1e93b20d33bb1,,gx-no-cache=1648481174704 HTTP/1.1" 200 25748
192.168.10.17 - - [28/Mar/2022:12:41:25 -0300] "POST /cormun/servlet/trsolicitudgral?9235dce24bd9cd37f5debb64d0a2b181,,gx-no-cache=1648481175534 HTTP/1.1" 200 25747
192.168.10.199 - - [28/Mar/2022:12:41:27 -0300] "POST /cormun/servlet/trsolicitudgral?d12ad8ca3af56fca99b78be199c1c87b,,gx-no-cache=1648481177539 HTTP/1.1" 200 116
192.168.10.199 - - [28/Mar/2022:12:41:27 -0300] "GET /cormun/servlet/solicitudotlog?INS,2022,18118,0,REC, HTTP/1.1" 200 5647
192.168.10.199 - - [28/Mar/2022:12:41:27 -0300] "GET /cormun/servlet/solicitudotlog?INS,2022,18118,0,REC, HTTP/1.1" 200 5648
192.168.10.199 - - [28/Mar/2022:12:41:28 -0300] "GET /cormun/servlet/solicitudotlog?f1d7a87a3c103b5b8ab377d2fac13911e223305cc5d526010e116735138ba2589266dc0267e458d167898181d4baf2e4de3cf388fd4183f9e5bc0658bcfcc6cffebdadac54c4da66d44792f7ca5c62515cda65e641210ebe3f6af5fbf749c8d11d43aa7498315108f56bde9c1fbfd92dcc1b2ee6264554c0f837b9c6d4697bd322b88ede873ba2364e12684dbd3e961859f62230d60ebdb05a2e1c69a537afa0,gx-no-cache=1648481178467 HTTP/1.1" 200 94
192.168.10.199 - - [28/Mar/2022:12:41:34 -0300] "POST /cormun/servlet/solicitudotlog?d12ad8ca3af56fca99b78be199c1c87b,INS,2022,18118,0,REC,,gx-no-cache=1648481185166 HTTP/1.1" 200 93
192.168.10.199 - - [28/Mar/2022:12:41:34 -0300] "GET /cormun/servlet/hpexe_return? HTTP/1.1" 200 1022
192.168.10.199 - - [28/Mar/2022:12:41:35 -0300] "GET /cormun/servlet/trsolicitudgral? HTTP/1.1" 200 11299
192.168.10.199 - - [28/Mar/2022:12:41:35 -0300] "GET /cormun/servlet/trsolicitudgral? HTTP/1.1" 200 11294
192.168.10.96 - - [28/Mar/2022:12:41:36 -0300] "POST /cormun/servlet/trsolicitudgral?df55c6feb1e2dfa279a1e93b20d33bb1,,gx-no-cache=1648481186021 HTTP/1.1" 200 9709
186.103.156.166 - - [28/Mar/2022:12:41:42 -0300] "GET /cormun/servlet/solicitudot?321864fcb122b1291523d3ddd94d5f76cba231cb1e5f8c7f61e3401b90d8d5081ad7befe7564e55ed158645cfbef2d871a1455ca0997512b5c199740aec7d31ff85649f274e69a03bb6a3c41139d661a57f8908ebb69c3b9bfb74870a594e8c4b907e4f1d562207976cbba590c84dd1020974202903404c0bddb07f6de899342357332de3a343e20df5188edb7fcc45d2d2f7661aa3b1bd2c9add1090fa8f0c4c9a4474ddcdd336c574db218f466a78d06543bbb86ded3b9d8c0136a3fa2a0cea997fb7ba8ce877556771cab4d3efdac6637bbdcd291971f1d7241a6242c894d5b2d376c1d1b88f140529440730b17bed2a57d4a0bf6fa8038509975d5d50bec0a6af89b6ae484d13d0e66621d676862f7bc66cf5bc32ab326131b94ffcf10b63f0d72a96f6689add6d7f1d54cfe7192e4a82c7eb09305c2bd9ee5bbfdb68412fd95711b11436338c9b13f1bd1389642,gx-no-cache=1648481356112 HTTP/1.1" 200 240
190.171.152.138 - - [28/Mar/2022:12:41:48 -0300] "GET /cormun/servlet/solicitudot?77d1753d10b648a71d136e87c222e59fddff2841a4226ed32407d10905120ffc91c51f39e3f04fb1bd5f53e659efef36d50bac8fe089cdb353c1d5a00f18c4d1,gx-no-cache=1648481364111 HTTP/1.1" 200 30
190.171.152.138 - - [28/Mar/2022:12:41:48 -0300] "GET /cormun/servlet/solicitudot?77d1753d10b648a71d136e87c222e59fe4c5054d4ac7b161bdb824b781e27432,gx-no-cache=1648481364158 HTTP/1.1" 200 53
192.168.10.96 - - [28/Mar/2022:12:41:49 -0300] "POST /cormun/servlet/trsolicitudgral?df55c6feb1e2dfa279a1e93b20d33bb1,,gx-no-cache=1648481199575 HTTP/1.1" 200 25754
186.103.156.166 - - [28/Mar/2022:12:41:56 -0300] "GET /cormun/servlet/solicitudot?321864fcb122b1291523d3ddd94d5f76929c09f1a147224d44450a128804fd9ece84bf6399eef4ca92d9a8e87fb229287fd0663388a0cc738c051ed2d0e531e930eec002fa2c8359412c93a5924c8eceb499f88810fbac652d26edee2f37e06fe0940ada8d28b20d581c83d0be64e6c52cf0fe69a067a231fd1d9bbdeb467f1b28d42adb1528a24a6dbb9e8ecf0614ffa1dde95b279fe6b6d159a8151236e93cc3c329334c7fca83d4f54006e8a0fc89d17240df56e21f97a8fe2da206e4f056a1a1bb98e6c6346e4f545d37f3f9917a202f1833a0cc1afe9aa05831a3db5d70f247950eb0d3b710fbab0cf33504c960634ad6489370efbeaa2f41153ebdad07f8c608ac3066d0d87d5c09f4e1a4f01630886a75a6e62810f70d52047b55cf47e6133f1465383567d3a73ef7f24f33182faf04850704e40cc2a43d4072b623a434605eb54e1d726242d2c90dc3f02727a72ec29e4240519a7c9996170ad3b566f6e4367cccd67be0bb9f6e1cda090f31ab11b9ed1640a8045f2bb2ebe3bd335c,gx-no-cache=1648481370039 HTTP/1.1" 200 30
186.103.156.166 - - [28/Mar/2022:12:41:59 -0300] "POST /cormun/servlet/solicitudot?gx-no-cache=1648481373217 HTTP/1.1" 200 30
186.103.156.166 - - [28/Mar/2022:12:41:59 -0300] "POST /cormun/servlet/solicitudot?gx-no-cache=1648481373270 HTTP/1.1" 200 1448
186.103.156.166 - - [28/Mar/2022:12:42:00 -0300] "POST /cormun/servlet/solicitudot?gx-no-cache=1648481373319 HTTP/1.1" 200 38
192.168.10.199 - - [28/Mar/2022:12:42:16 -0300] "POST /cormun/servlet/trsolicitudgral?d12ad8ca3af56fca99b78be199c1c87b,,gx-no-cache=1648481227110 HTTP/1.1" 200 7858
190.171.152.138 - - [28/Mar/2022:12:43:02 -0300] "POST /cormun/servlet/solicitudot?gx-no-cache=1648481437971 HTTP/1.1" 200 240
190.171.152.138 - - [28/Mar/2022:12:43:02 -0300] "GET /cormun/servlet/solicitudot?77d1753d10b648a71d136e87c222e59ffb4cfb4bcdf1dc20c842d23f4338d7538c18ae17a1f88df9ca0e911bc1c900b8ef5152cd3d8fed4afeee6ce3c64af00a38fb0369b0c61538cfcac8fe1fb889ec1659d7a373be6a754c3cb4126337321b2af05c370662c9664080e257827c3b05a15a0b3beda9c49f03347a07ca2dc498156f142aff35b810455c9bc28edd5a66422b045d9b885b20c3231d92dc855065f5bded25cfaf0bd999cb4a3044d538d933ca579f404e4ea51df28ec8c5f69d6fa68ec1d1c8b94aff1ebc94ac2584a0cecfdb9ce3f04ba0dbceef3bda8614c7e2e5cd990e2343c768dd00ad848a527b96dae1a0dce63f329344bcdf919114b018cd69a1769882ed5b7738ae1c59b992039fd53bc446077fbe1a2c2a895588ce2f36116f4ae99c2b4613b1e10bd248a7043a288914b527f19351de7fe1df91ae6920cf1d827d7776f5769ecbb4b938bbcbd16ef7891e8a737f84d7676842787afa1f5298b34266207a454cb6973557346a43772cf99a7aa32e7f505e880a3c22a5,gx-no-cache=1648481438028 HTTP/1.1" 200 30
190.171.152.138 - - [28/Mar/2022:12:43:02 -0300] "POST /cormun/servlet/solicitudot?gx-no-cache=1648481438060 HTTP/1.1" 200 30
190.171.152.138 - - [28/Mar/2022:12:43:02 -0300] "POST /cormun/servlet/solicitudot?gx-no-cache=1648481438111 HTTP/1.1" 200 1454
190.171.152.138 - - [28/Mar/2022:12:43:02 -0300] "POST /cormun/servlet/solicitudot?gx-no-cache=1648481438161 HTTP/1.1" 200 38
190.171.152.138 - - [28/Mar/2022:12:43:02 -0300] "GET /cormun/servlet/solicitudot?77d1753d10b648a71d136e87c222e59f469fd73a823ef145fcb9c0fb7d0ae2788b2da231d5fbc16bd3970336baeaa13e1b2f93761fa0d13b0814ef287da37a0684b0a15a1133086e586d7a0625113869c0ad46525e68980b9f3b2f43bd0365e5a2f16065f874850aa703bf0df6a3be94,gx-no-cache=1648481438212 HTTP/1.1" 200 110
190.171.152.138 - - [28/Mar/2022:12:44:16 -0300] "POST /cormun/servlet/solicitudot?gx-no-cache=1648481512212 HTTP/1.1" 200 30
190.171.152.138 - - [28/Mar/2022:12:44:24 -0300] "GET /cormun/static/Resources/resize.gif HTTP/1.1" 200 77
190.171.152.138 - - [28/Mar/2022:12:44:24 -0300] "GET /cormun/static/Resources/PXTools/ClosePrompt.png HTTP/1.1" 200 1036
190.171.152.138 - - [28/Mar/2022:12:44:24 -0300] "GET /cormun/servlet/prlicenciaspermisos?0,L,,MD,,gxPopupLevel%3D0%3B HTTP/1.1" 200 5083
190.171.152.138 - - [28/Mar/2022:12:44:25 -0300] "GET /cormun/static/gxui/gxui-all.css?120300 HTTP/1.1" 200 2179
190.171.152.138 - - [28/Mar/2022:12:44:25 -0300] "GET /cormun/static/gxcfg.js?2020121559567 HTTP/1.1" 200 953
190.171.152.138 - - [28/Mar/2022:12:44:25 -0300] "GET /cormun/static/prlicenciaspermisos.js?2020121559821 HTTP/1.1" 200 13379
190.171.152.138 - - [28/Mar/2022:12:44:25 -0300] "GET /cormun/static/menusearch.js?20201214473581 HTTP/1.1" 200 1424
190.171.152.138 - - [28/Mar/2022:12:44:25 -0300] "GET /cormun/static/hmpwkw011.js?20201215495555 HTTP/1.1" 200 1968
190.171.152.138 - - [28/Mar/2022:12:44:25 -0300] "GET /cormun/static/Resources/PXToolsMenuSearch.png HTTP/1.1" 200 336
190.171.152.138 - - [28/Mar/2022:12:44:25 -0300] "GET /cormun/static/Shared/ext/resources/css/ext-all.css?215870 HTTP/1.1" 200 416045
190.171.152.138 - - [28/Mar/2022:12:44:25 -0300] "GET /cormun/static/Resources/PXToolsMenuSearchCancel.png HTTP/1.1" 200 306
190.171.152.138 - - [28/Mar/2022:12:44:33 -0300] "POST /cormun/servlet/solicitudot?gx-no-cache=1648481529348 HTTP/1.1" 200 1536
190.171.152.138 - - [28/Mar/2022:12:44:33 -0300] "GET /cormun/static/Shared/jqueryui/images/ui-bg_highlight-soft_100_c6c2c8_1x100.png HTTP/1.1" 404 1117
190.171.152.138 - - [28/Mar/2022:12:44:33 -0300] "GET /cormun/static/Shared/jqueryui/images/ui-icons_82798d_256x240.png HTTP/1.1" 404 1089
190.171.152.138 - - [28/Mar/2022:12:44:33 -0300] "GET /cormun/static/Shared/jqueryui/images/ui-bg_flat_55_994d53_40x100.png HTTP/1.1" 404 1097
190.171.152.138 - - [28/Mar/2022:12:44:33 -0300] "GET /cormun/static/Shared/jqueryui/images/ui-icons_ebccce_256x240.png HTTP/1.1" 404 1089
190.171.152.138 - - [28/Mar/2022:12:44:36 -0300] "GET /cormun/servlet/prlicenciaspermisos?0,L,,MD,,gxPopupLevel%3D0%3B HTTP/1.1" 200 5083
192.168.10.199 - - [28/Mar/2022:12:44:58 -0300] "POST /cormun/servlet/trsolicitudgral?d12ad8ca3af56fca99b78be199c1c87b,,gx-no-cache=1648481388854 HTTP/1.1" 200 116
192.168.10.199 - - [28/Mar/2022:12:44:58 -0300] "GET /cormun/servlet/solicitudotlog?INS,2022,17914,0,REC, HTTP/1.1" 200 5646
192.168.10.199 - - [28/Mar/2022:12:44:58 -0300] "GET /cormun/servlet/solicitudotlog?INS,2022,17914,0,REC, HTTP/1.1" 200 5646
192.168.10.199 - - [28/Mar/2022:12:44:59 -0300] "GET /cormun/servlet/solicitudotlog?f1d7a87a3c103b5b8ab377d2fac13911e1e06692294e38d5ee89e5ca4d85160d9266dc0267e458d167898181d4baf2e4de3cf388fd4183f9e5bc0658bcfcc6cffebdadac54c4da66d44792f7ca5c62515cda65e641210ebe3f6af5fbf749c8d11d43aa7498315108f56bde9c1fbfd92dcc1b2ee6264554c0f837b9c6d4697bd322b88ede873ba2364e12684dbd3e961859f62230d60ebdb05a2e1c69a537afa0,gx-no-cache=1648481389736 HTTP/1.1" 200 94
192.168.10.199 - - [28/Mar/2022:12:45:03 -0300] "POST /cormun/servlet/solicitudotlog?d12ad8ca3af56fca99b78be199c1c87b,INS,2022,17914,0,REC,,gx-no-cache=1648481393428 HTTP/1.1" 200 93
192.168.10.199 - - [28/Mar/2022:12:45:03 -0300] "GET /cormun/servlet/hpexe_return? HTTP/1.1" 200 1022
192.168.10.199 - - [28/Mar/2022:12:45:03 -0300] "GET /cormun/servlet/trsolicitudgral? HTTP/1.1" 200 10517
192.168.10.199 - - [28/Mar/2022:12:45:03 -0300] "GET /cormun/servlet/trsolicitudgral? HTTP/1.1" 200 10513
190.171.152.138 - - [28/Mar/2022:12:45:18 -0300] "GET /cormun/servlet/prfichaempleado?,MD,,gxPopupLevel%3D0%3B HTTP/1.1" 200 9228
190.171.152.138 - - [28/Mar/2022:12:45:18 -0300] "GET /cormun/static/gxcfg.js?20201215571085 HTTP/1.1" 200 953
190.171.152.138 - - [28/Mar/2022:12:45:18 -0300] "GET /cormun/static/prfichaempleado.js?20201215572193 HTTP/1.1" 200 16006
190.171.152.138 - - [28/Mar/2022:12:45:25 -0300] "POST /cormun/servlet/prfichaempleado?6aedd55eddab241281f71fca37943352,,MD,,gxPopupLevel%3D0%3B,gx-no-cache=1648481581366 HTTP/1.1" 200 5128
192.168.10.199 - - [28/Mar/2022:12:45:57 -0300] "POST /cormun/servlet/trsolicitudgral?d12ad8ca3af56fca99b78be199c1c87b,,gx-no-cache=1648481447511 HTTP/1.1" 200 5262
190.171.152.138 - - [28/Mar/2022:12:45:59 -0300] "POST /cormun/servlet/solicitudot?gx-no-cache=1648481614523 HTTP/1.1" 200 1454
190.171.152.138 - - [28/Mar/2022:12:45:59 -0300] "POST /cormun/servlet/solicitudot?gx-no-cache=1648481614659 HTTP/1.1" 200 117
190.171.152.138 - - [28/Mar/2022:12:45:59 -0300] "GET /cormun/servlet/solicitudot?77d1753d10b648a71d136e87c222e59f469fd73a823ef145fcb9c0fb7d0ae2788b2da231d5fbc16bd3970336baeaa13e1b2f93761fa0d13b0814ef287da37a0684b0a15a1133086e586d7a0625113869c0ad46525e68980b9f3b2f43bd0365e5a2f16065f874850aa703bf0df6a3be94,gx-no-cache=1648481614702 HTTP/1.1" 200 110
190.171.152.138 - - [28/Mar/2022:12:45:59 -0300] "POST /cormun/servlet/solicitudot?gx-no-cache=1648481614734 HTTP/1.1" 200 97
192.168.10.199 - - [28/Mar/2022:12:46:01 -0300] "POST /cormun/servlet/trsolicitudgral?d12ad8ca3af56fca99b78be199c1c87b,,gx-no-cache=1648481451997 HTTP/1.1" 200 6656
186.103.156.166 - - [28/Mar/2022:12:46:11 -0300] "POST /cormun/servlet/solicitudot?gx-no-cache=1648481624445 HTTP/1.1" 200 30
190.171.152.138 - - [28/Mar/2022:12:46:12 -0300] "GET /cormun/static/menuarrow.gif HTTP/1.1" 404 1015
186.103.156.166 - - [28/Mar/2022:12:46:13 -0300] "GET /cormun/servlet/prfichaempleado?,MD,,gxPopupLevel%3D0%3B HTTP/1.1" 200 9234
190.171.152.138 - - [28/Mar/2022:12:46:20 -0300] "GET /cormun/servlet/prlicenciaspermisos?7833769,L,,MD,,gxPopupLevel%3D0%3B HTTP/1.1" 200 7356
190.171.152.138 - - [28/Mar/2022:12:46:41 -0300] "GET /cormun/servlet/prlicenciaspermisos?7833769,L,,MD,,gxPopupLevel%3D0%3B HTTP/1.1" 200 7356
190.171.152.138 - - [28/Mar/2022:12:46:50 -0300] "POST /cormun/servlet/solicitudot?gx-no-cache=1648481665834 HTTP/1.1" 200 30
190.171.152.138 - - [28/Mar/2022:12:46:51 -0300] "POST /cormun/servlet/solicitudot?gx-no-cache=1648481666572 HTTP/1.1" 200 1454
190.171.152.138 - - [28/Mar/2022:12:46:51 -0300] "POST /cormun/servlet/solicitudot?gx-no-cache=1648481667376 HTTP/1.1" 200 41
190.171.152.138 - - [28/Mar/2022:12:46:52 -0300] "GET /cormun/servlet/solicitudot?77d1753d10b648a71d136e87c222e59f469fd73a823ef145fcb9c0fb7d0ae2788b2da231d5fbc16bd3970336baeaa13e1b2f93761fa0d13b0814ef287da37a0684b0a15a1133086e586d7a0625113869c0ad46525e68980b9f3b2f43bd0365e5a2f16065f874850aa703bf0df6a3be94,gx-no-cache=1648481667880 HTTP/1.1" 200 110
190.171.152.138 - - [28/Mar/2022:12:46:52 -0300] "POST /cormun/servlet/solicitudot?gx-no-cache=1648481668329 HTTP/1.1" 200 97
190.171.152.138 - - [28/Mar/2022:12:46:56 -0300] "GET /cormun/servlet/solicitudot?77d1753d10b648a71d136e87c222e59ff00c0604c862951d303c069865e71d9bef15034b981cb7c605a5b0443b7e09bdda4aa65c6fcc1c58869ee2242cb0a54aa466b2799df7f515e71dea76600b2ccb12054ed2b7b5a169593a7067fb3329c4e526d07ffdadf033a7faf5dc6b3615c748628424e165e994a08123dc3474629a652683668a287b4990ab0a4c2e496a04056cf3be21cbb5419d8c9d287fbdbd85,gx-no-cache=1648481671856 HTTP/1.1" 200 29
192.168.10.199 - - [28/Mar/2022:12:47:12 -0300] "POST /cormun/servlet/trsolicitudgral?d12ad8ca3af56fca99b78be199c1c87b,,gx-no-cache=1648481522873 HTTP/1.1" 200 7106
190.171.152.138 - - [28/Mar/2022:12:48:00 -0300] "GET /cormun/servlet/solicitudot?77d1753d10b648a71d136e87c222e59ff00c0604c862951d303c069865e71d9bef15034b981cb7c605a5b0443b7e09bd8296f0efdcaadd482e3acb8e33cfb361a466b2799df7f515e71dea76600b2ccb12054ed2b7b5a169593a7067fb3329c4e526d07ffdadf033a7faf5dc6b3615c748628424e165e994a08123dc3474629a652683668a287b4990ab0a4c2e496a04056cf3be21cbb5419d8c9d287fbdbd85,gx-no-cache=1648481736172 HTTP/1.1" 200 29
190.171.152.138 - - [28/Mar/2022:12:48:12 -0300] "GET /cormun/servlet/solicitudot?77d1753d10b648a71d136e87c222e59f61afa3d0733e142892e896a6b96cc3e2fb94fe3c7b59f266788315bfa200add8,gx-no-cache=1648481747894 HTTP/1.1" 200 30
190.171.152.138 - - [28/Mar/2022:12:48:12 -0300] "POST /cormun/servlet/solicitudot?gx-no-cache=1648481747934 HTTP/1.1" 200 34
186.103.156.166 - - [28/Mar/2022:12:48:19 -0300] "POST /cormun/servlet/prfichaempleado?0c397501c97d140ca17ac30e80ec7b98,,MD,,gxPopupLevel%3D0%3B,gx-no-cache=1648481752564 HTTP/1.1" 200 3720
192.168.10.199 - - [28/Mar/2022:12:48:37 -0300] "POST /cormun/servlet/trsolicitudgral?d12ad8ca3af56fca99b78be199c1c87b,,gx-no-cache=1648481607538 HTTP/1.1" 200 8595
186.103.156.166 - - [28/Mar/2022:12:49:10 -0300] "GET /cormun/servlet/prlicenciaspermisos?8838737,L,,MD,,gxPopupLevel%3D0%3B HTTP/1.1" 200 7660
186.103.156.166 - - [28/Mar/2022:12:49:31 -0300] "POST /cormun/servlet/solicitudot?gx-no-cache=1648481824595 HTTP/1.1" 200 1455
190.171.152.138 - - [28/Mar/2022:12:49:32 -0300] "POST /cormun/servlet/solicitudot?6aedd55eddab241281f71fca37943352,INS,0,0,false,,gx-no-cache=1648481828140 HTTP/1.1" 200 93
190.171.152.138 - - [28/Mar/2022:12:49:33 -0300] "GET /cormun/servlet/hpexe_return? HTTP/1.1" 200 1004
190.171.152.138 - - [28/Mar/2022:12:49:33 -0300] "GET /cormun/static/gxcfg.js?201991422392976 HTTP/1.1" 200 953
190.171.152.138 - - [28/Mar/2022:12:49:33 -0300] "GET /cormun/static/hpexe_return.js?201991422392984 HTTP/1.1" 200 1633
190.171.152.138 - - [28/Mar/2022:12:49:33 -0300] "GET /cormun/servlet/trsolicitudot HTTP/1.1" 200 8752
190.171.152.138 - - [28/Mar/2022:12:49:33 -0300] "GET /cormun/servlet/trsolicitudot HTTP/1.1" 200 8750
186.103.156.166 - - [28/Mar/2022:12:49:33 -0300] "POST /cormun/servlet/solicitudot?gx-no-cache=1648481826916 HTTP/1.1" 200 41
186.103.156.166 - - [28/Mar/2022:12:49:33 -0300] "GET /cormun/servlet/solicitudot?321864fcb122b1291523d3ddd94d5f76d11724c93c655fab1f30b715a89518572166a47c82d77c929d5df4f733517896738d4cb7a2dc03f0b73df7ef2f583e31809d8f130cc8fd265ca5968c19897a747e511e97b4509d8ceb0b63b89ffe32e9c3c9bdd06cdf79c0ff473f8f958e5015,gx-no-cache=1648481826962 HTTP/1.1" 200 110
186.103.156.166 - - [28/Mar/2022:12:49:33 -0300] "POST /cormun/servlet/solicitudot?gx-no-cache=1648481827005 HTTP/1.1" 200 79
186.103.156.166 - - [28/Mar/2022:12:49:33 -0300] "GET /cormun/servlet/solicitudot?321864fcb122b1291523d3ddd94d5f768225ba7345286646526b759285310736d2a57d4a0bf6fa8038509975d5d50bec0a6af89b6ae484d13d0e66621d67686270f060f9a03505d62713555c63abf520,gx-no-cache=1648481827073 HTTP/1.1" 200 29
186.103.156.166 - - [28/Mar/2022:12:49:35 -0300] "GET /cormun/static/menuarrow.gif HTTP/1.1" 404 1015
186.103.156.166 - - [28/Mar/2022:12:49:37 -0300] "GET /cormun/servlet/solicitudot?321864fcb122b1291523d3ddd94d5f76d11724c93c655fab1f30b715a89518572166a47c82d77c929d5df4f733517896738d4cb7a2dc03f0b73df7ef2f583e31809d8f130cc8fd265ca5968c19897a747e511e97b4509d8ceb0b63b89ffe32e9c3c9bdd06cdf79c0ff473f8f958e5015,gx-no-cache=1648481830525 HTTP/1.1" 200 110
186.103.156.166 - - [28/Mar/2022:12:49:42 -0300] "GET /cormun/servlet/solicitudot?321864fcb122b1291523d3ddd94d5f76e760d63677553ace6ea85df9c1aabe40aed2229ee2fe5a4525a28d0476f679dc,gx-no-cache=1648481836266 HTTP/1.1" 200 30
186.103.156.166 - - [28/Mar/2022:12:49:43 -0300] "POST /cormun/servlet/solicitudot?gx-no-cache=1648481836318 HTTP/1.1" 200 34
190.171.142.10 - - [28/Mar/2022:12:49:47 -0300] "GET /cormun/servlet/hlogin HTTP/1.1" 200 1732
186.103.156.166 - - [28/Mar/2022:12:49:49 -0300] "POST /cormun/servlet/solicitudot?0c397501c97d140ca17ac30e80ec7b98,INS,0,0,false,,gx-no-cache=1648481842044 HTTP/1.1" 200 13046
190.171.152.138 - - [28/Mar/2022:12:49:50 -0300] "GET /cormun/servlet/solicitudot?INS,0,0,false, HTTP/1.1" 200 15922
190.171.152.138 - - [28/Mar/2022:12:49:50 -0300] "GET /cormun/servlet/solicitudot?INS,0,0,false, HTTP/1.1" 200 15929
190.171.142.10 - - [28/Mar/2022:12:49:58 -0300] "POST /cormun/servlet/hlogin?295211d75c11ab509222272c1f8f726a,gx-no-cache=1648481852939 HTTP/1.1" 200 90
190.171.142.10 - - [28/Mar/2022:12:49:58 -0300] "GET /cormun/servlet/hpexe_link HTTP/1.1" 200 957
190.171.142.10 - - [28/Mar/2022:12:49:59 -0300] "GET /cormun/servlet/hhome HTTP/1.1" 200 4118
190.171.142.10 - - [28/Mar/2022:12:49:59 -0300] "GET /cormun/servlet/hhome HTTP/1.1" 200 4116
190.171.152.138 - - [28/Mar/2022:12:50:06 -0300] "POST /cormun/servlet/solicitudot?gx-no-cache=1648481861512 HTTP/1.1" 200 3966
190.171.152.138 - - [28/Mar/2022:12:50:06 -0300] "POST /cormun/servlet/solicitudot?6aedd55eddab241281f71fca37943352,INS,0,0,false,,gx-no-cache=1648481861709 HTTP/1.1" 200 12761
190.171.142.10 - - [28/Mar/2022:12:50:06 -0300] "GET /cormun/servlet/trlicencias? HTTP/1.1" 200 14147
190.171.142.10 - - [28/Mar/2022:12:50:06 -0300] "GET /cormun/servlet/trlicencias? HTTP/1.1" 200 14144
186.103.156.166 - - [28/Mar/2022:12:50:08 -0300] "POST /cormun/servlet/solicitudot?gx-no-cache=1648481861227 HTTP/1.1" 200 4003
186.103.156.166 - - [28/Mar/2022:12:50:11 -0300] "GET /cormun/servlet/solicitudot?321864fcb122b1291523d3ddd94d5f76929c09f1a147224d44450a128804fd9ece84bf6399eef4ca92d9a8e87fb229287fd0663388a0cc738c051ed2d0e531e930eec002fa2c8359412c93a5924c8eceb499f88810fbac652d26edee2f37e06fe0940ada8d28b20d581c83d0be64e6c52cf0fe69a067a231fd1d9bbdeb467f1b28d42adb1528a24a6dbb9e8ecf0614ffa1dde95b279fe6b6d159a8151236e93cc3c329334c7fca83d4f54006e8a0fc89d17240df56e21f97a8fe2da206e4f056a1a1bb98e6c6346e4f545d37f3f9917a202f1833a0cc1afe9aa05831a3db5d70f247950eb0d3b710fbab0cf33504c960634ad6489370efbeaa2f41153ebdad07f8c608ac3066d0d87d5c09f4e1a4f01630886a75a6e62810f70d52047b55cf47e6133f1465383567d3a73ef7f24f33182faf04850704e40cc2a43d4072b623a434605eb54e1d726242d2c90dc3f02727a72ec29e4240519a7c9996170ad3b566f6e4367cccd67be0bb9f6e1cda090f31d6f787125b78406ad68d5558cd7cda8d,gx-no-cache=1648481864890 HTTP/1.1" 200 30
186.103.156.166 - - [28/Mar/2022:12:50:11 -0300] "POST /cormun/servlet/solicitudot?gx-no-cache=1648481864936 HTTP/1.1" 200 30
186.103.156.166 - - [28/Mar/2022:12:50:11 -0300] "POST /cormun/servlet/solicitudot?gx-no-cache=1648481865007 HTTP/1.1" 200 1455
186.103.156.166 - - [28/Mar/2022:12:50:11 -0300] "POST /cormun/servlet/solicitudot?gx-no-cache=1648481865214 HTTP/1.1" 200 41
186.103.156.166 - - [28/Mar/2022:12:50:12 -0300] "GET /cormun/servlet/solicitudot?321864fcb122b1291523d3ddd94d5f76d11724c93c655fab1f30b715a89518572166a47c82d77c929d5df4f733517896738d4cb7a2dc03f0b73df7ef2f583e31809d8f130cc8fd265ca5968c19897a747e511e97b4509d8ceb0b63b89ffe32e9c3c9bdd06cdf79c0ff473f8f958e5015,gx-no-cache=1648481865285 HTTP/1.1" 200 110
186.103.156.166 - - [28/Mar/2022:12:50:12 -0300] "POST /cormun/servlet/solicitudot?gx-no-cache=1648481865391 HTTP/1.1" 200 79
186.103.156.166 - - [28/Mar/2022:12:50:12 -0300] "GET /cormun/servlet/solicitudot?321864fcb122b1291523d3ddd94d5f76e760d63677553ace6ea85df9c1aabe40aed2229ee2fe5a4525a28d0476f679dc,gx-no-cache=1648481865462 HTTP/1.1" 200 30
186.103.156.166 - - [28/Mar/2022:12:50:12 -0300] "POST /cormun/servlet/solicitudot?gx-no-cache=1648481865521 HTTP/1.1" 200 34
186.103.156.166 - - [28/Mar/2022:12:50:12 -0300] "POST /cormun/servlet/solicitudot?0c397501c97d140ca17ac30e80ec7b98,INS,0,0,false,,gx-no-cache=1648481865646 HTTP/1.1" 200 13096
190.171.152.138 - - [28/Mar/2022:12:50:17 -0300] "GET /cormun/servlet/solicitudot?77d1753d10b648a71d136e87c222e59f633e55d4e1e516693618bc9e484afa800db4b73531edc82f89658a46a15db501,gx-no-cache=1648481873544 HTTP/1.1" 200 30
190.171.152.138 - - [28/Mar/2022:12:50:18 -0300] "GET /cormun/servlet/solicitudot?77d1753d10b648a71d136e87c222e59fddff2841a4226ed32407d10905120ffc91c51f39e3f04fb1bd5f53e659efef36d50bac8fe089cdb353c1d5a00f18c4d1,gx-no-cache=1648481873611 HTTP/1.1" 200 30
190.171.152.138 - - [28/Mar/2022:12:50:18 -0300] "GET /cormun/servlet/solicitudot?77d1753d10b648a71d136e87c222e59fe4c5054d4ac7b161bdb824b781e27432,gx-no-cache=1648481873647 HTTP/1.1" 200 53
190.171.152.138 - - [28/Mar/2022:12:50:18 -0300] "POST /cormun/servlet/solicitudot?gx-no-cache=1648481873707 HTTP/1.1" 200 240
190.171.152.138 - - [28/Mar/2022:12:50:18 -0300] "GET /cormun/servlet/solicitudot?77d1753d10b648a71d136e87c222e59ffb4cfb4bcdf1dc20c842d23f4338d7538c18ae17a1f88df9ca0e911bc1c900b8ef5152cd3d8fed4afeee6ce3c64af00a38fb0369b0c61538cfcac8fe1fb889ec1659d7a373be6a754c3cb4126337321b2af05c370662c9664080e257827c3b05a15a0b3beda9c49f03347a07ca2dc498156f142aff35b810455c9bc28edd5a66422b045d9b885b20c3231d92dc855065f5bded25cfaf0bd999cb4a3044d538d933ca579f404e4ea51df28ec8c5f69d6fa68ec1d1c8b94aff1ebc94ac2584a0cecfdb9ce3f04ba0dbceef3bda8614c7e2e5cd990e2343c768dd00ad848a527b96dae1a0dce63f329344bcdf919114b018cd69a1769882ed5b7738ae1c59b992039fd53bc446077fbe1a2c2a895588ce2f36116f4ae99c2b4613b1e10bd248a7043a288914b527f19351de7fe1df91ae6920cf1d827d7776f5769ecbb4b938bbcbd16ef7891e8a737f84d7676842787afa1f5298b34266207a454cb6973557346a43772cf99a7aa32e7f505e880a3c22a5,gx-no-cache=1648481873769 HTTP/1.1" 200 30
190.171.152.138 - - [28/Mar/2022:12:50:18 -0300] "POST /cormun/servlet/solicitudot?gx-no-cache=1648481873819 HTTP/1.1" 200 30
190.171.152.138 - - [28/Mar/2022:12:50:18 -0300] "POST /cormun/servlet/solicitudot?gx-no-cache=1648481873886 HTTP/1.1" 200 1454
190.171.152.138 - - [28/Mar/2022:12:50:18 -0300] "POST /cormun/servlet/solicitudot?gx-no-cache=1648481873941 HTTP/1.1" 200 38
190.171.152.138 - - [28/Mar/2022:12:50:18 -0300] "GET /cormun/servlet/solicitudot?77d1753d10b648a71d136e87c222e59f469fd73a823ef145fcb9c0fb7d0ae2788b2da231d5fbc16bd3970336baeaa13e1b2f93761fa0d13b0814ef287da37a0684b0a15a1133086e586d7a0625113869c0ad46525e68980b9f3b2f43bd0365e5a2f16065f874850aa703bf0df6a3be94,gx-no-cache=1648481873984 HTTP/1.1" 200 110
192.168.10.199 - - [28/Mar/2022:12:50:48 -0300] "POST /cormun/servlet/trsolicitudgral?d12ad8ca3af56fca99b78be199c1c87b,,gx-no-cache=1648481738736 HTTP/1.1" 200 116
192.168.10.199 - - [28/Mar/2022:12:50:48 -0300] "GET /cormun/servlet/solicitudotlog?INS,2022,18259,0,REC, HTTP/1.1" 200 5646
192.168.10.199 - - [28/Mar/2022:12:50:49 -0300] "GET /cormun/servlet/solicitudotlog?INS,2022,18259,0,REC, HTTP/1.1" 200 5647
192.168.10.199 - - [28/Mar/2022:12:50:49 -0300] "GET /cormun/servlet/solicitudotlog?f1d7a87a3c103b5b8ab377d2fac13911439f413da853538f3fa5e6789d13f8a09266dc0267e458d167898181d4baf2e4de3cf388fd4183f9e5bc0658bcfcc6cffebdadac54c4da66d44792f7ca5c62515cda65e641210ebe3f6af5fbf749c8d11d43aa7498315108f56bde9c1fbfd92dcc1b2ee6264554c0f837b9c6d4697bd322b88ede873ba2364e12684dbd3e961859f62230d60ebdb05a2e1c69a537afa0,gx-no-cache=1648481739778 HTTP/1.1" 200 94
114.119.135.206 - - [28/Mar/2022:12:50:59 -0300] "GET /robots.txt HTTP/1.1" 404 981
192.168.10.199 - - [28/Mar/2022:12:50:59 -0300] "POST /cormun/servlet/solicitudotlog?d12ad8ca3af56fca99b78be199c1c87b,INS,2022,18259,0,REC,,gx-no-cache=1648481749786 HTTP/1.1" 200 93
192.168.10.199 - - [28/Mar/2022:12:50:59 -0300] "GET /cormun/servlet/hpexe_return? HTTP/1.1" 200 1022
192.168.10.199 - - [28/Mar/2022:12:51:00 -0300] "GET /cormun/servlet/trsolicitudgral? HTTP/1.1" 200 11272
192.168.10.199 - - [28/Mar/2022:12:51:00 -0300] "GET /cormun/servlet/trsolicitudgral? HTTP/1.1" 200 11267
192.168.10.199 - - [28/Mar/2022:12:53:03 -0300] "POST /cormun/servlet/trsolicitudgral?d12ad8ca3af56fca99b78be199c1c87b,,gx-no-cache=1648481874089 HTTP/1.1" 200 116
192.168.10.199 - - [28/Mar/2022:12:53:03 -0300] "GET /cormun/servlet/solicitudotlog?INS,2022,18024,0,REC, HTTP/1.1" 200 5646
192.168.10.199 - - [28/Mar/2022:12:53:04 -0300] "GET /cormun/servlet/solicitudotlog?INS,2022,18024,0,REC, HTTP/1.1" 200 5646
192.168.10.199 - - [28/Mar/2022:12:53:04 -0300] "GET /cormun/servlet/solicitudotlog?f1d7a87a3c103b5b8ab377d2fac139111511c416f1f1d133955954f38f4cdab49266dc0267e458d167898181d4baf2e4de3cf388fd4183f9e5bc0658bcfcc6cffebdadac54c4da66d44792f7ca5c62515cda65e641210ebe3f6af5fbf749c8d11d43aa7498315108f56bde9c1fbfd92dcc1b2ee6264554c0f837b9c6d4697bd322b88ede873ba2364e12684dbd3e961859f62230d60ebdb05a2e1c69a537afa0,gx-no-cache=1648481874900 HTTP/1.1" 200 94
192.168.10.199 - - [28/Mar/2022:12:53:12 -0300] "POST /cormun/servlet/solicitudotlog?d12ad8ca3af56fca99b78be199c1c87b,INS,2022,18024,0,REC,,gx-no-cache=1648481882294 HTTP/1.1" 200 93
192.168.10.199 - - [28/Mar/2022:12:53:12 -0300] "GET /cormun/servlet/hpexe_return? HTTP/1.1" 200 1021
192.168.10.199 - - [28/Mar/2022:12:53:13 -0300] "GET /cormun/servlet/trsolicitudgral HTTP/1.1" 200 10906
192.168.10.199 - - [28/Mar/2022:12:53:13 -0300] "GET /cormun/servlet/trsolicitudgral HTTP/1.1" 200 10902
192.168.10.199 - - [28/Mar/2022:12:53:52 -0300] "POST /cormun/servlet/trsolicitudgral?d12ad8ca3af56fca99b78be199c1c87b,gx-no-cache=1648481922539 HTTP/1.1" 200 25758
192.168.10.199 - - [28/Mar/2022:12:53:56 -0300] "POST /cormun/servlet/trsolicitudgral?d12ad8ca3af56fca99b78be199c1c87b,gx-no-cache=1648481926204 HTTP/1.1" 200 8596
192.168.10.199 - - [28/Mar/2022:12:53:59 -0300] "POST /cormun/servlet/trsolicitudgral?d12ad8ca3af56fca99b78be199c1c87b,gx-no-cache=1648481928958 HTTP/1.1" 200 25759
192.168.10.199 - - [28/Mar/2022:12:54:08 -0300] "POST /cormun/servlet/trsolicitudgral?d12ad8ca3af56fca99b78be199c1c87b,gx-no-cache=1648481937903 HTTP/1.1" 200 8596
192.168.10.199 - - [28/Mar/2022:12:54:14 -0300] "POST /cormun/servlet/trsolicitudgral?d12ad8ca3af56fca99b78be199c1c87b,gx-no-cache=1648481944597 HTTP/1.1" 200 25758
192.168.10.199 - - [28/Mar/2022:12:54:17 -0300] "GET /cormun/servlet/trautorizarot? HTTP/1.1" 200 8170
192.168.10.199 - - [28/Mar/2022:12:54:18 -0300] "GET /cormun/servlet/trautorizarot? HTTP/1.1" 200 8169
190.171.152.138 - - [28/Mar/2022:12:55:00 -0300] "POST /cormun/servlet/solicitudot?gx-no-cache=1648482155964 HTTP/1.1" 200 240
190.171.152.138 - - [28/Mar/2022:12:55:00 -0300] "GET /cormun/servlet/solicitudot?77d1753d10b648a71d136e87c222e59ffb4cfb4bcdf1dc20c842d23f4338d7538c18ae17a1f88df9ca0e911bc1c900b8ef5152cd3d8fed4afeee6ce3c64af00a38fb0369b0c61538cfcac8fe1fb889ec1659d7a373be6a754c3cb4126337321b2af05c370662c9664080e257827c3b05a15a0b3beda9c49f03347a07ca2dc498156f142aff35b810455c9bc28edd5a66422b045d9b885b20c3231d92dc855065f5bded25cfaf0bd999cb4a3044d538d933ca579f404e4ea51df28ec8c5f69d6fa68ec1d1c8b94aff1ebc94ac2584a0cecfdb9ce3f04ba0dbceef3bda8614c7e2e5cd990e2343c768dd00ad848a527b96dae1a0dce63f329344bcdf919114b018cd69a1769882ed5b7738ae1c59b992039fd53bc446077fbe1a2c2a895588ce2f36116f4ae99c2b4613b1e10bd248a7043a288914b527f19351de7fe1df91ae6920cf1d827d7776f5769ecbb4b938bbcbd16ef7891e8a737f84d7676842787afa1f5298b34266207a454cb6973557346afcd6977864d0db9bbaff8331814fadf1,gx-no-cache=1648482156115 HTTP/1.1" 200 30
190.171.152.138 - - [28/Mar/2022:12:55:00 -0300] "POST /cormun/servlet/solicitudot?gx-no-cache=1648482156175 HTTP/1.1" 200 30
190.171.152.138 - - [28/Mar/2022:12:55:00 -0300] "POST /cormun/servlet/solicitudot?gx-no-cache=1648482156230 HTTP/1.1" 200 1454
190.171.152.138 - - [28/Mar/2022:12:55:00 -0300] "POST /cormun/servlet/solicitudot?gx-no-cache=1648482156325 HTTP/1.1" 200 38
190.171.152.138 - - [28/Mar/2022:12:55:00 -0300] "GET /cormun/servlet/solicitudot?77d1753d10b648a71d136e87c222e59f469fd73a823ef145fcb9c0fb7d0ae2788b2da231d5fbc16bd3970336baeaa13e1b2f93761fa0d13b0814ef287da37a0684b0a15a1133086e586d7a0625113869c0ad46525e68980b9f3b2f43bd0365e5a2f16065f874850aa703bf0df6a3be94,gx-no-cache=1648482156375 HTTP/1.1" 200 110
190.171.152.138 - - [28/Mar/2022:12:55:00 -0300] "POST /cormun/servlet/solicitudot?gx-no-cache=1648482156430 HTTP/1.1" 200 97
190.171.152.138 - - [28/Mar/2022:12:55:06 -0300] "GET /cormun/servlet/solicitudot?77d1753d10b648a71d136e87c222e59ff00c0604c862951d303c069865e71d9bef15034b981cb7c605a5b0443b7e09bd8296f0efdcaadd482e3acb8e33cfb361a466b2799df7f515e71dea76600b2ccb12054ed2b7b5a169593a7067fb3329c4e526d07ffdadf033a7faf5dc6b3615c748628424e165e994a08123dc3474629a652683668a287b4990ab0a4c2e496a04056cf3be21cbb5419d8c9d287fbdbd85,gx-no-cache=1648482161989 HTTP/1.1" 200 29
190.171.152.138 - - [28/Mar/2022:12:55:10 -0300] "GET /cormun/static/menuarrow.gif HTTP/1.1" 404 1015
190.171.152.138 - - [28/Mar/2022:12:56:03 -0300] "POST /cormun/servlet/solicitudot?gx-no-cache=1648482218850 HTTP/1.1" 200 1454
190.171.152.138 - - [28/Mar/2022:12:56:03 -0300] "POST /cormun/servlet/solicitudot?gx-no-cache=1648482218912 HTTP/1.1" 200 38
190.171.152.138 - - [28/Mar/2022:12:56:03 -0300] "GET /cormun/servlet/solicitudot?77d1753d10b648a71d136e87c222e59f469fd73a823ef145fcb9c0fb7d0ae2788b2da231d5fbc16bd3970336baeaa13e1b2f93761fa0d13b0814ef287da37a0684b0a15a1133086e586d7a0625113869c0ad46525e68980b9f3b2f43bd0365e5a2f16065f874850aa703bf0df6a3be94,gx-no-cache=1648482218949 HTTP/1.1" 200 110
190.171.152.138 - - [28/Mar/2022:12:56:03 -0300] "POST /cormun/servlet/solicitudot?gx-no-cache=1648482218988 HTTP/1.1" 200 97
190.171.152.138 - - [28/Mar/2022:12:56:08 -0300] "POST /cormun/servlet/solicitudot?gx-no-cache=1648482224550 HTTP/1.1" 200 1454
190.171.152.138 - - [28/Mar/2022:12:56:08 -0300] "POST /cormun/servlet/solicitudot?gx-no-cache=1648482224599 HTTP/1.1" 200 38
190.171.152.138 - - [28/Mar/2022:12:56:09 -0300] "GET /cormun/servlet/solicitudot?77d1753d10b648a71d136e87c222e59f469fd73a823ef145fcb9c0fb7d0ae2788b2da231d5fbc16bd3970336baeaa13e1b2f93761fa0d13b0814ef287da37a0684b0a15a1133086e586d7a0625113869c0ad46525e68980b9f3b2f43bd0365e5a2f16065f874850aa703bf0df6a3be94,gx-no-cache=1648482224630 HTTP/1.1" 200 110
190.171.152.138 - - [28/Mar/2022:12:56:09 -0300] "POST /cormun/servlet/solicitudot?gx-no-cache=1648482224669 HTTP/1.1" 200 97
190.171.152.138 - - [28/Mar/2022:12:56:11 -0300] "GET /cormun/servlet/solicitudot?77d1753d10b648a71d136e87c222e59f61afa3d0733e142892e896a6b96cc3e270f45028bc747cd821fcc2836d910b09,gx-no-cache=1648482227066 HTTP/1.1" 200 30
190.171.152.138 - - [28/Mar/2022:12:56:52 -0300] "POST /cormun/servlet/solicitudot?gx-no-cache=1648482268223 HTTP/1.1" 200 30
190.171.152.138 - - [28/Mar/2022:12:56:55 -0300] "GET /cormun/servlet/prlicenciaspermisos?0,L,,MD,,gxPopupLevel%3D0%3B HTTP/1.1" 200 5083
190.171.152.138 - - [28/Mar/2022:12:57:17 -0300] "POST /cormun/servlet/acontrolpreferencessavestate?None,MJRAMOS,true HTTP/1.1" 200 35
186.103.156.166 - - [28/Mar/2022:12:57:20 -0300] "POST /cormun/servlet/solicitudot?gx-no-cache=1648482293251 HTTP/1.1" 200 4034
190.171.152.138 - - [28/Mar/2022:12:57:20 -0300] "POST /cormun/servlet/solicitudot?gx-no-cache=1648482295857 HTTP/1.1" 200 1536
