190.171.134.178 - - [28/Mar/2022:11:30:48 -0300] "GET /cormun/static/PXToolsJavascripts/pexe_oav.js HTTP/1.1" 200 645
190.171.134.178 - - [28/Mar/2022:11:30:48 -0300] "GET /cormun/static/PXToolsJavascripts/pexe_oavdivfix.js HTTP/1.1" 200 639
190.171.134.178 - - [28/Mar/2022:11:30:48 -0300] "GET /cormun/static/PXToolsJavascripts/pexe_picture.js HTTP/1.1" 200 689
190.171.134.178 - - [28/Mar/2022:11:30:48 -0300] "GET /cormun/static/PXToolsJavascripts/pexe_popup.js HTTP/1.1" 200 13458
190.171.134.178 - - [28/Mar/2022:11:30:48 -0300] "GET /cormun/static/PXToolsJavascripts/pexe_scrolldiv.js HTTP/1.1" 200 4138
190.171.134.178 - - [28/Mar/2022:11:30:48 -0300] "GET /cormun/static/PXToolsJavascripts/pexe_tabdivfix.js HTTP/1.1" 200 876
190.171.134.178 - - [28/Mar/2022:11:30:48 -0300] "GET /cormun/static/PXToolsJavascripts/pexe_tabs.js HTTP/1.1" 200 3748
190.171.134.178 - - [28/Mar/2022:11:30:48 -0300] "GET /cormun/static/PXToolsJavascripts/pexe_upload.js HTTP/1.1" 200 1423
190.171.134.178 - - [28/Mar/2022:11:30:48 -0300] "GET /cormun/static/PXToolsJavascripts/PXToolsJavascriptsRender.js HTTP/1.1" 200 367
190.171.134.178 - - [28/Mar/2022:11:30:48 -0300] "GET /cormun/static/RunJS/RunJS.js HTTP/1.1" 200 288
190.171.134.178 - - [28/Mar/2022:11:30:48 -0300] "GET /cormun/static/Shared/ext/locale/ext-lang-en.js HTTP/1.1" 200 10940
190.171.134.178 - - [28/Mar/2022:11:30:48 -0300] "GET /cormun/static/hwchdr01.js?20201214473739 HTTP/1.1" 200 996
190.171.134.178 - - [28/Mar/2022:11:30:48 -0300] "GET /cormun/static/hhome.js?20201215495544 HTTP/1.1" 200 777
190.171.134.178 - - [28/Mar/2022:11:30:48 -0300] "GET /cormun/static/hpexe_recentlink.js?20201214471090 HTTP/1.1" 200 2144
190.171.134.178 - - [28/Mar/2022:11:30:48 -0300] "GET /cormun/static/hpexe_messagecontroller.js?201991422154126 HTTP/1.1" 200 870
190.171.134.178 - - [28/Mar/2022:11:30:48 -0300] "GET /cormun/static/hpexe_scripts.js?20201214471411 HTTP/1.1" 200 1544
190.171.134.178 - - [28/Mar/2022:11:30:48 -0300] "GET /cormun/static/hpexe_messagepopupcomponent.js?2020121447232 HTTP/1.1" 200 605
190.171.134.178 - - [28/Mar/2022:11:30:48 -0300] "GET /cormun/static/hpexe_messagegenexuscomponent.js?2020121447173 HTTP/1.1" 200 587
190.171.134.178 - - [28/Mar/2022:11:30:48 -0300] "GET /cormun/static/cmcontrolpreferences.js?20199141926336 HTTP/1.1" 200 1375
190.171.134.178 - - [28/Mar/2022:11:30:48 -0300] "GET /cormun/static/gxui/gxui-all.js HTTP/1.1" 200 107772
190.171.134.178 - - [28/Mar/2022:11:30:48 -0300] "GET /cormun/static/Shared/jquery/jquery-1.4.2.min.js HTTP/1.1" 200 72174
190.171.134.178 - - [28/Mar/2022:11:30:48 -0300] "GET /cormun/static/Resources/Logo2019_Small.png HTTP/1.1" 200 10855
190.171.134.178 - - [28/Mar/2022:11:30:48 -0300] "GET /cormun/static/Resources/PXToolsDataTitle.png HTTP/1.1" 200 1173
190.171.134.178 - - [28/Mar/2022:11:30:48 -0300] "GET /cormun/static/Resources/Llave.png HTTP/1.1" 200 1395
190.171.134.178 - - [28/Mar/2022:11:30:48 -0300] "GET /cormun/static/Resources/ImgHome.png HTTP/1.1" 200 1364
190.171.134.178 - - [28/Mar/2022:11:30:48 -0300] "GET /cormun/static/Resources/ImgLogin.png HTTP/1.1" 200 1432
190.171.134.178 - - [28/Mar/2022:11:30:48 -0300] "GET /cormun/static/SmoothNavMenu/resources/ddsmoothmenu.js HTTP/1.1" 200 12712
190.171.134.178 - - [28/Mar/2022:11:30:48 -0300] "GET /cormun/static/SmoothNavMenu/resources/SmoothNavMenuRender.js HTTP/1.1" 200 5951
190.171.134.178 - - [28/Mar/2022:11:30:48 -0300] "GET /cormun/static/scaMessage/js/jquery.pnotify.min.js HTTP/1.1" 200 13038
190.171.134.178 - - [28/Mar/2022:11:30:48 -0300] "GET /cormun/static/hmpwkw03.js?20201215501896 HTTP/1.1" 200 3973
190.171.134.178 - - [28/Mar/2022:11:30:48 -0300] "GET /cormun/static/scaMessage/scaMessageRender.js HTTP/1.1" 200 11977
190.171.134.178 - - [28/Mar/2022:11:30:48 -0300] "GET /cormun/static/Shared/jqueryui/jquery-ui.min.js HTTP/1.1" 200 240427
190.171.134.178 - - [28/Mar/2022:11:30:48 -0300] "GET /cormun/static/Shared/jquery/jquery-1.10.2.min.js HTTP/1.1" 200 273199
190.171.134.178 - - [28/Mar/2022:11:30:48 -0300] "GET /cormun/static/Shared/ext/ext-all.js HTTP/1.1" 200 1289687
190.171.134.178 - - [28/Mar/2022:11:30:48 -0300] "GET /cormun/static/SmoothNavMenu/resources/images/down.gif HTTP/1.1" 200 854
190.171.134.178 - - [28/Mar/2022:11:30:48 -0300] "GET /cormun/servlet/hhome HTTP/1.1" 200 3931
190.171.134.178 - - [28/Mar/2022:11:30:54 -0300] "GET /cormun/servlet/trsolicitudot? HTTP/1.1" 200 7156
190.171.134.178 - - [28/Mar/2022:11:30:54 -0300] "GET /cormun/static/gxui/gxui-all.css?110300 HTTP/1.1" 200 2179
190.171.134.178 - - [28/Mar/2022:11:30:54 -0300] "GET /cormun/static/calendar-system.css?75620 HTTP/1.1" 200 5572
190.171.134.178 - - [28/Mar/2022:11:30:54 -0300] "GET /cormun/static/gxcfg.js?201991910464971 HTTP/1.1" 200 953
190.171.134.178 - - [28/Mar/2022:11:30:54 -0300] "GET /cormun/static/calendar.js?85251 HTTP/1.1" 200 26246
190.171.134.178 - - [28/Mar/2022:11:30:54 -0300] "GET /cormun/static/calendar-setup.js?85251 HTTP/1.1" 200 2588
190.171.134.178 - - [28/Mar/2022:11:30:54 -0300] "GET /cormun/static/calendar-es.js?85251 HTTP/1.1" 200 1901
190.171.134.178 - - [28/Mar/2022:11:30:54 -0300] "GET /cormun/static/gxdec.js?85251 HTTP/1.1" 200 19579
190.171.134.178 - - [28/Mar/2022:11:30:54 -0300] "GET /cormun/static/trsolicitudot.js?201991910465845 HTTP/1.1" 200 54041
190.171.134.178 - - [28/Mar/2022:11:30:54 -0300] "GET /cormun/static/Resources/PXTools/calendar.png HTTP/1.1" 200 1306
190.171.134.178 - - [28/Mar/2022:11:30:54 -0300] "GET /cormun/static/Resources/PXToolsDataSearch.png HTTP/1.1" 200 435
190.171.134.178 - - [28/Mar/2022:11:30:54 -0300] "GET /cormun/static/Resources/PXToolsGridFirstDisabled.gif HTTP/1.1" 200 100
190.171.134.178 - - [28/Mar/2022:11:30:54 -0300] "GET /cormun/static/Resources/PXToolsGridPreviousDisabled.gif HTTP/1.1" 200 90
190.171.134.178 - - [28/Mar/2022:11:30:54 -0300] "GET /cormun/static/Resources/PXToolsGridNextDisabled.gif HTTP/1.1" 200 90
190.171.134.178 - - [28/Mar/2022:11:30:54 -0300] "GET /cormun/static/Resources/PXToolsGridLastDisabled.gif HTTP/1.1" 200 98
190.171.134.178 - - [28/Mar/2022:11:30:54 -0300] "GET /cormun/static/Resources/PXToolsGridPage.gif HTTP/1.1" 200 725
190.171.134.178 - - [28/Mar/2022:11:30:55 -0300] "GET /cormun/static/Resources/PXToolsActionExcel.png HTTP/1.1" 200 727
190.171.134.178 - - [28/Mar/2022:11:30:55 -0300] "GET /cormun/static/Resources/PXToolsAddAllAction.png HTTP/1.1" 200 495
190.171.134.178 - - [28/Mar/2022:11:30:55 -0300] "GET /cormun/static/Shared/ext/resources/css/ext-all.css?205870 HTTP/1.1" 200 416045
190.171.134.178 - - [28/Mar/2022:11:30:55 -0300] "GET /cormun/static/Resources/desc.gif HTTP/1.1" 200 65
190.171.134.178 - - [28/Mar/2022:11:30:55 -0300] "GET /cormun/static/Resources/asc.gif HTTP/1.1" 200 67
190.171.134.178 - - [28/Mar/2022:11:30:55 -0300] "GET /cormun/servlet/trsolicitudot? HTTP/1.1" 200 7155
190.171.134.178 - - [28/Mar/2022:11:30:55 -0300] "GET /cormun/static/Shared/ext/resources/themes/images/default/tools/tool-sprites.gif HTTP/1.1" 200 5434
190.171.134.178 - - [28/Mar/2022:11:30:55 -0300] "GET /cormun/static/Shared/ext/resources/themes/images/default/panel/bg-headersPanel.png HTTP/1.1" 200 255
190.171.134.178 - - [28/Mar/2022:11:31:00 -0300] "POST /cormun/servlet/trsolicitudot?22bdb8e836e544283e2d6f93cc84d81b,,gx-no-cache=1648477398304 HTTP/1.1" 200 102
190.171.134.178 - - [28/Mar/2022:11:31:00 -0300] "GET /cormun/SolicitudOT-583.xls HTTP/1.1" 200 4608
190.171.134.178 - - [28/Mar/2022:11:31:03 -0300] "GET /cormun/servlet/solicitudot?INS,0,0,false, HTTP/1.1" 200 15652
190.171.134.178 - - [28/Mar/2022:11:31:03 -0300] "GET /cormun/static/calendar-system.css?85620 HTTP/1.1" 200 5572
190.171.134.178 - - [28/Mar/2022:11:31:03 -0300] "GET /cormun/static/gxcfg.js?20203414241232 HTTP/1.1" 200 953
190.171.134.178 - - [28/Mar/2022:11:31:03 -0300] "GET /cormun/static/Resources/prompt.gif HTTP/1.1" 200 902
190.171.134.178 - - [28/Mar/2022:11:31:03 -0300] "GET /cormun/static/solicitudot.js?20203414242792 HTTP/1.1" 200 74114
190.171.134.178 - - [28/Mar/2022:11:31:03 -0300] "GET /cormun/servlet/solicitudot?INS,0,0,false, HTTP/1.1" 200 15659
45.155.204.146 - - [28/Mar/2022:11:31:18 -0300] "GET /manager/html HTTP/1.1" 401 2474
45.155.204.146 - - [28/Mar/2022:11:31:53 -0300] "GET /manager/html HTTP/1.1" 401 2474
190.171.134.178 - - [28/Mar/2022:11:32:24 -0300] "POST /cormun/servlet/solicitudot?gx-no-cache=1648477481721 HTTP/1.1" 200 3850
190.171.134.178 - - [28/Mar/2022:11:32:24 -0300] "POST /cormun/servlet/solicitudot?22bdb8e836e544283e2d6f93cc84d81b,INS,0,0,false,,gx-no-cache=1648477481918 HTTP/1.1" 200 12400
45.155.204.146 - - [28/Mar/2022:11:32:29 -0300] "GET /manager/html HTTP/1.1" 401 2474
190.171.134.178 - - [28/Mar/2022:11:32:30 -0300] "GET /cormun/servlet/solicitudot?5715245d64d32592f59cbb2ad3d05c1cb8354f1dbe07928c39fd6bb7325e412b8a8936c04bf343117d6020594318ccf3,gx-no-cache=1648477487951 HTTP/1.1" 200 111
190.171.134.178 - - [28/Mar/2022:11:32:30 -0300] "GET /cormun/static/Shared/jqueryui/images/ui-bg_highlight-soft_100_c6c2c8_1x100.png HTTP/1.1" 404 1117
190.171.134.178 - - [28/Mar/2022:11:32:30 -0300] "GET /cormun/static/Shared/jqueryui/images/ui-bg_flat_55_994d53_40x100.png HTTP/1.1" 404 1097
190.171.134.178 - - [28/Mar/2022:11:32:30 -0300] "GET /cormun/static/Shared/jqueryui/images/ui-icons_ebccce_256x240.png HTTP/1.1" 404 1089
190.171.134.178 - - [28/Mar/2022:11:32:30 -0300] "GET /cormun/static/Shared/jqueryui/images/ui-icons_82798d_256x240.png HTTP/1.1" 404 1089
190.171.134.178 - - [28/Mar/2022:11:32:49 -0300] "GET /cormun/static/Resources/resize.gif HTTP/1.1" 200 77
190.171.134.178 - - [28/Mar/2022:11:32:49 -0300] "GET /cormun/static/Resources/PXTools/ClosePrompt.png HTTP/1.1" 200 1036
190.171.134.178 - - [28/Mar/2022:11:32:50 -0300] "GET /cormun/servlet/prfichaempleado?,MD,,gxPopupLevel%3D0%3B HTTP/1.1" 200 9229
190.171.134.178 - - [28/Mar/2022:11:32:50 -0300] "GET /cormun/static/gxui/gxui-all.css?120300 HTTP/1.1" 200 2179
190.171.134.178 - - [28/Mar/2022:11:32:50 -0300] "GET /cormun/static/gxcfg.js?20201215571085 HTTP/1.1" 200 953
190.171.134.178 - - [28/Mar/2022:11:32:50 -0300] "GET /cormun/static/Shared/ext/resources/css/ext-all.css?215870 HTTP/1.1" 200 416045
190.171.134.178 - - [28/Mar/2022:11:32:50 -0300] "GET /cormun/static/prfichaempleado.js?20201215572193 HTTP/1.1" 200 16006
190.171.134.178 - - [28/Mar/2022:11:32:50 -0300] "GET /cormun/static/menusearch.js?20201214473581 HTTP/1.1" 200 1424
190.171.134.178 - - [28/Mar/2022:11:32:50 -0300] "GET /cormun/static/hmpwkw011.js?20201215495555 HTTP/1.1" 200 1968
190.171.134.178 - - [28/Mar/2022:11:32:50 -0300] "GET /cormun/static/Resources/PXToolsMenuSearchCancel.png HTTP/1.1" 200 306
190.171.134.178 - - [28/Mar/2022:11:32:50 -0300] "GET /cormun/static/Resources/PXToolsMenuSearch.png HTTP/1.1" 200 336
190.171.134.178 - - [28/Mar/2022:11:33:02 -0300] "POST /cormun/servlet/solicitudot?gx-no-cache=1648477520115 HTTP/1.1" 200 3859
190.171.134.178 - - [28/Mar/2022:11:33:02 -0300] "POST /cormun/servlet/solicitudot?22bdb8e836e544283e2d6f93cc84d81b,INS,0,0,false,,gx-no-cache=1648477520279 HTTP/1.1" 200 12459
190.171.134.178 - - [28/Mar/2022:11:33:02 -0300] "GET /cormun/servlet/solicitudot?5715245d64d32592f59cbb2ad3d05c1c2b96d47e1ad2ad82511fcaaf5844e1b7ce4b893910d74b9a7d5fb31c7d1f293a,gx-no-cache=1648477520502 HTTP/1.1" 200 30
45.155.204.146 - - [28/Mar/2022:11:33:03 -0300] "GET /manager/html HTTP/1.1" 401 2474
45.155.204.146 - - [28/Mar/2022:11:33:37 -0300] "GET /manager/html HTTP/1.1" 401 2474
192.168.10.17 - - [28/Mar/2022:11:33:41 -0300] "GET /cormun/servlet/trsolicitudgral? HTTP/1.1" 200 28208
192.168.10.17 - - [28/Mar/2022:11:33:42 -0300] "GET /cormun/servlet/trsolicitudgral? HTTP/1.1" 200 28206
45.155.204.146 - - [28/Mar/2022:11:34:12 -0300] "GET /manager/html HTTP/1.1" 401 2474
192.168.10.199 - - [28/Mar/2022:11:34:31 -0300] "POST /cormun/servlet/trsolicitudgral?d12ad8ca3af56fca99b78be199c1c87b,gx-no-cache=1648474525250,gx-no-cache=1648477161706 HTTP/1.1" 200 5258
192.168.10.199 - - [28/Mar/2022:11:34:35 -0300] "POST /cormun/servlet/trsolicitudgral?d12ad8ca3af56fca99b78be199c1c87b,gx-no-cache=1648474525250,gx-no-cache=1648477166030 HTTP/1.1" 200 6629
192.168.10.17 - - [28/Mar/2022:11:34:40 -0300] "POST /cormun/servlet/trsolicitudgral?9235dce24bd9cd37f5debb64d0a2b181,,gx-no-cache=1648477170191 HTTP/1.1" 200 6648
45.155.204.146 - - [28/Mar/2022:11:34:47 -0300] "GET /manager/html HTTP/1.1" 401 2474
192.168.10.17 - - [28/Mar/2022:11:34:47 -0300] "GET /cormun/servlet/vesolicitudgral?2022,18135,, HTTP/1.1" 200 8323
192.168.10.17 - - [28/Mar/2022:11:34:47 -0300] "GET /cormun/pexe_scrolldiv.js HTTP/1.1" 404 1009
192.168.10.17 - - [28/Mar/2022:11:34:48 -0300] "GET /cormun/servlet/vesolicitudgral?2022,18135,, HTTP/1.1" 200 8321
192.168.10.17 - - [28/Mar/2022:11:34:53 -0300] "POST /cormun/servlet/vesolicitudgral?9235dce24bd9cd37f5debb64d0a2b181,2022,18135,,,gx-no-cache=1648477183400 HTTP/1.1" 200 12068
192.168.10.17 - - [28/Mar/2022:11:34:53 -0300] "GET /cormun/static/Shared/jqueryui/images/ui-bg_highlight-soft_100_c6c2c8_1x100.png HTTP/1.1" 404 1117
192.168.10.17 - - [28/Mar/2022:11:34:53 -0300] "GET /cormun/static/Shared/jqueryui/images/ui-icons_82798d_256x240.png HTTP/1.1" 404 1089
192.168.10.17 - - [28/Mar/2022:11:34:53 -0300] "GET /cormun/static/Shared/jqueryui/images/ui-icons_8d78a5_256x240.png HTTP/1.1" 404 1089
192.168.10.17 - - [28/Mar/2022:11:34:53 -0300] "GET /cormun/static/Shared/jqueryui/images/ui-bg_flat_55_fafafa_40x100.png HTTP/1.1" 404 1097
192.168.10.17 - - [28/Mar/2022:11:34:53 -0300] "POST /cormun/servlet/vesolicitudgral?9235dce24bd9cd37f5debb64d0a2b181,2022,18135,,,gx-no-cache=1648477183650 HTTP/1.1" 200 12001
192.168.10.17 - - [28/Mar/2022:11:34:55 -0300] "GET /cormun/servlet/trautorizarot? HTTP/1.1" 200 22145
192.168.10.17 - - [28/Mar/2022:11:34:56 -0300] "GET /cormun/servlet/trautorizarot? HTTP/1.1" 200 22136
192.168.10.17 - - [28/Mar/2022:11:35:08 -0300] "POST /cormun/servlet/trautorizarot?9235dce24bd9cd37f5debb64d0a2b181,,gx-no-cache=1648477198655 HTTP/1.1" 200 18907
192.168.10.17 - - [28/Mar/2022:11:35:11 -0300] "GET /cormun/servlet/trsolicitudgral? HTTP/1.1" 200 8290
192.168.10.17 - - [28/Mar/2022:11:35:11 -0300] "GET /cormun/servlet/trsolicitudgral? HTTP/1.1" 200 8290
192.168.10.17 - - [28/Mar/2022:11:35:15 -0300] "POST /cormun/servlet/trsolicitudgral?9235dce24bd9cd37f5debb64d0a2b181,,gx-no-cache=1648477205611 HTTP/1.1" 200 6655
45.155.204.146 - - [28/Mar/2022:11:35:21 -0300] "GET /manager/html HTTP/1.1" 401 2474
192.168.10.17 - - [28/Mar/2022:11:35:22 -0300] "GET /cormun/servlet/vesolicitudgral?2022,18135,, HTTP/1.1" 200 8324
192.168.10.17 - - [28/Mar/2022:11:35:22 -0300] "GET /cormun/pexe_scrolldiv.js HTTP/1.1" 404 1009
192.168.10.17 - - [28/Mar/2022:11:35:22 -0300] "GET /cormun/servlet/vesolicitudgral?2022,18135,, HTTP/1.1" 200 8324
190.171.134.178 - - [28/Mar/2022:11:35:37 -0300] "GET /cormun/servlet/solicitudot?5715245d64d32592f59cbb2ad3d05c1c1cc72e06748314521a1159830b45c7c9ca3cab81b97eb2fbc334f1a9d860b252bf2b5032e9a3490f6cf7374d049e4439,gx-no-cache=1648477675536 HTTP/1.1" 200 30
190.171.134.178 - - [28/Mar/2022:11:35:38 -0300] "GET /cormun/servlet/solicitudot?5715245d64d32592f59cbb2ad3d05c1cfb07911088d6358113f411da7f2122e2,gx-no-cache=1648477675631 HTTP/1.1" 200 29
190.171.134.178 - - [28/Mar/2022:11:35:38 -0300] "POST /cormun/servlet/solicitudot?gx-no-cache=1648477675673 HTTP/1.1" 200 297
190.171.134.178 - - [28/Mar/2022:11:35:38 -0300] "GET /cormun/servlet/solicitudot?5715245d64d32592f59cbb2ad3d05c1c75807a79c45ab3a8057937616318bb2cda5d5dae0cc7284753af70658d5cbbe8bcc38a3c8f5e47e7700ac7187caeeb2f40bbbbe1bf339c4f3a37c9d4007ec48fc5ff3ea4ebf5d9d9aae1c7ebd25354281f9a59908a9d1842e9327ba8e773597d346e1ddaecdca1e7afacd9d3d8dad8fdb7f4beaa7351aff14b38f157e1dfb95e48b0314e0cfc8e3cc7ec7886c1cae482fe10018049eaa030d58ec4bd371c7b91e88096ca50e1c992df35d1331790e4c2870a3f042bfda9e99a56829c8e83a9718fb17190472ae11137fff32e1d080769906af7376a4763f4904d2cfb850b8b56cf142bd2eadf19f65ca6061ca716dd7b8f64432de4e852b7b0993526bbb8baad35a4c0be3baf5e72c11ef83cbfc687670c478fa6b190a297ed1f004c5695c7ff8a81a3cdd1f5ef710f490985fadb230c2e0ae844188848f05f37bac6d9868638a4575af3615fda40b1a656ca33297ee041e94314706155ce852101066b3419cd3237228f60530a99261b735d0bbde30fc0735860aa74f8e4e1dd22feff34f864,gx-no-cache=1648477675724 HTTP/1.1" 200 30
190.171.134.178 - - [28/Mar/2022:11:35:46 -0300] "POST /cormun/servlet/solicitudot?gx-no-cache=1648477683894 HTTP/1.1" 200 30
192.168.10.199 - - [28/Mar/2022:11:35:47 -0300] "POST /cormun/servlet/trsolicitudgral?d12ad8ca3af56fca99b78be199c1c87b,gx-no-cache=1648474525250,gx-no-cache=1648477237829 HTTP/1.1" 200 5259
190.171.134.178 - - [28/Mar/2022:11:35:50 -0300] "POST /cormun/servlet/solicitudot?gx-no-cache=1648477688045 HTTP/1.1" 200 1453
190.171.134.178 - - [28/Mar/2022:11:35:50 -0300] "POST /cormun/servlet/solicitudot?gx-no-cache=1648477688101 HTTP/1.1" 200 38
192.168.10.199 - - [28/Mar/2022:11:35:51 -0300] "POST /cormun/servlet/trsolicitudgral?d12ad8ca3af56fca99b78be199c1c87b,gx-no-cache=1648474525250,gx-no-cache=1648477241228 HTTP/1.1" 200 7740
45.155.204.146 - - [28/Mar/2022:11:35:55 -0300] "GET /manager/html HTTP/1.1" 401 2474
45.155.204.146 - - [28/Mar/2022:11:36:29 -0300] "GET /manager/html HTTP/1.1" 401 2474
190.171.134.178 - - [28/Mar/2022:11:36:53 -0300] "GET /cormun/servlet/solicitudot?5715245d64d32592f59cbb2ad3d05c1cd5147e11d1f539ca71558ab76289bb9034da5575214492cc57642a137b51e873ebaf26618ce14815c0e816ac236bccaa7f1ba956fce64d2883a3d85f9aafb4581541d2f3cf61f582392616b261fd258a6f71b44d495af55ea55f56e3ad9c0d33,gx-no-cache=1648477750797 HTTP/1.1" 200 110
190.171.134.178 - - [28/Mar/2022:11:36:53 -0300] "POST /cormun/servlet/solicitudot?gx-no-cache=1648477750865 HTTP/1.1" 200 110
190.171.134.178 - - [28/Mar/2022:11:37:02 -0300] "GET /cormun/servlet/solicitudot?5715245d64d32592f59cbb2ad3d05c1ce8fc841a6db25e06dd7a1b25a12f95bfc9ed2c58569c1ffdbcabd9d15f9ea35a3fb6fd778c3040c1e88d6477737708c3a7d5af33ea99e805a4c666b57029b0eabb63aa1972dc4bffcf72d2aecd324b86b234c5cd5c53e86442d896f094f6c728,gx-no-cache=1648477760269 HTTP/1.1" 200 29
190.171.134.178 - - [28/Mar/2022:11:37:02 -0300] "GET /cormun/static/menuarrow.gif HTTP/1.1" 404 1015
45.155.204.146 - - [28/Mar/2022:11:37:02 -0300] "GET /manager/html HTTP/1.1" 401 2474
192.168.10.199 - - [28/Mar/2022:11:37:04 -0300] "POST /cormun/servlet/trsolicitudgral?d12ad8ca3af56fca99b78be199c1c87b,gx-no-cache=1648474525250,gx-no-cache=1648477315199 HTTP/1.1" 200 116
192.168.10.199 - - [28/Mar/2022:11:37:05 -0300] "GET /cormun/servlet/solicitudotlog?INS,2022,18308,0,REC, HTTP/1.1" 200 5667
192.168.10.199 - - [28/Mar/2022:11:37:05 -0300] "GET /cormun/servlet/solicitudotlog?INS,2022,18308,0,REC, HTTP/1.1" 200 5647
192.168.10.199 - - [28/Mar/2022:11:37:06 -0300] "GET /cormun/servlet/solicitudotlog?f1d7a87a3c103b5b8ab377d2fac139118e015c62058b789b8dbd5d61e0ee2b159266dc0267e458d167898181d4baf2e4de3cf388fd4183f9e5bc0658bcfcc6cffebdadac54c4da66d44792f7ca5c62515cda65e641210ebe3f6af5fbf749c8d11d43aa7498315108f56bde9c1fbfd92dcc1b2ee6264554c0f837b9c6d4697bd322b88ede873ba2364e12684dbd3e961859f62230d60ebdb05a2e1c69a537afa0,gx-no-cache=1648477316301 HTTP/1.1" 200 94
190.171.134.178 - - [28/Mar/2022:11:37:06 -0300] "GET /cormun/servlet/solicitudot?5715245d64d32592f59cbb2ad3d05c1cec6b8646ed81718dfc0beae05d5cd205fa91dccd9d1ec49fd6724892b21ef5f4,gx-no-cache=1648477764292 HTTP/1.1" 200 30
192.168.10.199 - - [28/Mar/2022:11:37:13 -0300] "POST /cormun/servlet/solicitudotlog?d12ad8ca3af56fca99b78be199c1c87b,INS,2022,18308,0,REC,,gx-no-cache=1648477323278 HTTP/1.1" 200 93
192.168.10.199 - - [28/Mar/2022:11:37:13 -0300] "GET /cormun/servlet/hpexe_return? HTTP/1.1" 200 1044
192.168.10.199 - - [28/Mar/2022:11:37:13 -0300] "GET /cormun/servlet/trsolicitudgral?gx-no-cache=1648474525250 HTTP/1.1" 200 10449
192.168.10.199 - - [28/Mar/2022:11:37:13 -0300] "GET /cormun/servlet/trsolicitudgral?gx-no-cache=1648474525250 HTTP/1.1" 200 10465
190.171.134.178 - - [28/Mar/2022:11:37:25 -0300] "POST /cormun/servlet/solicitudot?gx-no-cache=1648477782879 HTTP/1.1" 200 30
45.155.204.146 - - [28/Mar/2022:11:37:36 -0300] "GET /manager/html HTTP/1.1" 401 2474
192.168.10.199 - - [28/Mar/2022:11:37:52 -0300] "POST /cormun/servlet/trsolicitudgral?d12ad8ca3af56fca99b78be199c1c87b,gx-no-cache=1648474525250,gx-no-cache=1648477362672 HTTP/1.1" 200 116
192.168.10.199 - - [28/Mar/2022:11:37:52 -0300] "GET /cormun/servlet/solicitudotlog?INS,2022,18307,0,REC, HTTP/1.1" 200 5666
192.168.10.199 - - [28/Mar/2022:11:37:52 -0300] "GET /cormun/servlet/solicitudotlog?INS,2022,18307,0,REC, HTTP/1.1" 200 5646
192.168.10.199 - - [28/Mar/2022:11:37:53 -0300] "GET /cormun/servlet/solicitudotlog?f1d7a87a3c103b5b8ab377d2fac13911140d43cd2cceae10c300d44ff28e83199266dc0267e458d167898181d4baf2e4de3cf388fd4183f9e5bc0658bcfcc6cffebdadac54c4da66d44792f7ca5c62515cda65e641210ebe3f6af5fbf749c8d11d43aa7498315108f56bde9c1fbfd92dcc1b2ee6264554c0f837b9c6d4697bd322b88ede873ba2364e12684dbd3e961859f62230d60ebdb05a2e1c69a537afa0,gx-no-cache=1648477363488 HTTP/1.1" 200 94
192.168.10.199 - - [28/Mar/2022:11:38:06 -0300] "POST /cormun/servlet/solicitudotlog?d12ad8ca3af56fca99b78be199c1c87b,INS,2022,18307,0,REC,,gx-no-cache=1648477377101 HTTP/1.1" 200 93
192.168.10.199 - - [28/Mar/2022:11:38:06 -0300] "GET /cormun/servlet/hpexe_return? HTTP/1.1" 200 1044
192.168.10.199 - - [28/Mar/2022:11:38:07 -0300] "GET /cormun/servlet/trsolicitudgral?gx-no-cache=1648474525250 HTTP/1.1" 200 10132
192.168.10.199 - - [28/Mar/2022:11:38:07 -0300] "GET /cormun/servlet/trsolicitudgral?gx-no-cache=1648474525250 HTTP/1.1" 200 10148
45.155.204.146 - - [28/Mar/2022:11:38:11 -0300] "GET /manager/html HTTP/1.1" 401 2474
190.171.141.106 - - [28/Mar/2022:11:38:19 -0300] "GET /cormun/servlet/trlicencias? HTTP/1.1" 200 9388
190.171.141.106 - - [28/Mar/2022:11:38:20 -0300] "GET /cormun/servlet/hlogin HTTP/1.1" 200 1744
190.171.141.106 - - [28/Mar/2022:11:38:20 -0300] "GET /cormun/servlet/trlicencias? HTTP/1.1" 200 9400
190.171.141.106 - - [28/Mar/2022:11:38:31 -0300] "POST /cormun/servlet/hlogin?ef029884da853410d94094edf96c28b2,gx-no-cache=1648477569633 HTTP/1.1" 200 90
190.171.141.106 - - [28/Mar/2022:11:38:31 -0300] "GET /cormun/servlet/hpexe_link HTTP/1.1" 200 960
190.171.141.106 - - [28/Mar/2022:11:38:31 -0300] "GET /cormun/servlet/trlicencias HTTP/1.1" 200 11937
190.171.141.106 - - [28/Mar/2022:11:38:32 -0300] "GET /cormun/servlet/trlicencias HTTP/1.1" 200 11934
45.155.204.146 - - [28/Mar/2022:11:38:45 -0300] "GET /manager/html HTTP/1.1" 401 2474
45.155.204.146 - - [28/Mar/2022:11:39:19 -0300] "GET /manager/html HTTP/1.1" 401 2474
181.212.42.153 - - [28/Mar/2022:11:39:38 -0300] "GET /cormun/servlet/trpermisosgoce? HTTP/1.1" 200 6036
181.212.42.153 - - [28/Mar/2022:11:39:38 -0300] "GET /cormun/servlet/hlogin HTTP/1.1" 200 1747
181.212.42.153 - - [28/Mar/2022:11:39:39 -0300] "GET /cormun/servlet/trpermisosgoce? HTTP/1.1" 200 6032
181.212.42.153 - - [28/Mar/2022:11:39:43 -0300] "POST /cormun/servlet/hlogin?3c07138985b430ae5f68891eb22cfe0f,gx-no-cache=1648477997238 HTTP/1.1" 200 90
181.212.42.153 - - [28/Mar/2022:11:39:43 -0300] "GET /cormun/servlet/hpexe_link HTTP/1.1" 200 961
181.212.42.153 - - [28/Mar/2022:11:39:44 -0300] "GET /cormun/servlet/trpermisosgoce HTTP/1.1" 200 12234
181.212.42.153 - - [28/Mar/2022:11:39:44 -0300] "GET /cormun/servlet/trpermisosgoce HTTP/1.1" 200 12235
181.212.42.153 - - [28/Mar/2022:11:39:48 -0300] "GET /cormun/servlet/permisogoce?INS,0,,, HTTP/1.1" 200 6831
181.212.42.153 - - [28/Mar/2022:11:39:48 -0300] "GET /cormun/servlet/permisogoce?INS,0,,, HTTP/1.1" 200 6829
190.171.134.178 - - [28/Mar/2022:11:39:53 -0300] "GET /cormun/servlet/prbanco?,MD,,gxPopupLevel%3D0%3B HTTP/1.1" 200 6487
190.171.134.178 - - [28/Mar/2022:11:39:53 -0300] "GET /cormun/static/gxcfg.js?20201216131581 HTTP/1.1" 200 953
190.171.134.178 - - [28/Mar/2022:11:39:53 -0300] "GET /cormun/static/prbanco.js?20201216132311 HTTP/1.1" 200 10693
45.155.204.146 - - [28/Mar/2022:11:39:53 -0300] "GET /manager/html HTTP/1.1" 401 2474
181.212.42.153 - - [28/Mar/2022:11:39:54 -0300] "GET /cormun/servlet/permisogoce?feff139bfeb288799c548693a866125e178e340056f24d1fa3a8825d1b3fa4114621226f0ff9015ad305ca34dd1957b8f66e0db5ade6c04ae934faa5d59d3a50,gx-no-cache=1648478007545 HTTP/1.1" 200 74
181.212.42.153 - - [28/Mar/2022:11:40:02 -0300] "GET /cormun/servlet/permisogoce?feff139bfeb288799c548693a866125ebd9bb0520d6c76913ed1ca676aa7ae44b3b91f0fdbd0cc58f282547e1b8281ddd65e7a5e454d502dd400989e2dc62dd5,gx-no-cache=1648478015779 HTTP/1.1" 200 46
181.212.42.153 - - [28/Mar/2022:11:40:05 -0300] "POST /cormun/servlet/permisogoce?3c07138985b430ae5f68891eb22cfe0f,INS,0,,,,gx-no-cache=1648478018156 HTTP/1.1" 200 93
181.212.42.153 - - [28/Mar/2022:11:40:05 -0300] "GET /cormun/servlet/hpexe_return? HTTP/1.1" 200 1014
181.212.42.153 - - [28/Mar/2022:11:40:05 -0300] "GET /cormun/servlet/trpermisosgoce HTTP/1.1" 200 12526
181.212.42.153 - - [28/Mar/2022:11:40:06 -0300] "GET /cormun/servlet/trpermisosgoce HTTP/1.1" 200 12523
181.212.42.153 - - [28/Mar/2022:11:40:08 -0300] "GET /cormun/servlet/apermisogoceprn?15123974,P,20220328112439,PU HTTP/1.1" 200 1652
181.212.42.153 - - [28/Mar/2022:11:40:14 -0300] "GET /cormun/servlet/permisogoce?INS,0,,, HTTP/1.1" 200 6829
181.212.42.153 - - [28/Mar/2022:11:40:14 -0300] "GET /cormun/servlet/permisogoce?INS,0,,, HTTP/1.1" 200 6829
181.212.42.153 - - [28/Mar/2022:11:40:20 -0300] "GET /cormun/servlet/permisogoce?feff139bfeb288799c548693a866125eae1539a77df0cd3ebfbbd84ae1b41aca2b18a93684a4d86fd5b5b2734725009f806ede9b8ea055853397f60b98082ab9,gx-no-cache=1648478033532 HTTP/1.1" 200 84
181.212.42.153 - - [28/Mar/2022:11:40:24 -0300] "GET /cormun/servlet/permisogoce?feff139bfeb288799c548693a866125eb5e101f079cfb37fac5c1ed2d37c0800ee265a990e73c0783d3778a76875ad5bd96223abd28dba4403baeb843d4db472,gx-no-cache=1648478038108 HTTP/1.1" 200 45
181.212.42.153 - - [28/Mar/2022:11:40:26 -0300] "GET /cormun/static/menuarrow.gif HTTP/1.1" 404 1015
45.155.204.146 - - [28/Mar/2022:11:40:28 -0300] "GET /manager/html HTTP/1.1" 401 2474
181.212.42.153 - - [28/Mar/2022:11:40:33 -0300] "GET /cormun/servlet/permisogoce?feff139bfeb288799c548693a866125eb5e101f079cfb37fac5c1ed2d37c08001f5dd7f9e64c6bbcc7fb33c4e420cf3b2173bef8cf835fd167d1ccd10b75c79c,gx-no-cache=1648478046858 HTTP/1.1" 200 47
181.212.42.153 - - [28/Mar/2022:11:40:35 -0300] "POST /cormun/servlet/permisogoce?3c07138985b430ae5f68891eb22cfe0f,INS,0,,,,gx-no-cache=1648478048556 HTTP/1.1" 200 93
181.212.42.153 - - [28/Mar/2022:11:40:35 -0300] "GET /cormun/servlet/hpexe_return? HTTP/1.1" 200 1014
181.212.42.153 - - [28/Mar/2022:11:40:35 -0300] "GET /cormun/servlet/trpermisosgoce HTTP/1.1" 200 12714
181.212.42.153 - - [28/Mar/2022:11:40:36 -0300] "GET /cormun/servlet/trpermisosgoce HTTP/1.1" 200 12712
181.212.42.153 - - [28/Mar/2022:11:40:39 -0300] "GET /cormun/servlet/apermisogoceprn?7067109,P,20220328112504,PU HTTP/1.1" 200 1648
190.171.134.178 - - [28/Mar/2022:11:40:46 -0300] "GET /cormun/servlet/solicitudot?5715245d64d32592f59cbb2ad3d05c1c51cdf07199461e6dda60563f2e2e9462,gx-no-cache=1648477983729 HTTP/1.1" 200 51
45.155.204.146 - - [28/Mar/2022:11:41:02 -0300] "GET /manager/html HTTP/1.1" 401 2474
190.171.134.178 - - [28/Mar/2022:11:41:26 -0300] "GET /cormun/servlet/solicitudot?5715245d64d32592f59cbb2ad3d05c1c75807a79c45ab3a8057937616318bb2cda5d5dae0cc7284753af70658d5cbbe8bcc38a3c8f5e47e7700ac7187caeeb2f40bbbbe1bf339c4f3a37c9d4007ec48fc5ff3ea4ebf5d9d9aae1c7ebd25354281f9a59908a9d1842e9327ba8e773597d346e1ddaecdca1e7afacd9d3d8dad8fdb7f4beaa7351aff14b38f157e1dfb95e48b0314e0cfc8e3cc7ec7886c1cae482fe10018049eaa030d58ec4bd371c7b91e88096ca50e1c992df35d1331790e4c2870a3f042bfda9e99a56829c8e83a9718fb17190472ae11137fff32e1d080769906af7376a4763f4904d2cfb850b8b56cf142bd2eadf19f65ca6061ca716dd7b8f64432de4e852b7b0993526bbb8baad35a4c0be3baf5e72c11ef83cbfc687670c478fa6b190a297ed1f004c5695c7ff8a81a3cdd1f5ef710f490985fadb230c2e0ae844188848f05f37bac6d9868638a4575af3615fda40b1a656ca33297ee041e94314706155ce852101066b3419cdda210b53feec4141e4e1e9dc20134029c0735860aa74f8e4e1dd22feff34f864,gx-no-cache=1648478024045 HTTP/1.1" 200 30
190.171.134.178 - - [28/Mar/2022:11:41:26 -0300] "POST /cormun/servlet/solicitudot?gx-no-cache=1648478024098 HTTP/1.1" 200 30
190.171.134.178 - - [28/Mar/2022:11:41:26 -0300] "POST /cormun/servlet/solicitudot?gx-no-cache=1648478024154 HTTP/1.1" 200 1453
190.171.134.178 - - [28/Mar/2022:11:41:26 -0300] "POST /cormun/servlet/solicitudot?gx-no-cache=1648478024210 HTTP/1.1" 200 41
190.171.134.178 - - [28/Mar/2022:11:41:26 -0300] "GET /cormun/servlet/solicitudot?5715245d64d32592f59cbb2ad3d05c1cd5147e11d1f539ca71558ab76289bb9034da5575214492cc57642a137b51e873ebaf26618ce14815c0e816ac236bccaa7f1ba956fce64d2883a3d85f9aafb4581541d2f3cf61f582392616b261fd258a6f71b44d495af55ea55f56e3ad9c0d33,gx-no-cache=1648478024246 HTTP/1.1" 200 110
190.171.134.178 - - [28/Mar/2022:11:41:26 -0300] "POST /cormun/servlet/solicitudot?gx-no-cache=1648478024280 HTTP/1.1" 200 109
190.171.134.178 - - [28/Mar/2022:11:41:26 -0300] "GET /cormun/servlet/solicitudot?5715245d64d32592f59cbb2ad3d05c1cec6b8646ed81718dfc0beae05d5cd205fa91dccd9d1ec49fd6724892b21ef5f4,gx-no-cache=1648478024315 HTTP/1.1" 200 30
190.171.134.178 - - [28/Mar/2022:11:41:26 -0300] "POST /cormun/servlet/solicitudot?gx-no-cache=1648478024338 HTTP/1.1" 200 30
190.171.134.178 - - [28/Mar/2022:11:41:27 -0300] "POST /cormun/servlet/solicitudot?22bdb8e836e544283e2d6f93cc84d81b,INS,0,0,false,,gx-no-cache=1648478024377 HTTP/1.1" 200 93
190.171.134.178 - - [28/Mar/2022:11:41:27 -0300] "GET /cormun/servlet/hpexe_return? HTTP/1.1" 200 1011
190.171.134.178 - - [28/Mar/2022:11:41:27 -0300] "GET /cormun/static/gxcfg.js?201991422392976 HTTP/1.1" 200 953
190.171.134.178 - - [28/Mar/2022:11:41:27 -0300] "GET /cormun/static/hpexe_return.js?201991422392984 HTTP/1.1" 200 1633
190.171.134.178 - - [28/Mar/2022:11:41:27 -0300] "GET /cormun/servlet/trsolicitudot HTTP/1.1" 200 8568
190.171.134.178 - - [28/Mar/2022:11:41:27 -0300] "GET /cormun//static/Resources/PXToolsActionView.png HTTP/1.1" 200 398
190.171.134.178 - - [28/Mar/2022:11:41:27 -0300] "GET /cormun//static/Resources/PXToolsRemoveAllAction.png HTTP/1.1" 200 487
190.171.134.178 - - [28/Mar/2022:11:41:27 -0300] "GET /cormun//static/Resources/PXToolsGridDelete.png HTTP/1.1" 200 538
190.171.134.178 - - [28/Mar/2022:11:41:27 -0300] "GET /cormun//static/Resources/PXToolsGridUpdate.png HTTP/1.1" 200 470
190.171.134.178 - - [28/Mar/2022:11:41:27 -0300] "GET /cormun//static/Resources/PXTools/ActionInsert.png HTTP/1.1" 200 1482
190.171.134.178 - - [28/Mar/2022:11:41:27 -0300] "GET /cormun/servlet/trsolicitudot HTTP/1.1" 200 8564
179.49.117.234 - - [28/Mar/2022:11:41:28 -0300] "GET / HTTP/1.1" 200 11217
45.155.204.146 - - [28/Mar/2022:11:41:37 -0300] "GET /manager/html HTTP/1.1" 401 2474
190.171.134.178 - - [28/Mar/2022:11:41:47 -0300] "POST /cormun/servlet/trsolicitudot?22bdb8e836e544283e2d6f93cc84d81b,gx-no-cache=1648478044665 HTTP/1.1" 200 4579
190.171.134.178 - - [28/Mar/2022:11:41:47 -0300] "GET /cormun/static/Shared/jqueryui/images/ui-bg_highlight-soft_100_c6c2c8_1x100.png HTTP/1.1" 404 1117
190.171.134.178 - - [28/Mar/2022:11:41:47 -0300] "GET /cormun/static/Shared/jqueryui/images/ui-icons_82798d_256x240.png HTTP/1.1" 404 1089
190.171.134.178 - - [28/Mar/2022:11:41:47 -0300] "GET /cormun/static/Shared/jqueryui/images/ui-bg_flat_55_fafafa_40x100.png HTTP/1.1" 404 1097
190.171.134.178 - - [28/Mar/2022:11:41:47 -0300] "GET /cormun/static/Shared/jqueryui/images/ui-icons_8d78a5_256x240.png HTTP/1.1" 404 1089
190.171.134.178 - - [28/Mar/2022:11:41:47 -0300] "POST /cormun/servlet/trsolicitudot?22bdb8e836e544283e2d6f93cc84d81b,gx-no-cache=1648478045016 HTTP/1.1" 200 4333
190.171.134.178 - - [28/Mar/2022:11:42:06 -0300] "GET /cormun/servlet/wbsecusr01? HTTP/1.1" 200 4083
190.171.134.178 - - [28/Mar/2022:11:42:06 -0300] "GET /cormun/static/gxcfg.js?20201215553817 HTTP/1.1" 200 953
190.171.134.178 - - [28/Mar/2022:11:42:06 -0300] "GET /cormun/static/wbsecusr01.js?20201215553975 HTTP/1.1" 200 4681
190.171.134.178 - - [28/Mar/2022:11:42:10 -0300] "GET /cormun/servlet/trsolicitudot HTTP/1.1" 200 7160
190.171.134.178 - - [28/Mar/2022:11:42:11 -0300] "GET /cormun/servlet/trsolicitudot HTTP/1.1" 200 7157
45.155.204.146 - - [28/Mar/2022:11:42:12 -0300] "GET /manager/html HTTP/1.1" 401 2474
192.168.10.17 - - [28/Mar/2022:11:42:15 -0300] "GET /cormun/servlet/trsolicitudgral? HTTP/1.1" 200 8303
192.168.10.17 - - [28/Mar/2022:11:42:15 -0300] "GET /cormun/servlet/trsolicitudgral? HTTP/1.1" 200 8291
190.171.134.178 - - [28/Mar/2022:11:42:18 -0300] "GET /cormun/servlet/hlogin HTTP/1.1" 200 1746
45.155.204.146 - - [28/Mar/2022:11:42:46 -0300] "GET /manager/html HTTP/1.1" 401 2474
45.155.204.146 - - [28/Mar/2022:11:43:21 -0300] "GET /manager/html HTTP/1.1" 401 2474
190.171.134.178 - - [28/Mar/2022:11:43:21 -0300] "POST /cormun/servlet/hlogin?22bdb8e836e544283e2d6f93cc84d81b,gx-no-cache=1648478139437 HTTP/1.1" 200 90
190.171.134.178 - - [28/Mar/2022:11:43:21 -0300] "GET /cormun/servlet/hpexe_link HTTP/1.1" 200 953
190.171.134.178 - - [28/Mar/2022:11:43:22 -0300] "GET /cormun/servlet/hhome HTTP/1.1" 200 4235
190.171.134.178 - - [28/Mar/2022:11:43:22 -0300] "GET /cormun/static/SmoothNavMenu/resources/images/right.gif HTTP/1.1" 200 860
190.171.134.178 - - [28/Mar/2022:11:43:22 -0300] "GET /cormun/servlet/hhome HTTP/1.1" 200 4234
190.171.134.178 - - [28/Mar/2022:11:43:29 -0300] "GET /cormun/servlet/trautorizarsolicitud? HTTP/1.1" 200 8740
190.171.134.178 - - [28/Mar/2022:11:43:29 -0300] "GET /cormun/static/gxcfg.js?201991422414522 HTTP/1.1" 200 953
190.171.134.178 - - [28/Mar/2022:11:43:29 -0300] "GET /cormun/static/trautorizarsolicitud.js?201991422415463 HTTP/1.1" 200 53910
190.171.134.178 - - [28/Mar/2022:11:43:29 -0300] "GET /cormun/servlet/trautorizarsolicitud? HTTP/1.1" 200 8739
190.171.134.178 - - [28/Mar/2022:11:43:38 -0300] "POST /cormun/servlet/trautorizarsolicitud?22bdb8e836e544283e2d6f93cc84d81b,,gx-no-cache=1648478156464 HTTP/1.1" 200 4783
190.171.134.178 - - [28/Mar/2022:11:43:38 -0300] "GET /cormun/static/Shared/jqueryui/images/ui-bg_highlight-soft_100_c6c2c8_1x100.png HTTP/1.1" 404 1117
190.171.134.178 - - [28/Mar/2022:11:43:38 -0300] "GET /cormun/static/Shared/jqueryui/images/ui-icons_82798d_256x240.png HTTP/1.1" 404 1089
190.171.134.178 - - [28/Mar/2022:11:43:39 -0300] "GET /cormun/static/Shared/jqueryui/images/ui-bg_flat_55_fafafa_40x100.png HTTP/1.1" 404 1097
190.171.134.178 - - [28/Mar/2022:11:43:39 -0300] "GET /cormun/static/Shared/jqueryui/images/ui-icons_8d78a5_256x240.png HTTP/1.1" 404 1089
190.171.134.178 - - [28/Mar/2022:11:43:39 -0300] "POST /cormun/servlet/trautorizarsolicitud?22bdb8e836e544283e2d6f93cc84d81b,,gx-no-cache=1648478156655 HTTP/1.1" 200 4537
192.168.10.17 - - [28/Mar/2022:11:43:43 -0300] "POST /cormun/servlet/trsolicitudgral?9235dce24bd9cd37f5debb64d0a2b181,,gx-no-cache=1648477712685 HTTP/1.1" 200 25796
45.155.204.146 - - [28/Mar/2022:11:43:56 -0300] "GET /manager/html HTTP/1.1" 401 2474
192.168.10.17 - - [28/Mar/2022:11:44:03 -0300] "GET /cormun/servlet/vesolicitudgral?2022,18058,, HTTP/1.1" 200 8337
192.168.10.17 - - [28/Mar/2022:11:44:03 -0300] "GET /cormun/pexe_scrolldiv.js HTTP/1.1" 404 1009
192.168.10.17 - - [28/Mar/2022:11:44:04 -0300] "GET /cormun/servlet/vesolicitudgral?2022,18058,, HTTP/1.1" 200 8336
192.168.10.17 - - [28/Mar/2022:11:44:15 -0300] "GET /cormun/servlet/trsolicitudgral? HTTP/1.1" 200 28287
192.168.10.17 - - [28/Mar/2022:11:44:17 -0300] "GET /cormun/servlet/trsolicitudgral? HTTP/1.1" 200 28281
192.168.10.17 - - [28/Mar/2022:11:44:27 -0300] "POST /cormun/servlet/trsolicitudgral?9235dce24bd9cd37f5debb64d0a2b181,,gx-no-cache=1648477757780 HTTP/1.1" 200 6971
45.155.204.146 - - [28/Mar/2022:11:44:31 -0300] "GET /manager/html HTTP/1.1" 401 2474
192.168.10.199 - - [28/Mar/2022:11:44:32 -0300] "POST /cormun/servlet/trsolicitudgral?d12ad8ca3af56fca99b78be199c1c87b,gx-no-cache=1648474525250,gx-no-cache=1648477762837 HTTP/1.1" 200 116
192.168.10.199 - - [28/Mar/2022:11:44:32 -0300] "GET /cormun/servlet/solicitudotlog?INS,2022,18306,0,REC, HTTP/1.1" 200 5668
192.168.10.199 - - [28/Mar/2022:11:44:33 -0300] "GET /cormun/servlet/solicitudotlog?INS,2022,18306,0,REC, HTTP/1.1" 200 5647
192.168.10.199 - - [28/Mar/2022:11:44:33 -0300] "GET /cormun/servlet/solicitudotlog?f1d7a87a3c103b5b8ab377d2fac1391148a6f49591b7bc83f7584508fca54fca9266dc0267e458d167898181d4baf2e4de3cf388fd4183f9e5bc0658bcfcc6cffebdadac54c4da66d44792f7ca5c62515cda65e641210ebe3f6af5fbf749c8d11d43aa7498315108f56bde9c1fbfd92dcc1b2ee6264554c0f837b9c6d4697bd322b88ede873ba2364e12684dbd3e961859f62230d60ebdb05a2e1c69a537afa0,gx-no-cache=1648477763841 HTTP/1.1" 200 94
192.168.10.17 - - [28/Mar/2022:11:44:39 -0300] "POST /cormun/servlet/trsolicitudgral?9235dce24bd9cd37f5debb64d0a2b181,,gx-no-cache=1648477769156 HTTP/1.1" 200 5473
192.168.10.17 - - [28/Mar/2022:11:44:39 -0300] "GET /cormun/static/Shared/jqueryui/images/ui-bg_highlight-soft_100_c6c2c8_1x100.png HTTP/1.1" 404 1117
192.168.10.17 - - [28/Mar/2022:11:44:39 -0300] "GET /cormun/static/Shared/jqueryui/images/ui-icons_82798d_256x240.png HTTP/1.1" 404 1089
192.168.10.17 - - [28/Mar/2022:11:44:39 -0300] "GET /cormun/static/Shared/jqueryui/images/ui-bg_flat_55_fafafa_40x100.png HTTP/1.1" 404 1097
192.168.10.17 - - [28/Mar/2022:11:44:39 -0300] "GET /cormun/static/Shared/jqueryui/images/ui-icons_8d78a5_256x240.png HTTP/1.1" 404 1089
192.168.10.199 - - [28/Mar/2022:11:44:42 -0300] "POST /cormun/servlet/solicitudotlog?d12ad8ca3af56fca99b78be199c1c87b,INS,2022,18306,0,REC,,gx-no-cache=1648477772429 HTTP/1.1" 200 93
192.168.10.199 - - [28/Mar/2022:11:44:42 -0300] "GET /cormun/servlet/hpexe_return? HTTP/1.1" 200 1044
192.168.10.17 - - [28/Mar/2022:11:44:42 -0300] "GET /cormun/servlet/trautorizarot? HTTP/1.1" 200 22403
192.168.10.199 - - [28/Mar/2022:11:44:42 -0300] "GET /cormun/servlet/trsolicitudgral?gx-no-cache=1648474525250 HTTP/1.1" 200 9744
192.168.10.199 - - [28/Mar/2022:11:44:43 -0300] "GET /cormun/servlet/trsolicitudgral?gx-no-cache=1648474525250 HTTP/1.1" 200 9760
192.168.10.17 - - [28/Mar/2022:11:44:43 -0300] "GET /cormun/servlet/trautorizarot? HTTP/1.1" 200 22403
192.168.10.17 - - [28/Mar/2022:11:44:58 -0300] "POST /cormun/servlet/trautorizarot?9235dce24bd9cd37f5debb64d0a2b181,,gx-no-cache=1648477788587 HTTP/1.1" 200 18886
192.168.10.17 - - [28/Mar/2022:11:45:01 -0300] "GET /cormun/servlet/trsolicitudgral? HTTP/1.1" 200 8284
192.168.10.17 - - [28/Mar/2022:11:45:01 -0300] "GET /cormun/servlet/trsolicitudgral? HTTP/1.1" 200 8284
45.155.204.146 - - [28/Mar/2022:11:45:06 -0300] "GET /manager/html HTTP/1.1" 401 2474
192.168.10.17 - - [28/Mar/2022:11:45:06 -0300] "POST /cormun/servlet/trsolicitudgral?9235dce24bd9cd37f5debb64d0a2b181,,gx-no-cache=1648477796731 HTTP/1.1" 200 6967
192.168.10.17 - - [28/Mar/2022:11:45:10 -0300] "GET /cormun/servlet/vesolicitudgral?2022,18058,, HTTP/1.1" 200 8339
192.168.10.17 - - [28/Mar/2022:11:45:10 -0300] "GET /cormun/pexe_scrolldiv.js HTTP/1.1" 404 1009
192.168.10.17 - - [28/Mar/2022:11:45:10 -0300] "GET /cormun/servlet/vesolicitudgral?2022,18058,, HTTP/1.1" 200 8338
192.168.10.17 - - [28/Mar/2022:11:45:15 -0300] "GET /cormun/servlet/trsolicitudgral? HTTP/1.1" 200 9998
192.168.10.17 - - [28/Mar/2022:11:45:15 -0300] "GET /cormun/servlet/trsolicitudgral? HTTP/1.1" 200 9998
192.168.10.17 - - [28/Mar/2022:11:45:17 -0300] "GET /cormun/servlet/vesolicitudgral?2022,18055,, HTTP/1.1" 200 8331
192.168.10.17 - - [28/Mar/2022:11:45:17 -0300] "GET /cormun/pexe_scrolldiv.js HTTP/1.1" 404 1009
192.168.10.17 - - [28/Mar/2022:11:45:17 -0300] "GET /cormun/servlet/vesolicitudgral?2022,18055,, HTTP/1.1" 200 8330
192.168.10.17 - - [28/Mar/2022:11:45:27 -0300] "GET /cormun/servlet/trsolicitudgral? HTTP/1.1" 200 9998
192.168.10.17 - - [28/Mar/2022:11:45:27 -0300] "GET /cormun/servlet/trsolicitudgral? HTTP/1.1" 200 9998
192.168.10.199 - - [28/Mar/2022:11:45:28 -0300] "POST /cormun/servlet/trsolicitudgral?d12ad8ca3af56fca99b78be199c1c87b,gx-no-cache=1648474525250,gx-no-cache=1648477818331 HTTP/1.1" 200 5485
192.168.10.199 - - [28/Mar/2022:11:45:28 -0300] "GET /cormun/static/Shared/jqueryui/images/ui-bg_highlight-soft_100_c6c2c8_1x100.png HTTP/1.1" 404 1117
192.168.10.199 - - [28/Mar/2022:11:45:28 -0300] "GET /cormun/static/Shared/jqueryui/images/ui-icons_82798d_256x240.png HTTP/1.1" 404 1089
192.168.10.199 - - [28/Mar/2022:11:45:28 -0300] "GET /cormun/static/Shared/jqueryui/images/ui-icons_8d78a5_256x240.png HTTP/1.1" 404 1089
192.168.10.199 - - [28/Mar/2022:11:45:28 -0300] "GET /cormun/static/Shared/jqueryui/images/ui-bg_flat_55_fafafa_40x100.png HTTP/1.1" 404 1097
192.168.10.199 - - [28/Mar/2022:11:45:32 -0300] "POST /cormun/servlet/trsolicitudgral?d12ad8ca3af56fca99b78be199c1c87b,gx-no-cache=1648474525250,gx-no-cache=1648477822754 HTTP/1.1" 200 6666
45.155.204.146 - - [28/Mar/2022:11:45:39 -0300] "GET /manager/html HTTP/1.1" 401 2474
45.155.204.146 - - [28/Mar/2022:11:46:13 -0300] "GET /manager/html HTTP/1.1" 401 2474
45.155.204.146 - - [28/Mar/2022:11:46:45 -0300] "GET /manager/html HTTP/1.1" 401 2474
45.155.204.146 - - [28/Mar/2022:11:47:19 -0300] "GET /manager/html HTTP/1.1" 401 2474
45.155.204.146 - - [28/Mar/2022:11:47:53 -0300] "GET /manager/html HTTP/1.1" 401 2474
192.168.10.199 - - [28/Mar/2022:11:47:59 -0300] "POST /cormun/servlet/trsolicitudgral?d12ad8ca3af56fca99b78be199c1c87b,gx-no-cache=1648474525250,gx-no-cache=1648477970094 HTTP/1.1" 200 5261
192.168.10.199 - - [28/Mar/2022:11:48:04 -0300] "POST /cormun/servlet/trsolicitudgral?d12ad8ca3af56fca99b78be199c1c87b,gx-no-cache=1648474525250,gx-no-cache=1648477974486 HTTP/1.1" 200 8331
45.155.204.146 - - [28/Mar/2022:11:48:25 -0300] "GET /manager/html HTTP/1.1" 401 2474
45.155.204.146 - - [28/Mar/2022:11:48:59 -0300] "GET /manager/html HTTP/1.1" 401 2474
181.212.42.153 - - [28/Mar/2022:11:49:07 -0300] "GET /cormun/servlet/trlicencias? HTTP/1.1" 200 16249
181.212.42.153 - - [28/Mar/2022:11:49:08 -0300] "GET /cormun/servlet/trlicencias? HTTP/1.1" 200 16259
45.155.204.146 - - [28/Mar/2022:11:49:33 -0300] "GET /manager/html HTTP/1.1" 401 2474
192.168.10.17 - - [28/Mar/2022:11:50:06 -0300] "GET /cormun/servlet/vesolicitudgral?2022,18058,, HTTP/1.1" 200 8339
192.168.10.17 - - [28/Mar/2022:11:50:06 -0300] "GET /cormun/pexe_scrolldiv.js HTTP/1.1" 404 1009
192.168.10.17 - - [28/Mar/2022:11:50:06 -0300] "GET /cormun/servlet/vesolicitudgral?2022,18058,, HTTP/1.1" 200 8338
45.155.204.146 - - [28/Mar/2022:11:50:07 -0300] "GET /manager/html HTTP/1.1" 401 2474
192.168.10.17 - - [28/Mar/2022:11:50:36 -0300] "GET /cormun/servlet/vesolicitudgral?2022,18058,,SolicitudOTAdjuntos HTTP/1.1" 200 10801
192.168.10.17 - - [28/Mar/2022:11:50:36 -0300] "GET /cormun/pexe_scrolldiv.js HTTP/1.1" 404 1009
192.168.10.17 - - [28/Mar/2022:11:50:36 -0300] "GET /cormun/servlet/vesolicitudgral?2022,18058,,SolicitudOTAdjuntos HTTP/1.1" 200 10802
192.168.10.17 - - [28/Mar/2022:11:50:37 -0300] "POST /cormun/servlet/acontrolpreferencessavestate?None,RRHH+DANIELA,true HTTP/1.1" 200 35
192.168.10.17 - - [28/Mar/2022:11:50:39 -0300] "GET /cormun/PublicTempStorage/ci_carlos_miranda1506309.pdf HTTP/1.1" 200 151636
45.155.204.146 - - [28/Mar/2022:11:50:40 -0300] "GET /manager/html HTTP/1.1" 401 2474
192.168.10.17 - - [28/Mar/2022:11:50:56 -0300] "GET /cormun/servlet/vesolicitudgral?2022,18058,,SolicitudOTAdjuntos HTTP/1.1" 200 10801
192.168.10.17 - - [28/Mar/2022:11:50:57 -0300] "GET /cormun/servlet/vesolicitudgral?2022,18058,,SolicitudOTAdjuntos HTTP/1.1" 200 10802
192.168.10.17 - - [28/Mar/2022:11:50:58 -0300] "POST /cormun/servlet/acontrolpreferencessavestate?None,RRHH+DANIELA,true HTTP/1.1" 200 35
192.168.10.17 - - [28/Mar/2022:11:51:09 -0300] "GET /cormun/PublicTempStorage/cv_carlos_miranda7700302.pdf HTTP/1.1" 200 349170
45.155.204.146 - - [28/Mar/2022:11:51:13 -0300] "GET /manager/html HTTP/1.1" 401 2474
192.168.10.199 - - [28/Mar/2022:11:51:22 -0300] "POST /cormun/servlet/trsolicitudgral?d12ad8ca3af56fca99b78be199c1c87b,gx-no-cache=1648474525250,gx-no-cache=1648478172571 HTTP/1.1" 200 116
192.168.10.199 - - [28/Mar/2022:11:51:22 -0300] "GET /cormun/servlet/solicitudotlog?INS,2022,18177,0,REC, HTTP/1.1" 200 5667
192.168.10.199 - - [28/Mar/2022:11:51:22 -0300] "GET /cormun/servlet/solicitudotlog?INS,2022,18177,0,REC, HTTP/1.1" 200 5646
192.168.10.199 - - [28/Mar/2022:11:51:23 -0300] "GET /cormun/servlet/solicitudotlog?f1d7a87a3c103b5b8ab377d2fac139119e753c811637f4f8b71cd85da0e984a19266dc0267e458d167898181d4baf2e4de3cf388fd4183f9e5bc0658bcfcc6cffebdadac54c4da66d44792f7ca5c62515cda65e641210ebe3f6af5fbf749c8d11d43aa7498315108f56bde9c1fbfd92dcc1b2ee6264554c0f837b9c6d4697bd322b88ede873ba2364e12684dbd3e961859f62230d60ebdb05a2e1c69a537afa0,gx-no-cache=1648478173638 HTTP/1.1" 200 94
192.168.10.199 - - [28/Mar/2022:11:51:30 -0300] "POST /cormun/servlet/solicitudotlog?d12ad8ca3af56fca99b78be199c1c87b,INS,2022,18177,0,REC,,gx-no-cache=1648478180667 HTTP/1.1" 200 93
192.168.10.199 - - [28/Mar/2022:11:51:30 -0300] "GET /cormun/servlet/hpexe_return? HTTP/1.1" 200 1044
192.168.10.199 - - [28/Mar/2022:11:51:31 -0300] "GET /cormun/servlet/trsolicitudgral?gx-no-cache=1648474525250 HTTP/1.1" 200 10911
192.168.10.199 - - [28/Mar/2022:11:51:31 -0300] "GET /cormun/servlet/trsolicitudgral?gx-no-cache=1648474525250 HTTP/1.1" 200 10924
190.171.141.90 - - [28/Mar/2022:11:51:35 -0300] "POST /cormun/servlet/trlicencias?7d5cea23c0abda00e7246b2f96564ad4,gx-no-cache=1648478356720 HTTP/1.1" 200 14788
45.155.204.146 - - [28/Mar/2022:11:51:46 -0300] "GET /manager/html HTTP/1.1" 401 2474
192.168.10.199 - - [28/Mar/2022:11:52:12 -0300] "POST /cormun/servlet/trsolicitudgral?d12ad8ca3af56fca99b78be199c1c87b,gx-no-cache=1648474525250,gx-no-cache=1648478222502 HTTP/1.1" 200 116
192.168.10.199 - - [28/Mar/2022:11:52:12 -0300] "GET /cormun/servlet/solicitudotlog?INS,2022,18150,0,REC, HTTP/1.1" 200 5667
192.168.10.199 - - [28/Mar/2022:11:52:12 -0300] "GET /cormun/servlet/solicitudotlog?INS,2022,18150,0,REC, HTTP/1.1" 200 5646
192.168.10.199 - - [28/Mar/2022:11:52:13 -0300] "GET /cormun/servlet/solicitudotlog?f1d7a87a3c103b5b8ab377d2fac1391164830c7923bc94a140f32aae0ef4bf039266dc0267e458d167898181d4baf2e4de3cf388fd4183f9e5bc0658bcfcc6cffebdadac54c4da66d44792f7ca5c62515cda65e641210ebe3f6af5fbf749c8d11d43aa7498315108f56bde9c1fbfd92dcc1b2ee6264554c0f837b9c6d4697bd322b88ede873ba2364e12684dbd3e961859f62230d60ebdb05a2e1c69a537afa0,gx-no-cache=1648478223319 HTTP/1.1" 200 94
192.168.10.199 - - [28/Mar/2022:11:52:17 -0300] "POST /cormun/servlet/solicitudotlog?d12ad8ca3af56fca99b78be199c1c87b,INS,2022,18150,0,REC,,gx-no-cache=1648478227314 HTTP/1.1" 200 93
192.168.10.199 - - [28/Mar/2022:11:52:17 -0300] "GET /cormun/servlet/hpexe_return? HTTP/1.1" 200 1044
192.168.10.199 - - [28/Mar/2022:11:52:17 -0300] "GET /cormun/servlet/trsolicitudgral?gx-no-cache=1648474525250 HTTP/1.1" 200 10556
192.168.10.199 - - [28/Mar/2022:11:52:17 -0300] "GET /cormun/servlet/trsolicitudgral?gx-no-cache=1648474525250 HTTP/1.1" 200 10571
45.155.204.146 - - [28/Mar/2022:11:52:20 -0300] "GET /manager/html HTTP/1.1" 401 2474
45.155.204.146 - - [28/Mar/2022:11:52:53 -0300] "GET /manager/html HTTP/1.1" 401 2474
192.168.10.17 - - [28/Mar/2022:11:52:55 -0300] "GET /cormun/servlet/vesolicitudgral?2022,18058,,SolicitudOTAdjuntos HTTP/1.1" 200 10796
192.168.10.17 - - [28/Mar/2022:11:52:56 -0300] "GET /cormun/servlet/vesolicitudgral?2022,18058,,SolicitudOTAdjuntos HTTP/1.1" 200 10801
192.168.10.17 - - [28/Mar/2022:11:52:56 -0300] "POST /cormun/servlet/acontrolpreferencessavestate?None,RRHH+DANIELA,true HTTP/1.1" 200 35
192.168.10.199 - - [28/Mar/2022:11:53:11 -0300] "POST /cormun/servlet/trsolicitudgral?d12ad8ca3af56fca99b78be199c1c87b,gx-no-cache=1648474525250,gx-no-cache=1648478281579 HTTP/1.1" 200 7179
192.168.10.199 - - [28/Mar/2022:11:53:11 -0300] "GET /cormun/static/Shared/jqueryui/images/ui-bg_highlight-soft_100_c6c2c8_1x100.png HTTP/1.1" 404 1117
192.168.10.199 - - [28/Mar/2022:11:53:11 -0300] "GET /cormun/static/Shared/jqueryui/images/ui-bg_flat_55_fafafa_40x100.png HTTP/1.1" 404 1097
192.168.10.199 - - [28/Mar/2022:11:53:11 -0300] "GET /cormun/static/Shared/jqueryui/images/ui-icons_8d78a5_256x240.png HTTP/1.1" 404 1089
192.168.10.199 - - [28/Mar/2022:11:53:11 -0300] "GET /cormun/static/Shared/jqueryui/images/ui-icons_82798d_256x240.png HTTP/1.1" 404 1089
45.155.204.146 - - [28/Mar/2022:11:53:27 -0300] "GET /manager/html HTTP/1.1" 401 2474
192.168.10.17 - - [28/Mar/2022:11:53:49 -0300] "GET /cormun/PublicTempStorage/afiliacion_afp_carlos_miranda2660291.pdf HTTP/1.1" 200 150481
192.168.10.199 - - [28/Mar/2022:11:53:56 -0300] "POST /cormun/servlet/trsolicitudgral?d12ad8ca3af56fca99b78be199c1c87b,gx-no-cache=1648474525250,gx-no-cache=1648478326793 HTTP/1.1" 200 6709
45.155.204.146 - - [28/Mar/2022:11:54:00 -0300] "GET /manager/html HTTP/1.1" 401 2474
192.168.10.199 - - [28/Mar/2022:11:54:03 -0300] "POST /cormun/servlet/trsolicitudgral?d12ad8ca3af56fca99b78be199c1c87b,gx-no-cache=1648474525250,gx-no-cache=1648478333885 HTTP/1.1" 200 6689
192.168.10.199 - - [28/Mar/2022:11:54:05 -0300] "POST /cormun/servlet/trsolicitudgral?d12ad8ca3af56fca99b78be199c1c87b,gx-no-cache=1648474525250,gx-no-cache=1648478335408 HTTP/1.1" 200 6689
192.168.10.17 - - [28/Mar/2022:11:54:06 -0300] "GET /cormun/servlet/vesolicitudgral?2022,18058,,SolicitudOTAdjuntos HTTP/1.1" 200 10802
192.168.10.17 - - [28/Mar/2022:11:54:06 -0300] "GET /cormun/servlet/vesolicitudgral?2022,18058,,SolicitudOTAdjuntos HTTP/1.1" 200 10799
192.168.10.17 - - [28/Mar/2022:11:54:07 -0300] "POST /cormun/servlet/acontrolpreferencessavestate?None,RRHH+DANIELA,true HTTP/1.1" 200 35
192.168.10.17 - - [28/Mar/2022:11:54:09 -0300] "GET /cormun/PublicTempStorage/afiliacion_fonasa_carlos_miranda9573119.pdf HTTP/1.1" 200 151290
192.168.10.17 - - [28/Mar/2022:11:54:27 -0300] "GET /cormun/servlet/vesolicitudgral?2022,18058,,SolicitudOTAdjuntos HTTP/1.1" 200 10801
192.168.10.17 - - [28/Mar/2022:11:54:28 -0300] "GET /cormun/servlet/vesolicitudgral?2022,18058,,SolicitudOTAdjuntos HTTP/1.1" 200 10801
