192.168.10.17 - - [28/Mar/2022:11:54:28 -0300] "POST /cormun/servlet/acontrolpreferencessavestate?None,RRHH+DANIELA,true HTTP/1.1" 200 35
192.168.10.17 - - [28/Mar/2022:11:54:29 -0300] "GET /cormun/servlet/vesolicitudgral?2022,18058,,General HTTP/1.1" 200 8343
192.168.10.17 - - [28/Mar/2022:11:54:29 -0300] "GET /cormun/pexe_scrolldiv.js HTTP/1.1" 404 1009
192.168.10.17 - - [28/Mar/2022:11:54:30 -0300] "GET /cormun/servlet/vesolicitudgral?2022,18058,,General HTTP/1.1" 200 8343
45.155.204.146 - - [28/Mar/2022:11:54:35 -0300] "GET /manager/html HTTP/1.1" 401 2474
192.168.10.199 - - [28/Mar/2022:11:54:39 -0300] "POST /cormun/servlet/trsolicitudgral?d12ad8ca3af56fca99b78be199c1c87b,gx-no-cache=1648474525250,gx-no-cache=1648478369765 HTTP/1.1" 200 5262
192.168.10.199 - - [28/Mar/2022:11:54:45 -0300] "POST /cormun/servlet/trsolicitudgral?d12ad8ca3af56fca99b78be199c1c87b,gx-no-cache=1648474525250,gx-no-cache=1648478375281 HTTP/1.1" 200 7435
45.155.204.146 - - [28/Mar/2022:11:55:07 -0300] "GET /manager/html HTTP/1.1" 401 2474
45.155.204.146 - - [28/Mar/2022:11:55:41 -0300] "GET /manager/html HTTP/1.1" 401 2474
192.168.10.199 - - [28/Mar/2022:11:55:58 -0300] "POST /cormun/servlet/trsolicitudgral?d12ad8ca3af56fca99b78be199c1c87b,gx-no-cache=1648474525250,gx-no-cache=1648478448303 HTTP/1.1" 200 25516
192.168.10.199 - - [28/Mar/2022:11:56:03 -0300] "POST /cormun/servlet/trsolicitudgral?d12ad8ca3af56fca99b78be199c1c87b,gx-no-cache=1648474525250,gx-no-cache=1648478452697 HTTP/1.1" 200 17576
45.155.204.146 - - [28/Mar/2022:11:56:15 -0300] "GET /manager/html HTTP/1.1" 401 2474
192.168.10.199 - - [28/Mar/2022:11:56:17 -0300] "POST /cormun/servlet/trsolicitudgral?d12ad8ca3af56fca99b78be199c1c87b,gx-no-cache=1648474525250,gx-no-cache=1648478467989 HTTP/1.1" 200 7435
45.155.204.146 - - [28/Mar/2022:11:56:48 -0300] "GET /manager/html HTTP/1.1" 401 2474
45.155.204.146 - - [28/Mar/2022:11:57:22 -0300] "GET /manager/html HTTP/1.1" 401 2474
192.168.10.199 - - [28/Mar/2022:11:57:32 -0300] "POST /cormun/servlet/trsolicitudgral?d12ad8ca3af56fca99b78be199c1c87b,gx-no-cache=1648474525250,gx-no-cache=1648478542389 HTTP/1.1" 200 7079
45.155.204.146 - - [28/Mar/2022:11:57:56 -0300] "GET /manager/html HTTP/1.1" 401 2474
192.168.10.199 - - [28/Mar/2022:11:57:59 -0300] "POST /cormun/servlet/trsolicitudgral?d12ad8ca3af56fca99b78be199c1c87b,gx-no-cache=1648474525250,gx-no-cache=1648478569199 HTTP/1.1" 200 6645
45.155.204.146 - - [28/Mar/2022:11:58:30 -0300] "GET /manager/html HTTP/1.1" 401 2474
192.168.10.199 - - [28/Mar/2022:11:58:41 -0300] "POST /cormun/servlet/trsolicitudgral?d12ad8ca3af56fca99b78be199c1c87b,gx-no-cache=1648474525250,gx-no-cache=1648478611707 HTTP/1.1" 200 6687
45.155.204.146 - - [28/Mar/2022:11:59:03 -0300] "GET /manager/html HTTP/1.1" 401 2474
192.168.10.17 - - [28/Mar/2022:11:59:20 -0300] "GET /cormun/servlet/trsolicitudgral? HTTP/1.1" 200 9662
192.168.10.17 - - [28/Mar/2022:11:59:20 -0300] "GET /cormun/servlet/trsolicitudgral? HTTP/1.1" 200 9656
192.168.10.199 - - [28/Mar/2022:11:59:27 -0300] "POST /cormun/servlet/trsolicitudgral?d12ad8ca3af56fca99b78be199c1c87b,gx-no-cache=1648474525250,gx-no-cache=1648478657815 HTTP/1.1" 200 10486
45.155.204.146 - - [28/Mar/2022:11:59:34 -0300] "GET /manager/html HTTP/1.1" 401 2474
192.168.10.17 - - [28/Mar/2022:11:59:44 -0300] "GET /cormun/servlet/trsolicitudgral? HTTP/1.1" 200 8284
192.168.10.17 - - [28/Mar/2022:11:59:44 -0300] "GET /cormun/servlet/trsolicitudgral? HTTP/1.1" 200 8284
45.155.204.146 - - [28/Mar/2022:12:00:11 -0300] "GET /manager/html HTTP/1.1" 401 2474
192.168.10.199 - - [28/Mar/2022:12:00:35 -0300] "POST /cormun/servlet/trsolicitudgral?d12ad8ca3af56fca99b78be199c1c87b,gx-no-cache=1648474525250,gx-no-cache=1648478725684 HTTP/1.1" 200 116
192.168.10.199 - - [28/Mar/2022:12:00:35 -0300] "GET /cormun/servlet/solicitudotlog?INS,2022,18060,0,REC, HTTP/1.1" 200 5667
192.168.10.199 - - [28/Mar/2022:12:00:36 -0300] "GET /cormun/servlet/solicitudotlog?INS,2022,18060,0,REC, HTTP/1.1" 200 5647
192.168.10.199 - - [28/Mar/2022:12:00:36 -0300] "GET /cormun/servlet/solicitudotlog?f1d7a87a3c103b5b8ab377d2fac13911fc03fcd58b3f3d55b4dbb8239352db789266dc0267e458d167898181d4baf2e4de3cf388fd4183f9e5bc0658bcfcc6cffebdadac54c4da66d44792f7ca5c62515cda65e641210ebe3f6af5fbf749c8d11d43aa7498315108f56bde9c1fbfd92dcc1b2ee6264554c0f837b9c6d4697bd322b88ede873ba2364e12684dbd3e961859f62230d60ebdb05a2e1c69a537afa0,gx-no-cache=1648478726741 HTTP/1.1" 200 94
192.168.10.199 - - [28/Mar/2022:12:00:40 -0300] "POST /cormun/servlet/solicitudotlog?d12ad8ca3af56fca99b78be199c1c87b,INS,2022,18060,0,REC,,gx-no-cache=1648478731153 HTTP/1.1" 200 93
192.168.10.199 - - [28/Mar/2022:12:00:40 -0300] "GET /cormun/servlet/hpexe_return? HTTP/1.1" 200 1044
192.168.10.199 - - [28/Mar/2022:12:00:41 -0300] "GET /cormun/servlet/trsolicitudgral?gx-no-cache=1648474525250 HTTP/1.1" 200 13429
192.168.10.199 - - [28/Mar/2022:12:00:41 -0300] "GET /cormun/servlet/trsolicitudgral?gx-no-cache=1648474525250 HTTP/1.1" 200 13444
192.168.10.199 - - [28/Mar/2022:12:00:48 -0300] "POST /cormun/servlet/trsolicitudgral?d12ad8ca3af56fca99b78be199c1c87b,gx-no-cache=1648474525250,gx-no-cache=1648478738479 HTTP/1.1" 200 116
192.168.10.199 - - [28/Mar/2022:12:00:48 -0300] "GET /cormun/servlet/solicitudotlog?INS,2022,18057,0,REC, HTTP/1.1" 200 5667
192.168.10.199 - - [28/Mar/2022:12:00:48 -0300] "GET /cormun/servlet/solicitudotlog?INS,2022,18057,0,REC, HTTP/1.1" 200 5647
192.168.10.199 - - [28/Mar/2022:12:00:48 -0300] "GET /cormun/servlet/solicitudotlog?f1d7a87a3c103b5b8ab377d2fac1391183bf0c93f17c96211c6f758dfebe01a29266dc0267e458d167898181d4baf2e4de3cf388fd4183f9e5bc0658bcfcc6cffebdadac54c4da66d44792f7ca5c62515cda65e641210ebe3f6af5fbf749c8d11d43aa7498315108f56bde9c1fbfd92dcc1b2ee6264554c0f837b9c6d4697bd322b88ede873ba2364e12684dbd3e961859f62230d60ebdb05a2e1c69a537afa0,gx-no-cache=1648478739247 HTTP/1.1" 200 94
45.155.204.146 - - [28/Mar/2022:12:00:51 -0300] "GET /manager/html HTTP/1.1" 401 2474
192.168.10.199 - - [28/Mar/2022:12:00:53 -0300] "POST /cormun/servlet/solicitudotlog?d12ad8ca3af56fca99b78be199c1c87b,INS,2022,18057,0,REC,,gx-no-cache=1648478743338 HTTP/1.1" 200 93
192.168.10.199 - - [28/Mar/2022:12:00:53 -0300] "GET /cormun/servlet/hpexe_return? HTTP/1.1" 200 1044
192.168.10.199 - - [28/Mar/2022:12:00:53 -0300] "GET /cormun/servlet/trsolicitudgral?gx-no-cache=1648474525250 HTTP/1.1" 200 13057
192.168.10.199 - - [28/Mar/2022:12:00:53 -0300] "GET /cormun/servlet/trsolicitudgral?gx-no-cache=1648474525250 HTTP/1.1" 200 13072
45.155.204.146 - - [28/Mar/2022:12:01:29 -0300] "GET /manager/html HTTP/1.1" 401 2474
192.168.10.199 - - [28/Mar/2022:12:01:35 -0300] "POST /cormun/servlet/trsolicitudgral?d12ad8ca3af56fca99b78be199c1c87b,gx-no-cache=1648474525250,gx-no-cache=1648478785325 HTTP/1.1" 200 116
192.168.10.199 - - [28/Mar/2022:12:01:35 -0300] "GET /cormun/servlet/solicitudotlog?INS,2022,18051,0,REC, HTTP/1.1" 200 5667
192.168.10.199 - - [28/Mar/2022:12:01:35 -0300] "GET /cormun/servlet/solicitudotlog?INS,2022,18051,0,REC, HTTP/1.1" 200 5647
192.168.10.199 - - [28/Mar/2022:12:01:35 -0300] "GET /cormun/servlet/solicitudotlog?f1d7a87a3c103b5b8ab377d2fac13911f8a2827949ddc3260974e17d3a95b06d9266dc0267e458d167898181d4baf2e4de3cf388fd4183f9e5bc0658bcfcc6cffebdadac54c4da66d44792f7ca5c62515cda65e641210ebe3f6af5fbf749c8d11d43aa7498315108f56bde9c1fbfd92dcc1b2ee6264554c0f837b9c6d4697bd322b88ede873ba2364e12684dbd3e961859f62230d60ebdb05a2e1c69a537afa0,gx-no-cache=1648478786145 HTTP/1.1" 200 94
192.168.10.199 - - [28/Mar/2022:12:01:41 -0300] "POST /cormun/servlet/solicitudotlog?d12ad8ca3af56fca99b78be199c1c87b,INS,2022,18051,0,REC,,gx-no-cache=1648478791475 HTTP/1.1" 200 93
192.168.10.199 - - [28/Mar/2022:12:01:41 -0300] "GET /cormun/servlet/hpexe_return? HTTP/1.1" 200 1044
192.168.10.199 - - [28/Mar/2022:12:01:41 -0300] "GET /cormun/servlet/trsolicitudgral?gx-no-cache=1648474525250 HTTP/1.1" 200 12713
192.168.10.199 - - [28/Mar/2022:12:01:41 -0300] "GET /cormun/servlet/trsolicitudgral?gx-no-cache=1648474525250 HTTP/1.1" 200 12727
192.168.10.199 - - [28/Mar/2022:12:01:44 -0300] "POST /cormun/servlet/trsolicitudgral?d12ad8ca3af56fca99b78be199c1c87b,gx-no-cache=1648474525250,gx-no-cache=1648478794894 HTTP/1.1" 200 116
192.168.10.199 - - [28/Mar/2022:12:01:44 -0300] "GET /cormun/servlet/solicitudotlog?INS,2022,18053,0,REC, HTTP/1.1" 200 5667
192.168.10.199 - - [28/Mar/2022:12:01:44 -0300] "GET /cormun/servlet/solicitudotlog?INS,2022,18053,0,REC, HTTP/1.1" 200 5647
192.168.10.199 - - [28/Mar/2022:12:01:45 -0300] "GET /cormun/servlet/solicitudotlog?f1d7a87a3c103b5b8ab377d2fac1391196f2abf3f925e0aa6919e8eff0e04f4c9266dc0267e458d167898181d4baf2e4de3cf388fd4183f9e5bc0658bcfcc6cffebdadac54c4da66d44792f7ca5c62515cda65e641210ebe3f6af5fbf749c8d11d43aa7498315108f56bde9c1fbfd92dcc1b2ee6264554c0f837b9c6d4697bd322b88ede873ba2364e12684dbd3e961859f62230d60ebdb05a2e1c69a537afa0,gx-no-cache=1648478795678 HTTP/1.1" 200 94
192.168.10.199 - - [28/Mar/2022:12:01:49 -0300] "POST /cormun/servlet/solicitudotlog?d12ad8ca3af56fca99b78be199c1c87b,INS,2022,18053,0,REC,,gx-no-cache=1648478799674 HTTP/1.1" 200 93
192.168.10.199 - - [28/Mar/2022:12:01:49 -0300] "GET /cormun/servlet/hpexe_return? HTTP/1.1" 200 1044
192.168.10.199 - - [28/Mar/2022:12:01:49 -0300] "GET /cormun/servlet/trsolicitudgral?gx-no-cache=1648474525250 HTTP/1.1" 200 12328
192.168.10.199 - - [28/Mar/2022:12:01:50 -0300] "GET /cormun/servlet/trsolicitudgral?gx-no-cache=1648474525250 HTTP/1.1" 200 12343
45.155.204.146 - - [28/Mar/2022:12:02:07 -0300] "GET /manager/html HTTP/1.1" 401 2474
45.155.204.146 - - [28/Mar/2022:12:02:51 -0300] "GET /manager/html HTTP/1.1" 401 2474
192.168.10.199 - - [28/Mar/2022:12:02:52 -0300] "POST /cormun/servlet/trsolicitudgral?d12ad8ca3af56fca99b78be199c1c87b,gx-no-cache=1648474525250,gx-no-cache=1648478863081 HTTP/1.1" 200 116
192.168.10.199 - - [28/Mar/2022:12:02:52 -0300] "GET /cormun/servlet/solicitudotlog?INS,2022,18038,0,REC, HTTP/1.1" 200 5667
192.168.10.199 - - [28/Mar/2022:12:02:53 -0300] "GET /cormun/servlet/solicitudotlog?INS,2022,18038,0,REC, HTTP/1.1" 200 5647
192.168.10.199 - - [28/Mar/2022:12:02:53 -0300] "GET /cormun/servlet/solicitudotlog?f1d7a87a3c103b5b8ab377d2fac13911b628d4a4edbc29d70a5dc6904992771f9266dc0267e458d167898181d4baf2e4de3cf388fd4183f9e5bc0658bcfcc6cffebdadac54c4da66d44792f7ca5c62515cda65e641210ebe3f6af5fbf749c8d11d43aa7498315108f56bde9c1fbfd92dcc1b2ee6264554c0f837b9c6d4697bd322b88ede873ba2364e12684dbd3e961859f62230d60ebdb05a2e1c69a537afa0,gx-no-cache=1648478863921 HTTP/1.1" 200 94
192.168.10.199 - - [28/Mar/2022:12:02:57 -0300] "POST /cormun/servlet/solicitudotlog?d12ad8ca3af56fca99b78be199c1c87b,INS,2022,18038,0,REC,,gx-no-cache=1648478867632 HTTP/1.1" 200 93
192.168.10.199 - - [28/Mar/2022:12:02:57 -0300] "GET /cormun/servlet/hpexe_return? HTTP/1.1" 200 1044
192.168.10.199 - - [28/Mar/2022:12:02:57 -0300] "GET /cormun/servlet/trsolicitudgral?gx-no-cache=1648474525250 HTTP/1.1" 200 12006
192.168.10.199 - - [28/Mar/2022:12:02:58 -0300] "GET /cormun/servlet/trsolicitudgral?gx-no-cache=1648474525250 HTTP/1.1" 200 12021
192.168.10.199 - - [28/Mar/2022:12:03:03 -0300] "POST /cormun/servlet/trsolicitudgral?d12ad8ca3af56fca99b78be199c1c87b,gx-no-cache=1648474525250,gx-no-cache=1648478873497 HTTP/1.1" 200 116
192.168.10.199 - - [28/Mar/2022:12:03:03 -0300] "GET /cormun/servlet/solicitudotlog?INS,2022,18037,0,REC, HTTP/1.1" 200 5667
192.168.10.199 - - [28/Mar/2022:12:03:03 -0300] "GET /cormun/servlet/solicitudotlog?INS,2022,18037,0,REC, HTTP/1.1" 200 5647
192.168.10.199 - - [28/Mar/2022:12:03:04 -0300] "GET /cormun/servlet/solicitudotlog?f1d7a87a3c103b5b8ab377d2fac13911db15ba8e41b01919ec41d5ba3249dad39266dc0267e458d167898181d4baf2e4de3cf388fd4183f9e5bc0658bcfcc6cffebdadac54c4da66d44792f7ca5c62515cda65e641210ebe3f6af5fbf749c8d11d43aa7498315108f56bde9c1fbfd92dcc1b2ee6264554c0f837b9c6d4697bd322b88ede873ba2364e12684dbd3e961859f62230d60ebdb05a2e1c69a537afa0,gx-no-cache=1648478874270 HTTP/1.1" 200 94
192.168.10.199 - - [28/Mar/2022:12:03:07 -0300] "POST /cormun/servlet/solicitudotlog?d12ad8ca3af56fca99b78be199c1c87b,INS,2022,18037,0,REC,,gx-no-cache=1648478877722 HTTP/1.1" 200 93
192.168.10.199 - - [28/Mar/2022:12:03:07 -0300] "GET /cormun/servlet/hpexe_return? HTTP/1.1" 200 1044
192.168.10.199 - - [28/Mar/2022:12:03:07 -0300] "GET /cormun/servlet/trsolicitudgral?gx-no-cache=1648474525250 HTTP/1.1" 200 11627
192.168.10.199 - - [28/Mar/2022:12:03:08 -0300] "GET /cormun/servlet/trsolicitudgral?gx-no-cache=1648474525250 HTTP/1.1" 200 11643
190.171.143.90 - - [28/Mar/2022:12:03:11 -0300] "GET /cormun/servlet/hlogin HTTP/1.1" 200 1725
190.171.143.90 - - [28/Mar/2022:12:03:11 -0300] "GET /cormun/servlet/hlogin HTTP/1.1" 200 1727
190.171.143.90 - - [28/Mar/2022:12:03:12 -0300] "GET /cormun/servlet/hlogin HTTP/1.1" 200 1738
190.171.143.90 - - [28/Mar/2022:12:03:12 -0300] "GET /cormun/servlet/hlogin HTTP/1.1" 200 1738
190.171.143.90 - - [28/Mar/2022:12:03:12 -0300] "GET /favicon.ico HTTP/1.1" 200 21630
192.168.10.17 - - [28/Mar/2022:12:03:18 -0300] "POST /cormun/servlet/trsolicitudgral?9235dce24bd9cd37f5debb64d0a2b181,,gx-no-cache=1648478888761 HTTP/1.1" 200 5250
190.171.143.90 - - [28/Mar/2022:12:03:20 -0300] "POST /cormun/servlet/hlogin?70298e943129e31bf87f5fd5f9ae3e8c,gx-no-cache=1648479053963 HTTP/1.1" 200 90
190.171.143.90 - - [28/Mar/2022:12:03:20 -0300] "GET /cormun/servlet/hpexe_link HTTP/1.1" 200 951
190.171.143.90 - - [28/Mar/2022:12:03:20 -0300] "GET /cormun/servlet/hhome HTTP/1.1" 200 4302
190.171.143.90 - - [28/Mar/2022:12:03:21 -0300] "GET /cormun/servlet/hhome HTTP/1.1" 200 4298
192.168.10.17 - - [28/Mar/2022:12:03:22 -0300] "POST /cormun/servlet/trsolicitudgral?9235dce24bd9cd37f5debb64d0a2b181,,gx-no-cache=1648478892318 HTTP/1.1" 200 5251
192.168.10.17 - - [28/Mar/2022:12:03:22 -0300] "POST /cormun/servlet/trsolicitudgral?9235dce24bd9cd37f5debb64d0a2b181,,gx-no-cache=1648478892926 HTTP/1.1" 200 5251
190.171.143.90 - - [28/Mar/2022:12:03:26 -0300] "GET /cormun/servlet/trlicencias? HTTP/1.1" 200 11912
190.171.143.90 - - [28/Mar/2022:12:03:27 -0300] "GET /cormun/servlet/trlicencias? HTTP/1.1" 200 11920
192.168.10.17 - - [28/Mar/2022:12:03:27 -0300] "POST /cormun/servlet/trsolicitudgral?9235dce24bd9cd37f5debb64d0a2b181,,gx-no-cache=1648478897135 HTTP/1.1" 200 25708
45.155.204.146 - - [28/Mar/2022:12:03:28 -0300] "GET /manager/html HTTP/1.1" 401 2474
192.168.10.17 - - [28/Mar/2022:12:03:49 -0300] "POST /cormun/servlet/trsolicitudgral?9235dce24bd9cd37f5debb64d0a2b181,,gx-no-cache=1648478918705 HTTP/1.1" 200 14967
192.168.10.199 - - [28/Mar/2022:12:03:54 -0300] "POST /cormun/servlet/trsolicitudgral?d12ad8ca3af56fca99b78be199c1c87b,gx-no-cache=1648474525250,gx-no-cache=1648478925203 HTTP/1.1" 200 116
192.168.10.199 - - [28/Mar/2022:12:03:55 -0300] "GET /cormun/servlet/solicitudotlog?INS,2022,18035,0,REC, HTTP/1.1" 200 5667
192.168.10.199 - - [28/Mar/2022:12:03:55 -0300] "GET /cormun/servlet/solicitudotlog?INS,2022,18035,0,REC, HTTP/1.1" 200 5647
192.168.10.199 - - [28/Mar/2022:12:03:55 -0300] "GET /cormun/servlet/solicitudotlog?f1d7a87a3c103b5b8ab377d2fac1391143ae02a259b4f95f5a51a99a7eddbfcf9266dc0267e458d167898181d4baf2e4de3cf388fd4183f9e5bc0658bcfcc6cffebdadac54c4da66d44792f7ca5c62515cda65e641210ebe3f6af5fbf749c8d11d43aa7498315108f56bde9c1fbfd92dcc1b2ee6264554c0f837b9c6d4697bd322b88ede873ba2364e12684dbd3e961859f62230d60ebdb05a2e1c69a537afa0,gx-no-cache=1648478926005 HTTP/1.1" 200 94
192.168.10.199 - - [28/Mar/2022:12:03:59 -0300] "POST /cormun/servlet/solicitudotlog?d12ad8ca3af56fca99b78be199c1c87b,INS,2022,18035,0,REC,,gx-no-cache=1648478929458 HTTP/1.1" 200 93
192.168.10.199 - - [28/Mar/2022:12:03:59 -0300] "GET /cormun/servlet/hpexe_return? HTTP/1.1" 200 1044
192.168.10.199 - - [28/Mar/2022:12:03:59 -0300] "GET /cormun/servlet/trsolicitudgral?gx-no-cache=1648474525250 HTTP/1.1" 200 11371
192.168.10.17 - - [28/Mar/2022:12:03:59 -0300] "POST /cormun/servlet/trsolicitudgral?9235dce24bd9cd37f5debb64d0a2b181,,gx-no-cache=1648478929246 HTTP/1.1" 200 25708
192.168.10.199 - - [28/Mar/2022:12:03:59 -0300] "GET /cormun/servlet/trsolicitudgral?gx-no-cache=1648474525250 HTTP/1.1" 200 11386
192.168.10.199 - - [28/Mar/2022:12:04:02 -0300] "POST /cormun/servlet/trsolicitudgral?d12ad8ca3af56fca99b78be199c1c87b,gx-no-cache=1648474525250,gx-no-cache=1648478932978 HTTP/1.1" 200 116
192.168.10.199 - - [28/Mar/2022:12:04:02 -0300] "GET /cormun/servlet/solicitudotlog?INS,2022,18036,0,REC, HTTP/1.1" 200 5667
192.168.10.199 - - [28/Mar/2022:12:04:03 -0300] "GET /cormun/servlet/solicitudotlog?INS,2022,18036,0,REC, HTTP/1.1" 200 5647
192.168.10.199 - - [28/Mar/2022:12:04:03 -0300] "GET /cormun/servlet/solicitudotlog?f1d7a87a3c103b5b8ab377d2fac139117767b42ff389c6700fb4b11b6438b0259266dc0267e458d167898181d4baf2e4de3cf388fd4183f9e5bc0658bcfcc6cffebdadac54c4da66d44792f7ca5c62515cda65e641210ebe3f6af5fbf749c8d11d43aa7498315108f56bde9c1fbfd92dcc1b2ee6264554c0f837b9c6d4697bd322b88ede873ba2364e12684dbd3e961859f62230d60ebdb05a2e1c69a537afa0,gx-no-cache=1648478933763 HTTP/1.1" 200 94
45.155.204.146 - - [28/Mar/2022:12:04:08 -0300] "GET /manager/html HTTP/1.1" 401 2474
192.168.10.199 - - [28/Mar/2022:12:04:09 -0300] "POST /cormun/servlet/solicitudotlog?d12ad8ca3af56fca99b78be199c1c87b,INS,2022,18036,0,REC,,gx-no-cache=1648478939239 HTTP/1.1" 200 93
192.168.10.199 - - [28/Mar/2022:12:04:09 -0300] "GET /cormun/servlet/hpexe_return? HTTP/1.1" 200 1044
192.168.10.199 - - [28/Mar/2022:12:04:09 -0300] "GET /cormun/servlet/trsolicitudgral?gx-no-cache=1648474525250 HTTP/1.1" 200 11038
192.168.10.199 - - [28/Mar/2022:12:04:09 -0300] "GET /cormun/servlet/trsolicitudgral?gx-no-cache=1648474525250 HTTP/1.1" 200 11053
45.155.204.146 - - [28/Mar/2022:12:04:50 -0300] "GET /manager/html HTTP/1.1" 401 2474
192.168.10.199 - - [28/Mar/2022:12:04:51 -0300] "POST /cormun/servlet/trsolicitudgral?d12ad8ca3af56fca99b78be199c1c87b,gx-no-cache=1648474525250,gx-no-cache=1648478981303 HTTP/1.1" 200 116
192.168.10.199 - - [28/Mar/2022:12:04:51 -0300] "GET /cormun/servlet/solicitudotlog?INS,2022,18034,0,REC, HTTP/1.1" 200 5668
192.168.10.199 - - [28/Mar/2022:12:04:51 -0300] "GET /cormun/servlet/solicitudotlog?INS,2022,18034,0,REC, HTTP/1.1" 200 5647
192.168.10.199 - - [28/Mar/2022:12:04:51 -0300] "GET /cormun/servlet/solicitudotlog?f1d7a87a3c103b5b8ab377d2fac1391178e177647872566e0fa2f31a64c59e999266dc0267e458d167898181d4baf2e4de3cf388fd4183f9e5bc0658bcfcc6cffebdadac54c4da66d44792f7ca5c62515cda65e641210ebe3f6af5fbf749c8d11d43aa7498315108f56bde9c1fbfd92dcc1b2ee6264554c0f837b9c6d4697bd322b88ede873ba2364e12684dbd3e961859f62230d60ebdb05a2e1c69a537afa0,gx-no-cache=1648478982087 HTTP/1.1" 200 94
192.168.10.199 - - [28/Mar/2022:12:04:55 -0300] "POST /cormun/servlet/solicitudotlog?d12ad8ca3af56fca99b78be199c1c87b,INS,2022,18034,0,REC,,gx-no-cache=1648478985791 HTTP/1.1" 200 93
192.168.10.199 - - [28/Mar/2022:12:04:55 -0300] "GET /cormun/servlet/hpexe_return? HTTP/1.1" 200 1044
192.168.10.199 - - [28/Mar/2022:12:04:55 -0300] "GET /cormun/servlet/trsolicitudgral?gx-no-cache=1648474525250 HTTP/1.1" 200 10699
192.168.10.199 - - [28/Mar/2022:12:04:56 -0300] "GET /cormun/servlet/trsolicitudgral?gx-no-cache=1648474525250 HTTP/1.1" 200 10714
45.155.204.146 - - [28/Mar/2022:12:05:32 -0300] "GET /manager/html HTTP/1.1" 401 2474
192.168.10.199 - - [28/Mar/2022:12:05:37 -0300] "POST /cormun/servlet/trsolicitudgral?d12ad8ca3af56fca99b78be199c1c87b,gx-no-cache=1648474525250,gx-no-cache=1648479027584 HTTP/1.1" 200 116
192.168.10.199 - - [28/Mar/2022:12:05:37 -0300] "GET /cormun/servlet/solicitudotlog?INS,2022,18032,0,REC, HTTP/1.1" 200 5667
192.168.10.199 - - [28/Mar/2022:12:05:38 -0300] "GET /cormun/servlet/solicitudotlog?INS,2022,18032,0,REC, HTTP/1.1" 200 5647
192.168.10.199 - - [28/Mar/2022:12:05:38 -0300] "GET /cormun/servlet/solicitudotlog?f1d7a87a3c103b5b8ab377d2fac13911be304d84bf4e428d67da1b23aad1daf39266dc0267e458d167898181d4baf2e4de3cf388fd4183f9e5bc0658bcfcc6cffebdadac54c4da66d44792f7ca5c62515cda65e641210ebe3f6af5fbf749c8d11d43aa7498315108f56bde9c1fbfd92dcc1b2ee6264554c0f837b9c6d4697bd322b88ede873ba2364e12684dbd3e961859f62230d60ebdb05a2e1c69a537afa0,gx-no-cache=1648479028735 HTTP/1.1" 200 94
192.168.10.199 - - [28/Mar/2022:12:05:41 -0300] "POST /cormun/servlet/solicitudotlog?d12ad8ca3af56fca99b78be199c1c87b,INS,2022,18032,0,REC,,gx-no-cache=1648479032042 HTTP/1.1" 200 93
192.168.10.199 - - [28/Mar/2022:12:05:42 -0300] "GET /cormun/servlet/hpexe_return? HTTP/1.1" 200 1044
192.168.10.199 - - [28/Mar/2022:12:05:42 -0300] "GET /cormun/servlet/trsolicitudgral?gx-no-cache=1648474525250 HTTP/1.1" 200 10438
192.168.10.199 - - [28/Mar/2022:12:05:42 -0300] "GET /cormun/servlet/trsolicitudgral?gx-no-cache=1648474525250 HTTP/1.1" 200 10454
192.168.10.199 - - [28/Mar/2022:12:05:46 -0300] "POST /cormun/servlet/trsolicitudgral?d12ad8ca3af56fca99b78be199c1c87b,gx-no-cache=1648474525250,gx-no-cache=1648479036724 HTTP/1.1" 200 116
192.168.10.199 - - [28/Mar/2022:12:05:46 -0300] "GET /cormun/servlet/solicitudotlog?INS,2022,18033,0,REC, HTTP/1.1" 200 5667
192.168.10.199 - - [28/Mar/2022:12:05:46 -0300] "GET /cormun/servlet/solicitudotlog?INS,2022,18033,0,REC, HTTP/1.1" 200 5647
192.168.10.199 - - [28/Mar/2022:12:05:47 -0300] "GET /cormun/servlet/solicitudotlog?f1d7a87a3c103b5b8ab377d2fac13911f3ce557a2f06876d6af117f2fae9adbf9266dc0267e458d167898181d4baf2e4de3cf388fd4183f9e5bc0658bcfcc6cffebdadac54c4da66d44792f7ca5c62515cda65e641210ebe3f6af5fbf749c8d11d43aa7498315108f56bde9c1fbfd92dcc1b2ee6264554c0f837b9c6d4697bd322b88ede873ba2364e12684dbd3e961859f62230d60ebdb05a2e1c69a537afa0,gx-no-cache=1648479037530 HTTP/1.1" 200 94
192.168.10.199 - - [28/Mar/2022:12:05:50 -0300] "POST /cormun/servlet/solicitudotlog?d12ad8ca3af56fca99b78be199c1c87b,INS,2022,18033,0,REC,,gx-no-cache=1648479041109 HTTP/1.1" 200 93
192.168.10.199 - - [28/Mar/2022:12:05:50 -0300] "GET /cormun/servlet/hpexe_return? HTTP/1.1" 200 1044
192.168.10.199 - - [28/Mar/2022:12:05:51 -0300] "GET /cormun/servlet/trsolicitudgral?gx-no-cache=1648474525250 HTTP/1.1" 200 10076
192.168.10.199 - - [28/Mar/2022:12:05:51 -0300] "GET /cormun/servlet/trsolicitudgral?gx-no-cache=1648474525250 HTTP/1.1" 200 10092
45.155.204.146 - - [28/Mar/2022:12:06:16 -0300] "GET /manager/html HTTP/1.1" 401 2474
192.168.10.199 - - [28/Mar/2022:12:06:24 -0300] "POST /cormun/servlet/trsolicitudgral?d12ad8ca3af56fca99b78be199c1c87b,gx-no-cache=1648474525250,gx-no-cache=1648479074694 HTTP/1.1" 200 116
192.168.10.199 - - [28/Mar/2022:12:06:24 -0300] "GET /cormun/servlet/solicitudotlog?INS,2022,18031,0,REC, HTTP/1.1" 200 5667
192.168.10.199 - - [28/Mar/2022:12:06:24 -0300] "GET /cormun/servlet/solicitudotlog?INS,2022,18031,0,REC, HTTP/1.1" 200 5647
192.168.10.199 - - [28/Mar/2022:12:06:25 -0300] "GET /cormun/servlet/solicitudotlog?f1d7a87a3c103b5b8ab377d2fac139110c235a0152a6c73b8c5d86c60f2e796f9266dc0267e458d167898181d4baf2e4de3cf388fd4183f9e5bc0658bcfcc6cffebdadac54c4da66d44792f7ca5c62515cda65e641210ebe3f6af5fbf749c8d11d43aa7498315108f56bde9c1fbfd92dcc1b2ee6264554c0f837b9c6d4697bd322b88ede873ba2364e12684dbd3e961859f62230d60ebdb05a2e1c69a537afa0,gx-no-cache=1648479075582 HTTP/1.1" 200 94
192.168.10.199 - - [28/Mar/2022:12:06:29 -0300] "POST /cormun/servlet/solicitudotlog?d12ad8ca3af56fca99b78be199c1c87b,INS,2022,18031,0,REC,,gx-no-cache=1648479079268 HTTP/1.1" 200 93
192.168.10.199 - - [28/Mar/2022:12:06:29 -0300] "GET /cormun/servlet/hpexe_return? HTTP/1.1" 200 1044
192.168.10.199 - - [28/Mar/2022:12:06:29 -0300] "GET /cormun/servlet/trsolicitudgral?gx-no-cache=1648474525250 HTTP/1.1" 200 9752
192.168.10.199 - - [28/Mar/2022:12:06:29 -0300] "GET /cormun/servlet/trsolicitudgral?gx-no-cache=1648474525250 HTTP/1.1" 200 9768
192.168.10.199 - - [28/Mar/2022:12:06:30 -0300] "POST /cormun/servlet/trsolicitudgral?d12ad8ca3af56fca99b78be199c1c87b,gx-no-cache=1648474525250,gx-no-cache=1648479081081 HTTP/1.1" 200 116
192.168.10.199 - - [28/Mar/2022:12:06:30 -0300] "GET /cormun/servlet/solicitudotlog?INS,2022,18030,0,REC, HTTP/1.1" 200 5666
192.168.10.199 - - [28/Mar/2022:12:06:31 -0300] "GET /cormun/servlet/solicitudotlog?INS,2022,18030,0,REC, HTTP/1.1" 200 5646
192.168.10.199 - - [28/Mar/2022:12:06:31 -0300] "GET /cormun/servlet/solicitudotlog?f1d7a87a3c103b5b8ab377d2fac139111cafecfa2e7bcb6034fd446ed2d1d9b19266dc0267e458d167898181d4baf2e4de3cf388fd4183f9e5bc0658bcfcc6cffebdadac54c4da66d44792f7ca5c62515cda65e641210ebe3f6af5fbf749c8d11d43aa7498315108f56bde9c1fbfd92dcc1b2ee6264554c0f837b9c6d4697bd322b88ede873ba2364e12684dbd3e961859f62230d60ebdb05a2e1c69a537afa0,gx-no-cache=1648479081858 HTTP/1.1" 200 94
192.168.10.199 - - [28/Mar/2022:12:06:35 -0300] "POST /cormun/servlet/solicitudotlog?d12ad8ca3af56fca99b78be199c1c87b,INS,2022,18030,0,REC,,gx-no-cache=1648479085794 HTTP/1.1" 200 93
192.168.10.199 - - [28/Mar/2022:12:06:35 -0300] "GET /cormun/servlet/hpexe_return? HTTP/1.1" 200 1044
192.168.10.199 - - [28/Mar/2022:12:06:35 -0300] "GET /cormun/servlet/trsolicitudgral?gx-no-cache=1648474525250 HTTP/1.1" 200 8325
192.168.10.199 - - [28/Mar/2022:12:06:35 -0300] "GET /cormun/servlet/trsolicitudgral?gx-no-cache=1648474525250 HTTP/1.1" 200 8342
192.168.10.199 - - [28/Mar/2022:12:06:45 -0300] "POST /cormun/servlet/trsolicitudgral?d12ad8ca3af56fca99b78be199c1c87b,gx-no-cache=1648474525250,gx-no-cache=1648479095417 HTTP/1.1" 200 7440
192.168.10.199 - - [28/Mar/2022:12:06:56 -0300] "POST /cormun/servlet/trsolicitudgral?d12ad8ca3af56fca99b78be199c1c87b,gx-no-cache=1648474525250,gx-no-cache=1648479106980 HTTP/1.1" 200 7440
45.155.204.146 - - [28/Mar/2022:12:06:59 -0300] "GET /manager/html HTTP/1.1" 401 2474
190.95.2.157 - - [28/Mar/2022:12:07:06 -0300] "GET /cormun/servlet/hlogin HTTP/1.1" 200 1731
190.95.2.157 - - [28/Mar/2022:12:07:13 -0300] "POST /cormun/servlet/hlogin?bd79a84f919d7b5522eec3c1b8c0f47a,gx-no-cache=1648479287409 HTTP/1.1" 200 90
190.95.2.157 - - [28/Mar/2022:12:07:13 -0300] "GET /cormun/servlet/hpexe_link HTTP/1.1" 200 956
190.95.2.157 - - [28/Mar/2022:12:07:13 -0300] "GET /cormun/servlet/hhome HTTP/1.1" 200 4284
190.95.2.157 - - [28/Mar/2022:12:07:14 -0300] "GET /cormun/servlet/hhome HTTP/1.1" 200 4280
190.95.2.157 - - [28/Mar/2022:12:07:19 -0300] "GET /cormun/servlet/trpermisosgoce? HTTP/1.1" 200 8050
190.95.2.157 - - [28/Mar/2022:12:07:19 -0300] "GET /cormun/servlet/trpermisosgoce? HTTP/1.1" 200 8048
190.95.2.157 - - [28/Mar/2022:12:07:24 -0300] "GET /cormun/servlet/permisogoce?INS,0,,, HTTP/1.1" 200 7168
190.95.2.157 - - [28/Mar/2022:12:07:24 -0300] "GET /cormun/static/gxcfg.js?20201215124560 HTTP/1.1" 200 953
190.95.2.157 - - [28/Mar/2022:12:07:24 -0300] "GET /cormun/static/permisogoce.js?20201215124939 HTTP/1.1" 200 27919
190.95.2.157 - - [28/Mar/2022:12:07:24 -0300] "GET /cormun/servlet/permisogoce?INS,0,,, HTTP/1.1" 200 7166
190.95.2.157 - - [28/Mar/2022:12:07:40 -0300] "GET /cormun/servlet/prfichaempleado?,MD,,gxPopupLevel%3D0%3B HTTP/1.1" 200 9301
45.155.204.146 - - [28/Mar/2022:12:07:43 -0300] "GET /manager/html HTTP/1.1" 401 2474
190.95.2.157 - - [28/Mar/2022:12:07:49 -0300] "GET /cormun/servlet/permisogoce?7028c91ff8304b23ad0397b43dbd97c8b8a981726fc2e2b98690ddd7514e4709220856d71573b521b8555eebbb7be0f3b16aac46832e062fd77a14d21c430581,gx-no-cache=1648479322702 HTTP/1.1" 200 77
190.95.2.157 - - [28/Mar/2022:12:07:50 -0300] "GET /cormun/static/menuarrow.gif HTTP/1.1" 404 1015
45.155.204.146 - - [28/Mar/2022:12:08:25 -0300] "GET /manager/html HTTP/1.1" 401 2474
190.95.2.157 - - [28/Mar/2022:12:08:29 -0300] "GET /cormun/servlet/permisogoce?7028c91ff8304b23ad0397b43dbd97c87140c91fa09c79fd5bb5af4028fe7873f9098ec4dd198f2ef9507bacda9065569a82cd219c5add55904b9b69ac080763,gx-no-cache=1648479363040 HTTP/1.1" 200 129
190.95.2.157 - - [28/Mar/2022:12:08:29 -0300] "GET /cormun/static/Shared/jqueryui/images/ui-bg_highlight-soft_100_c6c2c8_1x100.png HTTP/1.1" 404 1117
190.95.2.157 - - [28/Mar/2022:12:08:29 -0300] "GET /cormun/static/Shared/jqueryui/images/ui-icons_82798d_256x240.png HTTP/1.1" 404 1089
190.95.2.157 - - [28/Mar/2022:12:08:29 -0300] "GET /cormun/static/Shared/jqueryui/images/ui-icons_ebccce_256x240.png HTTP/1.1" 404 1089
190.95.2.157 - - [28/Mar/2022:12:08:29 -0300] "GET /cormun/static/Shared/jqueryui/images/ui-bg_flat_55_994d53_40x100.png HTTP/1.1" 404 1097
190.171.141.90 - - [28/Mar/2022:12:08:40 -0300] "POST /cormun/servlet/trlicencias?7d5cea23c0abda00e7246b2f96564ad4,gx-no-cache=1648479381170 HTTP/1.1" 200 14773
192.168.10.199 - - [28/Mar/2022:12:08:44 -0300] "POST /cormun/servlet/trsolicitudgral?d12ad8ca3af56fca99b78be199c1c87b,gx-no-cache=1648474525250,gx-no-cache=1648479214635 HTTP/1.1" 200 116
192.168.10.199 - - [28/Mar/2022:12:08:44 -0300] "GET /cormun/servlet/solicitudotlog?INS,2022,17999,0,REC, HTTP/1.1" 200 5667
192.168.10.199 - - [28/Mar/2022:12:08:44 -0300] "GET /cormun/servlet/solicitudotlog?INS,2022,17999,0,REC, HTTP/1.1" 200 5646
192.168.10.199 - - [28/Mar/2022:12:08:45 -0300] "GET /cormun/servlet/solicitudotlog?f1d7a87a3c103b5b8ab377d2fac139111bce82aca65602b4d593524ca8661ce59266dc0267e458d167898181d4baf2e4de3cf388fd4183f9e5bc0658bcfcc6cffebdadac54c4da66d44792f7ca5c62515cda65e641210ebe3f6af5fbf749c8d11d43aa7498315108f56bde9c1fbfd92dcc1b2ee6264554c0f837b9c6d4697bd322b88ede873ba2364e12684dbd3e961859f62230d60ebdb05a2e1c69a537afa0,gx-no-cache=1648479215538 HTTP/1.1" 200 94
192.168.10.199 - - [28/Mar/2022:12:08:49 -0300] "POST /cormun/servlet/solicitudotlog?d12ad8ca3af56fca99b78be199c1c87b,INS,2022,17999,0,REC,,gx-no-cache=1648479219312 HTTP/1.1" 200 93
192.168.10.199 - - [28/Mar/2022:12:08:49 -0300] "GET /cormun/servlet/hpexe_return? HTTP/1.1" 200 1043
192.168.10.199 - - [28/Mar/2022:12:08:49 -0300] "GET /cormun/servlet/trsolicitudgral?gx-no-cache=1648474525250 HTTP/1.1" 200 10156
192.168.10.199 - - [28/Mar/2022:12:08:49 -0300] "GET /cormun/servlet/trsolicitudgral?gx-no-cache=1648474525250 HTTP/1.1" 200 10172
190.95.2.157 - - [28/Mar/2022:12:08:51 -0300] "GET /cormun/servlet/permisogoce?7028c91ff8304b23ad0397b43dbd97c87140c91fa09c79fd5bb5af4028fe78732f60ec91a6182de2475031ba6ac478e39a82cd219c5add55904b9b69ac080763,gx-no-cache=1648479385544 HTTP/1.1" 200 47
45.155.204.146 - - [28/Mar/2022:12:09:08 -0300] "GET /manager/html HTTP/1.1" 401 2474
192.168.10.199 - - [28/Mar/2022:12:09:14 -0300] "POST /cormun/servlet/trsolicitudgral?d12ad8ca3af56fca99b78be199c1c87b,gx-no-cache=1648474525250,gx-no-cache=1648479245112 HTTP/1.1" 200 7025
190.95.2.157 - - [28/Mar/2022:12:09:35 -0300] "GET /cormun/servlet/puconsultapgoce?8161307,MD,gxPopupLevel%3D0%3B HTTP/1.1" 200 3778
190.95.2.157 - - [28/Mar/2022:12:09:35 -0300] "GET /cormun/static/gxcfg.js?2020121674770 HTTP/1.1" 200 953
190.95.2.157 - - [28/Mar/2022:12:09:35 -0300] "GET /cormun/pexe_menus.js HTTP/1.1" 404 1001
190.95.2.157 - - [28/Mar/2022:12:09:35 -0300] "GET /cormun/pexe_link.js HTTP/1.1" 404 999
190.95.2.157 - - [28/Mar/2022:12:09:35 -0300] "GET /cormun/pexe_layers.js HTTP/1.1" 404 1003
190.95.2.157 - - [28/Mar/2022:12:09:35 -0300] "GET /cormun/pexe_cookies.js HTTP/1.1" 404 1005
190.95.2.157 - - [28/Mar/2022:12:09:35 -0300] "GET /cormun/pexe_grid.js HTTP/1.1" 404 999
190.95.2.157 - - [28/Mar/2022:12:09:35 -0300] "GET /cormun/pexe_windows.js HTTP/1.1" 404 1005
190.95.2.157 - - [28/Mar/2022:12:09:35 -0300] "GET /cormun/pexe_griddivfix.js HTTP/1.1" 404 1011
190.95.2.157 - - [28/Mar/2022:12:09:36 -0300] "GET /cormun/pexe_picture.js HTTP/1.1" 404 1005
190.95.2.157 - - [28/Mar/2022:12:09:36 -0300] "GET /cormun/pexe_treedivfix.js HTTP/1.1" 404 1011
190.95.2.157 - - [28/Mar/2022:12:09:36 -0300] "GET /cormun/static/mpprompt.js?20201215583973 HTTP/1.1" 200 940
190.95.2.157 - - [28/Mar/2022:12:09:36 -0300] "GET /cormun/pexe_tabdivfix.js HTTP/1.1" 404 1009
190.95.2.157 - - [28/Mar/2022:12:09:36 -0300] "GET /cormun/pexe_menudivfix.js HTTP/1.1" 404 1011
190.95.2.157 - - [28/Mar/2022:12:09:36 -0300] "GET /cormun/pexe_autoreload.js HTTP/1.1" 404 1011
190.95.2.157 - - [28/Mar/2022:12:09:36 -0300] "GET /cormun/static/puconsultapgoce.js?2020121675052 HTTP/1.1" 200 22470
190.95.2.157 - - [28/Mar/2022:12:09:36 -0300] "GET /cormun/static/Resources/PXToolsMenuTopBackground.png HTTP/1.1" 200 1153
190.95.2.157 - - [28/Mar/2022:12:09:42 -0300] "POST /cormun/servlet/puconsultapgoce?bd79a84f919d7b5522eec3c1b8c0f47a,8161307,MD,gxPopupLevel%3D0%3B,gx-no-cache=1648479435886 HTTP/1.1" 200 59
190.95.2.157 - - [28/Mar/2022:12:09:44 -0300] "POST /cormun/servlet/permisogoce?bd79a84f919d7b5522eec3c1b8c0f47a,INS,0,,,,gx-no-cache=1648479437058 HTTP/1.1" 200 93
190.95.2.157 - - [28/Mar/2022:12:09:44 -0300] "GET /cormun/servlet/hpexe_return? HTTP/1.1" 200 1016
190.95.2.157 - - [28/Mar/2022:12:09:44 -0300] "GET /cormun/servlet/trpermisosgoce HTTP/1.1" 200 8413
190.95.2.157 - - [28/Mar/2022:12:09:44 -0300] "GET /cormun/servlet/trpermisosgoce HTTP/1.1" 200 8409
190.95.2.157 - - [28/Mar/2022:12:09:50 -0300] "GET /cormun/servlet/trpermisosadjuntos?8161307,20220328115215,P, HTTP/1.1" 200 6592
190.95.2.157 - - [28/Mar/2022:12:09:51 -0300] "GET /cormun/servlet/trpermisosadjuntos?8161307,20220328115215,P, HTTP/1.1" 200 6592
190.95.2.157 - - [28/Mar/2022:12:09:53 -0300] "GET /cormun/servlet/permisosadjuntos?INS,8161307,P,20220328115215,, HTTP/1.1" 200 5919
190.95.2.157 - - [28/Mar/2022:12:09:53 -0300] "GET /cormun/static/gxcfg.js?20201215134212 HTTP/1.1" 200 953
190.95.2.157 - - [28/Mar/2022:12:09:53 -0300] "GET /cormun/static/permisosadjuntos.js?20201215134285 HTTP/1.1" 200 8724
190.95.2.157 - - [28/Mar/2022:12:09:53 -0300] "GET /cormun/static/about:blank HTTP/1.1" 404 1011
190.95.2.157 - - [28/Mar/2022:12:09:53 -0300] "GET /cormun/servlet/permisosadjuntos?INS,8161307,P,20220328115215,, HTTP/1.1" 200 5909
190.95.2.157 - - [28/Mar/2022:12:10:00 -0300] "POST /cormun/servlet/permisosadjuntos?bd79a84f919d7b5522eec3c1b8c0f47a,INS,8161307,P,20220328115215,, HTTP/1.1" 200 116
190.95.2.157 - - [28/Mar/2022:12:10:00 -0300] "GET /cormun/servlet/hpexe_return? HTTP/1.1" 200 1043
190.95.2.157 - - [28/Mar/2022:12:10:00 -0300] "GET /cormun/servlet/trpermisosadjuntos?8161307,20220328115215,P, HTTP/1.1" 200 7091
190.95.2.157 - - [28/Mar/2022:12:10:00 -0300] "GET /cormun/servlet/trpermisosadjuntos?8161307,20220328115215,P, HTTP/1.1" 200 7089
192.168.10.199 - - [28/Mar/2022:12:10:01 -0300] "POST /cormun/servlet/trsolicitudgral?d12ad8ca3af56fca99b78be199c1c87b,gx-no-cache=1648474525250,gx-no-cache=1648479291393 HTTP/1.1" 200 116
192.168.10.199 - - [28/Mar/2022:12:10:01 -0300] "GET /cormun/servlet/solicitudotlog?INS,2022,18070,0,REC, HTTP/1.1" 200 5667
192.168.10.199 - - [28/Mar/2022:12:10:01 -0300] "GET /cormun/servlet/solicitudotlog?INS,2022,18070,0,REC, HTTP/1.1" 200 5647
192.168.10.199 - - [28/Mar/2022:12:10:02 -0300] "GET /cormun/servlet/solicitudotlog?f1d7a87a3c103b5b8ab377d2fac139117cf0a753f36be8b896de7252c6ffb3899266dc0267e458d167898181d4baf2e4de3cf388fd4183f9e5bc0658bcfcc6cffebdadac54c4da66d44792f7ca5c62515cda65e641210ebe3f6af5fbf749c8d11d43aa7498315108f56bde9c1fbfd92dcc1b2ee6264554c0f837b9c6d4697bd322b88ede873ba2364e12684dbd3e961859f62230d60ebdb05a2e1c69a537afa0,gx-no-cache=1648479292307 HTTP/1.1" 200 94
190.95.2.157 - - [28/Mar/2022:12:10:04 -0300] "POST /cormun/servlet/trpermisosadjuntos?bd79a84f919d7b5522eec3c1b8c0f47a,8161307,20220328115215,P,,gx-no-cache=1648479457882 HTTP/1.1" 200 90
190.95.2.157 - - [28/Mar/2022:12:10:04 -0300] "GET /cormun/servlet/hpexe_link HTTP/1.1" 200 987
190.95.2.157 - - [28/Mar/2022:12:10:04 -0300] "GET /cormun/servlet/trpermisosgoce HTTP/1.1" 200 8411
190.95.2.157 - - [28/Mar/2022:12:10:04 -0300] "GET /cormun/servlet/trpermisosgoce HTTP/1.1" 200 8409
192.168.10.199 - - [28/Mar/2022:12:10:05 -0300] "POST /cormun/servlet/solicitudotlog?d12ad8ca3af56fca99b78be199c1c87b,INS,2022,18070,0,REC,,gx-no-cache=1648479296026 HTTP/1.1" 200 93
192.168.10.199 - - [28/Mar/2022:12:10:05 -0300] "GET /cormun/servlet/hpexe_return? HTTP/1.1" 200 1044
192.168.10.199 - - [28/Mar/2022:12:10:06 -0300] "GET /cormun/servlet/trsolicitudgral?gx-no-cache=1648474525250 HTTP/1.1" 200 9729
192.168.10.199 - - [28/Mar/2022:12:10:06 -0300] "GET /cormun/servlet/trsolicitudgral?gx-no-cache=1648474525250 HTTP/1.1" 200 9745
190.95.2.157 - - [28/Mar/2022:12:10:08 -0300] "GET /cormun/servlet/apermisogoceprn?8161307,P,20220328115215,PU HTTP/1.1" 200 1660
200.54.107.2 - - [28/Mar/2022:12:10:13 -0300] "GET /cormun/servlet/hlogin HTTP/1.1" 200 1728
192.168.10.199 - - [28/Mar/2022:12:10:24 -0300] "POST /cormun/servlet/trsolicitudgral?d12ad8ca3af56fca99b78be199c1c87b,gx-no-cache=1648474525250,gx-no-cache=1648479311530 HTTP/1.1" 200 7110
200.54.107.2 - - [28/Mar/2022:12:10:28 -0300] "POST /cormun/servlet/hlogin?e7c6fd452b2304b398fa996386c9820e,gx-no-cache=1648479482427 HTTP/1.1" 200 90
200.54.107.2 - - [28/Mar/2022:12:10:28 -0300] "GET /cormun/servlet/hpexe_link HTTP/1.1" 200 954
200.54.107.2 - - [28/Mar/2022:12:10:29 -0300] "GET /cormun/servlet/hhome HTTP/1.1" 200 4354
200.54.107.2 - - [28/Mar/2022:12:10:30 -0300] "GET /cormun/servlet/hhome HTTP/1.1" 200 4350
200.54.107.2 - - [28/Mar/2022:12:10:33 -0300] "GET /cormun/servlet/trsolicitudot? HTTP/1.1" 200 7577
200.54.107.2 - - [28/Mar/2022:12:10:34 -0300] "GET /cormun/servlet/trsolicitudot? HTTP/1.1" 200 7575
200.54.107.2 - - [28/Mar/2022:12:10:37 -0300] "GET /cormun/servlet/solicitudot?INS,0,0,false, HTTP/1.1" 200 16084
190.95.2.157 - - [28/Mar/2022:12:10:37 -0300] "POST /cormun/servlet/trpermisosgoce?bd79a84f919d7b5522eec3c1b8c0f47a,gx-no-cache=1648479490551 HTTP/1.1" 200 5640
190.95.2.157 - - [28/Mar/2022:12:10:37 -0300] "GET /cormun/static/Shared/jqueryui/images/ui-icons_8d78a5_256x240.png HTTP/1.1" 404 1089
190.95.2.157 - - [28/Mar/2022:12:10:37 -0300] "GET /cormun/static/Shared/jqueryui/images/ui-bg_flat_55_fafafa_40x100.png HTTP/1.1" 404 1097
190.95.2.157 - - [28/Mar/2022:12:10:37 -0300] "GET /cormun/static/Shared/jqueryui/images/ui-icons_82798d_256x240.png HTTP/1.1" 404 1089
190.95.2.157 - - [28/Mar/2022:12:10:37 -0300] "GET /cormun/static/Shared/jqueryui/images/ui-bg_highlight-soft_100_c6c2c8_1x100.png HTTP/1.1" 404 1117
200.54.107.2 - - [28/Mar/2022:12:10:38 -0300] "GET /cormun/servlet/solicitudot?INS,0,0,false, HTTP/1.1" 200 16091
190.95.2.157 - - [28/Mar/2022:12:10:43 -0300] "GET /cormun/servlet/trautorizarpermisogoce? HTTP/1.1" 200 8258
190.95.2.157 - - [28/Mar/2022:12:10:43 -0300] "GET /cormun/static/gxcfg.js?2020121645532 HTTP/1.1" 200 953
190.95.2.157 - - [28/Mar/2022:12:10:44 -0300] "GET /cormun/static/trautorizarpermisogoce.js?2020121651492 HTTP/1.1" 200 34948
190.95.2.157 - - [28/Mar/2022:12:10:44 -0300] "GET /cormun/servlet/trautorizarpermisogoce? HTTP/1.1" 200 8258
190.95.2.157 - - [28/Mar/2022:12:10:49 -0300] "POST /cormun/servlet/trautorizarpermisogoce?bd79a84f919d7b5522eec3c1b8c0f47a,,gx-no-cache=1648479503452 HTTP/1.1" 200 5271
190.95.2.157 - - [28/Mar/2022:12:10:50 -0300] "GET /cormun/static/Shared/jqueryui/images/ui-icons_82798d_256x240.png HTTP/1.1" 404 1089
190.95.2.157 - - [28/Mar/2022:12:10:50 -0300] "GET /cormun/static/Shared/jqueryui/images/ui-bg_highlight-soft_100_c6c2c8_1x100.png HTTP/1.1" 404 1117
190.95.2.157 - - [28/Mar/2022:12:10:50 -0300] "GET /cormun/static/Shared/jqueryui/images/ui-bg_flat_55_fafafa_40x100.png HTTP/1.1" 404 1097
190.95.2.157 - - [28/Mar/2022:12:10:50 -0300] "GET /cormun/static/Shared/jqueryui/images/ui-icons_8d78a5_256x240.png HTTP/1.1" 404 1089
200.54.107.2 - - [28/Mar/2022:12:10:50 -0300] "POST /cormun/servlet/solicitudot?gx-no-cache=1648479504355 HTTP/1.1" 200 3999
200.54.107.2 - - [28/Mar/2022:12:10:51 -0300] "POST /cormun/servlet/solicitudot?e7c6fd452b2304b398fa996386c9820e,INS,0,0,false,,gx-no-cache=1648479504696 HTTP/1.1" 200 12847
200.54.107.2 - - [28/Mar/2022:12:10:55 -0300] "GET /cormun/servlet/solicitudot?6696fccb79a75f35d2035fa16446e27882cf6c9f878db4b029a9450047083245fedafce07f1acf26f56dda890d58168e,gx-no-cache=1648479508792 HTTP/1.1" 200 30
190.95.2.157 - - [28/Mar/2022:12:10:56 -0300] "POST /cormun/servlet/trautorizarpermisogoce?bd79a84f919d7b5522eec3c1b8c0f47a,,gx-no-cache=1648479509841 HTTP/1.1" 200 4523
200.54.107.2 - - [28/Mar/2022:12:11:01 -0300] "GET /cormun/servlet/solicitudot?6696fccb79a75f35d2035fa16446e27813fea918d0cdbfcc9838eb7bfe9f0e9e40cb84c774a1e393079c26f209a53a71d6fce11fc71dbb29df0156d62e3348ca17d7f4249274f63922eba38bf75b625f,gx-no-cache=1648479515398 HTTP/1.1" 200 30
200.54.107.2 - - [28/Mar/2022:12:11:01 -0300] "GET /cormun/servlet/solicitudot?6696fccb79a75f35d2035fa16446e2785d38171d1fe0ed5e8ce71f21f721d15c,gx-no-cache=1648479515452 HTTP/1.1" 200 53
200.54.107.2 - - [28/Mar/2022:12:11:01 -0300] "POST /cormun/servlet/solicitudot?gx-no-cache=1648479515509 HTTP/1.1" 200 297
200.54.107.2 - - [28/Mar/2022:12:11:01 -0300] "GET /cormun/servlet/solicitudot?6696fccb79a75f35d2035fa16446e27863aae3b4db6ea46157baf294f3c7d61d2eb6816751eea953fe576f3b420295e57a7ec9c40e9d0f32981ebca0a6b37c77f5a1a95067497331ff30448f160da5267875c4bd2c151daa34b9c83832a355305765d2b5747e408d3d6f1323c3bb10398a7fee8d1e9da9979db0a7135fb523cc1a581e443f41e2f2e79dddd638b6a2aa43ff835707326b15c93a4272c7c9ffb460a5c1f191c2fd809684b3eab08ea6d99ff56abac9b82fc508e4fcac76fc3288a9925bff51b945f30d43f2f7ab1802a5d3acd530e0698beeabf4b46ae6a4e58033fced91ce666a795a37e191e045d11e97058fb779b15189d8fe7b788cb9b3c94ba6cfe443e568e799e5049a305f256beafe86621417178802d4f79d8640bab9c71f27cc7e1c112fbf8f0778f84d9057283408284ee01a5046abc4279087fdae10e5601bcbb9d4d0f018def6d678742f07fa0d96df2ff4140d6c100fca08961b04509aab4569894162a05b5adeca97438e9e5eb40d6a773ac8ad4db452a565fe7e6d519af6425baa49a911d128910586,gx-no-cache=1648479515566 HTTP/1.1" 200 30
190.95.2.157 - - [28/Mar/2022:12:11:02 -0300] "GET /cormun/servlet/trpermisosgoce? HTTP/1.1" 200 8376
190.95.2.157 - - [28/Mar/2022:12:11:03 -0300] "GET /cormun/servlet/trpermisosgoce? HTTP/1.1" 200 8376
200.54.107.2 - - [28/Mar/2022:12:11:05 -0300] "POST /cormun/servlet/solicitudot?gx-no-cache=1648479518931 HTTP/1.1" 200 30
200.54.107.2 - - [28/Mar/2022:12:11:07 -0300] "POST /cormun/servlet/solicitudot?gx-no-cache=1648479520810 HTTP/1.1" 200 1453
200.54.107.2 - - [28/Mar/2022:12:11:07 -0300] "POST /cormun/servlet/solicitudot?gx-no-cache=1648479520883 HTTP/1.1" 200 38
190.95.2.157 - - [28/Mar/2022:12:11:18 -0300] "GET /cormun/servlet/permisogoce?INS,0,,, HTTP/1.1" 200 7167
190.95.2.157 - - [28/Mar/2022:12:11:19 -0300] "GET /cormun/servlet/permisogoce?INS,0,,, HTTP/1.1" 200 7166
200.54.107.2 - - [28/Mar/2022:12:11:25 -0300] "GET /cormun/servlet/solicitudot?6696fccb79a75f35d2035fa16446e278b546b419be2e5c78c83a5fde78820b00200d33d3b0422ee3733719412088f4f8e61b17c33a1c2dca2f15086c2c8b8c83f16a8b3a3a274c12497427b717802c3b47a3d7d87149f2830ced9df77cf8ef40a25fdc8f708ec09f7dc9a2a2a00033a9,gx-no-cache=1648479539508 HTTP/1.1" 200 110
200.54.107.2 - - [28/Mar/2022:12:11:25 -0300] "POST /cormun/servlet/solicitudot?gx-no-cache=1648479539559 HTTP/1.1" 200 72
190.95.2.157 - - [28/Mar/2022:12:11:37 -0300] "GET /cormun/servlet/permisogoce?7028c91ff8304b23ad0397b43dbd97c8b063a8b3ccc39d515644d302443a19a5220856d71573b521b8555eebbb7be0f3b16aac46832e062fd77a14d21c430581,gx-no-cache=1648479551018 HTTP/1.1" 200 76
190.95.2.157 - - [28/Mar/2022:12:11:37 -0300] "GET /cormun/static/menuarrow.gif HTTP/1.1" 404 1015
190.95.2.157 - - [28/Mar/2022:12:11:52 -0300] "GET /cormun/servlet/permisogoce?7028c91ff8304b23ad0397b43dbd97c8e4ad074eab9abce1899a8365b960deb9b94fdd005d99021a8b0ea716c9778be49a82cd219c5add55904b9b69ac080763,gx-no-cache=1648479565999 HTTP/1.1" 200 47
190.95.2.157 - - [28/Mar/2022:12:11:59 -0300] "POST /cormun/servlet/permisogoce?bd79a84f919d7b5522eec3c1b8c0f47a,INS,0,,,,gx-no-cache=1648479572643 HTTP/1.1" 200 93
190.95.2.157 - - [28/Mar/2022:12:11:59 -0300] "GET /cormun/servlet/hpexe_return? HTTP/1.1" 200 1016
190.95.2.157 - - [28/Mar/2022:12:11:59 -0300] "GET /cormun/servlet/trpermisosgoce HTTP/1.1" 200 8642
190.95.2.157 - - [28/Mar/2022:12:12:00 -0300] "GET /cormun/servlet/trpermisosgoce HTTP/1.1" 200 8638
190.95.2.157 - - [28/Mar/2022:12:12:06 -0300] "GET /cormun/servlet/trpermisosadjuntos?8448797,20220328115609,P, HTTP/1.1" 200 6597
190.95.2.157 - - [28/Mar/2022:12:12:06 -0300] "GET /cormun/servlet/trpermisosadjuntos?8448797,20220328115609,P, HTTP/1.1" 200 6598
190.95.2.157 - - [28/Mar/2022:12:12:08 -0300] "GET /cormun/servlet/permisosadjuntos?INS,8448797,P,20220328115609,, HTTP/1.1" 200 5924
190.95.2.157 - - [28/Mar/2022:12:12:08 -0300] "GET /cormun/static/about:blank HTTP/1.1" 404 1011
190.95.2.157 - - [28/Mar/2022:12:12:08 -0300] "GET /cormun/servlet/permisosadjuntos?INS,8448797,P,20220328115609,, HTTP/1.1" 200 5914
190.95.2.157 - - [28/Mar/2022:12:12:15 -0300] "POST /cormun/servlet/permisosadjuntos?bd79a84f919d7b5522eec3c1b8c0f47a,INS,8448797,P,20220328115609,, HTTP/1.1" 200 116
190.95.2.157 - - [28/Mar/2022:12:12:15 -0300] "GET /cormun/servlet/hpexe_return? HTTP/1.1" 200 1042
190.95.2.157 - - [28/Mar/2022:12:12:15 -0300] "GET /cormun/servlet/trpermisosadjuntos?8448797,20220328115609,P, HTTP/1.1" 200 7094
190.95.2.157 - - [28/Mar/2022:12:12:16 -0300] "GET /cormun/servlet/trpermisosadjuntos?8448797,20220328115609,P, HTTP/1.1" 200 7091
190.95.2.157 - - [28/Mar/2022:12:12:17 -0300] "POST /cormun/servlet/trpermisosadjuntos?bd79a84f919d7b5522eec3c1b8c0f47a,8448797,20220328115609,P,,gx-no-cache=1648479591602 HTTP/1.1" 200 90
190.95.2.157 - - [28/Mar/2022:12:12:18 -0300] "GET /cormun/servlet/hpexe_link HTTP/1.1" 200 987
190.95.2.157 - - [28/Mar/2022:12:12:18 -0300] "GET /cormun/servlet/trpermisosgoce HTTP/1.1" 200 8639
200.54.107.2 - - [28/Mar/2022:12:12:18 -0300] "GET /cormun/servlet/solicitudot?6696fccb79a75f35d2035fa16446e2788ab359bb675dc0cce35fdf7789ab822d5dae86f8f6155dc8d53b3dd44f8b5d1d13d9604014b981ae4ca20bea27e3b8433334231be5715a0352ee23471bbdb297f581995985a26489ab1e04e1bcb1e8fb625d0b33787545d68e4d110644c20ca4,gx-no-cache=1648479591995 HTTP/1.1" 200 29
190.95.2.157 - - [28/Mar/2022:12:12:18 -0300] "GET /cormun/servlet/trpermisosgoce HTTP/1.1" 200 8638
190.95.2.157 - - [28/Mar/2022:12:12:21 -0300] "GET /cormun/servlet/apermisogoceprn?8448797,P,20220328115609,PU HTTP/1.1" 200 1649
190.95.2.157 - - [28/Mar/2022:12:12:31 -0300] "POST /cormun/servlet/trpermisosgoce?bd79a84f919d7b5522eec3c1b8c0f47a,gx-no-cache=1648479604556 HTTP/1.1" 200 5881
190.95.2.157 - - [28/Mar/2022:12:12:31 -0300] "GET /cormun/static/Shared/jqueryui/images/ui-bg_highlight-soft_100_c6c2c8_1x100.png HTTP/1.1" 404 1117
190.95.2.157 - - [28/Mar/2022:12:12:31 -0300] "GET /cormun/static/Shared/jqueryui/images/ui-icons_82798d_256x240.png HTTP/1.1" 404 1089
190.95.2.157 - - [28/Mar/2022:12:12:31 -0300] "GET /cormun/static/Shared/jqueryui/images/ui-icons_8d78a5_256x240.png HTTP/1.1" 404 1089
190.95.2.157 - - [28/Mar/2022:12:12:31 -0300] "GET /cormun/static/Shared/jqueryui/images/ui-bg_flat_55_fafafa_40x100.png HTTP/1.1" 404 1097
190.95.2.157 - - [28/Mar/2022:12:12:46 -0300] "GET /cormun/servlet/trautorizarpermisogoce? HTTP/1.1" 200 7947
190.95.2.157 - - [28/Mar/2022:12:12:47 -0300] "GET /cormun/servlet/trautorizarpermisogoce? HTTP/1.1" 200 7947
190.95.2.157 - - [28/Mar/2022:12:12:51 -0300] "POST /cormun/servlet/trautorizarpermisogoce?bd79a84f919d7b5522eec3c1b8c0f47a,,gx-no-cache=1648479624891 HTTP/1.1" 200 4521
190.95.2.157 - - [28/Mar/2022:12:12:51 -0300] "GET /cormun/static/Shared/jqueryui/images/ui-bg_highlight-soft_100_c6c2c8_1x100.png HTTP/1.1" 404 1117
190.95.2.157 - - [28/Mar/2022:12:12:51 -0300] "GET /cormun/static/Shared/jqueryui/images/ui-icons_82798d_256x240.png HTTP/1.1" 404 1089
190.95.2.157 - - [28/Mar/2022:12:12:51 -0300] "GET /cormun/static/Shared/jqueryui/images/ui-bg_flat_55_fafafa_40x100.png HTTP/1.1" 404 1097
190.95.2.157 - - [28/Mar/2022:12:12:51 -0300] "GET /cormun/static/Shared/jqueryui/images/ui-icons_8d78a5_256x240.png HTTP/1.1" 404 1089
192.168.10.17 - - [28/Mar/2022:12:12:57 -0300] "POST /cormun/servlet/trsolicitudgral?9235dce24bd9cd37f5debb64d0a2b181,,gx-no-cache=1648479466862 HTTP/1.1" 200 11674
190.95.2.157 - - [28/Mar/2022:12:13:04 -0300] "GET /cormun/servlet/trpermisosgoce? HTTP/1.1" 200 8601
190.95.2.157 - - [28/Mar/2022:12:13:04 -0300] "GET /cormun/servlet/trpermisosgoce? HTTP/1.1" 200 8600
190.95.2.157 - - [28/Mar/2022:12:13:08 -0300] "GET /cormun/servlet/permisogoce?INS,0,,, HTTP/1.1" 200 7167
190.95.2.157 - - [28/Mar/2022:12:13:09 -0300] "GET /cormun/servlet/permisogoce?INS,0,,, HTTP/1.1" 200 7167
190.95.2.157 - - [28/Mar/2022:12:13:15 -0300] "GET /cormun/servlet/permisogoce?7028c91ff8304b23ad0397b43dbd97c8560f941e558c9d22e6c4d542b8f9ba5a220856d71573b521b8555eebbb7be0f3b16aac46832e062fd77a14d21c430581,gx-no-cache=1648479649057 HTTP/1.1" 200 79
190.95.2.157 - - [28/Mar/2022:12:13:15 -0300] "GET /cormun/static/menuarrow.gif HTTP/1.1" 404 1015
200.54.107.2 - - [28/Mar/2022:12:13:19 -0300] "GET /cormun/servlet/solicitudot?6696fccb79a75f35d2035fa16446e27809cf59a3b959b98d03f1ecf1979123247238e754c9b23f48139f20f04bfc14d2,gx-no-cache=1648479653197 HTTP/1.1" 200 30
190.95.2.157 - - [28/Mar/2022:12:13:25 -0300] "GET /cormun/servlet/permisogoce?7028c91ff8304b23ad0397b43dbd97c8d1be31435c852c688aaedc64cd54be9e4af7a0a59dfba8a7bbd53347c7a2afae9a82cd219c5add55904b9b69ac080763,gx-no-cache=1648479658999 HTTP/1.1" 200 47
190.95.2.157 - - [28/Mar/2022:12:13:30 -0300] "POST /cormun/servlet/permisogoce?bd79a84f919d7b5522eec3c1b8c0f47a,INS,0,,,,gx-no-cache=1648479663827 HTTP/1.1" 200 93
190.95.2.157 - - [28/Mar/2022:12:13:30 -0300] "GET /cormun/servlet/hpexe_return? HTTP/1.1" 200 1016
190.95.2.157 - - [28/Mar/2022:12:13:30 -0300] "GET /cormun/servlet/trpermisosgoce HTTP/1.1" 200 8866
190.95.2.157 - - [28/Mar/2022:12:13:31 -0300] "GET /cormun/servlet/trpermisosgoce HTTP/1.1" 200 8863
190.95.2.157 - - [28/Mar/2022:12:13:35 -0300] "GET /cormun/servlet/apermisogoceprn?8534216,P,20220328115759,PU HTTP/1.1" 200 1656
200.54.107.2 - - [28/Mar/2022:12:13:41 -0300] "GET /cormun/servlet/prcontratosol?14284689,,,,,MD,,gxPopupLevel%3D0%3B HTTP/1.1" 200 9326
200.54.107.2 - - [28/Mar/2022:12:13:45 -0300] "POST /cormun/servlet/solicitudot?gx-no-cache=1648479678886 HTTP/1.1" 200 1453
200.54.107.2 - - [28/Mar/2022:12:13:45 -0300] "POST /cormun/servlet/solicitudot?gx-no-cache=1648479678960 HTTP/1.1" 200 38
