186.67.172.234 - - [28/Mar/2022:09:07:55 -0300] "GET /cormun/servlet/trlicencias? HTTP/1.1" 200 13268
186.67.172.234 - - [28/Mar/2022:09:07:55 -0300] "GET /cormun/servlet/trlicencias? HTTP/1.1" 200 13281
45.155.204.146 - - [28/Mar/2022:09:07:59 -0300] "GET /manager/html HTTP/1.1" 401 2474
186.103.156.166 - - [28/Mar/2022:09:08:24 -0300] "POST /cormun/servlet/solicitudot?gx-no-cache=1648468557997 HTTP/1.1" 200 3858
186.103.156.166 - - [28/Mar/2022:09:08:24 -0300] "POST /cormun/servlet/solicitudot?daa00b64445a7e67c2c5c1e2e127bb0e,INS,0,0,false,,gx-no-cache=1648468558227 HTTP/1.1" 200 12667
186.103.156.166 - - [28/Mar/2022:09:08:25 -0300] "GET /cormun/servlet/solicitudot?dfb7d283c2cd05ed416860e7ebc285fc28e85e11fdec59f9f2c610ab411ab31a4c6c511a730804a1e929e854035e2471,gx-no-cache=1648468559042 HTTP/1.1" 200 30
192.168.10.199 - - [28/Mar/2022:09:09:21 -0300] "POST /cormun/servlet/trsolicitudgral?d12ad8ca3af56fca99b78be199c1c87b,,gx-no-cache=1648468451279 HTTP/1.1" 200 24664
45.155.204.146 - - [28/Mar/2022:09:09:22 -0300] "GET /manager/html HTTP/1.1" 401 2474
192.168.10.199 - - [28/Mar/2022:09:09:26 -0300] "POST /cormun/servlet/trsolicitudgral?d12ad8ca3af56fca99b78be199c1c87b,,gx-no-cache=1648468456440 HTTP/1.1" 200 13158
192.168.10.199 - - [28/Mar/2022:09:09:36 -0300] "POST /cormun/servlet/trsolicitudgral?d12ad8ca3af56fca99b78be199c1c87b,,gx-no-cache=1648468465593 HTTP/1.1" 200 24663
45.155.204.146 - - [28/Mar/2022:09:10:54 -0300] "GET /manager/html HTTP/1.1" 401 2474
192.168.10.17 - - [28/Mar/2022:09:11:17 -0300] "GET /cormun/servlet/trsolicitudgral? HTTP/1.1" 200 8291
192.168.10.17 - - [28/Mar/2022:09:11:17 -0300] "GET /cormun/servlet/trsolicitudgral? HTTP/1.1" 200 8277
186.103.156.166 - - [28/Mar/2022:09:11:26 -0300] "GET /cormun/servlet/solicitudot?dfb7d283c2cd05ed416860e7ebc285fc58ef2216df4530e3b0162cbe5fea8256747b67ce93a6d94947e34de50ed13aef815629289bfa284655ee3b200182bbe0,gx-no-cache=1648468739674 HTTP/1.1" 200 30
186.103.156.166 - - [28/Mar/2022:09:11:34 -0300] "GET /cormun/servlet/solicitudot?dfb7d283c2cd05ed416860e7ebc285fc4525fea453de0b04ac9c429638381545,gx-no-cache=1648468747866 HTTP/1.1" 200 29
192.168.10.199 - - [28/Mar/2022:09:11:35 -0300] "POST /cormun/servlet/trsolicitudgral?d12ad8ca3af56fca99b78be199c1c87b,,gx-no-cache=1648468585145 HTTP/1.1" 200 13159
186.103.156.166 - - [28/Mar/2022:09:11:35 -0300] "POST /cormun/servlet/solicitudot?gx-no-cache=1648468749270 HTTP/1.1" 200 255
186.103.156.166 - - [28/Mar/2022:09:11:38 -0300] "GET /cormun/servlet/solicitudot?dfb7d283c2cd05ed416860e7ebc285fcb8af641912fd8972a420e87167af60c7126414f6bed129823f17d928eeec6797800b2633da7ea3a8b67606279b93049a31ff9002f3a3d82941d8d28b99356329dbbfa200f05344ff14550aa2e71dab3f594d6cfd57284ca15d03f86b99bf38a815f9729c5b96148584db101dba58507324a659abe657d6196ad5b5717b5898fe518a99c57e52973a2e84c1c91539e5fab0f0cb637af7f4ceedb2fb610e63e1ee258ecd8ae0969bde4d87a8f2c8fcada28277b13f51a336d10d80602ce5b1e8eac4c4224044bcfa965276b176a2f768cd954092d0cf18321939e20ba3510ca73889840a1d7103bb8e9da871cbd511e9323c88400ac3516a6e72591d15f8b7f854760741eb6005fd2e1dcac61137fe249417a1140eb9f309144f9e50ccb54d0f65864bb751e6db955b80cc2f58fee124ee9fe9f7d8a0e7642d194bd7af615127508707e531020d96e92652da8f574b1cc8b47a21e29e0f6fbeb5f651ffb0049d6b96ef359d0d97fc9479af639c07cf1774,gx-no-cache=1648468751814 HTTP/1.1" 200 30
186.103.156.166 - - [28/Mar/2022:09:11:40 -0300] "POST /cormun/servlet/solicitudot?gx-no-cache=1648468754291 HTTP/1.1" 200 30
186.103.156.166 - - [28/Mar/2022:09:11:42 -0300] "POST /cormun/servlet/solicitudot?gx-no-cache=1648468756215 HTTP/1.1" 200 1452
186.103.156.166 - - [28/Mar/2022:09:11:42 -0300] "POST /cormun/servlet/solicitudot?gx-no-cache=1648468756275 HTTP/1.1" 200 38
192.168.10.199 - - [28/Mar/2022:09:11:57 -0300] "POST /cormun/servlet/trsolicitudgral?d12ad8ca3af56fca99b78be199c1c87b,,gx-no-cache=1648468606744 HTTP/1.1" 200 24665
192.168.10.199 - - [28/Mar/2022:09:12:01 -0300] "POST /cormun/servlet/trsolicitudgral?d12ad8ca3af56fca99b78be199c1c87b,,gx-no-cache=1648468610660 HTTP/1.1" 200 26130
186.103.156.166 - - [28/Mar/2022:09:12:04 -0300] "GET /cormun/servlet/solicitudot?dfb7d283c2cd05ed416860e7ebc285fce39dced4500f998ae599f6d6d362d1a970d80ddcb2112673b0ef9917cd8aba84b18365c151afe9c41cf4d38b7b7428498b19a0a10a95c770e3bee26644e592067527d6806c07247836fdcf0c343ae418f318824f21def50aff4b7b3eb482a710,gx-no-cache=1648468778420 HTTP/1.1" 200 110
186.103.156.166 - - [28/Mar/2022:09:12:05 -0300] "POST /cormun/servlet/solicitudot?gx-no-cache=1648468778465 HTTP/1.1" 200 97
186.103.156.166 - - [28/Mar/2022:09:12:14 -0300] "GET /cormun/servlet/solicitudot?dfb7d283c2cd05ed416860e7ebc285fc0cb78b4df0f5d4bfc6e0496b570ef9c6aaec223dff5ce0fbf5b7daee7ecf288e6f07ba4ad33fb3d25bd9c3cb873d9bc74016fd842ba5d492f64b90a3a83ef1f6329977e7890e46abc8120cf3d96a3edf24558e55216ea2748055b3d8d8ae82c9,gx-no-cache=1648468788413 HTTP/1.1" 200 29
186.103.156.166 - - [28/Mar/2022:09:12:17 -0300] "GET /cormun/static/menuarrow.gif HTTP/1.1" 404 1015
186.103.156.166 - - [28/Mar/2022:09:12:21 -0300] "GET /cormun/servlet/solicitudot?dfb7d283c2cd05ed416860e7ebc285fc03a7991540398ad9560dbf7d7bde6d320fdcd2d64614ac2fda807eef959cf7d2,gx-no-cache=1648468795181 HTTP/1.1" 200 30
45.155.204.146 - - [28/Mar/2022:09:12:23 -0300] "GET /manager/html HTTP/1.1" 401 2474
186.103.156.166 - - [28/Mar/2022:09:12:34 -0300] "POST /cormun/servlet/solicitudot?gx-no-cache=1648468807712 HTTP/1.1" 200 30
45.155.204.146 - - [28/Mar/2022:09:13:53 -0300] "GET /manager/html HTTP/1.1" 401 2474
200.54.237.82 - - [28/Mar/2022:09:14:05 -0300] "GET /cormun/servlet/hlogin HTTP/1.1" 200 1730
200.54.237.82 - - [28/Mar/2022:09:14:05 -0300] "GET /cormun/static/gxcfg.js?201910216285969 HTTP/1.1" 200 953
200.54.237.82 - - [28/Mar/2022:09:14:05 -0300] "GET /cormun/static/gxtimezone.js?85251 HTTP/1.1" 200 5781
200.54.237.82 - - [28/Mar/2022:09:14:05 -0300] "GET /cormun/static/Resources/Spanish/PXTools.css?2294816 HTTP/1.1" 200 100853
200.54.237.82 - - [28/Mar/2022:09:14:06 -0300] "GET /cormun/static/gxgral.js?85251 HTTP/1.1" 200 384558
192.168.10.17 - - [28/Mar/2022:09:14:06 -0300] "POST /cormun/servlet/trsolicitudgral?2576934d8e80cf7184754eb796749830,,gx-no-cache=1648468736188 HTTP/1.1" 200 11319
190.171.142.10 - - [28/Mar/2022:09:14:06 -0300] "GET /cormun/servlet/licenciaspermisos?INS,0,,, HTTP/1.1" 200 7591
190.171.142.10 - - [28/Mar/2022:09:14:08 -0300] "GET /cormun/servlet/licenciaspermisos?INS,0,,, HTTP/1.1" 200 7599
190.171.142.10 - - [28/Mar/2022:09:14:21 -0300] "GET /cormun/servlet/licenciaspermisos?669e77e85241496f99cdd46c8b8fdaa985c9d903512ec19d43489a3be5f3a53d75e9319ada1aa82cafb255872c2214b753bde3057e3391de967b801b8f35c33f,gx-no-cache=1648468915494 HTTP/1.1" 200 106
190.171.142.10 - - [28/Mar/2022:09:14:21 -0300] "POST /cormun/servlet/licenciaspermisos?40a0ba57b6306d4dc220b476759673e8,INS,0,,,,gx-no-cache=1648468915564 HTTP/1.1" 200 4854
200.54.237.82 - - [28/Mar/2022:09:14:22 -0300] "GET /cormun/static/messages.spa.js?85251 HTTP/1.1" 200 30736
200.54.237.82 - - [28/Mar/2022:09:14:22 -0300] "GET /cormun/static/hlogin.js?201910216285995 HTTP/1.1" 200 2136
200.54.237.82 - - [28/Mar/2022:09:14:22 -0300] "GET /cormun/static/Resources/PXToolsLoginTop.png HTTP/1.1" 200 1337
200.54.237.82 - - [28/Mar/2022:09:14:22 -0300] "GET /cormun/static/Resources/Logo2019_Grande.png HTTP/1.1" 200 31733
200.54.237.82 - - [28/Mar/2022:09:14:22 -0300] "GET /cormun/static/Resources/PXToolsLoginBackground.png HTTP/1.1" 200 1164
200.54.237.82 - - [28/Mar/2022:09:14:22 -0300] "GET /cormun/static/Resources/PXToolsButtonLeft.png HTTP/1.1" 200 1310
200.54.237.82 - - [28/Mar/2022:09:14:22 -0300] "GET /cormun/static/Resources/PXToolsButtonRight.png HTTP/1.1" 200 1294
200.54.237.82 - - [28/Mar/2022:09:14:22 -0300] "GET /cormun/static/Resources/PXToolsLoginBottom.png HTTP/1.1" 200 1389
200.54.237.82 - - [28/Mar/2022:09:14:22 -0300] "GET /cormun/static/Resources/PXToolsButtonBackground.png HTTP/1.1" 200 1176
200.54.237.82 - - [28/Mar/2022:09:14:22 -0300] "GET /cormun/static/Resources/indicator.gif HTTP/1.1" 200 1553
200.54.237.82 - - [28/Mar/2022:09:14:22 -0300] "GET /cormun/servlet/hlogin HTTP/1.1" 200 1741
200.54.237.82 - - [28/Mar/2022:09:14:58 -0300] "POST /cormun/servlet/hlogin?bc55a18345f110b6c914d936a72ac3ac,gx-no-cache=1648468955365 HTTP/1.1" 200 451
200.54.237.82 - - [28/Mar/2022:09:15:09 -0300] "POST /cormun/servlet/hlogin?bc55a18345f110b6c914d936a72ac3ac,gx-no-cache=1648468966819 HTTP/1.1" 200 90
200.54.237.82 - - [28/Mar/2022:09:15:10 -0300] "GET /cormun/servlet/hpexe_link HTTP/1.1" 200 959
200.54.237.82 - - [28/Mar/2022:09:15:10 -0300] "GET /cormun/static/gxcfg.js?201991422392958 HTTP/1.1" 200 953
200.54.237.82 - - [28/Mar/2022:09:15:10 -0300] "GET /cormun/static/hpexe_link.js?201991422392963 HTTP/1.1" 200 625
200.54.237.82 - - [28/Mar/2022:09:15:10 -0300] "GET /cormun/servlet/hhome HTTP/1.1" 200 4337
200.54.237.82 - - [28/Mar/2022:09:15:10 -0300] "GET /cormun/static/Shared/jqueryui/jquery-ui.min.css?1345370 HTTP/1.1" 200 30288
200.54.237.82 - - [28/Mar/2022:09:15:10 -0300] "GET /cormun/static/Resources/Spanish/PXTools.css?14345360 HTTP/1.1" 200 100853
200.54.237.82 - - [28/Mar/2022:09:15:10 -0300] "GET /cormun/static/gxcfg.js?20201215495537 HTTP/1.1" 200 953
200.54.237.82 - - [28/Mar/2022:09:15:10 -0300] "GET /cormun/static/SmoothNavMenu/resources/ddsmoothmenu.css?1112540 HTTP/1.1" 200 2223
200.54.237.82 - - [28/Mar/2022:09:15:10 -0300] "GET /cormun/static/SmoothNavMenu/resources/ddsmoothmenu-v.css?1112540 HTTP/1.1" 200 1188
200.54.237.82 - - [28/Mar/2022:09:15:10 -0300] "GET /cormun/static/scaMessage/css/jquery.pnotify.default.css?1816380 HTTP/1.1" 200 1707
200.54.237.82 - - [28/Mar/2022:09:15:10 -0300] "GET /cormun/static/PXToolsJavascripts/pexe_cookies.js HTTP/1.1" 200 792
200.54.237.82 - - [28/Mar/2022:09:15:10 -0300] "GET /cormun/static/PXToolsJavascripts/pexe_autoreload.js HTTP/1.1" 200 1762
200.54.237.82 - - [28/Mar/2022:09:15:10 -0300] "GET /cormun/static/PXToolsJavascripts/pexe_windows.js HTTP/1.1" 200 15207
200.54.237.82 - - [28/Mar/2022:09:15:10 -0300] "GET /cormun/static/PXToolsJavascripts/pexe_grid.js HTTP/1.1" 200 7559
200.54.237.82 - - [28/Mar/2022:09:15:10 -0300] "GET /cormun/static/PXToolsJavascripts/pexe_griddivfix.js HTTP/1.1" 200 6644
200.54.237.82 - - [28/Mar/2022:09:15:10 -0300] "GET /cormun/static/PXToolsJavascripts/pexe_link.js HTTP/1.1" 200 5671
200.54.237.82 - - [28/Mar/2022:09:15:10 -0300] "GET /cormun/static/PXToolsJavascripts/pexe_menudivfix.js HTTP/1.1" 200 333
200.54.237.82 - - [28/Mar/2022:09:15:10 -0300] "GET /cormun/static/PXToolsJavascripts/pexe_menus.js HTTP/1.1" 200 1286
200.54.237.82 - - [28/Mar/2022:09:15:10 -0300] "GET /cormun/static/PXToolsJavascripts/pexe_oav.js HTTP/1.1" 200 645
200.54.237.82 - - [28/Mar/2022:09:15:10 -0300] "GET /cormun/static/PXToolsJavascripts/pexe_oavdivfix.js HTTP/1.1" 200 639
200.54.237.82 - - [28/Mar/2022:09:15:10 -0300] "GET /cormun/static/PXToolsJavascripts/pexe_layers.js HTTP/1.1" 200 4114
200.54.237.82 - - [28/Mar/2022:09:15:10 -0300] "GET /cormun/static/PXToolsJavascripts/pexe_popup.js HTTP/1.1" 200 13458
200.54.237.82 - - [28/Mar/2022:09:15:10 -0300] "GET /cormun/static/PXToolsJavascripts/pexe_picture.js HTTP/1.1" 200 689
200.54.237.82 - - [28/Mar/2022:09:15:10 -0300] "GET /cormun/static/PXToolsJavascripts/pexe_tabdivfix.js HTTP/1.1" 200 876
200.54.237.82 - - [28/Mar/2022:09:15:10 -0300] "GET /cormun/static/PXToolsJavascripts/pexe_scrolldiv.js HTTP/1.1" 200 4138
200.54.237.82 - - [28/Mar/2022:09:15:10 -0300] "GET /cormun/static/PXToolsJavascripts/pexe_tabs.js HTTP/1.1" 200 3748
200.54.237.82 - - [28/Mar/2022:09:15:10 -0300] "GET /cormun/static/PXToolsJavascripts/PXToolsJavascriptsRender.js HTTP/1.1" 200 367
200.54.237.82 - - [28/Mar/2022:09:15:10 -0300] "GET /cormun/static/PXToolsJavascripts/pexe_upload.js HTTP/1.1" 200 1423
200.54.237.82 - - [28/Mar/2022:09:15:10 -0300] "GET /cormun/static/RunJS/RunJS.js HTTP/1.1" 200 288
200.54.237.82 - - [28/Mar/2022:09:15:10 -0300] "GET /cormun/static/hhome.js?20201215495544 HTTP/1.1" 200 777
200.54.237.82 - - [28/Mar/2022:09:15:10 -0300] "GET /cormun/static/hwchdr01.js?20201214473739 HTTP/1.1" 200 996
200.54.237.82 - - [28/Mar/2022:09:15:10 -0300] "GET /cormun/static/hpexe_recentlink.js?20201214471090 HTTP/1.1" 200 2144
200.54.237.82 - - [28/Mar/2022:09:15:10 -0300] "GET /cormun/static/Shared/ext/locale/ext-lang-en.js HTTP/1.1" 200 10940
200.54.237.82 - - [28/Mar/2022:09:15:10 -0300] "GET /cormun/static/gxui/gxui-all.js HTTP/1.1" 200 107772
200.54.237.82 - - [28/Mar/2022:09:15:10 -0300] "GET /cormun/static/hpexe_scripts.js?20201214471411 HTTP/1.1" 200 1544
200.54.237.82 - - [28/Mar/2022:09:15:10 -0300] "GET /cormun/static/hpexe_messagecontroller.js?201991422154126 HTTP/1.1" 200 870
200.54.237.82 - - [28/Mar/2022:09:15:10 -0300] "GET /cormun/static/hpexe_messagepopupcomponent.js?2020121447232 HTTP/1.1" 200 605
200.54.237.82 - - [28/Mar/2022:09:15:10 -0300] "GET /cormun/static/hpexe_messagegenexuscomponent.js?2020121447173 HTTP/1.1" 200 587
200.54.237.82 - - [28/Mar/2022:09:15:10 -0300] "GET /cormun/static/Resources/ImgLogin.png HTTP/1.1" 200 1432
200.54.237.82 - - [28/Mar/2022:09:15:11 -0300] "GET /cormun/static/Resources/Logo2019_Small.png HTTP/1.1" 200 10855
200.54.237.82 - - [28/Mar/2022:09:15:11 -0300] "GET /cormun/static/Resources/PXToolsDataTitle.png HTTP/1.1" 200 1173
200.54.237.82 - - [28/Mar/2022:09:15:11 -0300] "GET /cormun/static/Resources/ImgHome.png HTTP/1.1" 200 1364
200.54.237.82 - - [28/Mar/2022:09:15:11 -0300] "GET /cormun/static/Resources/Llave.png HTTP/1.1" 200 1395
200.54.237.82 - - [28/Mar/2022:09:15:11 -0300] "GET /cormun/static/cmcontrolpreferences.js?20199141926336 HTTP/1.1" 200 1375
200.54.237.82 - - [28/Mar/2022:09:15:11 -0300] "GET /cormun/static/SmoothNavMenu/resources/ddsmoothmenu.js HTTP/1.1" 200 12712
200.54.237.82 - - [28/Mar/2022:09:15:11 -0300] "GET /cormun/static/Shared/jquery/jquery-1.4.2.min.js HTTP/1.1" 200 72174
200.54.237.82 - - [28/Mar/2022:09:15:11 -0300] "GET /cormun/static/SmoothNavMenu/resources/SmoothNavMenuRender.js HTTP/1.1" 200 5951
200.54.237.82 - - [28/Mar/2022:09:15:11 -0300] "GET /cormun/static/scaMessage/js/jquery.pnotify.min.js HTTP/1.1" 200 13038
200.54.237.82 - - [28/Mar/2022:09:15:11 -0300] "GET /cormun/static/Shared/ext/ext-all.js HTTP/1.1" 200 1289687
200.54.237.82 - - [28/Mar/2022:09:15:11 -0300] "GET /cormun/static/scaMessage/scaMessageRender.js HTTP/1.1" 200 11977
200.54.237.82 - - [28/Mar/2022:09:15:11 -0300] "GET /cormun/static/hmpwkw03.js?20201215501896 HTTP/1.1" 200 3973
200.54.237.82 - - [28/Mar/2022:09:15:11 -0300] "GET /cormun/static/Shared/jquery/jquery-1.10.2.min.js HTTP/1.1" 200 273199
200.54.237.82 - - [28/Mar/2022:09:15:11 -0300] "GET /cormun/static/Shared/jqueryui/jquery-ui.min.js HTTP/1.1" 200 240427
200.54.237.82 - - [28/Mar/2022:09:15:11 -0300] "GET /cormun/static/SmoothNavMenu/resources/images/down.gif HTTP/1.1" 200 854
200.54.237.82 - - [28/Mar/2022:09:15:11 -0300] "GET /cormun/static/SmoothNavMenu/resources/images/right.gif HTTP/1.1" 200 860
200.54.237.82 - - [28/Mar/2022:09:15:11 -0300] "GET /cormun/servlet/hhome HTTP/1.1" 200 4334
45.155.204.146 - - [28/Mar/2022:09:15:25 -0300] "GET /manager/html HTTP/1.1" 401 2474
200.54.237.82 - - [28/Mar/2022:09:15:35 -0300] "GET /cormun/servlet/trcontratounov2? HTTP/1.1" 200 16447
200.54.237.82 - - [28/Mar/2022:09:15:35 -0300] "GET /cormun/static/gxui/gxui-all.css?120300 HTTP/1.1" 200 2179
200.54.237.82 - - [28/Mar/2022:09:15:35 -0300] "GET /cormun/static/calendar-system.css?85620 HTTP/1.1" 200 5572
200.54.237.82 - - [28/Mar/2022:09:15:35 -0300] "GET /cormun/static/gxcfg.js?2020121614367 HTTP/1.1" 200 953
200.54.237.82 - - [28/Mar/2022:09:15:35 -0300] "GET /cormun/static/calendar-setup.js?85251 HTTP/1.1" 200 2588
200.54.237.82 - - [28/Mar/2022:09:15:35 -0300] "GET /cormun/static/calendar-es.js?85251 HTTP/1.1" 200 1901
200.54.237.82 - - [28/Mar/2022:09:15:35 -0300] "GET /cormun/static/calendar.js?85251 HTTP/1.1" 200 26246
200.54.237.82 - - [28/Mar/2022:09:15:35 -0300] "GET /cormun/static/gxdec.js?85251 HTTP/1.1" 200 19579
200.54.237.82 - - [28/Mar/2022:09:15:35 -0300] "GET /cormun/static/trcontratounov2.js?20201216143065 HTTP/1.1" 200 38486
200.54.237.82 - - [28/Mar/2022:09:15:35 -0300] "GET /cormun/static/Resources/PXToolsDataSearch.png HTTP/1.1" 200 435
200.54.237.82 - - [28/Mar/2022:09:15:35 -0300] "GET /cormun/static/Resources/PXToolsGridFirstDisabled.gif HTTP/1.1" 200 100
200.54.237.82 - - [28/Mar/2022:09:15:35 -0300] "GET /cormun/static/Shared/ext/resources/css/ext-all.css?215870 HTTP/1.1" 200 416045
200.54.237.82 - - [28/Mar/2022:09:15:35 -0300] "GET /cormun/static/Resources/PXToolsGridPreviousDisabled.gif HTTP/1.1" 200 90
200.54.237.82 - - [28/Mar/2022:09:15:35 -0300] "GET /cormun/static/Resources/PXToolsGridNextDisabled.gif HTTP/1.1" 200 90
200.54.237.82 - - [28/Mar/2022:09:15:35 -0300] "GET /cormun/static/Resources/PXToolsGridLastDisabled.gif HTTP/1.1" 200 98
200.54.237.82 - - [28/Mar/2022:09:15:35 -0300] "GET /cormun/static/Resources/PXToolsGridPage.gif HTTP/1.1" 200 725
200.54.237.82 - - [28/Mar/2022:09:15:36 -0300] "GET /cormun/static/Resources/PXToolsActionExcel.png HTTP/1.1" 200 727
200.54.237.82 - - [28/Mar/2022:09:15:36 -0300] "GET /cormun/static/Resources/PXToolsAddAllAction.png HTTP/1.1" 200 495
200.54.237.82 - - [28/Mar/2022:09:15:36 -0300] "GET /cormun/static/Resources/PXToolsAddSelectedAction.png HTTP/1.1" 200 523
200.54.237.82 - - [28/Mar/2022:09:15:36 -0300] "GET /cormun/servlet/trcontratounov2? HTTP/1.1" 200 16445
200.54.237.82 - - [28/Mar/2022:09:15:36 -0300] "GET /cormun//static/Resources/PXToolsActionDisabled.gif HTTP/1.1" 200 53
200.54.237.82 - - [28/Mar/2022:09:15:36 -0300] "GET /cormun/static/Resources/asc.gif HTTP/1.1" 200 67
200.54.237.82 - - [28/Mar/2022:09:15:36 -0300] "GET /cormun/static/Resources/desc.gif HTTP/1.1" 200 65
200.54.237.82 - - [28/Mar/2022:09:15:36 -0300] "GET /cormun/static/Shared/ext/resources/themes/images/default/tools/tool-sprites.gif HTTP/1.1" 200 5434
200.54.237.82 - - [28/Mar/2022:09:15:36 -0300] "GET /cormun/static/Shared/ext/resources/themes/images/default/panel/bg-headersPanel.png HTTP/1.1" 200 255
186.103.156.166 - - [28/Mar/2022:09:16:24 -0300] "GET /cormun/servlet/prbanco?,MD,,gxPopupLevel%3D0%3B HTTP/1.1" 200 6495
186.103.156.166 - - [28/Mar/2022:09:16:24 -0300] "GET /cormun/static/gxcfg.js?20201216131581 HTTP/1.1" 200 953
186.103.156.166 - - [28/Mar/2022:09:16:24 -0300] "GET /cormun/static/prbanco.js?20201216132311 HTTP/1.1" 200 10693
186.103.156.166 - - [28/Mar/2022:09:16:40 -0300] "POST /cormun/servlet/prbanco?daa00b64445a7e67c2c5c1e2e127bb0e,,MD,,gxPopupLevel%3D0%3B,gx-no-cache=1648469053938 HTTP/1.1" 200 2526
186.103.156.166 - - [28/Mar/2022:09:16:45 -0300] "POST /cormun/servlet/prbanco?daa00b64445a7e67c2c5c1e2e127bb0e,,MD,,gxPopupLevel%3D0%3B,gx-no-cache=1648469058823 HTTP/1.1" 200 2526
186.103.156.166 - - [28/Mar/2022:09:16:56 -0300] "POST /cormun/servlet/solicitudot?daa00b64445a7e67c2c5c1e2e127bb0e,INS,0,0,false,,gx-no-cache=1648469069088 HTTP/1.1" 200 93
186.103.156.166 - - [28/Mar/2022:09:16:56 -0300] "GET /cormun/servlet/hpexe_return? HTTP/1.1" 200 1007
186.103.156.166 - - [28/Mar/2022:09:16:56 -0300] "GET /cormun/servlet/trsolicitudot HTTP/1.1" 200 8844
186.103.156.166 - - [28/Mar/2022:09:16:57 -0300] "GET /cormun//static/Resources/PXToolsActionView.png HTTP/1.1" 200 398
186.103.156.166 - - [28/Mar/2022:09:16:58 -0300] "GET /cormun/servlet/trsolicitudot HTTP/1.1" 200 8843
186.103.156.166 - - [28/Mar/2022:09:16:58 -0300] "GET /cormun//static/Resources/PXToolsGridUpdate.png HTTP/1.1" 200 470
186.103.156.166 - - [28/Mar/2022:09:16:58 -0300] "GET /cormun//static/Resources/PXToolsRemoveAllAction.png HTTP/1.1" 200 487
186.103.156.166 - - [28/Mar/2022:09:16:58 -0300] "GET /cormun//static/Resources/PXToolsGridDelete.png HTTP/1.1" 200 538
186.103.156.166 - - [28/Mar/2022:09:16:58 -0300] "GET /cormun//static/Resources/PXTools/ActionInsert.png HTTP/1.1" 200 1482
45.155.204.146 - - [28/Mar/2022:09:17:02 -0300] "GET /manager/html HTTP/1.1" 401 2474
186.103.156.166 - - [28/Mar/2022:09:17:07 -0300] "POST /cormun/servlet/trsolicitudot?daa00b64445a7e67c2c5c1e2e127bb0e,gx-no-cache=1648469080734 HTTP/1.1" 200 112
186.103.156.166 - - [28/Mar/2022:09:17:07 -0300] "GET /cormun/servlet/solicitudot?UPD,2022,18316,false, HTTP/1.1" 200 16456
186.103.156.166 - - [28/Mar/2022:09:17:08 -0300] "GET /cormun/servlet/solicitudot?UPD,2022,18316,false, HTTP/1.1" 200 16467
186.103.156.166 - - [28/Mar/2022:09:17:09 -0300] "POST /cormun/servlet/solicitudot?gx-no-cache=1648469082567 HTTP/1.1" 200 3916
186.103.156.166 - - [28/Mar/2022:09:17:09 -0300] "POST /cormun/servlet/solicitudot?daa00b64445a7e67c2c5c1e2e127bb0e,UPD,2022,18316,false,,gx-no-cache=1648469082703 HTTP/1.1" 200 12798
186.103.156.166 - - [28/Mar/2022:09:17:09 -0300] "GET /cormun/servlet/solicitudot?dfb7d283c2cd05ed416860e7ebc285fc28e85e11fdec59f9f2c610ab411ab31abd8d41632f81bc4b5377c39a4fb3e349,gx-no-cache=1648469082943 HTTP/1.1" 200 30
186.103.156.166 - - [28/Mar/2022:09:17:09 -0300] "GET /cormun/servlet/solicitudot?dfb7d283c2cd05ed416860e7ebc285fc58ef2216df4530e3b0162cbe5fea8256747b67ce93a6d94947e34de50ed13aefe0615f5cff3d406d43dc4fcfa17bd500,gx-no-cache=1648469083060 HTTP/1.1" 200 30
186.103.156.166 - - [28/Mar/2022:09:17:09 -0300] "GET /cormun/servlet/solicitudot?dfb7d283c2cd05ed416860e7ebc285fc1f40cabf85679547cdf73067375e22703c6227659e3fc40654c1666b5a9067edbf920061cac8c821fa53b3b288a44300,gx-no-cache=1648469083158 HTTP/1.1" 200 53
186.103.156.166 - - [28/Mar/2022:09:17:09 -0300] "POST /cormun/servlet/solicitudot?gx-no-cache=1648469083248 HTTP/1.1" 200 254
186.103.156.166 - - [28/Mar/2022:09:17:10 -0300] "GET /cormun/servlet/solicitudot?dfb7d283c2cd05ed416860e7ebc285fcb8af641912fd8972a420e87167af60c7126414f6bed129823f17d928eeec6797800b2633da7ea3a8b67606279b93049a31ff9002f3a3d82941d8d28b99356329dbbfa200f05344ff14550aa2e71dab3f594d6cfd57284ca15d03f86b99bf38a815f9729c5b96148584db101dba58507324a659abe657d6196ad5b5717b5898fe518a99c57e52973a2e84c1c91539e5fab0f0cb637af7f4ceedb2fb610e63e1ee258ecd8ae0969bde4d87a8f2c8fcada28277b13f51a336d10d80602ce5b1e8eac4c4224044bcfa965276b176a2f768cd954092d0cf18321939e20ba3510ca73889840a1d7103bb8e9da871cbd511e9323c88400ac3516a6e72591d15f8b7f854760741eb6005fd2e1dcac61137fe249417a1140eb9f309144f9e50ccb54d0f65864bb751e6db955b80cc2f58fee124ee9fe9f7d8a0e7642d194bd7af615127508707e531020d96e92652da8f574b1cc8b47a21e29e0f6fbeb5f651ffb0049d6bad2d617d5eb1854703e0205d5b4d51af,gx-no-cache=1648469083346 HTTP/1.1" 200 30
186.103.156.166 - - [28/Mar/2022:09:17:10 -0300] "POST /cormun/servlet/solicitudot?gx-no-cache=1648469084390 HTTP/1.1" 200 30
186.103.156.166 - - [28/Mar/2022:09:17:11 -0300] "POST /cormun/servlet/solicitudot?gx-no-cache=1648469084450 HTTP/1.1" 200 1452
192.168.10.17 - - [28/Mar/2022:09:17:11 -0300] "POST /cormun/servlet/trsolicitudgral?2576934d8e80cf7184754eb796749830,,gx-no-cache=1648468921320 HTTP/1.1" 200 5275
186.103.156.166 - - [28/Mar/2022:09:17:11 -0300] "POST /cormun/servlet/solicitudot?gx-no-cache=1648469084551 HTTP/1.1" 200 41
192.168.10.17 - - [28/Mar/2022:09:17:25 -0300] "POST /cormun/servlet/trsolicitudgral?2576934d8e80cf7184754eb796749830,,gx-no-cache=1648468935310 HTTP/1.1" 200 6659
192.168.10.17 - - [28/Mar/2022:09:17:28 -0300] "GET /cormun/servlet/vesolicitudgral?2022,18238,, HTTP/1.1" 200 8406
192.168.10.17 - - [28/Mar/2022:09:17:28 -0300] "GET /cormun/pexe_scrolldiv.js HTTP/1.1" 404 1009
192.168.10.17 - - [28/Mar/2022:09:17:29 -0300] "GET /cormun/servlet/vesolicitudgral?2022,18238,, HTTP/1.1" 200 8406
190.171.142.10 - - [28/Mar/2022:09:17:29 -0300] "POST /cormun/servlet/licenciaspermisos?40a0ba57b6306d4dc220b476759673e8,INS,0,,,,gx-no-cache=1648469102951 HTTP/1.1" 200 90
190.171.142.10 - - [28/Mar/2022:09:17:29 -0300] "GET /cormun/servlet/hpexe_link HTTP/1.1" 200 972
190.171.142.10 - - [28/Mar/2022:09:17:29 -0300] "GET /cormun/servlet/trlicencias? HTTP/1.1" 200 13740
190.171.142.10 - - [28/Mar/2022:09:17:31 -0300] "GET /cormun/servlet/trlicencias? HTTP/1.1" 200 13736
190.171.142.10 - - [28/Mar/2022:09:17:34 -0300] "POST /cormun/servlet/trlicencias?40a0ba57b6306d4dc220b476759673e8,,gx-no-cache=1648469108314 HTTP/1.1" 200 11518
186.103.156.166 - - [28/Mar/2022:09:17:48 -0300] "POST /cormun/servlet/solicitudot?gx-no-cache=1648469121757 HTTP/1.1" 200 30
186.103.156.166 - - [28/Mar/2022:09:17:48 -0300] "POST /cormun/servlet/solicitudot?gx-no-cache=1648469121808 HTTP/1.1" 200 1452
186.103.156.166 - - [28/Mar/2022:09:17:48 -0300] "POST /cormun/servlet/solicitudot?gx-no-cache=1648469121871 HTTP/1.1" 200 41
186.103.156.166 - - [28/Mar/2022:09:17:48 -0300] "GET /cormun/servlet/solicitudot?dfb7d283c2cd05ed416860e7ebc285fce39dced4500f998ae599f6d6d362d1a970d80ddcb2112673b0ef9917cd8aba84b18365c151afe9c41cf4d38b7b7428498b19a0a10a95c770e3bee26644e592067527d6806c07247836fdcf0c343ae418f318824f21def50aff4b7b3eb482a710,gx-no-cache=1648469121916 HTTP/1.1" 200 110
186.103.156.166 - - [28/Mar/2022:09:17:48 -0300] "POST /cormun/servlet/solicitudot?gx-no-cache=1648469121965 HTTP/1.1" 200 97
186.103.156.166 - - [28/Mar/2022:09:17:48 -0300] "GET /cormun/servlet/solicitudot?dfb7d283c2cd05ed416860e7ebc285fc3620638d61b832b775e9d29498642cb0b9f6ad780d0bc1d3595a449036fe1cff2c2a54130e2bbb23e0f74ef95b546d5429ed29d5fbc9d871f46e9aff42fb9292feff8a8f206c30563f674eaa8e2d0f497036472f6a771519b597c06fe0cc434c42e51b2f7dfb249d999044808e4fa9cc8394a73eeb57c7a403069ef17feba13d40d0294a90b06773377ac99eb00e8448,gx-no-cache=1648469122018 HTTP/1.1" 200 29
186.103.156.166 - - [28/Mar/2022:09:17:48 -0300] "GET /cormun/servlet/solicitudot?dfb7d283c2cd05ed416860e7ebc285fc03a7991540398ad9560dbf7d7bde6d320fdcd2d64614ac2fda807eef959cf7d2,gx-no-cache=1648469122046 HTTP/1.1" 200 30
186.103.156.166 - - [28/Mar/2022:09:17:48 -0300] "POST /cormun/servlet/solicitudot?gx-no-cache=1648469122109 HTTP/1.1" 200 30
186.103.156.166 - - [28/Mar/2022:09:17:48 -0300] "POST /cormun/servlet/solicitudot?daa00b64445a7e67c2c5c1e2e127bb0e,UPD,2022,18316,false,,gx-no-cache=1648469122155 HTTP/1.1" 200 93
186.103.156.166 - - [28/Mar/2022:09:17:49 -0300] "GET /cormun/servlet/hpexe_return? HTTP/1.1" 200 1013
186.103.156.166 - - [28/Mar/2022:09:17:49 -0300] "GET /cormun/servlet/trsolicitudot HTTP/1.1" 200 8844
186.103.156.166 - - [28/Mar/2022:09:17:50 -0300] "GET /cormun/servlet/trsolicitudot HTTP/1.1" 200 8843
190.171.142.10 - - [28/Mar/2022:09:18:16 -0300] "GET /cormun/servlet/licenciaspermisos?INS,0,,, HTTP/1.1" 200 7591
190.171.142.10 - - [28/Mar/2022:09:18:18 -0300] "GET /cormun/servlet/licenciaspermisos?INS,0,,, HTTP/1.1" 200 7599
190.171.142.10 - - [28/Mar/2022:09:18:28 -0300] "GET /cormun/servlet/licenciaspermisos?669e77e85241496f99cdd46c8b8fdaa985c9d903512ec19d43489a3be5f3a53d75e9319ada1aa82cafb255872c2214b753bde3057e3391de967b801b8f35c33f,gx-no-cache=1648469162664 HTTP/1.1" 200 106
190.171.142.10 - - [28/Mar/2022:09:18:29 -0300] "POST /cormun/servlet/licenciaspermisos?40a0ba57b6306d4dc220b476759673e8,INS,0,,,,gx-no-cache=1648469162727 HTTP/1.1" 200 4854
45.155.204.146 - - [28/Mar/2022:09:18:43 -0300] "GET /manager/html HTTP/1.1" 401 2474
186.103.159.189 - - [28/Mar/2022:09:19:05 -0300] "GET /cormun/servlet/hlogin HTTP/1.1" 200 1725
186.103.159.189 - - [28/Mar/2022:09:19:05 -0300] "GET /cormun/servlet/hlogin HTTP/1.1" 200 1735
190.171.142.10 - - [28/Mar/2022:09:19:06 -0300] "GET /cormun/static/menuarrow.gif HTTP/1.1" 404 1015
190.95.2.157 - - [28/Mar/2022:09:19:13 -0300] "GET /cormun/servlet/hlogin HTTP/1.1" 200 1725
190.95.2.157 - - [28/Mar/2022:09:19:14 -0300] "GET /cormun/servlet/hlogin HTTP/1.1" 200 1735
192.168.10.17 - - [28/Mar/2022:09:19:21 -0300] "POST /cormun/servlet/vesolicitudgral?2576934d8e80cf7184754eb796749830,2022,18238,,,gx-no-cache=1648469052010 HTTP/1.1" 200 12115
192.168.10.17 - - [28/Mar/2022:09:19:21 -0300] "GET /cormun/static/Shared/jqueryui/images/ui-bg_highlight-soft_100_c6c2c8_1x100.png HTTP/1.1" 404 1117
192.168.10.17 - - [28/Mar/2022:09:19:21 -0300] "GET /cormun/static/Shared/jqueryui/images/ui-bg_flat_55_fafafa_40x100.png HTTP/1.1" 404 1097
192.168.10.17 - - [28/Mar/2022:09:19:21 -0300] "GET /cormun/static/Shared/jqueryui/images/ui-icons_82798d_256x240.png HTTP/1.1" 404 1089
192.168.10.17 - - [28/Mar/2022:09:19:21 -0300] "GET /cormun/static/Shared/jqueryui/images/ui-icons_8d78a5_256x240.png HTTP/1.1" 404 1089
192.168.10.17 - - [28/Mar/2022:09:19:22 -0300] "POST /cormun/servlet/vesolicitudgral?2576934d8e80cf7184754eb796749830,2022,18238,,,gx-no-cache=1648469052207 HTTP/1.1" 200 12050
190.95.2.157 - - [28/Mar/2022:09:19:22 -0300] "POST /cormun/servlet/hlogin?348e0d7bea0d07e32dc4525f5e95af62,gx-no-cache=1648469216540 HTTP/1.1" 200 90
190.95.2.157 - - [28/Mar/2022:09:19:23 -0300] "GET /cormun/servlet/hpexe_link HTTP/1.1" 200 950
190.95.2.157 - - [28/Mar/2022:09:19:23 -0300] "GET /cormun/servlet/hhome HTTP/1.1" 200 4275
190.95.2.157 - - [28/Mar/2022:09:19:23 -0300] "GET /cormun/servlet/hhome HTTP/1.1" 200 4271
192.168.10.17 - - [28/Mar/2022:09:19:24 -0300] "GET /cormun/servlet/trautorizarot? HTTP/1.1" 200 20372
192.168.10.17 - - [28/Mar/2022:09:19:25 -0300] "GET /cormun/servlet/trautorizarot? HTTP/1.1" 200 20365
190.95.2.157 - - [28/Mar/2022:09:19:26 -0300] "GET /cormun/servlet/trlicencias? HTTP/1.1" 200 10475
190.95.2.157 - - [28/Mar/2022:09:19:27 -0300] "GET /cormun/servlet/trlicencias? HTTP/1.1" 200 10473
192.168.10.17 - - [28/Mar/2022:09:19:30 -0300] "POST /cormun/servlet/trautorizarot?2576934d8e80cf7184754eb796749830,,gx-no-cache=1648469060782 HTTP/1.1" 200 16887
192.168.10.17 - - [28/Mar/2022:09:19:34 -0300] "GET /cormun/servlet/trsolicitudgral? HTTP/1.1" 200 8291
192.168.10.17 - - [28/Mar/2022:09:19:34 -0300] "GET /cormun/servlet/trsolicitudgral? HTTP/1.1" 200 8291
192.168.10.17 - - [28/Mar/2022:09:19:38 -0300] "POST /cormun/servlet/trsolicitudgral?2576934d8e80cf7184754eb796749830,,gx-no-cache=1648469069000 HTTP/1.1" 200 5267
192.168.10.17 - - [28/Mar/2022:09:19:44 -0300] "POST /cormun/servlet/trsolicitudgral?2576934d8e80cf7184754eb796749830,,gx-no-cache=1648469074983 HTTP/1.1" 200 5268
192.168.10.17 - - [28/Mar/2022:09:19:52 -0300] "GET /cormun/servlet/trsolicitudgral? HTTP/1.1" 200 8292
192.168.10.17 - - [28/Mar/2022:09:19:52 -0300] "GET /cormun/servlet/trsolicitudgral? HTTP/1.1" 200 8292
186.103.159.189 - - [28/Mar/2022:09:19:56 -0300] "POST /cormun/servlet/hlogin?478bd5e1f8f08981938c65f83017635c,gx-no-cache=1648469250130 HTTP/1.1" 200 90
186.103.159.189 - - [28/Mar/2022:09:19:56 -0300] "GET /cormun/servlet/hpexe_link HTTP/1.1" 200 953
186.103.159.189 - - [28/Mar/2022:09:19:56 -0300] "GET /cormun/servlet/hhome HTTP/1.1" 200 4004
192.168.10.17 - - [28/Mar/2022:09:19:56 -0300] "GET /cormun/servlet/trautorizarot? HTTP/1.1" 200 19843
186.103.159.189 - - [28/Mar/2022:09:19:56 -0300] "GET /cormun/servlet/hhome HTTP/1.1" 200 4001
192.168.10.17 - - [28/Mar/2022:09:19:57 -0300] "GET /cormun/servlet/trautorizarot? HTTP/1.1" 200 19842
186.103.159.189 - - [28/Mar/2022:09:20:03 -0300] "GET /cormun/servlet/trpermisosgoce? HTTP/1.1" 200 9033
186.103.159.189 - - [28/Mar/2022:09:20:03 -0300] "GET /cormun/servlet/trpermisosgoce? HTTP/1.1" 200 9031
192.168.10.17 - - [28/Mar/2022:09:20:13 -0300] "POST /cormun/servlet/trautorizarot?2576934d8e80cf7184754eb796749830,,gx-no-cache=1648469102996 HTTP/1.1" 200 16481
45.155.204.146 - - [28/Mar/2022:09:20:14 -0300] "GET /manager/html HTTP/1.1" 401 2474
192.168.10.17 - - [28/Mar/2022:09:20:17 -0300] "GET /cormun/servlet/trsolicitudgral? HTTP/1.1" 200 9700
192.168.10.17 - - [28/Mar/2022:09:20:17 -0300] "GET /cormun/servlet/trsolicitudgral? HTTP/1.1" 200 9699
192.168.10.17 - - [28/Mar/2022:09:20:21 -0300] "GET /cormun/servlet/vesolicitudgral?2022,18238,, HTTP/1.1" 200 8409
192.168.10.17 - - [28/Mar/2022:09:20:21 -0300] "GET /cormun/pexe_scrolldiv.js HTTP/1.1" 404 1009
192.168.10.17 - - [28/Mar/2022:09:20:22 -0300] "GET /cormun/servlet/vesolicitudgral?2022,18238,, HTTP/1.1" 200 8409
190.95.2.157 - - [28/Mar/2022:09:20:37 -0300] "GET /cormun/servlet/trautorizarsolicitud? HTTP/1.1" 200 7379
190.95.2.157 - - [28/Mar/2022:09:20:37 -0300] "GET /cormun/servlet/trautorizarsolicitud? HTTP/1.1" 200 7379
190.95.2.157 - - [28/Mar/2022:09:20:41 -0300] "POST /cormun/servlet/trautorizarsolicitud?348e0d7bea0d07e32dc4525f5e95af62,,gx-no-cache=1648469295085 HTTP/1.1" 200 4551
190.95.2.157 - - [28/Mar/2022:09:20:44 -0300] "GET /cormun/servlet/trsolicitudot? HTTP/1.1" 200 7492
190.95.2.157 - - [28/Mar/2022:09:20:44 -0300] "GET /cormun/servlet/trsolicitudot? HTTP/1.1" 200 7492
192.168.10.17 - - [28/Mar/2022:09:20:49 -0300] "GET /cormun/servlet/vesolicitudgral?2022,18238,,SolicitudOTAdjuntos HTTP/1.1" 200 10961
192.168.10.17 - - [28/Mar/2022:09:20:49 -0300] "GET /cormun/pexe_scrolldiv.js HTTP/1.1" 404 1009
192.168.10.17 - - [28/Mar/2022:09:20:49 -0300] "GET /cormun/servlet/vesolicitudgral?2022,18238,,SolicitudOTAdjuntos HTTP/1.1" 200 10964
192.168.10.17 - - [28/Mar/2022:09:20:50 -0300] "POST /cormun/servlet/acontrolpreferencessavestate?None,RRHH+DANIELA,true HTTP/1.1" 200 35
192.168.10.17 - - [28/Mar/2022:09:21:13 -0300] "GET /cormun/PublicTempStorage/cedula_de_identidad_gerardo_contreras3718345.pdf HTTP/1.1" 200 225779
190.171.142.10 - - [28/Mar/2022:09:21:19 -0300] "GET /cormun/servlet/licenciaspermisos?669e77e85241496f99cdd46c8b8fdaa9f8f0dcc06eacaf6b6c6305d0e405c0c1b029f5e9a0f7ce6e63a9a1996beffa972f8fd981d3cc05fced540639c9c993b91142cc430b3eb0f9f1b270ceef7ab79b3ff311499f662055cf838030e01b0a1ff74c81797d3191a4880e482decf4c96d2a3b50c4845df54c409f1f80016b022e78335824cb445a630c8b73026486e93ed1979179b3933b5a69686ea41b21a4964809d732b35d2fed59f500922da96cb059a4ddbd8a7d1f5af68402608a9b2eb50dcaa8fc0a9874af45326cf75145478f0952e76f4c73c4f2c012b19cd5899fc3,gx-no-cache=1648469333692 HTTP/1.1" 200 30
190.171.142.10 - - [28/Mar/2022:09:21:20 -0300] "GET /cormun/servlet/licenciaspermisos?669e77e85241496f99cdd46c8b8fdaa924364f1b319e081c62771ea27bf5eb8d1e552c85030568279263478e357db449dac2be0debced0cd71066616a61cf994965e0224a01f3742eb82539c123aab7f6bb063c46a87d3ace7067a679d35bcd94fc47bf2189a373ac8809ab655e4ca5195642b7d7c5f5e29f5ddf087192211441bd39bd647910983a5cf7a530e9a17b08dfb420f7f388649b13c16390154ee150ab5fdfcaa8ce199bd76d7d558ecfee41a5e2566bfcb3e30c4892e19a2461797458efebe32ecc5a5fb0d415e468ac7049897407777877f3cc7177bde3cd7474e,gx-no-cache=1648469333800 HTTP/1.1" 200 29
190.171.142.10 - - [28/Mar/2022:09:21:20 -0300] "POST /cormun/servlet/licenciaspermisos?40a0ba57b6306d4dc220b476759673e8,INS,0,,,,gx-no-cache=1648469333939 HTTP/1.1" 200 93
190.171.142.10 - - [28/Mar/2022:09:21:21 -0300] "GET /cormun/servlet/hpexe_return? HTTP/1.1" 200 1015
190.171.142.10 - - [28/Mar/2022:09:21:22 -0300] "GET /cormun/servlet/trlicencias? HTTP/1.1" 200 14138
190.171.142.10 - - [28/Mar/2022:09:21:23 -0300] "GET /cormun/servlet/trlicencias? HTTP/1.1" 200 14161
190.171.142.10 - - [28/Mar/2022:09:21:30 -0300] "POST /cormun/servlet/trlicencias?40a0ba57b6306d4dc220b476759673e8,,gx-no-cache=1648469343794 HTTP/1.1" 200 11864
192.168.10.17 - - [28/Mar/2022:09:21:34 -0300] "GET /cormun/servlet/vesolicitudgral?2022,18238,,SolicitudOTAdjuntos HTTP/1.1" 200 10961
192.168.10.17 - - [28/Mar/2022:09:21:35 -0300] "GET /cormun/servlet/vesolicitudgral?2022,18238,,SolicitudOTAdjuntos HTTP/1.1" 200 10961
192.168.10.17 - - [28/Mar/2022:09:21:36 -0300] "POST /cormun/servlet/acontrolpreferencessavestate?None,RRHH+DANIELA,true HTTP/1.1" 200 35
192.168.10.17 - - [28/Mar/2022:09:21:36 -0300] "GET /cormun/PublicTempStorage/curriculum_gerardo_contreras4314008.pdf HTTP/1.1" 200 48171
186.103.159.189 - - [28/Mar/2022:09:21:38 -0300] "POST /cormun/servlet/trpermisosgoce?478bd5e1f8f08981938c65f83017635c,,gx-no-cache=1648469351744 HTTP/1.1" 200 5044
45.155.204.146 - - [28/Mar/2022:09:21:47 -0300] "GET /manager/html HTTP/1.1" 401 2474
186.103.159.189 - - [28/Mar/2022:09:22:19 -0300] "POST /cormun/servlet/trpermisosgoce?478bd5e1f8f08981938c65f83017635c,,gx-no-cache=1648469393073 HTTP/1.1" 200 5044
186.103.159.189 - - [28/Mar/2022:09:22:21 -0300] "GET /cormun/servlet/permisogoce?INS,0,,, HTTP/1.1" 200 6873
186.103.159.189 - - [28/Mar/2022:09:22:22 -0300] "GET /cormun/servlet/permisogoce?INS,0,,, HTTP/1.1" 200 6873
186.103.159.189 - - [28/Mar/2022:09:22:26 -0300] "GET /cormun/servlet/prfichaempleado?,MD,,gxPopupLevel%3D0%3B HTTP/1.1" 200 9312
186.103.159.189 - - [28/Mar/2022:09:22:39 -0300] "POST /cormun/servlet/prfichaempleado?478bd5e1f8f08981938c65f83017635c,,MD,,gxPopupLevel%3D0%3B,gx-no-cache=1648469413225 HTTP/1.1" 200 3405
192.168.10.17 - - [28/Mar/2022:09:22:40 -0300] "GET /cormun/servlet/vesolicitudgral?2022,18238,,SolicitudOTAdjuntos HTTP/1.1" 200 10959
192.168.10.17 - - [28/Mar/2022:09:22:40 -0300] "GET /cormun/servlet/vesolicitudgral?2022,18238,,SolicitudOTAdjuntos HTTP/1.1" 200 10962
192.168.10.17 - - [28/Mar/2022:09:22:41 -0300] "POST /cormun/servlet/acontrolpreferencessavestate?None,RRHH+DANIELA,true HTTP/1.1" 200 35
186.103.159.189 - - [28/Mar/2022:09:22:44 -0300] "GET /cormun/servlet/permisogoce?22d2bfb0a5b4937cf27ffeb01c9f5a1b9b6d473c99fd7371902d06b58829a6724f097608cbb313954b0f216974875a8ac5ceb37e51abd31ae84b42cc03c62ba7,gx-no-cache=1648469418208 HTTP/1.1" 200 85
186.103.159.189 - - [28/Mar/2022:09:22:44 -0300] "GET /cormun/static/menuarrow.gif HTTP/1.1" 404 1015
186.103.159.189 - - [28/Mar/2022:09:22:49 -0300] "GET /cormun/servlet/permisogoce?22d2bfb0a5b4937cf27ffeb01c9f5a1bd98e448c7cfef2e9ee2efec972a928c49e60b3f26a8e1a096db0f99203846d5c897c16edad5548a64afa57cd5e751a9a,gx-no-cache=1648469422953 HTTP/1.1" 200 48
186.103.159.189 - - [28/Mar/2022:09:22:53 -0300] "POST /cormun/servlet/permisogoce?478bd5e1f8f08981938c65f83017635c,INS,0,,,,gx-no-cache=1648469427055 HTTP/1.1" 200 93
186.103.159.189 - - [28/Mar/2022:09:22:53 -0300] "GET /cormun/servlet/hpexe_return? HTTP/1.1" 200 1010
186.103.159.189 - - [28/Mar/2022:09:22:53 -0300] "GET /cormun/servlet/trpermisosgoce? HTTP/1.1" 200 8045
186.103.159.189 - - [28/Mar/2022:09:22:54 -0300] "GET /cormun/servlet/trpermisosgoce? HTTP/1.1" 200 8041
186.103.159.189 - - [28/Mar/2022:09:22:59 -0300] "GET /cormun/servlet/apermisogoceprn?15996249,P,20220328090712,PU HTTP/1.1" 200 1665
45.155.204.146 - - [28/Mar/2022:09:22:59 -0300] "GET /manager/html HTTP/1.1" 401 2474
190.171.142.10 - - [28/Mar/2022:09:23:06 -0300] "GET /cormun/servlet/trlicenciaspermisosadjuntos?6844655,20220328000000,L, HTTP/1.1" 200 6331
190.171.142.10 - - [28/Mar/2022:09:23:08 -0300] "GET /cormun/servlet/trlicenciaspermisosadjuntos?6844655,20220328000000,L, HTTP/1.1" 200 6331
190.171.142.10 - - [28/Mar/2022:09:23:11 -0300] "GET /cormun/servlet/licenciaspermisosadjuntos?INS,6844655,L,20220328000000,, HTTP/1.1" 200 5619
190.171.142.10 - - [28/Mar/2022:09:23:12 -0300] "GET /cormun/servlet/licenciaspermisosadjuntos?INS,6844655,L,20220328000000,, HTTP/1.1" 200 5608
190.171.142.10 - - [28/Mar/2022:09:23:12 -0300] "GET /cormun/static/about:blank HTTP/1.1" 404 1011
186.103.159.189 - - [28/Mar/2022:09:23:14 -0300] "GET /cormun/servlet/trpermisosgoce? HTTP/1.1" 200 8041
186.103.159.189 - - [28/Mar/2022:09:23:15 -0300] "GET /cormun/servlet/trpermisosgoce? HTTP/1.1" 200 8041
186.103.159.189 - - [28/Mar/2022:09:23:22 -0300] "POST /cormun/servlet/trpermisosgoce?478bd5e1f8f08981938c65f83017635c,,gx-no-cache=1648469456363 HTTP/1.1" 200 6483
186.103.159.189 - - [28/Mar/2022:09:23:26 -0300] "GET /cormun/servlet/permisogoce?INS,0,,, HTTP/1.1" 200 6874
186.103.159.189 - - [28/Mar/2022:09:23:26 -0300] "GET /cormun/servlet/permisogoce?INS,0,,, HTTP/1.1" 200 6874
190.171.142.10 - - [28/Mar/2022:09:23:28 -0300] "POST /cormun/servlet/licenciaspermisosadjuntos?40a0ba57b6306d4dc220b476759673e8,INS,6844655,L,20220328000000,, HTTP/1.1" 200 116
190.171.142.10 - - [28/Mar/2022:09:23:29 -0300] "GET /cormun/servlet/hpexe_return? HTTP/1.1" 200 1045
190.171.142.10 - - [28/Mar/2022:09:23:29 -0300] "GET /cormun/servlet/trlicenciaspermisosadjuntos?6844655,20220328000000,L, HTTP/1.1" 200 6823
190.171.142.10 - - [28/Mar/2022:09:23:30 -0300] "GET /cormun/servlet/trlicenciaspermisosadjuntos?6844655,20220328000000,L, HTTP/1.1" 200 6820
190.171.142.10 - - [28/Mar/2022:09:23:40 -0300] "POST /cormun/servlet/trlicenciaspermisosadjuntos?40a0ba57b6306d4dc220b476759673e8,6844655,20220328000000,L,,gx-no-cache=1648469474130 HTTP/1.1" 200 90
190.171.142.10 - - [28/Mar/2022:09:23:40 -0300] "GET /cormun/servlet/hpexe_link HTTP/1.1" 200 989
190.171.142.10 - - [28/Mar/2022:09:23:40 -0300] "GET /cormun/servlet/trlicencias? HTTP/1.1" 200 14165
190.171.142.10 - - [28/Mar/2022:09:23:42 -0300] "GET /cormun/servlet/trlicencias? HTTP/1.1" 200 14127
186.103.159.189 - - [28/Mar/2022:09:23:46 -0300] "GET /cormun/servlet/prfichaempleado?,MD,,gxPopupLevel%3D0%3B HTTP/1.1" 200 9312
190.171.142.10 - - [28/Mar/2022:09:23:48 -0300] "POST /cormun/servlet/trlicencias?40a0ba57b6306d4dc220b476759673e8,,gx-no-cache=1648469481882 HTTP/1.1" 200 11899
186.103.159.189 - - [28/Mar/2022:09:23:59 -0300] "POST /cormun/servlet/prfichaempleado?478bd5e1f8f08981938c65f83017635c,,MD,,gxPopupLevel%3D0%3B,gx-no-cache=1648469492848 HTTP/1.1" 200 3174
192.168.10.17 - - [28/Mar/2022:09:24:02 -0300] "GET /cormun/PublicTempStorage/certificado_de_afiliacion_isapre_1512330318840556.pdf HTTP/1.1" 200 249439
190.171.142.10 - - [28/Mar/2022:09:24:06 -0300] "POST /cormun/servlet/trlicencias?40a0ba57b6306d4dc220b476759673e8,,gx-no-cache=1648469499624 HTTP/1.1" 200 11797
190.171.142.10 - - [28/Mar/2022:09:24:06 -0300] "GET /cormun/static/Shared/jqueryui/images/ui-bg_highlight-soft_100_c6c2c8_1x100.png HTTP/1.1" 404 1117
186.103.159.189 - - [28/Mar/2022:09:24:06 -0300] "POST /cormun/servlet/prfichaempleado?478bd5e1f8f08981938c65f83017635c,,MD,,gxPopupLevel%3D0%3B,gx-no-cache=1648469500743 HTTP/1.1" 200 3174
190.171.142.10 - - [28/Mar/2022:09:24:06 -0300] "GET /cormun/static/Shared/jqueryui/images/ui-icons_82798d_256x240.png HTTP/1.1" 404 1089
190.171.142.10 - - [28/Mar/2022:09:24:07 -0300] "GET /cormun/static/Shared/jqueryui/images/ui-icons_8d78a5_256x240.png HTTP/1.1" 404 1089
190.171.142.10 - - [28/Mar/2022:09:24:07 -0300] "GET /cormun/static/Shared/jqueryui/images/ui-bg_flat_55_fafafa_40x100.png HTTP/1.1" 404 1097
192.168.10.17 - - [28/Mar/2022:09:24:15 -0300] "GET /cormun/servlet/vesolicitudgral?2022,18238,,SolicitudOTAdjuntos HTTP/1.1" 200 10961
192.168.10.17 - - [28/Mar/2022:09:24:15 -0300] "GET /cormun/servlet/vesolicitudgral?2022,18238,,SolicitudOTAdjuntos HTTP/1.1" 200 10963
192.168.10.17 - - [28/Mar/2022:09:24:16 -0300] "POST /cormun/servlet/acontrolpreferencessavestate?None,RRHH+DANIELA,true HTTP/1.1" 200 35
186.103.159.189 - - [28/Mar/2022:09:24:17 -0300] "GET /cormun/servlet/prfichaempleado?,MD,,gxPopupLevel%3D0%3B HTTP/1.1" 200 9312
192.168.10.17 - - [28/Mar/2022:09:24:17 -0300] "GET /cormun/PublicTempStorage/certificadoafphabitat_gerardo_contreras4880179.pdf HTTP/1.1" 200 76044
45.155.204.146 - - [28/Mar/2022:09:24:29 -0300] "GET /manager/html HTTP/1.1" 401 2474
186.103.159.189 - - [28/Mar/2022:09:24:29 -0300] "POST /cormun/servlet/prfichaempleado?478bd5e1f8f08981938c65f83017635c,,MD,,gxPopupLevel%3D0%3B,gx-no-cache=1648469523513 HTTP/1.1" 200 3174
192.168.10.17 - - [28/Mar/2022:09:24:46 -0300] "GET /cormun/servlet/vesolicitudgral?2022,18238,,SolicitudOTAdjuntos HTTP/1.1" 200 10962
192.168.10.17 - - [28/Mar/2022:09:24:46 -0300] "GET /cormun/servlet/vesolicitudgral?2022,18238,,SolicitudOTAdjuntos HTTP/1.1" 200 10964
192.168.10.17 - - [28/Mar/2022:09:24:47 -0300] "POST /cormun/servlet/acontrolpreferencessavestate?None,RRHH+DANIELA,true HTTP/1.1" 200 35
186.103.156.166 - - [28/Mar/2022:09:24:48 -0300] "POST /cormun/servlet/trsolicitudot?daa00b64445a7e67c2c5c1e2e127bb0e,gx-no-cache=1648469542164 HTTP/1.1" 200 4839
186.103.156.166 - - [28/Mar/2022:09:24:49 -0300] "GET /cormun/static/Shared/jqueryui/images/ui-bg_highlight-soft_100_c6c2c8_1x100.png HTTP/1.1" 404 1117
186.103.156.166 - - [28/Mar/2022:09:24:49 -0300] "GET /cormun/static/Shared/jqueryui/images/ui-icons_82798d_256x240.png HTTP/1.1" 404 1089
186.103.156.166 - - [28/Mar/2022:09:24:49 -0300] "GET /cormun/static/Shared/jqueryui/images/ui-bg_flat_55_fafafa_40x100.png HTTP/1.1" 404 1097
186.103.156.166 - - [28/Mar/2022:09:24:49 -0300] "GET /cormun/static/Shared/jqueryui/images/ui-icons_8d78a5_256x240.png HTTP/1.1" 404 1089
186.103.156.166 - - [28/Mar/2022:09:24:49 -0300] "POST /cormun/servlet/trsolicitudot?daa00b64445a7e67c2c5c1e2e127bb0e,gx-no-cache=1648469542852 HTTP/1.1" 200 4605
192.168.10.17 - - [28/Mar/2022:09:24:51 -0300] "GET /cormun/PublicTempStorage/certificado_de_afiliacion_isapre_151233031645613.pdf HTTP/1.1" 200 249439
186.103.156.166 - - [28/Mar/2022:09:24:52 -0300] "GET /cormun/servlet/solicitudot?INS,0,0,false, HTTP/1.1" 200 15926
186.103.156.166 - - [28/Mar/2022:09:24:54 -0300] "GET /cormun/servlet/solicitudot?INS,0,0,false, HTTP/1.1" 200 15934
186.103.156.166 - - [28/Mar/2022:09:25:09 -0300] "POST /cormun/servlet/solicitudot?gx-no-cache=1648469562911 HTTP/1.1" 200 3858
186.103.156.166 - - [28/Mar/2022:09:25:09 -0300] "POST /cormun/servlet/solicitudot?daa00b64445a7e67c2c5c1e2e127bb0e,INS,0,0,false,,gx-no-cache=1648469563082 HTTP/1.1" 200 12665
186.103.159.189 - - [28/Mar/2022:09:25:10 -0300] "GET /cormun/servlet/prfichaempleado?,MD,,gxPopupLevel%3D0%3B HTTP/1.1" 200 9312
190.171.153.26 - - [28/Mar/2022:09:25:20 -0300] "GET /cormun/servlet/hlogin HTTP/1.1" 200 1714
190.171.153.26 - - [28/Mar/2022:09:25:20 -0300] "GET /cormun/static/Resources/Logo2019_Grande.png HTTP/1.1" 200 31733
190.171.153.26 - - [28/Mar/2022:09:25:20 -0300] "GET /cormun/static/gxcfg.js?201910216285969 HTTP/1.1" 200 953
190.171.153.26 - - [28/Mar/2022:09:25:21 -0300] "GET /cormun/static/hlogin.js?201910216285995 HTTP/1.1" 200 2136
190.171.153.26 - - [28/Mar/2022:09:25:21 -0300] "GET /cormun/static/Resources/PXToolsLoginTop.png HTTP/1.1" 200 1337
190.171.153.26 - - [28/Mar/2022:09:25:21 -0300] "GET /cormun/static/Resources/PXToolsLoginBackground.png HTTP/1.1" 200 1164
190.171.153.26 - - [28/Mar/2022:09:25:21 -0300] "GET /cormun/static/Resources/PXToolsButtonLeft.png HTTP/1.1" 200 1310
190.171.153.26 - - [28/Mar/2022:09:25:21 -0300] "GET /cormun/static/Resources/PXToolsButtonRight.png HTTP/1.1" 200 1294
190.171.153.26 - - [28/Mar/2022:09:25:21 -0300] "GET /cormun/static/Resources/PXToolsButtonBackground.png HTTP/1.1" 200 1176
190.171.153.26 - - [28/Mar/2022:09:25:21 -0300] "GET /cormun/static/Resources/PXToolsLoginBottom.png HTTP/1.1" 200 1389
190.171.153.26 - - [28/Mar/2022:09:25:21 -0300] "GET /cormun/static/Resources/indicator.gif HTTP/1.1" 200 1553
190.171.153.26 - - [28/Mar/2022:09:25:21 -0300] "GET /cormun/servlet/hlogin HTTP/1.1" 200 1725
186.103.159.189 - - [28/Mar/2022:09:25:22 -0300] "POST /cormun/servlet/prfichaempleado?478bd5e1f8f08981938c65f83017635c,,MD,,gxPopupLevel%3D0%3B,gx-no-cache=1648469575560 HTTP/1.1" 200 3537
186.103.156.166 - - [28/Mar/2022:09:25:23 -0300] "GET /cormun/servlet/solicitudot?dfb7d283c2cd05ed416860e7ebc285fc28e85e11fdec59f9f2c610ab411ab31a4c6c511a730804a1e929e854035e2471,gx-no-cache=1648469576796 HTTP/1.1" 200 30
186.103.156.166 - - [28/Mar/2022:09:25:26 -0300] "GET /cormun/servlet/prfichaempleado?,MD,,gxPopupLevel%3D0%3B HTTP/1.1" 200 9233
186.103.156.166 - - [28/Mar/2022:09:25:26 -0300] "GET /cormun/static/gxcfg.js?20201215571085 HTTP/1.1" 200 953
186.103.156.166 - - [28/Mar/2022:09:25:26 -0300] "GET /cormun/static/prfichaempleado.js?20201215572193 HTTP/1.1" 200 16006
192.168.10.17 - - [28/Mar/2022:09:25:26 -0300] "GET /cormun/servlet/vesolicitudgral?2022,18238,,SolicitudOTAdjuntos HTTP/1.1" 200 10960
192.168.10.17 - - [28/Mar/2022:09:25:27 -0300] "GET /cormun/servlet/vesolicitudgral?2022,18238,,SolicitudOTAdjuntos HTTP/1.1" 200 10960
190.171.153.26 - - [28/Mar/2022:09:25:27 -0300] "POST /cormun/servlet/hlogin?db4addd152bc46d1ecfa0534855903bb,gx-no-cache=1648469592995 HTTP/1.1" 200 90
190.171.153.26 - - [28/Mar/2022:09:25:27 -0300] "GET /cormun/servlet/hpexe_link HTTP/1.1" 200 940
190.171.153.26 - - [28/Mar/2022:09:25:27 -0300] "GET /cormun/static/gxcfg.js?201991422392958 HTTP/1.1" 200 953
190.171.153.26 - - [28/Mar/2022:09:25:27 -0300] "GET /cormun/static/hpexe_link.js?201991422392963 HTTP/1.1" 200 625
190.171.153.26 - - [28/Mar/2022:09:25:27 -0300] "GET /cormun/servlet/hhome HTTP/1.1" 200 3935
190.171.153.26 - - [28/Mar/2022:09:25:27 -0300] "GET /cormun/static/Shared/jqueryui/jquery-ui.min.css?1345370 HTTP/1.1" 200 30288
190.171.153.26 - - [28/Mar/2022:09:25:27 -0300] "GET /cormun/static/Resources/Spanish/PXTools.css?14345360 HTTP/1.1" 200 49152
190.171.153.26 - - [28/Mar/2022:09:25:27 -0300] "GET /cormun/static/scaMessage/css/jquery.pnotify.default.css?1816380 HTTP/1.1" 200 1707
190.171.153.26 - - [28/Mar/2022:09:25:27 -0300] "GET /cormun/static/gxcfg.js?20201215495537 HTTP/1.1" 200 953
190.171.153.26 - - [28/Mar/2022:09:25:27 -0300] "GET /cormun/static/PXToolsJavascripts/pexe_cookies.js HTTP/1.1" 200 792
190.171.153.26 - - [28/Mar/2022:09:25:27 -0300] "GET /cormun/static/SmoothNavMenu/resources/ddsmoothmenu.css?1112540 HTTP/1.1" 200 2223
190.171.153.26 - - [28/Mar/2022:09:25:27 -0300] "GET /cormun/static/SmoothNavMenu/resources/ddsmoothmenu-v.css?1112540 HTTP/1.1" 200 1188
190.171.153.26 - - [28/Mar/2022:09:25:27 -0300] "GET /cormun/static/PXToolsJavascripts/pexe_menudivfix.js HTTP/1.1" 200 333
190.171.153.26 - - [28/Mar/2022:09:25:27 -0300] "GET /cormun/static/PXToolsJavascripts/pexe_oav.js HTTP/1.1" 200 645
190.171.153.26 - - [28/Mar/2022:09:25:27 -0300] "GET /cormun/static/PXToolsJavascripts/pexe_oavdivfix.js HTTP/1.1" 200 639
190.171.153.26 - - [28/Mar/2022:09:25:27 -0300] "GET /cormun/static/PXToolsJavascripts/pexe_picture.js HTTP/1.1" 200 689
190.171.153.26 - - [28/Mar/2022:09:25:27 -0300] "GET /cormun/static/PXToolsJavascripts/PXToolsJavascriptsRender.js HTTP/1.1" 200 367
190.171.153.26 - - [28/Mar/2022:09:25:27 -0300] "GET /cormun/static/PXToolsJavascripts/pexe_tabdivfix.js HTTP/1.1" 200 876
190.171.153.26 - - [28/Mar/2022:09:25:27 -0300] "GET /cormun/static/hpexe_messagecontroller.js?201991422154126 HTTP/1.1" 200 870
190.171.153.26 - - [28/Mar/2022:09:25:27 -0300] "GET /cormun/static/hpexe_messagepopupcomponent.js?2020121447232 HTTP/1.1" 200 605
