190.95.67.97 - - [28/Mar/2022:16:41:36 -0300] "GET /cormun/static/Resources/PXToolsActionExcel.png HTTP/1.1" 200 727
190.95.67.97 - - [28/Mar/2022:16:41:36 -0300] "GET /cormun/static/Resources/PXToolsGridLastDisabled.gif HTTP/1.1" 200 98
190.95.67.97 - - [28/Mar/2022:16:41:36 -0300] "GET /favicon.ico HTTP/1.1" 200 21630
190.95.67.97 - - [28/Mar/2022:16:41:36 -0300] "GET /cormun/static/Resources/desc.gif HTTP/1.1" 200 65
190.95.67.97 - - [28/Mar/2022:16:41:37 -0300] "GET /cormun/static/Resources/asc.gif HTTP/1.1" 200 67
190.95.67.97 - - [28/Mar/2022:16:41:37 -0300] "GET /cormun/static/Resources/desc.gif HTTP/1.1" 200 65
190.95.67.97 - - [28/Mar/2022:16:41:37 -0300] "GET /cormun//static/Resources/PXToolsRemoveAllAction.png HTTP/1.1" 200 487
190.95.67.97 - - [28/Mar/2022:16:41:37 -0300] "GET /cormun//static/Resources/PXToolsGridDelete.png HTTP/1.1" 200 538
190.95.67.97 - - [28/Mar/2022:16:41:37 -0300] "GET /cormun//static/Resources/PXToolsGridUpdate.png HTTP/1.1" 200 470
190.95.67.97 - - [28/Mar/2022:16:41:37 -0300] "GET /cormun//static/Resources/PXToolsActionView.png HTTP/1.1" 200 398
190.95.67.97 - - [28/Mar/2022:16:41:37 -0300] "GET /cormun//static/Resources/PXTools/ActionInsert.png HTTP/1.1" 200 1482
190.95.67.97 - - [28/Mar/2022:16:41:37 -0300] "GET /cormun/static/Shared/ext/resources/themes/images/default/tools/tool-sprites.gif HTTP/1.1" 200 5434
190.95.67.97 - - [28/Mar/2022:16:41:37 -0300] "GET /cormun/static/Shared/ext/resources/themes/images/default/panel/bg-headersPanel.png HTTP/1.1" 200 255
190.171.149.74 - - [28/Mar/2022:16:42:16 -0300] "GET /cormun/servlet/hlogin HTTP/1.1" 200 1724
190.95.67.97 - - [28/Mar/2022:16:42:17 -0300] "POST /cormun/servlet/trautorizarsolicitud?b49ed60f76fb19a582912b11ad1464ab,,gx-no-cache=1648495790509 HTTP/1.1" 200 4781
190.95.67.97 - - [28/Mar/2022:16:42:17 -0300] "GET /cormun/static/Shared/jqueryui/images/ui-bg_highlight-soft_100_c6c2c8_1x100.png HTTP/1.1" 404 1117
190.95.67.97 - - [28/Mar/2022:16:42:17 -0300] "GET /cormun/static/Shared/jqueryui/images/ui-icons_82798d_256x240.png HTTP/1.1" 404 1089
190.95.67.97 - - [28/Mar/2022:16:42:17 -0300] "GET /cormun/static/Shared/jqueryui/images/ui-icons_8d78a5_256x240.png HTTP/1.1" 404 1089
190.95.67.97 - - [28/Mar/2022:16:42:17 -0300] "GET /cormun/static/Shared/jqueryui/images/ui-bg_flat_55_fafafa_40x100.png HTTP/1.1" 404 1097
190.95.67.97 - - [28/Mar/2022:16:42:18 -0300] "POST /cormun/servlet/trautorizarsolicitud?b49ed60f76fb19a582912b11ad1464ab,,gx-no-cache=1648495790888 HTTP/1.1" 200 4536
190.95.67.97 - - [28/Mar/2022:16:42:27 -0300] "GET /cormun/servlet/trlicencias? HTTP/1.1" 200 11685
190.95.67.97 - - [28/Mar/2022:16:42:27 -0300] "GET /cormun/static/gxui/gxui-all.css?120300 HTTP/1.1" 200 2179
190.95.67.97 - - [28/Mar/2022:16:42:27 -0300] "GET /cormun/static/calendar-system.css?85620 HTTP/1.1" 200 5572
190.95.67.97 - - [28/Mar/2022:16:42:27 -0300] "GET /cormun/static/gxcfg.js?2020121613995 HTTP/1.1" 200 953
190.95.67.97 - - [28/Mar/2022:16:42:27 -0300] "GET /cormun/static/Shared/ext/resources/css/ext-all.css?215870 HTTP/1.1" 200 416045
190.95.67.97 - - [28/Mar/2022:16:42:28 -0300] "GET /cormun/static/Resources/PXToolsAddAllAction.png HTTP/1.1" 200 495
190.95.67.97 - - [28/Mar/2022:16:42:28 -0300] "GET /cormun/static/trlicencias.js?202012162481 HTTP/1.1" 200 41883
190.95.67.97 - - [28/Mar/2022:16:42:28 -0300] "GET /favicon.ico HTTP/1.1" 200 21630
190.95.67.97 - - [28/Mar/2022:16:42:28 -0300] "GET /cormun//static/Resources/PXToolsGridDisplay.png HTTP/1.1" 200 525
190.95.67.97 - - [28/Mar/2022:16:42:28 -0300] "GET /cormun//static/Resources/PXToolsActionDisabled.gif HTTP/1.1" 200 53
190.95.67.97 - - [28/Mar/2022:16:42:28 -0300] "GET /cormun//static/Resources/PXToolsHeaderFavorites.png HTTP/1.1" 200 1414
190.95.67.97 - - [28/Mar/2022:16:42:28 -0300] "GET /cormun//static/Resources/PXToolsActionPrint.png HTTP/1.1" 200 404
190.95.67.97 - - [28/Mar/2022:16:42:28 -0300] "GET /cormun//static/Resources/PXToolsHeaderHelp.png HTTP/1.1" 200 1333
190.171.149.74 - - [28/Mar/2022:16:42:31 -0300] "POST /cormun/servlet/hlogin?6c3e4558617f6976a2c55cb475269d6f,gx-no-cache=1648499525214 HTTP/1.1" 200 90
190.171.149.74 - - [28/Mar/2022:16:42:31 -0300] "GET /cormun/servlet/hpexe_link HTTP/1.1" 200 949
190.171.149.74 - - [28/Mar/2022:16:42:32 -0300] "GET /cormun/servlet/hhome HTTP/1.1" 200 3974
190.171.149.74 - - [28/Mar/2022:16:42:32 -0300] "GET /cormun/servlet/hhome HTTP/1.1" 200 3972
190.171.149.74 - - [28/Mar/2022:16:42:52 -0300] "GET /cormun/servlet/trpermisosgoce? HTTP/1.1" 200 11400
190.171.149.74 - - [28/Mar/2022:16:42:52 -0300] "GET /cormun/servlet/trpermisosgoce? HTTP/1.1" 200 11407
167.94.145.57 - - [28/Mar/2022:16:42:55 -0300] "GET / HTTP/1.1" 200 11217
167.94.145.57 - - [28/Mar/2022:16:42:55 -0300] "GET / HTTP/1.1" 200 11217
167.94.145.57 - - [28/Mar/2022:16:42:55 -0300] "PRI * HTTP/2.0" 505 -
190.171.149.74 - - [28/Mar/2022:16:43:17 -0300] "GET /cormun/servlet/permisogoce?UPD,17059140,P,20220328153331, HTTP/1.1" 200 6895
190.171.149.74 - - [28/Mar/2022:16:43:17 -0300] "GET /cormun/servlet/permisogoce?UPD,17059140,P,20220328153331, HTTP/1.1" 200 6895
190.171.149.74 - - [28/Mar/2022:16:43:18 -0300] "GET /cormun/servlet/permisogoce?175e2e8b3654f28a2bca38e351fa8dc3af923a79aa9661d469256a3b434c17cb7d624bca0956f80803fc8194858d9fbcdfc03af47254025e07a96c80ad6fe47e,gx-no-cache=1648499571333 HTTP/1.1" 200 83
190.171.149.74 - - [28/Mar/2022:16:43:19 -0300] "GET /cormun/static/menuarrow.gif HTTP/1.1" 404 1015
190.171.149.74 - - [28/Mar/2022:16:43:24 -0300] "GET /cormun/servlet/permisogoce?175e2e8b3654f28a2bca38e351fa8dc3271c75e3ce049a05d76bcb24094a706e61d62ad12f55afe447943e29d1a05bc4f61e58843ad4e3332bf319c096dab79b,gx-no-cache=1648499577805 HTTP/1.1" 200 49
190.171.149.74 - - [28/Mar/2022:16:43:29 -0300] "POST /cormun/servlet/permisogoce?6c3e4558617f6976a2c55cb475269d6f,UPD,17059140,P,20220328153331,,gx-no-cache=1648499582365 HTTP/1.1" 200 93
190.171.149.74 - - [28/Mar/2022:16:43:29 -0300] "GET /cormun/servlet/hpexe_return? HTTP/1.1" 200 1026
190.171.149.74 - - [28/Mar/2022:16:43:29 -0300] "GET /cormun/servlet/trpermisosgoce HTTP/1.1" 200 11362
190.171.149.74 - - [28/Mar/2022:16:43:30 -0300] "GET /cormun/servlet/trpermisosgoce HTTP/1.1" 200 11403
190.171.149.74 - - [28/Mar/2022:16:43:34 -0300] "GET /cormun/servlet/apermisogoceprn?17059140,P,20220328153331,PU HTTP/1.1" 200 1651
181.203.123.30 - - [28/Mar/2022:16:44:09 -0300] "POST /cormun/servlet/trsolicitudot?d1cbc8c5a22d6f46a84847b40d3e45f4,,gx-no-cache=1648495902280 HTTP/1.1" 200 8113
190.171.149.74 - - [28/Mar/2022:16:44:09 -0300] "GET /cormun/servlet/permisogoce?UPD,17059140,P,20220328153331, HTTP/1.1" 200 6896
190.171.149.74 - - [28/Mar/2022:16:44:10 -0300] "GET /cormun/servlet/permisogoce?UPD,17059140,P,20220328153331, HTTP/1.1" 200 6896
190.171.149.74 - - [28/Mar/2022:16:44:10 -0300] "GET /cormun/servlet/permisogoce?175e2e8b3654f28a2bca38e351fa8dc3af923a79aa9661d469256a3b434c17cb7d624bca0956f80803fc8194858d9fbcdfc03af47254025e07a96c80ad6fe47e,gx-no-cache=1648499623993 HTTP/1.1" 200 83
181.203.123.30 - - [28/Mar/2022:16:44:12 -0300] "GET /cormun/servlet/hhome HTTP/1.1" 200 3817
181.203.123.30 - - [28/Mar/2022:16:44:12 -0300] "GET /cormun/servlet/hhome HTTP/1.1" 200 3813
190.171.149.74 - - [28/Mar/2022:16:44:18 -0300] "POST /cormun/servlet/permisogoce?6c3e4558617f6976a2c55cb475269d6f,UPD,17059140,P,20220328153331,,gx-no-cache=1648499631531 HTTP/1.1" 200 93
190.171.149.74 - - [28/Mar/2022:16:44:18 -0300] "GET /cormun/servlet/hpexe_return? HTTP/1.1" 200 1026
190.171.149.74 - - [28/Mar/2022:16:44:18 -0300] "GET /cormun/servlet/trpermisosgoce HTTP/1.1" 200 11362
190.171.149.74 - - [28/Mar/2022:16:44:19 -0300] "GET /cormun/servlet/trpermisosgoce HTTP/1.1" 200 11402
200.54.237.82 - - [28/Mar/2022:16:45:30 -0300] "POST /cormun/servlet/solicitudot?gx-no-cache=1648495983605 HTTP/1.1" 200 3840
200.54.237.82 - - [28/Mar/2022:16:45:30 -0300] "POST /cormun/servlet/solicitudot?6c7e271b82767e08114730f236e2c7bc,INS,0,0,false,,gx-no-cache=1648495983819 HTTP/1.1" 200 12699
200.54.237.82 - - [28/Mar/2022:16:45:32 -0300] "GET /cormun/servlet/solicitudot?3876714e39032e3bf23eedae0d9a3805fc46e90a02a82d1d47a960b7179795be4546161c9121c9b01785d702f4b7adaa,gx-no-cache=1648495986125 HTTP/1.1" 200 30
200.54.237.82 - - [28/Mar/2022:16:47:05 -0300] "GET /cormun/servlet/prbanco?,MD,,gxPopupLevel%3D0%3B HTTP/1.1" 200 6623
200.54.237.82 - - [28/Mar/2022:16:47:58 -0300] "GET /cormun/servlet/solicitudot?3876714e39032e3bf23eedae0d9a38055b16166a02653cbc16aab795ecf4e39a7f36b2fc4c50e7e8d89baf844260ae66ec749db674317c115a7ac40ddbd129bf,gx-no-cache=1648496132250 HTTP/1.1" 200 30
200.54.237.82 - - [28/Mar/2022:16:47:59 -0300] "GET /cormun/servlet/solicitudot?3876714e39032e3bf23eedae0d9a3805673275ab8afa22390a77bb8d2fca5469,gx-no-cache=1648496133069 HTTP/1.1" 200 53
200.54.237.82 - - [28/Mar/2022:16:48:35 -0300] "POST /cormun/servlet/solicitudot?gx-no-cache=1648496168837 HTTP/1.1" 200 298
200.54.237.82 - - [28/Mar/2022:16:48:37 -0300] "GET /cormun/servlet/solicitudot?3876714e39032e3bf23eedae0d9a3805f252fe42db1d2a54a03f92845122e2f4d9828c991587e2f24c6b64a6f89bb011b599170740efe922113231495c2296a8c56c3dbfc01e2682d6e0ee685c9bf1be81122bb0eedd904273eea5f5eb9bac49d522cb2a65451972d28076f768913e3aebf8315b9354454484f86b2563a6371f35448b6ed1cf00c45c32d3fe559314bc744751f911c17c3e5c5704dd9e7be4575bb4b483a06186dd218377dcac9baf2e26bea98c9754a214ce1a5e4de6ee3ce087e6309cf19ec75acc0733a6508286c9b2ea29aab87306292979354e8d4463c04f7b19a5f91cd56a1d188e305c0c6034a71e600f897cb3807aab48021c4efbf35937f3761e3bc3105d3a44ffb20d357844cf9abdade99215e107e2989df2e515c2be118001ba7d3b84e584720a103d1dc1d10a9c67f0f05598c5201528b4422dc07e965ead6a3ddfd49a5d63990c032d9eb42008c7d3c9b5f8fbc574dbd82175239088e6e769307e9d1ed7bfb76f7c205374274b66a051ac0f036179663e35b9ec749db674317c115a7ac40ddbd129bf,gx-no-cache=1648496170832 HTTP/1.1" 200 30
200.54.237.82 - - [28/Mar/2022:16:48:41 -0300] "POST /cormun/servlet/solicitudot?gx-no-cache=1648496175086 HTTP/1.1" 200 30
200.54.237.82 - - [28/Mar/2022:16:48:42 -0300] "POST /cormun/servlet/solicitudot?gx-no-cache=1648496176072 HTTP/1.1" 200 1452
200.54.237.82 - - [28/Mar/2022:16:48:42 -0300] "POST /cormun/servlet/solicitudot?gx-no-cache=1648496176132 HTTP/1.1" 200 38
200.54.237.82 - - [28/Mar/2022:16:48:51 -0300] "GET /cormun/servlet/solicitudot?3876714e39032e3bf23eedae0d9a38057a129c03872f9edfd2b1e659da733d4cb80b4c706f9c60dbc675605b54cdeebb18251f22a4b73e2b287f0fc37a54deca8749458a06d1f93b1cb94aa625dfaa5b1af8b946ac57c94ce2d6dd1b2c497a99096ce043099b895651d2891d40399152,gx-no-cache=1648496184714 HTTP/1.1" 200 110
200.54.237.82 - - [28/Mar/2022:16:48:54 -0300] "POST /cormun/servlet/solicitudot?gx-no-cache=1648496188045 HTTP/1.1" 200 64
200.54.237.82 - - [28/Mar/2022:16:48:58 -0300] "GET /cormun/servlet/solicitudot?3876714e39032e3bf23eedae0d9a38052cef39c4945791e8b59f484688213195b101127fdbb0a1379d53c217bee40fc3e4f5b37ac3321b217891d392b17de8d57fbd545c73df948ae98e892349941339cdc30d921651a57a39ebffd8b8eb79e6d930a76ff90321adb6cc25011b62d80adb38be59d3fa4c6680c2e18c84ed2628821f5b91968db98092b3b5e6e2201d4c2993cf6200a4ab392ce7f9f7fce537e7,gx-no-cache=1648496191652 HTTP/1.1" 200 29
200.54.237.82 - - [28/Mar/2022:16:48:58 -0300] "GET /cormun/static/menuarrow.gif HTTP/1.1" 404 1015
200.54.237.82 - - [28/Mar/2022:16:49:00 -0300] "GET /cormun/servlet/solicitudot?3876714e39032e3bf23eedae0d9a3805678c176a51ce320bddb8175dcf496882fdbdbf69e67705c48d32dcb45c41e01f,gx-no-cache=1648496193891 HTTP/1.1" 200 30
200.54.237.82 - - [28/Mar/2022:16:49:06 -0300] "POST /cormun/servlet/solicitudot?gx-no-cache=1648496199225 HTTP/1.1" 200 30
200.54.237.82 - - [28/Mar/2022:16:49:22 -0300] "POST /cormun/servlet/solicitudot?gx-no-cache=1648496215520 HTTP/1.1" 200 64
200.54.237.82 - - [28/Mar/2022:16:49:26 -0300] "GET /cormun/servlet/solicitudot?3876714e39032e3bf23eedae0d9a3805678c176a51ce320bddb8175dcf496882fdbdbf69e67705c48d32dcb45c41e01f,gx-no-cache=1648496219958 HTTP/1.1" 200 30
200.54.237.82 - - [28/Mar/2022:16:49:26 -0300] "POST /cormun/servlet/solicitudot?gx-no-cache=1648496220041 HTTP/1.1" 200 30
200.54.237.82 - - [28/Mar/2022:16:49:27 -0300] "POST /cormun/servlet/solicitudot?6c7e271b82767e08114730f236e2c7bc,INS,0,0,false,,gx-no-cache=1648496220128 HTTP/1.1" 200 93
200.54.237.82 - - [28/Mar/2022:16:49:27 -0300] "GET /cormun/servlet/hpexe_return? HTTP/1.1" 200 1005
200.54.237.82 - - [28/Mar/2022:16:49:27 -0300] "GET /cormun/servlet/trsolicitudot HTTP/1.1" 200 8952
200.54.237.82 - - [28/Mar/2022:16:49:28 -0300] "GET /cormun/servlet/trsolicitudot HTTP/1.1" 200 8947
200.54.237.82 - - [28/Mar/2022:16:49:30 -0300] "POST /cormun/servlet/trsolicitudot?6c7e271b82767e08114730f236e2c7bc,gx-no-cache=1648496223609 HTTP/1.1" 200 107
200.54.237.82 - - [28/Mar/2022:16:49:30 -0300] "GET /cormun/servlet/trsolicitudadjuntos?2022,18337, HTTP/1.1" 200 6429
200.54.237.82 - - [28/Mar/2022:16:49:30 -0300] "GET /cormun/servlet/trsolicitudadjuntos?2022,18337, HTTP/1.1" 200 6428
200.54.237.82 - - [28/Mar/2022:16:49:32 -0300] "GET /cormun/servlet/solicitudotadjuntos?INS,2022,18337,,1, HTTP/1.1" 200 6374
200.54.237.82 - - [28/Mar/2022:16:49:32 -0300] "GET /cormun/static/about:blank HTTP/1.1" 404 1011
200.54.237.82 - - [28/Mar/2022:16:49:32 -0300] "GET /cormun/servlet/solicitudotadjuntos?INS,2022,18337,,1, HTTP/1.1" 200 6367
200.54.237.82 - - [28/Mar/2022:16:49:33 -0300] "GET /cormun/servlet/solicitudotadjuntos?3876714e39032e3bf23eedae0d9a3805579217b7a323c5d1ebd8ee479cd612fd01357a869c5f05521e8cdc09a91c458c,gx-no-cache=1648496226435 HTTP/1.1" 200 30
200.54.237.82 - - [28/Mar/2022:16:49:33 -0300] "POST /cormun/servlet/solicitudotadjuntos?6c7e271b82767e08114730f236e2c7bc,INS,2022,18337,,1,,gx-no-cache=1648496226511 HTTP/1.1" 200 4147
200.54.237.82 - - [28/Mar/2022:16:49:35 -0300] "POST /cormun/servlet/solicitudotadjuntos?gx-no-cache=1648496228331 HTTP/1.1" 200 26
200.54.237.82 - - [28/Mar/2022:16:49:46 -0300] "GET /cormun/servlet/solicitudotadjuntos?3876714e39032e3bf23eedae0d9a380515d1822b97466c4605484fc8e7bdfb96,gx-no-cache=1648496239669 HTTP/1.1" 200 30
200.54.237.82 - - [28/Mar/2022:16:49:46 -0300] "GET /cormun/servlet/solicitudotadjuntos?3876714e39032e3bf23eedae0d9a380515d1822b97466c4605484fc8e7bdfb96,gx-no-cache=1648496239696 HTTP/1.1" 200 30
200.54.237.82 - - [28/Mar/2022:16:49:46 -0300] "POST /cormun/servlet/solicitudotadjuntos?6c7e271b82767e08114730f236e2c7bc,INS,2022,18337,,1, HTTP/1.1" 200 116
200.54.237.82 - - [28/Mar/2022:16:49:46 -0300] "GET /cormun/servlet/hpexe_return? HTTP/1.1" 200 1023
200.54.237.82 - - [28/Mar/2022:16:49:46 -0300] "GET /cormun/servlet/trsolicitudadjuntos?2022,18337, HTTP/1.1" 200 9210
200.54.237.82 - - [28/Mar/2022:16:49:47 -0300] "GET /cormun/servlet/trsolicitudadjuntos?2022,18337, HTTP/1.1" 200 9208
200.54.237.82 - - [28/Mar/2022:16:49:49 -0300] "GET /cormun/servlet/solicitudotadjuntos?INS,2022,18337,,1, HTTP/1.1" 200 6374
200.54.237.82 - - [28/Mar/2022:16:49:49 -0300] "GET /cormun/static/about:blank HTTP/1.1" 404 1011
200.54.237.82 - - [28/Mar/2022:16:49:49 -0300] "GET /cormun/servlet/solicitudotadjuntos?INS,2022,18337,,1, HTTP/1.1" 200 6367
200.54.237.82 - - [28/Mar/2022:16:49:49 -0300] "GET /cormun/servlet/solicitudotadjuntos?3876714e39032e3bf23eedae0d9a3805579217b7a323c5d1ebd8ee479cd612fd01357a869c5f05521e8cdc09a91c458c,gx-no-cache=1648496243088 HTTP/1.1" 200 30
200.54.237.82 - - [28/Mar/2022:16:49:49 -0300] "POST /cormun/servlet/solicitudotadjuntos?6c7e271b82767e08114730f236e2c7bc,INS,2022,18337,,1,,gx-no-cache=1648496243123 HTTP/1.1" 200 4147
200.54.237.82 - - [28/Mar/2022:16:49:51 -0300] "POST /cormun/servlet/solicitudotadjuntos?gx-no-cache=1648496244581 HTTP/1.1" 200 26
200.54.237.82 - - [28/Mar/2022:16:49:55 -0300] "GET /cormun/servlet/solicitudotadjuntos?3876714e39032e3bf23eedae0d9a380515d1822b97466c4605484fc8e7bdfb96,gx-no-cache=1648496248971 HTTP/1.1" 200 30
200.54.237.82 - - [28/Mar/2022:16:49:55 -0300] "GET /cormun/servlet/solicitudotadjuntos?3876714e39032e3bf23eedae0d9a380515d1822b97466c4605484fc8e7bdfb96,gx-no-cache=1648496248995 HTTP/1.1" 200 30
200.54.237.82 - - [28/Mar/2022:16:49:55 -0300] "POST /cormun/servlet/solicitudotadjuntos?6c7e271b82767e08114730f236e2c7bc,INS,2022,18337,,1, HTTP/1.1" 200 116
200.54.237.82 - - [28/Mar/2022:16:49:55 -0300] "GET /cormun/servlet/hpexe_return? HTTP/1.1" 200 1023
200.54.237.82 - - [28/Mar/2022:16:49:56 -0300] "GET /cormun/servlet/trsolicitudadjuntos?2022,18337, HTTP/1.1" 200 9436
200.54.237.82 - - [28/Mar/2022:16:49:56 -0300] "GET /cormun/servlet/trsolicitudadjuntos?2022,18337, HTTP/1.1" 200 9431
200.54.237.82 - - [28/Mar/2022:16:50:09 -0300] "GET /cormun/servlet/solicitudotadjuntos?INS,2022,18337,,1, HTTP/1.1" 200 6374
200.54.237.82 - - [28/Mar/2022:16:50:09 -0300] "GET /cormun/static/about:blank HTTP/1.1" 404 1011
200.54.237.82 - - [28/Mar/2022:16:50:10 -0300] "GET /cormun/servlet/solicitudotadjuntos?INS,2022,18337,,1, HTTP/1.1" 200 6366
200.54.237.82 - - [28/Mar/2022:16:50:10 -0300] "GET /cormun/servlet/solicitudotadjuntos?3876714e39032e3bf23eedae0d9a3805579217b7a323c5d1ebd8ee479cd612fd01357a869c5f05521e8cdc09a91c458c,gx-no-cache=1648496263833 HTTP/1.1" 200 30
200.54.237.82 - - [28/Mar/2022:16:50:10 -0300] "POST /cormun/servlet/solicitudotadjuntos?6c7e271b82767e08114730f236e2c7bc,INS,2022,18337,,1,,gx-no-cache=1648496263852 HTTP/1.1" 200 4147
200.54.237.82 - - [28/Mar/2022:16:50:12 -0300] "POST /cormun/servlet/solicitudotadjuntos?gx-no-cache=1648496265717 HTTP/1.1" 200 26
200.54.237.82 - - [28/Mar/2022:16:50:17 -0300] "GET /cormun/servlet/solicitudotadjuntos?3876714e39032e3bf23eedae0d9a380515d1822b97466c4605484fc8e7bdfb96,gx-no-cache=1648496270812 HTTP/1.1" 200 30
200.54.237.82 - - [28/Mar/2022:16:50:17 -0300] "GET /cormun/servlet/solicitudotadjuntos?3876714e39032e3bf23eedae0d9a380515d1822b97466c4605484fc8e7bdfb96,gx-no-cache=1648496270824 HTTP/1.1" 200 30
200.54.237.82 - - [28/Mar/2022:16:50:17 -0300] "POST /cormun/servlet/solicitudotadjuntos?6c7e271b82767e08114730f236e2c7bc,INS,2022,18337,,1, HTTP/1.1" 200 116
200.54.237.82 - - [28/Mar/2022:16:50:17 -0300] "GET /cormun/servlet/hpexe_return? HTTP/1.1" 200 1023
200.54.237.82 - - [28/Mar/2022:16:50:17 -0300] "GET /cormun/servlet/trsolicitudadjuntos?2022,18337, HTTP/1.1" 200 9668
200.54.237.82 - - [28/Mar/2022:16:50:18 -0300] "GET /cormun/servlet/trsolicitudadjuntos?2022,18337, HTTP/1.1" 200 9665
200.54.237.82 - - [28/Mar/2022:16:50:19 -0300] "GET /cormun/servlet/solicitudotadjuntos?INS,2022,18337,,1, HTTP/1.1" 200 6373
200.54.237.82 - - [28/Mar/2022:16:50:20 -0300] "GET /cormun/static/about:blank HTTP/1.1" 404 1011
200.54.237.82 - - [28/Mar/2022:16:50:20 -0300] "GET /cormun/servlet/solicitudotadjuntos?INS,2022,18337,,1, HTTP/1.1" 200 6366
200.54.237.82 - - [28/Mar/2022:16:50:20 -0300] "GET /cormun/servlet/solicitudotadjuntos?3876714e39032e3bf23eedae0d9a3805579217b7a323c5d1ebd8ee479cd612fd01357a869c5f05521e8cdc09a91c458c,gx-no-cache=1648496273941 HTTP/1.1" 200 30
200.54.237.82 - - [28/Mar/2022:16:50:20 -0300] "POST /cormun/servlet/solicitudotadjuntos?6c7e271b82767e08114730f236e2c7bc,INS,2022,18337,,1,,gx-no-cache=1648496273972 HTTP/1.1" 200 4147
200.54.237.82 - - [28/Mar/2022:16:50:23 -0300] "POST /cormun/servlet/solicitudotadjuntos?gx-no-cache=1648496276501 HTTP/1.1" 200 26
192.168.10.199 - - [28/Mar/2022:16:50:26 -0300] "POST /cormun/servlet/vesolicitudgral?995cc47d32b8414c5cce0b72d247ce22,2022,18084,,General,gx-no-cache=1648496116453 HTTP/1.1" 200 90
192.168.10.199 - - [28/Mar/2022:16:50:26 -0300] "GET /cormun/servlet/hpexe_link HTTP/1.1" 200 975
192.168.10.199 - - [28/Mar/2022:16:50:26 -0300] "GET /cormun/servlet/trsolicitudgral? HTTP/1.1" 200 9721
192.168.10.199 - - [28/Mar/2022:16:50:27 -0300] "GET /cormun/servlet/trsolicitudgral? HTTP/1.1" 200 9720
200.54.237.82 - - [28/Mar/2022:16:50:28 -0300] "GET /cormun/servlet/solicitudotadjuntos?3876714e39032e3bf23eedae0d9a380515d1822b97466c4605484fc8e7bdfb96,gx-no-cache=1648496281684 HTTP/1.1" 200 30
200.54.237.82 - - [28/Mar/2022:16:50:28 -0300] "GET /cormun/servlet/solicitudotadjuntos?3876714e39032e3bf23eedae0d9a380515d1822b97466c4605484fc8e7bdfb96,gx-no-cache=1648496281696 HTTP/1.1" 200 30
200.54.237.82 - - [28/Mar/2022:16:50:28 -0300] "POST /cormun/servlet/solicitudotadjuntos?6c7e271b82767e08114730f236e2c7bc,INS,2022,18337,,1, HTTP/1.1" 200 116
200.54.237.82 - - [28/Mar/2022:16:50:28 -0300] "GET /cormun/servlet/hpexe_return? HTTP/1.1" 200 1023
200.54.237.82 - - [28/Mar/2022:16:50:28 -0300] "GET /cormun/servlet/trsolicitudadjuntos?2022,18337, HTTP/1.1" 200 9887
200.54.237.82 - - [28/Mar/2022:16:50:29 -0300] "GET /cormun/servlet/trsolicitudadjuntos?2022,18337, HTTP/1.1" 200 9884
200.54.237.82 - - [28/Mar/2022:16:50:31 -0300] "GET /cormun/servlet/solicitudotadjuntos?INS,2022,18337,,1, HTTP/1.1" 200 6373
200.54.237.82 - - [28/Mar/2022:16:50:31 -0300] "GET /cormun/static/about:blank HTTP/1.1" 404 1011
200.54.237.82 - - [28/Mar/2022:16:50:31 -0300] "GET /cormun/servlet/solicitudotadjuntos?INS,2022,18337,,1, HTTP/1.1" 200 6366
200.54.237.82 - - [28/Mar/2022:16:50:31 -0300] "GET /cormun/servlet/solicitudotadjuntos?3876714e39032e3bf23eedae0d9a3805579217b7a323c5d1ebd8ee479cd612fd01357a869c5f05521e8cdc09a91c458c,gx-no-cache=1648496285169 HTTP/1.1" 200 30
200.54.237.82 - - [28/Mar/2022:16:50:31 -0300] "POST /cormun/servlet/solicitudotadjuntos?6c7e271b82767e08114730f236e2c7bc,INS,2022,18337,,1,,gx-no-cache=1648496285200 HTTP/1.1" 200 4147
200.54.237.82 - - [28/Mar/2022:16:50:33 -0300] "POST /cormun/servlet/solicitudotadjuntos?gx-no-cache=1648496287157 HTTP/1.1" 200 26
192.168.10.199 - - [28/Mar/2022:16:50:35 -0300] "POST /cormun/servlet/trsolicitudgral?995cc47d32b8414c5cce0b72d247ce22,,gx-no-cache=1648496125878 HTTP/1.1" 200 6675
200.54.237.82 - - [28/Mar/2022:16:50:38 -0300] "GET /cormun/servlet/solicitudotadjuntos?3876714e39032e3bf23eedae0d9a380515d1822b97466c4605484fc8e7bdfb96,gx-no-cache=1648496292212 HTTP/1.1" 200 30
200.54.237.82 - - [28/Mar/2022:16:50:38 -0300] "GET /cormun/servlet/solicitudotadjuntos?3876714e39032e3bf23eedae0d9a380515d1822b97466c4605484fc8e7bdfb96,gx-no-cache=1648496292231 HTTP/1.1" 200 30
200.54.237.82 - - [28/Mar/2022:16:50:39 -0300] "POST /cormun/servlet/solicitudotadjuntos?6c7e271b82767e08114730f236e2c7bc,INS,2022,18337,,1, HTTP/1.1" 200 116
200.54.237.82 - - [28/Mar/2022:16:50:39 -0300] "GET /cormun/servlet/hpexe_return? HTTP/1.1" 200 1023
200.54.237.82 - - [28/Mar/2022:16:50:39 -0300] "GET /cormun/servlet/trsolicitudadjuntos?2022,18337, HTTP/1.1" 200 10151
200.54.237.82 - - [28/Mar/2022:16:50:40 -0300] "GET /cormun/servlet/trsolicitudadjuntos?2022,18337, HTTP/1.1" 200 10149
200.54.237.82 - - [28/Mar/2022:16:50:41 -0300] "GET /cormun/servlet/solicitudotadjuntos?INS,2022,18337,,1, HTTP/1.1" 200 6373
200.54.237.82 - - [28/Mar/2022:16:50:41 -0300] "GET /cormun/static/about:blank HTTP/1.1" 404 1011
200.54.237.82 - - [28/Mar/2022:16:50:41 -0300] "GET /cormun/servlet/solicitudotadjuntos?INS,2022,18337,,1, HTTP/1.1" 200 6366
192.168.10.199 - - [28/Mar/2022:16:50:41 -0300] "GET /cormun/servlet/vesolicitudgral?2022,18097,, HTTP/1.1" 200 8413
192.168.10.199 - - [28/Mar/2022:16:50:41 -0300] "GET /cormun/pexe_scrolldiv.js HTTP/1.1" 404 1009
192.168.10.199 - - [28/Mar/2022:16:50:42 -0300] "GET /cormun/servlet/vesolicitudgral?2022,18097,, HTTP/1.1" 200 8412
200.54.237.82 - - [28/Mar/2022:16:50:42 -0300] "GET /cormun/servlet/solicitudotadjuntos?3876714e39032e3bf23eedae0d9a3805579217b7a323c5d1ebd8ee479cd612fd01357a869c5f05521e8cdc09a91c458c,gx-no-cache=1648496295535 HTTP/1.1" 200 30
200.54.237.82 - - [28/Mar/2022:16:50:42 -0300] "POST /cormun/servlet/solicitudotadjuntos?6c7e271b82767e08114730f236e2c7bc,INS,2022,18337,,1,,gx-no-cache=1648496295604 HTTP/1.1" 200 4147
200.54.237.82 - - [28/Mar/2022:16:50:44 -0300] "POST /cormun/servlet/solicitudotadjuntos?gx-no-cache=1648496298053 HTTP/1.1" 200 26
200.54.237.82 - - [28/Mar/2022:16:50:50 -0300] "GET /cormun/servlet/solicitudotadjuntos?3876714e39032e3bf23eedae0d9a380515d1822b97466c4605484fc8e7bdfb96,gx-no-cache=1648496303548 HTTP/1.1" 200 30
200.54.237.82 - - [28/Mar/2022:16:50:50 -0300] "GET /cormun/servlet/solicitudotadjuntos?3876714e39032e3bf23eedae0d9a380515d1822b97466c4605484fc8e7bdfb96,gx-no-cache=1648496303566 HTTP/1.1" 200 30
200.54.237.82 - - [28/Mar/2022:16:50:50 -0300] "POST /cormun/servlet/solicitudotadjuntos?6c7e271b82767e08114730f236e2c7bc,INS,2022,18337,,1, HTTP/1.1" 200 116
200.54.237.82 - - [28/Mar/2022:16:50:50 -0300] "GET /cormun/servlet/hpexe_return? HTTP/1.1" 200 1023
200.54.237.82 - - [28/Mar/2022:16:50:50 -0300] "GET /cormun/servlet/trsolicitudadjuntos?2022,18337, HTTP/1.1" 200 10332
200.54.237.82 - - [28/Mar/2022:16:50:51 -0300] "GET /cormun/servlet/trsolicitudadjuntos?2022,18337, HTTP/1.1" 200 10331
200.54.237.82 - - [28/Mar/2022:16:50:54 -0300] "GET /cormun/servlet/trsolicitudot? HTTP/1.1" 200 8954
200.54.237.82 - - [28/Mar/2022:16:50:54 -0300] "GET /cormun/servlet/trsolicitudot? HTTP/1.1" 200 8947
200.54.237.82 - - [28/Mar/2022:16:51:06 -0300] "POST /cormun/servlet/trsolicitudot?6c7e271b82767e08114730f236e2c7bc,,gx-no-cache=1648496319368 HTTP/1.1" 200 4870
200.54.237.82 - - [28/Mar/2022:16:51:06 -0300] "GET /cormun/static/Shared/jqueryui/images/ui-bg_highlight-soft_100_c6c2c8_1x100.png HTTP/1.1" 404 1117
200.54.237.82 - - [28/Mar/2022:16:51:06 -0300] "GET /cormun/static/Shared/jqueryui/images/ui-icons_82798d_256x240.png HTTP/1.1" 404 1089
200.54.237.82 - - [28/Mar/2022:16:51:06 -0300] "GET /cormun/static/Shared/jqueryui/images/ui-bg_flat_55_fafafa_40x100.png HTTP/1.1" 404 1097
200.54.237.82 - - [28/Mar/2022:16:51:06 -0300] "GET /cormun/static/Shared/jqueryui/images/ui-icons_8d78a5_256x240.png HTTP/1.1" 404 1089
200.54.237.82 - - [28/Mar/2022:16:51:06 -0300] "POST /cormun/servlet/trsolicitudot?6c7e271b82767e08114730f236e2c7bc,,gx-no-cache=1648496319631 HTTP/1.1" 200 4620
200.54.237.82 - - [28/Mar/2022:16:51:10 -0300] "GET /cormun/servlet/trautorizarsolicitud? HTTP/1.1" 200 8843
200.54.237.82 - - [28/Mar/2022:16:51:10 -0300] "GET /cormun/servlet/trautorizarsolicitud? HTTP/1.1" 200 8843
200.54.237.82 - - [28/Mar/2022:16:51:16 -0300] "POST /cormun/servlet/trautorizarsolicitud?6c7e271b82767e08114730f236e2c7bc,,gx-no-cache=1648496329909 HTTP/1.1" 200 4794
200.54.237.82 - - [28/Mar/2022:16:51:16 -0300] "GET /cormun/static/Shared/jqueryui/images/ui-bg_highlight-soft_100_c6c2c8_1x100.png HTTP/1.1" 404 1117
200.54.237.82 - - [28/Mar/2022:16:51:16 -0300] "GET /cormun/static/Shared/jqueryui/images/ui-icons_82798d_256x240.png HTTP/1.1" 404 1089
200.54.237.82 - - [28/Mar/2022:16:51:16 -0300] "GET /cormun/static/Shared/jqueryui/images/ui-bg_flat_55_fafafa_40x100.png HTTP/1.1" 404 1097
200.54.237.82 - - [28/Mar/2022:16:51:16 -0300] "GET /cormun/static/Shared/jqueryui/images/ui-icons_8d78a5_256x240.png HTTP/1.1" 404 1089
200.54.237.82 - - [28/Mar/2022:16:51:16 -0300] "POST /cormun/servlet/trautorizarsolicitud?6c7e271b82767e08114730f236e2c7bc,,gx-no-cache=1648496330131 HTTP/1.1" 200 4542
200.54.237.82 - - [28/Mar/2022:16:51:31 -0300] "GET /cormun/servlet/trsolicitudot? HTTP/1.1" 200 7545
200.54.237.82 - - [28/Mar/2022:16:51:31 -0300] "GET /cormun/servlet/trsolicitudot? HTTP/1.1" 200 7544
200.54.237.82 - - [28/Mar/2022:16:51:33 -0300] "GET /cormun/servlet/solicitudot?INS,0,0,false, HTTP/1.1" 200 16049
200.54.237.82 - - [28/Mar/2022:16:51:33 -0300] "GET /cormun/servlet/solicitudot?INS,0,0,false, HTTP/1.1" 200 16056
192.168.10.199 - - [28/Mar/2022:16:51:41 -0300] "GET /cormun/servlet/vesolicitudgral?2022,18097,,SolicitudOTAdjuntos HTTP/1.1" 200 10835
200.54.237.82 - - [28/Mar/2022:16:51:41 -0300] "POST /cormun/servlet/solicitudot?gx-no-cache=1648496354694 HTTP/1.1" 200 3858
192.168.10.199 - - [28/Mar/2022:16:51:41 -0300] "GET /cormun/pexe_scrolldiv.js HTTP/1.1" 404 1009
200.54.237.82 - - [28/Mar/2022:16:51:41 -0300] "POST /cormun/servlet/solicitudot?6c7e271b82767e08114730f236e2c7bc,INS,0,0,false,,gx-no-cache=1648496354832 HTTP/1.1" 200 12669
192.168.10.199 - - [28/Mar/2022:16:51:41 -0300] "GET /cormun/servlet/vesolicitudgral?2022,18097,,SolicitudOTAdjuntos HTTP/1.1" 200 10835
192.168.10.199 - - [28/Mar/2022:16:51:42 -0300] "POST /cormun/servlet/acontrolpreferencessavestate?None,RRHH+CATALINA+CACERES,true HTTP/1.1" 200 35
200.54.237.82 - - [28/Mar/2022:16:51:44 -0300] "GET /cormun/servlet/solicitudot?3876714e39032e3bf23eedae0d9a3805066365b6a3cf8e450c4789a021cda43094dbff1a065f152c11baf76ec8878f3c,gx-no-cache=1648496357324 HTTP/1.1" 200 30
192.168.10.199 - - [28/Mar/2022:16:51:44 -0300] "GET /cormun/PublicTempStorage/c._antecedentes9235185.pdf HTTP/1.1" 200 430431
200.54.237.82 - - [28/Mar/2022:16:51:47 -0300] "GET /cormun/servlet/solicitudot?3876714e39032e3bf23eedae0d9a3805d877d9845436ef49b8f90c6b87dca91f,gx-no-cache=1648496360330 HTTP/1.1" 200 94
200.54.237.82 - - [28/Mar/2022:16:51:47 -0300] "GET /cormun/static/Shared/jqueryui/images/ui-bg_highlight-soft_100_c6c2c8_1x100.png HTTP/1.1" 404 1117
200.54.237.82 - - [28/Mar/2022:16:51:47 -0300] "GET /cormun/static/Shared/jqueryui/images/ui-icons_82798d_256x240.png HTTP/1.1" 404 1089
200.54.237.82 - - [28/Mar/2022:16:51:47 -0300] "GET /cormun/servlet/solicitudot?3876714e39032e3bf23eedae0d9a3805f077b8f6e90a56175bbd9ee55b3406a4,gx-no-cache=1648496360383 HTTP/1.1" 200 29
200.54.237.82 - - [28/Mar/2022:16:51:47 -0300] "GET /cormun/static/Shared/jqueryui/images/ui-bg_flat_55_994d53_40x100.png HTTP/1.1" 404 1097
200.54.237.82 - - [28/Mar/2022:16:51:47 -0300] "GET /cormun/static/Shared/jqueryui/images/ui-icons_ebccce_256x240.png HTTP/1.1" 404 1089
200.54.237.82 - - [28/Mar/2022:16:51:48 -0300] "POST /cormun/servlet/solicitudot?gx-no-cache=1648496361350 HTTP/1.1" 200 255
200.54.237.82 - - [28/Mar/2022:16:51:52 -0300] "GET /cormun/servlet/solicitudot?3876714e39032e3bf23eedae0d9a3805f252fe42db1d2a54a03f92845122e2f499fa742fe868466dd50aaa3f680181f4b599170740efe922113231495c2296a8c56c3dbfc01e2682d6e0ee685c9bf1be81122bb0eedd904273eea5f5eb9bac49d522cb2a65451972d28076f768913e3aebf8315b9354454484f86b2563a6371f35448b6ed1cf00c45c32d3fe559314bc744751f911c17c3e5c5704dd9e7be4575bb4b483a06186dd218377dcac9baf2e26bea98c9754a214ce1a5e4de6ee3ce087e6309cf19ec75acc0733a6508286c9b2ea29aab87306292979354e8d4463c04f7b19a5f91cd56a1d188e305c0c60347c16918e94cfdd3fada2111ac7b985725937f3761e3bc3105d3a44ffb20d357811befb571842726543a2ff31f61098537b0bfb793f60fe3b6a53ac0dbb14ff294d09d3f0c470ef8390008dacff80a4db3ab2b13f73413e75a9cf54e0081495261980a9dd31bd06b41fc162390960facd2cc09920800e1b692e328cfaefb7869b122a6e223f7df5cc48ff8b5fcea0026f,gx-no-cache=1648496365273 HTTP/1.1" 200 30
192.168.10.199 - - [28/Mar/2022:16:52:20 -0300] "GET /cormun/servlet/vesolicitudgral?2022,18097,,SolicitudOTAdjuntos HTTP/1.1" 200 10833
192.168.10.199 - - [28/Mar/2022:16:52:21 -0300] "GET /cormun/servlet/vesolicitudgral?2022,18097,,SolicitudOTAdjuntos HTTP/1.1" 200 10832
192.168.10.199 - - [28/Mar/2022:16:52:21 -0300] "POST /cormun/servlet/acontrolpreferencessavestate?None,RRHH+CATALINA+CACERES,true HTTP/1.1" 200 35
192.168.10.199 - - [28/Mar/2022:16:52:23 -0300] "GET /cormun/PublicTempStorage/titulo3490929.pdf HTTP/1.1" 200 293455
192.168.10.199 - - [28/Mar/2022:16:52:30 -0300] "GET /cormun/servlet/vesolicitudgral?2022,18097,,SolicitudOTAdjuntos HTTP/1.1" 200 10833
192.168.10.199 - - [28/Mar/2022:16:52:30 -0300] "GET /cormun/servlet/vesolicitudgral?2022,18097,,SolicitudOTAdjuntos HTTP/1.1" 200 10834
192.168.10.199 - - [28/Mar/2022:16:52:31 -0300] "POST /cormun/servlet/acontrolpreferencessavestate?None,RRHH+CATALINA+CACERES,true HTTP/1.1" 200 35
192.168.10.199 - - [28/Mar/2022:16:52:37 -0300] "GET /cormun/PublicTempStorage/afp4315470.pdf HTTP/1.1" 200 179381
192.168.10.199 - - [28/Mar/2022:16:54:11 -0300] "GET /cormun/servlet/vesolicitudgral?2022,18097,,SolicitudOTAdjuntos HTTP/1.1" 200 10833
192.168.10.199 - - [28/Mar/2022:16:54:11 -0300] "GET /cormun/servlet/vesolicitudgral?2022,18097,,SolicitudOTAdjuntos HTTP/1.1" 200 10833
192.168.10.199 - - [28/Mar/2022:16:54:12 -0300] "POST /cormun/servlet/acontrolpreferencessavestate?None,RRHH+CATALINA+CACERES,true HTTP/1.1" 200 35
192.168.10.199 - - [28/Mar/2022:16:54:16 -0300] "GET /cormun/PublicTempStorage/fonasa9786613.pdf HTTP/1.1" 200 240758
181.212.42.153 - - [28/Mar/2022:16:54:22 -0300] "GET /cormun/servlet/trlicencias? HTTP/1.1" 200 16433
181.212.42.153 - - [28/Mar/2022:16:54:22 -0300] "GET /cormun/servlet/trlicencias? HTTP/1.1" 200 16469
192.168.10.199 - - [28/Mar/2022:16:54:35 -0300] "GET /cormun/servlet/vesolicitudgral?2022,18097,,SolicitudOTAdjuntos HTTP/1.1" 200 10834
192.168.10.199 - - [28/Mar/2022:16:54:36 -0300] "GET /cormun/servlet/vesolicitudgral?2022,18097,,SolicitudOTAdjuntos HTTP/1.1" 200 10835
192.168.10.199 - - [28/Mar/2022:16:54:36 -0300] "POST /cormun/servlet/acontrolpreferencessavestate?None,RRHH+CATALINA+CACERES,true HTTP/1.1" 200 35
192.168.10.199 - - [28/Mar/2022:16:54:37 -0300] "GET /cormun/servlet/vesolicitudgral?2022,18097,,General HTTP/1.1" 200 8415
192.168.10.199 - - [28/Mar/2022:16:54:37 -0300] "GET /cormun/pexe_scrolldiv.js HTTP/1.1" 404 1009
192.168.10.199 - - [28/Mar/2022:16:54:37 -0300] "GET /cormun/servlet/vesolicitudgral?2022,18097,,General HTTP/1.1" 200 8415
190.171.144.234 - - [28/Mar/2022:16:54:50 -0300] "GET /cormun/servlet/hlogin HTTP/1.1" 200 1728
190.171.144.234 - - [28/Mar/2022:16:54:50 -0300] "GET /cormun/servlet/hlogin HTTP/1.1" 200 1739
190.95.2.157 - - [28/Mar/2022:16:55:48 -0300] "GET /cormun/servlet/hlogin HTTP/1.1" 200 1719
190.95.2.157 - - [28/Mar/2022:16:55:55 -0300] "POST /cormun/servlet/hlogin?3668fb89cb139d7f04063c3e6a2f9d20,gx-no-cache=1648496609088 HTTP/1.1" 200 90
190.95.2.157 - - [28/Mar/2022:16:55:55 -0300] "GET /cormun/servlet/hpexe_link HTTP/1.1" 200 946
190.95.2.157 - - [28/Mar/2022:16:55:55 -0300] "GET /cormun/servlet/hhome HTTP/1.1" 200 4272
190.95.2.157 - - [28/Mar/2022:16:55:56 -0300] "GET /cormun/servlet/hhome HTTP/1.1" 200 4268
190.171.144.234 - - [28/Mar/2022:16:55:59 -0300] "POST /cormun/servlet/hlogin?0fbd7d5f381bbeaf44b6f69a686e5766,gx-no-cache=1648496614027 HTTP/1.1" 200 90
190.171.144.234 - - [28/Mar/2022:16:56:00 -0300] "GET /cormun/servlet/hpexe_link HTTP/1.1" 200 956
190.171.144.234 - - [28/Mar/2022:16:56:00 -0300] "GET /cormun/servlet/hhome HTTP/1.1" 200 3989
190.171.144.234 - - [28/Mar/2022:16:56:01 -0300] "GET /cormun/servlet/hhome HTTP/1.1" 200 3985
190.95.2.157 - - [28/Mar/2022:16:56:04 -0300] "GET /cormun/servlet/trlicencias? HTTP/1.1" 200 10471
190.95.2.157 - - [28/Mar/2022:16:56:04 -0300] "GET /cormun/servlet/trlicencias? HTTP/1.1" 200 10469
190.171.144.234 - - [28/Mar/2022:16:56:07 -0300] "GET /cormun/servlet/trsolicitudot? HTTP/1.1" 200 8618
190.171.144.234 - - [28/Mar/2022:16:56:07 -0300] "GET /cormun/static/gxui/gxui-all.css?110300 HTTP/1.1" 200 2179
190.171.144.234 - - [28/Mar/2022:16:56:07 -0300] "GET /cormun/static/calendar-system.css?75620 HTTP/1.1" 200 5572
190.171.144.234 - - [28/Mar/2022:16:56:07 -0300] "GET /cormun/static/gxcfg.js?201991910464971 HTTP/1.1" 200 953
190.171.144.234 - - [28/Mar/2022:16:56:07 -0300] "GET /cormun/static/trsolicitudot.js?201991910465845 HTTP/1.1" 200 54041
190.171.144.234 - - [28/Mar/2022:16:56:08 -0300] "GET /cormun/static/Shared/ext/resources/css/ext-all.css?205870 HTTP/1.1" 200 416045
190.171.144.234 - - [28/Mar/2022:16:56:08 -0300] "GET /cormun//static/Resources/PXToolsActionView.png HTTP/1.1" 200 398
190.171.144.234 - - [28/Mar/2022:16:56:08 -0300] "GET /cormun//static/Resources/PXToolsRemoveAllAction.png HTTP/1.1" 200 487
190.95.2.157 - - [28/Mar/2022:16:56:08 -0300] "GET /cormun/servlet/licenciaspermisos?INS,0,,, HTTP/1.1" 200 7879
190.171.144.234 - - [28/Mar/2022:16:56:08 -0300] "GET /cormun/servlet/trsolicitudot? HTTP/1.1" 200 8616
190.95.2.157 - - [28/Mar/2022:16:56:08 -0300] "GET /cormun/servlet/licenciaspermisos?INS,0,,, HTTP/1.1" 200 7889
190.95.2.157 - - [28/Mar/2022:16:57:03 -0300] "GET /cormun/servlet/prfichaempleado?,MD,,gxPopupLevel%3D0%3B HTTP/1.1" 200 9293
190.95.2.157 - - [28/Mar/2022:16:57:09 -0300] "GET /cormun/servlet/licenciaspermisos?06ee7836ec7e075d79a98f7f40c415b1a0a105e2de017e767dc9ec7fa5750b0f43217c12c916f93f7e879ad33ad7fc1364c5ed21b855e78e8560448bc0f7d589,gx-no-cache=1648496683386 HTTP/1.1" 200 92
190.95.2.157 - - [28/Mar/2022:16:57:10 -0300] "POST /cormun/servlet/licenciaspermisos?3668fb89cb139d7f04063c3e6a2f9d20,INS,0,,,,gx-no-cache=1648496683467 HTTP/1.1" 200 5094
192.168.10.199 - - [28/Mar/2022:16:57:14 -0300] "POST /cormun/servlet/vesolicitudgral?995cc47d32b8414c5cce0b72d247ce22,2022,18097,,General,gx-no-cache=1648496525097 HTTP/1.1" 200 90
192.168.10.199 - - [28/Mar/2022:16:57:14 -0300] "GET /cormun/servlet/hpexe_link HTTP/1.1" 200 975
192.168.10.199 - - [28/Mar/2022:16:57:15 -0300] "GET /cormun/servlet/trsolicitudgral? HTTP/1.1" 200 9744
192.168.10.199 - - [28/Mar/2022:16:57:15 -0300] "GET /cormun/servlet/trsolicitudgral? HTTP/1.1" 200 9742
190.95.2.157 - - [28/Mar/2022:16:57:29 -0300] "GET /cormun/static/menuarrow.gif HTTP/1.1" 404 1015
192.168.10.199 - - [28/Mar/2022:16:57:37 -0300] "POST /cormun/servlet/trsolicitudgral?995cc47d32b8414c5cce0b72d247ce22,,gx-no-cache=1648496547678 HTTP/1.1" 200 6658
192.168.10.199 - - [28/Mar/2022:16:58:08 -0300] "GET /cormun/servlet/vesolicitudgral?2022,18158,, HTTP/1.1" 200 8389
192.168.10.199 - - [28/Mar/2022:16:58:09 -0300] "GET /cormun/pexe_scrolldiv.js HTTP/1.1" 404 1009
192.168.10.199 - - [28/Mar/2022:16:58:10 -0300] "GET /cormun/servlet/vesolicitudgral?2022,18158,, HTTP/1.1" 200 8389
192.168.10.199 - - [28/Mar/2022:16:58:14 -0300] "POST /cormun/servlet/vesolicitudgral?995cc47d32b8414c5cce0b72d247ce22,2022,18158,,,gx-no-cache=1648496584182 HTTP/1.1" 200 12111
192.168.10.199 - - [28/Mar/2022:16:58:14 -0300] "GET /cormun/static/Shared/jqueryui/images/ui-icons_82798d_256x240.png HTTP/1.1" 404 1089
192.168.10.199 - - [28/Mar/2022:16:58:14 -0300] "GET /cormun/static/Shared/jqueryui/images/ui-bg_highlight-soft_100_c6c2c8_1x100.png HTTP/1.1" 404 1117
192.168.10.199 - - [28/Mar/2022:16:58:14 -0300] "GET /cormun/static/Shared/jqueryui/images/ui-bg_flat_55_fafafa_40x100.png HTTP/1.1" 404 1097
192.168.10.199 - - [28/Mar/2022:16:58:14 -0300] "GET /cormun/static/Shared/jqueryui/images/ui-icons_8d78a5_256x240.png HTTP/1.1" 404 1089
190.95.2.157 - - [28/Mar/2022:16:58:17 -0300] "GET /cormun/servlet/licenciaspermisos?06ee7836ec7e075d79a98f7f40c415b12f5160bbd5f0f8e852ff51a44a31788cdb3dbc67de24fcc0d6f684e8d06746a3261c0f0103db2e7c23bf7fc3f35465c81534cf73f5ae294ffc81c053c1aabbfd31988ad2cde3af3acf463a2846e8eafd26aa588e44baa774505c46f0ddf2f8ffef845ae1aef638ebea8d1bdb0f57d5c9ed5a5252ff20f95335c77d894d41f5084f9d7c583858087ca7a3c718ba9105775f37c450fe9375503678582fc255f16d,gx-no-cache=1648496751440 HTTP/1.1" 200 30
190.95.2.157 - - [28/Mar/2022:16:58:17 -0300] "GET /cormun/servlet/licenciaspermisos?06ee7836ec7e075d79a98f7f40c415b1252fb86e054dc5a2b2aab9081a12046f3cdf50e7d64f4c79fabc8f55590b844f2b711f38d7a7087480c672f8474244f6f9c9d796c05d6cebb9f5f3fd87023c58bbf4cf49fe67de60a1a2b332491f6916cea9de0a86c315703399f6002376fae91123e8fbe4149aa092b5abf69b191a07dbec9f84bec47c0c9288fab679f4de2a84fa1c037938a49c1eec1190c4b80ee98a6347c9144147b66c81074305d709a5,gx-no-cache=1648496751464 HTTP/1.1" 200 29
190.95.2.157 - - [28/Mar/2022:16:58:18 -0300] "POST /cormun/servlet/licenciaspermisos?3668fb89cb139d7f04063c3e6a2f9d20,INS,0,,,,gx-no-cache=1648496751488 HTTP/1.1" 200 93
190.95.2.157 - - [28/Mar/2022:16:58:18 -0300] "GET /cormun/servlet/hpexe_return? HTTP/1.1" 200 1006
190.95.2.157 - - [28/Mar/2022:16:58:18 -0300] "GET /cormun/servlet/trlicencias HTTP/1.1" 200 10901
190.95.2.157 - - [28/Mar/2022:16:58:18 -0300] "GET /cormun/servlet/trlicencias HTTP/1.1" 200 10896
181.203.123.30 - - [28/Mar/2022:16:58:23 -0300] "GET /cormun/servlet/trsolicitudot? HTTP/1.1" 200 10506
181.203.123.30 - - [28/Mar/2022:16:58:23 -0300] "GET /cormun/servlet/trsolicitudot? HTTP/1.1" 200 10504
190.95.2.157 - - [28/Mar/2022:16:58:25 -0300] "GET /cormun/servlet/trlicenciaspermisosadjuntos?16856630,20220328000000,L, HTTP/1.1" 200 6623
190.95.2.157 - - [28/Mar/2022:16:58:25 -0300] "GET /cormun/servlet/trlicenciaspermisosadjuntos?16856630,20220328000000,L, HTTP/1.1" 200 6624
190.95.2.157 - - [28/Mar/2022:16:58:27 -0300] "GET /cormun/servlet/licenciaspermisosadjuntos?INS,16856630,L,20220328000000,, HTTP/1.1" 200 5914
190.95.2.157 - - [28/Mar/2022:16:58:27 -0300] "GET /cormun/static/about:blank HTTP/1.1" 404 1011
190.95.2.157 - - [28/Mar/2022:16:58:27 -0300] "GET /cormun/servlet/licenciaspermisosadjuntos?INS,16856630,L,20220328000000,, HTTP/1.1" 200 5904
181.203.123.30 - - [28/Mar/2022:16:58:28 -0300] "POST /cormun/servlet/trsolicitudot?d1cbc8c5a22d6f46a84847b40d3e45f4,,gx-no-cache=1648496761435 HTTP/1.1" 200 107
181.203.123.30 - - [28/Mar/2022:16:58:28 -0300] "GET /cormun/servlet/trsolicitudadjuntos?2022,18015, HTTP/1.1" 200 5928
181.203.123.30 - - [28/Mar/2022:16:58:28 -0300] "GET /cormun/servlet/trsolicitudadjuntos?2022,18015, HTTP/1.1" 200 5928
181.203.123.30 - - [28/Mar/2022:16:58:29 -0300] "POST /cormun/servlet/acontrolpreferencessavestate?None,CG-476,true HTTP/1.1" 200 35
192.168.10.199 - - [28/Mar/2022:16:58:31 -0300] "POST /cormun/servlet/vesolicitudgral?995cc47d32b8414c5cce0b72d247ce22,2022,18158,,,gx-no-cache=1648496601983 HTTP/1.1" 200 90
192.168.10.199 - - [28/Mar/2022:16:58:31 -0300] "GET /cormun/servlet/hpexe_link HTTP/1.1" 200 970
192.168.10.199 - - [28/Mar/2022:16:58:31 -0300] "GET /cormun/servlet/trsolicitudgral? HTTP/1.1" 200 9714
192.168.10.199 - - [28/Mar/2022:16:58:32 -0300] "GET /cormun/servlet/trsolicitudgral? HTTP/1.1" 200 9713
181.203.123.30 - - [28/Mar/2022:16:58:32 -0300] "POST /cormun/servlet/trsolicitudadjuntos?d1cbc8c5a22d6f46a84847b40d3e45f4,2022,18015,,gx-no-cache=1648496765842 HTTP/1.1" 200 3939
181.203.123.30 - - [28/Mar/2022:16:58:33 -0300] "POST /cormun/servlet/trsolicitudadjuntos?d1cbc8c5a22d6f46a84847b40d3e45f4,2022,18015,,gx-no-cache=1648496766929 HTTP/1.1" 200 3939
190.95.2.157 - - [28/Mar/2022:16:58:33 -0300] "POST /cormun/servlet/licenciaspermisosadjuntos?3668fb89cb139d7f04063c3e6a2f9d20,INS,16856630,L,20220328000000,, HTTP/1.1" 200 116
190.95.2.157 - - [28/Mar/2022:16:58:34 -0300] "GET /cormun/servlet/hpexe_return? HTTP/1.1" 200 1038
190.95.2.157 - - [28/Mar/2022:16:58:34 -0300] "GET /cormun/servlet/trlicenciaspermisosadjuntos?16856630,20220328000000,L, HTTP/1.1" 200 7140
190.95.2.157 - - [28/Mar/2022:16:58:34 -0300] "GET /cormun/servlet/trlicenciaspermisosadjuntos?16856630,20220328000000,L, HTTP/1.1" 200 7139
181.203.123.30 - - [28/Mar/2022:16:58:35 -0300] "GET /cormun/servlet/solicitudotadjuntos?INS,2022,18015,,2, HTTP/1.1" 200 5876
181.203.123.30 - - [28/Mar/2022:16:58:36 -0300] "GET /cormun/static/gxcfg.js?202012157947 HTTP/1.1" 200 953
181.203.123.30 - - [28/Mar/2022:16:58:36 -0300] "GET /cormun/static/solicitudotadjuntos.js?202012157966 HTTP/1.1" 200 11771
181.203.123.30 - - [28/Mar/2022:16:58:36 -0300] "GET /cormun/static/about:blank HTTP/1.1" 404 1011
190.95.2.157 - - [28/Mar/2022:16:58:36 -0300] "POST /cormun/servlet/trlicenciaspermisosadjuntos?3668fb89cb139d7f04063c3e6a2f9d20,16856630,20220328000000,L,,gx-no-cache=1648496769930 HTTP/1.1" 200 90
190.95.2.157 - - [28/Mar/2022:16:58:36 -0300] "GET /cormun/servlet/hpexe_link HTTP/1.1" 200 980
181.203.123.30 - - [28/Mar/2022:16:58:36 -0300] "GET /cormun/servlet/solicitudotadjuntos?INS,2022,18015,,2, HTTP/1.1" 200 5869
190.95.2.157 - - [28/Mar/2022:16:58:36 -0300] "GET /cormun/servlet/trlicencias HTTP/1.1" 200 10898
181.203.123.30 - - [28/Mar/2022:16:58:36 -0300] "GET /cormun/servlet/solicitudotadjuntos?9344a317ae47fca198a7896ee6b512e14f30734b93a67a049327d7ee229ce44e30deadc225ef877e30ebefd62858cab6,gx-no-cache=1648496770407 HTTP/1.1" 200 30
181.203.123.30 - - [28/Mar/2022:16:58:37 -0300] "POST /cormun/servlet/solicitudotadjuntos?d1cbc8c5a22d6f46a84847b40d3e45f4,INS,2022,18015,,2,,gx-no-cache=1648496770481 HTTP/1.1" 200 4081
190.95.2.157 - - [28/Mar/2022:16:58:37 -0300] "GET /cormun/servlet/trlicencias HTTP/1.1" 200 10896
181.203.123.30 - - [28/Mar/2022:16:58:38 -0300] "POST /cormun/servlet/solicitudotadjuntos?gx-no-cache=1648496772182 HTTP/1.1" 200 26
190.95.2.157 - - [28/Mar/2022:16:58:40 -0300] "GET /cormun/servlet/alicenciaprn?16856630,L,20220328000000,PU HTTP/1.1" 200 1539
181.203.123.30 - - [28/Mar/2022:16:59:11 -0300] "POST /cormun/servlet/solicitudotadjuntos?gx-no-cache=1648496805218 HTTP/1.1" 200 26
190.95.2.157 - - [28/Mar/2022:16:59:14 -0300] "POST /cormun/servlet/trlicencias?3668fb89cb139d7f04063c3e6a2f9d20,gx-no-cache=1648496808150 HTTP/1.1" 200 8345
190.95.2.157 - - [28/Mar/2022:16:59:15 -0300] "GET /cormun/static/Shared/jqueryui/images/ui-bg_highlight-soft_100_c6c2c8_1x100.png HTTP/1.1" 404 1117
190.95.2.157 - - [28/Mar/2022:16:59:15 -0300] "GET /cormun/static/Shared/jqueryui/images/ui-icons_82798d_256x240.png HTTP/1.1" 404 1089
190.95.2.157 - - [28/Mar/2022:16:59:15 -0300] "GET /cormun/static/Shared/jqueryui/images/ui-icons_8d78a5_256x240.png HTTP/1.1" 404 1089
190.95.2.157 - - [28/Mar/2022:16:59:15 -0300] "GET /cormun/static/Shared/jqueryui/images/ui-bg_flat_55_fafafa_40x100.png HTTP/1.1" 404 1097
190.171.144.234 - - [28/Mar/2022:16:59:32 -0300] "POST /cormun/servlet/trsolicitudot?0fbd7d5f381bbeaf44b6f69a686e5766,,gx-no-cache=1648496826877 HTTP/1.1" 200 4555
190.171.144.234 - - [28/Mar/2022:16:59:32 -0300] "GET /cormun/static/Shared/jqueryui/images/ui-bg_highlight-soft_100_c6c2c8_1x100.png HTTP/1.1" 404 1117
190.171.144.234 - - [28/Mar/2022:16:59:32 -0300] "GET /cormun/static/Shared/jqueryui/images/ui-icons_82798d_256x240.png HTTP/1.1" 404 1089
190.171.144.234 - - [28/Mar/2022:16:59:32 -0300] "GET /cormun/static/Shared/jqueryui/images/ui-icons_8d78a5_256x240.png HTTP/1.1" 404 1089
190.171.144.234 - - [28/Mar/2022:16:59:32 -0300] "GET /cormun/static/Shared/jqueryui/images/ui-bg_flat_55_fafafa_40x100.png HTTP/1.1" 404 1097
190.171.144.234 - - [28/Mar/2022:16:59:32 -0300] "POST /cormun/servlet/trsolicitudot?0fbd7d5f381bbeaf44b6f69a686e5766,,gx-no-cache=1648496827058 HTTP/1.1" 200 4332
190.171.144.234 - - [28/Mar/2022:16:59:44 -0300] "GET /cormun/servlet/hlogin HTTP/1.1" 200 1725
190.171.144.234 - - [28/Mar/2022:16:59:55 -0300] "POST /cormun/servlet/hlogin?ccbbd69d163b60355babfcb904773434,gx-no-cache=1648496849365 HTTP/1.1" 200 426
190.171.144.234 - - [28/Mar/2022:17:00:01 -0300] "POST /cormun/servlet/hlogin?ccbbd69d163b60355babfcb904773434,gx-no-cache=1648496855762 HTTP/1.1" 200 90
190.171.144.234 - - [28/Mar/2022:17:00:01 -0300] "GET /cormun/servlet/hpexe_link HTTP/1.1" 200 952
190.171.144.234 - - [28/Mar/2022:17:00:02 -0300] "GET /cormun/servlet/hhome HTTP/1.1" 200 4110
190.171.144.234 - - [28/Mar/2022:17:00:02 -0300] "GET /cormun/servlet/hhome HTTP/1.1" 200 4106
190.171.144.234 - - [28/Mar/2022:17:00:08 -0300] "GET /cormun/servlet/trautorizarsolicitud? HTTP/1.1" 200 8611
190.171.144.234 - - [28/Mar/2022:17:00:08 -0300] "GET /cormun/static/gxcfg.js?201991422414522 HTTP/1.1" 200 953
190.171.144.234 - - [28/Mar/2022:17:00:08 -0300] "GET /cormun/static/trautorizarsolicitud.js?201991422415463 HTTP/1.1" 200 53910
190.171.144.234 - - [28/Mar/2022:17:00:09 -0300] "GET /cormun/servlet/trautorizarsolicitud? HTTP/1.1" 200 8609
181.203.123.30 - - [28/Mar/2022:17:00:10 -0300] "GET /cormun/servlet/solicitudotadjuntos?9344a317ae47fca198a7896ee6b512e1172902027ddbff7705eb358ab817e23b,gx-no-cache=1648496864266 HTTP/1.1" 200 30
181.203.123.30 - - [28/Mar/2022:17:00:10 -0300] "GET /cormun/servlet/solicitudotadjuntos?9344a317ae47fca198a7896ee6b512e1172902027ddbff7705eb358ab817e23b,gx-no-cache=1648496864366 HTTP/1.1" 200 30
181.203.123.30 - - [28/Mar/2022:17:00:11 -0300] "POST /cormun/servlet/solicitudotadjuntos?d1cbc8c5a22d6f46a84847b40d3e45f4,INS,2022,18015,,2, HTTP/1.1" 200 116
181.203.123.30 - - [28/Mar/2022:17:00:11 -0300] "GET /cormun/servlet/hpexe_return? HTTP/1.1" 200 1026
181.203.123.30 - - [28/Mar/2022:17:00:12 -0300] "GET /cormun/servlet/trsolicitudadjuntos?2022,18015, HTTP/1.1" 200 8680
181.203.123.30 - - [28/Mar/2022:17:00:12 -0300] "GET /cormun/servlet/trsolicitudadjuntos?2022,18015, HTTP/1.1" 200 8676
181.203.123.30 - - [28/Mar/2022:17:00:16 -0300] "GET /cormun/servlet/solicitudotadjuntos?INS,2022,18015,,2, HTTP/1.1" 200 5875
181.203.123.30 - - [28/Mar/2022:17:00:16 -0300] "GET /cormun/static/about:blank HTTP/1.1" 404 1011
181.203.123.30 - - [28/Mar/2022:17:00:16 -0300] "GET /cormun/servlet/solicitudotadjuntos?INS,2022,18015,,2, HTTP/1.1" 200 5868
181.203.123.30 - - [28/Mar/2022:17:00:17 -0300] "GET /cormun/servlet/solicitudotadjuntos?9344a317ae47fca198a7896ee6b512e14f30734b93a67a049327d7ee229ce44e30deadc225ef877e30ebefd62858cab6,gx-no-cache=1648496870840 HTTP/1.1" 200 30
181.203.123.30 - - [28/Mar/2022:17:00:17 -0300] "POST /cormun/servlet/solicitudotadjuntos?d1cbc8c5a22d6f46a84847b40d3e45f4,INS,2022,18015,,2,,gx-no-cache=1648496870924 HTTP/1.1" 200 4080
181.203.123.30 - - [28/Mar/2022:17:00:19 -0300] "POST /cormun/servlet/solicitudotadjuntos?gx-no-cache=1648496872960 HTTP/1.1" 200 26
190.171.144.234 - - [28/Mar/2022:17:00:21 -0300] "POST /cormun/servlet/trautorizarsolicitud?ccbbd69d163b60355babfcb904773434,,gx-no-cache=1648496875999 HTTP/1.1" 200 4757
190.171.144.234 - - [28/Mar/2022:17:00:22 -0300] "GET /cormun/static/Shared/jqueryui/images/ui-icons_82798d_256x240.png HTTP/1.1" 404 1089
190.171.144.234 - - [28/Mar/2022:17:00:22 -0300] "GET /cormun/static/Shared/jqueryui/images/ui-bg_highlight-soft_100_c6c2c8_1x100.png HTTP/1.1" 404 1117
190.171.144.234 - - [28/Mar/2022:17:00:22 -0300] "GET /cormun/static/Shared/jqueryui/images/ui-bg_flat_55_fafafa_40x100.png HTTP/1.1" 404 1097
190.171.144.234 - - [28/Mar/2022:17:00:22 -0300] "GET /cormun/static/Shared/jqueryui/images/ui-icons_8d78a5_256x240.png HTTP/1.1" 404 1089
190.171.144.234 - - [28/Mar/2022:17:00:22 -0300] "POST /cormun/servlet/trautorizarsolicitud?ccbbd69d163b60355babfcb904773434,,gx-no-cache=1648496876228 HTTP/1.1" 200 4535
181.203.123.30 - - [28/Mar/2022:17:00:23 -0300] "GET /cormun/servlet/solicitudotadjuntos?9344a317ae47fca198a7896ee6b512e1172902027ddbff7705eb358ab817e23b,gx-no-cache=1648496877265 HTTP/1.1" 200 30
