186.103.159.189 - - [28/Mar/2022:09:54:38 -0300] "GET /cormun/pexe_layers.js HTTP/1.1" 404 1003
186.103.159.189 - - [28/Mar/2022:09:54:38 -0300] "GET /cormun/pexe_link.js HTTP/1.1" 404 999
186.103.159.189 - - [28/Mar/2022:09:54:38 -0300] "GET /cormun/pexe_cookies.js HTTP/1.1" 404 1005
186.103.159.189 - - [28/Mar/2022:09:54:38 -0300] "GET /cormun/pexe_griddivfix.js HTTP/1.1" 404 1011
186.103.159.189 - - [28/Mar/2022:09:54:38 -0300] "GET /cormun/pexe_picture.js HTTP/1.1" 404 1005
186.103.159.189 - - [28/Mar/2022:09:54:38 -0300] "GET /cormun/pexe_menudivfix.js HTTP/1.1" 404 1011
186.103.159.189 - - [28/Mar/2022:09:54:38 -0300] "GET /cormun/pexe_tabdivfix.js HTTP/1.1" 404 1009
186.103.159.189 - - [28/Mar/2022:09:54:38 -0300] "GET /cormun/static/mpprompt.js?20201215583973 HTTP/1.1" 200 940
186.103.159.189 - - [28/Mar/2022:09:54:38 -0300] "GET /cormun/static/puconsultapgoce.js?2020121675052 HTTP/1.1" 200 22470
186.103.159.189 - - [28/Mar/2022:09:54:38 -0300] "GET /cormun/pexe_autoreload.js HTTP/1.1" 404 1011
186.103.159.189 - - [28/Mar/2022:09:54:38 -0300] "GET /cormun/pexe_treedivfix.js HTTP/1.1" 404 1011
186.103.159.189 - - [28/Mar/2022:09:54:38 -0300] "GET /cormun/static/Resources/PXToolsMenuTopBackground.png HTTP/1.1" 200 1153
190.171.152.242 - - [28/Mar/2022:09:54:56 -0300] "GET /cormun/servlet/hlogin HTTP/1.1" 200 1753
190.171.142.42 - - [28/Mar/2022:09:55:03 -0300] "POST /cormun/servlet/trlicencias?89661f7853b555ff5f3271ab31ebaa1a,gx-no-cache=1648471357217 HTTP/1.1" 200 9119
190.171.141.106 - - [28/Mar/2022:09:55:03 -0300] "GET /cormun/servlet/hhome HTTP/1.1" 200 3317
190.171.141.106 - - [28/Mar/2022:09:55:04 -0300] "GET /cormun/servlet/hhome HTTP/1.1" 200 3327
190.171.141.106 - - [28/Mar/2022:09:55:04 -0300] "GET /cormun/servlet/hlogin HTTP/1.1" 200 1737
190.171.141.106 - - [28/Mar/2022:09:55:09 -0300] "POST /cormun/servlet/hlogin?8bce2ae7eaf0ac785313258e20cd824a,gx-no-cache=1648471455971 HTTP/1.1" 200 90
190.171.141.106 - - [28/Mar/2022:09:55:09 -0300] "GET /cormun/servlet/hpexe_link HTTP/1.1" 200 948
190.171.141.106 - - [28/Mar/2022:09:55:09 -0300] "GET /cormun/servlet/hhome HTTP/1.1" 200 4223
190.171.141.106 - - [28/Mar/2022:09:55:10 -0300] "GET /cormun/servlet/hhome HTTP/1.1" 200 4220
190.171.141.106 - - [28/Mar/2022:09:55:15 -0300] "GET /cormun/servlet/trsolicitudot? HTTP/1.1" 200 9947
190.171.141.106 - - [28/Mar/2022:09:55:16 -0300] "GET /cormun/servlet/trsolicitudot? HTTP/1.1" 200 9946
190.171.141.106 - - [28/Mar/2022:09:55:25 -0300] "POST /cormun/servlet/trsolicitudot?8bce2ae7eaf0ac785313258e20cd824a,,gx-no-cache=1648471471580 HTTP/1.1" 200 6821
190.171.141.106 - - [28/Mar/2022:09:55:25 -0300] "GET /cormun/static/Shared/jqueryui/images/ui-bg_highlight-soft_100_c6c2c8_1x100.png HTTP/1.1" 404 1117
190.171.141.106 - - [28/Mar/2022:09:55:25 -0300] "GET /cormun/static/Shared/jqueryui/images/ui-icons_82798d_256x240.png HTTP/1.1" 404 1089
190.171.141.106 - - [28/Mar/2022:09:55:25 -0300] "GET /cormun/static/Shared/jqueryui/images/ui-bg_flat_55_fafafa_40x100.png HTTP/1.1" 404 1097
190.171.141.106 - - [28/Mar/2022:09:55:25 -0300] "GET /cormun/static/Shared/jqueryui/images/ui-icons_8d78a5_256x240.png HTTP/1.1" 404 1089
190.171.141.106 - - [28/Mar/2022:09:55:25 -0300] "POST /cormun/servlet/trsolicitudot?8bce2ae7eaf0ac785313258e20cd824a,,gx-no-cache=1648471471933 HTTP/1.1" 200 6766
190.171.141.106 - - [28/Mar/2022:09:55:28 -0300] "POST /cormun/servlet/trsolicitudot?8bce2ae7eaf0ac785313258e20cd824a,,gx-no-cache=1648471474692 HTTP/1.1" 200 6460
190.171.141.106 - - [28/Mar/2022:09:55:28 -0300] "POST /cormun/servlet/trsolicitudot?8bce2ae7eaf0ac785313258e20cd824a,,gx-no-cache=1648471474898 HTTP/1.1" 200 6402
190.171.141.106 - - [28/Mar/2022:09:55:30 -0300] "POST /cormun/servlet/trsolicitudot?8bce2ae7eaf0ac785313258e20cd824a,,gx-no-cache=1648471477204 HTTP/1.1" 200 6063
190.171.141.106 - - [28/Mar/2022:09:55:30 -0300] "POST /cormun/servlet/trsolicitudot?8bce2ae7eaf0ac785313258e20cd824a,,gx-no-cache=1648471477416 HTTP/1.1" 200 6005
190.171.141.106 - - [28/Mar/2022:09:55:32 -0300] "POST /cormun/servlet/trsolicitudot?8bce2ae7eaf0ac785313258e20cd824a,,gx-no-cache=1648471479042 HTTP/1.1" 200 4861
190.171.141.106 - - [28/Mar/2022:09:55:32 -0300] "POST /cormun/servlet/trsolicitudot?8bce2ae7eaf0ac785313258e20cd824a,,gx-no-cache=1648471479258 HTTP/1.1" 200 4614
192.168.10.199 - - [28/Mar/2022:09:55:40 -0300] "POST /cormun/servlet/trsolicitudgral?d12ad8ca3af56fca99b78be199c1c87b,gx-no-cache=1648470451610,gx-no-cache=1648471231043 HTTP/1.1" 200 5262
192.168.10.199 - - [28/Mar/2022:09:55:44 -0300] "POST /cormun/servlet/trsolicitudgral?d12ad8ca3af56fca99b78be199c1c87b,gx-no-cache=1648470451610,gx-no-cache=1648471235182 HTTP/1.1" 200 6632
45.155.204.146 - - [28/Mar/2022:09:55:56 -0300] "GET /manager/html HTTP/1.1" 401 2474
192.168.10.199 - - [28/Mar/2022:09:56:00 -0300] "POST /cormun/servlet/trsolicitudgral?d12ad8ca3af56fca99b78be199c1c87b,gx-no-cache=1648470451610,gx-no-cache=1648471250726 HTTP/1.1" 200 5263
192.168.10.17 - - [28/Mar/2022:09:56:01 -0300] "POST /cormun/servlet/trsolicitudgral?2576934d8e80cf7184754eb796749830,,gx-no-cache=1648471250653 HTTP/1.1" 200 26180
192.168.10.199 - - [28/Mar/2022:09:56:04 -0300] "POST /cormun/servlet/trsolicitudgral?d12ad8ca3af56fca99b78be199c1c87b,gx-no-cache=1648470451610,gx-no-cache=1648471254528 HTTP/1.1" 200 5262
192.168.10.199 - - [28/Mar/2022:09:56:07 -0300] "POST /cormun/servlet/trsolicitudgral?d12ad8ca3af56fca99b78be199c1c87b,gx-no-cache=1648470451610,gx-no-cache=1648471257786 HTTP/1.1" 200 7109
192.168.10.17 - - [28/Mar/2022:09:56:14 -0300] "POST /cormun/servlet/trsolicitudgral?2576934d8e80cf7184754eb796749830,,gx-no-cache=1648471263733 HTTP/1.1" 200 24670
192.168.10.17 - - [28/Mar/2022:09:56:23 -0300] "GET /cormun/servlet/vesolicitudgral?2022,18027,, HTTP/1.1" 200 8402
192.168.10.17 - - [28/Mar/2022:09:56:23 -0300] "GET /cormun/pexe_scrolldiv.js HTTP/1.1" 404 1009
192.168.10.17 - - [28/Mar/2022:09:56:23 -0300] "GET /cormun/servlet/vesolicitudgral?2022,18027,, HTTP/1.1" 200 8402
192.168.10.17 - - [28/Mar/2022:09:56:33 -0300] "POST /cormun/servlet/vesolicitudgral?2576934d8e80cf7184754eb796749830,2022,18027,,,gx-no-cache=1648471283460 HTTP/1.1" 200 12103
192.168.10.17 - - [28/Mar/2022:09:56:33 -0300] "GET /cormun/static/Shared/jqueryui/images/ui-icons_82798d_256x240.png HTTP/1.1" 404 1089
192.168.10.17 - - [28/Mar/2022:09:56:33 -0300] "GET /cormun/static/Shared/jqueryui/images/ui-bg_highlight-soft_100_c6c2c8_1x100.png HTTP/1.1" 404 1117
192.168.10.17 - - [28/Mar/2022:09:56:33 -0300] "GET /cormun/static/Shared/jqueryui/images/ui-bg_flat_55_fafafa_40x100.png HTTP/1.1" 404 1097
192.168.10.17 - - [28/Mar/2022:09:56:33 -0300] "GET /cormun/static/Shared/jqueryui/images/ui-icons_8d78a5_256x240.png HTTP/1.1" 404 1089
192.168.10.17 - - [28/Mar/2022:09:56:33 -0300] "POST /cormun/servlet/vesolicitudgral?2576934d8e80cf7184754eb796749830,2022,18027,,,gx-no-cache=1648471283648 HTTP/1.1" 200 12037
192.168.10.17 - - [28/Mar/2022:09:56:35 -0300] "GET /cormun/servlet/trautorizarot? HTTP/1.1" 200 19885
192.168.10.17 - - [28/Mar/2022:09:56:36 -0300] "GET /cormun/servlet/trautorizarot? HTTP/1.1" 200 19876
192.168.10.17 - - [28/Mar/2022:09:56:45 -0300] "POST /cormun/servlet/trautorizarot?2576934d8e80cf7184754eb796749830,,gx-no-cache=1648471294913 HTTP/1.1" 200 16504
192.168.10.199 - - [28/Mar/2022:09:56:49 -0300] "POST /cormun/servlet/trsolicitudgral?d12ad8ca3af56fca99b78be199c1c87b,gx-no-cache=1648470451610,gx-no-cache=1648471299450 HTTP/1.1" 200 116
192.168.10.199 - - [28/Mar/2022:09:56:49 -0300] "GET /cormun/servlet/solicitudotlog?INS,2022,17918,0,REC, HTTP/1.1" 200 5669
192.168.10.199 - - [28/Mar/2022:09:56:49 -0300] "GET /cormun/servlet/solicitudotlog?INS,2022,17918,0,REC, HTTP/1.1" 200 5648
192.168.10.17 - - [28/Mar/2022:09:56:49 -0300] "GET /cormun/servlet/trsolicitudgral? HTTP/1.1" 200 27110
192.168.10.199 - - [28/Mar/2022:09:56:50 -0300] "GET /cormun/servlet/solicitudotlog?f1d7a87a3c103b5b8ab377d2fac139118588fc5babd09a3e86f623667160d3b89266dc0267e458d167898181d4baf2e4de3cf388fd4183f9e5bc0658bcfcc6cffebdadac54c4da66d44792f7ca5c62515cda65e641210ebe3f6af5fbf749c8d11d43aa7498315108f56bde9c1fbfd92dcc1b2ee6264554c0f837b9c6d4697bd322b88ede873ba2364e12684dbd3e961859f62230d60ebdb05a2e1c69a537afa0,gx-no-cache=1648471300399 HTTP/1.1" 200 94
192.168.10.17 - - [28/Mar/2022:09:56:51 -0300] "GET /cormun/servlet/trsolicitudgral? HTTP/1.1" 200 27109
192.168.10.199 - - [28/Mar/2022:09:56:53 -0300] "POST /cormun/servlet/solicitudotlog?d12ad8ca3af56fca99b78be199c1c87b,INS,2022,17918,0,REC,,gx-no-cache=1648471304139 HTTP/1.1" 200 93
192.168.10.199 - - [28/Mar/2022:09:56:53 -0300] "GET /cormun/servlet/hpexe_return? HTTP/1.1" 200 1044
192.168.10.199 - - [28/Mar/2022:09:56:54 -0300] "GET /cormun/servlet/trsolicitudgral?gx-no-cache=1648470451610 HTTP/1.1" 200 9744
192.168.10.199 - - [28/Mar/2022:09:56:54 -0300] "GET /cormun/servlet/trsolicitudgral?gx-no-cache=1648470451610 HTTP/1.1" 200 9762
192.168.10.17 - - [28/Mar/2022:09:56:56 -0300] "POST /cormun/servlet/trsolicitudgral?2576934d8e80cf7184754eb796749830,,gx-no-cache=1648471307063 HTTP/1.1" 200 7195
192.168.10.199 - - [28/Mar/2022:09:56:59 -0300] "POST /cormun/servlet/trsolicitudgral?d12ad8ca3af56fca99b78be199c1c87b,gx-no-cache=1648470451610,gx-no-cache=1648471309232 HTTP/1.1" 200 7938
192.168.10.17 - - [28/Mar/2022:09:56:59 -0300] "GET /cormun/servlet/vesolicitudgral?2022,18027,, HTTP/1.1" 200 8404
192.168.10.17 - - [28/Mar/2022:09:56:59 -0300] "GET /cormun/pexe_scrolldiv.js HTTP/1.1" 404 1009
192.168.10.17 - - [28/Mar/2022:09:56:59 -0300] "GET /cormun/servlet/vesolicitudgral?2022,18027,, HTTP/1.1" 200 8404
186.103.159.189 - - [28/Mar/2022:09:57:24 -0300] "GET /cormun/servlet/permisogoce?22d2bfb0a5b4937cf27ffeb01c9f5a1b9f54b20adeafce9ddb7aec5b01732052ab9d52ed98a46a6ac6ed0703fe20a27425d2b10a2153199cfca46a61a61dd7d0,gx-no-cache=1648471498196 HTTP/1.1" 200 85
186.103.159.189 - - [28/Mar/2022:09:57:24 -0300] "POST /cormun/servlet/permisogoce?478bd5e1f8f08981938c65f83017635c,INS,0,,,,gx-no-cache=1648471498277 HTTP/1.1" 200 93
186.103.159.189 - - [28/Mar/2022:09:57:24 -0300] "GET /cormun/servlet/hpexe_return? HTTP/1.1" 200 1010
186.103.159.189 - - [28/Mar/2022:09:57:24 -0300] "GET /cormun/servlet/trpermisosgoce HTTP/1.1" 200 6949
186.103.159.189 - - [28/Mar/2022:09:57:25 -0300] "GET /cormun/servlet/trpermisosgoce HTTP/1.1" 200 6945
192.168.10.199 - - [28/Mar/2022:09:57:50 -0300] "POST /cormun/servlet/trsolicitudgral?d12ad8ca3af56fca99b78be199c1c87b,gx-no-cache=1648470451610,gx-no-cache=1648471360516 HTTP/1.1" 200 116
192.168.10.199 - - [28/Mar/2022:09:57:50 -0300] "GET /cormun/servlet/solicitudotlog?INS,2022,18130,0,REC, HTTP/1.1" 200 5667
192.168.10.199 - - [28/Mar/2022:09:57:50 -0300] "GET /cormun/servlet/solicitudotlog?INS,2022,18130,0,REC, HTTP/1.1" 200 5646
192.168.10.199 - - [28/Mar/2022:09:57:51 -0300] "GET /cormun/servlet/solicitudotlog?f1d7a87a3c103b5b8ab377d2fac13911f8616070de23c156df77652c1f78f68c9266dc0267e458d167898181d4baf2e4de3cf388fd4183f9e5bc0658bcfcc6cffebdadac54c4da66d44792f7ca5c62515cda65e641210ebe3f6af5fbf749c8d11d43aa7498315108f56bde9c1fbfd92dcc1b2ee6264554c0f837b9c6d4697bd322b88ede873ba2364e12684dbd3e961859f62230d60ebdb05a2e1c69a537afa0,gx-no-cache=1648471361326 HTTP/1.1" 200 94
192.168.10.199 - - [28/Mar/2022:09:57:54 -0300] "POST /cormun/servlet/solicitudotlog?d12ad8ca3af56fca99b78be199c1c87b,INS,2022,18130,0,REC,,gx-no-cache=1648471364570 HTTP/1.1" 200 93
192.168.10.199 - - [28/Mar/2022:09:57:54 -0300] "GET /cormun/servlet/hpexe_return? HTTP/1.1" 200 1044
192.168.10.199 - - [28/Mar/2022:09:57:54 -0300] "GET /cormun/servlet/trsolicitudgral?gx-no-cache=1648470451610 HTTP/1.1" 200 10747
192.168.10.199 - - [28/Mar/2022:09:57:54 -0300] "GET /cormun/servlet/trsolicitudgral?gx-no-cache=1648470451610 HTTP/1.1" 200 10764
192.168.10.199 - - [28/Mar/2022:09:58:04 -0300] "POST /cormun/servlet/trsolicitudgral?d12ad8ca3af56fca99b78be199c1c87b,gx-no-cache=1648470451610,gx-no-cache=1648471375196 HTTP/1.1" 200 116
192.168.10.199 - - [28/Mar/2022:09:58:04 -0300] "GET /cormun/servlet/solicitudotlog?INS,2022,18129,0,REC, HTTP/1.1" 200 5668
192.168.10.199 - - [28/Mar/2022:09:58:05 -0300] "GET /cormun/servlet/solicitudotlog?INS,2022,18129,0,REC, HTTP/1.1" 200 5646
186.103.159.189 - - [28/Mar/2022:09:58:05 -0300] "GET /cormun/servlet/trpermisosgoce? HTTP/1.1" 200 6945
192.168.10.199 - - [28/Mar/2022:09:58:05 -0300] "GET /cormun/servlet/solicitudotlog?f1d7a87a3c103b5b8ab377d2fac1391196c253ce19a5017aac9cbce93fdfa5309266dc0267e458d167898181d4baf2e4de3cf388fd4183f9e5bc0658bcfcc6cffebdadac54c4da66d44792f7ca5c62515cda65e641210ebe3f6af5fbf749c8d11d43aa7498315108f56bde9c1fbfd92dcc1b2ee6264554c0f837b9c6d4697bd322b88ede873ba2364e12684dbd3e961859f62230d60ebdb05a2e1c69a537afa0,gx-no-cache=1648471375979 HTTP/1.1" 200 94
186.103.159.189 - - [28/Mar/2022:09:58:05 -0300] "GET /cormun/servlet/trpermisosgoce? HTTP/1.1" 200 6945
186.103.159.189 - - [28/Mar/2022:09:58:12 -0300] "POST /cormun/servlet/trpermisosgoce?478bd5e1f8f08981938c65f83017635c,,gx-no-cache=1648471546555 HTTP/1.1" 200 6927
192.168.10.199 - - [28/Mar/2022:09:58:13 -0300] "POST /cormun/servlet/solicitudotlog?d12ad8ca3af56fca99b78be199c1c87b,INS,2022,18129,0,REC,,gx-no-cache=1648471383294 HTTP/1.1" 200 93
192.168.10.199 - - [28/Mar/2022:09:58:13 -0300] "GET /cormun/servlet/hpexe_return? HTTP/1.1" 200 1044
192.168.10.199 - - [28/Mar/2022:09:58:13 -0300] "GET /cormun/servlet/trsolicitudgral?gx-no-cache=1648470451610 HTTP/1.1" 200 10381
192.168.10.199 - - [28/Mar/2022:09:58:13 -0300] "GET /cormun/servlet/trsolicitudgral?gx-no-cache=1648470451610 HTTP/1.1" 200 10398
192.168.10.199 - - [28/Mar/2022:09:58:20 -0300] "POST /cormun/servlet/trsolicitudgral?d12ad8ca3af56fca99b78be199c1c87b,gx-no-cache=1648470451610,gx-no-cache=1648471390361 HTTP/1.1" 200 8333
191.125.44.161 - - [28/Mar/2022:09:59:16 -0300] "GET /cormun/servlet/trsolicitudot? HTTP/1.1" 200 6330
191.125.44.161 - - [28/Mar/2022:09:59:17 -0300] "GET /cormun/servlet/hlogin HTTP/1.1" 200 1746
191.125.44.161 - - [28/Mar/2022:09:59:17 -0300] "GET /cormun/servlet/trsolicitudot? HTTP/1.1" 200 6330
45.155.204.146 - - [28/Mar/2022:09:59:25 -0300] "GET /manager/html HTTP/1.1" 401 2474
191.125.44.161 - - [28/Mar/2022:09:59:38 -0300] "POST /cormun/servlet/hlogin?2c1f6ff132fab3049600d7acb100ee70,gx-no-cache=1648471632406 HTTP/1.1" 200 90
191.125.44.161 - - [28/Mar/2022:09:59:38 -0300] "GET /cormun/servlet/hpexe_link HTTP/1.1" 200 961
191.125.44.161 - - [28/Mar/2022:09:59:39 -0300] "GET /cormun/servlet/trsolicitudot HTTP/1.1" 200 17359
191.125.44.161 - - [28/Mar/2022:09:59:40 -0300] "GET /cormun/servlet/trsolicitudot HTTP/1.1" 200 17358
186.103.159.189 - - [28/Mar/2022:09:59:47 -0300] "GET /cormun/servlet/apermisogoceprn?18074320,P,20220328093555,PU HTTP/1.1" 200 1661
190.171.153.26 - - [28/Mar/2022:10:00:04 -0300] "GET /cormun/servlet/trlicencias? HTTP/1.1" 200 9397
190.171.153.26 - - [28/Mar/2022:10:00:04 -0300] "GET /cormun/servlet/hlogin HTTP/1.1" 200 1743
190.171.153.26 - - [28/Mar/2022:10:00:07 -0300] "POST /cormun/servlet/hlogin?947b94d289c298c3663d95396c5ab0bf,gx-no-cache=1648471672899 HTTP/1.1" 200 90
190.171.153.26 - - [28/Mar/2022:10:00:07 -0300] "GET /cormun/servlet/hpexe_link HTTP/1.1" 200 958
190.171.153.26 - - [28/Mar/2022:10:00:07 -0300] "GET /cormun/servlet/trlicencias HTTP/1.1" 200 9449
190.171.154.42 - - [28/Mar/2022:10:00:22 -0300] "GET /cormun/servlet/trlicencias? HTTP/1.1" 200 9399
192.168.10.96 - - [28/Mar/2022:10:00:24 -0300] "GET /cormun/servlet/trsolicitudgral? HTTP/1.1" 200 10816
192.168.10.96 - - [28/Mar/2022:10:00:24 -0300] "GET /cormun/servlet/trsolicitudgral? HTTP/1.1" 200 10816
190.171.154.42 - - [28/Mar/2022:10:00:26 -0300] "GET /cormun/servlet/trlicencias? HTTP/1.1" 200 9395
190.171.154.42 - - [28/Mar/2022:10:00:26 -0300] "GET /cormun/servlet/hlogin HTTP/1.1" 200 1745
190.171.154.42 - - [28/Mar/2022:10:00:26 -0300] "GET /cormun/servlet/trlicencias? HTTP/1.1" 200 9395
192.168.10.199 - - [28/Mar/2022:10:00:28 -0300] "POST /cormun/servlet/trsolicitudgral?d12ad8ca3af56fca99b78be199c1c87b,gx-no-cache=1648470451610,gx-no-cache=1648471518453 HTTP/1.1" 200 7164
192.168.10.96 - - [28/Mar/2022:10:00:33 -0300] "POST /cormun/servlet/trsolicitudgral?8d8793525dc46229fd3f40eacd0861b2,,gx-no-cache=1648471523493 HTTP/1.1" 200 13039
190.171.154.42 - - [28/Mar/2022:10:00:42 -0300] "POST /cormun/servlet/hlogin?0a66de7f057c1e2a28359b4357a46381,gx-no-cache=1648471696009 HTTP/1.1" 200 90
190.171.154.42 - - [28/Mar/2022:10:00:42 -0300] "GET /cormun/servlet/hpexe_link HTTP/1.1" 200 959
190.171.154.42 - - [28/Mar/2022:10:00:43 -0300] "GET /cormun/servlet/trlicencias HTTP/1.1" 200 13470
190.171.154.42 - - [28/Mar/2022:10:00:45 -0300] "GET /cormun/servlet/trlicencias HTTP/1.1" 200 13468
190.171.154.42 - - [28/Mar/2022:10:00:48 -0300] "GET /cormun/servlet/trlicencias? HTTP/1.1" 200 13470
190.171.154.42 - - [28/Mar/2022:10:00:50 -0300] "GET /cormun/servlet/trlicencias? HTTP/1.1" 200 13470
45.155.204.146 - - [28/Mar/2022:10:00:50 -0300] "GET /manager/html HTTP/1.1" 401 2474
190.171.152.234 - - [28/Mar/2022:10:01:12 -0300] "GET /cormun/servlet/trlicencias? HTTP/1.1" 200 8648
190.171.152.234 - - [28/Mar/2022:10:01:12 -0300] "GET /cormun/static/gxcfg.js?2020121613995 HTTP/1.1" 200 953
190.171.152.234 - - [28/Mar/2022:10:01:12 -0300] "GET /cormun/static/trlicencias.js?202012162481 HTTP/1.1" 200 41883
190.171.152.234 - - [28/Mar/2022:10:01:13 -0300] "GET /cormun//static/Resources/PXToolsActionDisabled.gif HTTP/1.1" 200 53
190.171.152.234 - - [28/Mar/2022:10:01:13 -0300] "GET /cormun//static/Resources/PXToolsGridDisplay.png HTTP/1.1" 200 525
190.171.152.234 - - [28/Mar/2022:10:01:13 -0300] "GET /cormun//static/Resources/PXToolsActionPrint.png HTTP/1.1" 200 404
190.171.152.234 - - [28/Mar/2022:10:01:13 -0300] "GET /cormun//static/Resources/PXToolsHeaderFavorites.png HTTP/1.1" 200 1414
190.171.152.234 - - [28/Mar/2022:10:01:13 -0300] "GET /cormun//static/Resources/PXToolsHeaderHelp.png HTTP/1.1" 200 1333
190.171.152.234 - - [28/Mar/2022:10:01:13 -0300] "GET /cormun/servlet/trlicencias? HTTP/1.1" 200 8647
192.168.10.96 - - [28/Mar/2022:10:01:15 -0300] "POST /cormun/servlet/trsolicitudgral?8d8793525dc46229fd3f40eacd0861b2,,gx-no-cache=1648471565890 HTTP/1.1" 200 13039
192.168.10.96 - - [28/Mar/2022:10:01:20 -0300] "GET /cormun/servlet/vesolicitudgral?2022,18214,, HTTP/1.1" 200 8375
192.168.10.96 - - [28/Mar/2022:10:01:20 -0300] "GET /cormun/pexe_scrolldiv.js HTTP/1.1" 404 1009
192.168.10.96 - - [28/Mar/2022:10:01:21 -0300] "GET /cormun/servlet/vesolicitudgral?2022,18214,, HTTP/1.1" 200 8373
192.168.10.96 - - [28/Mar/2022:10:01:23 -0300] "GET /cormun/servlet/vesolicitudgral?2022,18214,,SolicitudOTLog HTTP/1.1" 200 9829
192.168.10.96 - - [28/Mar/2022:10:01:23 -0300] "GET /cormun/pexe_scrolldiv.js HTTP/1.1" 404 1009
192.168.10.96 - - [28/Mar/2022:10:01:23 -0300] "GET /cormun/servlet/vesolicitudgral?2022,18214,,SolicitudOTLog HTTP/1.1" 200 9831
192.168.10.96 - - [28/Mar/2022:10:01:24 -0300] "POST /cormun/servlet/acontrolpreferencessavestate?None,RRHH+DANIELA,true HTTP/1.1" 200 35
192.168.10.199 - - [28/Mar/2022:10:01:28 -0300] "POST /cormun/servlet/trsolicitudgral?d12ad8ca3af56fca99b78be199c1c87b,gx-no-cache=1648470451610,gx-no-cache=1648471578343 HTTP/1.1" 200 5263
192.168.10.96 - - [28/Mar/2022:10:01:33 -0300] "POST /cormun/servlet/vesolicitudgral?8d8793525dc46229fd3f40eacd0861b2,2022,18214,,SolicitudOTLog,gx-no-cache=1648471583615 HTTP/1.1" 200 90
192.168.10.96 - - [28/Mar/2022:10:01:33 -0300] "GET /cormun/servlet/hpexe_link HTTP/1.1" 200 980
192.168.10.96 - - [28/Mar/2022:10:01:33 -0300] "GET /cormun/servlet/trsolicitudgral? HTTP/1.1" 200 16059
192.168.10.96 - - [28/Mar/2022:10:01:34 -0300] "GET /cormun/servlet/trsolicitudgral? HTTP/1.1" 200 16058
192.168.10.199 - - [28/Mar/2022:10:01:38 -0300] "POST /cormun/servlet/trsolicitudgral?d12ad8ca3af56fca99b78be199c1c87b,gx-no-cache=1648470451610,gx-no-cache=1648471588921 HTTP/1.1" 200 8241
192.168.10.96 - - [28/Mar/2022:10:01:40 -0300] "GET /cormun/servlet/trlicenciasgenerales? HTTP/1.1" 200 12224
192.168.10.96 - - [28/Mar/2022:10:01:41 -0300] "GET /cormun/servlet/trlicenciasgenerales? HTTP/1.1" 200 12222
186.103.159.189 - - [28/Mar/2022:10:01:49 -0300] "GET /cormun/servlet/apermisogoceprn?15996249,P,20220328090712,PU HTTP/1.1" 200 1662
192.168.10.96 - - [28/Mar/2022:10:01:55 -0300] "POST /cormun/servlet/trlicenciasgenerales?8d8793525dc46229fd3f40eacd0861b2,,gx-no-cache=1648471606139 HTTP/1.1" 200 5591
192.168.10.96 - - [28/Mar/2022:10:01:56 -0300] "POST /cormun/servlet/trlicenciasgenerales?8d8793525dc46229fd3f40eacd0861b2,,gx-no-cache=1648471607008 HTTP/1.1" 200 5590
192.168.10.96 - - [28/Mar/2022:10:01:56 -0300] "POST /cormun/servlet/trlicenciasgenerales?8d8793525dc46229fd3f40eacd0861b2,,gx-no-cache=1648471607174 HTTP/1.1" 200 5591
192.168.10.96 - - [28/Mar/2022:10:02:00 -0300] "POST /cormun/servlet/trlicenciasgenerales?8d8793525dc46229fd3f40eacd0861b2,,gx-no-cache=1648471610273 HTTP/1.1" 200 9862
192.168.10.96 - - [28/Mar/2022:10:02:13 -0300] "GET /cormun/servlet/trlicenciaspermisosadjuntos?19206149,20220323000000,L, HTTP/1.1" 200 6125
192.168.10.96 - - [28/Mar/2022:10:02:13 -0300] "GET /cormun/servlet/trlicenciaspermisosadjuntos?19206149,20220323000000,L, HTTP/1.1" 200 6125
192.168.10.96 - - [28/Mar/2022:10:02:13 -0300] "GET /cormun/static/gxcfg.js?201991422445549 HTTP/1.1" 200 953
192.168.10.96 - - [28/Mar/2022:10:02:13 -0300] "GET /cormun/static/trlicenciaspermisosadjuntos.js?20199142244593 HTTP/1.1" 200 21036
192.168.10.96 - - [28/Mar/2022:10:02:13 -0300] "GET /cormun/servlet/trlicenciaspermisosadjuntos?19206149,20220323000000,L, HTTP/1.1" 200 6126
192.168.10.96 - - [28/Mar/2022:10:02:24 -0300] "POST /cormun/servlet/trlicenciaspermisosadjuntos?8d8793525dc46229fd3f40eacd0861b2,19206149,20220323000000,L,,gx-no-cache=1648471634568 HTTP/1.1" 200 90
192.168.10.96 - - [28/Mar/2022:10:02:24 -0300] "GET /cormun/servlet/hpexe_link HTTP/1.1" 200 994
192.168.10.96 - - [28/Mar/2022:10:02:24 -0300] "GET /cormun/servlet/trlicenciasgenerales? HTTP/1.1" 200 12353
192.168.10.96 - - [28/Mar/2022:10:02:24 -0300] "GET /cormun/servlet/trlicenciasgenerales? HTTP/1.1" 200 12354
45.155.204.146 - - [28/Mar/2022:10:02:25 -0300] "GET /manager/html HTTP/1.1" 401 2474
192.168.10.96 - - [28/Mar/2022:10:02:36 -0300] "POST /cormun/servlet/trlicenciasgenerales?8d8793525dc46229fd3f40eacd0861b2,,gx-no-cache=1648471646368 HTTP/1.1" 200 90
192.168.10.96 - - [28/Mar/2022:10:02:36 -0300] "GET /cormun/servlet/hpexe_link HTTP/1.1" 200 963
192.168.10.96 - - [28/Mar/2022:10:02:36 -0300] "GET /cormun/servlet/hhome HTTP/1.1" 200 3786
192.168.10.96 - - [28/Mar/2022:10:02:36 -0300] "GET /cormun/servlet/hhome HTTP/1.1" 200 3783
192.168.10.96 - - [28/Mar/2022:10:02:41 -0300] "GET /cormun/servlet/trsolicitudgral? HTTP/1.1" 200 16057
192.168.10.96 - - [28/Mar/2022:10:02:41 -0300] "GET /cormun/servlet/trsolicitudgral? HTTP/1.1" 200 16055
45.155.204.146 - - [28/Mar/2022:10:03:46 -0300] "GET /manager/html HTTP/1.1" 401 2474
191.125.44.161 - - [28/Mar/2022:10:04:00 -0300] "POST /cormun/servlet/trsolicitudot?2c1f6ff132fab3049600d7acb100ee70,gx-no-cache=1648471894597 HTTP/1.1" 200 113
191.125.44.161 - - [28/Mar/2022:10:04:01 -0300] "GET /cormun/servlet/solicitudot?UPD,2022,17904,false, HTTP/1.1" 200 16580
191.125.44.161 - - [28/Mar/2022:10:04:02 -0300] "GET /cormun/servlet/solicitudot?UPD,2022,17904,false, HTTP/1.1" 200 16592
191.125.44.161 - - [28/Mar/2022:10:04:03 -0300] "POST /cormun/servlet/solicitudot?gx-no-cache=1648471896678 HTTP/1.1" 200 3937
191.125.44.161 - - [28/Mar/2022:10:04:03 -0300] "POST /cormun/servlet/solicitudot?2c1f6ff132fab3049600d7acb100ee70,UPD,2022,17904,false,,gx-no-cache=1648471897395 HTTP/1.1" 200 12819
191.125.44.161 - - [28/Mar/2022:10:04:03 -0300] "GET /cormun/servlet/solicitudot?31adb99690ca7d2b1fc627abfadb83492633a13f88a5be586342dab37f5e4b7ef1c80a729cda17ce18a72d5fc65daa7a,gx-no-cache=1648471897772 HTTP/1.1" 200 30
191.125.44.161 - - [28/Mar/2022:10:04:03 -0300] "GET /cormun/servlet/solicitudot?31adb99690ca7d2b1fc627abfadb8349654ad06463db05c14075ec603068de6eefc28e40b0074cb31cc13cbb329393d636241394df7eabebe410f4fd0275b8d776fe752e1b3243c603ff97850af66903,gx-no-cache=1648471897930 HTTP/1.1" 200 30
191.125.44.161 - - [28/Mar/2022:10:04:03 -0300] "GET /cormun/servlet/solicitudot?31adb99690ca7d2b1fc627abfadb8349ca26f28ac7dd111c57c631977dd0a04b8666e8792d9bfada43b8c0c0764558390b71a49dce6e73773d8c04a090cb427e,gx-no-cache=1648471898024 HTTP/1.1" 200 53
191.125.44.161 - - [28/Mar/2022:10:04:04 -0300] "POST /cormun/servlet/solicitudot?gx-no-cache=1648471898116 HTTP/1.1" 200 238
191.125.44.161 - - [28/Mar/2022:10:04:04 -0300] "GET /cormun/servlet/solicitudot?31adb99690ca7d2b1fc627abfadb834957cdf8246d6ca10757d0cc11f0cd7c478d458f116351a333175209b3e0d4939640cb7a9571eac05c7560dde352861090bd0f686a72f8d3acc3bf9ac5307dc674a37e725a83d06bd51f512e2f17af33406101e2e477e54281c7ca1f4740e4f00292b5e9dd17b52ca5a494dcf2c86884e873be53fbe8142ab24b7d275541bf3694e1a3246ba30a48bb534f0e99860d198845ac4fda884b741951f187a1d65bc54c48f3896a11061c8f1880d4e3e0730ae703a65fb346f797d03efa91c411e1d569b53008b7f47a6803fa3683ef21db90a823ed784564715c8e291c20a59094f85fc0bb796766398d5f56c58c3d1fecf063ea84376376cf347e3b8684dcb7af415aaf26dfce78744aaa2485418ae0aa8e8fae76d6a6696e0c62ab85bd44ea46b54042799a199df59011fe5444943694a034c46e5d2904cfc2574f56d52142ba605687e55fff4c6e00cbd7aace2f1f0eebcbe76f08cc99960bc29aec036826615bd076fdeea1418aae672b2461b7c058bd96,gx-no-cache=1648471898279 HTTP/1.1" 200 30
191.125.44.161 - - [28/Mar/2022:10:04:04 -0300] "POST /cormun/servlet/solicitudot?gx-no-cache=1648471898414 HTTP/1.1" 200 30
191.125.44.161 - - [28/Mar/2022:10:04:04 -0300] "POST /cormun/servlet/solicitudot?gx-no-cache=1648471898554 HTTP/1.1" 200 1454
191.125.44.161 - - [28/Mar/2022:10:04:04 -0300] "POST /cormun/servlet/solicitudot?gx-no-cache=1648471898703 HTTP/1.1" 200 41
192.168.10.96 - - [28/Mar/2022:10:04:07 -0300] "GET /cormun/servlet/hlogin HTTP/1.1" 200 1731
192.168.10.96 - - [28/Mar/2022:10:04:09 -0300] "POST /cormun/servlet/hlogin?8d8793525dc46229fd3f40eacd0861b2,gx-no-cache=1648471739896 HTTP/1.1" 200 90
192.168.10.96 - - [28/Mar/2022:10:04:09 -0300] "GET /cormun/servlet/hpexe_link HTTP/1.1" 200 961
192.168.10.96 - - [28/Mar/2022:10:04:10 -0300] "GET /cormun/servlet/trsolicitudgral HTTP/1.1" 200 16056
192.168.10.96 - - [28/Mar/2022:10:04:10 -0300] "GET /cormun/servlet/trsolicitudgral HTTP/1.1" 200 16055
192.168.10.96 - - [28/Mar/2022:10:04:12 -0300] "GET /cormun/servlet/trrenunciasgenerales? HTTP/1.1" 200 9253
192.168.10.96 - - [28/Mar/2022:10:04:13 -0300] "GET /cormun/servlet/trrenunciasgenerales? HTTP/1.1" 200 9253
192.168.10.96 - - [28/Mar/2022:10:04:18 -0300] "POST /cormun/servlet/trrenunciasgenerales?8d8793525dc46229fd3f40eacd0861b2,,gx-no-cache=1648471748519 HTTP/1.1" 200 6408
192.168.10.96 - - [28/Mar/2022:10:04:18 -0300] "POST /cormun/servlet/trrenunciasgenerales?8d8793525dc46229fd3f40eacd0861b2,,gx-no-cache=1648471748701 HTTP/1.1" 200 6407
192.168.10.96 - - [28/Mar/2022:10:04:18 -0300] "POST /cormun/servlet/trrenunciasgenerales?8d8793525dc46229fd3f40eacd0861b2,,gx-no-cache=1648471748926 HTTP/1.1" 200 6408
192.168.10.199 - - [28/Mar/2022:10:04:21 -0300] "POST /cormun/servlet/trsolicitudgral?d12ad8ca3af56fca99b78be199c1c87b,gx-no-cache=1648470451610,gx-no-cache=1648471751776 HTTP/1.1" 200 116
192.168.10.199 - - [28/Mar/2022:10:04:21 -0300] "GET /cormun/servlet/solicitudotlog?INS,2022,18134,0,REC, HTTP/1.1" 200 5668
192.168.10.199 - - [28/Mar/2022:10:04:22 -0300] "GET /cormun/servlet/solicitudotlog?INS,2022,18134,0,REC, HTTP/1.1" 200 5646
192.168.10.199 - - [28/Mar/2022:10:04:22 -0300] "GET /cormun/servlet/solicitudotlog?f1d7a87a3c103b5b8ab377d2fac139118e37d32d3e0a111920520e78de2cde309266dc0267e458d167898181d4baf2e4de3cf388fd4183f9e5bc0658bcfcc6cffebdadac54c4da66d44792f7ca5c62515cda65e641210ebe3f6af5fbf749c8d11d43aa7498315108f56bde9c1fbfd92dcc1b2ee6264554c0f837b9c6d4697bd322b88ede873ba2364e12684dbd3e961859f62230d60ebdb05a2e1c69a537afa0,gx-no-cache=1648471752824 HTTP/1.1" 200 94
192.168.10.17 - - [28/Mar/2022:10:04:25 -0300] "GET /cormun/servlet/trsolicitudgral? HTTP/1.1" 200 9722
192.168.10.17 - - [28/Mar/2022:10:04:26 -0300] "GET /cormun/servlet/trsolicitudgral? HTTP/1.1" 200 9717
192.168.10.199 - - [28/Mar/2022:10:04:27 -0300] "POST /cormun/servlet/solicitudotlog?d12ad8ca3af56fca99b78be199c1c87b,INS,2022,18134,0,REC,,gx-no-cache=1648471757444 HTTP/1.1" 200 93
192.168.10.199 - - [28/Mar/2022:10:04:27 -0300] "GET /cormun/servlet/hpexe_return? HTTP/1.1" 200 1044
192.168.10.199 - - [28/Mar/2022:10:04:27 -0300] "GET /cormun/servlet/trsolicitudgral?gx-no-cache=1648470451610 HTTP/1.1" 200 10902
192.168.10.199 - - [28/Mar/2022:10:04:27 -0300] "GET /cormun/servlet/trsolicitudgral?gx-no-cache=1648470451610 HTTP/1.1" 200 10919
191.125.44.161 - - [28/Mar/2022:10:04:34 -0300] "GET /cormun/servlet/trsolicitudot HTTP/1.1" 200 17359
191.125.44.161 - - [28/Mar/2022:10:04:35 -0300] "GET /cormun/servlet/trsolicitudot HTTP/1.1" 200 17358
190.171.149.74 - - [28/Mar/2022:10:05:04 -0300] "GET /cormun/servlet/trlicencias? HTTP/1.1" 200 11673
190.171.149.74 - - [28/Mar/2022:10:05:05 -0300] "GET /cormun/servlet/trlicencias? HTTP/1.1" 200 11668
192.168.10.17 - - [28/Mar/2022:10:05:33 -0300] "GET /cormun/servlet/trsolicitudgral? HTTP/1.1" 200 9717
192.168.10.17 - - [28/Mar/2022:10:05:33 -0300] "GET /cormun/servlet/trsolicitudgral? HTTP/1.1" 200 9717
192.168.10.199 - - [28/Mar/2022:10:06:03 -0300] "POST /cormun/servlet/trsolicitudgral?d12ad8ca3af56fca99b78be199c1c87b,gx-no-cache=1648470451610,gx-no-cache=1648471854061 HTTP/1.1" 200 116
192.168.10.199 - - [28/Mar/2022:10:06:04 -0300] "GET /cormun/servlet/solicitudotlog?INS,2022,17981,0,REC, HTTP/1.1" 200 5669
192.168.10.199 - - [28/Mar/2022:10:06:04 -0300] "GET /cormun/servlet/solicitudotlog?INS,2022,17981,0,REC, HTTP/1.1" 200 5647
192.168.10.199 - - [28/Mar/2022:10:06:04 -0300] "GET /cormun/servlet/solicitudotlog?f1d7a87a3c103b5b8ab377d2fac139117424540ac4cd2a7e500b68f43cac3b7b9266dc0267e458d167898181d4baf2e4de3cf388fd4183f9e5bc0658bcfcc6cffebdadac54c4da66d44792f7ca5c62515cda65e641210ebe3f6af5fbf749c8d11d43aa7498315108f56bde9c1fbfd92dcc1b2ee6264554c0f837b9c6d4697bd322b88ede873ba2364e12684dbd3e961859f62230d60ebdb05a2e1c69a537afa0,gx-no-cache=1648471855022 HTTP/1.1" 200 94
192.168.10.17 - - [28/Mar/2022:10:06:05 -0300] "POST /cormun/servlet/trsolicitudgral?2576934d8e80cf7184754eb796749830,,gx-no-cache=1648471854096 HTTP/1.1" 200 26314
192.168.10.199 - - [28/Mar/2022:10:06:08 -0300] "POST /cormun/servlet/solicitudotlog?d12ad8ca3af56fca99b78be199c1c87b,INS,2022,17981,0,REC,,gx-no-cache=1648471858587 HTTP/1.1" 200 93
192.168.10.199 - - [28/Mar/2022:10:06:08 -0300] "GET /cormun/servlet/hpexe_return? HTTP/1.1" 200 1044
192.168.10.199 - - [28/Mar/2022:10:06:08 -0300] "GET /cormun/servlet/trsolicitudgral?gx-no-cache=1648470451610 HTTP/1.1" 200 10502
192.168.10.199 - - [28/Mar/2022:10:06:08 -0300] "GET /cormun/servlet/trsolicitudgral?gx-no-cache=1648470451610 HTTP/1.1" 200 10520
192.168.10.199 - - [28/Mar/2022:10:06:18 -0300] "POST /cormun/servlet/trsolicitudgral?d12ad8ca3af56fca99b78be199c1c87b,gx-no-cache=1648470451610,gx-no-cache=1648471869029 HTTP/1.1" 200 5263
192.168.10.17 - - [28/Mar/2022:10:06:22 -0300] "POST /cormun/servlet/trsolicitudgral?2576934d8e80cf7184754eb796749830,,gx-no-cache=1648471871273 HTTP/1.1" 200 24282
192.168.10.199 - - [28/Mar/2022:10:06:25 -0300] "POST /cormun/servlet/trsolicitudgral?d12ad8ca3af56fca99b78be199c1c87b,gx-no-cache=1648470451610,gx-no-cache=1648471875415 HTTP/1.1" 200 10952
192.168.10.17 - - [28/Mar/2022:10:06:32 -0300] "GET /cormun/servlet/vesolicitudgral?2022,18028,, HTTP/1.1" 200 8343
192.168.10.17 - - [28/Mar/2022:10:06:32 -0300] "GET /cormun/pexe_scrolldiv.js HTTP/1.1" 404 1009
192.168.10.17 - - [28/Mar/2022:10:06:32 -0300] "GET /cormun/servlet/vesolicitudgral?2022,18028,, HTTP/1.1" 200 8343
190.171.141.106 - - [28/Mar/2022:10:07:28 -0300] "GET /cormun/servlet/trautorizarsolicitud HTTP/1.1" 200 6219
190.171.141.106 - - [28/Mar/2022:10:07:28 -0300] "GET /cormun/servlet/hlogin HTTP/1.1" 200 1747
190.171.141.106 - - [28/Mar/2022:10:07:28 -0300] "GET /cormun/servlet/trautorizarsolicitud HTTP/1.1" 200 6217
190.171.141.106 - - [28/Mar/2022:10:07:31 -0300] "POST /cormun/servlet/hlogin?54c35d379070320060333096378dbaf0,gx-no-cache=1648472105454 HTTP/1.1" 200 90
190.171.141.106 - - [28/Mar/2022:10:07:31 -0300] "GET /cormun/servlet/hpexe_link HTTP/1.1" 200 962
190.171.141.106 - - [28/Mar/2022:10:07:32 -0300] "GET /cormun/servlet/trautorizarsolicitud HTTP/1.1" 200 9699
190.171.141.106 - - [28/Mar/2022:10:07:32 -0300] "GET /cormun/servlet/trautorizarsolicitud HTTP/1.1" 200 9698
45.155.204.146 - - [28/Mar/2022:10:07:34 -0300] "GET /manager/html HTTP/1.1" 401 2474
192.168.10.17 - - [28/Mar/2022:10:07:50 -0300] "POST /cormun/servlet/vesolicitudgral?2576934d8e80cf7184754eb796749830,2022,18028,,,gx-no-cache=1648471960919 HTTP/1.1" 200 12077
192.168.10.17 - - [28/Mar/2022:10:07:50 -0300] "GET /cormun/static/Shared/jqueryui/images/ui-bg_highlight-soft_100_c6c2c8_1x100.png HTTP/1.1" 404 1117
192.168.10.17 - - [28/Mar/2022:10:07:50 -0300] "GET /cormun/static/Shared/jqueryui/images/ui-icons_82798d_256x240.png HTTP/1.1" 404 1089
192.168.10.17 - - [28/Mar/2022:10:07:50 -0300] "GET /cormun/static/Shared/jqueryui/images/ui-icons_8d78a5_256x240.png HTTP/1.1" 404 1089
192.168.10.17 - - [28/Mar/2022:10:07:50 -0300] "GET /cormun/static/Shared/jqueryui/images/ui-bg_flat_55_fafafa_40x100.png HTTP/1.1" 404 1097
192.168.10.17 - - [28/Mar/2022:10:07:51 -0300] "POST /cormun/servlet/vesolicitudgral?2576934d8e80cf7184754eb796749830,2022,18028,,,gx-no-cache=1648471961166 HTTP/1.1" 200 12011
192.168.10.199 - - [28/Mar/2022:10:07:51 -0300] "GET /cormun/servlet/trsolicitudgral? HTTP/1.1" 200 14283
192.168.10.199 - - [28/Mar/2022:10:07:51 -0300] "GET /cormun/servlet/trsolicitudgral? HTTP/1.1" 200 14262
192.168.10.17 - - [28/Mar/2022:10:07:56 -0300] "GET /cormun/servlet/trautorizarot? HTTP/1.1" 200 19864
192.168.10.17 - - [28/Mar/2022:10:07:56 -0300] "GET /cormun/servlet/trautorizarot? HTTP/1.1" 200 19855
192.168.10.199 - - [28/Mar/2022:10:08:00 -0300] "POST /cormun/servlet/trsolicitudgral?d12ad8ca3af56fca99b78be199c1c87b,,gx-no-cache=1648471969432 HTTP/1.1" 200 26326
192.168.10.17 - - [28/Mar/2022:10:08:04 -0300] "POST /cormun/servlet/trautorizarot?2576934d8e80cf7184754eb796749830,,gx-no-cache=1648471974489 HTTP/1.1" 200 16504
192.168.10.199 - - [28/Mar/2022:10:08:06 -0300] "POST /cormun/servlet/trsolicitudgral?d12ad8ca3af56fca99b78be199c1c87b,,gx-no-cache=1648471975469 HTTP/1.1" 200 23899
181.212.42.153 - - [28/Mar/2022:10:08:07 -0300] "GET /cormun/servlet/trsolicitudot? HTTP/1.1" 200 6330
181.212.42.153 - - [28/Mar/2022:10:08:07 -0300] "GET /cormun/servlet/hlogin HTTP/1.1" 200 1747
181.212.42.153 - - [28/Mar/2022:10:08:08 -0300] "GET /cormun/servlet/trsolicitudot? HTTP/1.1" 200 6329
192.168.10.17 - - [28/Mar/2022:10:08:08 -0300] "GET /cormun/servlet/trsolicitudgral? HTTP/1.1" 200 26458
192.168.10.17 - - [28/Mar/2022:10:08:10 -0300] "GET /cormun/servlet/trsolicitudgral? HTTP/1.1" 200 26458
192.168.10.17 - - [28/Mar/2022:10:08:14 -0300] "POST /cormun/servlet/trsolicitudgral?2576934d8e80cf7184754eb796749830,,gx-no-cache=1648471984418 HTTP/1.1" 200 7202
181.212.42.153 - - [28/Mar/2022:10:08:15 -0300] "POST /cormun/servlet/hlogin?d213b7e314acd14315cfd715e5a24085,gx-no-cache=1648472509082 HTTP/1.1" 200 449
192.168.10.17 - - [28/Mar/2022:10:08:16 -0300] "GET /cormun/servlet/vesolicitudgral?2022,18028,, HTTP/1.1" 200 8345
192.168.10.17 - - [28/Mar/2022:10:08:16 -0300] "GET /cormun/pexe_scrolldiv.js HTTP/1.1" 404 1009
192.168.10.17 - - [28/Mar/2022:10:08:16 -0300] "GET /cormun/servlet/vesolicitudgral?2022,18028,, HTTP/1.1" 200 8344
181.212.42.153 - - [28/Mar/2022:10:08:19 -0300] "POST /cormun/servlet/hlogin?d213b7e314acd14315cfd715e5a24085,gx-no-cache=1648472513160 HTTP/1.1" 200 90
181.212.42.153 - - [28/Mar/2022:10:08:19 -0300] "GET /cormun/servlet/hpexe_link HTTP/1.1" 200 960
181.212.42.153 - - [28/Mar/2022:10:08:20 -0300] "GET /cormun/servlet/trsolicitudot HTTP/1.1" 200 8964
181.212.42.153 - - [28/Mar/2022:10:08:20 -0300] "GET /cormun/servlet/trsolicitudot HTTP/1.1" 200 8966
192.168.10.199 - - [28/Mar/2022:10:08:24 -0300] "POST /cormun/servlet/trsolicitudgral?d12ad8ca3af56fca99b78be199c1c87b,,gx-no-cache=1648471994522 HTTP/1.1" 200 10958
181.212.42.153 - - [28/Mar/2022:10:08:27 -0300] "GET /cormun/servlet/vesolicitudot?2022,18089,, HTTP/1.1" 200 8315
181.212.42.153 - - [28/Mar/2022:10:08:27 -0300] "GET /cormun/pexe_scrolldiv.js HTTP/1.1" 404 1009
181.212.42.153 - - [28/Mar/2022:10:08:27 -0300] "GET /cormun/servlet/vesolicitudot?2022,18089,, HTTP/1.1" 200 8315
181.212.42.153 - - [28/Mar/2022:10:08:29 -0300] "GET /cormun/servlet/vesolicitudot?2022,18089,,SolicitudOTLog HTTP/1.1" 200 9709
181.212.42.153 - - [28/Mar/2022:10:08:29 -0300] "GET /cormun/pexe_scrolldiv.js HTTP/1.1" 404 1009
181.212.42.153 - - [28/Mar/2022:10:08:29 -0300] "GET /cormun/servlet/vesolicitudot?2022,18089,,SolicitudOTLog HTTP/1.1" 200 9710
181.212.42.153 - - [28/Mar/2022:10:08:30 -0300] "POST /cormun/servlet/acontrolpreferencessavestate?None,CA-7,true HTTP/1.1" 200 35
181.212.42.153 - - [28/Mar/2022:10:08:36 -0300] "GET /cormun/servlet/trsolicitudot? HTTP/1.1" 200 8972
181.212.42.153 - - [28/Mar/2022:10:08:36 -0300] "GET /cormun/servlet/trsolicitudot? HTTP/1.1" 200 8966
181.212.42.153 - - [28/Mar/2022:10:08:41 -0300] "POST /cormun/servlet/trsolicitudot?d213b7e314acd14315cfd715e5a24085,,gx-no-cache=1648472534795 HTTP/1.1" 200 5577
181.212.42.153 - - [28/Mar/2022:10:08:42 -0300] "POST /cormun/servlet/trsolicitudot?d213b7e314acd14315cfd715e5a24085,,gx-no-cache=1648472535382 HTTP/1.1" 200 5557
181.212.42.153 - - [28/Mar/2022:10:08:45 -0300] "GET /cormun/servlet/vesolicitudot?2022,17953,, HTTP/1.1" 200 8357
181.212.42.153 - - [28/Mar/2022:10:08:45 -0300] "GET /cormun/pexe_scrolldiv.js HTTP/1.1" 404 1009
181.212.42.153 - - [28/Mar/2022:10:08:45 -0300] "GET /cormun/servlet/vesolicitudot?2022,17953,, HTTP/1.1" 200 8357
181.212.42.153 - - [28/Mar/2022:10:08:47 -0300] "GET /cormun/servlet/vesolicitudot?2022,17953,,SolicitudOTLog HTTP/1.1" 200 9713
181.212.42.153 - - [28/Mar/2022:10:08:47 -0300] "GET /cormun/pexe_scrolldiv.js HTTP/1.1" 404 1009
181.212.42.153 - - [28/Mar/2022:10:08:47 -0300] "GET /cormun/servlet/vesolicitudot?2022,17953,,SolicitudOTLog HTTP/1.1" 200 9713
181.212.42.153 - - [28/Mar/2022:10:08:48 -0300] "POST /cormun/servlet/acontrolpreferencessavestate?None,CA-7,true HTTP/1.1" 200 35
181.212.42.153 - - [28/Mar/2022:10:08:51 -0300] "GET /cormun/servlet/vesolicitudot?2022,17953,, HTTP/1.1" 200 8357
181.212.42.153 - - [28/Mar/2022:10:08:51 -0300] "GET /cormun/servlet/vesolicitudot?2022,17953,, HTTP/1.1" 200 8357
181.212.42.153 - - [28/Mar/2022:10:08:54 -0300] "POST /cormun/servlet/vesolicitudot?d213b7e314acd14315cfd715e5a24085,2022,17953,,,gx-no-cache=1648472547993 HTTP/1.1" 200 93
181.212.42.153 - - [28/Mar/2022:10:08:54 -0300] "GET /cormun/servlet/hpexe_return? HTTP/1.1" 200 1014
181.212.42.153 - - [28/Mar/2022:10:08:54 -0300] "GET /cormun/servlet/trsolicitudot? HTTP/1.1" 200 8501
181.212.42.153 - - [28/Mar/2022:10:08:55 -0300] "GET /cormun/servlet/trsolicitudot? HTTP/1.1" 200 8495
181.212.42.153 - - [28/Mar/2022:10:08:56 -0300] "POST /cormun/servlet/trsolicitudot?d213b7e314acd14315cfd715e5a24085,,gx-no-cache=1648472550236 HTTP/1.1" 200 4323
181.212.42.153 - - [28/Mar/2022:10:08:56 -0300] "GET /cormun/static/Shared/jqueryui/images/ui-bg_highlight-soft_100_c6c2c8_1x100.png HTTP/1.1" 404 1117
181.212.42.153 - - [28/Mar/2022:10:08:56 -0300] "GET /cormun/static/Shared/jqueryui/images/ui-icons_82798d_256x240.png HTTP/1.1" 404 1089
181.212.42.153 - - [28/Mar/2022:10:08:56 -0300] "GET /cormun/static/Shared/jqueryui/images/ui-icons_8d78a5_256x240.png HTTP/1.1" 404 1089
181.212.42.153 - - [28/Mar/2022:10:08:56 -0300] "GET /cormun/static/Shared/jqueryui/images/ui-bg_flat_55_fafafa_40x100.png HTTP/1.1" 404 1097
181.212.42.153 - - [28/Mar/2022:10:08:57 -0300] "POST /cormun/servlet/trsolicitudot?d213b7e314acd14315cfd715e5a24085,,gx-no-cache=1648472550424 HTTP/1.1" 200 4068
181.212.42.153 - - [28/Mar/2022:10:09:07 -0300] "GET /cormun/servlet/trsolicitudot? HTTP/1.1" 200 7011
181.212.42.153 - - [28/Mar/2022:10:09:07 -0300] "GET /cormun/servlet/trsolicitudot? HTTP/1.1" 200 7011
181.212.42.153 - - [28/Mar/2022:10:09:09 -0300] "GET /cormun/servlet/solicitudot?INS,0,0,false, HTTP/1.1" 200 15687
181.212.42.153 - - [28/Mar/2022:10:09:09 -0300] "GET /cormun/servlet/solicitudot?INS,0,0,false, HTTP/1.1" 200 15695
191.125.44.161 - - [28/Mar/2022:10:09:13 -0300] "GET /cormun/servlet/trsolicitudot? HTTP/1.1" 200 17358
191.125.44.161 - - [28/Mar/2022:10:09:15 -0300] "GET /cormun/servlet/trsolicitudot? HTTP/1.1" 200 17358
191.125.44.161 - - [28/Mar/2022:10:09:20 -0300] "GET /cormun/servlet/trsolicitudot? HTTP/1.1" 200 17358
191.125.44.161 - - [28/Mar/2022:10:09:21 -0300] "GET /cormun/servlet/trsolicitudot? HTTP/1.1" 200 17358
191.125.44.161 - - [28/Mar/2022:10:09:24 -0300] "GET /cormun/static/menuarrow.gif HTTP/1.1" 404 1015
45.155.204.146 - - [28/Mar/2022:10:09:25 -0300] "GET /manager/html HTTP/1.1" 401 2474
190.171.141.90 - - [28/Mar/2022:10:09:26 -0300] "GET /cormun/servlet/hlogin HTTP/1.1" 200 1726
190.171.141.90 - - [28/Mar/2022:10:09:26 -0300] "GET /cormun/servlet/hlogin HTTP/1.1" 200 1737
190.171.141.90 - - [28/Mar/2022:10:09:32 -0300] "POST /cormun/servlet/hlogin?c244e314c93f17503dd58f22b34b5793,gx-no-cache=1648472234020 HTTP/1.1" 200 90
190.171.141.90 - - [28/Mar/2022:10:09:33 -0300] "GET /cormun/servlet/hpexe_link HTTP/1.1" 200 955
190.171.141.90 - - [28/Mar/2022:10:09:33 -0300] "GET /cormun/servlet/hhome HTTP/1.1" 200 3969
190.171.141.90 - - [28/Mar/2022:10:09:35 -0300] "GET /cormun/servlet/hhome HTTP/1.1" 200 3966
181.212.42.153 - - [28/Mar/2022:10:09:36 -0300] "POST /cormun/servlet/solicitudot?gx-no-cache=1648472589526 HTTP/1.1" 200 3850
181.212.42.153 - - [28/Mar/2022:10:09:36 -0300] "POST /cormun/servlet/solicitudot?d213b7e314acd14315cfd715e5a24085,INS,0,0,false,,gx-no-cache=1648472589761 HTTP/1.1" 200 12390
181.212.42.153 - - [28/Mar/2022:10:09:37 -0300] "GET /cormun/servlet/solicitudot?d405e5f64a46d5dde1e0c64c4f4e8f504f99007917ea3ee00459dad3310be4cef68133ee471cd2c3057e8d8e3b75f774,gx-no-cache=1648472590737 HTTP/1.1" 200 30
190.171.141.90 - - [28/Mar/2022:10:09:37 -0300] "GET /cormun/servlet/trlicencias? HTTP/1.1" 200 16914
190.171.141.90 - - [28/Mar/2022:10:09:39 -0300] "GET /cormun/servlet/trlicencias? HTTP/1.1" 200 16929
190.171.141.90 - - [28/Mar/2022:10:10:23 -0300] "GET /cormun/servlet/licenciaspermisos?DSP,15526652,L,20220325000000, HTTP/1.1" 200 7082
190.171.141.90 - - [28/Mar/2022:10:10:25 -0300] "GET /cormun/servlet/licenciaspermisos?DSP,15526652,L,20220325000000, HTTP/1.1" 200 7081
181.212.42.153 - - [28/Mar/2022:10:10:26 -0300] "GET /cormun/servlet/prbanco?,MD,,gxPopupLevel%3D0%3B HTTP/1.1" 200 6526
181.212.42.153 - - [28/Mar/2022:10:10:28 -0300] "GET /cormun/servlet/solicitudot?d405e5f64a46d5dde1e0c64c4f4e8f50593063132706fdd0c615c65e82e5b705e1c28de221f305747166b3bf8e5657ca2a0a2491e083b596f2f79eefbf36ae64,gx-no-cache=1648472642272 HTTP/1.1" 200 30
181.212.42.153 - - [28/Mar/2022:10:10:29 -0300] "GET /cormun/servlet/solicitudot?d405e5f64a46d5dde1e0c64c4f4e8f50770a3e299f079094a408031eec990e6b,gx-no-cache=1648472642843 HTTP/1.1" 200 53
190.171.141.90 - - [28/Mar/2022:10:10:29 -0300] "GET /cormun/servlet/trlicencias? HTTP/1.1" 200 16944
190.171.141.90 - - [28/Mar/2022:10:10:30 -0300] "GET /cormun/servlet/trlicencias? HTTP/1.1" 200 16938
190.171.141.106 - - [28/Mar/2022:10:10:33 -0300] "POST /cormun/servlet/trautorizarsolicitud?54c35d379070320060333096378dbaf0,gx-no-cache=1648472287356 HTTP/1.1" 200 6514
190.171.141.106 - - [28/Mar/2022:10:10:33 -0300] "GET /cormun/static/Shared/jqueryui/images/ui-bg_highlight-soft_100_c6c2c8_1x100.png HTTP/1.1" 404 1117
190.171.141.106 - - [28/Mar/2022:10:10:33 -0300] "GET /cormun/static/Shared/jqueryui/images/ui-bg_flat_55_fafafa_40x100.png HTTP/1.1" 404 1097
190.171.141.106 - - [28/Mar/2022:10:10:33 -0300] "GET /cormun/static/Shared/jqueryui/images/ui-icons_82798d_256x240.png HTTP/1.1" 404 1089
190.171.141.106 - - [28/Mar/2022:10:10:33 -0300] "GET /cormun/static/Shared/jqueryui/images/ui-icons_8d78a5_256x240.png HTTP/1.1" 404 1089
190.171.141.106 - - [28/Mar/2022:10:10:33 -0300] "POST /cormun/servlet/trautorizarsolicitud?54c35d379070320060333096378dbaf0,gx-no-cache=1648472287672 HTTP/1.1" 200 6457
181.212.42.153 - - [28/Mar/2022:10:10:37 -0300] "POST /cormun/servlet/solicitudot?gx-no-cache=1648472650744 HTTP/1.1" 200 255
181.212.42.153 - - [28/Mar/2022:10:10:38 -0300] "POST /cormun/servlet/solicitudot?gx-no-cache=1648472652300 HTTP/1.1" 200 240
181.212.42.153 - - [28/Mar/2022:10:10:40 -0300] "GET /cormun/servlet/solicitudot?d405e5f64a46d5dde1e0c64c4f4e8f50ca13879362cd29330899dffcca2db2266a1d4ceaa7e033aa329cf64af2d629f6b6c3e75b358655eac2f8be6e2edd146e18d2d7c3da77df098f3d4dee1c455661710ce009bb2fa233c3a0858802ed76bfc60aaf2342e558bb60859300958478ff40fb50fca1fca5e7fb070b38370744002f7cb20bbedb77ac535387edfa39b9639fcf8a9d50a40f9553901fec78fc3b784df1a7ff952bc5928b1fa7a29c978da924d24dbe1c3cd5c36673096179bb04c7d75becad3da12230bb0ab52318a5e8699c92e255a61e5d919f83738cb8235849aae16fc9925f122acceddcfce4388027863a27e5ab1f5bbfa73fe2a2143b8a16c10f76a3870ad347026fa70bbcb75f8c72206d3ab1212e112e057de203f098cf78f138597dc870ed9a422ccb684084b552a4937e0b8b5639fccd2620fda43f61f8e2b90736fec306dd90b58c582a0b83789b25feede4346b2e906df5ada5b4d5d05ceeac07a18efd47d62fc73513c8e7d6d8c2a26f65be1e166bf7994a8079ec,gx-no-cache=1648472654302 HTTP/1.1" 200 30
181.212.42.153 - - [28/Mar/2022:10:10:43 -0300] "POST /cormun/servlet/solicitudot?gx-no-cache=1648472656552 HTTP/1.1" 200 30
181.212.42.153 - - [28/Mar/2022:10:10:44 -0300] "GET /cormun/servlet/prfichaempleado?,MD,,gxPopupLevel%3D0%3B HTTP/1.1" 200 9270
181.212.42.153 - - [28/Mar/2022:10:11:00 -0300] "POST /cormun/servlet/solicitudot?gx-no-cache=1648472673828 HTTP/1.1" 200 1455
181.212.42.153 - - [28/Mar/2022:10:11:02 -0300] "GET /cormun/servlet/prlicenciaspermisos?18015714,L,,MD,,gxPopupLevel%3D0%3B HTTP/1.1" 200 5777
181.212.42.153 - - [28/Mar/2022:10:11:08 -0300] "POST /cormun/servlet/solicitudot?gx-no-cache=1648472682395 HTTP/1.1" 200 41
45.155.204.146 - - [28/Mar/2022:10:11:21 -0300] "GET /manager/html HTTP/1.1" 401 2474
192.168.10.17 - - [28/Mar/2022:10:11:24 -0300] "GET /cormun/servlet/trsolicitudgral? HTTP/1.1" 200 9722
192.168.10.17 - - [28/Mar/2022:10:11:25 -0300] "GET /cormun/servlet/trsolicitudgral? HTTP/1.1" 200 9717
192.168.10.17 - - [28/Mar/2022:10:11:32 -0300] "POST /cormun/servlet/trsolicitudgral?2576934d8e80cf7184754eb796749830,,gx-no-cache=1648472181409 HTTP/1.1" 200 26327
181.212.42.153 - - [28/Mar/2022:10:11:35 -0300] "GET /cormun/servlet/solicitudot?d405e5f64a46d5dde1e0c64c4f4e8f5076491eabd289db4a8872e42e53527c1ba0b938b5c7625eb74757562cd785ac2ab0630dc0dd393d03bdb866146946f9db45904b39177338884d09a865b96ab1d9bd02d11d8020d8f4c87a802a13540520a5785a2c70f9f501e8094d8aa723ee84,gx-no-cache=1648472709218 HTTP/1.1" 200 110
181.212.42.153 - - [28/Mar/2022:10:11:36 -0300] "POST /cormun/servlet/solicitudot?gx-no-cache=1648472710141 HTTP/1.1" 200 110
181.212.42.153 - - [28/Mar/2022:10:11:40 -0300] "GET /cormun/servlet/solicitudot?d405e5f64a46d5dde1e0c64c4f4e8f50631488113e18ac949f8cd1f9e45656364a9ca162869beb48c8c4d517dc58e0b7c4b859895978e5373abe2b2abb5d71b3fa22c88a92d90819c074b970d296f26e9864287f573d8f7a95d7c68146fd8a9c53be1c6902aaf133fc76a38cdb747521,gx-no-cache=1648472714272 HTTP/1.1" 200 29
181.212.42.153 - - [28/Mar/2022:10:11:40 -0300] "GET /cormun/static/menuarrow.gif HTTP/1.1" 404 1015
181.212.42.153 - - [28/Mar/2022:10:11:44 -0300] "GET /cormun/servlet/solicitudot?d405e5f64a46d5dde1e0c64c4f4e8f5018af4d45178ac518dbd775511faad9d4f75ae657f14fd6489211a62c7b04bdae,gx-no-cache=1648472717903 HTTP/1.1" 200 30
181.212.42.153 - - [28/Mar/2022:10:11:44 -0300] "POST /cormun/servlet/solicitudot?gx-no-cache=1648472717923 HTTP/1.1" 200 34
190.171.141.106 - - [28/Mar/2022:10:12:04 -0300] "POST /cormun/servlet/trautorizarsolicitud?54c35d379070320060333096378dbaf0,gx-no-cache=1648472378182 HTTP/1.1" 200 6151
190.171.141.106 - - [28/Mar/2022:10:12:04 -0300] "POST /cormun/servlet/trautorizarsolicitud?54c35d379070320060333096378dbaf0,gx-no-cache=1648472378454 HTTP/1.1" 200 6095
181.212.42.153 - - [28/Mar/2022:10:12:07 -0300] "POST /cormun/servlet/solicitudot?d213b7e314acd14315cfd715e5a24085,INS,0,0,false,,gx-no-cache=1648472739698 HTTP/1.1" 200 93
181.212.42.153 - - [28/Mar/2022:10:12:07 -0300] "GET /cormun/servlet/hpexe_return? HTTP/1.1" 200 1012
181.212.42.153 - - [28/Mar/2022:10:12:07 -0300] "GET /cormun/servlet/trsolicitudot HTTP/1.1" 200 8496
181.212.42.153 - - [28/Mar/2022:10:12:07 -0300] "GET /cormun/servlet/trsolicitudot HTTP/1.1" 200 8494
181.212.42.153 - - [28/Mar/2022:10:12:10 -0300] "POST /cormun/servlet/trsolicitudot?d213b7e314acd14315cfd715e5a24085,gx-no-cache=1648472744034 HTTP/1.1" 200 106
181.212.42.153 - - [28/Mar/2022:10:12:10 -0300] "GET /cormun/servlet/trsolicitudadjuntos?2022,18320, HTTP/1.1" 200 6074
181.212.42.153 - - [28/Mar/2022:10:12:10 -0300] "GET /cormun/servlet/trsolicitudadjuntos?2022,18320, HTTP/1.1" 200 6074
190.171.141.106 - - [28/Mar/2022:10:12:11 -0300] "POST /cormun/servlet/trautorizarsolicitud?54c35d379070320060333096378dbaf0,gx-no-cache=1648472384734 HTTP/1.1" 200 5768
190.171.141.106 - - [28/Mar/2022:10:12:11 -0300] "POST /cormun/servlet/trautorizarsolicitud?54c35d379070320060333096378dbaf0,gx-no-cache=1648472385026 HTTP/1.1" 200 5713
181.212.42.153 - - [28/Mar/2022:10:12:12 -0300] "GET /cormun/servlet/solicitudotadjuntos?INS,2022,18320,,1, HTTP/1.1" 200 6020
181.212.42.153 - - [28/Mar/2022:10:12:12 -0300] "GET /cormun/static/about:blank HTTP/1.1" 404 1011
181.212.42.153 - - [28/Mar/2022:10:12:12 -0300] "GET /cormun/servlet/solicitudotadjuntos?INS,2022,18320,,1, HTTP/1.1" 200 6014
