190.171.141.98 - - [28/Mar/2022:13:13:17 -0300] "GET /cormun/static/about:blank HTTP/1.1" 404 1011
190.171.141.98 - - [28/Mar/2022:13:13:17 -0300] "GET /cormun/servlet/solicitudotadjuntos?INS,2022,18327,,1, HTTP/1.1" 200 5930
190.171.141.98 - - [28/Mar/2022:13:13:18 -0300] "GET /cormun/servlet/solicitudotadjuntos?22e962959f69384036556f1a82c326459c483c0b3827bb2c7590b0f151d38d07bad628c7b35a642c24d0dbadb7b422ea,gx-no-cache=1648483252065 HTTP/1.1" 200 30
190.171.141.98 - - [28/Mar/2022:13:13:18 -0300] "POST /cormun/servlet/solicitudotadjuntos?146e2009b2100e3b324d47f1657fa6d5,INS,2022,18327,,1, HTTP/1.1" 200 6426
190.171.141.98 - - [28/Mar/2022:13:13:18 -0300] "GET /home/sistema/apache-tomcat-7.0.65/webapps/cormun/PrivateTempStorage/upload_00016727.pdf HTTP/1.1" 404 1135
190.171.141.98 - - [28/Mar/2022:13:13:19 -0300] "GET /cormun/PrivateTempStorage/upload_00016727.pdf HTTP/1.1" 200 240020
190.171.141.98 - - [28/Mar/2022:13:13:21 -0300] "GET /cormun/servlet/trsolicitudot? HTTP/1.1" 200 8510
190.171.141.98 - - [28/Mar/2022:13:13:22 -0300] "GET /cormun/servlet/trsolicitudot? HTTP/1.1" 200 8498
186.103.156.166 - - [28/Mar/2022:13:13:26 -0300] "POST /cormun/servlet/hlogin?0c397501c97d140ca17ac30e80ec7b98,gx-no-cache=1648483259247 HTTP/1.1" 200 90
186.103.156.166 - - [28/Mar/2022:13:13:26 -0300] "GET /cormun/servlet/hpexe_link HTTP/1.1" 200 965
190.171.141.98 - - [28/Mar/2022:13:13:26 -0300] "POST /cormun/servlet/trsolicitudot?146e2009b2100e3b324d47f1657fa6d5,,gx-no-cache=1648483260110 HTTP/1.1" 200 4578
190.171.141.98 - - [28/Mar/2022:13:13:26 -0300] "GET /cormun/static/Shared/jqueryui/images/ui-bg_highlight-soft_100_c6c2c8_1x100.png HTTP/1.1" 404 1117
190.171.141.98 - - [28/Mar/2022:13:13:26 -0300] "GET /cormun/static/Shared/jqueryui/images/ui-icons_82798d_256x240.png HTTP/1.1" 404 1089
190.171.141.98 - - [28/Mar/2022:13:13:26 -0300] "GET /cormun/static/Shared/jqueryui/images/ui-icons_8d78a5_256x240.png HTTP/1.1" 404 1089
190.171.141.98 - - [28/Mar/2022:13:13:26 -0300] "GET /cormun/static/Shared/jqueryui/images/ui-bg_flat_55_fafafa_40x100.png HTTP/1.1" 404 1097
190.171.141.98 - - [28/Mar/2022:13:13:26 -0300] "POST /cormun/servlet/trsolicitudot?146e2009b2100e3b324d47f1657fa6d5,,gx-no-cache=1648483260288 HTTP/1.1" 200 4343
186.103.156.166 - - [28/Mar/2022:13:13:26 -0300] "GET /cormun/servlet/prfichaempleado?,MD, HTTP/1.1" 200 9226
190.171.152.138 - - [28/Mar/2022:13:13:36 -0300] "POST /cormun/servlet/trsolicitudot?6aedd55eddab241281f71fca37943352,gx-no-cache=1648483271811 HTTP/1.1" 200 4578
190.171.152.138 - - [28/Mar/2022:13:13:37 -0300] "POST /cormun/servlet/trsolicitudot?6aedd55eddab241281f71fca37943352,gx-no-cache=1648483272053 HTTP/1.1" 200 4339
186.103.156.166 - - [28/Mar/2022:13:14:14 -0300] "GET /cormun/servlet/hlogin HTTP/1.1" 200 1727
186.103.156.166 - - [28/Mar/2022:13:14:22 -0300] "POST /cormun/servlet/hlogin?0c397501c97d140ca17ac30e80ec7b98,gx-no-cache=1648483315211 HTTP/1.1" 200 90
186.103.156.166 - - [28/Mar/2022:13:14:22 -0300] "GET /cormun/servlet/hpexe_link HTTP/1.1" 200 965
186.103.156.166 - - [28/Mar/2022:13:14:22 -0300] "GET /cormun/servlet/prfichaempleado?,MD, HTTP/1.1" 200 9226
186.103.156.166 - - [28/Mar/2022:13:14:32 -0300] "POST /cormun/servlet/acontrolpreferencessavestate?None,MJRAMOS,true HTTP/1.1" 200 35
186.103.156.166 - - [28/Mar/2022:13:14:33 -0300] "GET /cormun/servlet/hlogin HTTP/1.1" 200 1727
192.168.10.199 - - [28/Mar/2022:13:14:35 -0300] "POST /cormun/servlet/trautorizarot?d12ad8ca3af56fca99b78be199c1c87b,gx-no-cache=1648483165812 HTTP/1.1" 200 116
192.168.10.199 - - [28/Mar/2022:13:14:35 -0300] "GET /cormun/servlet/solicitudotlog?INS,2022,17936,0,REC, HTTP/1.1" 200 5652
192.168.10.199 - - [28/Mar/2022:13:14:36 -0300] "GET /cormun/servlet/solicitudotlog?INS,2022,17936,0,REC, HTTP/1.1" 200 5653
192.168.10.199 - - [28/Mar/2022:13:14:36 -0300] "GET /cormun/servlet/solicitudotlog?f1d7a87a3c103b5b8ab377d2fac139113666231527e62ef89615845a432b2c129266dc0267e458d167898181d4baf2e4de3cf388fd4183f9e5bc0658bcfcc6cffebdadac54c4da66d44792f7ca5c62515cda65e641210ebe3f6af5fbf749c8d11d43aa7498315108f56bde9c1fbfd92dcc1b2ee6264554c0f837b9c6d4697bd322b88ede873ba2364e12684dbd3e961859f62230d60ebdb05a2e1c69a537afa0,gx-no-cache=1648483166738 HTTP/1.1" 200 94
192.168.10.199 - - [28/Mar/2022:13:14:40 -0300] "POST /cormun/servlet/solicitudotlog?d12ad8ca3af56fca99b78be199c1c87b,INS,2022,17936,0,REC,,gx-no-cache=1648483170734 HTTP/1.1" 200 93
192.168.10.199 - - [28/Mar/2022:13:14:40 -0300] "GET /cormun/servlet/hpexe_return? HTTP/1.1" 200 1047
192.168.10.199 - - [28/Mar/2022:13:14:40 -0300] "GET /cormun/servlet/trautorizarot?gx-no-cache=1648483055422 HTTP/1.1" 200 8173
192.168.10.199 - - [28/Mar/2022:13:14:41 -0300] "GET /cormun/servlet/trautorizarot?gx-no-cache=1648483055422 HTTP/1.1" 200 8189
192.168.10.199 - - [28/Mar/2022:13:14:46 -0300] "POST /cormun/servlet/trautorizarot?d12ad8ca3af56fca99b78be199c1c87b,gx-no-cache=1648483055422,gx-no-cache=1648483176864 HTTP/1.1" 200 6564
201.186.225.189 - - [28/Mar/2022:13:14:49 -0300] "POST /cormun/servlet/trsolicitudot?c69a4c164ca9d0ea1b98365601e458e7,,gx-no-cache=1648483343382 HTTP/1.1" 200 7012
201.186.225.189 - - [28/Mar/2022:13:14:49 -0300] "GET /cormun/static/Shared/jqueryui/images/ui-bg_highlight-soft_100_c6c2c8_1x100.png HTTP/1.1" 404 1117
201.186.225.189 - - [28/Mar/2022:13:14:49 -0300] "GET /cormun/static/Shared/jqueryui/images/ui-icons_82798d_256x240.png HTTP/1.1" 404 1089
201.186.225.189 - - [28/Mar/2022:13:14:49 -0300] "GET /cormun/static/Shared/jqueryui/images/ui-icons_8d78a5_256x240.png HTTP/1.1" 404 1089
201.186.225.189 - - [28/Mar/2022:13:14:49 -0300] "GET /cormun/static/Shared/jqueryui/images/ui-bg_flat_55_fafafa_40x100.png HTTP/1.1" 404 1097
190.171.141.90 - - [28/Mar/2022:13:14:54 -0300] "GET /cormun/servlet/hlogin HTTP/1.1" 200 1733
190.171.141.90 - - [28/Mar/2022:13:15:00 -0300] "POST /cormun/servlet/hlogin?3259e86c855556dc6b7f4630b9c5b515,gx-no-cache=1648483361701 HTTP/1.1" 200 90
190.171.141.90 - - [28/Mar/2022:13:15:00 -0300] "GET /cormun/servlet/hpexe_link HTTP/1.1" 200 958
190.171.141.90 - - [28/Mar/2022:13:15:00 -0300] "GET /cormun/servlet/hhome HTTP/1.1" 200 3977
190.171.141.90 - - [28/Mar/2022:13:15:01 -0300] "GET /cormun/servlet/hhome HTTP/1.1" 200 3973
201.186.225.189 - - [28/Mar/2022:13:15:02 -0300] "POST /cormun/servlet/trsolicitudot?c69a4c164ca9d0ea1b98365601e458e7,,gx-no-cache=1648483355919 HTTP/1.1" 200 6407
201.186.225.189 - - [28/Mar/2022:13:15:02 -0300] "POST /cormun/servlet/trsolicitudot?c69a4c164ca9d0ea1b98365601e458e7,,gx-no-cache=1648483356099 HTTP/1.1" 200 6349
190.171.141.90 - - [28/Mar/2022:13:15:04 -0300] "GET /cormun/servlet/trsolicitudot? HTTP/1.1" 200 8613
190.171.141.90 - - [28/Mar/2022:13:15:05 -0300] "GET /cormun/servlet/trsolicitudot? HTTP/1.1" 200 8611
186.103.156.166 - - [28/Mar/2022:13:15:05 -0300] "POST /cormun/servlet/hlogin?0c397501c97d140ca17ac30e80ec7b98,gx-no-cache=1648483358988 HTTP/1.1" 200 90
186.103.156.166 - - [28/Mar/2022:13:15:05 -0300] "GET /cormun/servlet/hpexe_link HTTP/1.1" 200 965
186.103.156.166 - - [28/Mar/2022:13:15:06 -0300] "GET /cormun/servlet/prfichaempleado?,MD, HTTP/1.1" 200 9231
190.171.141.138 - - [28/Mar/2022:13:15:10 -0300] "GET /cormun/servlet/hlogin HTTP/1.1" 200 1728
190.171.141.138 - - [28/Mar/2022:13:15:10 -0300] "GET /cormun/servlet/hlogin HTTP/1.1" 200 1738
190.171.141.138 - - [28/Mar/2022:13:15:12 -0300] "POST /cormun/servlet/hlogin?cebdf02d6ddc149d68f4522c5f4ab8ed,gx-no-cache=1648483366301 HTTP/1.1" 200 90
190.171.141.138 - - [28/Mar/2022:13:15:12 -0300] "GET /cormun/servlet/hpexe_link HTTP/1.1" 200 952
190.171.141.138 - - [28/Mar/2022:13:15:12 -0300] "GET /cormun/servlet/hhome HTTP/1.1" 200 4468
190.171.141.138 - - [28/Mar/2022:13:15:12 -0300] "GET /cormun/servlet/hhome HTTP/1.1" 200 4466
190.171.141.138 - - [28/Mar/2022:13:15:18 -0300] "GET /cormun/servlet/trfichaempleadohoras? HTTP/1.1" 500 10
190.171.141.138 - - [28/Mar/2022:13:15:20 -0300] "GET /cormun/servlet/hhome HTTP/1.1" 200 4468
190.171.141.138 - - [28/Mar/2022:13:15:20 -0300] "GET /cormun/servlet/hhome HTTP/1.1" 200 4466
190.171.141.138 - - [28/Mar/2022:13:15:24 -0300] "GET /cormun/servlet/trpermisosgoce? HTTP/1.1" 200 8606
190.171.141.138 - - [28/Mar/2022:13:15:25 -0300] "GET /cormun/servlet/trpermisosgoce? HTTP/1.1" 200 8605
190.171.141.90 - - [28/Mar/2022:13:15:26 -0300] "GET /cormun/servlet/solicitudot?INS,0,0,false, HTTP/1.1" 200 15702
190.171.141.138 - - [28/Mar/2022:13:15:27 -0300] "GET /cormun/servlet/permisogoce?INS,0,,, HTTP/1.1" 200 7372
190.171.141.90 - - [28/Mar/2022:13:15:27 -0300] "GET /cormun/servlet/solicitudot?INS,0,0,false, HTTP/1.1" 200 15710
190.171.141.138 - - [28/Mar/2022:13:15:27 -0300] "GET /cormun/servlet/permisogoce?INS,0,,, HTTP/1.1" 200 7370
190.171.141.138 - - [28/Mar/2022:13:15:52 -0300] "GET /cormun/servlet/permisogoce?007a55affe8117f3d8b9d70bc98508ffc30625cb474ee25dfe8137ff3ad62db6d62e896d6364ec67e000c188b9c02c30ee0a9a83ceca492b483cd21fe6360fc6,gx-no-cache=1648483406336 HTTP/1.1" 200 72
190.171.141.138 - - [28/Mar/2022:13:15:52 -0300] "GET /cormun/servlet/permisogoce?007a55affe8117f3d8b9d70bc98508ffbfea196ff5672bb59886335353ab893c0965293dc40cc724b14534aa0f9870b8,gx-no-cache=1648483406438 HTTP/1.1" 200 129
190.171.141.138 - - [28/Mar/2022:13:15:52 -0300] "GET /cormun/static/Shared/jqueryui/images/ui-icons_82798d_256x240.png HTTP/1.1" 404 1089
190.171.141.138 - - [28/Mar/2022:13:15:52 -0300] "GET /cormun/static/Shared/jqueryui/images/ui-icons_ebccce_256x240.png HTTP/1.1" 404 1089
190.171.141.138 - - [28/Mar/2022:13:15:52 -0300] "GET /cormun/static/Shared/jqueryui/images/ui-bg_flat_55_994d53_40x100.png HTTP/1.1" 404 1097
190.171.141.138 - - [28/Mar/2022:13:15:52 -0300] "GET /cormun/static/Shared/jqueryui/images/ui-bg_highlight-soft_100_c6c2c8_1x100.png HTTP/1.1" 404 1117
190.171.141.138 - - [28/Mar/2022:13:15:55 -0300] "GET /cormun/static/menuarrow.gif HTTP/1.1" 404 1015
190.171.141.138 - - [28/Mar/2022:13:16:02 -0300] "GET /cormun/servlet/permisogoce?007a55affe8117f3d8b9d70bc98508ffbfea196ff5672bb59886335353ab893c93095caf92036fb85838887f2da1ce494b1702f04251de89bbcc7c681c9c6e8d,gx-no-cache=1648483416617 HTTP/1.1" 200 47
190.171.141.90 - - [28/Mar/2022:13:16:10 -0300] "POST /cormun/servlet/solicitudot?gx-no-cache=1648483430985 HTTP/1.1" 200 3858
190.171.141.90 - - [28/Mar/2022:13:16:10 -0300] "POST /cormun/servlet/solicitudot?3259e86c855556dc6b7f4630b9c5b515,INS,0,0,false,,gx-no-cache=1648483431385 HTTP/1.1" 200 12399
190.171.141.90 - - [28/Mar/2022:13:16:12 -0300] "GET /cormun/servlet/solicitudot?a14740cab2e99424cced93d9b374dbdb0d5acc8bceb8bd6cd8a94fc8618a9c0cdc28ec9cc5464f101e0f2d142f8be841,gx-no-cache=1648483434039 HTTP/1.1" 200 30
190.171.141.138 - - [28/Mar/2022:13:16:14 -0300] "POST /cormun/servlet/permisogoce?cebdf02d6ddc149d68f4522c5f4ab8ed,INS,0,,,,gx-no-cache=1648483427183 HTTP/1.1" 200 93
190.171.141.138 - - [28/Mar/2022:13:16:14 -0300] "GET /cormun/servlet/hpexe_return? HTTP/1.1" 200 1010
190.171.141.138 - - [28/Mar/2022:13:16:14 -0300] "GET /cormun/servlet/trpermisosgoce HTTP/1.1" 200 8901
190.171.141.138 - - [28/Mar/2022:13:16:14 -0300] "GET /cormun/servlet/trpermisosgoce HTTP/1.1" 200 8896
190.171.141.114 - - [28/Mar/2022:13:16:15 -0300] "GET /cormun/servlet/trlicencias? HTTP/1.1" 200 8852
190.171.141.114 - - [28/Mar/2022:13:16:15 -0300] "GET /cormun/servlet/trlicencias? HTTP/1.1" 200 8852
190.171.141.138 - - [28/Mar/2022:13:16:17 -0300] "GET /cormun/servlet/apermisogoceprn?17477251,P,20220328130018,PU HTTP/1.1" 200 1661
192.168.10.199 - - [28/Mar/2022:13:16:41 -0300] "POST /cormun/servlet/trautorizarot?d12ad8ca3af56fca99b78be199c1c87b,gx-no-cache=1648483055422,gx-no-cache=1648483291744 HTTP/1.1" 200 5350
190.171.141.114 - - [28/Mar/2022:13:16:44 -0300] "GET /cormun/servlet/trlicencias? HTTP/1.1" 200 8852
190.171.141.114 - - [28/Mar/2022:13:16:45 -0300] "GET /cormun/servlet/trlicencias? HTTP/1.1" 200 8852
190.171.141.114 - - [28/Mar/2022:13:17:21 -0300] "GET /cormun/servlet/trlicencias? HTTP/1.1" 200 8852
190.171.141.114 - - [28/Mar/2022:13:17:21 -0300] "GET /cormun/servlet/trlicencias? HTTP/1.1" 200 8852
190.171.141.114 - - [28/Mar/2022:13:17:24 -0300] "POST /cormun/servlet/trlicencias?9d5c9b10704914f98cbdef61d55f1cb2,,gx-no-cache=1648483498031 HTTP/1.1" 200 6149
200.54.103.162 - - [28/Mar/2022:13:17:58 -0300] "GET /cormun/servlet/hlogin HTTP/1.1" 200 1720
200.54.103.162 - - [28/Mar/2022:13:17:58 -0300] "GET /cormun/servlet/hlogin HTTP/1.1" 200 1731
192.168.10.199 - - [28/Mar/2022:13:18:10 -0300] "POST /cormun/servlet/trautorizarot?d12ad8ca3af56fca99b78be199c1c87b,gx-no-cache=1648483055422,gx-no-cache=1648483380747 HTTP/1.1" 200 5167
192.168.10.199 - - [28/Mar/2022:13:18:16 -0300] "POST /cormun/servlet/trautorizarot?d12ad8ca3af56fca99b78be199c1c87b,gx-no-cache=1648483055422,gx-no-cache=1648483387176 HTTP/1.1" 200 5168
192.168.10.199 - - [28/Mar/2022:13:18:21 -0300] "POST /cormun/servlet/trautorizarot?d12ad8ca3af56fca99b78be199c1c87b,gx-no-cache=1648483055422,gx-no-cache=1648483391743 HTTP/1.1" 200 5166
192.168.10.199 - - [28/Mar/2022:13:18:25 -0300] "POST /cormun/servlet/trautorizarot?d12ad8ca3af56fca99b78be199c1c87b,gx-no-cache=1648483055422,gx-no-cache=1648483395926 HTTP/1.1" 200 5168
192.168.10.199 - - [28/Mar/2022:13:18:29 -0300] "POST /cormun/servlet/trautorizarot?d12ad8ca3af56fca99b78be199c1c87b,gx-no-cache=1648483055422,gx-no-cache=1648483400143 HTTP/1.1" 200 5167
192.168.10.199 - - [28/Mar/2022:13:18:34 -0300] "POST /cormun/servlet/trautorizarot?d12ad8ca3af56fca99b78be199c1c87b,gx-no-cache=1648483055422,gx-no-cache=1648483404278 HTTP/1.1" 200 6564
190.171.141.90 - - [28/Mar/2022:13:18:45 -0300] "POST /cormun/servlet/solicitudot?3259e86c855556dc6b7f4630b9c5b515,INS,0,0,false,,gx-no-cache=1648483586666 HTTP/1.1" 200 12561
190.171.141.90 - - [28/Mar/2022:13:18:46 -0300] "GET /cormun/static/Shared/jqueryui/images/ui-bg_highlight-soft_100_c6c2c8_1x100.png HTTP/1.1" 404 1117
190.171.141.90 - - [28/Mar/2022:13:18:46 -0300] "GET /cormun/static/Shared/jqueryui/images/ui-icons_82798d_256x240.png HTTP/1.1" 404 1089
190.171.141.90 - - [28/Mar/2022:13:18:46 -0300] "GET /cormun/static/Shared/jqueryui/images/ui-bg_flat_55_fafafa_40x100.png HTTP/1.1" 404 1097
190.171.141.90 - - [28/Mar/2022:13:18:46 -0300] "GET /cormun/static/Shared/jqueryui/images/ui-icons_8d78a5_256x240.png HTTP/1.1" 404 1089
190.171.141.90 - - [28/Mar/2022:13:18:48 -0300] "GET /cormun/servlet/solicitudot?a14740cab2e99424cced93d9b374dbdbfdddef117c50fd55b969a6c6341ef704a1cba7ffe58436de383f72670a4629473c3aec6b17b022d5b94ac78e99da0c6e,gx-no-cache=1648483589407 HTTP/1.1" 200 30
190.171.141.90 - - [28/Mar/2022:13:18:48 -0300] "GET /cormun/servlet/solicitudot?a14740cab2e99424cced93d9b374dbdb1b77f66e7fd8f068acfc3afa2d9e77fb,gx-no-cache=1648483589447 HTTP/1.1" 200 29
190.171.141.90 - - [28/Mar/2022:13:18:48 -0300] "POST /cormun/servlet/solicitudot?gx-no-cache=1648483589476 HTTP/1.1" 200 297
190.171.141.90 - - [28/Mar/2022:13:18:50 -0300] "GET /cormun/servlet/solicitudot?a14740cab2e99424cced93d9b374dbdba9fe21c22c57376a96f3e1723dd1b4d33ed6950dcc62fbbe79ceac5456a8371b0496941bc8b2aa2973d88b2a69a5ef72c3267b70c116f6e889975e21f83fb6cf25ad3679aeb1dbca549f0795effcb7f4b3e0c4535f3a99cbbf91e4a05e88369becd6dec34ccb76ea11efbc72e5a08e0dfbe3d624f178588842c3ae0183b01880a405d8219305aa0df19393bb951f9bb2d33379ee97c9668e46da1c2cc85f1ded2d7aa864ba24d46ba60e2643e7d1816ca1cabd78f6d150493b52100f1d40cebadd77b8cbeba2c42ce52e26590b2ae0aa3bf52b3e73d22da12fe3f1336ad64076457e082a1167c19bdb4f9c0752eb44d00edbb97c2ac7d4af68988af1a27e30de19a791cd8a4fd470eac39ee9a6157ea2ea7a678b0280e9c55f819076967140a1f9c919e6e5d82851946f741c17d21e3b5610471c00c4a3510abd8ab713c96450303d39abb1e51fcd07c6a249f733c39155333913893202851a5cb80678b0abedc318fa8e3a93a0d98f9f380555e55fa7dbaa54f7b2c96902a153338fbb2057c0,gx-no-cache=1648483591142 HTTP/1.1" 200 30
190.171.141.90 - - [28/Mar/2022:13:18:52 -0300] "POST /cormun/servlet/solicitudot?gx-no-cache=1648483593473 HTTP/1.1" 200 30
190.171.141.90 - - [28/Mar/2022:13:18:53 -0300] "POST /cormun/servlet/solicitudot?gx-no-cache=1648483594656 HTTP/1.1" 200 1454
190.171.141.90 - - [28/Mar/2022:13:18:53 -0300] "POST /cormun/servlet/solicitudot?gx-no-cache=1648483594704 HTTP/1.1" 200 38
190.171.141.90 - - [28/Mar/2022:13:19:17 -0300] "GET /cormun/servlet/solicitudot?a14740cab2e99424cced93d9b374dbdbb4b8b65a393a8aa0ba7b6ac7af7b2bc2d3c75e26348648d5da643a871858355b39aec3e301fd008fd5f8ead515d734053a52abce2d6dc702be0177833c01cccdc1bfc0a75978d867fb3778fd58d2775cfbfc7d9b4c01f7b6dd744c26b8477f32,gx-no-cache=1648483618681 HTTP/1.1" 200 110
190.171.141.90 - - [28/Mar/2022:13:19:17 -0300] "POST /cormun/servlet/solicitudot?gx-no-cache=1648483618726 HTTP/1.1" 200 110
190.171.141.90 - - [28/Mar/2022:13:19:22 -0300] "GET /cormun/servlet/solicitudot?a14740cab2e99424cced93d9b374dbdb382f1a8a3b895a9a3694f4c0f82ac30f582b43ecbaa9188817407f474e3aa6c1a6bd45c0a92282f54a0b3c2f8dea1b31f1f9ccecf43a4e631c035efe5d1b3accd0785ef7f0af143d575c7f41ffa954e5705a039462b15b6e3979bd4659c06b9f,gx-no-cache=1648483623738 HTTP/1.1" 200 29
190.171.141.90 - - [28/Mar/2022:13:19:22 -0300] "GET /cormun/static/menuarrow.gif HTTP/1.1" 404 1015
190.171.141.90 - - [28/Mar/2022:13:19:25 -0300] "GET /cormun/servlet/solicitudot?a14740cab2e99424cced93d9b374dbdb622cf447fa1d59edd18fe6b813318b939b14aa76390494bd74f79bf7e66172a6,gx-no-cache=1648483626539 HTTP/1.1" 200 30
192.168.10.199 - - [28/Mar/2022:13:19:30 -0300] "POST /cormun/servlet/trautorizarot?d12ad8ca3af56fca99b78be199c1c87b,gx-no-cache=1648483055422,gx-no-cache=1648483461121 HTTP/1.1" 200 5355
190.171.141.90 - - [28/Mar/2022:13:19:31 -0300] "POST /cormun/servlet/solicitudot?gx-no-cache=1648483632688 HTTP/1.1" 200 30
190.171.141.90 - - [28/Mar/2022:13:19:34 -0300] "POST /cormun/servlet/solicitudot?3259e86c855556dc6b7f4630b9c5b515,INS,0,0,false,,gx-no-cache=1648483634980 HTTP/1.1" 200 93
190.171.141.90 - - [28/Mar/2022:13:19:34 -0300] "GET /cormun/servlet/hpexe_return? HTTP/1.1" 200 1015
190.171.141.90 - - [28/Mar/2022:13:19:34 -0300] "GET /cormun/servlet/trsolicitudot HTTP/1.1" 200 9033
190.171.141.90 - - [28/Mar/2022:13:19:35 -0300] "GET /cormun/servlet/trsolicitudot HTTP/1.1" 200 9028
190.171.141.90 - - [28/Mar/2022:13:19:40 -0300] "POST /cormun/servlet/trsolicitudot?3259e86c855556dc6b7f4630b9c5b515,gx-no-cache=1648483641284 HTTP/1.1" 200 107
190.171.141.90 - - [28/Mar/2022:13:19:40 -0300] "GET /cormun/servlet/trsolicitudadjuntos?2022,18330, HTTP/1.1" 200 6086
190.171.141.90 - - [28/Mar/2022:13:19:41 -0300] "GET /cormun/servlet/trsolicitudadjuntos?2022,18330, HTTP/1.1" 200 6086
190.171.141.90 - - [28/Mar/2022:13:19:42 -0300] "GET /cormun/servlet/solicitudotadjuntos?INS,2022,18330,,1, HTTP/1.1" 200 6032
190.171.141.90 - - [28/Mar/2022:13:19:43 -0300] "GET /cormun/static/about:blank HTTP/1.1" 404 1011
190.171.141.90 - - [28/Mar/2022:13:19:43 -0300] "GET /cormun/servlet/solicitudotadjuntos?INS,2022,18330,,1, HTTP/1.1" 200 6025
190.171.141.90 - - [28/Mar/2022:13:19:43 -0300] "GET /cormun/servlet/solicitudotadjuntos?a14740cab2e99424cced93d9b374dbdb3ea9ab9194c40949390b1e1bbf7f61dbd31949ba1cf2470dffbb9b2dfeb5e0f6,gx-no-cache=1648483644825 HTTP/1.1" 200 30
190.171.141.90 - - [28/Mar/2022:13:19:44 -0300] "POST /cormun/servlet/solicitudotadjuntos?3259e86c855556dc6b7f4630b9c5b515,INS,2022,18330,,1,,gx-no-cache=1648483644944 HTTP/1.1" 200 3874
190.171.141.90 - - [28/Mar/2022:13:19:47 -0300] "POST /cormun/servlet/solicitudotadjuntos?gx-no-cache=1648483648287 HTTP/1.1" 200 26
190.171.141.90 - - [28/Mar/2022:13:19:55 -0300] "GET /cormun/servlet/solicitudotadjuntos?a14740cab2e99424cced93d9b374dbdbe75bacf41f83460923068ac2b81f9280,gx-no-cache=1648483656760 HTTP/1.1" 200 30
190.171.141.90 - - [28/Mar/2022:13:19:55 -0300] "GET /cormun/servlet/solicitudotadjuntos?a14740cab2e99424cced93d9b374dbdbe75bacf41f83460923068ac2b81f9280,gx-no-cache=1648483656778 HTTP/1.1" 200 30
190.171.141.90 - - [28/Mar/2022:13:19:56 -0300] "POST /cormun/servlet/solicitudotadjuntos?3259e86c855556dc6b7f4630b9c5b515,INS,2022,18330,,1, HTTP/1.1" 200 6273
190.171.141.90 - - [28/Mar/2022:13:19:56 -0300] "GET /cormun/static/Shared/jqueryui/images/ui-bg_highlight-soft_100_c6c2c8_1x100.png HTTP/1.1" 404 1117
190.171.141.90 - - [28/Mar/2022:13:19:56 -0300] "GET /cormun/static/Shared/jqueryui/images/ui-icons_82798d_256x240.png HTTP/1.1" 404 1089
190.171.141.90 - - [28/Mar/2022:13:19:56 -0300] "GET /cormun/static/Shared/jqueryui/images/ui-bg_flat_55_994d53_40x100.png HTTP/1.1" 404 1097
190.171.141.90 - - [28/Mar/2022:13:19:56 -0300] "GET /cormun/static/Shared/jqueryui/images/ui-icons_ebccce_256x240.png HTTP/1.1" 404 1089
190.171.141.90 - - [28/Mar/2022:13:19:56 -0300] "GET /cormun/PrivateTempStorage/upload_00016739.jpg HTTP/1.1" 200 347549
190.171.152.138 - - [28/Mar/2022:13:20:19 -0300] "GET /cormun/servlet/hlogin HTTP/1.1" 200 1721
190.171.152.138 - - [28/Mar/2022:13:20:26 -0300] "POST /cormun/servlet/hlogin?6aedd55eddab241281f71fca37943352,gx-no-cache=1648483681611 HTTP/1.1" 200 90
190.171.152.138 - - [28/Mar/2022:13:20:26 -0300] "GET /cormun/servlet/hpexe_link HTTP/1.1" 200 973
190.171.152.138 - - [28/Mar/2022:13:20:26 -0300] "GET /cormun/servlet/trsolicitudot?gx-no-cache=1648483272053 HTTP/1.1" 200 7259
190.171.152.138 - - [28/Mar/2022:13:20:26 -0300] "GET /cormun/servlet/trsolicitudot?gx-no-cache=1648483272053 HTTP/1.1" 200 7280
190.171.152.138 - - [28/Mar/2022:13:20:30 -0300] "GET /cormun/servlet/solicitudot?INS,0,0,false, HTTP/1.1" 200 15949
190.171.152.138 - - [28/Mar/2022:13:20:30 -0300] "GET /cormun/servlet/solicitudot?INS,0,0,false, HTTP/1.1" 200 15934
192.168.10.199 - - [28/Mar/2022:13:21:34 -0300] "POST /cormun/servlet/trautorizarot?d12ad8ca3af56fca99b78be199c1c87b,gx-no-cache=1648483055422,gx-no-cache=1648483585059 HTTP/1.1" 200 5168
190.171.141.90 - - [28/Mar/2022:13:21:38 -0300] "GET /cormun/servlet/trlicencias? HTTP/1.1" 200 16948
190.171.141.90 - - [28/Mar/2022:13:21:39 -0300] "GET /cormun/servlet/trlicencias? HTTP/1.1" 200 16938
190.171.141.90 - - [28/Mar/2022:13:21:41 -0300] "GET /cormun/servlet/trsolicitudot? HTTP/1.1" 200 9029
192.168.10.199 - - [28/Mar/2022:13:21:42 -0300] "POST /cormun/servlet/trautorizarot?d12ad8ca3af56fca99b78be199c1c87b,gx-no-cache=1648483055422,gx-no-cache=1648483592249 HTTP/1.1" 200 5167
190.171.141.90 - - [28/Mar/2022:13:21:42 -0300] "GET /cormun/servlet/trsolicitudot? HTTP/1.1" 200 9029
192.168.10.199 - - [28/Mar/2022:13:21:47 -0300] "POST /cormun/servlet/trautorizarot?d12ad8ca3af56fca99b78be199c1c87b,gx-no-cache=1648483055422,gx-no-cache=1648483597206 HTTP/1.1" 200 10523
190.171.141.90 - - [28/Mar/2022:13:22:24 -0300] "POST /cormun/servlet/trsolicitudot?3259e86c855556dc6b7f4630b9c5b515,,gx-no-cache=1648483805072 HTTP/1.1" 200 107
190.171.141.90 - - [28/Mar/2022:13:22:24 -0300] "GET /cormun/servlet/trsolicitudadjuntos?2022,18330, HTTP/1.1" 200 6086
190.171.141.90 - - [28/Mar/2022:13:22:25 -0300] "GET /cormun/servlet/trsolicitudadjuntos?2022,18330, HTTP/1.1" 200 6086
190.171.141.90 - - [28/Mar/2022:13:22:26 -0300] "GET /cormun/servlet/solicitudotadjuntos?INS,2022,18330,,1, HTTP/1.1" 200 6032
190.171.141.90 - - [28/Mar/2022:13:22:27 -0300] "GET /cormun/static/about:blank HTTP/1.1" 404 1011
190.171.141.90 - - [28/Mar/2022:13:22:27 -0300] "GET /cormun/servlet/solicitudotadjuntos?INS,2022,18330,,1, HTTP/1.1" 200 6026
190.171.141.90 - - [28/Mar/2022:13:22:28 -0300] "GET /cormun/servlet/solicitudotadjuntos?a14740cab2e99424cced93d9b374dbdb3ea9ab9194c40949390b1e1bbf7f61dbd31949ba1cf2470dffbb9b2dfeb5e0f6,gx-no-cache=1648483809214 HTTP/1.1" 200 30
190.171.141.90 - - [28/Mar/2022:13:22:28 -0300] "POST /cormun/servlet/solicitudotadjuntos?3259e86c855556dc6b7f4630b9c5b515,INS,2022,18330,,1,,gx-no-cache=1648483809283 HTTP/1.1" 200 3874
190.171.141.90 - - [28/Mar/2022:13:22:29 -0300] "POST /cormun/servlet/solicitudotadjuntos?gx-no-cache=1648483811008 HTTP/1.1" 200 26
190.171.141.90 - - [28/Mar/2022:13:22:36 -0300] "GET /cormun/servlet/solicitudotadjuntos?a14740cab2e99424cced93d9b374dbdbe75bacf41f83460923068ac2b81f9280,gx-no-cache=1648483817624 HTTP/1.1" 200 30
190.171.141.90 - - [28/Mar/2022:13:22:36 -0300] "GET /cormun/servlet/solicitudotadjuntos?a14740cab2e99424cced93d9b374dbdbe75bacf41f83460923068ac2b81f9280,gx-no-cache=1648483817650 HTTP/1.1" 200 30
190.171.152.138 - - [28/Mar/2022:13:22:39 -0300] "POST /cormun/servlet/solicitudot?gx-no-cache=1648483814681 HTTP/1.1" 200 3934
190.171.152.138 - - [28/Mar/2022:13:22:39 -0300] "GET /cormun/static/Shared/jqueryui/images/ui-bg_highlight-soft_100_c6c2c8_1x100.png HTTP/1.1" 404 1117
190.171.152.138 - - [28/Mar/2022:13:22:39 -0300] "GET /cormun/static/Shared/jqueryui/images/ui-icons_82798d_256x240.png HTTP/1.1" 404 1089
190.171.152.138 - - [28/Mar/2022:13:22:39 -0300] "GET /cormun/static/Shared/jqueryui/images/ui-bg_flat_55_994d53_40x100.png HTTP/1.1" 404 1097
190.171.152.138 - - [28/Mar/2022:13:22:39 -0300] "GET /cormun/static/Shared/jqueryui/images/ui-icons_ebccce_256x240.png HTTP/1.1" 404 1089
190.171.141.90 - - [28/Mar/2022:13:22:41 -0300] "POST /cormun/servlet/solicitudotadjuntos?3259e86c855556dc6b7f4630b9c5b515,INS,2022,18330,,1, HTTP/1.1" 200 6288
190.171.141.90 - - [28/Mar/2022:13:22:41 -0300] "GET /cormun/static/Shared/jqueryui/images/ui-bg_highlight-soft_100_c6c2c8_1x100.png HTTP/1.1" 404 1117
190.171.141.90 - - [28/Mar/2022:13:22:41 -0300] "GET /cormun/static/Shared/jqueryui/images/ui-icons_82798d_256x240.png HTTP/1.1" 404 1089
190.171.141.90 - - [28/Mar/2022:13:22:41 -0300] "GET /cormun/static/Shared/jqueryui/images/ui-bg_flat_55_994d53_40x100.png HTTP/1.1" 404 1097
190.171.141.90 - - [28/Mar/2022:13:22:41 -0300] "GET /cormun/static/Shared/jqueryui/images/ui-icons_ebccce_256x240.png HTTP/1.1" 404 1089
190.171.141.90 - - [28/Mar/2022:13:22:42 -0300] "GET /cormun/PrivateTempStorage/upload_00016751.jpg HTTP/1.1" 200 347549
46.174.191.28 - - [28/Mar/2022:13:22:48 -0300] "GET / HTTP/1.0" 200 11197
192.168.10.199 - - [28/Mar/2022:13:26:08 -0300] "POST /cormun/servlet/trautorizarot?d12ad8ca3af56fca99b78be199c1c87b,gx-no-cache=1648483055422,gx-no-cache=1648483859206 HTTP/1.1" 200 116
192.168.10.199 - - [28/Mar/2022:13:26:09 -0300] "GET /cormun/servlet/solicitudotlog?INS,2022,18296,0,APR, HTTP/1.1" 200 5675
192.168.10.199 - - [28/Mar/2022:13:26:09 -0300] "GET /cormun/servlet/solicitudotlog?INS,2022,18296,0,APR, HTTP/1.1" 200 5654
192.168.10.199 - - [28/Mar/2022:13:26:09 -0300] "GET /cormun/servlet/solicitudotlog?f1d7a87a3c103b5b8ab377d2fac139116833d26d6010a86f395cdd81bb3eb46a9266dc0267e458d167898181d4baf2e4de3cf388fd4183f9e5bc0658bcfcc6cffebdadac54c4da66d44792f7ca5c62515cda65e641210ebe3f6af5fbf749c8d11d43aa7498315108f56bde9c1fbfd92dcc1b2ee6264554c0f837b9c6d4697bd322b88ede873ba2364e12684dbd3e961859f62230d60ebdb05a2e1c69a537afa0,gx-no-cache=1648483860194 HTTP/1.1" 200 94
181.212.42.153 - - [28/Mar/2022:13:26:15 -0300] "GET /cormun/servlet/trsolicitudot? HTTP/1.1" 200 6329
181.212.42.153 - - [28/Mar/2022:13:26:15 -0300] "GET /cormun/servlet/hlogin HTTP/1.1" 200 1741
181.212.42.153 - - [28/Mar/2022:13:26:15 -0300] "GET /cormun/servlet/trsolicitudot? HTTP/1.1" 200 6327
192.168.10.199 - - [28/Mar/2022:13:26:18 -0300] "POST /cormun/servlet/solicitudotlog?d12ad8ca3af56fca99b78be199c1c87b,INS,2022,18296,0,APR,,gx-no-cache=1648483869130 HTTP/1.1" 200 93
192.168.10.199 - - [28/Mar/2022:13:26:18 -0300] "GET /cormun/servlet/hpexe_return? HTTP/1.1" 200 1046
192.168.10.199 - - [28/Mar/2022:13:26:19 -0300] "GET /cormun/servlet/trautorizarot?gx-no-cache=1648483055422 HTTP/1.1" 200 13227
192.168.10.199 - - [28/Mar/2022:13:26:19 -0300] "GET /cormun/servlet/trautorizarot?gx-no-cache=1648483055422 HTTP/1.1" 200 13243
181.212.42.153 - - [28/Mar/2022:13:26:21 -0300] "POST /cormun/servlet/hlogin?a59c4e78cffc6cb4273622cf47da536c,gx-no-cache=1648484394882 HTTP/1.1" 200 90
181.212.42.153 - - [28/Mar/2022:13:26:21 -0300] "GET /cormun/servlet/hpexe_link HTTP/1.1" 200 957
181.212.42.153 - - [28/Mar/2022:13:26:21 -0300] "GET /cormun/servlet/trsolicitudot HTTP/1.1" 200 8476
181.212.42.153 - - [28/Mar/2022:13:26:21 -0300] "GET /cormun/servlet/trsolicitudot HTTP/1.1" 200 8475
192.168.10.199 - - [28/Mar/2022:13:26:23 -0300] "POST /cormun/servlet/trautorizarot?d12ad8ca3af56fca99b78be199c1c87b,gx-no-cache=1648483055422,gx-no-cache=1648483874162 HTTP/1.1" 200 116
192.168.10.199 - - [28/Mar/2022:13:26:23 -0300] "GET /cormun/servlet/solicitudotlog?INS,2022,18255,0,APR, HTTP/1.1" 200 5673
192.168.10.199 - - [28/Mar/2022:13:26:24 -0300] "GET /cormun/servlet/solicitudotlog?INS,2022,18255,0,APR, HTTP/1.1" 200 5654
192.168.10.199 - - [28/Mar/2022:13:26:24 -0300] "GET /cormun/servlet/solicitudotlog?f1d7a87a3c103b5b8ab377d2fac13911594143e02e6c5a1bb08b108ab823ee549266dc0267e458d167898181d4baf2e4de3cf388fd4183f9e5bc0658bcfcc6cffebdadac54c4da66d44792f7ca5c62515cda65e641210ebe3f6af5fbf749c8d11d43aa7498315108f56bde9c1fbfd92dcc1b2ee6264554c0f837b9c6d4697bd322b88ede873ba2364e12684dbd3e961859f62230d60ebdb05a2e1c69a537afa0,gx-no-cache=1648483874907 HTTP/1.1" 200 94
181.212.42.153 - - [28/Mar/2022:13:26:29 -0300] "GET /cormun/servlet/vesolicitudot?2022,18095,, HTTP/1.1" 200 8357
181.212.42.153 - - [28/Mar/2022:13:26:29 -0300] "GET /cormun/pexe_scrolldiv.js HTTP/1.1" 404 1009
181.212.42.153 - - [28/Mar/2022:13:26:30 -0300] "GET /cormun/servlet/vesolicitudot?2022,18095,, HTTP/1.1" 200 8357
192.168.10.199 - - [28/Mar/2022:13:26:30 -0300] "POST /cormun/servlet/solicitudotlog?d12ad8ca3af56fca99b78be199c1c87b,INS,2022,18255,0,APR,,gx-no-cache=1648483880163 HTTP/1.1" 200 93
192.168.10.199 - - [28/Mar/2022:13:26:30 -0300] "GET /cormun/servlet/hpexe_return? HTTP/1.1" 200 1046
192.168.10.199 - - [28/Mar/2022:13:26:30 -0300] "GET /cormun/servlet/trautorizarot?gx-no-cache=1648483055422 HTTP/1.1" 200 12884
192.168.10.199 - - [28/Mar/2022:13:26:30 -0300] "GET /cormun/servlet/trautorizarot?gx-no-cache=1648483055422 HTTP/1.1" 200 12900
181.212.42.153 - - [28/Mar/2022:13:26:32 -0300] "GET /cormun/servlet/vesolicitudot?2022,18095,,SolicitudOTLog HTTP/1.1" 200 9713
181.212.42.153 - - [28/Mar/2022:13:26:32 -0300] "GET /cormun/pexe_scrolldiv.js HTTP/1.1" 404 1009
192.168.10.199 - - [28/Mar/2022:13:26:32 -0300] "POST /cormun/servlet/trautorizarot?d12ad8ca3af56fca99b78be199c1c87b,gx-no-cache=1648483055422,gx-no-cache=1648483882703 HTTP/1.1" 200 116
192.168.10.199 - - [28/Mar/2022:13:26:32 -0300] "GET /cormun/servlet/solicitudotlog?INS,2022,18293,0,APR, HTTP/1.1" 200 5674
181.212.42.153 - - [28/Mar/2022:13:26:32 -0300] "GET /cormun/servlet/vesolicitudot?2022,18095,,SolicitudOTLog HTTP/1.1" 200 9714
192.168.10.199 - - [28/Mar/2022:13:26:32 -0300] "GET /cormun/servlet/solicitudotlog?INS,2022,18293,0,APR, HTTP/1.1" 200 5654
192.168.10.199 - - [28/Mar/2022:13:26:33 -0300] "GET /cormun/servlet/solicitudotlog?f1d7a87a3c103b5b8ab377d2fac139111f18c98e3d9287aced61c18593edc4549266dc0267e458d167898181d4baf2e4de3cf388fd4183f9e5bc0658bcfcc6cffebdadac54c4da66d44792f7ca5c62515cda65e641210ebe3f6af5fbf749c8d11d43aa7498315108f56bde9c1fbfd92dcc1b2ee6264554c0f837b9c6d4697bd322b88ede873ba2364e12684dbd3e961859f62230d60ebdb05a2e1c69a537afa0,gx-no-cache=1648483883435 HTTP/1.1" 200 94
181.212.42.153 - - [28/Mar/2022:13:26:33 -0300] "POST /cormun/servlet/acontrolpreferencessavestate?None,CA-7,true HTTP/1.1" 200 35
190.171.141.90 - - [28/Mar/2022:13:26:35 -0300] "GET /cormun/servlet/trsolicitudadjuntos?2022,18330, HTTP/1.1" 200 6086
192.168.10.199 - - [28/Mar/2022:13:26:36 -0300] "POST /cormun/servlet/solicitudotlog?d12ad8ca3af56fca99b78be199c1c87b,INS,2022,18293,0,APR,,gx-no-cache=1648483886595 HTTP/1.1" 200 93
192.168.10.199 - - [28/Mar/2022:13:26:36 -0300] "GET /cormun/servlet/hpexe_return? HTTP/1.1" 200 1047
192.168.10.199 - - [28/Mar/2022:13:26:36 -0300] "GET /cormun/servlet/trautorizarot?gx-no-cache=1648483055422 HTTP/1.1" 200 12424
190.171.141.90 - - [28/Mar/2022:13:26:36 -0300] "GET /cormun/servlet/trsolicitudadjuntos?2022,18330, HTTP/1.1" 200 6086
192.168.10.199 - - [28/Mar/2022:13:26:36 -0300] "GET /cormun/servlet/trautorizarot?gx-no-cache=1648483055422 HTTP/1.1" 200 12441
190.171.141.90 - - [28/Mar/2022:13:26:38 -0300] "GET /cormun/servlet/solicitudotadjuntos?INS,2022,18330,,1, HTTP/1.1" 200 6031
190.171.141.90 - - [28/Mar/2022:13:26:39 -0300] "GET /cormun/static/about:blank HTTP/1.1" 404 1011
190.171.141.90 - - [28/Mar/2022:13:26:39 -0300] "GET /cormun/servlet/solicitudotadjuntos?INS,2022,18330,,1, HTTP/1.1" 200 6024
181.212.42.153 - - [28/Mar/2022:13:26:40 -0300] "GET /cormun/servlet/vesolicitudot?2022,18095,,General HTTP/1.1" 200 8362
181.212.42.153 - - [28/Mar/2022:13:26:40 -0300] "GET /cormun/pexe_scrolldiv.js HTTP/1.1" 404 1009
190.171.141.90 - - [28/Mar/2022:13:26:40 -0300] "GET /cormun/servlet/solicitudotadjuntos?a14740cab2e99424cced93d9b374dbdb3ea9ab9194c40949390b1e1bbf7f61dbd31949ba1cf2470dffbb9b2dfeb5e0f6,gx-no-cache=1648484061372 HTTP/1.1" 200 30
190.171.141.90 - - [28/Mar/2022:13:26:40 -0300] "POST /cormun/servlet/solicitudotadjuntos?3259e86c855556dc6b7f4630b9c5b515,INS,2022,18330,,1,,gx-no-cache=1648484061456 HTTP/1.1" 200 3872
181.212.42.153 - - [28/Mar/2022:13:26:40 -0300] "GET /cormun/servlet/vesolicitudot?2022,18095,,General HTTP/1.1" 200 8362
192.168.10.199 - - [28/Mar/2022:13:26:41 -0300] "POST /cormun/servlet/trautorizarot?d12ad8ca3af56fca99b78be199c1c87b,gx-no-cache=1648483055422,gx-no-cache=1648483892063 HTTP/1.1" 200 116
192.168.10.199 - - [28/Mar/2022:13:26:41 -0300] "GET /cormun/servlet/solicitudotlog?INS,2022,18280,0,APR, HTTP/1.1" 200 5675
190.171.141.90 - - [28/Mar/2022:13:26:42 -0300] "POST /cormun/servlet/solicitudotadjuntos?gx-no-cache=1648484063059 HTTP/1.1" 200 26
192.168.10.199 - - [28/Mar/2022:13:26:42 -0300] "GET /cormun/servlet/solicitudotlog?INS,2022,18280,0,APR, HTTP/1.1" 200 5655
181.212.42.153 - - [28/Mar/2022:13:26:42 -0300] "POST /cormun/servlet/vesolicitudot?a59c4e78cffc6cb4273622cf47da536c,2022,18095,,General,gx-no-cache=1648484416043 HTTP/1.1" 200 93
181.212.42.153 - - [28/Mar/2022:13:26:42 -0300] "GET /cormun/servlet/hpexe_return? HTTP/1.1" 200 1015
192.168.10.199 - - [28/Mar/2022:13:26:42 -0300] "GET /cormun/servlet/solicitudotlog?f1d7a87a3c103b5b8ab377d2fac13911a261273db50058c6e5ef7c5435c3af519266dc0267e458d167898181d4baf2e4de3cf388fd4183f9e5bc0658bcfcc6cffebdadac54c4da66d44792f7ca5c62515cda65e641210ebe3f6af5fbf749c8d11d43aa7498315108f56bde9c1fbfd92dcc1b2ee6264554c0f837b9c6d4697bd322b88ede873ba2364e12684dbd3e961859f62230d60ebdb05a2e1c69a537afa0,gx-no-cache=1648483892809 HTTP/1.1" 200 94
181.212.42.153 - - [28/Mar/2022:13:26:42 -0300] "GET /cormun/servlet/trsolicitudot HTTP/1.1" 200 8481
181.212.42.153 - - [28/Mar/2022:13:26:42 -0300] "GET /cormun/servlet/trsolicitudot HTTP/1.1" 200 8475
190.171.141.90 - - [28/Mar/2022:13:26:47 -0300] "GET /cormun/servlet/solicitudotadjuntos?a14740cab2e99424cced93d9b374dbdbe75bacf41f83460923068ac2b81f9280,gx-no-cache=1648484068434 HTTP/1.1" 200 30
190.171.141.90 - - [28/Mar/2022:13:26:47 -0300] "GET /cormun/servlet/solicitudotadjuntos?a14740cab2e99424cced93d9b374dbdbe75bacf41f83460923068ac2b81f9280,gx-no-cache=1648484068451 HTTP/1.1" 200 30
190.171.141.90 - - [28/Mar/2022:13:26:47 -0300] "POST /cormun/servlet/solicitudotadjuntos?3259e86c855556dc6b7f4630b9c5b515,INS,2022,18330,,1, HTTP/1.1" 200 6288
190.171.141.90 - - [28/Mar/2022:13:26:47 -0300] "GET /cormun/static/Shared/jqueryui/images/ui-icons_82798d_256x240.png HTTP/1.1" 404 1089
190.171.141.90 - - [28/Mar/2022:13:26:47 -0300] "GET /cormun/static/Shared/jqueryui/images/ui-bg_highlight-soft_100_c6c2c8_1x100.png HTTP/1.1" 404 1117
190.171.141.90 - - [28/Mar/2022:13:26:47 -0300] "GET /cormun/static/Shared/jqueryui/images/ui-bg_flat_55_994d53_40x100.png HTTP/1.1" 404 1097
190.171.141.90 - - [28/Mar/2022:13:26:47 -0300] "GET /cormun/static/Shared/jqueryui/images/ui-icons_ebccce_256x240.png HTTP/1.1" 404 1089
190.171.141.90 - - [28/Mar/2022:13:26:47 -0300] "GET /cormun/PrivateTempStorage/upload_00016763.jpg HTTP/1.1" 200 347549
192.168.10.199 - - [28/Mar/2022:13:26:48 -0300] "POST /cormun/servlet/solicitudotlog?d12ad8ca3af56fca99b78be199c1c87b,INS,2022,18280,0,APR,,gx-no-cache=1648483898935 HTTP/1.1" 200 93
192.168.10.199 - - [28/Mar/2022:13:26:48 -0300] "GET /cormun/servlet/hpexe_return? HTTP/1.1" 200 1046
192.168.10.199 - - [28/Mar/2022:13:26:48 -0300] "GET /cormun/servlet/trautorizarot?gx-no-cache=1648483055422 HTTP/1.1" 200 12049
192.168.10.199 - - [28/Mar/2022:13:26:49 -0300] "GET /cormun/servlet/trautorizarot?gx-no-cache=1648483055422 HTTP/1.1" 200 12065
192.168.10.199 - - [28/Mar/2022:13:26:52 -0300] "POST /cormun/servlet/trautorizarot?d12ad8ca3af56fca99b78be199c1c87b,gx-no-cache=1648483055422,gx-no-cache=1648483902245 HTTP/1.1" 200 116
192.168.10.199 - - [28/Mar/2022:13:26:52 -0300] "GET /cormun/servlet/solicitudotlog?INS,2022,18256,0,APR, HTTP/1.1" 200 5674
192.168.10.199 - - [28/Mar/2022:13:26:52 -0300] "GET /cormun/servlet/solicitudotlog?INS,2022,18256,0,APR, HTTP/1.1" 200 5654
181.212.42.153 - - [28/Mar/2022:13:26:52 -0300] "POST /cormun/servlet/trsolicitudot?a59c4e78cffc6cb4273622cf47da536c,gx-no-cache=1648484425836 HTTP/1.1" 200 14118
192.168.10.199 - - [28/Mar/2022:13:26:52 -0300] "GET /cormun/servlet/solicitudotlog?f1d7a87a3c103b5b8ab377d2fac139119921d1693e6ffd4448028c1797c789379266dc0267e458d167898181d4baf2e4de3cf388fd4183f9e5bc0658bcfcc6cffebdadac54c4da66d44792f7ca5c62515cda65e641210ebe3f6af5fbf749c8d11d43aa7498315108f56bde9c1fbfd92dcc1b2ee6264554c0f837b9c6d4697bd322b88ede873ba2364e12684dbd3e961859f62230d60ebdb05a2e1c69a537afa0,gx-no-cache=1648483902977 HTTP/1.1" 200 94
192.168.10.199 - - [28/Mar/2022:13:26:55 -0300] "POST /cormun/servlet/solicitudotlog?d12ad8ca3af56fca99b78be199c1c87b,INS,2022,18256,0,APR,,gx-no-cache=1648483906124 HTTP/1.1" 200 93
192.168.10.199 - - [28/Mar/2022:13:26:55 -0300] "GET /cormun/servlet/hpexe_return? HTTP/1.1" 200 1046
192.168.10.199 - - [28/Mar/2022:13:26:56 -0300] "GET /cormun/servlet/trautorizarot?gx-no-cache=1648483055422 HTTP/1.1" 200 11673
192.168.10.199 - - [28/Mar/2022:13:26:56 -0300] "GET /cormun/servlet/trautorizarot?gx-no-cache=1648483055422 HTTP/1.1" 200 11689
190.171.141.90 - - [28/Mar/2022:13:27:01 -0300] "GET /cormun/servlet/trsolicitudot? HTTP/1.1" 200 9040
190.171.141.90 - - [28/Mar/2022:13:27:01 -0300] "GET /cormun/servlet/trsolicitudot? HTTP/1.1" 200 9029
190.171.141.90 - - [28/Mar/2022:13:27:04 -0300] "POST /cormun/servlet/trsolicitudot?3259e86c855556dc6b7f4630b9c5b515,,gx-no-cache=1648484085413 HTTP/1.1" 200 107
190.171.141.90 - - [28/Mar/2022:13:27:04 -0300] "GET /cormun/servlet/trsolicitudadjuntos?2022,18330, HTTP/1.1" 200 6086
190.171.141.90 - - [28/Mar/2022:13:27:05 -0300] "GET /cormun/servlet/trsolicitudadjuntos?2022,18330, HTTP/1.1" 200 6086
190.171.141.90 - - [28/Mar/2022:13:27:06 -0300] "GET /cormun/servlet/solicitudotadjuntos?INS,2022,18330,,1, HTTP/1.1" 200 6031
190.171.141.90 - - [28/Mar/2022:13:27:07 -0300] "GET /cormun/static/about:blank HTTP/1.1" 404 1011
190.171.141.90 - - [28/Mar/2022:13:27:07 -0300] "GET /cormun/servlet/solicitudotadjuntos?INS,2022,18330,,1, HTTP/1.1" 200 6024
190.171.141.90 - - [28/Mar/2022:13:27:07 -0300] "GET /cormun/servlet/solicitudotadjuntos?a14740cab2e99424cced93d9b374dbdb3ea9ab9194c40949390b1e1bbf7f61dbd31949ba1cf2470dffbb9b2dfeb5e0f6,gx-no-cache=1648484089056 HTTP/1.1" 200 30
190.171.141.90 - - [28/Mar/2022:13:27:08 -0300] "POST /cormun/servlet/solicitudotadjuntos?3259e86c855556dc6b7f4630b9c5b515,INS,2022,18330,,1,,gx-no-cache=1648484089101 HTTP/1.1" 200 3872
190.171.141.90 - - [28/Mar/2022:13:27:09 -0300] "POST /cormun/servlet/solicitudotadjuntos?gx-no-cache=1648484090910 HTTP/1.1" 200 26
190.171.141.90 - - [28/Mar/2022:13:27:16 -0300] "GET /cormun/servlet/solicitudotadjuntos?a14740cab2e99424cced93d9b374dbdbe75bacf41f83460923068ac2b81f9280,gx-no-cache=1648484097182 HTTP/1.1" 200 30
190.171.141.90 - - [28/Mar/2022:13:27:16 -0300] "GET /cormun/servlet/solicitudotadjuntos?a14740cab2e99424cced93d9b374dbdbe75bacf41f83460923068ac2b81f9280,gx-no-cache=1648484097197 HTTP/1.1" 200 30
190.171.141.90 - - [28/Mar/2022:13:27:16 -0300] "POST /cormun/servlet/solicitudotadjuntos?3259e86c855556dc6b7f4630b9c5b515,INS,2022,18330,,1, HTTP/1.1" 200 116
190.171.141.90 - - [28/Mar/2022:13:27:16 -0300] "GET /cormun/servlet/hpexe_return? HTTP/1.1" 200 1034
190.171.141.90 - - [28/Mar/2022:13:27:16 -0300] "GET /cormun/servlet/trsolicitudadjuntos?2022,18330, HTTP/1.1" 200 8836
190.171.141.90 - - [28/Mar/2022:13:27:17 -0300] "GET /cormun/servlet/trsolicitudadjuntos?2022,18330, HTTP/1.1" 200 8832
190.171.141.90 - - [28/Mar/2022:13:27:19 -0300] "GET /cormun/servlet/solicitudotadjuntos?INS,2022,18330,,1, HTTP/1.1" 200 6032
190.171.141.90 - - [28/Mar/2022:13:27:20 -0300] "GET /cormun/static/about:blank HTTP/1.1" 404 1011
190.171.141.90 - - [28/Mar/2022:13:27:20 -0300] "GET /cormun/servlet/solicitudotadjuntos?INS,2022,18330,,1, HTTP/1.1" 200 6025
190.171.141.90 - - [28/Mar/2022:13:27:20 -0300] "GET /cormun/servlet/solicitudotadjuntos?a14740cab2e99424cced93d9b374dbdb3ea9ab9194c40949390b1e1bbf7f61dbd31949ba1cf2470dffbb9b2dfeb5e0f6,gx-no-cache=1648484101817 HTTP/1.1" 200 30
190.171.141.90 - - [28/Mar/2022:13:27:20 -0300] "POST /cormun/servlet/solicitudotadjuntos?3259e86c855556dc6b7f4630b9c5b515,INS,2022,18330,,1,,gx-no-cache=1648484101853 HTTP/1.1" 200 3873
190.171.141.90 - - [28/Mar/2022:13:27:23 -0300] "POST /cormun/servlet/solicitudotadjuntos?gx-no-cache=1648484104381 HTTP/1.1" 200 26
192.168.10.199 - - [28/Mar/2022:13:27:32 -0300] "POST /cormun/servlet/trautorizarot?d12ad8ca3af56fca99b78be199c1c87b,gx-no-cache=1648483055422,gx-no-cache=1648483942356 HTTP/1.1" 200 116
192.168.10.199 - - [28/Mar/2022:13:27:32 -0300] "GET /cormun/servlet/solicitudotlog?INS,2022,18178,0,REC, HTTP/1.1" 200 5672
192.168.10.199 - - [28/Mar/2022:13:27:32 -0300] "GET /cormun/servlet/solicitudotlog?INS,2022,18178,0,REC, HTTP/1.1" 200 5651
192.168.10.199 - - [28/Mar/2022:13:27:32 -0300] "GET /cormun/servlet/solicitudotlog?f1d7a87a3c103b5b8ab377d2fac13911b33fc13ba6975db3e781e27824e14fb29266dc0267e458d167898181d4baf2e4de3cf388fd4183f9e5bc0658bcfcc6cffebdadac54c4da66d44792f7ca5c62515cda65e641210ebe3f6af5fbf749c8d11d43aa7498315108f56bde9c1fbfd92dcc1b2ee6264554c0f837b9c6d4697bd322b88ede873ba2364e12684dbd3e961859f62230d60ebdb05a2e1c69a537afa0,gx-no-cache=1648483943140 HTTP/1.1" 200 94
190.171.141.90 - - [28/Mar/2022:13:27:33 -0300] "GET /cormun/servlet/solicitudotadjuntos?a14740cab2e99424cced93d9b374dbdbe75bacf41f83460923068ac2b81f9280,gx-no-cache=1648484114748 HTTP/1.1" 200 30
190.171.141.90 - - [28/Mar/2022:13:27:33 -0300] "GET /cormun/servlet/solicitudotadjuntos?a14740cab2e99424cced93d9b374dbdbe75bacf41f83460923068ac2b81f9280,gx-no-cache=1648484114770 HTTP/1.1" 200 30
190.171.141.90 - - [28/Mar/2022:13:27:33 -0300] "POST /cormun/servlet/solicitudotadjuntos?3259e86c855556dc6b7f4630b9c5b515,INS,2022,18330,,1, HTTP/1.1" 200 116
190.171.141.90 - - [28/Mar/2022:13:27:33 -0300] "GET /cormun/servlet/hpexe_return? HTTP/1.1" 200 1034
190.171.141.90 - - [28/Mar/2022:13:27:34 -0300] "GET /cormun/servlet/trsolicitudadjuntos?2022,18330, HTTP/1.1" 200 9069
190.171.141.90 - - [28/Mar/2022:13:27:34 -0300] "GET /cormun/servlet/trsolicitudadjuntos?2022,18330, HTTP/1.1" 200 9067
192.168.10.199 - - [28/Mar/2022:13:27:36 -0300] "POST /cormun/servlet/solicitudotlog?d12ad8ca3af56fca99b78be199c1c87b,INS,2022,18178,0,REC,,gx-no-cache=1648483947108 HTTP/1.1" 200 93
192.168.10.199 - - [28/Mar/2022:13:27:36 -0300] "GET /cormun/servlet/hpexe_return? HTTP/1.1" 200 1047
190.171.141.90 - - [28/Mar/2022:13:27:36 -0300] "GET /cormun/servlet/solicitudotadjuntos?INS,2022,18330,,1, HTTP/1.1" 200 6032
192.168.10.199 - - [28/Mar/2022:13:27:37 -0300] "GET /cormun/servlet/trautorizarot?gx-no-cache=1648483055422 HTTP/1.1" 200 11328
192.168.10.199 - - [28/Mar/2022:13:27:37 -0300] "GET /cormun/servlet/trautorizarot?gx-no-cache=1648483055422 HTTP/1.1" 200 11343
190.171.141.90 - - [28/Mar/2022:13:27:37 -0300] "GET /cormun/static/about:blank HTTP/1.1" 404 1011
190.171.141.90 - - [28/Mar/2022:13:27:37 -0300] "GET /cormun/servlet/solicitudotadjuntos?INS,2022,18330,,1, HTTP/1.1" 200 6025
190.171.141.90 - - [28/Mar/2022:13:27:38 -0300] "GET /cormun/servlet/solicitudotadjuntos?a14740cab2e99424cced93d9b374dbdb3ea9ab9194c40949390b1e1bbf7f61dbd31949ba1cf2470dffbb9b2dfeb5e0f6,gx-no-cache=1648484119306 HTTP/1.1" 200 30
190.171.141.90 - - [28/Mar/2022:13:27:38 -0300] "POST /cormun/servlet/solicitudotadjuntos?3259e86c855556dc6b7f4630b9c5b515,INS,2022,18330,,1,,gx-no-cache=1648484119335 HTTP/1.1" 200 3873
190.171.141.90 - - [28/Mar/2022:13:27:40 -0300] "POST /cormun/servlet/solicitudotadjuntos?gx-no-cache=1648484121809 HTTP/1.1" 200 26
190.171.141.90 - - [28/Mar/2022:13:27:48 -0300] "GET /cormun/servlet/solicitudotadjuntos?a14740cab2e99424cced93d9b374dbdbe75bacf41f83460923068ac2b81f9280,gx-no-cache=1648484129230 HTTP/1.1" 200 30
190.171.141.90 - - [28/Mar/2022:13:27:48 -0300] "GET /cormun/servlet/solicitudotadjuntos?a14740cab2e99424cced93d9b374dbdbe75bacf41f83460923068ac2b81f9280,gx-no-cache=1648484129259 HTTP/1.1" 200 30
190.171.141.90 - - [28/Mar/2022:13:27:48 -0300] "POST /cormun/servlet/solicitudotadjuntos?3259e86c855556dc6b7f4630b9c5b515,INS,2022,18330,,1, HTTP/1.1" 200 116
190.171.141.90 - - [28/Mar/2022:13:27:48 -0300] "GET /cormun/servlet/hpexe_return? HTTP/1.1" 200 1034
190.171.141.90 - - [28/Mar/2022:13:27:48 -0300] "GET /cormun/servlet/trsolicitudadjuntos?2022,18330, HTTP/1.1" 200 9259
190.171.141.90 - - [28/Mar/2022:13:27:49 -0300] "GET /cormun/servlet/trsolicitudadjuntos?2022,18330, HTTP/1.1" 200 9259
190.171.141.90 - - [28/Mar/2022:13:27:51 -0300] "GET /cormun/servlet/solicitudotadjuntos?INS,2022,18330,,1, HTTP/1.1" 200 6032
190.171.141.90 - - [28/Mar/2022:13:27:51 -0300] "GET /cormun/static/about:blank HTTP/1.1" 404 1011
190.171.141.90 - - [28/Mar/2022:13:27:51 -0300] "GET /cormun/servlet/solicitudotadjuntos?INS,2022,18330,,1, HTTP/1.1" 200 6025
190.171.141.90 - - [28/Mar/2022:13:27:52 -0300] "GET /cormun/servlet/solicitudotadjuntos?a14740cab2e99424cced93d9b374dbdb3ea9ab9194c40949390b1e1bbf7f61dbd31949ba1cf2470dffbb9b2dfeb5e0f6,gx-no-cache=1648484133447 HTTP/1.1" 200 30
190.171.141.90 - - [28/Mar/2022:13:27:52 -0300] "POST /cormun/servlet/solicitudotadjuntos?3259e86c855556dc6b7f4630b9c5b515,INS,2022,18330,,1,,gx-no-cache=1648484133485 HTTP/1.1" 200 3873
190.171.141.90 - - [28/Mar/2022:13:27:54 -0300] "POST /cormun/servlet/solicitudotadjuntos?gx-no-cache=1648484135736 HTTP/1.1" 200 26
190.171.141.90 - - [28/Mar/2022:13:28:00 -0300] "GET /cormun/servlet/solicitudotadjuntos?a14740cab2e99424cced93d9b374dbdbe75bacf41f83460923068ac2b81f9280,gx-no-cache=1648484141253 HTTP/1.1" 200 30
190.171.141.90 - - [28/Mar/2022:13:28:00 -0300] "GET /cormun/servlet/solicitudotadjuntos?a14740cab2e99424cced93d9b374dbdbe75bacf41f83460923068ac2b81f9280,gx-no-cache=1648484141267 HTTP/1.1" 200 30
190.171.141.90 - - [28/Mar/2022:13:28:00 -0300] "POST /cormun/servlet/solicitudotadjuntos?3259e86c855556dc6b7f4630b9c5b515,INS,2022,18330,,1, HTTP/1.1" 200 116
190.171.141.90 - - [28/Mar/2022:13:28:00 -0300] "GET /cormun/servlet/hpexe_return? HTTP/1.1" 200 1034
190.171.141.90 - - [28/Mar/2022:13:28:00 -0300] "GET /cormun/servlet/trsolicitudadjuntos?2022,18330, HTTP/1.1" 200 9528
190.171.141.90 - - [28/Mar/2022:13:28:01 -0300] "GET /cormun/servlet/trsolicitudadjuntos?2022,18330, HTTP/1.1" 200 9527
190.171.141.90 - - [28/Mar/2022:13:28:03 -0300] "GET /cormun/servlet/solicitudotadjuntos?INS,2022,18330,,1, HTTP/1.1" 200 6032
190.171.141.90 - - [28/Mar/2022:13:28:03 -0300] "GET /cormun/static/about:blank HTTP/1.1" 404 1011
190.171.141.90 - - [28/Mar/2022:13:28:03 -0300] "GET /cormun/servlet/solicitudotadjuntos?INS,2022,18330,,1, HTTP/1.1" 200 6025
190.171.141.90 - - [28/Mar/2022:13:28:04 -0300] "GET /cormun/servlet/solicitudotadjuntos?a14740cab2e99424cced93d9b374dbdb3ea9ab9194c40949390b1e1bbf7f61dbd31949ba1cf2470dffbb9b2dfeb5e0f6,gx-no-cache=1648484145435 HTTP/1.1" 200 30
190.171.141.90 - - [28/Mar/2022:13:28:04 -0300] "POST /cormun/servlet/solicitudotadjuntos?3259e86c855556dc6b7f4630b9c5b515,INS,2022,18330,,1,,gx-no-cache=1648484145460 HTTP/1.1" 200 3873
190.171.141.90 - - [28/Mar/2022:13:28:07 -0300] "POST /cormun/servlet/solicitudotadjuntos?gx-no-cache=1648484148215 HTTP/1.1" 200 26
190.171.152.138 - - [28/Mar/2022:13:28:21 -0300] "POST /cormun/servlet/solicitudot?gx-no-cache=1648484156561 HTTP/1.1" 200 3934
192.168.10.199 - - [28/Mar/2022:13:28:27 -0300] "POST /cormun/servlet/trautorizarot?d12ad8ca3af56fca99b78be199c1c87b,gx-no-cache=1648483055422,gx-no-cache=1648483997901 HTTP/1.1" 200 7984
181.212.42.153 - - [28/Mar/2022:13:28:46 -0300] "POST /cormun/servlet/trsolicitudot?a59c4e78cffc6cb4273622cf47da536c,gx-no-cache=1648484539525 HTTP/1.1" 200 14119
181.212.42.153 - - [28/Mar/2022:13:28:50 -0300] "POST /cormun/servlet/trsolicitudot?a59c4e78cffc6cb4273622cf47da536c,gx-no-cache=1648484543841 HTTP/1.1" 200 103
181.212.42.153 - - [28/Mar/2022:13:28:50 -0300] "GET /cormun/SolicitudOT-8362.xls HTTP/1.1" 200 14848
190.171.141.90 - - [28/Mar/2022:13:30:02 -0300] "GET /cormun/servlet/solicitudotadjuntos?a14740cab2e99424cced93d9b374dbdbe75bacf41f83460923068ac2b81f9280,gx-no-cache=1648484263459 HTTP/1.1" 200 30
190.171.141.90 - - [28/Mar/2022:13:30:02 -0300] "GET /cormun/servlet/solicitudotadjuntos?a14740cab2e99424cced93d9b374dbdbe75bacf41f83460923068ac2b81f9280,gx-no-cache=1648484263499 HTTP/1.1" 200 30
190.171.141.90 - - [28/Mar/2022:13:30:02 -0300] "POST /cormun/servlet/solicitudotadjuntos?3259e86c855556dc6b7f4630b9c5b515,INS,2022,18330,,1, HTTP/1.1" 200 116
190.171.141.90 - - [28/Mar/2022:13:30:02 -0300] "GET /cormun/servlet/hpexe_return? HTTP/1.1" 200 1034
190.171.141.90 - - [28/Mar/2022:13:30:02 -0300] "GET /cormun/servlet/trsolicitudadjuntos?2022,18330, HTTP/1.1" 200 9906
190.171.141.90 - - [28/Mar/2022:13:30:04 -0300] "GET /cormun/servlet/trsolicitudadjuntos?2022,18330, HTTP/1.1" 200 9904
190.171.141.90 - - [28/Mar/2022:13:31:40 -0300] "GET /cormun/servlet/solicitudotadjuntos?INS,2022,18330,,1, HTTP/1.1" 200 6032
190.171.141.90 - - [28/Mar/2022:13:31:41 -0300] "GET /cormun/static/about:blank HTTP/1.1" 404 1011
