190.171.153.26 - - [28/Mar/2022:09:25:27 -0300] "GET /cormun/static/hpexe_messagegenexuscomponent.js?2020121447173 HTTP/1.1" 200 587
190.171.153.26 - - [28/Mar/2022:09:25:27 -0300] "GET /cormun/static/RunJS/RunJS.js HTTP/1.1" 200 288
190.171.153.26 - - [28/Mar/2022:09:25:27 -0300] "GET /cormun/static/hhome.js?20201215495544 HTTP/1.1" 200 777
190.171.153.26 - - [28/Mar/2022:09:25:27 -0300] "GET /cormun/static/hwchdr01.js?20201214473739 HTTP/1.1" 200 996
190.171.153.26 - - [28/Mar/2022:09:25:28 -0300] "GET /cormun/static/Resources/ImgHome.png HTTP/1.1" 200 1364
190.171.153.26 - - [28/Mar/2022:09:25:28 -0300] "GET /cormun/static/Resources/Llave.png HTTP/1.1" 200 1395
190.171.153.26 - - [28/Mar/2022:09:25:28 -0300] "GET /cormun/static/Resources/Logo2019_Small.png HTTP/1.1" 200 10855
190.171.153.26 - - [28/Mar/2022:09:25:28 -0300] "GET /cormun/static/Resources/ImgLogin.png HTTP/1.1" 200 1432
192.168.10.17 - - [28/Mar/2022:09:25:28 -0300] "POST /cormun/servlet/acontrolpreferencessavestate?None,RRHH+DANIELA,true HTTP/1.1" 200 35
190.171.153.26 - - [28/Mar/2022:09:25:28 -0300] "GET /cormun/static/Resources/PXToolsDataTitle.png HTTP/1.1" 200 1173
190.171.153.26 - - [28/Mar/2022:09:25:29 -0300] "GET /cormun/static/SmoothNavMenu/resources/images/down.gif HTTP/1.1" 200 854
192.168.10.17 - - [28/Mar/2022:09:25:29 -0300] "GET /cormun/servlet/vesolicitudgral?2022,18238,,General HTTP/1.1" 200 8415
192.168.10.17 - - [28/Mar/2022:09:25:29 -0300] "GET /cormun/pexe_scrolldiv.js HTTP/1.1" 404 1009
192.168.10.17 - - [28/Mar/2022:09:25:29 -0300] "GET /cormun/servlet/vesolicitudgral?2022,18238,,General HTTP/1.1" 200 8415
190.171.153.26 - - [28/Mar/2022:09:25:32 -0300] "GET /cormun/servlet/trpermisosgoce? HTTP/1.1" 200 8556
190.171.153.26 - - [28/Mar/2022:09:25:32 -0300] "GET /cormun/static/calendar-system.css?85620 HTTP/1.1" 200 5572
190.171.153.26 - - [28/Mar/2022:09:25:32 -0300] "GET /cormun/static/gxui/gxui-all.css?120300 HTTP/1.1" 200 2179
190.171.153.26 - - [28/Mar/2022:09:25:32 -0300] "GET /cormun/static/gxcfg.js?2020121631564 HTTP/1.1" 200 953
190.171.153.26 - - [28/Mar/2022:09:25:32 -0300] "GET /cormun/static/Resources/PXToolsAddAllAction.png HTTP/1.1" 200 495
190.171.153.26 - - [28/Mar/2022:09:25:32 -0300] "GET /cormun/static/Resources/PXTools/calendar.png HTTP/1.1" 200 1306
190.171.153.26 - - [28/Mar/2022:09:25:32 -0300] "GET /cormun/static/Resources/PXToolsGridFirstDisabled.gif HTTP/1.1" 200 100
190.171.153.26 - - [28/Mar/2022:09:25:32 -0300] "GET /cormun/static/Resources/PXToolsDataSearch.png HTTP/1.1" 200 435
190.171.153.26 - - [28/Mar/2022:09:25:32 -0300] "GET /cormun/static/Resources/PXToolsGridPreviousDisabled.gif HTTP/1.1" 200 90
190.171.153.26 - - [28/Mar/2022:09:25:32 -0300] "GET /cormun/static/Resources/PXToolsGridNextDisabled.gif HTTP/1.1" 200 90
190.171.153.26 - - [28/Mar/2022:09:25:32 -0300] "GET /cormun/static/Resources/PXToolsGridPage.gif HTTP/1.1" 200 725
190.171.153.26 - - [28/Mar/2022:09:25:32 -0300] "GET /cormun/static/Resources/PXToolsGridLastDisabled.gif HTTP/1.1" 200 98
190.171.153.26 - - [28/Mar/2022:09:25:32 -0300] "GET /cormun/static/Resources/PXToolsActionExcel.png HTTP/1.1" 200 727
190.171.153.26 - - [28/Mar/2022:09:25:32 -0300] "GET /cormun/static/Resources/asc.gif HTTP/1.1" 200 67
190.171.153.26 - - [28/Mar/2022:09:25:32 -0300] "GET /cormun/static/Resources/desc.gif HTTP/1.1" 200 65
190.171.153.26 - - [28/Mar/2022:09:25:32 -0300] "GET /cormun//static/Resources/PXToolsGridDelete.png HTTP/1.1" 200 538
190.171.153.26 - - [28/Mar/2022:09:25:32 -0300] "GET /cormun//static/Resources/PXToolsActionDisabled.gif HTTP/1.1" 200 53
190.171.153.26 - - [28/Mar/2022:09:25:32 -0300] "GET /cormun//static/Resources/PXToolsGridDisplay.png HTTP/1.1" 200 525
190.171.153.26 - - [28/Mar/2022:09:25:32 -0300] "GET /cormun//static/Resources/PXToolsHeaderFavorites.png HTTP/1.1" 200 1414
190.171.153.26 - - [28/Mar/2022:09:25:32 -0300] "GET /cormun//static/Resources/PXTools/ActionInsert.png HTTP/1.1" 200 1482
190.171.153.26 - - [28/Mar/2022:09:25:32 -0300] "GET /cormun//static/Resources/PXToolsHeaderHelp.png HTTP/1.1" 200 1333
190.171.153.26 - - [28/Mar/2022:09:25:32 -0300] "GET /cormun//static/Resources/PXToolsGridUpdate.png HTTP/1.1" 200 470
190.171.153.26 - - [28/Mar/2022:09:25:32 -0300] "GET /cormun//static/Resources/PXToolsActionPrint.png HTTP/1.1" 200 404
190.171.153.26 - - [28/Mar/2022:09:25:32 -0300] "GET /cormun/static/Shared/ext/resources/themes/images/default/panel/bg-headersPanel.png HTTP/1.1" 200 255
190.171.153.26 - - [28/Mar/2022:09:25:32 -0300] "GET /cormun/static/Shared/ext/resources/themes/images/default/tools/tool-sprites.gif HTTP/1.1" 200 5434
190.171.153.26 - - [28/Mar/2022:09:25:46 -0300] "GET /cormun/servlet/trpermisosadjuntos?9636722,20220324160754,P, HTTP/1.1" 200 6262
190.171.153.26 - - [28/Mar/2022:09:25:46 -0300] "GET /cormun/static/gxcfg.js?2020121641683 HTTP/1.1" 200 953
190.171.153.26 - - [28/Mar/2022:09:25:49 -0300] "GET /cormun/servlet/permisosadjuntos?INS,9636722,P,20220324160754,, HTTP/1.1" 200 5583
190.171.153.26 - - [28/Mar/2022:09:25:49 -0300] "GET /cormun/static/gxcfg.js?20201215134212 HTTP/1.1" 200 953
190.171.153.26 - - [28/Mar/2022:09:25:49 -0300] "GET /cormun/static/permisosadjuntos.js?20201215134285 HTTP/1.1" 200 8724
190.171.153.26 - - [28/Mar/2022:09:25:49 -0300] "GET /cormun/static/about:blank HTTP/1.1" 404 1011
190.171.153.26 - - [28/Mar/2022:09:26:03 -0300] "POST /cormun/servlet/permisosadjuntos?db4addd152bc46d1ecfa0534855903bb,INS,9636722,P,20220324160754,, HTTP/1.1" 200 116
190.171.153.26 - - [28/Mar/2022:09:26:03 -0300] "GET /cormun/servlet/hpexe_return? HTTP/1.1" 200 1026
190.171.153.26 - - [28/Mar/2022:09:26:03 -0300] "GET /cormun/static/gxcfg.js?201991422392976 HTTP/1.1" 200 953
190.171.153.26 - - [28/Mar/2022:09:26:03 -0300] "GET /cormun/servlet/trpermisosadjuntos?9636722,20220324160754,P, HTTP/1.1" 200 6741
190.171.153.26 - - [28/Mar/2022:09:26:04 -0300] "GET /cormun/PublicTempStorage/enrique_espinoza_1660199.pdf HTTP/1.1" 200 141965
45.155.204.146 - - [28/Mar/2022:09:26:05 -0300] "GET /manager/html HTTP/1.1" 401 2474
190.171.153.26 - - [28/Mar/2022:09:26:08 -0300] "GET /cormun/servlet/trpermisosgoce? HTTP/1.1" 200 8555
190.171.153.26 - - [28/Mar/2022:09:26:13 -0300] "POST /cormun/servlet/trpermisosgoce?db4addd152bc46d1ecfa0534855903bb,,gx-no-cache=1648469638720 HTTP/1.1" 200 5858
190.171.153.26 - - [28/Mar/2022:09:26:13 -0300] "GET /cormun/static/Shared/jqueryui/images/ui-bg_highlight-soft_100_c6c2c8_1x100.png HTTP/1.1" 404 1117
190.171.153.26 - - [28/Mar/2022:09:26:13 -0300] "GET /cormun/static/Shared/jqueryui/images/ui-icons_82798d_256x240.png HTTP/1.1" 404 1089
190.171.153.26 - - [28/Mar/2022:09:26:13 -0300] "GET /cormun/static/Shared/jqueryui/images/ui-icons_8d78a5_256x240.png HTTP/1.1" 404 1089
190.171.153.26 - - [28/Mar/2022:09:26:13 -0300] "GET /cormun/static/Shared/jqueryui/images/ui-bg_flat_55_fafafa_40x100.png HTTP/1.1" 404 1097
190.171.153.26 - - [28/Mar/2022:09:26:17 -0300] "GET /cormun/servlet/trpermisosadjuntos?12211398,20220324165532,P, HTTP/1.1" 200 6256
190.171.153.26 - - [28/Mar/2022:09:26:20 -0300] "GET /cormun/servlet/permisosadjuntos?INS,12211398,P,20220324165532,, HTTP/1.1" 200 5574
190.171.153.26 - - [28/Mar/2022:09:26:20 -0300] "GET /cormun/static/about:blank HTTP/1.1" 404 1011
190.171.153.26 - - [28/Mar/2022:09:26:28 -0300] "POST /cormun/servlet/permisosadjuntos?db4addd152bc46d1ecfa0534855903bb,INS,12211398,P,20220324165532,, HTTP/1.1" 200 116
190.171.153.26 - - [28/Mar/2022:09:26:28 -0300] "GET /cormun/servlet/hpexe_return? HTTP/1.1" 200 1027
190.171.153.26 - - [28/Mar/2022:09:26:28 -0300] "GET /cormun/servlet/trpermisosadjuntos?12211398,20220324165532,P, HTTP/1.1" 200 6735
190.171.153.26 - - [28/Mar/2022:09:26:28 -0300] "GET /cormun/PublicTempStorage/andrea_sanchez_13724562.pdf HTTP/1.1" 200 138260
190.171.153.26 - - [28/Mar/2022:09:26:31 -0300] "GET /cormun/servlet/trpermisosgoce? HTTP/1.1" 200 8551
190.171.141.114 - - [28/Mar/2022:09:26:34 -0300] "GET /cormun/servlet/hlogin HTTP/1.1" 200 1730
190.171.141.114 - - [28/Mar/2022:09:26:34 -0300] "GET /cormun/servlet/hlogin HTTP/1.1" 200 1740
190.171.153.26 - - [28/Mar/2022:09:26:36 -0300] "POST /cormun/servlet/trpermisosgoce?db4addd152bc46d1ecfa0534855903bb,,gx-no-cache=1648469662008 HTTP/1.1" 200 5809
190.171.141.114 - - [28/Mar/2022:09:26:44 -0300] "POST /cormun/servlet/hlogin?29ec3184e36b9f132b997ccabe375e77,gx-no-cache=1648469658621 HTTP/1.1" 200 90
190.171.141.114 - - [28/Mar/2022:09:26:44 -0300] "GET /cormun/servlet/hpexe_link HTTP/1.1" 200 958
190.171.141.114 - - [28/Mar/2022:09:26:44 -0300] "GET /cormun/servlet/hhome HTTP/1.1" 200 4011
190.171.141.114 - - [28/Mar/2022:09:26:45 -0300] "GET /cormun/servlet/hhome HTTP/1.1" 200 4007
190.171.153.26 - - [28/Mar/2022:09:26:46 -0300] "GET /cormun/servlet/trlicencias? HTTP/1.1" 200 9571
190.171.153.26 - - [28/Mar/2022:09:26:46 -0300] "GET /cormun/static/trlicencias.js?202012162481 HTTP/1.1" 200 41883
190.171.141.114 - - [28/Mar/2022:09:26:48 -0300] "GET /cormun/servlet/trpermisosgoce? HTTP/1.1" 200 9252
190.171.141.114 - - [28/Mar/2022:09:26:49 -0300] "GET /cormun/servlet/trpermisosgoce? HTTP/1.1" 200 9250
190.171.141.114 - - [28/Mar/2022:09:26:51 -0300] "GET /cormun/servlet/permisogoce?INS,0,,, HTTP/1.1" 200 6878
190.171.141.114 - - [28/Mar/2022:09:26:51 -0300] "GET /cormun/servlet/permisogoce?INS,0,,, HTTP/1.1" 200 6878
190.171.141.114 - - [28/Mar/2022:09:26:54 -0300] "GET /cormun/static/Resources/resize.gif HTTP/1.1" 200 77
190.171.141.114 - - [28/Mar/2022:09:26:54 -0300] "GET /cormun/static/Resources/PXTools/ClosePrompt.png HTTP/1.1" 200 1036
186.103.156.166 - - [28/Mar/2022:09:26:54 -0300] "GET /cormun/servlet/solicitudot?dfb7d283c2cd05ed416860e7ebc285fc58ef2216df4530e3b0162cbe5fea8256747b67ce93a6d94947e34de50ed13aef815629289bfa284655ee3b200182bbe0,gx-no-cache=1648469667870 HTTP/1.1" 200 30
190.171.141.114 - - [28/Mar/2022:09:26:54 -0300] "GET /cormun/servlet/prfichaempleado?,MD,,gxPopupLevel%3D0%3B HTTP/1.1" 200 9316
190.171.141.114 - - [28/Mar/2022:09:26:54 -0300] "GET /cormun/static/gxcfg.js?20201215571085 HTTP/1.1" 200 953
190.171.141.114 - - [28/Mar/2022:09:26:54 -0300] "GET /cormun/static/prfichaempleado.js?20201215572193 HTTP/1.1" 200 16006
190.171.141.114 - - [28/Mar/2022:09:26:54 -0300] "GET /cormun/static/menusearch.js?20201214473581 HTTP/1.1" 200 1424
190.171.141.114 - - [28/Mar/2022:09:26:54 -0300] "GET /cormun/static/hmpwkw011.js?20201215495555 HTTP/1.1" 200 1968
190.171.141.114 - - [28/Mar/2022:09:26:54 -0300] "GET /cormun/static/Resources/PXToolsMenuSearch.png HTTP/1.1" 200 336
190.171.141.114 - - [28/Mar/2022:09:26:54 -0300] "GET /cormun/static/Resources/PXToolsMenuSearchCancel.png HTTP/1.1" 200 306
186.103.156.166 - - [28/Mar/2022:09:27:00 -0300] "GET /cormun/servlet/solicitudot?dfb7d283c2cd05ed416860e7ebc285fc1a3b0f7e8527be7d24ab7e35735b02fb,gx-no-cache=1648469674076 HTTP/1.1" 200 53
190.171.141.114 - - [28/Mar/2022:09:27:06 -0300] "POST /cormun/servlet/prfichaempleado?29ec3184e36b9f132b997ccabe375e77,,MD,,gxPopupLevel%3D0%3B,gx-no-cache=1648469680772 HTTP/1.1" 200 3179
190.171.141.114 - - [28/Mar/2022:09:27:09 -0300] "POST /cormun/servlet/prfichaempleado?29ec3184e36b9f132b997ccabe375e77,,MD,,gxPopupLevel%3D0%3B,gx-no-cache=1648469683307 HTTP/1.1" 200 3179
186.103.156.166 - - [28/Mar/2022:09:27:23 -0300] "POST /cormun/servlet/solicitudot?gx-no-cache=1648469696574 HTTP/1.1" 200 255
186.103.156.166 - - [28/Mar/2022:09:27:25 -0300] "GET /cormun/servlet/solicitudot?dfb7d283c2cd05ed416860e7ebc285fcb8af641912fd8972a420e87167af60c7126414f6bed129823f17d928eeec6797800b2633da7ea3a8b67606279b93049a31ff9002f3a3d82941d8d28b99356329dbbfa200f05344ff14550aa2e71dab3f594d6cfd57284ca15d03f86b99bf38a815f9729c5b96148584db101dba58507324a659abe657d6196ad5b5717b5898fe518a99c57e52973a2e84c1c91539e5fab0f0cb637af7f4ceedb2fb610e63e1ee258ecd8ae0969bde4d87a8f2c8fcada28277b13f51a336d10d80602ce5b1e8eac4c4224044bcfa965276b176a2f768cd954092d0cf18321939e20ba3510ca73889840a1d7103bb8e9da871cbd511e9323c88400ac3516a6e72591d15f8b7f854760741eb6005fd2e1dcac61137fe249417a1140eb9f309144f9e50ccb54d0f65864bb751e6db955b80cc2f58fee124ee9fe9f7d8a0e7642d194bd7af615127508707e531020d96e92652da8f574b1cc8b47a21e29e0f6fbeb5f651ffb0049d6b96ef359d0d97fc9479af639c07cf1774,gx-no-cache=1648469698967 HTTP/1.1" 200 30
186.103.156.166 - - [28/Mar/2022:09:27:30 -0300] "POST /cormun/servlet/solicitudot?gx-no-cache=1648469704177 HTTP/1.1" 200 298
45.155.204.146 - - [28/Mar/2022:09:27:36 -0300] "GET /manager/html HTTP/1.1" 401 2474
186.103.156.166 - - [28/Mar/2022:09:27:39 -0300] "POST /cormun/servlet/solicitudot?gx-no-cache=1648469712352 HTTP/1.1" 200 255
186.103.156.166 - - [28/Mar/2022:09:27:41 -0300] "GET /cormun/servlet/solicitudot?dfb7d283c2cd05ed416860e7ebc285fcb8af641912fd8972a420e87167af60c7126414f6bed129823f17d928eeec6797800b2633da7ea3a8b67606279b93049a31ff9002f3a3d82941d8d28b99356329dbbfa200f05344ff14550aa2e71dab3f594d6cfd57284ca15d03f86b99bf38a815f9729c5b96148584db101dba58507324a659abe657d6196ad5b5717b5898fe518a99c57e52973a2e84c1c91539e5fab0f0cb637af7f4ceedb2fb610e63e1ee258ecd8ae0969bde4d87a8f2c8fcada28277b13f51a336d10d80602ce5b1e8eac4c4224044bcfa965276b176a2f768cd954092d0cf18321939e20ba3510ca73889840a1d7103bb8e9da871cbd511e9323c88400ac3516a6e72591d15f8b7f854760741eb6005fd2e1dcac61137fe249417a1140eb9f309144f9e50ccb54d0f65864bb751e6db955b80cc2f58fee124ee9fe9f7d8a0e7642d194bd7af615127508707e531020d96e92652da8f574b1cc8b47a21e29e0f6fbeb5f651ffb0049d6bad2d617d5eb1854703e0205d5b4d51af,gx-no-cache=1648469715304 HTTP/1.1" 200 30
186.103.156.166 - - [28/Mar/2022:09:27:44 -0300] "POST /cormun/servlet/solicitudot?gx-no-cache=1648469717544 HTTP/1.1" 200 30
186.103.156.166 - - [28/Mar/2022:09:27:45 -0300] "POST /cormun/servlet/solicitudot?gx-no-cache=1648469718539 HTTP/1.1" 200 1452
186.103.156.166 - - [28/Mar/2022:09:27:45 -0300] "POST /cormun/servlet/solicitudot?gx-no-cache=1648469718614 HTTP/1.1" 200 38
186.103.159.189 - - [28/Mar/2022:09:28:06 -0300] "GET /cormun/servlet/permisogoce?22d2bfb0a5b4937cf27ffeb01c9f5a1b3a8b9faaa62c6a1d7925bbc828173e028edf1f882a7aee37d0146254bab44dff54332ca2dfd7a622e30cca673461dc68,gx-no-cache=1648469740283 HTTP/1.1" 200 226
186.103.159.189 - - [28/Mar/2022:09:28:06 -0300] "GET /cormun/static/Shared/jqueryui/images/ui-bg_highlight-soft_100_c6c2c8_1x100.png HTTP/1.1" 404 1117
186.103.159.189 - - [28/Mar/2022:09:28:06 -0300] "GET /cormun/static/Shared/jqueryui/images/ui-icons_82798d_256x240.png HTTP/1.1" 404 1089
186.103.159.189 - - [28/Mar/2022:09:28:06 -0300] "GET /cormun/static/Shared/jqueryui/images/ui-bg_flat_55_994d53_40x100.png HTTP/1.1" 404 1097
186.103.159.189 - - [28/Mar/2022:09:28:06 -0300] "GET /cormun/static/Shared/jqueryui/images/ui-icons_ebccce_256x240.png HTTP/1.1" 404 1089
186.103.159.189 - - [28/Mar/2022:09:28:14 -0300] "GET /cormun/servlet/trpermisosgoce? HTTP/1.1" 200 9254
186.103.159.189 - - [28/Mar/2022:09:28:14 -0300] "GET /cormun/servlet/trpermisosgoce? HTTP/1.1" 200 9246
186.103.156.166 - - [28/Mar/2022:09:28:19 -0300] "GET /cormun/servlet/solicitudot?dfb7d283c2cd05ed416860e7ebc285fce39dced4500f998ae599f6d6d362d1a970d80ddcb2112673b0ef9917cd8aba84b18365c151afe9c41cf4d38b7b7428498b19a0a10a95c770e3bee26644e592067527d6806c07247836fdcf0c343ae418f318824f21def50aff4b7b3eb482a710,gx-no-cache=1648469752486 HTTP/1.1" 200 110
186.103.156.166 - - [28/Mar/2022:09:28:19 -0300] "POST /cormun/servlet/solicitudot?gx-no-cache=1648469752546 HTTP/1.1" 200 97
186.103.159.189 - - [28/Mar/2022:09:28:21 -0300] "GET /cormun/servlet/permisogoce?INS,0,,, HTTP/1.1" 200 6873
186.103.159.189 - - [28/Mar/2022:09:28:22 -0300] "GET /cormun/servlet/permisogoce?INS,0,,, HTTP/1.1" 200 6873
186.103.156.166 - - [28/Mar/2022:09:28:25 -0300] "GET /cormun/servlet/solicitudot?dfb7d283c2cd05ed416860e7ebc285fc0cb78b4df0f5d4bfc6e0496b570ef9c6aaec223dff5ce0fbf5b7daee7ecf288e6f07ba4ad33fb3d25bd9c3cb873d9bc74016fd842ba5d492f64b90a3a83ef1f6329977e7890e46abc8120cf3d96a3edf24558e55216ea2748055b3d8d8ae82c9,gx-no-cache=1648469759276 HTTP/1.1" 200 29
186.103.156.166 - - [28/Mar/2022:09:28:26 -0300] "GET /cormun/static/menuarrow.gif HTTP/1.1" 404 1015
192.168.10.96 - - [28/Mar/2022:09:28:26 -0300] "GET /cormun/servlet/hlogin HTTP/1.1" 200 1731
192.168.10.96 - - [28/Mar/2022:09:28:26 -0300] "GET /cormun/servlet/hlogin HTTP/1.1" 200 1741
186.103.159.189 - - [28/Mar/2022:09:28:26 -0300] "GET /cormun/servlet/prfichaempleado?,MD,,gxPopupLevel%3D0%3B HTTP/1.1" 200 9312
186.103.156.166 - - [28/Mar/2022:09:28:28 -0300] "GET /cormun/servlet/solicitudot?dfb7d283c2cd05ed416860e7ebc285fc03a7991540398ad9560dbf7d7bde6d320fdcd2d64614ac2fda807eef959cf7d2,gx-no-cache=1648469762121 HTTP/1.1" 200 30
192.168.10.96 - - [28/Mar/2022:09:28:28 -0300] "POST /cormun/servlet/hlogin?8d8793525dc46229fd3f40eacd0861b2,gx-no-cache=1648469599159 HTTP/1.1" 200 90
192.168.10.96 - - [28/Mar/2022:09:28:28 -0300] "GET /cormun/servlet/hpexe_link HTTP/1.1" 200 955
192.168.10.96 - - [28/Mar/2022:09:28:29 -0300] "GET /cormun/servlet/hhome HTTP/1.1" 200 3786
192.168.10.96 - - [28/Mar/2022:09:28:29 -0300] "GET /cormun/servlet/hhome HTTP/1.1" 200 3783
192.168.10.96 - - [28/Mar/2022:09:28:32 -0300] "GET /cormun/servlet/trsolicitudgral? HTTP/1.1" 200 28621
192.168.10.96 - - [28/Mar/2022:09:28:34 -0300] "GET /cormun/servlet/trsolicitudgral? HTTP/1.1" 200 28619
186.103.156.166 - - [28/Mar/2022:09:28:34 -0300] "POST /cormun/servlet/solicitudot?gx-no-cache=1648469768055 HTTP/1.1" 200 30
192.168.10.96 - - [28/Mar/2022:09:28:42 -0300] "POST /cormun/servlet/trsolicitudgral?8d8793525dc46229fd3f40eacd0861b2,,gx-no-cache=1648469612452 HTTP/1.1" 200 5254
192.168.10.96 - - [28/Mar/2022:09:28:45 -0300] "POST /cormun/servlet/trsolicitudgral?8d8793525dc46229fd3f40eacd0861b2,,gx-no-cache=1648469615471 HTTP/1.1" 200 5252
186.103.156.166 - - [28/Mar/2022:09:28:46 -0300] "POST /cormun/servlet/solicitudot?daa00b64445a7e67c2c5c1e2e127bb0e,INS,0,0,false,,gx-no-cache=1648469779770 HTTP/1.1" 200 93
186.103.156.166 - - [28/Mar/2022:09:28:46 -0300] "GET /cormun/servlet/hpexe_return? HTTP/1.1" 200 1028
186.103.156.166 - - [28/Mar/2022:09:28:46 -0300] "GET /cormun/servlet/trsolicitudot?gx-no-cache=1648469542852 HTTP/1.1" 200 8846
186.103.156.166 - - [28/Mar/2022:09:28:48 -0300] "GET /cormun/servlet/trsolicitudot?gx-no-cache=1648469542852 HTTP/1.1" 200 8864
192.168.10.96 - - [28/Mar/2022:09:28:51 -0300] "POST /cormun/servlet/trsolicitudgral?8d8793525dc46229fd3f40eacd0861b2,,gx-no-cache=1648469621257 HTTP/1.1" 200 26138
186.103.159.189 - - [28/Mar/2022:09:28:51 -0300] "POST /cormun/servlet/prfichaempleado?478bd5e1f8f08981938c65f83017635c,,MD,,gxPopupLevel%3D0%3B,gx-no-cache=1648469785707 HTTP/1.1" 200 3174
186.103.159.189 - - [28/Mar/2022:09:28:53 -0300] "POST /cormun/servlet/prfichaempleado?478bd5e1f8f08981938c65f83017635c,,MD,,gxPopupLevel%3D0%3B,gx-no-cache=1648469787663 HTTP/1.1" 200 3174
186.103.156.166 - - [28/Mar/2022:09:28:55 -0300] "POST /cormun/servlet/trsolicitudot?daa00b64445a7e67c2c5c1e2e127bb0e,gx-no-cache=1648469542852,gx-no-cache=1648469787932 HTTP/1.1" 200 4841
186.103.156.166 - - [28/Mar/2022:09:28:55 -0300] "GET /cormun/static/Shared/jqueryui/images/ui-bg_highlight-soft_100_c6c2c8_1x100.png HTTP/1.1" 404 1117
186.103.156.166 - - [28/Mar/2022:09:28:55 -0300] "GET /cormun/static/Shared/jqueryui/images/ui-icons_82798d_256x240.png HTTP/1.1" 404 1089
186.103.156.166 - - [28/Mar/2022:09:28:55 -0300] "GET /cormun/static/Shared/jqueryui/images/ui-bg_flat_55_fafafa_40x100.png HTTP/1.1" 404 1097
186.103.156.166 - - [28/Mar/2022:09:28:55 -0300] "GET /cormun/static/Shared/jqueryui/images/ui-icons_8d78a5_256x240.png HTTP/1.1" 404 1089
186.103.156.166 - - [28/Mar/2022:09:28:55 -0300] "POST /cormun/servlet/trsolicitudot?daa00b64445a7e67c2c5c1e2e127bb0e,gx-no-cache=1648469542852,gx-no-cache=1648469788613 HTTP/1.1" 200 4605
192.168.10.96 - - [28/Mar/2022:09:28:57 -0300] "POST /cormun/servlet/trsolicitudgral?8d8793525dc46229fd3f40eacd0861b2,,gx-no-cache=1648469626460 HTTP/1.1" 200 24629
192.168.10.96 - - [28/Mar/2022:09:29:03 -0300] "POST /cormun/servlet/trsolicitudgral?8d8793525dc46229fd3f40eacd0861b2,,gx-no-cache=1648469633216 HTTP/1.1" 200 12768
45.155.204.146 - - [28/Mar/2022:09:29:10 -0300] "GET /manager/html HTTP/1.1" 401 2474
186.103.156.166 - - [28/Mar/2022:09:29:45 -0300] "GET /cormun/servlet/solicitudot?INS,0,0,false, HTTP/1.1" 200 15948
186.103.156.166 - - [28/Mar/2022:09:29:46 -0300] "GET /cormun/servlet/solicitudot?INS,0,0,false, HTTP/1.1" 200 15934
186.103.156.166 - - [28/Mar/2022:09:30:13 -0300] "POST /cormun/servlet/solicitudot?gx-no-cache=1648469866420 HTTP/1.1" 200 3858
186.103.156.166 - - [28/Mar/2022:09:30:13 -0300] "POST /cormun/servlet/solicitudot?daa00b64445a7e67c2c5c1e2e127bb0e,INS,0,0,false,,gx-no-cache=1648469866609 HTTP/1.1" 200 12691
186.103.156.166 - - [28/Mar/2022:09:30:15 -0300] "GET /cormun/servlet/solicitudot?dfb7d283c2cd05ed416860e7ebc285fc4a191e1a9de6d70439b474b1fd77424a4c6c511a730804a1e929e854035e2471,gx-no-cache=1648469869221 HTTP/1.1" 200 30
190.171.141.114 - - [28/Mar/2022:09:30:26 -0300] "POST /cormun/servlet/permisogoce?29ec3184e36b9f132b997ccabe375e77,INS,0,,,,gx-no-cache=1648469880202 HTTP/1.1" 200 93
190.171.141.114 - - [28/Mar/2022:09:30:26 -0300] "GET /cormun/servlet/hpexe_return? HTTP/1.1" 200 1012
190.171.141.114 - - [28/Mar/2022:09:30:26 -0300] "GET /cormun/servlet/permisogoce?INS,0,,, HTTP/1.1" 200 6882
190.171.141.114 - - [28/Mar/2022:09:30:26 -0300] "GET /cormun/servlet/permisogoce?INS,0,,, HTTP/1.1" 200 6878
190.171.141.114 - - [28/Mar/2022:09:30:29 -0300] "POST /cormun/servlet/permisogoce?29ec3184e36b9f132b997ccabe375e77,INS,0,,,,gx-no-cache=1648469882880 HTTP/1.1" 200 93
190.171.141.114 - - [28/Mar/2022:09:30:29 -0300] "GET /cormun/servlet/hpexe_return? HTTP/1.1" 200 1015
190.171.141.114 - - [28/Mar/2022:09:30:29 -0300] "GET /cormun/servlet/trpermisosgoce HTTP/1.1" 200 9255
190.171.141.114 - - [28/Mar/2022:09:30:29 -0300] "GET /cormun/servlet/trpermisosgoce HTTP/1.1" 200 9250
45.155.204.146 - - [28/Mar/2022:09:30:44 -0300] "GET /manager/html HTTP/1.1" 401 2474
190.171.141.114 - - [28/Mar/2022:09:31:09 -0300] "GET /cormun/servlet/trfichaempleado? HTTP/1.1" 200 14752
186.103.159.189 - - [28/Mar/2022:09:31:56 -0300] "GET /cormun/servlet/prfichaempleado?,MD,,gxPopupLevel%3D0%3B HTTP/1.1" 200 9312
180.150.91.112 - - [28/Mar/2022:09:32:14 -0300] "GET /boaform/admin/formLogin?username=admin&psd=admin HTTP/1.0" 404 1007
45.155.204.146 - - [28/Mar/2022:09:32:14 -0300] "GET /manager/html HTTP/1.1" 401 2474
186.103.159.189 - - [28/Mar/2022:09:32:23 -0300] "POST /cormun/servlet/permisogoce?478bd5e1f8f08981938c65f83017635c,INS,0,,,,gx-no-cache=1648469996799 HTTP/1.1" 200 4534
186.103.159.189 - - [28/Mar/2022:09:32:23 -0300] "GET /cormun/static/Shared/jqueryui/images/ui-bg_highlight-soft_100_c6c2c8_1x100.png HTTP/1.1" 404 1117
186.103.159.189 - - [28/Mar/2022:09:32:23 -0300] "GET /cormun/static/Shared/jqueryui/images/ui-bg_flat_55_994d53_40x100.png HTTP/1.1" 404 1097
186.103.159.189 - - [28/Mar/2022:09:32:23 -0300] "GET /cormun/static/Shared/jqueryui/images/ui-icons_ebccce_256x240.png HTTP/1.1" 404 1089
186.103.159.189 - - [28/Mar/2022:09:32:23 -0300] "GET /cormun/static/Shared/jqueryui/images/ui-icons_82798d_256x240.png HTTP/1.1" 404 1089
186.103.159.189 - - [28/Mar/2022:09:32:44 -0300] "POST /cormun/servlet/permisogoce?478bd5e1f8f08981938c65f83017635c,INS,0,,,,gx-no-cache=1648470018336 HTTP/1.1" 200 4536
186.103.159.189 - - [28/Mar/2022:09:32:50 -0300] "GET /cormun/servlet/permisogoce?22d2bfb0a5b4937cf27ffeb01c9f5a1b9f54b20adeafce9ddb7aec5b017320527d6408d97096616b7d354d2230db29a5bb7b18139300226efaa341f249f0e8ee,gx-no-cache=1648470023899 HTTP/1.1" 200 226
186.103.156.166 - - [28/Mar/2022:09:33:37 -0300] "GET /cormun/servlet/solicitudot?dfb7d283c2cd05ed416860e7ebc285fc90eb0d5af949484ac16feee247754bf5e4047ba407fb11d7978e6b9e95891cbb756a860f18461005ba5a9e80012abcc9,gx-no-cache=1648470071194 HTTP/1.1" 200 30
186.103.156.166 - - [28/Mar/2022:09:33:37 -0300] "GET /cormun/servlet/solicitudot?dfb7d283c2cd05ed416860e7ebc285fc4525fea453de0b04ac9c429638381545,gx-no-cache=1648470071239 HTTP/1.1" 200 29
186.103.156.166 - - [28/Mar/2022:09:33:37 -0300] "POST /cormun/servlet/solicitudot?gx-no-cache=1648470071288 HTTP/1.1" 200 297
186.103.156.166 - - [28/Mar/2022:09:33:37 -0300] "GET /cormun/servlet/solicitudot?dfb7d283c2cd05ed416860e7ebc285fcb8af641912fd8972a420e87167af60c76740cc7a6788fedb007804155274fbe6800b2633da7ea3a8b67606279b93049a31ff9002f3a3d82941d8d28b99356329dbbfa200f05344ff14550aa2e71dab3f594d6cfd57284ca15d03f86b99bf38a815f9729c5b96148584db101dba58507324a659abe657d6196ad5b5717b5898fe518a99c57e52973a2e84c1c91539e5fab0f0cb637af7f4ceedb2fb610e63e1ee258ecd8ae0969bde4d87a8f2c8fcada28277b13f51a336d10d80602ce5b1e8eac4c4224044bcfa965276b176a2f768cd954092d0cf18321939e20ba3510ca73814283b8be2161c00aba3a35a37fa2d033c88400ac3516a6e72591d15f8b7f85400825913ba61a02c8d48140091f9a94d7f9740a80904650ae742829f8e5da4cf1447547e458bf8b3cc3da2b38f7ded02492d1c2dd9bd47d15e2b74ccb68758bffe37da112065af4d6230bd8e54ff50ccea906afd99b241af9f599778c51ca619fe1359faf7786232b494d7401340d3d1e1f335a3eeabea064e8436bafdf6df2b,gx-no-cache=1648470071344 HTTP/1.1" 200 30
190.95.67.97 - - [28/Mar/2022:09:33:41 -0300] "GET /cormun/servlet/hlogin HTTP/1.1" 200 1726
186.103.156.166 - - [28/Mar/2022:09:33:41 -0300] "POST /cormun/servlet/solicitudot?gx-no-cache=1648470074955 HTTP/1.1" 200 30
190.95.67.97 - - [28/Mar/2022:09:33:41 -0300] "GET /cormun/servlet/hlogin HTTP/1.1" 200 1736
186.103.156.166 - - [28/Mar/2022:09:33:43 -0300] "POST /cormun/servlet/solicitudot?gx-no-cache=1648470076625 HTTP/1.1" 200 1454
186.103.156.166 - - [28/Mar/2022:09:33:43 -0300] "POST /cormun/servlet/solicitudot?gx-no-cache=1648470076687 HTTP/1.1" 200 38
190.95.67.97 - - [28/Mar/2022:09:33:46 -0300] "POST /cormun/servlet/hlogin?349d2f114163520bc45102c6bf87ee91,gx-no-cache=1648470082277 HTTP/1.1" 200 90
190.95.67.97 - - [28/Mar/2022:09:33:46 -0300] "GET /cormun/servlet/hpexe_link HTTP/1.1" 200 952
190.95.67.97 - - [28/Mar/2022:09:33:46 -0300] "GET /cormun/servlet/hhome HTTP/1.1" 200 3946
190.95.67.97 - - [28/Mar/2022:09:33:48 -0300] "GET /cormun/servlet/hhome HTTP/1.1" 200 3944
45.155.204.146 - - [28/Mar/2022:09:33:49 -0300] "GET /manager/html HTTP/1.1" 401 2474
186.103.156.166 - - [28/Mar/2022:09:33:51 -0300] "GET /cormun/servlet/solicitudot?dfb7d283c2cd05ed416860e7ebc285fce39dced4500f998ae599f6d6d362d1a970d80ddcb2112673b0ef9917cd8aba84b18365c151afe9c41cf4d38b7b7428498b19a0a10a95c770e3bee26644e592067527d6806c07247836fdcf0c343ae418f318824f21def50aff4b7b3eb482a710,gx-no-cache=1648470084765 HTTP/1.1" 200 110
186.103.156.166 - - [28/Mar/2022:09:33:51 -0300] "POST /cormun/servlet/solicitudot?gx-no-cache=1648470084844 HTTP/1.1" 200 83
190.95.67.97 - - [28/Mar/2022:09:33:51 -0300] "GET /cormun/servlet/trlicencias? HTTP/1.1" 200 11292
190.95.67.97 - - [28/Mar/2022:09:33:52 -0300] "GET /cormun/servlet/trlicencias? HTTP/1.1" 200 11290
186.103.156.166 - - [28/Mar/2022:09:33:57 -0300] "GET /cormun/servlet/solicitudot?dfb7d283c2cd05ed416860e7ebc285fc0cb78b4df0f5d4bfc6e0496b570ef9c6aaec223dff5ce0fbf5b7daee7ecf288e6f07ba4ad33fb3d25bd9c3cb873d9bc74016fd842ba5d492f64b90a3a83ef1f6329977e7890e46abc8120cf3d96a3edf24558e55216ea2748055b3d8d8ae82c9,gx-no-cache=1648470090575 HTTP/1.1" 200 29
186.103.156.166 - - [28/Mar/2022:09:33:57 -0300] "GET /cormun/static/menuarrow.gif HTTP/1.1" 404 1015
186.103.156.166 - - [28/Mar/2022:09:33:59 -0300] "GET /cormun/servlet/solicitudot?dfb7d283c2cd05ed416860e7ebc285fc03a7991540398ad9560dbf7d7bde6d320fdcd2d64614ac2fda807eef959cf7d2,gx-no-cache=1648470093028 HTTP/1.1" 200 30
186.103.156.166 - - [28/Mar/2022:09:34:05 -0300] "POST /cormun/servlet/solicitudot?gx-no-cache=1648470099388 HTTP/1.1" 200 30
186.103.156.166 - - [28/Mar/2022:09:34:55 -0300] "POST /cormun/servlet/solicitudot?daa00b64445a7e67c2c5c1e2e127bb0e,INS,0,0,false,,gx-no-cache=1648470148566 HTTP/1.1" 200 93
186.103.156.166 - - [28/Mar/2022:09:34:55 -0300] "GET /cormun/servlet/hpexe_return? HTTP/1.1" 200 1028
186.103.156.166 - - [28/Mar/2022:09:34:55 -0300] "GET /cormun/servlet/trsolicitudot?gx-no-cache=1648469542852 HTTP/1.1" 200 8858
186.103.156.166 - - [28/Mar/2022:09:34:56 -0300] "GET /cormun/servlet/trsolicitudot?gx-no-cache=1648469542852 HTTP/1.1" 200 8876
45.155.204.146 - - [28/Mar/2022:09:35:19 -0300] "GET /manager/html HTTP/1.1" 401 2474
186.103.159.189 - - [28/Mar/2022:09:35:32 -0300] "GET /cormun/servlet/permisogoce?22d2bfb0a5b4937cf27ffeb01c9f5a1b16fe16b41204d7d347e9a8b15cea22f336e3d3a3b7bd9283983812397ab5934c,gx-no-cache=1648470186568 HTTP/1.1" 200 200
186.103.159.189 - - [28/Mar/2022:09:35:32 -0300] "GET /cormun/servlet/permisogoce?22d2bfb0a5b4937cf27ffeb01c9f5a1b1816a27c9040a2196714788dfab9226e190a99bcd3bcc0ff4f353dd21292d2c5,gx-no-cache=1648470186663 HTTP/1.1" 200 129
186.103.159.189 - - [28/Mar/2022:09:35:37 -0300] "GET /cormun/servlet/prfichaempleado?,MD,,gxPopupLevel%3D0%3B HTTP/1.1" 200 9312
186.103.156.166 - - [28/Mar/2022:09:36:22 -0300] "POST /cormun/servlet/trsolicitudot?daa00b64445a7e67c2c5c1e2e127bb0e,gx-no-cache=1648469542852,gx-no-cache=1648470235322 HTTP/1.1" 200 4864
186.103.156.166 - - [28/Mar/2022:09:36:22 -0300] "GET /cormun/static/Shared/jqueryui/images/ui-bg_highlight-soft_100_c6c2c8_1x100.png HTTP/1.1" 404 1117
186.103.156.166 - - [28/Mar/2022:09:36:22 -0300] "GET /cormun/static/Shared/jqueryui/images/ui-bg_flat_55_fafafa_40x100.png HTTP/1.1" 404 1097
186.103.156.166 - - [28/Mar/2022:09:36:22 -0300] "GET /cormun/static/Shared/jqueryui/images/ui-icons_8d78a5_256x240.png HTTP/1.1" 404 1089
186.103.156.166 - - [28/Mar/2022:09:36:22 -0300] "GET /cormun/static/Shared/jqueryui/images/ui-icons_82798d_256x240.png HTTP/1.1" 404 1089
186.103.156.166 - - [28/Mar/2022:09:36:22 -0300] "POST /cormun/servlet/trsolicitudot?daa00b64445a7e67c2c5c1e2e127bb0e,gx-no-cache=1648469542852,gx-no-cache=1648470235654 HTTP/1.1" 200 4605
45.155.204.146 - - [28/Mar/2022:09:36:47 -0300] "GET /manager/html HTTP/1.1" 401 2474
192.168.10.17 - - [28/Mar/2022:09:37:26 -0300] "GET /cormun/servlet/trsolicitudgral? HTTP/1.1" 200 8307
192.168.10.17 - - [28/Mar/2022:09:37:26 -0300] "GET /cormun/servlet/trsolicitudgral? HTTP/1.1" 200 8292
192.168.10.96 - - [28/Mar/2022:09:37:47 -0300] "GET /cormun/servlet/trsolicitudgral? HTTP/1.1" 200 15804
192.168.10.96 - - [28/Mar/2022:09:37:48 -0300] "GET /cormun/servlet/trsolicitudgral? HTTP/1.1" 200 15804
192.168.10.96 - - [28/Mar/2022:09:37:58 -0300] "POST /cormun/servlet/trsolicitudgral?8d8793525dc46229fd3f40eacd0861b2,,gx-no-cache=1648470168689 HTTP/1.1" 200 5255
192.168.10.96 - - [28/Mar/2022:09:37:59 -0300] "POST /cormun/servlet/trsolicitudgral?8d8793525dc46229fd3f40eacd0861b2,,gx-no-cache=1648470169741 HTTP/1.1" 200 5255
192.168.10.17 - - [28/Mar/2022:09:38:03 -0300] "POST /cormun/servlet/trsolicitudgral?2576934d8e80cf7184754eb796749830,,gx-no-cache=1648470172708 HTTP/1.1" 200 26148
192.168.10.17 - - [28/Mar/2022:09:38:15 -0300] "POST /cormun/servlet/trsolicitudgral?2576934d8e80cf7184754eb796749830,,gx-no-cache=1648470185612 HTTP/1.1" 200 6656
192.168.10.96 - - [28/Mar/2022:09:38:16 -0300] "POST /cormun/servlet/trsolicitudgral?8d8793525dc46229fd3f40eacd0861b2,,gx-no-cache=1648470186511 HTTP/1.1" 200 5252
192.168.10.96 - - [28/Mar/2022:09:38:17 -0300] "POST /cormun/servlet/trsolicitudgral?8d8793525dc46229fd3f40eacd0861b2,,gx-no-cache=1648470187252 HTTP/1.1" 200 5252
192.168.10.17 - - [28/Mar/2022:09:38:18 -0300] "GET /cormun/servlet/vesolicitudgral?2022,18194,, HTTP/1.1" 200 8358
192.168.10.17 - - [28/Mar/2022:09:38:18 -0300] "GET /cormun/pexe_scrolldiv.js HTTP/1.1" 404 1009
192.168.10.17 - - [28/Mar/2022:09:38:18 -0300] "GET /cormun/servlet/vesolicitudgral?2022,18194,, HTTP/1.1" 200 8358
192.168.10.96 - - [28/Mar/2022:09:38:19 -0300] "POST /cormun/servlet/trsolicitudgral?8d8793525dc46229fd3f40eacd0861b2,,gx-no-cache=1648470189565 HTTP/1.1" 200 7356
192.168.10.96 - - [28/Mar/2022:09:38:19 -0300] "POST /cormun/servlet/trsolicitudgral?8d8793525dc46229fd3f40eacd0861b2,,gx-no-cache=1648470189746 HTTP/1.1" 200 7356
192.168.10.96 - - [28/Mar/2022:09:38:19 -0300] "POST /cormun/servlet/trsolicitudgral?8d8793525dc46229fd3f40eacd0861b2,,gx-no-cache=1648470189954 HTTP/1.1" 200 7356
192.168.10.96 - - [28/Mar/2022:09:38:20 -0300] "POST /cormun/servlet/trsolicitudgral?8d8793525dc46229fd3f40eacd0861b2,,gx-no-cache=1648470190444 HTTP/1.1" 200 7356
192.168.10.96 - - [28/Mar/2022:09:38:20 -0300] "POST /cormun/servlet/trsolicitudgral?8d8793525dc46229fd3f40eacd0861b2,,gx-no-cache=1648470190660 HTTP/1.1" 200 7356
45.155.204.146 - - [28/Mar/2022:09:38:21 -0300] "GET /manager/html HTTP/1.1" 401 2474
192.168.10.96 - - [28/Mar/2022:09:38:35 -0300] "POST /cormun/servlet/trsolicitudgral?8d8793525dc46229fd3f40eacd0861b2,,gx-no-cache=1648470205285 HTTP/1.1" 200 5253
192.168.10.96 - - [28/Mar/2022:09:39:12 -0300] "GET /cormun/servlet/trsolicitudgral? HTTP/1.1" 200 8280
192.168.10.96 - - [28/Mar/2022:09:39:12 -0300] "GET /cormun/servlet/trsolicitudgral? HTTP/1.1" 200 8280
192.168.10.96 - - [28/Mar/2022:09:39:15 -0300] "POST /cormun/servlet/trsolicitudgral?8d8793525dc46229fd3f40eacd0861b2,,gx-no-cache=1648470246040 HTTP/1.1" 200 90
192.168.10.96 - - [28/Mar/2022:09:39:15 -0300] "GET /cormun/servlet/hpexe_link HTTP/1.1" 200 961
192.168.10.96 - - [28/Mar/2022:09:39:15 -0300] "GET /cormun/servlet/hhome HTTP/1.1" 200 3786
192.168.10.96 - - [28/Mar/2022:09:39:16 -0300] "GET /cormun/servlet/hhome HTTP/1.1" 200 3783
192.168.10.96 - - [28/Mar/2022:09:39:20 -0300] "GET /cormun/servlet/trlicenciasgenerales? HTTP/1.1" 200 12225
192.168.10.96 - - [28/Mar/2022:09:39:20 -0300] "GET /cormun/static/gxcfg.js?201991422444547 HTTP/1.1" 200 953
192.168.10.96 - - [28/Mar/2022:09:39:20 -0300] "GET /cormun/static/trlicenciasgenerales.js?201991422445161 HTTP/1.1" 200 37698
192.168.10.96 - - [28/Mar/2022:09:39:20 -0300] "GET /cormun//static/Resources/PXToolsGridDisplay.png HTTP/1.1" 200 525
192.168.10.96 - - [28/Mar/2022:09:39:20 -0300] "GET /cormun//static/Resources/PXToolsHeaderFavorites.png HTTP/1.1" 200 1414
192.168.10.96 - - [28/Mar/2022:09:39:20 -0300] "GET /cormun/servlet/trlicenciasgenerales? HTTP/1.1" 200 12223
186.103.156.166 - - [28/Mar/2022:09:39:53 -0300] "GET /cormun/servlet/trsolicitudot? HTTP/1.1" 200 7458
186.103.156.166 - - [28/Mar/2022:09:39:54 -0300] "GET /cormun/servlet/trsolicitudot? HTTP/1.1" 200 7437
45.155.204.146 - - [28/Mar/2022:09:39:54 -0300] "GET /manager/html HTTP/1.1" 401 2474
186.103.156.166 - - [28/Mar/2022:09:40:02 -0300] "GET /cormun/servlet/solicitudot?INS,0,0,false, HTTP/1.1" 200 15926
186.103.156.166 - - [28/Mar/2022:09:40:03 -0300] "GET /cormun/servlet/solicitudot?INS,0,0,false, HTTP/1.1" 200 15934
192.168.10.199 - - [28/Mar/2022:09:40:12 -0300] "GET /cormun/servlet/vesolicitudgral?2022,18309,, HTTP/1.1" 200 8457
192.168.10.199 - - [28/Mar/2022:09:40:12 -0300] "GET /cormun/pexe_scrolldiv.js HTTP/1.1" 404 1009
192.168.10.199 - - [28/Mar/2022:09:40:12 -0300] "GET /cormun/servlet/vesolicitudgral?2022,18309,, HTTP/1.1" 200 8457
192.168.10.199 - - [28/Mar/2022:09:40:52 -0300] "POST /cormun/servlet/vesolicitudgral?d12ad8ca3af56fca99b78be199c1c87b,2022,18309,,,gx-no-cache=1648470342476 HTTP/1.1" 200 116
192.168.10.199 - - [28/Mar/2022:09:40:53 -0300] "GET /cormun/servlet/solicitudotlog?INS,2022,18309,0,REC, HTTP/1.1" 200 5658
192.168.10.199 - - [28/Mar/2022:09:40:53 -0300] "GET /cormun/servlet/solicitudotlog?INS,2022,18309,0,REC, HTTP/1.1" 200 5653
192.168.10.199 - - [28/Mar/2022:09:40:54 -0300] "GET /cormun/servlet/solicitudotlog?f1d7a87a3c103b5b8ab377d2fac1391169e92f5fb6805f0ab369cf96fe5b12879266dc0267e458d167898181d4baf2e4de3cf388fd4183f9e5bc0658bcfcc6cffebdadac54c4da66d44792f7ca5c62515cda65e641210ebe3f6af5fbf749c8d11d43aa7498315108f56bde9c1fbfd92dcc1b2ee6264554c0f837b9c6d4697bd322b88ede873ba2364e12684dbd3e961859f62230d60ebdb05a2e1c69a537afa0,gx-no-cache=1648470344337 HTTP/1.1" 200 94
192.168.10.199 - - [28/Mar/2022:09:41:08 -0300] "POST /cormun/servlet/solicitudotlog?d12ad8ca3af56fca99b78be199c1c87b,INS,2022,18309,0,REC,,gx-no-cache=1648470358632 HTTP/1.1" 200 93
192.168.10.199 - - [28/Mar/2022:09:41:08 -0300] "GET /cormun/servlet/hpexe_return? HTTP/1.1" 200 1027
192.168.10.199 - - [28/Mar/2022:09:41:08 -0300] "GET /cormun/servlet/vesolicitudgral?2022,18309,, HTTP/1.1" 200 8473
192.168.10.199 - - [28/Mar/2022:09:41:08 -0300] "GET /cormun/pexe_scrolldiv.js HTTP/1.1" 404 1009
192.168.10.199 - - [28/Mar/2022:09:41:09 -0300] "GET /cormun/servlet/vesolicitudgral?2022,18309,, HTTP/1.1" 200 8469
192.168.10.17 - - [28/Mar/2022:09:41:13 -0300] "POST /cormun/servlet/vesolicitudgral?2576934d8e80cf7184754eb796749830,2022,18194,,,gx-no-cache=1648470363631 HTTP/1.1" 200 12096
192.168.10.17 - - [28/Mar/2022:09:41:13 -0300] "GET /cormun/static/Shared/jqueryui/images/ui-bg_highlight-soft_100_c6c2c8_1x100.png HTTP/1.1" 404 1117
192.168.10.17 - - [28/Mar/2022:09:41:13 -0300] "GET /cormun/static/Shared/jqueryui/images/ui-icons_82798d_256x240.png HTTP/1.1" 404 1089
192.168.10.17 - - [28/Mar/2022:09:41:13 -0300] "GET /cormun/static/Shared/jqueryui/images/ui-icons_8d78a5_256x240.png HTTP/1.1" 404 1089
192.168.10.17 - - [28/Mar/2022:09:41:13 -0300] "GET /cormun/static/Shared/jqueryui/images/ui-bg_flat_55_fafafa_40x100.png HTTP/1.1" 404 1097
192.168.10.199 - - [28/Mar/2022:09:41:13 -0300] "GET /cormun/servlet/trsolicitudgral? HTTP/1.1" 200 28518
192.168.10.17 - - [28/Mar/2022:09:41:13 -0300] "POST /cormun/servlet/vesolicitudgral?2576934d8e80cf7184754eb796749830,2022,18194,,,gx-no-cache=1648470363873 HTTP/1.1" 200 12030
192.168.10.199 - - [28/Mar/2022:09:41:14 -0300] "GET /cormun/servlet/trsolicitudgral? HTTP/1.1" 200 28489
45.155.204.146 - - [28/Mar/2022:09:41:17 -0300] "GET /manager/html HTTP/1.1" 401 2474
192.168.10.17 - - [28/Mar/2022:09:41:17 -0300] "GET /cormun/servlet/trautorizarot? HTTP/1.1" 200 19852
192.168.10.17 - - [28/Mar/2022:09:41:18 -0300] "GET /cormun/servlet/trautorizarot? HTTP/1.1" 200 19842
192.168.10.199 - - [28/Mar/2022:09:41:21 -0300] "GET /cormun/servlet/vesolicitudgral?2022,18303,, HTTP/1.1" 200 8377
192.168.10.199 - - [28/Mar/2022:09:41:21 -0300] "GET /cormun/pexe_scrolldiv.js HTTP/1.1" 404 1009
192.168.10.199 - - [28/Mar/2022:09:41:21 -0300] "GET /cormun/servlet/vesolicitudgral?2022,18303,, HTTP/1.1" 200 8378
192.168.10.17 - - [28/Mar/2022:09:41:24 -0300] "GET /cormun/servlet/veautorizarot?2022,18194,, HTTP/1.1" 200 8311
192.168.10.17 - - [28/Mar/2022:09:41:24 -0300] "GET /cormun/pexe_scrolldiv.js HTTP/1.1" 404 1009
192.168.10.17 - - [28/Mar/2022:09:41:24 -0300] "GET /cormun/servlet/veautorizarot?2022,18194,, HTTP/1.1" 200 8311
192.168.10.17 - - [28/Mar/2022:09:41:28 -0300] "GET /cormun/servlet/trautorizarot? HTTP/1.1" 200 19852
192.168.10.17 - - [28/Mar/2022:09:41:28 -0300] "GET /cormun/servlet/trautorizarot? HTTP/1.1" 200 19842
192.168.10.17 - - [28/Mar/2022:09:41:35 -0300] "POST /cormun/servlet/trautorizarot?2576934d8e80cf7184754eb796749830,,gx-no-cache=1648470385010 HTTP/1.1" 200 16504
192.168.10.199 - - [28/Mar/2022:09:41:35 -0300] "POST /cormun/servlet/vesolicitudgral?d12ad8ca3af56fca99b78be199c1c87b,2022,18303,,,gx-no-cache=1648470385855 HTTP/1.1" 200 90
192.168.10.199 - - [28/Mar/2022:09:41:35 -0300] "GET /cormun/servlet/hpexe_link HTTP/1.1" 200 967
192.168.10.199 - - [28/Mar/2022:09:41:36 -0300] "GET /cormun/servlet/trsolicitudgral HTTP/1.1" 200 28490
192.168.10.17 - - [28/Mar/2022:09:41:37 -0300] "GET /cormun/servlet/trsolicitudgral? HTTP/1.1" 200 8291
192.168.10.17 - - [28/Mar/2022:09:41:37 -0300] "GET /cormun/servlet/trsolicitudgral? HTTP/1.1" 200 8290
192.168.10.199 - - [28/Mar/2022:09:41:37 -0300] "GET /cormun/servlet/trsolicitudgral HTTP/1.1" 200 28489
192.168.10.199 - - [28/Mar/2022:09:41:39 -0300] "GET /cormun/servlet/vesolicitudgral?2022,18300,, HTTP/1.1" 200 8435
192.168.10.199 - - [28/Mar/2022:09:41:39 -0300] "GET /cormun/pexe_scrolldiv.js HTTP/1.1" 404 1009
192.168.10.199 - - [28/Mar/2022:09:41:40 -0300] "GET /cormun/servlet/vesolicitudgral?2022,18300,, HTTP/1.1" 200 8435
192.168.10.17 - - [28/Mar/2022:09:41:41 -0300] "POST /cormun/servlet/trsolicitudgral?2576934d8e80cf7184754eb796749830,,gx-no-cache=1648470391972 HTTP/1.1" 200 6649
192.168.10.199 - - [28/Mar/2022:09:41:43 -0300] "POST /cormun/servlet/vesolicitudgral?d12ad8ca3af56fca99b78be199c1c87b,2022,18300,,,gx-no-cache=1648470393375 HTTP/1.1" 200 90
192.168.10.199 - - [28/Mar/2022:09:41:43 -0300] "GET /cormun/servlet/hpexe_link HTTP/1.1" 200 967
192.168.10.199 - - [28/Mar/2022:09:41:44 -0300] "GET /cormun/servlet/trsolicitudgral HTTP/1.1" 200 28490
192.168.10.17 - - [28/Mar/2022:09:41:44 -0300] "GET /cormun/servlet/vesolicitudgral?2022,18194,, HTTP/1.1" 200 8360
192.168.10.17 - - [28/Mar/2022:09:41:44 -0300] "GET /cormun/pexe_scrolldiv.js HTTP/1.1" 404 1009
192.168.10.17 - - [28/Mar/2022:09:41:44 -0300] "GET /cormun/servlet/vesolicitudgral?2022,18194,, HTTP/1.1" 200 8360
192.168.10.199 - - [28/Mar/2022:09:41:45 -0300] "GET /cormun/servlet/trsolicitudgral HTTP/1.1" 200 28489
192.168.10.199 - - [28/Mar/2022:09:41:48 -0300] "GET /cormun/servlet/vesolicitudgral?2022,18300,, HTTP/1.1" 200 8435
192.168.10.199 - - [28/Mar/2022:09:41:48 -0300] "GET /cormun/pexe_scrolldiv.js HTTP/1.1" 404 1009
192.168.10.199 - - [28/Mar/2022:09:41:48 -0300] "GET /cormun/servlet/vesolicitudgral?2022,18300,, HTTP/1.1" 200 8435
192.168.10.199 - - [28/Mar/2022:09:42:00 -0300] "POST /cormun/servlet/vesolicitudgral?d12ad8ca3af56fca99b78be199c1c87b,2022,18300,,,gx-no-cache=1648470411101 HTTP/1.1" 200 90
192.168.10.199 - - [28/Mar/2022:09:42:00 -0300] "GET /cormun/servlet/hpexe_link HTTP/1.1" 200 967
192.168.10.199 - - [28/Mar/2022:09:42:01 -0300] "GET /cormun/servlet/trsolicitudgral HTTP/1.1" 200 28490
192.168.10.199 - - [28/Mar/2022:09:42:02 -0300] "GET /cormun/servlet/trsolicitudgral HTTP/1.1" 200 28489
192.168.10.199 - - [28/Mar/2022:09:42:04 -0300] "GET /cormun/servlet/vesolicitudgral?2022,18297,, HTTP/1.1" 200 8376
192.168.10.199 - - [28/Mar/2022:09:42:04 -0300] "GET /cormun/pexe_scrolldiv.js HTTP/1.1" 404 1009
192.168.10.199 - - [28/Mar/2022:09:42:04 -0300] "GET /cormun/servlet/vesolicitudgral?2022,18297,, HTTP/1.1" 200 8375
186.103.159.189 - - [28/Mar/2022:09:42:05 -0300] "GET /cormun/servlet/prfichaempleado?,MD,,gxPopupLevel%3D0%3B HTTP/1.1" 200 9312
186.103.159.189 - - [28/Mar/2022:09:42:23 -0300] "POST /cormun/servlet/prfichaempleado?478bd5e1f8f08981938c65f83017635c,,MD,,gxPopupLevel%3D0%3B,gx-no-cache=1648470597528 HTTP/1.1" 200 3173
192.168.10.199 - - [28/Mar/2022:09:42:26 -0300] "POST /cormun/servlet/vesolicitudgral?d12ad8ca3af56fca99b78be199c1c87b,2022,18297,,,gx-no-cache=1648470436837 HTTP/1.1" 200 116
192.168.10.199 - - [28/Mar/2022:09:42:26 -0300] "GET /cormun/servlet/solicitudotlog?INS,2022,18297,0,REC, HTTP/1.1" 200 5658
192.168.10.199 - - [28/Mar/2022:09:42:26 -0300] "GET /cormun/servlet/solicitudotlog?INS,2022,18297,0,REC, HTTP/1.1" 200 5653
192.168.10.199 - - [28/Mar/2022:09:42:27 -0300] "GET /cormun/servlet/solicitudotlog?f1d7a87a3c103b5b8ab377d2fac1391137016fc12c6dac8352ac3c633647a3669266dc0267e458d167898181d4baf2e4de3cf388fd4183f9e5bc0658bcfcc6cffebdadac54c4da66d44792f7ca5c62515cda65e641210ebe3f6af5fbf749c8d11d43aa7498315108f56bde9c1fbfd92dcc1b2ee6264554c0f837b9c6d4697bd322b88ede873ba2364e12684dbd3e961859f62230d60ebdb05a2e1c69a537afa0,gx-no-cache=1648470437644 HTTP/1.1" 200 94
192.168.10.199 - - [28/Mar/2022:09:42:30 -0300] "POST /cormun/servlet/solicitudotlog?d12ad8ca3af56fca99b78be199c1c87b,INS,2022,18297,0,REC,,gx-no-cache=1648470440690 HTTP/1.1" 200 93
192.168.10.199 - - [28/Mar/2022:09:42:30 -0300] "GET /cormun/servlet/hpexe_return? HTTP/1.1" 200 1026
192.168.10.199 - - [28/Mar/2022:09:42:30 -0300] "GET /cormun/servlet/vesolicitudgral?2022,18297,, HTTP/1.1" 200 8391
192.168.10.199 - - [28/Mar/2022:09:42:30 -0300] "GET /cormun/pexe_scrolldiv.js HTTP/1.1" 404 1009
192.168.10.199 - - [28/Mar/2022:09:42:30 -0300] "GET /cormun/servlet/vesolicitudgral?2022,18297,, HTTP/1.1" 200 8387
192.168.10.199 - - [28/Mar/2022:09:42:32 -0300] "POST /cormun/servlet/vesolicitudgral?d12ad8ca3af56fca99b78be199c1c87b,2022,18297,,,gx-no-cache=1648470442735 HTTP/1.1" 200 90
192.168.10.199 - - [28/Mar/2022:09:42:32 -0300] "GET /cormun/servlet/hpexe_link HTTP/1.1" 200 967
186.103.159.189 - - [28/Mar/2022:09:42:33 -0300] "POST /cormun/servlet/prfichaempleado?478bd5e1f8f08981938c65f83017635c,,MD,,gxPopupLevel%3D0%3B,gx-no-cache=1648470606917 HTTP/1.1" 200 3174
192.168.10.199 - - [28/Mar/2022:09:42:33 -0300] "GET /cormun/servlet/trsolicitudgral HTTP/1.1" 200 28490
192.168.10.199 - - [28/Mar/2022:09:42:34 -0300] "GET /cormun/servlet/trsolicitudgral HTTP/1.1" 200 28488
192.168.10.199 - - [28/Mar/2022:09:42:41 -0300] "POST /cormun/servlet/trsolicitudgral?d12ad8ca3af56fca99b78be199c1c87b,gx-no-cache=1648470451610 HTTP/1.1" 200 7466
192.168.10.199 - - [28/Mar/2022:09:42:43 -0300] "GET /cormun/servlet/vesolicitudgral?2022,18166,, HTTP/1.1" 200 8377
192.168.10.199 - - [28/Mar/2022:09:42:43 -0300] "GET /cormun/pexe_scrolldiv.js HTTP/1.1" 404 1009
192.168.10.199 - - [28/Mar/2022:09:42:43 -0300] "GET /cormun/servlet/vesolicitudgral?2022,18166,, HTTP/1.1" 200 8377
186.103.159.189 - - [28/Mar/2022:09:42:45 -0300] "POST /cormun/servlet/acontrolpreferencessavestate?None,CD-16,true HTTP/1.1" 200 35
45.155.204.146 - - [28/Mar/2022:09:42:46 -0300] "GET /manager/html HTTP/1.1" 401 2474
186.103.159.189 - - [28/Mar/2022:09:42:47 -0300] "POST /cormun/servlet/prfichaempleado?478bd5e1f8f08981938c65f83017635c,,MD,,gxPopupLevel%3D0%3B,gx-no-cache=1648470621470 HTTP/1.1" 200 3175
186.103.159.189 - - [28/Mar/2022:09:42:48 -0300] "POST /cormun/servlet/prfichaempleado?478bd5e1f8f08981938c65f83017635c,,MD,,gxPopupLevel%3D0%3B,gx-no-cache=1648470622493 HTTP/1.1" 200 3175
186.103.159.189 - - [28/Mar/2022:09:42:57 -0300] "GET /cormun/servlet/trpermisosgoce? HTTP/1.1" 200 9254
186.103.159.189 - - [28/Mar/2022:09:42:57 -0300] "GET /cormun/servlet/trpermisosgoce? HTTP/1.1" 200 9246
192.168.10.199 - - [28/Mar/2022:09:43:13 -0300] "POST /cormun/servlet/vesolicitudgral?d12ad8ca3af56fca99b78be199c1c87b,2022,18166,,,gx-no-cache=1648470483398 HTTP/1.1" 200 116
192.168.10.199 - - [28/Mar/2022:09:43:13 -0300] "GET /cormun/servlet/solicitudotlog?INS,2022,18166,0,REC, HTTP/1.1" 200 5657
192.168.10.199 - - [28/Mar/2022:09:43:13 -0300] "GET /cormun/servlet/solicitudotlog?INS,2022,18166,0,REC, HTTP/1.1" 200 5652
192.168.10.199 - - [28/Mar/2022:09:43:13 -0300] "GET /cormun/servlet/solicitudotlog?f1d7a87a3c103b5b8ab377d2fac13911f980e50b7c23b8c3dd3fef2bcc931f699266dc0267e458d167898181d4baf2e4de3cf388fd4183f9e5bc0658bcfcc6cffebdadac54c4da66d44792f7ca5c62515cda65e641210ebe3f6af5fbf749c8d11d43aa7498315108f56bde9c1fbfd92dcc1b2ee6264554c0f837b9c6d4697bd322b88ede873ba2364e12684dbd3e961859f62230d60ebdb05a2e1c69a537afa0,gx-no-cache=1648470484219 HTTP/1.1" 200 94
186.103.159.189 - - [28/Mar/2022:09:43:14 -0300] "GET /cormun/servlet/permisogoce?INS,0,,, HTTP/1.1" 200 6875
186.103.159.189 - - [28/Mar/2022:09:43:14 -0300] "GET /cormun/servlet/permisogoce?INS,0,,, HTTP/1.1" 200 6875
192.168.10.199 - - [28/Mar/2022:09:43:17 -0300] "POST /cormun/servlet/solicitudotlog?d12ad8ca3af56fca99b78be199c1c87b,INS,2022,18166,0,REC,,gx-no-cache=1648470487378 HTTP/1.1" 200 93
192.168.10.199 - - [28/Mar/2022:09:43:17 -0300] "GET /cormun/servlet/hpexe_return? HTTP/1.1" 200 1026
192.168.10.199 - - [28/Mar/2022:09:43:17 -0300] "GET /cormun/servlet/vesolicitudgral?2022,18166,, HTTP/1.1" 200 8392
192.168.10.199 - - [28/Mar/2022:09:43:17 -0300] "GET /cormun/pexe_scrolldiv.js HTTP/1.1" 404 1009
192.168.10.199 - - [28/Mar/2022:09:43:17 -0300] "GET /cormun/servlet/vesolicitudgral?2022,18166,, HTTP/1.1" 200 8388
192.168.10.199 - - [28/Mar/2022:09:43:19 -0300] "POST /cormun/servlet/vesolicitudgral?d12ad8ca3af56fca99b78be199c1c87b,2022,18166,,,gx-no-cache=1648470490123 HTTP/1.1" 200 90
192.168.10.199 - - [28/Mar/2022:09:43:19 -0300] "GET /cormun/servlet/hpexe_link HTTP/1.1" 200 988
192.168.10.199 - - [28/Mar/2022:09:43:20 -0300] "GET /cormun/servlet/trsolicitudgral?gx-no-cache=1648470451610 HTTP/1.1" 200 10108
192.168.10.199 - - [28/Mar/2022:09:43:20 -0300] "GET /cormun/servlet/trsolicitudgral?gx-no-cache=1648470451610 HTTP/1.1" 200 10128
192.168.10.199 - - [28/Mar/2022:09:43:23 -0300] "GET /cormun/servlet/vesolicitudgral?2022,18161,, HTTP/1.1" 200 8421
192.168.10.199 - - [28/Mar/2022:09:43:23 -0300] "GET /cormun/pexe_scrolldiv.js HTTP/1.1" 404 1009
192.168.10.199 - - [28/Mar/2022:09:43:23 -0300] "GET /cormun/servlet/vesolicitudgral?2022,18161,, HTTP/1.1" 200 8399
190.171.152.234 - - [28/Mar/2022:09:43:28 -0300] "GET /cormun/servlet/hlogin HTTP/1.1" 200 1721
190.171.152.234 - - [28/Mar/2022:09:43:28 -0300] "GET /cormun/servlet/hlogin HTTP/1.1" 200 1732
190.171.149.74 - - [28/Mar/2022:09:43:32 -0300] "POST /cormun/servlet/trpermisosgoce?62129dc856da6aedf5ff3c89b6002aaf,gx-no-cache=1648474385715 HTTP/1.1" 440 972
190.171.149.74 - - [28/Mar/2022:09:43:34 -0300] "GET /cormun/servlet/trpermisosgoce HTTP/1.1" 200 6030
190.171.149.74 - - [28/Mar/2022:09:43:35 -0300] "GET /cormun/servlet/hlogin HTTP/1.1" 200 1746
190.171.149.74 - - [28/Mar/2022:09:43:35 -0300] "GET /cormun/servlet/trpermisosgoce HTTP/1.1" 200 6030
190.171.152.234 - - [28/Mar/2022:09:43:35 -0300] "POST /cormun/servlet/hlogin?864799bb136848941912d0cec9399f8e,gx-no-cache=1648470672563 HTTP/1.1" 200 90
190.171.152.234 - - [28/Mar/2022:09:43:35 -0300] "GET /cormun/servlet/hpexe_link HTTP/1.1" 200 948
190.171.152.234 - - [28/Mar/2022:09:43:36 -0300] "GET /cormun/servlet/hhome HTTP/1.1" 200 4256
190.171.142.42 - - [28/Mar/2022:09:43:36 -0300] "GET /cormun/servlet/trlicencias? HTTP/1.1" 200 9408
192.168.10.199 - - [28/Mar/2022:09:43:36 -0300] "POST /cormun/servlet/vesolicitudgral?d12ad8ca3af56fca99b78be199c1c87b,2022,18161,,,gx-no-cache=1648470506644 HTTP/1.1" 200 90
192.168.10.199 - - [28/Mar/2022:09:43:36 -0300] "GET /cormun/servlet/hpexe_link HTTP/1.1" 200 988
190.171.142.42 - - [28/Mar/2022:09:43:36 -0300] "GET /cormun/static/calendar.js?85251 HTTP/1.1" 304 -
190.171.142.42 - - [28/Mar/2022:09:43:36 -0300] "GET /cormun/static/calendar-setup.js?85251 HTTP/1.1" 304 -
