190.171.142.42 - - [28/Mar/2022:09:43:36 -0300] "GET /cormun/static/calendar-es.js?85251 HTTP/1.1" 304 -
190.171.142.42 - - [28/Mar/2022:09:43:36 -0300] "GET /cormun/static/trlicencias.js?202012162481 HTTP/1.1" 304 -
192.168.10.199 - - [28/Mar/2022:09:43:36 -0300] "GET /cormun/servlet/trsolicitudgral?gx-no-cache=1648470451610 HTTP/1.1" 200 10108
190.171.152.234 - - [28/Mar/2022:09:43:36 -0300] "GET /cormun/servlet/hhome HTTP/1.1" 200 4252
190.171.142.42 - - [28/Mar/2022:09:43:36 -0300] "GET /cormun/servlet/hlogin HTTP/1.1" 200 1750
190.171.142.42 - - [28/Mar/2022:09:43:36 -0300] "GET /cormun/servlet/trlicencias? HTTP/1.1" 200 9402
192.168.10.199 - - [28/Mar/2022:09:43:36 -0300] "GET /cormun/servlet/trsolicitudgral?gx-no-cache=1648470451610 HTTP/1.1" 200 10128
190.171.149.74 - - [28/Mar/2022:09:43:39 -0300] "POST /cormun/servlet/hlogin?9fbd2ef6c6eb5775f961d68fd402b5a6,gx-no-cache=1648474392658 HTTP/1.1" 200 90
190.171.149.74 - - [28/Mar/2022:09:43:39 -0300] "GET /cormun/servlet/hpexe_link HTTP/1.1" 200 961
190.171.149.74 - - [28/Mar/2022:09:43:39 -0300] "GET /cormun/servlet/trpermisosgoce HTTP/1.1" 200 11038
190.171.152.234 - - [28/Mar/2022:09:43:40 -0300] "GET /cormun/servlet/trsolicitudot? HTTP/1.1" 200 7476
190.171.149.74 - - [28/Mar/2022:09:43:40 -0300] "GET /cormun/servlet/trpermisosgoce HTTP/1.1" 200 11042
190.171.152.234 - - [28/Mar/2022:09:43:40 -0300] "GET /cormun/servlet/trsolicitudot? HTTP/1.1" 200 7475
190.171.152.234 - - [28/Mar/2022:09:43:44 -0300] "GET /cormun/servlet/trautorizarsolicitud? HTTP/1.1" 200 7373
190.171.152.234 - - [28/Mar/2022:09:43:44 -0300] "GET /cormun/servlet/trautorizarsolicitud? HTTP/1.1" 200 7372
190.171.149.74 - - [28/Mar/2022:09:43:45 -0300] "GET /cormun/servlet/trlicencias? HTTP/1.1" 200 11674
190.171.149.74 - - [28/Mar/2022:09:43:45 -0300] "GET /cormun/servlet/trlicencias? HTTP/1.1" 200 11665
190.171.152.234 - - [28/Mar/2022:09:43:47 -0300] "GET /cormun/servlet/trsolicitudot? HTTP/1.1" 200 7476
190.171.152.234 - - [28/Mar/2022:09:43:47 -0300] "GET /cormun/servlet/trsolicitudot? HTTP/1.1" 200 7475
190.171.142.42 - - [28/Mar/2022:09:43:49 -0300] "POST /cormun/servlet/hlogin?89661f7853b555ff5f3271ab31ebaa1a,gx-no-cache=1648470683705 HTTP/1.1" 200 90
190.171.142.42 - - [28/Mar/2022:09:43:49 -0300] "GET /cormun/servlet/hpexe_link HTTP/1.1" 200 964
190.171.142.42 - - [28/Mar/2022:09:43:50 -0300] "GET /cormun/servlet/trlicencias HTTP/1.1" 200 11683
190.171.142.42 - - [28/Mar/2022:09:43:50 -0300] "GET /cormun/servlet/trlicencias HTTP/1.1" 200 11682
190.171.152.234 - - [28/Mar/2022:09:43:51 -0300] "GET /cormun/static/menuarrow.gif HTTP/1.1" 404 1015
190.171.152.234 - - [28/Mar/2022:09:44:04 -0300] "POST /cormun/servlet/trsolicitudot?864799bb136848941912d0cec9399f8e,,gx-no-cache=1648470700646 HTTP/1.1" 200 7282
45.155.204.146 - - [28/Mar/2022:09:44:10 -0300] "GET /manager/html HTTP/1.1" 401 2474
192.168.10.199 - - [28/Mar/2022:09:44:11 -0300] "POST /cormun/servlet/trsolicitudgral?d12ad8ca3af56fca99b78be199c1c87b,gx-no-cache=1648470451610,gx-no-cache=1648470541657 HTTP/1.1" 200 116
192.168.10.199 - - [28/Mar/2022:09:44:11 -0300] "GET /cormun/servlet/solicitudotlog?INS,2022,18159,0,REC, HTTP/1.1" 200 5668
192.168.10.199 - - [28/Mar/2022:09:44:11 -0300] "GET /cormun/servlet/solicitudotlog?INS,2022,18159,0,REC, HTTP/1.1" 200 5646
192.168.10.199 - - [28/Mar/2022:09:44:12 -0300] "GET /cormun/servlet/solicitudotlog?f1d7a87a3c103b5b8ab377d2fac139113b2b7009481080a7f8d28dd0770570189266dc0267e458d167898181d4baf2e4de3cf388fd4183f9e5bc0658bcfcc6cffebdadac54c4da66d44792f7ca5c62515cda65e641210ebe3f6af5fbf749c8d11d43aa7498315108f56bde9c1fbfd92dcc1b2ee6264554c0f837b9c6d4697bd322b88ede873ba2364e12684dbd3e961859f62230d60ebdb05a2e1c69a537afa0,gx-no-cache=1648470542445 HTTP/1.1" 200 94
186.103.156.166 - - [28/Mar/2022:09:44:14 -0300] "POST /cormun/servlet/solicitudot?gx-no-cache=1648470707999 HTTP/1.1" 200 3850
186.103.156.166 - - [28/Mar/2022:09:44:14 -0300] "POST /cormun/servlet/solicitudot?daa00b64445a7e67c2c5c1e2e127bb0e,INS,0,0,false,,gx-no-cache=1648470708199 HTTP/1.1" 200 12661
186.103.156.166 - - [28/Mar/2022:09:44:15 -0300] "GET /cormun/servlet/solicitudot?dfb7d283c2cd05ed416860e7ebc285fcf34eb49187fffa83d49b70ead4803a804c6c511a730804a1e929e854035e2471,gx-no-cache=1648470708585 HTTP/1.1" 200 30
192.168.10.199 - - [28/Mar/2022:09:44:15 -0300] "POST /cormun/servlet/solicitudotlog?d12ad8ca3af56fca99b78be199c1c87b,INS,2022,18159,0,REC,,gx-no-cache=1648470546144 HTTP/1.1" 200 93
192.168.10.199 - - [28/Mar/2022:09:44:15 -0300] "GET /cormun/servlet/hpexe_return? HTTP/1.1" 200 1044
192.168.10.199 - - [28/Mar/2022:09:44:16 -0300] "GET /cormun/servlet/trsolicitudgral?gx-no-cache=1648470451610 HTTP/1.1" 200 9715
192.168.10.199 - - [28/Mar/2022:09:44:16 -0300] "GET /cormun/servlet/trsolicitudgral?gx-no-cache=1648470451610 HTTP/1.1" 200 9732
192.168.10.199 - - [28/Mar/2022:09:44:20 -0300] "POST /cormun/servlet/trsolicitudgral?d12ad8ca3af56fca99b78be199c1c87b,gx-no-cache=1648470451610,gx-no-cache=1648470550475 HTTP/1.1" 200 5262
192.168.10.199 - - [28/Mar/2022:09:44:23 -0300] "POST /cormun/servlet/trsolicitudgral?d12ad8ca3af56fca99b78be199c1c87b,gx-no-cache=1648470451610,gx-no-cache=1648470554017 HTTP/1.1" 200 7930
192.168.10.199 - - [28/Mar/2022:09:44:53 -0300] "POST /cormun/servlet/trsolicitudgral?d12ad8ca3af56fca99b78be199c1c87b,gx-no-cache=1648470451610,gx-no-cache=1648470584103 HTTP/1.1" 200 116
192.168.10.199 - - [28/Mar/2022:09:44:53 -0300] "GET /cormun/servlet/solicitudotlog?INS,2022,18076,0,REC, HTTP/1.1" 200 5669
192.168.10.199 - - [28/Mar/2022:09:44:54 -0300] "GET /cormun/servlet/solicitudotlog?INS,2022,18076,0,REC, HTTP/1.1" 200 5647
192.168.10.199 - - [28/Mar/2022:09:44:54 -0300] "GET /cormun/servlet/solicitudotlog?f1d7a87a3c103b5b8ab377d2fac13911f6804fdad64555d03b40e54f687aa2989266dc0267e458d167898181d4baf2e4de3cf388fd4183f9e5bc0658bcfcc6cffebdadac54c4da66d44792f7ca5c62515cda65e641210ebe3f6af5fbf749c8d11d43aa7498315108f56bde9c1fbfd92dcc1b2ee6264554c0f837b9c6d4697bd322b88ede873ba2364e12684dbd3e961859f62230d60ebdb05a2e1c69a537afa0,gx-no-cache=1648470584887 HTTP/1.1" 200 94
192.168.10.199 - - [28/Mar/2022:09:45:00 -0300] "POST /cormun/servlet/solicitudotlog?d12ad8ca3af56fca99b78be199c1c87b,INS,2022,18076,0,REC,,gx-no-cache=1648470590832 HTTP/1.1" 200 93
192.168.10.199 - - [28/Mar/2022:09:45:00 -0300] "GET /cormun/servlet/hpexe_return? HTTP/1.1" 200 1044
192.168.10.199 - - [28/Mar/2022:09:45:00 -0300] "GET /cormun/servlet/trsolicitudgral?gx-no-cache=1648470451610 HTTP/1.1" 200 10629
192.168.10.199 - - [28/Mar/2022:09:45:01 -0300] "GET /cormun/servlet/trsolicitudgral?gx-no-cache=1648470451610 HTTP/1.1" 200 10646
45.155.204.146 - - [28/Mar/2022:09:45:39 -0300] "GET /manager/html HTTP/1.1" 401 2474
192.168.10.199 - - [28/Mar/2022:09:45:47 -0300] "POST /cormun/servlet/trsolicitudgral?d12ad8ca3af56fca99b78be199c1c87b,gx-no-cache=1648470451610,gx-no-cache=1648470638057 HTTP/1.1" 200 7515
190.171.152.234 - - [28/Mar/2022:09:45:56 -0300] "POST /cormun/servlet/trsolicitudot?864799bb136848941912d0cec9399f8e,,gx-no-cache=1648470813205 HTTP/1.1" 200 8168
190.171.152.234 - - [28/Mar/2022:09:46:13 -0300] "POST /cormun/servlet/trsolicitudot?864799bb136848941912d0cec9399f8e,,gx-no-cache=1648470830045 HTTP/1.1" 200 8145
190.171.152.234 - - [28/Mar/2022:09:46:16 -0300] "POST /cormun/servlet/trsolicitudot?864799bb136848941912d0cec9399f8e,,gx-no-cache=1648470833030 HTTP/1.1" 200 8144
190.171.152.234 - - [28/Mar/2022:09:46:18 -0300] "POST /cormun/servlet/trsolicitudot?864799bb136848941912d0cec9399f8e,,gx-no-cache=1648470834636 HTTP/1.1" 200 8145
190.171.152.234 - - [28/Mar/2022:09:46:21 -0300] "POST /cormun/servlet/trsolicitudot?864799bb136848941912d0cec9399f8e,,gx-no-cache=1648470838445 HTTP/1.1" 200 8145
190.171.152.234 - - [28/Mar/2022:09:46:23 -0300] "POST /cormun/servlet/trsolicitudot?864799bb136848941912d0cec9399f8e,,gx-no-cache=1648470839715 HTTP/1.1" 200 8145
190.171.152.234 - - [28/Mar/2022:09:46:24 -0300] "POST /cormun/servlet/trsolicitudot?864799bb136848941912d0cec9399f8e,,gx-no-cache=1648470840900 HTTP/1.1" 200 8144
190.171.152.234 - - [28/Mar/2022:09:46:44 -0300] "POST /cormun/servlet/trsolicitudot?864799bb136848941912d0cec9399f8e,,gx-no-cache=1648470860748 HTTP/1.1" 200 4647
186.103.156.166 - - [28/Mar/2022:09:46:44 -0300] "GET /cormun/servlet/solicitudot?dfb7d283c2cd05ed416860e7ebc285fc663ad519b5bbb0c21aeeb6df77ad5271817a28efc994acd46dcdae5f54f913f5bbfab26e92691c317961600df1ea0f79f3519816b3ba2126225972f45b9d6710,gx-no-cache=1648470857567 HTTP/1.1" 200 30
190.171.152.234 - - [28/Mar/2022:09:46:45 -0300] "POST /cormun/servlet/trsolicitudot?864799bb136848941912d0cec9399f8e,,gx-no-cache=1648470861666 HTTP/1.1" 200 4648
186.103.156.166 - - [28/Mar/2022:09:46:46 -0300] "GET /cormun/servlet/solicitudot?dfb7d283c2cd05ed416860e7ebc285fc1a3b0f7e8527be7d24ab7e35735b02fb,gx-no-cache=1648470859989 HTTP/1.1" 200 53
190.171.152.234 - - [28/Mar/2022:09:46:54 -0300] "POST /cormun/servlet/trsolicitudot?864799bb136848941912d0cec9399f8e,,gx-no-cache=1648470870834 HTTP/1.1" 200 4653
190.171.152.234 - - [28/Mar/2022:09:46:54 -0300] "POST /cormun/servlet/trsolicitudot?864799bb136848941912d0cec9399f8e,,gx-no-cache=1648470871026 HTTP/1.1" 200 4653
190.171.152.234 - - [28/Mar/2022:09:46:54 -0300] "POST /cormun/servlet/trsolicitudot?864799bb136848941912d0cec9399f8e,,gx-no-cache=1648470871210 HTTP/1.1" 200 4653
190.171.152.234 - - [28/Mar/2022:09:46:54 -0300] "POST /cormun/servlet/trsolicitudot?864799bb136848941912d0cec9399f8e,,gx-no-cache=1648470871402 HTTP/1.1" 200 4653
186.103.159.189 - - [28/Mar/2022:09:46:55 -0300] "GET /cormun/servlet/prfichaempleado?,MD,,gxPopupLevel%3D0%3B HTTP/1.1" 200 9313
186.103.156.166 - - [28/Mar/2022:09:46:59 -0300] "POST /cormun/servlet/solicitudot?gx-no-cache=1648470872579 HTTP/1.1" 200 255
192.168.10.199 - - [28/Mar/2022:09:46:59 -0300] "POST /cormun/servlet/trsolicitudgral?d12ad8ca3af56fca99b78be199c1c87b,gx-no-cache=1648470451610,gx-no-cache=1648470709884 HTTP/1.1" 200 11816
45.155.204.146 - - [28/Mar/2022:09:47:00 -0300] "GET /manager/html HTTP/1.1" 401 2474
186.103.156.166 - - [28/Mar/2022:09:47:01 -0300] "GET /cormun/servlet/solicitudot?dfb7d283c2cd05ed416860e7ebc285fcb8af641912fd8972a420e87167af60c7126414f6bed129823f17d928eeec6797800b2633da7ea3a8b67606279b93049a31ff9002f3a3d82941d8d28b99356329dbbfa200f05344ff14550aa2e71dab3f594d6cfd57284ca15d03f86b99bf38a815f9729c5b96148584db101dba58507324a659abe657d6196ad5b5717b5898fe518a99c57e52973a2e84c1c91539e5fab0f0cb637af7f4ceedb2fb610e63e1ee258ecd8ae0969bde4d87a8f2c8fcada28277b13f51a336d10d80602ce5b1e8eac4c4224044bcfa965276b176a2f768cd954092d0cf18321939e20ba3510ca73889840a1d7103bb8e9da871cbd511e9323c88400ac3516a6e72591d15f8b7f854760741eb6005fd2e1dcac61137fe249417a1140eb9f309144f9e50ccb54d0f65864bb751e6db955b80cc2f58fee124ee9fe9f7d8a0e7642d194bd7af615127508707e531020d96e92652da8f574b1cc8b47a21e29e0f6fbeb5f651ffb0049d6b96ef359d0d97fc9479af639c07cf1774,gx-no-cache=1648470874618 HTTP/1.1" 200 30
186.103.159.189 - - [28/Mar/2022:09:47:24 -0300] "POST /cormun/servlet/prfichaempleado?478bd5e1f8f08981938c65f83017635c,,MD,,gxPopupLevel%3D0%3B,gx-no-cache=1648470897442 HTTP/1.1" 200 6350
186.103.159.189 - - [28/Mar/2022:09:47:24 -0300] "GET /cormun/static/Resources/PXToolsGridNext.gif HTTP/1.1" 200 369
186.103.159.189 - - [28/Mar/2022:09:47:24 -0300] "GET /cormun/static/Resources/PXToolsGridLast.gif HTTP/1.1" 200 370
186.103.159.189 - - [28/Mar/2022:09:47:28 -0300] "POST /cormun/servlet/prfichaempleado?478bd5e1f8f08981938c65f83017635c,,MD,,gxPopupLevel%3D0%3B,gx-no-cache=1648470901252 HTTP/1.1" 200 4043
186.103.159.189 - - [28/Mar/2022:09:47:28 -0300] "GET /cormun/static/Resources/PXToolsGridFirst.gif HTTP/1.1" 200 379
186.103.159.189 - - [28/Mar/2022:09:47:28 -0300] "GET /cormun/static/Resources/PXToolsGridPrevious.gif HTTP/1.1" 200 369
186.103.159.189 - - [28/Mar/2022:09:47:30 -0300] "POST /cormun/servlet/prfichaempleado?478bd5e1f8f08981938c65f83017635c,,MD,,gxPopupLevel%3D0%3B,gx-no-cache=1648470903603 HTTP/1.1" 200 6350
186.103.156.166 - - [28/Mar/2022:09:47:40 -0300] "POST /cormun/servlet/solicitudot?gx-no-cache=1648470913672 HTTP/1.1" 200 30
186.103.159.189 - - [28/Mar/2022:09:47:42 -0300] "POST /cormun/servlet/prfichaempleado?478bd5e1f8f08981938c65f83017635c,,MD,,gxPopupLevel%3D0%3B,gx-no-cache=1648470915716 HTTP/1.1" 200 6360
190.171.152.234 - - [28/Mar/2022:09:47:44 -0300] "GET /cormun/servlet/trautorizarsolicitud? HTTP/1.1" 200 7373
190.171.152.234 - - [28/Mar/2022:09:47:45 -0300] "GET /cormun/servlet/trautorizarsolicitud? HTTP/1.1" 200 7372
186.103.159.189 - - [28/Mar/2022:09:47:46 -0300] "GET /cormun/servlet/prfichaempleado?,MD,,gxPopupLevel%3D0%3B HTTP/1.1" 200 9313
190.171.152.234 - - [28/Mar/2022:09:47:48 -0300] "GET /cormun/servlet/trsolicitudot? HTTP/1.1" 200 7487
190.171.152.234 - - [28/Mar/2022:09:47:48 -0300] "GET /cormun/servlet/trsolicitudot? HTTP/1.1" 200 7486
190.171.152.234 - - [28/Mar/2022:09:47:53 -0300] "POST /cormun/servlet/trsolicitudot?864799bb136848941912d0cec9399f8e,,gx-no-cache=1648470930374 HTTP/1.1" 200 8168
192.168.10.96 - - [28/Mar/2022:09:48:04 -0300] "GET /cormun/servlet/trsolicitudgral? HTTP/1.1" 200 8277
192.168.10.96 - - [28/Mar/2022:09:48:04 -0300] "GET /cormun/servlet/trsolicitudgral? HTTP/1.1" 200 8277
192.168.10.96 - - [28/Mar/2022:09:48:16 -0300] "POST /cormun/servlet/trsolicitudgral?8d8793525dc46229fd3f40eacd0861b2,,gx-no-cache=1648470786528 HTTP/1.1" 200 5250
192.168.10.96 - - [28/Mar/2022:09:48:20 -0300] "POST /cormun/servlet/trsolicitudgral?8d8793525dc46229fd3f40eacd0861b2,,gx-no-cache=1648470790443 HTTP/1.1" 200 7786
192.168.10.96 - - [28/Mar/2022:09:48:26 -0300] "POST /cormun/servlet/trsolicitudgral?8d8793525dc46229fd3f40eacd0861b2,,gx-no-cache=1648470796596 HTTP/1.1" 200 7088
186.103.159.189 - - [28/Mar/2022:09:48:29 -0300] "POST /cormun/servlet/acontrolpreferencessavestate?None,CD-16,true HTTP/1.1" 200 35
192.168.10.96 - - [28/Mar/2022:09:48:31 -0300] "POST /cormun/servlet/trsolicitudgral?8d8793525dc46229fd3f40eacd0861b2,,gx-no-cache=1648470801275 HTTP/1.1" 200 7786
186.103.159.189 - - [28/Mar/2022:09:48:34 -0300] "POST /cormun/servlet/prfichaempleado?478bd5e1f8f08981938c65f83017635c,,MD,,gxPopupLevel%3D0%3B,gx-no-cache=1648470968079 HTTP/1.1" 200 3537
45.155.204.146 - - [28/Mar/2022:09:48:36 -0300] "GET /manager/html HTTP/1.1" 401 2474
186.103.159.189 - - [28/Mar/2022:09:48:40 -0300] "POST /cormun/servlet/prfichaempleado?478bd5e1f8f08981938c65f83017635c,,MD,,gxPopupLevel%3D0%3B,gx-no-cache=1648470974420 HTTP/1.1" 200 3174
186.103.156.166 - - [28/Mar/2022:09:48:42 -0300] "POST /cormun/servlet/solicitudot?gx-no-cache=1648470976254 HTTP/1.1" 200 30
186.103.156.166 - - [28/Mar/2022:09:48:46 -0300] "POST /cormun/servlet/solicitudot?gx-no-cache=1648470979401 HTTP/1.1" 200 30
186.103.156.166 - - [28/Mar/2022:09:48:50 -0300] "POST /cormun/servlet/solicitudot?gx-no-cache=1648470983677 HTTP/1.1" 200 30
186.103.156.166 - - [28/Mar/2022:09:48:59 -0300] "POST /cormun/servlet/solicitudot?gx-no-cache=1648470992486 HTTP/1.1" 200 30
186.103.159.189 - - [28/Mar/2022:09:49:23 -0300] "GET /cormun/servlet/prfichaempleado?,MD,,gxPopupLevel%3D0%3B HTTP/1.1" 200 9312
186.103.159.189 - - [28/Mar/2022:09:49:35 -0300] "POST /cormun/servlet/prfichaempleado?478bd5e1f8f08981938c65f83017635c,,MD,,gxPopupLevel%3D0%3B,gx-no-cache=1648471029094 HTTP/1.1" 200 3470
186.103.156.166 - - [28/Mar/2022:09:49:38 -0300] "POST /cormun/servlet/solicitudot?gx-no-cache=1648471032377 HTTP/1.1" 200 30
186.103.159.189 - - [28/Mar/2022:09:49:39 -0300] "GET /cormun/servlet/permisogoce?22d2bfb0a5b4937cf27ffeb01c9f5a1b9d5868ef1fd6fdfe822b04cd99f9a3022a884a96b57bab8d71d99035a6d28263dad375af5441ee92e80358259499e2a5,gx-no-cache=1648471033334 HTTP/1.1" 200 81
186.103.159.189 - - [28/Mar/2022:09:49:39 -0300] "GET /cormun/static/menuarrow.gif HTTP/1.1" 404 1015
186.103.159.189 - - [28/Mar/2022:09:49:45 -0300] "GET /cormun/servlet/permisogoce?22d2bfb0a5b4937cf27ffeb01c9f5a1b51bbd830665a2513fe9a019ffdae64ac36988008681b438abeec41632dc9a3e68a3c1c323e0fda9f26fd6c084cb2113e,gx-no-cache=1648471039556 HTTP/1.1" 200 47
190.171.152.242 - - [28/Mar/2022:09:49:46 -0300] "GET /cormun/servlet/hlogin HTTP/1.1" 200 1731
186.103.159.189 - - [28/Mar/2022:09:49:49 -0300] "POST /cormun/servlet/permisogoce?478bd5e1f8f08981938c65f83017635c,INS,0,,,,gx-no-cache=1648471043034 HTTP/1.1" 200 93
186.103.159.189 - - [28/Mar/2022:09:49:49 -0300] "GET /cormun/servlet/hpexe_return? HTTP/1.1" 200 1010
186.103.159.189 - - [28/Mar/2022:09:49:49 -0300] "GET /cormun/servlet/trpermisosgoce HTTP/1.1" 200 9462
190.171.152.242 - - [28/Mar/2022:09:49:50 -0300] "POST /cormun/servlet/hlogin?37a99d215fa544f665e74f721dc33ef6,gx-no-cache=1648471043998 HTTP/1.1" 200 90
186.103.159.189 - - [28/Mar/2022:09:49:50 -0300] "GET /cormun/servlet/trpermisosgoce HTTP/1.1" 200 9458
190.171.152.242 - - [28/Mar/2022:09:49:50 -0300] "GET /cormun/servlet/hpexe_link HTTP/1.1" 200 956
190.171.152.242 - - [28/Mar/2022:09:49:51 -0300] "GET /cormun/servlet/hhome HTTP/1.1" 200 4000
190.171.152.242 - - [28/Mar/2022:09:49:51 -0300] "GET /cormun/servlet/hhome HTTP/1.1" 200 3996
186.103.159.189 - - [28/Mar/2022:09:49:54 -0300] "GET /cormun/servlet/apermisogoceprn?7910799,P,20220328092804,PU HTTP/1.1" 200 1657
190.171.152.242 - - [28/Mar/2022:09:49:54 -0300] "GET /cormun/servlet/trsolicitudot? HTTP/1.1" 200 7225
190.171.152.242 - - [28/Mar/2022:09:49:54 -0300] "GET /cormun/servlet/trsolicitudot? HTTP/1.1" 200 7225
45.155.204.146 - - [28/Mar/2022:09:50:08 -0300] "GET /manager/html HTTP/1.1" 401 2474
186.103.159.189 - - [28/Mar/2022:09:50:12 -0300] "GET /cormun/servlet/trpermisosgoce? HTTP/1.1" 200 9458
186.103.159.189 - - [28/Mar/2022:09:50:12 -0300] "GET /cormun/servlet/trpermisosgoce? HTTP/1.1" 200 9458
190.171.152.242 - - [28/Mar/2022:09:50:15 -0300] "GET /cormun/servlet/solicitudot?INS,0,0,false, HTTP/1.1" 200 15720
190.171.152.242 - - [28/Mar/2022:09:50:16 -0300] "GET /cormun/servlet/solicitudot?INS,0,0,false, HTTP/1.1" 200 15728
200.54.237.82 - - [28/Mar/2022:09:50:24 -0300] "POST /cormun/servlet/trcontratounov2?bc55a18345f110b6c914d936a72ac3ac,,gx-no-cache=1648471081705 HTTP/1.1" 440 972
200.54.237.82 - - [28/Mar/2022:09:50:28 -0300] "GET /cormun/servlet/trcontratounov2? HTTP/1.1" 200 5918
200.54.237.82 - - [28/Mar/2022:09:50:29 -0300] "GET /cormun/servlet/hlogin HTTP/1.1" 200 1743
200.54.237.82 - - [28/Mar/2022:09:50:29 -0300] "GET /cormun/servlet/trcontratounov2? HTTP/1.1" 200 5918
200.54.237.82 - - [28/Mar/2022:09:50:36 -0300] "POST /cormun/servlet/hlogin?ca509660f82484ee9af49de4491624ce,gx-no-cache=1648471093910 HTTP/1.1" 200 90
200.54.237.82 - - [28/Mar/2022:09:50:37 -0300] "GET /cormun/servlet/hpexe_link HTTP/1.1" 200 958
200.54.237.82 - - [28/Mar/2022:09:50:37 -0300] "GET /cormun/servlet/trcontratounov2 HTTP/1.1" 200 16329
190.171.152.242 - - [28/Mar/2022:09:50:37 -0300] "POST /cormun/servlet/solicitudot?gx-no-cache=1648471091332 HTTP/1.1" 200 3964
190.171.152.242 - - [28/Mar/2022:09:50:37 -0300] "POST /cormun/servlet/solicitudot?37a99d215fa544f665e74f721dc33ef6,INS,0,0,false,,gx-no-cache=1648471091505 HTTP/1.1" 200 12527
200.54.237.82 - - [28/Mar/2022:09:50:38 -0300] "GET /cormun/servlet/trcontratounov2 HTTP/1.1" 200 16328
190.171.152.242 - - [28/Mar/2022:09:50:42 -0300] "GET /cormun/servlet/solicitudot?be4aa62728c3649176833e5355b88d793555e86ac21cb9743961213c18d9b2e99e3074710c07e0523133261676edd49f,gx-no-cache=1648471096393 HTTP/1.1" 200 30
186.103.159.189 - - [28/Mar/2022:09:50:56 -0300] "POST /cormun/servlet/trpermisosgoce?478bd5e1f8f08981938c65f83017635c,,gx-no-cache=1648471110143 HTTP/1.1" 200 4206
186.103.159.189 - - [28/Mar/2022:09:50:59 -0300] "GET /cormun/servlet/trpermisosgoce? HTTP/1.1" 200 6945
186.103.159.189 - - [28/Mar/2022:09:50:59 -0300] "GET /cormun/servlet/trpermisosgoce? HTTP/1.1" 200 6945
192.168.10.199 - - [28/Mar/2022:09:51:00 -0300] "POST /cormun/servlet/trsolicitudgral?d12ad8ca3af56fca99b78be199c1c87b,gx-no-cache=1648470451610,gx-no-cache=1648470950486 HTTP/1.1" 200 116
192.168.10.199 - - [28/Mar/2022:09:51:00 -0300] "GET /cormun/servlet/solicitudotlog?INS,2022,17886,0,REC, HTTP/1.1" 200 5669
192.168.10.199 - - [28/Mar/2022:09:51:00 -0300] "GET /cormun/servlet/solicitudotlog?INS,2022,17886,0,REC, HTTP/1.1" 200 5647
192.168.10.199 - - [28/Mar/2022:09:51:01 -0300] "GET /cormun/servlet/solicitudotlog?f1d7a87a3c103b5b8ab377d2fac13911e468cc884d5292dfa4868274892649a09266dc0267e458d167898181d4baf2e4de3cf388fd4183f9e5bc0658bcfcc6cffebdadac54c4da66d44792f7ca5c62515cda65e641210ebe3f6af5fbf749c8d11d43aa7498315108f56bde9c1fbfd92dcc1b2ee6264554c0f837b9c6d4697bd322b88ede873ba2364e12684dbd3e961859f62230d60ebdb05a2e1c69a537afa0,gx-no-cache=1648470951422 HTTP/1.1" 200 94
186.103.159.189 - - [28/Mar/2022:09:51:02 -0300] "GET /cormun/servlet/trpermisosgoce? HTTP/1.1" 200 6945
186.103.159.189 - - [28/Mar/2022:09:51:03 -0300] "GET /cormun/servlet/trpermisosgoce? HTTP/1.1" 200 6945
186.103.159.189 - - [28/Mar/2022:09:51:05 -0300] "GET /cormun/servlet/permisogoce?INS,0,,, HTTP/1.1" 200 6873
186.103.159.189 - - [28/Mar/2022:09:51:05 -0300] "GET /cormun/servlet/permisogoce?INS,0,,, HTTP/1.1" 200 6873
192.168.10.199 - - [28/Mar/2022:09:51:06 -0300] "POST /cormun/servlet/solicitudotlog?d12ad8ca3af56fca99b78be199c1c87b,INS,2022,17886,0,REC,,gx-no-cache=1648470956605 HTTP/1.1" 200 93
192.168.10.199 - - [28/Mar/2022:09:51:06 -0300] "GET /cormun/servlet/hpexe_return? HTTP/1.1" 200 1044
192.168.10.199 - - [28/Mar/2022:09:51:06 -0300] "GET /cormun/servlet/trsolicitudgral?gx-no-cache=1648470451610 HTTP/1.1" 200 14686
192.168.10.199 - - [28/Mar/2022:09:51:07 -0300] "GET /cormun/servlet/trsolicitudgral?gx-no-cache=1648470451610 HTTP/1.1" 200 14702
186.103.159.189 - - [28/Mar/2022:09:51:11 -0300] "GET /cormun/servlet/prfichaempleado?,MD,,gxPopupLevel%3D0%3B HTTP/1.1" 200 9312
190.171.152.242 - - [28/Mar/2022:09:51:20 -0300] "GET /cormun/servlet/solicitudot?be4aa62728c3649176833e5355b88d79bd11452e1af031b1d11ab2221132d09e06b6cdc4720921c87fdd1ee17f44a45fc4698003e28165c6668821b60437d8142d89f45c0c218e7e6ecca17395965fb5,gx-no-cache=1648471134023 HTTP/1.1" 200 30
190.171.152.242 - - [28/Mar/2022:09:51:20 -0300] "GET /cormun/servlet/solicitudot?be4aa62728c3649176833e5355b88d7942a8627e04a5438d8ab6e76458f1ee17,gx-no-cache=1648471134062 HTTP/1.1" 200 53
186.103.159.189 - - [28/Mar/2022:09:51:27 -0300] "POST /cormun/servlet/prfichaempleado?478bd5e1f8f08981938c65f83017635c,,MD,,gxPopupLevel%3D0%3B,gx-no-cache=1648471141775 HTTP/1.1" 200 3174
186.103.159.189 - - [28/Mar/2022:09:51:30 -0300] "POST /cormun/servlet/prfichaempleado?478bd5e1f8f08981938c65f83017635c,,MD,,gxPopupLevel%3D0%3B,gx-no-cache=1648471144452 HTTP/1.1" 200 3174
45.155.204.146 - - [28/Mar/2022:09:51:34 -0300] "GET /manager/html HTTP/1.1" 401 2474
186.103.159.189 - - [28/Mar/2022:09:51:34 -0300] "POST /cormun/servlet/prfichaempleado?478bd5e1f8f08981938c65f83017635c,,MD,,gxPopupLevel%3D0%3B,gx-no-cache=1648471148655 HTTP/1.1" 200 3177
192.168.10.199 - - [28/Mar/2022:09:51:46 -0300] "POST /cormun/servlet/trsolicitudgral?d12ad8ca3af56fca99b78be199c1c87b,gx-no-cache=1648470451610,gx-no-cache=1648470996302 HTTP/1.1" 200 116
192.168.10.199 - - [28/Mar/2022:09:51:46 -0300] "GET /cormun/servlet/solicitudotlog?INS,2022,17884,0,REC, HTTP/1.1" 200 5669
192.168.10.199 - - [28/Mar/2022:09:51:46 -0300] "GET /cormun/servlet/solicitudotlog?INS,2022,17884,0,REC, HTTP/1.1" 200 5647
192.168.10.199 - - [28/Mar/2022:09:51:46 -0300] "GET /cormun/servlet/solicitudotlog?f1d7a87a3c103b5b8ab377d2fac139113cc1d0f2134bba6c95774065a87f6c789266dc0267e458d167898181d4baf2e4de3cf388fd4183f9e5bc0658bcfcc6cffebdadac54c4da66d44792f7ca5c62515cda65e641210ebe3f6af5fbf749c8d11d43aa7498315108f56bde9c1fbfd92dcc1b2ee6264554c0f837b9c6d4697bd322b88ede873ba2364e12684dbd3e961859f62230d60ebdb05a2e1c69a537afa0,gx-no-cache=1648470997108 HTTP/1.1" 200 94
186.103.159.189 - - [28/Mar/2022:09:51:50 -0300] "POST /cormun/servlet/prfichaempleado?478bd5e1f8f08981938c65f83017635c,,MD,,gxPopupLevel%3D0%3B,gx-no-cache=1648471164556 HTTP/1.1" 200 3177
192.168.10.199 - - [28/Mar/2022:09:51:51 -0300] "POST /cormun/servlet/solicitudotlog?d12ad8ca3af56fca99b78be199c1c87b,INS,2022,17884,0,REC,,gx-no-cache=1648471001895 HTTP/1.1" 200 93
192.168.10.199 - - [28/Mar/2022:09:51:51 -0300] "GET /cormun/servlet/hpexe_return? HTTP/1.1" 200 1044
192.168.10.199 - - [28/Mar/2022:09:51:51 -0300] "GET /cormun/servlet/trsolicitudgral?gx-no-cache=1648470451610 HTTP/1.1" 200 14423
192.168.10.199 - - [28/Mar/2022:09:51:52 -0300] "GET /cormun/servlet/trsolicitudgral?gx-no-cache=1648470451610 HTTP/1.1" 200 14439
192.168.10.199 - - [28/Mar/2022:09:51:56 -0300] "POST /cormun/servlet/trsolicitudgral?d12ad8ca3af56fca99b78be199c1c87b,gx-no-cache=1648470451610,gx-no-cache=1648471006353 HTTP/1.1" 200 116
192.168.10.199 - - [28/Mar/2022:09:51:56 -0300] "GET /cormun/servlet/solicitudotlog?INS,2022,17885,0,REC, HTTP/1.1" 200 5669
192.168.10.199 - - [28/Mar/2022:09:51:56 -0300] "GET /cormun/servlet/solicitudotlog?INS,2022,17885,0,REC, HTTP/1.1" 200 5647
192.168.10.199 - - [28/Mar/2022:09:51:56 -0300] "GET /cormun/servlet/solicitudotlog?f1d7a87a3c103b5b8ab377d2fac13911c2dc93452e1692f281c0addedb22e0f39266dc0267e458d167898181d4baf2e4de3cf388fd4183f9e5bc0658bcfcc6cffebdadac54c4da66d44792f7ca5c62515cda65e641210ebe3f6af5fbf749c8d11d43aa7498315108f56bde9c1fbfd92dcc1b2ee6264554c0f837b9c6d4697bd322b88ede873ba2364e12684dbd3e961859f62230d60ebdb05a2e1c69a537afa0,gx-no-cache=1648471007128 HTTP/1.1" 200 94
186.103.159.189 - - [28/Mar/2022:09:51:59 -0300] "POST /cormun/servlet/prfichaempleado?478bd5e1f8f08981938c65f83017635c,,MD,,gxPopupLevel%3D0%3B,gx-no-cache=1648471173596 HTTP/1.1" 200 3173
192.168.10.199 - - [28/Mar/2022:09:52:01 -0300] "POST /cormun/servlet/solicitudotlog?d12ad8ca3af56fca99b78be199c1c87b,INS,2022,17885,0,REC,,gx-no-cache=1648471011496 HTTP/1.1" 200 93
192.168.10.199 - - [28/Mar/2022:09:52:01 -0300] "GET /cormun/servlet/hpexe_return? HTTP/1.1" 200 1044
192.168.10.199 - - [28/Mar/2022:09:52:01 -0300] "GET /cormun/servlet/trsolicitudgral?gx-no-cache=1648470451610 HTTP/1.1" 200 14059
192.168.10.199 - - [28/Mar/2022:09:52:01 -0300] "GET /cormun/servlet/trsolicitudgral?gx-no-cache=1648470451610 HTTP/1.1" 200 14075
186.103.156.166 - - [28/Mar/2022:09:52:03 -0300] "POST /cormun/servlet/solicitudot?gx-no-cache=1648471176546 HTTP/1.1" 200 30
186.103.159.189 - - [28/Mar/2022:09:52:09 -0300] "POST /cormun/servlet/prfichaempleado?478bd5e1f8f08981938c65f83017635c,,MD,,gxPopupLevel%3D0%3B,gx-no-cache=1648471182802 HTTP/1.1" 200 3162
186.103.159.189 - - [28/Mar/2022:09:52:14 -0300] "POST /cormun/servlet/prfichaempleado?478bd5e1f8f08981938c65f83017635c,,MD,,gxPopupLevel%3D0%3B,gx-no-cache=1648471188707 HTTP/1.1" 200 3174
186.103.159.189 - - [28/Mar/2022:09:52:19 -0300] "POST /cormun/servlet/prfichaempleado?478bd5e1f8f08981938c65f83017635c,,MD,,gxPopupLevel%3D0%3B,gx-no-cache=1648471193028 HTTP/1.1" 200 3175
186.103.156.166 - - [28/Mar/2022:09:52:35 -0300] "POST /cormun/servlet/solicitudot?gx-no-cache=1648471208926 HTTP/1.1" 200 240
186.103.156.166 - - [28/Mar/2022:09:52:38 -0300] "GET /cormun/servlet/solicitudot?dfb7d283c2cd05ed416860e7ebc285fcb8af641912fd8972a420e87167af60c7c8d6e44840935fea9c19e56cefacb274800b2633da7ea3a8b67606279b93049a31ff9002f3a3d82941d8d28b99356329dbbfa200f05344ff14550aa2e71dab3f594d6cfd57284ca15d03f86b99bf38a815f9729c5b96148584db101dba58507324a659abe657d6196ad5b5717b5898fe518a99c57e52973a2e84c1c91539e5fab0f0cb637af7f4ceedb2fb610e63e1ee258ecd8ae0969bde4d87a8f2c8fcada28277b13f51a336d10d80602ce5b1e8eac4c4224044bcfa965276b176a2f768cd954092d0cf18321939e20ba3510ca73889840a1d7103bb8e9da871cbd511e9323c88400ac3516a6e72591d15f8b7f85400825913ba61a02c8d48140091f9a94d7f9740a80904650ae742829f8e5da4cf1447547e458bf8b3cc3da2b38f7ded026f8497265eb45bc315858f1b66814df82e6c3f7a50cc67aa31acd774d507bb45e19e35ba0905095fb9b12812d18a3079cbf77dc37295057145a3d87a4f62561a,gx-no-cache=1648471212045 HTTP/1.1" 200 30
186.103.159.189 - - [28/Mar/2022:09:52:39 -0300] "GET /cormun/servlet/prfichaempleado?,MD,,gxPopupLevel%3D0%3B HTTP/1.1" 200 9312
186.103.156.166 - - [28/Mar/2022:09:52:45 -0300] "POST /cormun/servlet/solicitudot?gx-no-cache=1648471218780 HTTP/1.1" 200 30
192.168.10.199 - - [28/Mar/2022:09:52:50 -0300] "POST /cormun/servlet/trsolicitudgral?d12ad8ca3af56fca99b78be199c1c87b,gx-no-cache=1648470451610,gx-no-cache=1648471060914 HTTP/1.1" 200 116
192.168.10.199 - - [28/Mar/2022:09:52:50 -0300] "GET /cormun/servlet/solicitudotlog?INS,2022,17883,0,REC, HTTP/1.1" 200 5668
192.168.10.199 - - [28/Mar/2022:09:52:50 -0300] "GET /cormun/servlet/solicitudotlog?INS,2022,17883,0,REC, HTTP/1.1" 200 5647
192.168.10.199 - - [28/Mar/2022:09:52:51 -0300] "GET /cormun/servlet/solicitudotlog?f1d7a87a3c103b5b8ab377d2fac139119cb3f7f5c5acaa08289b030f97dbcbf99266dc0267e458d167898181d4baf2e4de3cf388fd4183f9e5bc0658bcfcc6cffebdadac54c4da66d44792f7ca5c62515cda65e641210ebe3f6af5fbf749c8d11d43aa7498315108f56bde9c1fbfd92dcc1b2ee6264554c0f837b9c6d4697bd322b88ede873ba2364e12684dbd3e961859f62230d60ebdb05a2e1c69a537afa0,gx-no-cache=1648471061715 HTTP/1.1" 200 94
186.103.159.189 - - [28/Mar/2022:09:52:51 -0300] "POST /cormun/servlet/prfichaempleado?478bd5e1f8f08981938c65f83017635c,,MD,,gxPopupLevel%3D0%3B,gx-no-cache=1648471225395 HTTP/1.1" 200 3174
192.168.10.199 - - [28/Mar/2022:09:52:54 -0300] "POST /cormun/servlet/solicitudotlog?d12ad8ca3af56fca99b78be199c1c87b,INS,2022,17883,0,REC,,gx-no-cache=1648471065013 HTTP/1.1" 200 93
192.168.10.199 - - [28/Mar/2022:09:52:54 -0300] "GET /cormun/servlet/hpexe_return? HTTP/1.1" 200 1044
192.168.10.199 - - [28/Mar/2022:09:52:55 -0300] "GET /cormun/servlet/trsolicitudgral?gx-no-cache=1648470451610 HTTP/1.1" 200 13787
192.168.10.199 - - [28/Mar/2022:09:52:55 -0300] "GET /cormun/servlet/trsolicitudgral?gx-no-cache=1648470451610 HTTP/1.1" 200 13804
186.103.156.166 - - [28/Mar/2022:09:52:56 -0300] "GET /cormun/servlet/prfichaempleado?,MD,,gxPopupLevel%3D0%3B HTTP/1.1" 200 9233
192.168.10.17 - - [28/Mar/2022:09:52:57 -0300] "GET /cormun/servlet/trsolicitudgral? HTTP/1.1" 200 8303
192.168.10.17 - - [28/Mar/2022:09:52:57 -0300] "GET /cormun/servlet/trsolicitudgral? HTTP/1.1" 200 8292
186.103.159.189 - - [28/Mar/2022:09:52:58 -0300] "POST /cormun/servlet/acontrolpreferencessavestate?None,CD-16,true HTTP/1.1" 200 35
186.103.159.189 - - [28/Mar/2022:09:53:00 -0300] "POST /cormun/servlet/acontrolpreferencessavestate?None,CD-16,true HTTP/1.1" 200 35
192.168.10.17 - - [28/Mar/2022:09:53:01 -0300] "POST /cormun/servlet/trsolicitudgral?2576934d8e80cf7184754eb796749830,,gx-no-cache=1648471071317 HTTP/1.1" 200 6651
192.168.10.199 - - [28/Mar/2022:09:53:01 -0300] "POST /cormun/servlet/trsolicitudgral?d12ad8ca3af56fca99b78be199c1c87b,gx-no-cache=1648470451610,gx-no-cache=1648471072203 HTTP/1.1" 200 116
192.168.10.199 - - [28/Mar/2022:09:53:02 -0300] "GET /cormun/servlet/solicitudotlog?INS,2022,17882,0,REC, HTTP/1.1" 200 5668
190.171.152.242 - - [28/Mar/2022:09:53:02 -0300] "POST /cormun/servlet/solicitudot?gx-no-cache=1648471236050 HTTP/1.1" 200 255
190.171.152.242 - - [28/Mar/2022:09:53:02 -0300] "GET /cormun/servlet/solicitudot?be4aa62728c3649176833e5355b88d79052788acd74d2d5ea13f1689143758af8582666c77c1ac61a25fc72a39ae61d268531ca9865614e81aa2a2fb86e53237f6eaeaf3f6bbaef5e5ced10fcf6a7048e3cb8039c133ab12483704d427491daee6730bf157f4f371883c3a60111eb79cddf2a8a6bf7c8a58ae0d21c84d15de421420da6c6bad8b423695073f6f667de63fd05410c2148af0eb78c2def0a78a54021cbad6c86d4cd4ef5538286af8a5ba70a185f29524da22306d7d39de08fbafc0bff7dce8bf52a99757b2290d621bf2e6d39c681f09e9f5eaf758b0e5f437c2a7e7949cd135da0d6e2f37d25dc5108d34fdebb6d82ca286e472c3c3dd8343186da49c542caf4a5cbcde2957e0968a5563f7177cb2ac5f4804856f3df46c15354abe9ecfe32f404b13a1cc4126eff2384e997dffa5af05c35eb666a60fcc18d01e9230724533d918b8a6e116e6a7e7d67118743be459fd676ee3bcc4b66ea51e2ae009e7c2c4a2c407e045d1b2a55d66063e25eb119ba002e9fc1840a18d6c3d,gx-no-cache=1648471236118 HTTP/1.1" 200 30
192.168.10.199 - - [28/Mar/2022:09:53:02 -0300] "GET /cormun/servlet/solicitudotlog?INS,2022,17882,0,REC, HTTP/1.1" 200 5647
45.155.204.146 - - [28/Mar/2022:09:53:02 -0300] "GET /manager/html HTTP/1.1" 401 2474
192.168.10.199 - - [28/Mar/2022:09:53:02 -0300] "GET /cormun/servlet/solicitudotlog?f1d7a87a3c103b5b8ab377d2fac13911ace95e04a9ad1c556ef1940f5806088e9266dc0267e458d167898181d4baf2e4de3cf388fd4183f9e5bc0658bcfcc6cffebdadac54c4da66d44792f7ca5c62515cda65e641210ebe3f6af5fbf749c8d11d43aa7498315108f56bde9c1fbfd92dcc1b2ee6264554c0f837b9c6d4697bd322b88ede873ba2364e12684dbd3e961859f62230d60ebdb05a2e1c69a537afa0,gx-no-cache=1648471073002 HTTP/1.1" 200 94
186.103.156.166 - - [28/Mar/2022:09:53:04 -0300] "POST /cormun/servlet/prfichaempleado?daa00b64445a7e67c2c5c1e2e127bb0e,,MD,,gxPopupLevel%3D0%3B,gx-no-cache=1648471237522 HTTP/1.1" 200 3462
190.171.152.242 - - [28/Mar/2022:09:53:04 -0300] "POST /cormun/servlet/solicitudot?gx-no-cache=1648471238343 HTTP/1.1" 200 30
192.168.10.199 - - [28/Mar/2022:09:53:06 -0300] "POST /cormun/servlet/solicitudotlog?d12ad8ca3af56fca99b78be199c1c87b,INS,2022,17882,0,REC,,gx-no-cache=1648471076763 HTTP/1.1" 200 93
192.168.10.199 - - [28/Mar/2022:09:53:06 -0300] "GET /cormun/servlet/hpexe_return? HTTP/1.1" 200 1044
192.168.10.199 - - [28/Mar/2022:09:53:06 -0300] "GET /cormun/servlet/trsolicitudgral?gx-no-cache=1648470451610 HTTP/1.1" 200 13426
192.168.10.199 - - [28/Mar/2022:09:53:07 -0300] "GET /cormun/servlet/trsolicitudgral?gx-no-cache=1648470451610 HTTP/1.1" 200 13443
190.171.152.242 - - [28/Mar/2022:09:53:07 -0300] "POST /cormun/servlet/solicitudot?gx-no-cache=1648471241662 HTTP/1.1" 200 1454
190.171.152.242 - - [28/Mar/2022:09:53:07 -0300] "POST /cormun/servlet/solicitudot?gx-no-cache=1648471241724 HTTP/1.1" 200 38
190.171.152.242 - - [28/Mar/2022:09:53:07 -0300] "GET /cormun/servlet/solicitudot?be4aa62728c3649176833e5355b88d797449b09cb3f35fceb0ecee248eb82c0b42b4b0aef841e4a1bfe315bad95a16263891f1d34ebd7aaad111d89a439c5277a8fa36c78903164a82bf81ebd463aa8807d74ae3516d3eca439190b931c731d016660c8e347574fb9a883bcdbdc37a04,gx-no-cache=1648471241762 HTTP/1.1" 200 110
190.171.152.242 - - [28/Mar/2022:09:53:07 -0300] "POST /cormun/servlet/solicitudot?gx-no-cache=1648471241789 HTTP/1.1" 200 97
186.103.156.166 - - [28/Mar/2022:09:53:09 -0300] "POST /cormun/servlet/solicitudot?gx-no-cache=1648471242388 HTTP/1.1" 200 1454
186.103.156.166 - - [28/Mar/2022:09:53:09 -0300] "GET /cormun/static/menuarrow.gif HTTP/1.1" 404 1015
192.168.10.199 - - [28/Mar/2022:09:53:10 -0300] "POST /cormun/servlet/trsolicitudgral?d12ad8ca3af56fca99b78be199c1c87b,gx-no-cache=1648470451610,gx-no-cache=1648471080643 HTTP/1.1" 200 116
192.168.10.199 - - [28/Mar/2022:09:53:10 -0300] "GET /cormun/servlet/solicitudotlog?INS,2022,17881,0,REC, HTTP/1.1" 200 5667
192.168.10.199 - - [28/Mar/2022:09:53:10 -0300] "GET /cormun/servlet/solicitudotlog?INS,2022,17881,0,REC, HTTP/1.1" 200 5646
192.168.10.199 - - [28/Mar/2022:09:53:11 -0300] "GET /cormun/servlet/solicitudotlog?f1d7a87a3c103b5b8ab377d2fac13911bae29dcff58f036fa6721d1926add6899266dc0267e458d167898181d4baf2e4de3cf388fd4183f9e5bc0658bcfcc6cffebdadac54c4da66d44792f7ca5c62515cda65e641210ebe3f6af5fbf749c8d11d43aa7498315108f56bde9c1fbfd92dcc1b2ee6264554c0f837b9c6d4697bd322b88ede873ba2364e12684dbd3e961859f62230d60ebdb05a2e1c69a537afa0,gx-no-cache=1648471081408 HTTP/1.1" 200 94
190.171.152.242 - - [28/Mar/2022:09:53:13 -0300] "GET /cormun/servlet/solicitudot?be4aa62728c3649176833e5355b88d79bae5daee5b8b2a746ecd5a290578e4df66978f68dfe00b2811e90b43379b635cf131a7a934bd2eecc98f718b119e220a611ef8d4c3419ad93fc6f9c624dbd2ba1534a3ba65e535b27abe063128449a148bd0373ae39f6a9c8cb24149287bc1215e6280047544ca20a8c5f6bf02090a470172c521d54827c692329d69865a2c7c7a41d7e37b2599863f30e36982047699,gx-no-cache=1648471247112 HTTP/1.1" 200 29
190.171.152.242 - - [28/Mar/2022:09:53:13 -0300] "GET /cormun/static/menuarrow.gif HTTP/1.1" 404 1015
192.168.10.199 - - [28/Mar/2022:09:53:16 -0300] "POST /cormun/servlet/solicitudotlog?d12ad8ca3af56fca99b78be199c1c87b,INS,2022,17881,0,REC,,gx-no-cache=1648471086751 HTTP/1.1" 200 93
192.168.10.199 - - [28/Mar/2022:09:53:16 -0300] "GET /cormun/servlet/hpexe_return? HTTP/1.1" 200 1044
192.168.10.199 - - [28/Mar/2022:09:53:16 -0300] "GET /cormun/servlet/trsolicitudgral?gx-no-cache=1648470451610 HTTP/1.1" 200 13022
192.168.10.17 - - [28/Mar/2022:09:53:16 -0300] "POST /cormun/servlet/trsolicitudgral?2576934d8e80cf7184754eb796749830,,gx-no-cache=1648471087106 HTTP/1.1" 200 7047
192.168.10.199 - - [28/Mar/2022:09:53:17 -0300] "GET /cormun/servlet/trsolicitudgral?gx-no-cache=1648470451610 HTTP/1.1" 200 13038
186.103.156.166 - - [28/Mar/2022:09:53:17 -0300] "GET /cormun/servlet/prfichaempleado?,MD,,gxPopupLevel%3D0%3B HTTP/1.1" 200 9233
190.171.152.242 - - [28/Mar/2022:09:53:21 -0300] "GET /cormun/servlet/solicitudot?be4aa62728c3649176833e5355b88d7905266f01cb417d152c7c4db06391f3877e5d3255d1f7797f4a9462c11fb13adf,gx-no-cache=1648471255757 HTTP/1.1" 200 30
192.168.10.17 - - [28/Mar/2022:09:53:22 -0300] "GET /cormun/servlet/vesolicitudgral?2022,18284,, HTTP/1.1" 200 8347
192.168.10.17 - - [28/Mar/2022:09:53:22 -0300] "GET /cormun/pexe_scrolldiv.js HTTP/1.1" 404 1009
192.168.10.17 - - [28/Mar/2022:09:53:22 -0300] "GET /cormun/servlet/vesolicitudgral?2022,18284,, HTTP/1.1" 200 8347
186.103.156.166 - - [28/Mar/2022:09:53:23 -0300] "POST /cormun/servlet/solicitudot?gx-no-cache=1648471256900 HTTP/1.1" 200 118
186.103.156.166 - - [28/Mar/2022:09:53:23 -0300] "GET /cormun/static/Shared/jqueryui/images/ui-bg_highlight-soft_100_c6c2c8_1x100.png HTTP/1.1" 404 1117
186.103.156.166 - - [28/Mar/2022:09:53:23 -0300] "GET /cormun/static/Shared/jqueryui/images/ui-icons_82798d_256x240.png HTTP/1.1" 404 1089
186.103.156.166 - - [28/Mar/2022:09:53:23 -0300] "GET /cormun/static/Shared/jqueryui/images/ui-bg_flat_55_994d53_40x100.png HTTP/1.1" 404 1097
186.103.156.166 - - [28/Mar/2022:09:53:23 -0300] "GET /cormun/static/Shared/jqueryui/images/ui-icons_ebccce_256x240.png HTTP/1.1" 404 1089
192.168.10.17 - - [28/Mar/2022:09:53:24 -0300] "GET /cormun/servlet/vesolicitudgral?2022,18284,,SolicitudOTAdjuntos HTTP/1.1" 200 7049
192.168.10.17 - - [28/Mar/2022:09:53:24 -0300] "GET /cormun/pexe_scrolldiv.js HTTP/1.1" 404 1009
192.168.10.17 - - [28/Mar/2022:09:53:24 -0300] "GET /cormun/servlet/vesolicitudgral?2022,18284,,SolicitudOTAdjuntos HTTP/1.1" 200 7050
192.168.10.17 - - [28/Mar/2022:09:53:25 -0300] "POST /cormun/servlet/acontrolpreferencessavestate?None,RRHH+DANIELA,true HTTP/1.1" 200 35
192.168.10.17 - - [28/Mar/2022:09:53:26 -0300] "GET /cormun/servlet/vesolicitudgral?2022,18284,, HTTP/1.1" 200 8347
192.168.10.17 - - [28/Mar/2022:09:53:26 -0300] "GET /cormun/servlet/vesolicitudgral?2022,18284,, HTTP/1.1" 200 8347
192.168.10.17 - - [28/Mar/2022:09:53:29 -0300] "GET /cormun/servlet/trsolicitudgral? HTTP/1.1" 200 10073
192.168.10.17 - - [28/Mar/2022:09:53:29 -0300] "GET /cormun/servlet/trsolicitudgral? HTTP/1.1" 200 10067
190.171.152.242 - - [28/Mar/2022:09:53:30 -0300] "POST /cormun/servlet/solicitudot?gx-no-cache=1648471263890 HTTP/1.1" 200 30
190.171.152.242 - - [28/Mar/2022:09:53:33 -0300] "POST /cormun/servlet/solicitudot?37a99d215fa544f665e74f721dc33ef6,INS,0,0,false,,gx-no-cache=1648471267345 HTTP/1.1" 200 93
190.171.152.242 - - [28/Mar/2022:09:53:33 -0300] "GET /cormun/servlet/hpexe_return? HTTP/1.1" 200 1012
190.171.152.242 - - [28/Mar/2022:09:53:34 -0300] "GET /cormun/servlet/trsolicitudot HTTP/1.1" 200 8625
190.171.152.242 - - [28/Mar/2022:09:53:34 -0300] "GET /cormun/servlet/trsolicitudot HTTP/1.1" 200 8621
190.171.152.242 - - [28/Mar/2022:09:53:37 -0300] "POST /cormun/servlet/trsolicitudot?37a99d215fa544f665e74f721dc33ef6,gx-no-cache=1648471270866 HTTP/1.1" 200 4569
190.171.152.242 - - [28/Mar/2022:09:53:37 -0300] "GET /cormun/static/Shared/jqueryui/images/ui-bg_highlight-soft_100_c6c2c8_1x100.png HTTP/1.1" 404 1117
190.171.152.242 - - [28/Mar/2022:09:53:37 -0300] "GET /cormun/static/Shared/jqueryui/images/ui-icons_82798d_256x240.png HTTP/1.1" 404 1089
190.171.152.242 - - [28/Mar/2022:09:53:37 -0300] "GET /cormun/static/Shared/jqueryui/images/ui-bg_flat_55_fafafa_40x100.png HTTP/1.1" 404 1097
190.171.152.242 - - [28/Mar/2022:09:53:37 -0300] "GET /cormun/static/Shared/jqueryui/images/ui-icons_8d78a5_256x240.png HTTP/1.1" 404 1089
190.171.152.242 - - [28/Mar/2022:09:53:37 -0300] "POST /cormun/servlet/trsolicitudot?37a99d215fa544f665e74f721dc33ef6,gx-no-cache=1648471271059 HTTP/1.1" 200 4342
186.103.159.189 - - [28/Mar/2022:09:53:48 -0300] "GET /cormun/servlet/permisogoce?22d2bfb0a5b4937cf27ffeb01c9f5a1b9f54b20adeafce9ddb7aec5b017320528edf1f882a7aee37d0146254bab44dff54332ca2dfd7a622e30cca673461dc68,gx-no-cache=1648471282319 HTTP/1.1" 200 226
186.103.159.189 - - [28/Mar/2022:09:53:48 -0300] "GET /cormun/static/Shared/jqueryui/images/ui-bg_highlight-soft_100_c6c2c8_1x100.png HTTP/1.1" 404 1117
186.103.159.189 - - [28/Mar/2022:09:53:48 -0300] "GET /cormun/static/Shared/jqueryui/images/ui-icons_82798d_256x240.png HTTP/1.1" 404 1089
186.103.159.189 - - [28/Mar/2022:09:53:48 -0300] "GET /cormun/static/Shared/jqueryui/images/ui-bg_flat_55_994d53_40x100.png HTTP/1.1" 404 1097
186.103.159.189 - - [28/Mar/2022:09:53:48 -0300] "GET /cormun/static/Shared/jqueryui/images/ui-icons_ebccce_256x240.png HTTP/1.1" 404 1089
186.103.159.189 - - [28/Mar/2022:09:53:50 -0300] "GET /cormun/static/menuarrow.gif HTTP/1.1" 404 1015
192.168.10.17 - - [28/Mar/2022:09:53:50 -0300] "GET /cormun/servlet/vesolicitudgral?2022,17909,, HTTP/1.1" 200 8374
192.168.10.17 - - [28/Mar/2022:09:53:50 -0300] "GET /cormun/pexe_scrolldiv.js HTTP/1.1" 404 1009
192.168.10.17 - - [28/Mar/2022:09:53:50 -0300] "GET /cormun/servlet/vesolicitudgral?2022,17909,, HTTP/1.1" 200 8374
192.168.10.17 - - [28/Mar/2022:09:53:51 -0300] "GET /cormun/servlet/vesolicitudgral?2022,17909,,SolicitudOTAdjuntos HTTP/1.1" 200 7049
192.168.10.17 - - [28/Mar/2022:09:53:51 -0300] "GET /cormun/pexe_scrolldiv.js HTTP/1.1" 404 1009
186.103.159.189 - - [28/Mar/2022:09:53:51 -0300] "GET /cormun/servlet/permisogoce?22d2bfb0a5b4937cf27ffeb01c9f5a1b9f54b20adeafce9ddb7aec5b017320528edf1f882a7aee37d0146254bab44dff54332ca2dfd7a622e30cca673461dc68,gx-no-cache=1648471285644 HTTP/1.1" 200 226
192.168.10.17 - - [28/Mar/2022:09:53:52 -0300] "GET /cormun/servlet/vesolicitudgral?2022,17909,,SolicitudOTAdjuntos HTTP/1.1" 200 7050
192.168.10.17 - - [28/Mar/2022:09:53:52 -0300] "POST /cormun/servlet/acontrolpreferencessavestate?None,RRHH+DANIELA,true HTTP/1.1" 200 35
192.168.10.17 - - [28/Mar/2022:09:53:54 -0300] "GET /cormun/servlet/vesolicitudgral?2022,17909,,General HTTP/1.1" 200 8380
192.168.10.17 - - [28/Mar/2022:09:53:54 -0300] "GET /cormun/pexe_scrolldiv.js HTTP/1.1" 404 1009
192.168.10.17 - - [28/Mar/2022:09:53:54 -0300] "GET /cormun/servlet/vesolicitudgral?2022,17909,,General HTTP/1.1" 200 8380
186.103.159.189 - - [28/Mar/2022:09:53:55 -0300] "GET /cormun/servlet/permisogoce?22d2bfb0a5b4937cf27ffeb01c9f5a1b8b5cd78c312198402dc3c4cad4a86ec1feb99e6c6e7ff0bb75f82dffff1b22a2190a99bcd3bcc0ff4f353dd21292d2c5,gx-no-cache=1648471288916 HTTP/1.1" 200 129
192.168.10.17 - - [28/Mar/2022:09:54:01 -0300] "GET /cormun/servlet/vesolicitudgral?2022,17909,,SolicitudOTAdjuntos HTTP/1.1" 200 7049
192.168.10.17 - - [28/Mar/2022:09:54:01 -0300] "GET /cormun/servlet/vesolicitudgral?2022,17909,,SolicitudOTAdjuntos HTTP/1.1" 200 7050
186.103.159.189 - - [28/Mar/2022:09:54:02 -0300] "GET /cormun/servlet/permisogoce?22d2bfb0a5b4937cf27ffeb01c9f5a1b8b5cd78c312198402dc3c4cad4a86ec1e318c19312750d139fd8a4e764614b43190a99bcd3bcc0ff4f353dd21292d2c5,gx-no-cache=1648471295876 HTTP/1.1" 200 47
192.168.10.17 - - [28/Mar/2022:09:54:02 -0300] "POST /cormun/servlet/acontrolpreferencessavestate?None,RRHH+DANIELA,true HTTP/1.1" 200 35
192.168.10.17 - - [28/Mar/2022:09:54:03 -0300] "GET /cormun/servlet/vesolicitudgral?2022,17909,, HTTP/1.1" 200 8374
192.168.10.17 - - [28/Mar/2022:09:54:03 -0300] "GET /cormun/servlet/vesolicitudgral?2022,17909,, HTTP/1.1" 200 8374
192.168.10.17 - - [28/Mar/2022:09:54:05 -0300] "GET /cormun/servlet/trsolicitudgral? HTTP/1.1" 200 10073
192.168.10.17 - - [28/Mar/2022:09:54:05 -0300] "GET /cormun/servlet/trsolicitudgral? HTTP/1.1" 200 10067
186.103.159.189 - - [28/Mar/2022:09:54:09 -0300] "GET /cormun/servlet/prfichaempleado?,MD,,gxPopupLevel%3D0%3B HTTP/1.1" 200 9312
192.168.10.199 - - [28/Mar/2022:09:54:11 -0300] "POST /cormun/servlet/trsolicitudgral?d12ad8ca3af56fca99b78be199c1c87b,gx-no-cache=1648470451610,gx-no-cache=1648471141306 HTTP/1.1" 200 116
192.168.10.199 - - [28/Mar/2022:09:54:11 -0300] "GET /cormun/servlet/solicitudotlog?INS,2022,17878,0,REC, HTTP/1.1" 200 5669
192.168.10.199 - - [28/Mar/2022:09:54:11 -0300] "GET /cormun/servlet/solicitudotlog?INS,2022,17878,0,REC, HTTP/1.1" 200 5647
192.168.10.199 - - [28/Mar/2022:09:54:11 -0300] "GET /cormun/servlet/solicitudotlog?f1d7a87a3c103b5b8ab377d2fac13911f24b62f2ccdfae90240f06c1d782f0f19266dc0267e458d167898181d4baf2e4de3cf388fd4183f9e5bc0658bcfcc6cffebdadac54c4da66d44792f7ca5c62515cda65e641210ebe3f6af5fbf749c8d11d43aa7498315108f56bde9c1fbfd92dcc1b2ee6264554c0f837b9c6d4697bd322b88ede873ba2364e12684dbd3e961859f62230d60ebdb05a2e1c69a537afa0,gx-no-cache=1648471142099 HTTP/1.1" 200 94
192.168.10.199 - - [28/Mar/2022:09:54:15 -0300] "POST /cormun/servlet/solicitudotlog?d12ad8ca3af56fca99b78be199c1c87b,INS,2022,17878,0,REC,,gx-no-cache=1648471145634 HTTP/1.1" 200 93
192.168.10.199 - - [28/Mar/2022:09:54:15 -0300] "GET /cormun/servlet/hpexe_return? HTTP/1.1" 200 1044
192.168.10.199 - - [28/Mar/2022:09:54:15 -0300] "GET /cormun/servlet/trsolicitudgral?gx-no-cache=1648470451610 HTTP/1.1" 200 12741
192.168.10.199 - - [28/Mar/2022:09:54:15 -0300] "GET /cormun/servlet/trsolicitudgral?gx-no-cache=1648470451610 HTTP/1.1" 200 12757
192.168.10.199 - - [28/Mar/2022:09:54:19 -0300] "POST /cormun/servlet/trsolicitudgral?d12ad8ca3af56fca99b78be199c1c87b,gx-no-cache=1648470451610,gx-no-cache=1648471150201 HTTP/1.1" 200 116
192.168.10.199 - - [28/Mar/2022:09:54:19 -0300] "GET /cormun/servlet/solicitudotlog?INS,2022,17877,0,REC, HTTP/1.1" 200 5669
192.168.10.199 - - [28/Mar/2022:09:54:20 -0300] "GET /cormun/servlet/solicitudotlog?INS,2022,17877,0,REC, HTTP/1.1" 200 5647
190.171.152.242 - - [28/Mar/2022:09:54:20 -0300] "GET /cormun/servlet/hlogin HTTP/1.1" 200 1747
192.168.10.199 - - [28/Mar/2022:09:54:20 -0300] "GET /cormun/servlet/solicitudotlog?f1d7a87a3c103b5b8ab377d2fac13911f856d64db0dbdd2a098ee0a89949ffcb9266dc0267e458d167898181d4baf2e4de3cf388fd4183f9e5bc0658bcfcc6cffebdadac54c4da66d44792f7ca5c62515cda65e641210ebe3f6af5fbf749c8d11d43aa7498315108f56bde9c1fbfd92dcc1b2ee6264554c0f837b9c6d4697bd322b88ede873ba2364e12684dbd3e961859f62230d60ebdb05a2e1c69a537afa0,gx-no-cache=1648471150979 HTTP/1.1" 200 94
190.171.152.242 - - [28/Mar/2022:09:54:24 -0300] "POST /cormun/servlet/hlogin?37a99d215fa544f665e74f721dc33ef6,gx-no-cache=1648471318111 HTTP/1.1" 200 90
190.171.152.242 - - [28/Mar/2022:09:54:24 -0300] "GET /cormun/servlet/hpexe_link HTTP/1.1" 200 956
190.171.152.242 - - [28/Mar/2022:09:54:24 -0300] "GET /cormun/servlet/hhome HTTP/1.1" 200 4096
192.168.10.199 - - [28/Mar/2022:09:54:24 -0300] "POST /cormun/servlet/solicitudotlog?d12ad8ca3af56fca99b78be199c1c87b,INS,2022,17877,0,REC,,gx-no-cache=1648471154791 HTTP/1.1" 200 93
192.168.10.199 - - [28/Mar/2022:09:54:24 -0300] "GET /cormun/servlet/hpexe_return? HTTP/1.1" 200 1044
190.171.152.242 - - [28/Mar/2022:09:54:24 -0300] "GET /cormun/servlet/hhome HTTP/1.1" 200 4092
192.168.10.199 - - [28/Mar/2022:09:54:24 -0300] "GET /cormun/servlet/trsolicitudgral?gx-no-cache=1648470451610 HTTP/1.1" 200 12307
192.168.10.199 - - [28/Mar/2022:09:54:25 -0300] "GET /cormun/servlet/trsolicitudgral?gx-no-cache=1648470451610 HTTP/1.1" 200 12325
45.155.204.146 - - [28/Mar/2022:09:54:28 -0300] "GET /manager/html HTTP/1.1" 401 2474
186.103.159.189 - - [28/Mar/2022:09:54:28 -0300] "GET /cormun/servlet/permisogoce?22d2bfb0a5b4937cf27ffeb01c9f5a1b9f54b20adeafce9ddb7aec5b017320528edf1f882a7aee37d0146254bab44dff54332ca2dfd7a622e30cca673461dc68,gx-no-cache=1648471322380 HTTP/1.1" 200 226
186.103.159.189 - - [28/Mar/2022:09:54:28 -0300] "POST /cormun/servlet/permisogoce?478bd5e1f8f08981938c65f83017635c,INS,0,,,,gx-no-cache=1648471322487 HTTP/1.1" 200 4486
190.171.152.242 - - [28/Mar/2022:09:54:29 -0300] "GET /cormun/servlet/trautorizarsolicitud? HTTP/1.1" 200 8583
192.168.10.199 - - [28/Mar/2022:09:54:29 -0300] "POST /cormun/servlet/trsolicitudgral?d12ad8ca3af56fca99b78be199c1c87b,gx-no-cache=1648470451610,gx-no-cache=1648471159451 HTTP/1.1" 200 7799
190.171.152.242 - - [28/Mar/2022:09:54:29 -0300] "GET /cormun/servlet/trautorizarsolicitud? HTTP/1.1" 200 8581
190.171.152.242 - - [28/Mar/2022:09:54:32 -0300] "POST /cormun/servlet/trautorizarsolicitud?37a99d215fa544f665e74f721dc33ef6,,gx-no-cache=1648471326105 HTTP/1.1" 200 4764
190.171.152.242 - - [28/Mar/2022:09:54:32 -0300] "GET /cormun/static/Shared/jqueryui/images/ui-bg_highlight-soft_100_c6c2c8_1x100.png HTTP/1.1" 404 1117
190.171.152.242 - - [28/Mar/2022:09:54:32 -0300] "GET /cormun/static/Shared/jqueryui/images/ui-icons_82798d_256x240.png HTTP/1.1" 404 1089
190.171.152.242 - - [28/Mar/2022:09:54:32 -0300] "GET /cormun/static/Shared/jqueryui/images/ui-bg_flat_55_fafafa_40x100.png HTTP/1.1" 404 1097
190.171.152.242 - - [28/Mar/2022:09:54:32 -0300] "GET /cormun/static/Shared/jqueryui/images/ui-icons_8d78a5_256x240.png HTTP/1.1" 404 1089
190.171.152.242 - - [28/Mar/2022:09:54:32 -0300] "POST /cormun/servlet/trautorizarsolicitud?37a99d215fa544f665e74f721dc33ef6,,gx-no-cache=1648471326287 HTTP/1.1" 200 4538
186.103.159.189 - - [28/Mar/2022:09:54:38 -0300] "GET /cormun/servlet/puconsultapgoce?180743200,MD,gxPopupLevel%3D0%3B HTTP/1.1" 200 3747
186.103.159.189 - - [28/Mar/2022:09:54:38 -0300] "GET /cormun/static/gxcfg.js?2020121674770 HTTP/1.1" 200 953
186.103.159.189 - - [28/Mar/2022:09:54:38 -0300] "GET /cormun/pexe_grid.js HTTP/1.1" 404 999
186.103.159.189 - - [28/Mar/2022:09:54:38 -0300] "GET /cormun/pexe_windows.js HTTP/1.1" 404 1005
186.103.159.189 - - [28/Mar/2022:09:54:38 -0300] "GET /cormun/pexe_menus.js HTTP/1.1" 404 1001
