181.212.42.153 - - [28/Mar/2022:10:12:13 -0300] "GET /cormun/servlet/solicitudotadjuntos?d405e5f64a46d5dde1e0c64c4f4e8f50fe9cac89c86149ac3e753a13bb145430b7f338c090d1de691378e26af4c3c2e6,gx-no-cache=1648472746701 HTTP/1.1" 200 30
181.212.42.153 - - [28/Mar/2022:10:12:13 -0300] "POST /cormun/servlet/solicitudotadjuntos?d213b7e314acd14315cfd715e5a24085,INS,2022,18320,,1,,gx-no-cache=1648472746720 HTTP/1.1" 200 3901
181.212.42.153 - - [28/Mar/2022:10:12:14 -0300] "POST /cormun/servlet/solicitudotadjuntos?gx-no-cache=1648472748079 HTTP/1.1" 200 26
190.171.141.106 - - [28/Mar/2022:10:12:27 -0300] "POST /cormun/servlet/trautorizarsolicitud?54c35d379070320060333096378dbaf0,gx-no-cache=1648472401680 HTTP/1.1" 200 4523
190.171.141.106 - - [28/Mar/2022:10:12:28 -0300] "POST /cormun/servlet/trautorizarsolicitud?54c35d379070320060333096378dbaf0,gx-no-cache=1648472401889 HTTP/1.1" 200 4272
181.212.42.153 - - [28/Mar/2022:10:12:50 -0300] "GET /cormun/servlet/solicitudotadjuntos?d405e5f64a46d5dde1e0c64c4f4e8f505be0ba821868debf925cf17bbf61c4d4,gx-no-cache=1648472784249 HTTP/1.1" 200 30
181.212.42.153 - - [28/Mar/2022:10:12:50 -0300] "GET /cormun/servlet/solicitudotadjuntos?d405e5f64a46d5dde1e0c64c4f4e8f505be0ba821868debf925cf17bbf61c4d4,gx-no-cache=1648472784300 HTTP/1.1" 200 30
181.212.42.153 - - [28/Mar/2022:10:12:51 -0300] "POST /cormun/servlet/solicitudotadjuntos?d213b7e314acd14315cfd715e5a24085,INS,2022,18320,,1, HTTP/1.1" 200 116
181.212.42.153 - - [28/Mar/2022:10:12:51 -0300] "GET /cormun/servlet/hpexe_return? HTTP/1.1" 200 1030
181.212.42.153 - - [28/Mar/2022:10:12:51 -0300] "GET /cormun/servlet/trsolicitudadjuntos?2022,18320, HTTP/1.1" 200 8838
181.212.42.153 - - [28/Mar/2022:10:12:51 -0300] "GET /cormun/servlet/trsolicitudadjuntos?2022,18320, HTTP/1.1" 200 8834
181.212.42.153 - - [28/Mar/2022:10:12:53 -0300] "GET /cormun/servlet/solicitudotadjuntos?INS,2022,18320,,1, HTTP/1.1" 200 6020
181.212.42.153 - - [28/Mar/2022:10:12:53 -0300] "GET /cormun/static/about:blank HTTP/1.1" 404 1011
181.212.42.153 - - [28/Mar/2022:10:12:53 -0300] "GET /cormun/servlet/solicitudotadjuntos?INS,2022,18320,,1, HTTP/1.1" 200 6014
181.212.42.153 - - [28/Mar/2022:10:12:53 -0300] "GET /cormun/servlet/solicitudotadjuntos?d405e5f64a46d5dde1e0c64c4f4e8f50fe9cac89c86149ac3e753a13bb145430b7f338c090d1de691378e26af4c3c2e6,gx-no-cache=1648472787434 HTTP/1.1" 200 30
181.212.42.153 - - [28/Mar/2022:10:12:54 -0300] "POST /cormun/servlet/solicitudotadjuntos?d213b7e314acd14315cfd715e5a24085,INS,2022,18320,,1,,gx-no-cache=1648472787455 HTTP/1.1" 200 3901
181.212.42.153 - - [28/Mar/2022:10:12:55 -0300] "POST /cormun/servlet/solicitudotadjuntos?gx-no-cache=1648472788936 HTTP/1.1" 200 26
45.155.204.146 - - [28/Mar/2022:10:13:14 -0300] "GET /manager/html HTTP/1.1" 401 2474
190.171.141.90 - - [28/Mar/2022:10:13:19 -0300] "GET /cormun/servlet/licenciaspermisos?DSP,8623618,L,20220328000000, HTTP/1.1" 200 7067
190.171.141.90 - - [28/Mar/2022:10:13:20 -0300] "GET /cormun/servlet/licenciaspermisos?DSP,8623618,L,20220328000000, HTTP/1.1" 200 7067
190.171.141.90 - - [28/Mar/2022:10:13:25 -0300] "GET /cormun/servlet/trlicencias? HTTP/1.1" 200 16941
190.171.141.90 - - [28/Mar/2022:10:13:26 -0300] "GET /cormun/servlet/trlicencias? HTTP/1.1" 200 16929
192.168.10.17 - - [28/Mar/2022:10:13:31 -0300] "POST /cormun/servlet/trsolicitudgral?2576934d8e80cf7184754eb796749830,,gx-no-cache=1648472301194 HTTP/1.1" 200 5271
190.171.141.90 - - [28/Mar/2022:10:13:44 -0300] "GET /cormun/servlet/licenciaspermisos?DSP,10142483,L,20220325000000, HTTP/1.1" 200 7053
190.171.141.90 - - [28/Mar/2022:10:13:44 -0300] "GET /cormun/servlet/licenciaspermisos?DSP,10142483,L,20220325000000, HTTP/1.1" 200 7052
192.168.10.17 - - [28/Mar/2022:10:13:45 -0300] "POST /cormun/servlet/trsolicitudgral?2576934d8e80cf7184754eb796749830,,gx-no-cache=1648472315412 HTTP/1.1" 200 5271
181.212.42.153 - - [28/Mar/2022:10:13:46 -0300] "GET /cormun/servlet/solicitudotadjuntos?d405e5f64a46d5dde1e0c64c4f4e8f505be0ba821868debf925cf17bbf61c4d4,gx-no-cache=1648472840125 HTTP/1.1" 200 30
181.212.42.153 - - [28/Mar/2022:10:13:46 -0300] "GET /cormun/servlet/solicitudotadjuntos?d405e5f64a46d5dde1e0c64c4f4e8f505be0ba821868debf925cf17bbf61c4d4,gx-no-cache=1648472840142 HTTP/1.1" 200 30
181.212.42.153 - - [28/Mar/2022:10:13:46 -0300] "POST /cormun/servlet/solicitudotadjuntos?d213b7e314acd14315cfd715e5a24085,INS,2022,18320,,1, HTTP/1.1" 200 116
181.212.42.153 - - [28/Mar/2022:10:13:46 -0300] "GET /cormun/servlet/hpexe_return? HTTP/1.1" 200 1030
181.212.42.153 - - [28/Mar/2022:10:13:47 -0300] "GET /cormun/servlet/trsolicitudadjuntos?2022,18320, HTTP/1.1" 200 9078
181.212.42.153 - - [28/Mar/2022:10:13:47 -0300] "GET /cormun/servlet/trsolicitudadjuntos?2022,18320, HTTP/1.1" 200 9077
181.212.42.153 - - [28/Mar/2022:10:13:48 -0300] "GET /cormun/servlet/solicitudotadjuntos?INS,2022,18320,,1, HTTP/1.1" 200 6020
181.212.42.153 - - [28/Mar/2022:10:13:49 -0300] "GET /cormun/static/about:blank HTTP/1.1" 404 1011
181.212.42.153 - - [28/Mar/2022:10:13:49 -0300] "GET /cormun/servlet/solicitudotadjuntos?INS,2022,18320,,1, HTTP/1.1" 200 6014
190.171.141.90 - - [28/Mar/2022:10:13:49 -0300] "GET /cormun/servlet/trlicencias? HTTP/1.1" 200 16939
181.212.42.153 - - [28/Mar/2022:10:13:49 -0300] "GET /cormun/servlet/solicitudotadjuntos?d405e5f64a46d5dde1e0c64c4f4e8f50fe9cac89c86149ac3e753a13bb145430b7f338c090d1de691378e26af4c3c2e6,gx-no-cache=1648472843081 HTTP/1.1" 200 30
181.212.42.153 - - [28/Mar/2022:10:13:49 -0300] "POST /cormun/servlet/solicitudotadjuntos?d213b7e314acd14315cfd715e5a24085,INS,2022,18320,,1,,gx-no-cache=1648472843097 HTTP/1.1" 200 3901
190.171.141.90 - - [28/Mar/2022:10:13:50 -0300] "GET /cormun/servlet/trlicencias? HTTP/1.1" 200 16939
181.212.42.153 - - [28/Mar/2022:10:13:52 -0300] "POST /cormun/servlet/solicitudotadjuntos?gx-no-cache=1648472845444 HTTP/1.1" 200 26
181.212.42.153 - - [28/Mar/2022:10:13:58 -0300] "GET /cormun/servlet/solicitudotadjuntos?d405e5f64a46d5dde1e0c64c4f4e8f505be0ba821868debf925cf17bbf61c4d4,gx-no-cache=1648472851776 HTTP/1.1" 200 30
181.212.42.153 - - [28/Mar/2022:10:13:58 -0300] "GET /cormun/servlet/solicitudotadjuntos?d405e5f64a46d5dde1e0c64c4f4e8f505be0ba821868debf925cf17bbf61c4d4,gx-no-cache=1648472851877 HTTP/1.1" 200 30
181.212.42.153 - - [28/Mar/2022:10:13:58 -0300] "POST /cormun/servlet/solicitudotadjuntos?d213b7e314acd14315cfd715e5a24085,INS,2022,18320,,1, HTTP/1.1" 200 116
181.212.42.153 - - [28/Mar/2022:10:13:59 -0300] "GET /cormun/servlet/hpexe_return? HTTP/1.1" 200 1030
181.212.42.153 - - [28/Mar/2022:10:13:59 -0300] "GET /cormun/servlet/trsolicitudadjuntos?2022,18320, HTTP/1.1" 200 9255
190.171.141.90 - - [28/Mar/2022:10:13:59 -0300] "POST /cormun/servlet/trlicencias?c244e314c93f17503dd58f22b34b5793,,gx-no-cache=1648472500296 HTTP/1.1" 200 5975
181.212.42.153 - - [28/Mar/2022:10:13:59 -0300] "GET /cormun/servlet/trsolicitudadjuntos?2022,18320, HTTP/1.1" 200 9253
181.212.42.153 - - [28/Mar/2022:10:14:39 -0300] "GET /cormun/servlet/solicitudotadjuntos?INS,2022,18320,,1, HTTP/1.1" 200 6021
181.212.42.153 - - [28/Mar/2022:10:14:39 -0300] "GET /cormun/static/about:blank HTTP/1.1" 404 1011
181.212.42.153 - - [28/Mar/2022:10:14:39 -0300] "GET /cormun/servlet/solicitudotadjuntos?INS,2022,18320,,1, HTTP/1.1" 200 6014
181.212.42.153 - - [28/Mar/2022:10:14:40 -0300] "GET /cormun/servlet/solicitudotadjuntos?d405e5f64a46d5dde1e0c64c4f4e8f50fe9cac89c86149ac3e753a13bb145430b7f338c090d1de691378e26af4c3c2e6,gx-no-cache=1648472893874 HTTP/1.1" 200 30
181.212.42.153 - - [28/Mar/2022:10:14:40 -0300] "POST /cormun/servlet/solicitudotadjuntos?d213b7e314acd14315cfd715e5a24085,INS,2022,18320,,1,,gx-no-cache=1648472893896 HTTP/1.1" 200 3901
181.212.42.153 - - [28/Mar/2022:10:14:42 -0300] "POST /cormun/servlet/solicitudotadjuntos?gx-no-cache=1648472895743 HTTP/1.1" 200 26
181.212.42.153 - - [28/Mar/2022:10:14:47 -0300] "GET /cormun/servlet/solicitudotadjuntos?d405e5f64a46d5dde1e0c64c4f4e8f505be0ba821868debf925cf17bbf61c4d4,gx-no-cache=1648472901128 HTTP/1.1" 200 30
181.212.42.153 - - [28/Mar/2022:10:14:47 -0300] "GET /cormun/servlet/solicitudotadjuntos?d405e5f64a46d5dde1e0c64c4f4e8f505be0ba821868debf925cf17bbf61c4d4,gx-no-cache=1648472901138 HTTP/1.1" 200 30
181.212.42.153 - - [28/Mar/2022:10:14:48 -0300] "POST /cormun/servlet/solicitudotadjuntos?d213b7e314acd14315cfd715e5a24085,INS,2022,18320,,1, HTTP/1.1" 200 116
181.212.42.153 - - [28/Mar/2022:10:14:48 -0300] "GET /cormun/servlet/hpexe_return? HTTP/1.1" 200 1030
181.212.42.153 - - [28/Mar/2022:10:14:48 -0300] "GET /cormun/servlet/trsolicitudadjuntos?2022,18320, HTTP/1.1" 200 9558
181.212.42.153 - - [28/Mar/2022:10:14:49 -0300] "GET /cormun/servlet/trsolicitudadjuntos?2022,18320, HTTP/1.1" 200 9556
181.212.42.153 - - [28/Mar/2022:10:14:50 -0300] "GET /cormun/servlet/solicitudotadjuntos?INS,2022,18320,,1, HTTP/1.1" 200 6021
181.212.42.153 - - [28/Mar/2022:10:14:50 -0300] "GET /cormun/static/about:blank HTTP/1.1" 404 1011
181.212.42.153 - - [28/Mar/2022:10:14:51 -0300] "GET /cormun/servlet/solicitudotadjuntos?INS,2022,18320,,1, HTTP/1.1" 200 6014
181.212.42.153 - - [28/Mar/2022:10:14:51 -0300] "GET /cormun/servlet/solicitudotadjuntos?d405e5f64a46d5dde1e0c64c4f4e8f50fe9cac89c86149ac3e753a13bb145430b7f338c090d1de691378e26af4c3c2e6,gx-no-cache=1648472904925 HTTP/1.1" 200 30
181.212.42.153 - - [28/Mar/2022:10:14:51 -0300] "POST /cormun/servlet/solicitudotadjuntos?d213b7e314acd14315cfd715e5a24085,INS,2022,18320,,1,,gx-no-cache=1648472904975 HTTP/1.1" 200 3901
181.212.42.153 - - [28/Mar/2022:10:14:53 -0300] "POST /cormun/servlet/solicitudotadjuntos?gx-no-cache=1648472906527 HTTP/1.1" 200 26
192.168.10.17 - - [28/Mar/2022:10:14:54 -0300] "POST /cormun/servlet/trsolicitudgral?2576934d8e80cf7184754eb796749830,,gx-no-cache=1648472384947 HTTP/1.1" 200 5272
181.212.42.153 - - [28/Mar/2022:10:14:57 -0300] "GET /cormun/servlet/solicitudotadjuntos?d405e5f64a46d5dde1e0c64c4f4e8f505be0ba821868debf925cf17bbf61c4d4,gx-no-cache=1648472911356 HTTP/1.1" 200 30
181.212.42.153 - - [28/Mar/2022:10:14:57 -0300] "GET /cormun/servlet/solicitudotadjuntos?d405e5f64a46d5dde1e0c64c4f4e8f505be0ba821868debf925cf17bbf61c4d4,gx-no-cache=1648472911369 HTTP/1.1" 200 30
181.212.42.153 - - [28/Mar/2022:10:14:58 -0300] "POST /cormun/servlet/solicitudotadjuntos?d213b7e314acd14315cfd715e5a24085,INS,2022,18320,,1, HTTP/1.1" 200 116
181.212.42.153 - - [28/Mar/2022:10:14:58 -0300] "GET /cormun/servlet/hpexe_return? HTTP/1.1" 200 1030
181.212.42.153 - - [28/Mar/2022:10:14:58 -0300] "GET /cormun/servlet/trsolicitudadjuntos?2022,18320, HTTP/1.1" 200 9883
181.212.42.153 - - [28/Mar/2022:10:14:58 -0300] "GET /cormun/servlet/trsolicitudadjuntos?2022,18320, HTTP/1.1" 200 9880
64.31.7.206 - - [28/Mar/2022:10:14:59 -0300] "GET / HTTP/1.1" 200 11217
181.212.42.153 - - [28/Mar/2022:10:15:00 -0300] "GET /cormun/servlet/solicitudotadjuntos?INS,2022,18320,,1, HTTP/1.1" 200 6021
181.212.42.153 - - [28/Mar/2022:10:15:00 -0300] "GET /cormun/static/about:blank HTTP/1.1" 404 1011
181.212.42.153 - - [28/Mar/2022:10:15:00 -0300] "GET /cormun/servlet/solicitudotadjuntos?INS,2022,18320,,1, HTTP/1.1" 200 6014
192.168.10.17 - - [28/Mar/2022:10:15:00 -0300] "POST /cormun/servlet/trsolicitudgral?2576934d8e80cf7184754eb796749830,,gx-no-cache=1648472391163 HTTP/1.1" 200 5271
181.212.42.153 - - [28/Mar/2022:10:15:00 -0300] "GET /cormun/servlet/solicitudotadjuntos?d405e5f64a46d5dde1e0c64c4f4e8f50fe9cac89c86149ac3e753a13bb145430b7f338c090d1de691378e26af4c3c2e6,gx-no-cache=1648472914393 HTTP/1.1" 200 30
181.212.42.153 - - [28/Mar/2022:10:15:01 -0300] "POST /cormun/servlet/solicitudotadjuntos?d213b7e314acd14315cfd715e5a24085,INS,2022,18320,,1,,gx-no-cache=1648472914446 HTTP/1.1" 200 3901
181.212.42.153 - - [28/Mar/2022:10:15:02 -0300] "POST /cormun/servlet/solicitudotadjuntos?gx-no-cache=1648472916052 HTTP/1.1" 200 26
45.155.204.146 - - [28/Mar/2022:10:15:03 -0300] "GET /manager/html HTTP/1.1" 401 2474
190.171.141.90 - - [28/Mar/2022:10:15:04 -0300] "POST /cormun/servlet/trlicencias?c244e314c93f17503dd58f22b34b5793,,gx-no-cache=1648472565419 HTTP/1.1" 200 4159
181.212.42.153 - - [28/Mar/2022:10:15:06 -0300] "GET /cormun/servlet/solicitudotadjuntos?d405e5f64a46d5dde1e0c64c4f4e8f505be0ba821868debf925cf17bbf61c4d4,gx-no-cache=1648472919464 HTTP/1.1" 200 30
181.212.42.153 - - [28/Mar/2022:10:15:06 -0300] "GET /cormun/servlet/solicitudotadjuntos?d405e5f64a46d5dde1e0c64c4f4e8f505be0ba821868debf925cf17bbf61c4d4,gx-no-cache=1648472919474 HTTP/1.1" 200 30
181.212.42.153 - - [28/Mar/2022:10:15:06 -0300] "POST /cormun/servlet/solicitudotadjuntos?d213b7e314acd14315cfd715e5a24085,INS,2022,18320,,1, HTTP/1.1" 200 116
181.212.42.153 - - [28/Mar/2022:10:15:06 -0300] "GET /cormun/servlet/hpexe_return? HTTP/1.1" 200 1030
181.212.42.153 - - [28/Mar/2022:10:15:06 -0300] "GET /cormun/servlet/trsolicitudadjuntos?2022,18320, HTTP/1.1" 200 10032
192.168.10.17 - - [28/Mar/2022:10:15:06 -0300] "POST /cormun/servlet/trsolicitudgral?2576934d8e80cf7184754eb796749830,,gx-no-cache=1648472395091 HTTP/1.1" 200 26304
181.212.42.153 - - [28/Mar/2022:10:15:07 -0300] "GET /cormun/servlet/trsolicitudadjuntos?2022,18320, HTTP/1.1" 200 10030
190.171.141.114 - - [28/Mar/2022:10:15:07 -0300] "GET /cormun/servlet/trlicencias? HTTP/1.1" 200 9397
190.171.141.114 - - [28/Mar/2022:10:15:07 -0300] "GET /cormun/static/gxcfg.js?2020121613995 HTTP/1.1" 200 953
190.171.141.114 - - [28/Mar/2022:10:15:07 -0300] "GET /cormun/static/trlicencias.js?202012162481 HTTP/1.1" 200 41883
190.171.141.114 - - [28/Mar/2022:10:15:07 -0300] "GET /cormun/servlet/hlogin HTTP/1.1" 200 1739
190.171.141.114 - - [28/Mar/2022:10:15:07 -0300] "GET /cormun/servlet/trlicencias? HTTP/1.1" 200 9393
181.212.42.153 - - [28/Mar/2022:10:15:08 -0300] "GET /cormun/servlet/trsolicitudot? HTTP/1.1" 200 8501
181.212.42.153 - - [28/Mar/2022:10:15:09 -0300] "GET /cormun/servlet/trsolicitudot? HTTP/1.1" 200 8494
181.212.42.153 - - [28/Mar/2022:10:15:12 -0300] "POST /cormun/servlet/trsolicitudot?d213b7e314acd14315cfd715e5a24085,,gx-no-cache=1648472925434 HTTP/1.1" 200 4323
181.212.42.153 - - [28/Mar/2022:10:15:12 -0300] "GET /cormun/static/Shared/jqueryui/images/ui-bg_highlight-soft_100_c6c2c8_1x100.png HTTP/1.1" 404 1117
181.212.42.153 - - [28/Mar/2022:10:15:12 -0300] "GET /cormun/static/Shared/jqueryui/images/ui-icons_8d78a5_256x240.png HTTP/1.1" 404 1089
181.212.42.153 - - [28/Mar/2022:10:15:12 -0300] "GET /cormun/static/Shared/jqueryui/images/ui-icons_82798d_256x240.png HTTP/1.1" 404 1089
181.212.42.153 - - [28/Mar/2022:10:15:12 -0300] "GET /cormun/static/Shared/jqueryui/images/ui-bg_flat_55_fafafa_40x100.png HTTP/1.1" 404 1097
181.212.42.153 - - [28/Mar/2022:10:15:12 -0300] "POST /cormun/servlet/trsolicitudot?d213b7e314acd14315cfd715e5a24085,,gx-no-cache=1648472925625 HTTP/1.1" 200 4082
181.212.42.153 - - [28/Mar/2022:10:15:13 -0300] "GET /cormun/servlet/trsolicitudot? HTTP/1.1" 200 7011
181.212.42.153 - - [28/Mar/2022:10:15:14 -0300] "GET /cormun/servlet/trsolicitudot? HTTP/1.1" 200 7011
181.212.42.153 - - [28/Mar/2022:10:15:15 -0300] "GET /cormun/servlet/hlogin HTTP/1.1" 200 1747
190.171.141.90 - - [28/Mar/2022:10:15:16 -0300] "POST /cormun/servlet/trlicencias?c244e314c93f17503dd58f22b34b5793,,gx-no-cache=1648472577795 HTTP/1.1" 200 15064
190.171.141.114 - - [28/Mar/2022:10:15:18 -0300] "POST /cormun/servlet/hlogin?57b6f6247c6cbc64c45737e6a5ed4b61,gx-no-cache=1648472572610 HTTP/1.1" 200 90
190.171.141.114 - - [28/Mar/2022:10:15:18 -0300] "GET /cormun/servlet/hpexe_link HTTP/1.1" 200 954
190.171.141.114 - - [28/Mar/2022:10:15:19 -0300] "GET /cormun/servlet/trlicencias HTTP/1.1" 200 8489
190.171.141.114 - - [28/Mar/2022:10:15:19 -0300] "GET /cormun/servlet/trlicencias HTTP/1.1" 200 8487
181.212.42.153 - - [28/Mar/2022:10:15:23 -0300] "POST /cormun/servlet/hlogin?d213b7e314acd14315cfd715e5a24085,gx-no-cache=1648472936661 HTTP/1.1" 200 90
181.212.42.153 - - [28/Mar/2022:10:15:23 -0300] "GET /cormun/servlet/hpexe_link HTTP/1.1" 200 956
181.212.42.153 - - [28/Mar/2022:10:15:23 -0300] "GET /cormun/servlet/hhome HTTP/1.1" 200 4341
181.212.42.153 - - [28/Mar/2022:10:15:23 -0300] "GET /cormun/servlet/hhome HTTP/1.1" 200 4339
190.171.141.114 - - [28/Mar/2022:10:15:25 -0300] "GET /cormun/servlet/trlicencias? HTTP/1.1" 200 8487
190.171.141.114 - - [28/Mar/2022:10:15:26 -0300] "GET /cormun/servlet/trlicencias? HTTP/1.1" 200 8487
192.168.10.17 - - [28/Mar/2022:10:15:44 -0300] "POST /cormun/servlet/trsolicitudgral?2576934d8e80cf7184754eb796749830,,gx-no-cache=1648472432942 HTTP/1.1" 200 24676
190.171.141.90 - - [28/Mar/2022:10:15:53 -0300] "POST /cormun/servlet/trlicencias?c244e314c93f17503dd58f22b34b5793,,gx-no-cache=1648472614110 HTTP/1.1" 200 5397
192.168.10.17 - - [28/Mar/2022:10:16:03 -0300] "GET /cormun/servlet/vesolicitudgral?2022,17978,, HTTP/1.1" 200 8370
192.168.10.17 - - [28/Mar/2022:10:16:03 -0300] "GET /cormun/pexe_scrolldiv.js HTTP/1.1" 404 1009
192.168.10.17 - - [28/Mar/2022:10:16:03 -0300] "GET /cormun/servlet/vesolicitudgral?2022,17978,, HTTP/1.1" 200 8370
190.171.152.138 - - [28/Mar/2022:10:16:21 -0300] "GET /cormun/servlet/prfichaempleado?,MD,,gxPopupLevel%3D0%3B HTTP/1.1" 200 9233
190.171.141.90 - - [28/Mar/2022:10:16:25 -0300] "POST /cormun/servlet/trlicencias?c244e314c93f17503dd58f22b34b5793,,gx-no-cache=1648472646602 HTTP/1.1" 200 5399
190.171.152.138 - - [28/Mar/2022:10:16:35 -0300] "POST /cormun/servlet/prfichaempleado?daa00b64445a7e67c2c5c1e2e127bb0e,,MD,,gxPopupLevel%3D0%3B,gx-no-cache=1648472648894 HTTP/1.1" 200 3462
190.171.152.138 - - [28/Mar/2022:10:16:40 -0300] "POST /cormun/servlet/solicitudot?gx-no-cache=1648472654086 HTTP/1.1" 200 1454
45.155.204.146 - - [28/Mar/2022:10:16:55 -0300] "GET /manager/html HTTP/1.1" 401 2474
190.171.152.138 - - [28/Mar/2022:10:16:56 -0300] "POST /cormun/servlet/solicitudot?gx-no-cache=1648472669904 HTTP/1.1" 200 118
190.171.152.138 - - [28/Mar/2022:10:16:56 -0300] "GET /cormun/servlet/solicitudot?dfb7d283c2cd05ed416860e7ebc285fce39dced4500f998ae599f6d6d362d1a970d80ddcb2112673b0ef9917cd8aba84b18365c151afe9c41cf4d38b7b7428498b19a0a10a95c770e3bee26644e592067527d6806c07247836fdcf0c343ae418f318824f21def50aff4b7b3eb482a710,gx-no-cache=1648472670307 HTTP/1.1" 200 110
190.171.152.138 - - [28/Mar/2022:10:16:56 -0300] "POST /cormun/servlet/solicitudot?gx-no-cache=1648472670361 HTTP/1.1" 200 97
190.171.152.138 - - [28/Mar/2022:10:16:57 -0300] "GET /cormun/servlet/solicitudot?dfb7d283c2cd05ed416860e7ebc285fc0cb78b4df0f5d4bfc6e0496b570ef9c6aaec223dff5ce0fbf5b7daee7ecf288e6f07ba4ad33fb3d25bd9c3cb873d9bc74016fd842ba5d492f64b90a3a83ef1f6329977e7890e46abc8120cf3d96a3edf24558e55216ea2748055b3d8d8ae82c9,gx-no-cache=1648472670420 HTTP/1.1" 200 29
190.171.141.90 - - [28/Mar/2022:10:16:59 -0300] "POST /cormun/servlet/trlicencias?c244e314c93f17503dd58f22b34b5793,,gx-no-cache=1648472680290 HTTP/1.1" 200 5408
190.171.152.138 - - [28/Mar/2022:10:17:03 -0300] "POST /cormun/servlet/solicitudot?gx-no-cache=1648472677350 HTTP/1.1" 200 118
190.171.152.138 - - [28/Mar/2022:10:17:04 -0300] "GET /cormun/servlet/solicitudot?dfb7d283c2cd05ed416860e7ebc285fce39dced4500f998ae599f6d6d362d1a970d80ddcb2112673b0ef9917cd8aba84b18365c151afe9c41cf4d38b7b7428498b19a0a10a95c770e3bee26644e592067527d6806c07247836fdcf0c343ae418f318824f21def50aff4b7b3eb482a710,gx-no-cache=1648472677412 HTTP/1.1" 200 110
190.171.152.138 - - [28/Mar/2022:10:17:19 -0300] "GET /cormun/servlet/prlicenciaspermisos?8248266,L,,MD,,gxPopupLevel%3D0%3B HTTP/1.1" 200 6966
190.171.152.138 - - [28/Mar/2022:10:17:19 -0300] "GET /cormun/static/gxcfg.js?2020121559567 HTTP/1.1" 200 953
190.171.152.138 - - [28/Mar/2022:10:17:19 -0300] "GET /cormun/static/prlicenciaspermisos.js?2020121559821 HTTP/1.1" 200 13379
192.168.10.17 - - [28/Mar/2022:10:17:23 -0300] "GET /cormun/servlet/trsolicitudgral? HTTP/1.1" 200 27147
192.168.10.17 - - [28/Mar/2022:10:17:25 -0300] "GET /cormun/servlet/trsolicitudgral? HTTP/1.1" 200 27142
192.168.10.17 - - [28/Mar/2022:10:17:31 -0300] "POST /cormun/servlet/trsolicitudgral?2576934d8e80cf7184754eb796749830,,gx-no-cache=1648472541581 HTTP/1.1" 200 7019
190.171.149.74 - - [28/Mar/2022:10:17:31 -0300] "POST /cormun/servlet/trlicencias?9fbd2ef6c6eb5775f961d68fd402b5a6,,gx-no-cache=1648476424346 HTTP/1.1" 200 9200
190.171.152.138 - - [28/Mar/2022:10:17:33 -0300] "POST /cormun/servlet/solicitudot?gx-no-cache=1648472706726 HTTP/1.1" 200 41
190.171.152.138 - - [28/Mar/2022:10:17:33 -0300] "GET /cormun/servlet/solicitudot?dfb7d283c2cd05ed416860e7ebc285fce39dced4500f998ae599f6d6d362d1a970d80ddcb2112673b0ef9917cd8aba84b18365c151afe9c41cf4d38b7b7428498b19a0a10a95c770e3bee26644e592067527d6806c07247836fdcf0c343ae418f318824f21def50aff4b7b3eb482a710,gx-no-cache=1648472706769 HTTP/1.1" 200 110
190.171.152.138 - - [28/Mar/2022:10:17:38 -0300] "GET /cormun/servlet/solicitudot?dfb7d283c2cd05ed416860e7ebc285fc03a7991540398ad9560dbf7d7bde6d32b5efff5dcdbf9c25c3acc5d105a2d454,gx-no-cache=1648472711664 HTTP/1.1" 200 30
192.168.10.17 - - [28/Mar/2022:10:17:40 -0300] "GET /cormun/servlet/vesolicitudgral?2022,17978,, HTTP/1.1" 200 8370
192.168.10.17 - - [28/Mar/2022:10:17:40 -0300] "GET /cormun/pexe_scrolldiv.js HTTP/1.1" 404 1009
192.168.10.17 - - [28/Mar/2022:10:17:40 -0300] "GET /cormun/servlet/vesolicitudgral?2022,17978,, HTTP/1.1" 200 8370
192.168.10.17 - - [28/Mar/2022:10:17:43 -0300] "POST /cormun/servlet/vesolicitudgral?2576934d8e80cf7184754eb796749830,2022,17978,,,gx-no-cache=1648472553145 HTTP/1.1" 200 12106
192.168.10.17 - - [28/Mar/2022:10:17:43 -0300] "GET /cormun/static/Shared/jqueryui/images/ui-bg_highlight-soft_100_c6c2c8_1x100.png HTTP/1.1" 404 1117
192.168.10.17 - - [28/Mar/2022:10:17:43 -0300] "GET /cormun/static/Shared/jqueryui/images/ui-icons_82798d_256x240.png HTTP/1.1" 404 1089
192.168.10.17 - - [28/Mar/2022:10:17:43 -0300] "GET /cormun/static/Shared/jqueryui/images/ui-icons_8d78a5_256x240.png HTTP/1.1" 404 1089
192.168.10.17 - - [28/Mar/2022:10:17:43 -0300] "GET /cormun/static/Shared/jqueryui/images/ui-bg_flat_55_fafafa_40x100.png HTTP/1.1" 404 1097
192.168.10.17 - - [28/Mar/2022:10:17:43 -0300] "POST /cormun/servlet/vesolicitudgral?2576934d8e80cf7184754eb796749830,2022,17978,,,gx-no-cache=1648472553362 HTTP/1.1" 200 12038
192.168.10.17 - - [28/Mar/2022:10:17:46 -0300] "GET /cormun/servlet/trsolicitudgral? HTTP/1.1" 200 9718
192.168.10.17 - - [28/Mar/2022:10:17:46 -0300] "GET /cormun/servlet/trsolicitudgral? HTTP/1.1" 200 9713
190.171.152.138 - - [28/Mar/2022:10:17:47 -0300] "POST /cormun/servlet/solicitudot?gx-no-cache=1648472721317 HTTP/1.1" 200 34
190.171.152.138 - - [28/Mar/2022:10:17:48 -0300] "POST /cormun/servlet/solicitudot?daa00b64445a7e67c2c5c1e2e127bb0e,INS,0,0,false,,gx-no-cache=1648472721375 HTTP/1.1" 200 13065
192.168.10.17 - - [28/Mar/2022:10:17:52 -0300] "POST /cormun/servlet/trsolicitudgral?2576934d8e80cf7184754eb796749830,,gx-no-cache=1648472562289 HTTP/1.1" 200 5503
192.168.10.17 - - [28/Mar/2022:10:17:52 -0300] "GET /cormun/static/Shared/jqueryui/images/ui-icons_82798d_256x240.png HTTP/1.1" 404 1089
192.168.10.17 - - [28/Mar/2022:10:17:52 -0300] "GET /cormun/static/Shared/jqueryui/images/ui-bg_highlight-soft_100_c6c2c8_1x100.png HTTP/1.1" 404 1117
192.168.10.17 - - [28/Mar/2022:10:17:52 -0300] "GET /cormun/static/Shared/jqueryui/images/ui-bg_flat_55_fafafa_40x100.png HTTP/1.1" 404 1097
192.168.10.17 - - [28/Mar/2022:10:17:52 -0300] "GET /cormun/static/Shared/jqueryui/images/ui-icons_8d78a5_256x240.png HTTP/1.1" 404 1089
192.168.10.17 - - [28/Mar/2022:10:17:55 -0300] "GET /cormun/servlet/trautorizarot? HTTP/1.1" 200 20172
192.168.10.17 - - [28/Mar/2022:10:17:55 -0300] "GET /cormun/servlet/trautorizarot? HTTP/1.1" 200 20172
190.171.141.106 - - [28/Mar/2022:10:18:06 -0300] "GET /cormun/servlet/hhome HTTP/1.1" 200 3322
190.171.141.106 - - [28/Mar/2022:10:18:07 -0300] "GET /cormun/servlet/hhome HTTP/1.1" 200 3332
190.171.141.106 - - [28/Mar/2022:10:18:07 -0300] "GET /cormun/servlet/hlogin HTTP/1.1" 200 1738
190.171.141.106 - - [28/Mar/2022:10:18:13 -0300] "POST /cormun/servlet/hlogin?e252b554ed3cc2c9beea44b47ea4a805,gx-no-cache=1648472840139 HTTP/1.1" 200 90
190.171.141.106 - - [28/Mar/2022:10:18:13 -0300] "GET /cormun/servlet/hpexe_link HTTP/1.1" 200 954
190.171.141.106 - - [28/Mar/2022:10:18:14 -0300] "GET /cormun/servlet/hhome HTTP/1.1" 200 4229
190.171.141.106 - - [28/Mar/2022:10:18:14 -0300] "GET /cormun/servlet/hhome HTTP/1.1" 200 4227
45.155.204.146 - - [28/Mar/2022:10:18:18 -0300] "GET /manager/html HTTP/1.1" 401 2474
192.168.10.17 - - [28/Mar/2022:10:18:20 -0300] "POST /cormun/servlet/trautorizarot?2576934d8e80cf7184754eb796749830,,gx-no-cache=1648472590634 HTTP/1.1" 200 16929
190.171.141.90 - - [28/Mar/2022:10:18:24 -0300] "POST /cormun/servlet/trlicencias?c244e314c93f17503dd58f22b34b5793,,gx-no-cache=1648472765568 HTTP/1.1" 200 5413
192.168.10.17 - - [28/Mar/2022:10:18:30 -0300] "POST /cormun/servlet/trautorizarot?2576934d8e80cf7184754eb796749830,,gx-no-cache=1648472600324 HTTP/1.1" 200 16926
192.168.10.17 - - [28/Mar/2022:10:18:32 -0300] "GET /cormun/servlet/trsolicitudgral? HTTP/1.1" 200 8289
192.168.10.17 - - [28/Mar/2022:10:18:33 -0300] "GET /cormun/servlet/trsolicitudgral? HTTP/1.1" 200 8289
192.168.10.17 - - [28/Mar/2022:10:18:40 -0300] "POST /cormun/servlet/trsolicitudgral?2576934d8e80cf7184754eb796749830,,gx-no-cache=1648472611167 HTTP/1.1" 200 5265
190.171.152.138 - - [28/Mar/2022:10:18:42 -0300] "GET /cormun/servlet/solicitudot?dfb7d283c2cd05ed416860e7ebc285fcb8af641912fd8972a420e87167af60c7c8d6e44840935fea9c19e56cefacb274800b2633da7ea3a8b67606279b93049a31ff9002f3a3d82941d8d28b99356329dbbfa200f05344ff14550aa2e71dab3f594d6cfd57284ca15d03f86b99bf38a815f9729c5b96148584db101dba58507324a659abe657d6196ad5b5717b5898fe518a99c57e52973a2e84c1c91539e5fab0f0cb637af7f4ceedb2fb610e63e1ee258ecd8ae0969bde4d87a8f2c8fcada28277b13f51a336d10d80602ce5b1e8eac4c4224044bcfa965276b176a2f768cd954092d0cf18321939e20ba3510ca73889840a1d7103bb8e9da871cbd511e9323c88400ac3516a6e72591d15f8b7f85400825913ba61a02c8d48140091f9a94d7f9740a80904650ae742829f8e5da4cf1447547e458bf8b3cc3da2b38f7ded026f8497265eb45bc315858f1b66814df82e6c3f7a50cc67aa31acd774d507bb45e19e35ba0905095fb9b12812d18a3079cbf77dc37295057145a3d87a4f62561a,gx-no-cache=1648472776152 HTTP/1.1" 200 30
190.171.152.138 - - [28/Mar/2022:10:18:42 -0300] "POST /cormun/servlet/solicitudot?gx-no-cache=1648472776200 HTTP/1.1" 200 30
190.171.152.138 - - [28/Mar/2022:10:18:42 -0300] "POST /cormun/servlet/solicitudot?gx-no-cache=1648472776245 HTTP/1.1" 200 1454
190.171.152.138 - - [28/Mar/2022:10:18:42 -0300] "POST /cormun/servlet/solicitudot?gx-no-cache=1648472776344 HTTP/1.1" 200 41
190.171.152.138 - - [28/Mar/2022:10:18:43 -0300] "GET /cormun/servlet/solicitudot?dfb7d283c2cd05ed416860e7ebc285fce39dced4500f998ae599f6d6d362d1a970d80ddcb2112673b0ef9917cd8aba84b18365c151afe9c41cf4d38b7b7428498b19a0a10a95c770e3bee26644e592067527d6806c07247836fdcf0c343ae418f318824f21def50aff4b7b3eb482a710,gx-no-cache=1648472776389 HTTP/1.1" 200 110
190.171.152.138 - - [28/Mar/2022:10:18:43 -0300] "POST /cormun/servlet/solicitudot?gx-no-cache=1648472776431 HTTP/1.1" 200 97
190.171.152.138 - - [28/Mar/2022:10:18:43 -0300] "GET /cormun/servlet/solicitudot?dfb7d283c2cd05ed416860e7ebc285fc03a7991540398ad9560dbf7d7bde6d32b5efff5dcdbf9c25c3acc5d105a2d454,gx-no-cache=1648472776471 HTTP/1.1" 200 30
190.171.152.138 - - [28/Mar/2022:10:18:43 -0300] "POST /cormun/servlet/solicitudot?gx-no-cache=1648472776507 HTTP/1.1" 200 34
190.171.152.138 - - [28/Mar/2022:10:18:44 -0300] "POST /cormun/servlet/solicitudot?daa00b64445a7e67c2c5c1e2e127bb0e,INS,0,0,false,,gx-no-cache=1648472776550 HTTP/1.1" 200 93
190.171.152.138 - - [28/Mar/2022:10:18:45 -0300] "GET /cormun/servlet/hpexe_return? HTTP/1.1" 200 1007
190.171.152.138 - - [28/Mar/2022:10:18:45 -0300] "GET /cormun/servlet/trsolicitudot HTTP/1.1" 200 8894
190.171.152.138 - - [28/Mar/2022:10:18:46 -0300] "GET /cormun/servlet/trsolicitudot HTTP/1.1" 200 8890
192.168.10.17 - - [28/Mar/2022:10:18:48 -0300] "POST /cormun/servlet/trsolicitudgral?2576934d8e80cf7184754eb796749830,,gx-no-cache=1648472618460 HTTP/1.1" 200 7035
190.171.141.114 - - [28/Mar/2022:10:18:49 -0300] "GET /cormun/servlet/licenciaspermisos?INS,0,,, HTTP/1.1" 200 7618
190.171.141.114 - - [28/Mar/2022:10:18:50 -0300] "GET /cormun/static/gxcfg.js?202012153173 HTTP/1.1" 200 953
190.171.141.114 - - [28/Mar/2022:10:18:50 -0300] "GET /cormun/static/licenciaspermisos.js?2020121532136 HTTP/1.1" 200 38824
190.171.141.114 - - [28/Mar/2022:10:18:50 -0300] "GET /cormun/servlet/licenciaspermisos?INS,0,,, HTTP/1.1" 200 7625
192.168.10.17 - - [28/Mar/2022:10:18:53 -0300] "GET /cormun/servlet/vesolicitudgral?2022,18143,, HTTP/1.1" 200 8387
192.168.10.17 - - [28/Mar/2022:10:18:53 -0300] "GET /cormun/pexe_scrolldiv.js HTTP/1.1" 404 1009
190.171.141.90 - - [28/Mar/2022:10:18:53 -0300] "POST /cormun/servlet/trlicencias?c244e314c93f17503dd58f22b34b5793,,gx-no-cache=1648472794952 HTTP/1.1" 200 5399
192.168.10.17 - - [28/Mar/2022:10:18:53 -0300] "GET /cormun/servlet/vesolicitudgral?2022,18143,, HTTP/1.1" 200 8386
192.168.10.17 - - [28/Mar/2022:10:18:56 -0300] "POST /cormun/servlet/vesolicitudgral?2576934d8e80cf7184754eb796749830,2022,18143,,,gx-no-cache=1648472626337 HTTP/1.1" 200 12103
192.168.10.17 - - [28/Mar/2022:10:18:56 -0300] "GET /cormun/static/Shared/jqueryui/images/ui-bg_highlight-soft_100_c6c2c8_1x100.png HTTP/1.1" 404 1117
192.168.10.17 - - [28/Mar/2022:10:18:56 -0300] "GET /cormun/static/Shared/jqueryui/images/ui-icons_82798d_256x240.png HTTP/1.1" 404 1089
192.168.10.17 - - [28/Mar/2022:10:18:56 -0300] "GET /cormun/static/Shared/jqueryui/images/ui-bg_flat_55_fafafa_40x100.png HTTP/1.1" 404 1097
192.168.10.17 - - [28/Mar/2022:10:18:56 -0300] "GET /cormun/static/Shared/jqueryui/images/ui-icons_8d78a5_256x240.png HTTP/1.1" 404 1089
191.125.44.161 - - [28/Mar/2022:10:18:56 -0300] "GET /cormun/servlet/trfichaempleado? HTTP/1.1" 200 8693
192.168.10.17 - - [28/Mar/2022:10:18:58 -0300] "GET /cormun/servlet/trsolicitudgral? HTTP/1.1" 200 10061
192.168.10.17 - - [28/Mar/2022:10:18:58 -0300] "GET /cormun/servlet/trsolicitudgral? HTTP/1.1" 200 10060
192.168.10.17 - - [28/Mar/2022:10:19:00 -0300] "GET /cormun/servlet/trautorizarot? HTTP/1.1" 200 19876
192.168.10.17 - - [28/Mar/2022:10:19:01 -0300] "GET /cormun/servlet/trautorizarot? HTTP/1.1" 200 19875
192.168.10.17 - - [28/Mar/2022:10:19:10 -0300] "GET /cormun/servlet/veautorizarot?2022,17978,, HTTP/1.1" 200 8322
192.168.10.17 - - [28/Mar/2022:10:19:11 -0300] "GET /cormun/pexe_scrolldiv.js HTTP/1.1" 404 1009
192.168.10.17 - - [28/Mar/2022:10:19:11 -0300] "GET /cormun/servlet/veautorizarot?2022,17978,, HTTP/1.1" 200 8322
192.168.10.17 - - [28/Mar/2022:10:19:15 -0300] "POST /cormun/servlet/veautorizarot?2576934d8e80cf7184754eb796749830,2022,17978,,,gx-no-cache=1648472645317 HTTP/1.1" 200 12094
192.168.10.17 - - [28/Mar/2022:10:19:15 -0300] "GET /cormun/static/Shared/jqueryui/images/ui-bg_highlight-soft_100_c6c2c8_1x100.png HTTP/1.1" 404 1117
192.168.10.17 - - [28/Mar/2022:10:19:15 -0300] "GET /cormun/static/Shared/jqueryui/images/ui-icons_82798d_256x240.png HTTP/1.1" 404 1089
192.168.10.17 - - [28/Mar/2022:10:19:15 -0300] "GET /cormun/static/Shared/jqueryui/images/ui-icons_8d78a5_256x240.png HTTP/1.1" 404 1089
192.168.10.17 - - [28/Mar/2022:10:19:15 -0300] "GET /cormun/static/Shared/jqueryui/images/ui-bg_flat_55_fafafa_40x100.png HTTP/1.1" 404 1097
192.168.10.17 - - [28/Mar/2022:10:19:15 -0300] "POST /cormun/servlet/veautorizarot?2576934d8e80cf7184754eb796749830,2022,17978,,,gx-no-cache=1648472645592 HTTP/1.1" 200 12034
190.171.141.114 - - [28/Mar/2022:10:19:16 -0300] "GET /cormun/servlet/prfichaempleado?,MD,,gxPopupLevel%3D0%3B HTTP/1.1" 200 9311
192.168.10.17 - - [28/Mar/2022:10:19:19 -0300] "GET /cormun/servlet/trsolicitudgral? HTTP/1.1" 200 10059
192.168.10.17 - - [28/Mar/2022:10:19:19 -0300] "GET /cormun/servlet/trsolicitudgral? HTTP/1.1" 200 10054
192.168.10.17 - - [28/Mar/2022:10:19:29 -0300] "POST /cormun/servlet/trsolicitudgral?2576934d8e80cf7184754eb796749830,,gx-no-cache=1648472659207 HTTP/1.1" 200 7530
190.171.141.114 - - [28/Mar/2022:10:19:29 -0300] "POST /cormun/servlet/prfichaempleado?57b6f6247c6cbc64c45737e6a5ed4b61,,MD,,gxPopupLevel%3D0%3B,gx-no-cache=1648472823698 HTTP/1.1" 200 3452
192.168.10.17 - - [28/Mar/2022:10:19:31 -0300] "GET /cormun/servlet/vesolicitudgral?2022,17978,, HTTP/1.1" 200 8371
192.168.10.17 - - [28/Mar/2022:10:19:31 -0300] "GET /cormun/pexe_scrolldiv.js HTTP/1.1" 404 1009
192.168.10.17 - - [28/Mar/2022:10:19:32 -0300] "GET /cormun/servlet/vesolicitudgral?2022,17978,, HTTP/1.1" 200 8371
190.171.141.114 - - [28/Mar/2022:10:19:36 -0300] "GET /cormun/servlet/licenciaspermisos?2ad64234919b0f9d6f8dbfd422e8b530e3bd5b5f6c41c05dae0df543aa850d79944f6d15ae9cf8e502ee2955ca4ed29419a43890c5d98d751983e775a885a2ce,gx-no-cache=1648472830239 HTTP/1.1" 200 102
190.171.141.114 - - [28/Mar/2022:10:19:36 -0300] "POST /cormun/servlet/licenciaspermisos?57b6f6247c6cbc64c45737e6a5ed4b61,INS,0,,,,gx-no-cache=1648472830270 HTTP/1.1" 200 4825
190.171.152.138 - - [28/Mar/2022:10:19:43 -0300] "POST /cormun/servlet/trsolicitudot?daa00b64445a7e67c2c5c1e2e127bb0e,gx-no-cache=1648472836243 HTTP/1.1" 200 6327
190.171.152.138 - - [28/Mar/2022:10:19:43 -0300] "GET /cormun/static/Shared/jqueryui/images/ui-bg_highlight-soft_100_c6c2c8_1x100.png HTTP/1.1" 404 1117
190.171.152.138 - - [28/Mar/2022:10:19:43 -0300] "GET /cormun/static/Shared/jqueryui/images/ui-icons_82798d_256x240.png HTTP/1.1" 404 1089
190.171.152.138 - - [28/Mar/2022:10:19:43 -0300] "GET /cormun/static/Shared/jqueryui/images/ui-bg_flat_55_fafafa_40x100.png HTTP/1.1" 404 1097
190.171.152.138 - - [28/Mar/2022:10:19:43 -0300] "GET /cormun/static/Shared/jqueryui/images/ui-icons_8d78a5_256x240.png HTTP/1.1" 404 1089
191.125.44.161 - - [28/Mar/2022:10:20:01 -0300] "GET /cormun/servlet/trfichaempleado? HTTP/1.1" 200 8693
191.125.44.161 - - [28/Mar/2022:10:20:03 -0300] "GET /cormun/servlet/trfichaempleado? HTTP/1.1" 200 8693
191.125.44.161 - - [28/Mar/2022:10:20:06 -0300] "GET /cormun/servlet/trfichaempleado? HTTP/1.1" 200 8693
190.171.141.114 - - [28/Mar/2022:10:20:08 -0300] "GET /cormun/static/menuarrow.gif HTTP/1.1" 404 1015
191.125.44.161 - - [28/Mar/2022:10:20:09 -0300] "GET /cormun/servlet/trfichaempleado? HTTP/1.1" 200 8693
191.125.44.161 - - [28/Mar/2022:10:20:10 -0300] "GET /cormun/servlet/trfichaempleado? HTTP/1.1" 200 8693
191.125.44.161 - - [28/Mar/2022:10:20:12 -0300] "GET /cormun/servlet/trfichaempleado? HTTP/1.1" 200 8693
191.125.44.161 - - [28/Mar/2022:10:20:16 -0300] "GET /cormun/servlet/trfichaempleado? HTTP/1.1" 200 8693
45.155.204.146 - - [28/Mar/2022:10:20:20 -0300] "GET /manager/html HTTP/1.1" 401 2474
190.171.141.90 - - [28/Mar/2022:10:20:21 -0300] "POST /cormun/servlet/trlicencias?c244e314c93f17503dd58f22b34b5793,,gx-no-cache=1648472881960 HTTP/1.1" 200 15269
192.168.10.17 - - [28/Mar/2022:10:20:45 -0300] "GET /cormun/servlet/vesolicitudgral?2022,17978,,SolicitudOTAdjuntos HTTP/1.1" 200 10792
192.168.10.17 - - [28/Mar/2022:10:20:45 -0300] "GET /cormun/pexe_scrolldiv.js HTTP/1.1" 404 1009
192.168.10.17 - - [28/Mar/2022:10:20:46 -0300] "GET /cormun/servlet/vesolicitudgral?2022,17978,,SolicitudOTAdjuntos HTTP/1.1" 200 10794
192.168.10.17 - - [28/Mar/2022:10:20:46 -0300] "POST /cormun/servlet/acontrolpreferencessavestate?None,RRHH+DANIELA,true HTTP/1.1" 200 35
190.171.141.90 - - [28/Mar/2022:10:20:54 -0300] "POST /cormun/servlet/trlicencias?c244e314c93f17503dd58f22b34b5793,,gx-no-cache=1648472914697 HTTP/1.1" 200 4155
190.171.141.90 - - [28/Mar/2022:10:21:00 -0300] "POST /cormun/servlet/trlicencias?c244e314c93f17503dd58f22b34b5793,,gx-no-cache=1648472921927 HTTP/1.1" 200 15266
192.168.10.17 - - [28/Mar/2022:10:21:10 -0300] "GET /cormun/PublicTempStorage/carnet_lucia1420803.pdf HTTP/1.1" 200 790554
45.155.204.146 - - [28/Mar/2022:10:21:13 -0300] "GET /manager/html HTTP/1.1" 401 2474
191.125.44.161 - - [28/Mar/2022:10:21:34 -0300] "GET /cormun/servlet/solicitudot?INS,0,0,false, HTTP/1.1" 200 15980
191.125.44.161 - - [28/Mar/2022:10:21:35 -0300] "GET /cormun/servlet/solicitudot?INS,0,0,false, HTTP/1.1" 200 15988
192.168.10.17 - - [28/Mar/2022:10:21:38 -0300] "GET /cormun/servlet/vesolicitudgral?2022,17978,,SolicitudOTAdjuntos HTTP/1.1" 200 10795
192.168.10.17 - - [28/Mar/2022:10:21:39 -0300] "GET /cormun/servlet/vesolicitudgral?2022,17978,,SolicitudOTAdjuntos HTTP/1.1" 200 10794
192.168.10.17 - - [28/Mar/2022:10:21:39 -0300] "POST /cormun/servlet/acontrolpreferencessavestate?None,RRHH+DANIELA,true HTTP/1.1" 200 35
192.168.10.17 - - [28/Mar/2022:10:21:42 -0300] "GET /cormun/PublicTempStorage/curriculum_lucia7096823.pdf HTTP/1.1" 200 1004594
191.125.44.161 - - [28/Mar/2022:10:21:52 -0300] "POST /cormun/servlet/solicitudot?gx-no-cache=1648472966325 HTTP/1.1" 200 3941
191.125.44.161 - - [28/Mar/2022:10:21:52 -0300] "POST /cormun/servlet/solicitudot?2c1f6ff132fab3049600d7acb100ee70,INS,0,0,false,,gx-no-cache=1648472966701 HTTP/1.1" 200 12753
191.125.44.161 - - [28/Mar/2022:10:22:07 -0300] "GET /cormun/servlet/trpermisosgoce? HTTP/1.1" 200 7201
191.125.44.161 - - [28/Mar/2022:10:22:07 -0300] "GET /cormun/static/gxui/gxui-all.css?120300 HTTP/1.1" 200 2179
191.125.44.161 - - [28/Mar/2022:10:22:07 -0300] "GET /cormun/static/gxcfg.js?2020121631564 HTTP/1.1" 200 953
191.125.44.161 - - [28/Mar/2022:10:22:07 -0300] "GET /cormun/static/trpermisosgoce.js?2020121633681 HTTP/1.1" 200 35904
45.155.204.146 - - [28/Mar/2022:10:22:07 -0300] "GET /manager/html HTTP/1.1" 401 2474
191.125.44.161 - - [28/Mar/2022:10:22:08 -0300] "GET /cormun/static/Shared/ext/resources/css/ext-all.css?215870 HTTP/1.1" 200 416045
191.125.44.161 - - [28/Mar/2022:10:22:09 -0300] "GET /cormun/servlet/trpermisosgoce? HTTP/1.1" 200 7194
191.125.44.161 - - [28/Mar/2022:10:22:12 -0300] "GET /cormun/static/menuarrow.gif HTTP/1.1" 404 1015
190.171.141.114 - - [28/Mar/2022:10:22:22 -0300] "GET /cormun/servlet/licenciaspermisos?2ad64234919b0f9d6f8dbfd422e8b530d1bea964a8a114cb2ff2d4985241600843e2cf34c9eac995f452cdccf7727f0f780ba67db68ac5ccc972f8c9d569a17b5ef704c87cae07bec3e5935aa64bb742045c8b0d14a3c17495dbd43e5df6c1b0192f57e2641a1ea56111345c1098bf7598ecf4cb9217cd6f4b6bc5930457542cda7716e5891a20d6da410343a0bf12b21f19410bc768be8fcb921fa8848c93207ba149725321e66c43c7a42564b932ba,gx-no-cache=1648472996654 HTTP/1.1" 200 30
190.171.141.114 - - [28/Mar/2022:10:22:22 -0300] "GET /cormun/servlet/licenciaspermisos?2ad64234919b0f9d6f8dbfd422e8b530f44e0c9e2640f0b8b5cfd5c0a8f1687ab9641e8974438995d3f54483c11e3e12853205422413a7d61039046423b331478d3f6657c88a58679c19b6d5917aa6db0f190c74cf4cd287382f0987abada26baceada6ca216a782ce3d37665dc47b96320fe648afb41fc43da9b4b6a7ff4dc8ede88fa26e42c25b54520e7d473abf02042ca7eb384b6f5643699ed95b398be051c04b77850d5bff8c7a726215a2704c,gx-no-cache=1648472996688 HTTP/1.1" 200 29
190.171.141.114 - - [28/Mar/2022:10:22:22 -0300] "POST /cormun/servlet/licenciaspermisos?57b6f6247c6cbc64c45737e6a5ed4b61,INS,0,,,,gx-no-cache=1648472996711 HTTP/1.1" 200 5026
190.171.141.114 - - [28/Mar/2022:10:22:22 -0300] "GET /cormun/static/Shared/jqueryui/images/ui-bg_highlight-soft_100_c6c2c8_1x100.png HTTP/1.1" 404 1117
190.171.141.114 - - [28/Mar/2022:10:22:22 -0300] "GET /cormun/static/Shared/jqueryui/images/ui-icons_82798d_256x240.png HTTP/1.1" 404 1089
190.171.141.114 - - [28/Mar/2022:10:22:22 -0300] "GET /cormun/static/Shared/jqueryui/images/ui-icons_ebccce_256x240.png HTTP/1.1" 404 1089
190.171.141.114 - - [28/Mar/2022:10:22:22 -0300] "GET /cormun/static/Shared/jqueryui/images/ui-bg_flat_55_994d53_40x100.png HTTP/1.1" 404 1097
45.155.204.146 - - [28/Mar/2022:10:22:50 -0300] "GET /manager/html HTTP/1.1" 401 2474
190.171.141.114 - - [28/Mar/2022:10:22:55 -0300] "POST /cormun/servlet/licenciaspermisos?57b6f6247c6cbc64c45737e6a5ed4b61,INS,0,,,,gx-no-cache=1648473029849 HTTP/1.1" 200 93
190.171.141.114 - - [28/Mar/2022:10:22:56 -0300] "GET /cormun/servlet/hpexe_return? HTTP/1.1" 200 1009
190.171.141.114 - - [28/Mar/2022:10:22:56 -0300] "GET /cormun/servlet/trlicencias HTTP/1.1" 200 8492
190.171.141.114 - - [28/Mar/2022:10:22:56 -0300] "GET /cormun/servlet/trlicencias HTTP/1.1" 200 8487
192.168.10.17 - - [28/Mar/2022:10:22:57 -0300] "GET /cormun/servlet/vesolicitudgral?2022,17978,,SolicitudOTAdjuntos HTTP/1.1" 200 10794
192.168.10.17 - - [28/Mar/2022:10:22:57 -0300] "GET /cormun/servlet/vesolicitudgral?2022,17978,,SolicitudOTAdjuntos HTTP/1.1" 200 10793
192.168.10.17 - - [28/Mar/2022:10:22:58 -0300] "POST /cormun/servlet/acontrolpreferencessavestate?None,RRHH+DANIELA,true HTTP/1.1" 200 35
192.168.10.17 - - [28/Mar/2022:10:23:00 -0300] "GET /cormun/PublicTempStorage/afp_lucia8372563.PDF HTTP/1.1" 200 82222
191.125.44.161 - - [28/Mar/2022:10:23:02 -0300] "GET /cormun/servlet/permisogoce?INS,0,,, HTTP/1.1" 200 7149
191.125.44.161 - - [28/Mar/2022:10:23:02 -0300] "GET /cormun/static/gxcfg.js?20201215124560 HTTP/1.1" 200 953
191.125.44.161 - - [28/Mar/2022:10:23:02 -0300] "GET /cormun/static/permisogoce.js?20201215124939 HTTP/1.1" 200 27919
191.125.44.161 - - [28/Mar/2022:10:23:03 -0300] "GET /cormun/servlet/permisogoce?INS,0,,, HTTP/1.1" 200 7149
190.171.141.114 - - [28/Mar/2022:10:23:10 -0300] "GET /cormun/servlet/licenciaspermisos?INS,0,,, HTTP/1.1" 200 7618
190.171.141.114 - - [28/Mar/2022:10:23:10 -0300] "GET /cormun/servlet/licenciaspermisos?INS,0,,, HTTP/1.1" 200 7625
191.125.44.161 - - [28/Mar/2022:10:23:15 -0300] "GET /cormun/servlet/permisogoce?a552afa2acdd278e79293b4a1d13931de98c5e49ec4b8769fc1160bb505262ad590ee7d9b29d0ee4a4f8c0d7a889755233d12c9e3eb98d95216e9e7fa7b65163,gx-no-cache=1648473049696 HTTP/1.1" 200 183
191.125.44.161 - - [28/Mar/2022:10:23:15 -0300] "GET /cormun/static/Shared/jqueryui/images/ui-bg_flat_55_994d53_40x100.png HTTP/1.1" 404 1097
191.125.44.161 - - [28/Mar/2022:10:23:15 -0300] "GET /cormun/static/Shared/jqueryui/images/ui-bg_highlight-soft_100_c6c2c8_1x100.png HTTP/1.1" 404 1117
191.125.44.161 - - [28/Mar/2022:10:23:15 -0300] "GET /cormun/static/Shared/jqueryui/images/ui-icons_82798d_256x240.png HTTP/1.1" 404 1089
191.125.44.161 - - [28/Mar/2022:10:23:15 -0300] "GET /cormun/static/Shared/jqueryui/images/ui-icons_ebccce_256x240.png HTTP/1.1" 404 1089
191.125.44.161 - - [28/Mar/2022:10:23:18 -0300] "GET /cormun/static/menuarrow.gif HTTP/1.1" 404 1015
191.125.44.161 - - [28/Mar/2022:10:23:21 -0300] "GET /cormun/servlet/permisogoce?a552afa2acdd278e79293b4a1d13931de98c5e49ec4b8769fc1160bb505262ad590ee7d9b29d0ee4a4f8c0d7a889755233d12c9e3eb98d95216e9e7fa7b65163,gx-no-cache=1648473054947 HTTP/1.1" 200 183
190.171.141.114 - - [28/Mar/2022:10:23:24 -0300] "GET /cormun/servlet/licenciaspermisos?2ad64234919b0f9d6f8dbfd422e8b530e3bd5b5f6c41c05dae0df543aa850d79944f6d15ae9cf8e502ee2955ca4ed29419a43890c5d98d751983e775a885a2ce,gx-no-cache=1648473058493 HTTP/1.1" 200 102
190.171.141.114 - - [28/Mar/2022:10:23:24 -0300] "POST /cormun/servlet/licenciaspermisos?57b6f6247c6cbc64c45737e6a5ed4b61,INS,0,,,,gx-no-cache=1648473058537 HTTP/1.1" 200 4823
191.125.44.161 - - [28/Mar/2022:10:23:31 -0300] "GET /cormun/servlet/permisogoce?a552afa2acdd278e79293b4a1d13931d4ba2b499fd64d2d184071b3008904af4d54c0f37859a9567c5ad049b6046dbd2b4e05cff189de0336e4434be9fd20151,gx-no-cache=1648473065341 HTTP/1.1" 200 47
45.155.204.146 - - [28/Mar/2022:10:23:31 -0300] "GET /manager/html HTTP/1.1" 401 2474
191.125.44.161 - - [28/Mar/2022:10:23:41 -0300] "POST /cormun/servlet/permisogoce?2c1f6ff132fab3049600d7acb100ee70,INS,0,,,,gx-no-cache=1648473075138 HTTP/1.1" 200 4749
190.171.141.114 - - [28/Mar/2022:10:23:43 -0300] "GET /cormun/static/menuarrow.gif HTTP/1.1" 404 1015
191.125.44.161 - - [28/Mar/2022:10:23:51 -0300] "GET /cormun/static/Resources/resize.gif HTTP/1.1" 200 77
191.125.44.161 - - [28/Mar/2022:10:23:51 -0300] "GET /cormun/static/Resources/PXTools/ClosePrompt.png HTTP/1.1" 200 1036
191.125.44.161 - - [28/Mar/2022:10:23:51 -0300] "GET /cormun/servlet/puconsultapgoce?9064508,MD,gxPopupLevel%3D0%3B HTTP/1.1" 200 3788
191.125.44.161 - - [28/Mar/2022:10:23:51 -0300] "GET /cormun/static/gxcfg.js?2020121674770 HTTP/1.1" 200 953
191.125.44.161 - - [28/Mar/2022:10:23:51 -0300] "GET /cormun/pexe_layers.js HTTP/1.1" 404 1003
191.125.44.161 - - [28/Mar/2022:10:23:51 -0300] "GET /cormun/pexe_menus.js HTTP/1.1" 404 1001
191.125.44.161 - - [28/Mar/2022:10:23:52 -0300] "GET /cormun/pexe_cookies.js HTTP/1.1" 404 1005
191.125.44.161 - - [28/Mar/2022:10:23:52 -0300] "GET /cormun/pexe_windows.js HTTP/1.1" 404 1005
191.125.44.161 - - [28/Mar/2022:10:23:52 -0300] "GET /cormun/pexe_link.js HTTP/1.1" 404 999
191.125.44.161 - - [28/Mar/2022:10:23:52 -0300] "GET /cormun/pexe_griddivfix.js HTTP/1.1" 404 1011
191.125.44.161 - - [28/Mar/2022:10:23:52 -0300] "GET /cormun/pexe_grid.js HTTP/1.1" 404 999
191.125.44.161 - - [28/Mar/2022:10:23:52 -0300] "GET /cormun/pexe_picture.js HTTP/1.1" 404 1005
191.125.44.161 - - [28/Mar/2022:10:23:52 -0300] "GET /cormun/pexe_layers.js HTTP/1.1" 404 1003
191.125.44.161 - - [28/Mar/2022:10:23:52 -0300] "GET /cormun/pexe_treedivfix.js HTTP/1.1" 404 1011
191.125.44.161 - - [28/Mar/2022:10:23:52 -0300] "GET /cormun/pexe_menudivfix.js HTTP/1.1" 404 1011
191.125.44.161 - - [28/Mar/2022:10:23:52 -0300] "GET /cormun/pexe_tabdivfix.js HTTP/1.1" 404 1009
191.125.44.161 - - [28/Mar/2022:10:23:52 -0300] "GET /cormun/pexe_autoreload.js HTTP/1.1" 404 1011
191.125.44.161 - - [28/Mar/2022:10:23:52 -0300] "GET /cormun/static/mpprompt.js?20201215583973 HTTP/1.1" 200 940
191.125.44.161 - - [28/Mar/2022:10:23:52 -0300] "GET /cormun/pexe_windows.js HTTP/1.1" 404 1005
191.125.44.161 - - [28/Mar/2022:10:23:52 -0300] "GET /cormun/static/puconsultapgoce.js?2020121675052 HTTP/1.1" 200 22470
191.125.44.161 - - [28/Mar/2022:10:23:52 -0300] "GET /cormun/pexe_link.js HTTP/1.1" 404 999
191.125.44.161 - - [28/Mar/2022:10:23:52 -0300] "GET /cormun/pexe_cookies.js HTTP/1.1" 404 1005
191.125.44.161 - - [28/Mar/2022:10:23:52 -0300] "GET /cormun/pexe_grid.js HTTP/1.1" 404 999
191.125.44.161 - - [28/Mar/2022:10:23:53 -0300] "GET /cormun/pexe_griddivfix.js HTTP/1.1" 404 1011
191.125.44.161 - - [28/Mar/2022:10:23:53 -0300] "GET /cormun/pexe_picture.js HTTP/1.1" 404 1005
191.125.44.161 - - [28/Mar/2022:10:23:53 -0300] "GET /cormun/pexe_treedivfix.js HTTP/1.1" 404 1011
191.125.44.161 - - [28/Mar/2022:10:23:53 -0300] "GET /cormun/static/Resources/PXToolsMenuTopBackground.png HTTP/1.1" 200 1153
191.125.44.161 - - [28/Mar/2022:10:23:53 -0300] "GET /cormun/pexe_autoreload.js HTTP/1.1" 404 1011
191.125.44.161 - - [28/Mar/2022:10:23:53 -0300] "GET /cormun/pexe_menudivfix.js HTTP/1.1" 404 1011
191.125.44.161 - - [28/Mar/2022:10:23:53 -0300] "GET /cormun/pexe_tabdivfix.js HTTP/1.1" 404 1009
192.168.10.17 - - [28/Mar/2022:10:24:03 -0300] "GET /cormun/servlet/vesolicitudgral?2022,17978,,SolicitudOTAdjuntos HTTP/1.1" 200 10794
192.168.10.17 - - [28/Mar/2022:10:24:03 -0300] "GET /cormun/servlet/vesolicitudgral?2022,17978,,SolicitudOTAdjuntos HTTP/1.1" 200 10795
192.168.10.17 - - [28/Mar/2022:10:24:04 -0300] "POST /cormun/servlet/acontrolpreferencessavestate?None,RRHH+DANIELA,true HTTP/1.1" 200 35
192.168.10.17 - - [28/Mar/2022:10:24:06 -0300] "GET /cormun/PublicTempStorage/salud_lucia4677168.pdf HTTP/1.1" 200 116738
45.155.204.146 - - [28/Mar/2022:10:24:08 -0300] "GET /manager/html HTTP/1.1" 401 2474
192.168.10.199 - - [28/Mar/2022:10:24:11 -0300] "POST /cormun/servlet/trsolicitudgral?d12ad8ca3af56fca99b78be199c1c87b,,gx-no-cache=1648472942208 HTTP/1.1" 200 116
192.168.10.199 - - [28/Mar/2022:10:24:12 -0300] "GET /cormun/servlet/solicitudotlog?INS,2022,17931,0,REC, HTTP/1.1" 200 5647
192.168.10.199 - - [28/Mar/2022:10:24:12 -0300] "GET /cormun/servlet/solicitudotlog?INS,2022,17931,0,REC, HTTP/1.1" 200 5647
192.168.10.199 - - [28/Mar/2022:10:24:12 -0300] "GET /cormun/servlet/solicitudotlog?f1d7a87a3c103b5b8ab377d2fac13911f356afc291c5c84cf938eabe4762b2299266dc0267e458d167898181d4baf2e4de3cf388fd4183f9e5bc0658bcfcc6cffebdadac54c4da66d44792f7ca5c62515cda65e641210ebe3f6af5fbf749c8d11d43aa7498315108f56bde9c1fbfd92dcc1b2ee6264554c0f837b9c6d4697bd322b88ede873ba2364e12684dbd3e961859f62230d60ebdb05a2e1c69a537afa0,gx-no-cache=1648472943217 HTTP/1.1" 200 94
190.171.141.114 - - [28/Mar/2022:10:24:13 -0300] "GET /cormun/servlet/licenciaspermisos?2ad64234919b0f9d6f8dbfd422e8b530d1bea964a8a114cb2ff2d4985241600843e2cf34c9eac995f452cdccf7727f0f780ba67db68ac5ccc972f8c9d569a17b5ef704c87cae07bec3e5935aa64bb742045c8b0d14a3c17495dbd43e5df6c1b0192f57e2641a1ea56111345c1098bf7598ecf4cb9217cd6f4b6bc5930457542cda7716e5891a20d6da410343a0bf12b21f19410bc768be8fcb921fa8848c93207ba149725321e66c43c7a42564b932ba,gx-no-cache=1648473106988 HTTP/1.1" 200 30
190.171.141.114 - - [28/Mar/2022:10:24:13 -0300] "GET /cormun/servlet/licenciaspermisos?2ad64234919b0f9d6f8dbfd422e8b530f44e0c9e2640f0b8b5cfd5c0a8f1687ab9641e8974438995d3f54483c11e3e12853205422413a7d61039046423b331478d3f6657c88a58679c19b6d5917aa6db0f190c74cf4cd287382f0987abada26baceada6ca216a782ce3d37665dc47b96320fe648afb41fc43da9b4b6a7ff4dc8ede88fa26e42c25b54520e7d473abf02042ca7eb384b6f5643699ed95b398be051c04b77850d5bff8c7a726215a2704c,gx-no-cache=1648473107018 HTTP/1.1" 200 29
190.171.141.114 - - [28/Mar/2022:10:24:13 -0300] "POST /cormun/servlet/licenciaspermisos?57b6f6247c6cbc64c45737e6a5ed4b61,INS,0,,,,gx-no-cache=1648473107040 HTTP/1.1" 200 93
190.171.141.114 - - [28/Mar/2022:10:24:13 -0300] "GET /cormun/servlet/hpexe_return? HTTP/1.1" 200 1009
190.171.141.114 - - [28/Mar/2022:10:24:13 -0300] "GET /cormun/servlet/trlicencias HTTP/1.1" 200 8936
190.171.141.114 - - [28/Mar/2022:10:24:14 -0300] "GET /cormun/servlet/trlicencias HTTP/1.1" 200 8930
190.171.141.114 - - [28/Mar/2022:10:24:19 -0300] "GET /cormun/servlet/alicenciaprn?8686170,L,20220328000000,PU HTTP/1.1" 200 1531
192.168.10.199 - - [28/Mar/2022:10:24:23 -0300] "POST /cormun/servlet/solicitudotlog?d12ad8ca3af56fca99b78be199c1c87b,INS,2022,17931,0,REC,,gx-no-cache=1648472953752 HTTP/1.1" 200 93
192.168.10.199 - - [28/Mar/2022:10:24:23 -0300] "GET /cormun/servlet/hpexe_return? HTTP/1.1" 200 1023
192.168.10.199 - - [28/Mar/2022:10:24:23 -0300] "GET /cormun/servlet/trsolicitudgral? HTTP/1.1" 200 13806
