192.168.10.199 - - [28/Mar/2022:10:24:24 -0300] "GET /cormun/servlet/trsolicitudgral? HTTP/1.1" 200 13802
191.125.44.161 - - [28/Mar/2022:10:24:32 -0300] "POST /cormun/servlet/puconsultapgoce?2c1f6ff132fab3049600d7acb100ee70,9064508,MD,gxPopupLevel%3D0%3B,gx-no-cache=1648473115649 HTTP/1.1" 200 2005
45.155.204.146 - - [28/Mar/2022:10:24:43 -0300] "GET /manager/html HTTP/1.1" 401 2474
191.125.44.161 - - [28/Mar/2022:10:24:44 -0300] "POST /cormun/servlet/puconsultapgoce?2c1f6ff132fab3049600d7acb100ee70,9064508,MD,gxPopupLevel%3D0%3B,gx-no-cache=1648473138930 HTTP/1.1" 200 59
191.125.44.161 - - [28/Mar/2022:10:24:53 -0300] "GET /cormun/servlet/trautorizarpermisogoce? HTTP/1.1" 200 7098
191.125.44.161 - - [28/Mar/2022:10:24:53 -0300] "GET /cormun/static/gxcfg.js?2020121645532 HTTP/1.1" 200 953
191.125.44.161 - - [28/Mar/2022:10:24:53 -0300] "GET /cormun/static/trautorizarpermisogoce.js?2020121651492 HTTP/1.1" 200 34948
191.125.44.161 - - [28/Mar/2022:10:24:54 -0300] "GET /cormun/servlet/trautorizarpermisogoce? HTTP/1.1" 200 7091
191.125.44.161 - - [28/Mar/2022:10:25:00 -0300] "GET /cormun/servlet/trautorizarsolicitud? HTTP/1.1" 200 9285
191.125.44.161 - - [28/Mar/2022:10:25:00 -0300] "GET /cormun/static/gxcfg.js?201991422414522 HTTP/1.1" 200 953
191.125.44.161 - - [28/Mar/2022:10:25:00 -0300] "GET /cormun/static/trautorizarsolicitud.js?201991422415463 HTTP/1.1" 200 53910
191.125.44.161 - - [28/Mar/2022:10:25:01 -0300] "GET /cormun/servlet/trautorizarsolicitud? HTTP/1.1" 200 9285
192.168.10.17 - - [28/Mar/2022:10:25:12 -0300] "GET /cormun/servlet/vesolicitudgral?2022,17978,,SolicitudOTAdjuntos HTTP/1.1" 200 10792
192.168.10.17 - - [28/Mar/2022:10:25:13 -0300] "GET /cormun/servlet/vesolicitudgral?2022,17978,,SolicitudOTAdjuntos HTTP/1.1" 200 10797
192.168.10.17 - - [28/Mar/2022:10:25:13 -0300] "POST /cormun/servlet/acontrolpreferencessavestate?None,RRHH+DANIELA,true HTTP/1.1" 200 35
192.168.10.17 - - [28/Mar/2022:10:25:14 -0300] "GET /cormun/servlet/vesolicitudgral?2022,17978,,General HTTP/1.1" 200 8375
192.168.10.17 - - [28/Mar/2022:10:25:14 -0300] "GET /cormun/pexe_scrolldiv.js HTTP/1.1" 404 1009
192.168.10.17 - - [28/Mar/2022:10:25:14 -0300] "GET /cormun/servlet/vesolicitudgral?2022,17978,,General HTTP/1.1" 200 8375
45.155.204.146 - - [28/Mar/2022:10:25:15 -0300] "GET /manager/html HTTP/1.1" 401 2474
191.125.44.161 - - [28/Mar/2022:10:25:16 -0300] "POST /cormun/servlet/trautorizarsolicitud?2c1f6ff132fab3049600d7acb100ee70,,gx-no-cache=1648473170778 HTTP/1.1" 200 5982
191.125.44.161 - - [28/Mar/2022:10:25:17 -0300] "GET /cormun/static/Shared/jqueryui/images/ui-bg_flat_55_fafafa_40x100.png HTTP/1.1" 404 1097
191.125.44.161 - - [28/Mar/2022:10:25:17 -0300] "GET /cormun/static/Shared/jqueryui/images/ui-icons_8d78a5_256x240.png HTTP/1.1" 404 1089
191.125.44.161 - - [28/Mar/2022:10:25:17 -0300] "POST /cormun/servlet/trautorizarsolicitud?2c1f6ff132fab3049600d7acb100ee70,,gx-no-cache=1648473171475 HTTP/1.1" 200 5927
191.125.44.161 - - [28/Mar/2022:10:25:24 -0300] "GET /cormun/servlet/trautorizarpermisogoce? HTTP/1.1" 200 7091
191.125.44.161 - - [28/Mar/2022:10:25:24 -0300] "GET /cormun/servlet/trautorizarpermisogoce? HTTP/1.1" 200 7091
45.155.204.146 - - [28/Mar/2022:10:25:47 -0300] "GET /manager/html HTTP/1.1" 401 2474
191.125.44.161 - - [28/Mar/2022:10:25:50 -0300] "POST /cormun/servlet/trautorizarpermisogoce?2c1f6ff132fab3049600d7acb100ee70,,gx-no-cache=1648473203859 HTTP/1.1" 200 112
191.125.44.161 - - [28/Mar/2022:10:25:51 -0300] "GET /cormun/AutorizarPermisoGoce-2467.xls HTTP/1.1" 200 4096
191.125.44.161 - - [28/Mar/2022:10:25:56 -0300] "POST /cormun/servlet/trautorizarpermisogoce?2c1f6ff132fab3049600d7acb100ee70,,gx-no-cache=1648473210094 HTTP/1.1" 200 4440
191.125.44.161 - - [28/Mar/2022:10:25:59 -0300] "POST /cormun/servlet/trautorizarpermisogoce?2c1f6ff132fab3049600d7acb100ee70,,gx-no-cache=1648473212934 HTTP/1.1" 200 4439
191.125.44.161 - - [28/Mar/2022:10:26:08 -0300] "GET /cormun/servlet/trautorizarpermisogoce? HTTP/1.1" 200 7124
191.125.44.161 - - [28/Mar/2022:10:26:08 -0300] "GET /cormun/servlet/trautorizarpermisogoce? HTTP/1.1" 200 7124
191.125.44.161 - - [28/Mar/2022:10:26:12 -0300] "POST /cormun/servlet/trautorizarpermisogoce?2c1f6ff132fab3049600d7acb100ee70,,gx-no-cache=1648473226290 HTTP/1.1" 200 4435
190.171.142.42 - - [28/Mar/2022:10:26:16 -0300] "GET /cormun/servlet/trlicencias? HTTP/1.1" 200 9388
190.171.142.42 - - [28/Mar/2022:10:26:16 -0300] "GET /cormun/servlet/hlogin HTTP/1.1" 200 1739
190.171.142.42 - - [28/Mar/2022:10:26:16 -0300] "GET /cormun/servlet/trlicencias? HTTP/1.1" 200 9390
45.155.204.146 - - [28/Mar/2022:10:26:19 -0300] "GET /manager/html HTTP/1.1" 401 2474
190.171.142.42 - - [28/Mar/2022:10:26:24 -0300] "POST /cormun/servlet/hlogin?1296cb98f8b9f22d858ce08e3345319b,gx-no-cache=1648473238376 HTTP/1.1" 200 90
190.171.142.42 - - [28/Mar/2022:10:26:24 -0300] "GET /cormun/servlet/hpexe_link HTTP/1.1" 200 953
190.171.142.42 - - [28/Mar/2022:10:26:24 -0300] "GET /cormun/servlet/trlicencias HTTP/1.1" 200 11671
190.171.142.42 - - [28/Mar/2022:10:26:25 -0300] "GET /cormun/servlet/trlicencias HTTP/1.1" 200 11669
191.125.44.161 - - [28/Mar/2022:10:26:25 -0300] "POST /cormun/servlet/trautorizarpermisogoce?2c1f6ff132fab3049600d7acb100ee70,,gx-no-cache=1648473239761 HTTP/1.1" 200 4435
191.125.44.161 - - [28/Mar/2022:10:26:36 -0300] "GET /cormun/servlet/trsolicitudot? HTTP/1.1" 200 17358
191.125.44.161 - - [28/Mar/2022:10:26:37 -0300] "GET /cormun/servlet/trsolicitudot? HTTP/1.1" 200 17358
190.171.142.42 - - [28/Mar/2022:10:26:45 -0300] "GET /cormun/servlet/trpermisosgoce? HTTP/1.1" 200 8333
190.171.142.42 - - [28/Mar/2022:10:26:45 -0300] "GET /cormun/servlet/trpermisosgoce? HTTP/1.1" 200 8333
191.125.44.161 - - [28/Mar/2022:10:26:47 -0300] "GET /cormun/servlet/trautorizarsolicitud? HTTP/1.1" 200 8761
191.125.44.161 - - [28/Mar/2022:10:26:48 -0300] "GET /cormun/servlet/trautorizarsolicitud? HTTP/1.1" 200 8761
190.171.142.42 - - [28/Mar/2022:10:26:48 -0300] "GET /cormun/servlet/permisogoce?INS,0,,, HTTP/1.1" 200 7126
190.171.142.42 - - [28/Mar/2022:10:26:49 -0300] "GET /cormun/static/gxcfg.js?20201215124560 HTTP/1.1" 200 953
190.171.142.42 - - [28/Mar/2022:10:26:49 -0300] "GET /cormun/static/permisogoce.js?20201215124939 HTTP/1.1" 200 27919
190.171.142.42 - - [28/Mar/2022:10:26:49 -0300] "GET /cormun/servlet/permisogoce?INS,0,,, HTTP/1.1" 200 7126
45.155.204.146 - - [28/Mar/2022:10:26:51 -0300] "GET /manager/html HTTP/1.1" 401 2474
191.125.44.161 - - [28/Mar/2022:10:26:56 -0300] "GET /cormun/servlet/trpermisosgoce? HTTP/1.1" 200 7186
191.125.44.161 - - [28/Mar/2022:10:26:56 -0300] "GET /cormun/servlet/trpermisosgoce? HTTP/1.1" 200 7185
190.171.142.42 - - [28/Mar/2022:10:27:12 -0300] "GET /cormun/servlet/permisogoce?b7ad329288b2eeac042516e365a99ca2c44e588dc5b121acce45978f67f54d71ea4d5550e4cf70c3c2597cc14ffb776e59f28851fc388debb4773eec4222a454,gx-no-cache=1648473286443 HTTP/1.1" 200 87
190.171.142.42 - - [28/Mar/2022:10:27:12 -0300] "GET /cormun/static/menuarrow.gif HTTP/1.1" 404 1015
191.125.44.161 - - [28/Mar/2022:10:27:17 -0300] "GET /cormun/servlet/trpermisosgoce? HTTP/1.1" 200 7185
191.125.44.161 - - [28/Mar/2022:10:27:17 -0300] "GET /cormun/servlet/trpermisosgoce? HTTP/1.1" 200 7185
191.125.44.161 - - [28/Mar/2022:10:27:21 -0300] "GET /cormun/static/menuarrow.gif HTTP/1.1" 404 1015
45.155.204.146 - - [28/Mar/2022:10:27:22 -0300] "GET /manager/html HTTP/1.1" 401 2474
190.171.142.42 - - [28/Mar/2022:10:27:23 -0300] "GET /cormun/servlet/permisogoce?b7ad329288b2eeac042516e365a99ca2b4308044b49e81af0e21cf74abdcafad2b9ed63bca8c70384a3f023d69eedd4cb5728a0fc386d42d185a298f0ccc526e,gx-no-cache=1648473297053 HTTP/1.1" 200 47
190.171.142.42 - - [28/Mar/2022:10:27:26 -0300] "POST /cormun/servlet/permisogoce?1296cb98f8b9f22d858ce08e3345319b,INS,0,,,,gx-no-cache=1648473300073 HTTP/1.1" 200 93
190.171.142.42 - - [28/Mar/2022:10:27:26 -0300] "GET /cormun/servlet/hpexe_return? HTTP/1.1" 200 1006
190.171.142.42 - - [28/Mar/2022:10:27:26 -0300] "GET /cormun/servlet/trpermisosgoce HTTP/1.1" 200 8588
190.171.142.42 - - [28/Mar/2022:10:27:27 -0300] "GET /cormun/servlet/trpermisosgoce HTTP/1.1" 200 8584
190.171.142.42 - - [28/Mar/2022:10:27:34 -0300] "GET /cormun/servlet/permisogoce?INS,0,,, HTTP/1.1" 200 7126
190.171.142.42 - - [28/Mar/2022:10:27:34 -0300] "GET /cormun/servlet/permisogoce?INS,0,,, HTTP/1.1" 200 7126
190.171.142.42 - - [28/Mar/2022:10:27:44 -0300] "GET /cormun/servlet/permisogoce?b7ad329288b2eeac042516e365a99ca2c1dae88e1d7091d6fbabdbb47a9c76a7ea4d5550e4cf70c3c2597cc14ffb776e59f28851fc388debb4773eec4222a454,gx-no-cache=1648473318358 HTTP/1.1" 200 82
190.171.142.42 - - [28/Mar/2022:10:27:47 -0300] "GET /cormun/static/menuarrow.gif HTTP/1.1" 404 1015
191.125.44.161 - - [28/Mar/2022:10:27:49 -0300] "GET /cormun/servlet/permisogoce?INS,0,,, HTTP/1.1" 200 7149
191.125.44.161 - - [28/Mar/2022:10:27:49 -0300] "GET /cormun/servlet/permisogoce?INS,0,,, HTTP/1.1" 200 7148
190.171.142.42 - - [28/Mar/2022:10:27:50 -0300] "GET /cormun/servlet/permisogoce?b7ad329288b2eeac042516e365a99ca277e5aa41ca9ab017a5811dd3f45d102a54e44dedac53fb0e9d398cf255f80033b5728a0fc386d42d185a298f0ccc526e,gx-no-cache=1648473324126 HTTP/1.1" 200 47
190.171.142.42 - - [28/Mar/2022:10:27:52 -0300] "POST /cormun/servlet/permisogoce?1296cb98f8b9f22d858ce08e3345319b,INS,0,,,,gx-no-cache=1648473325956 HTTP/1.1" 200 93
190.171.142.42 - - [28/Mar/2022:10:27:52 -0300] "GET /cormun/servlet/hpexe_return? HTTP/1.1" 200 1006
190.171.142.42 - - [28/Mar/2022:10:27:52 -0300] "GET /cormun/servlet/trpermisosgoce HTTP/1.1" 200 8807
190.171.142.42 - - [28/Mar/2022:10:27:52 -0300] "GET /cormun/servlet/trpermisosgoce HTTP/1.1" 200 8804
45.155.204.146 - - [28/Mar/2022:10:27:53 -0300] "GET /manager/html HTTP/1.1" 401 2474
191.125.44.161 - - [28/Mar/2022:10:28:04 -0300] "GET /cormun/servlet/permisogoce?a552afa2acdd278e79293b4a1d13931d9f9eb3e4bb3497974b6edcb1fd1e5356d7a6ac16868b481d597a2d5642d116dda101795153b044f3d0409941de2e57c0,gx-no-cache=1648473338656 HTTP/1.1" 200 80
191.125.44.161 - - [28/Mar/2022:10:28:04 -0300] "GET /cormun/static/menuarrow.gif HTTP/1.1" 404 1015
190.171.142.42 - - [28/Mar/2022:10:28:08 -0300] "GET /cormun/servlet/permisogoce?INS,0,,, HTTP/1.1" 200 7126
190.171.142.42 - - [28/Mar/2022:10:28:08 -0300] "GET /cormun/servlet/permisogoce?INS,0,,, HTTP/1.1" 200 7126
191.125.44.161 - - [28/Mar/2022:10:28:12 -0300] "GET /cormun/servlet/permisogoce?a552afa2acdd278e79293b4a1d13931d2af41dbb7403b74aee4625de8e35d23716cbd3088864b5e6de8a84cd409dc1b49670b88795dd65a979b2f49ae873ab1b,gx-no-cache=1648473346477 HTTP/1.1" 200 47
191.125.44.161 - - [28/Mar/2022:10:28:15 -0300] "GET /cormun/servlet/puconsultapgoce?16179944,MD,gxPopupLevel%3D0%3B HTTP/1.1" 200 3784
191.125.44.161 - - [28/Mar/2022:10:28:15 -0300] "GET /cormun/pexe_menus.js HTTP/1.1" 404 1001
191.125.44.161 - - [28/Mar/2022:10:28:15 -0300] "GET /cormun/pexe_layers.js HTTP/1.1" 404 1003
191.125.44.161 - - [28/Mar/2022:10:28:15 -0300] "GET /cormun/pexe_link.js HTTP/1.1" 404 999
191.125.44.161 - - [28/Mar/2022:10:28:15 -0300] "GET /cormun/pexe_windows.js HTTP/1.1" 404 1005
191.125.44.161 - - [28/Mar/2022:10:28:15 -0300] "GET /cormun/pexe_cookies.js HTTP/1.1" 404 1005
191.125.44.161 - - [28/Mar/2022:10:28:15 -0300] "GET /cormun/pexe_grid.js HTTP/1.1" 404 999
191.125.44.161 - - [28/Mar/2022:10:28:15 -0300] "GET /cormun/pexe_griddivfix.js HTTP/1.1" 404 1011
191.125.44.161 - - [28/Mar/2022:10:28:15 -0300] "GET /cormun/pexe_treedivfix.js HTTP/1.1" 404 1011
191.125.44.161 - - [28/Mar/2022:10:28:15 -0300] "GET /cormun/pexe_picture.js HTTP/1.1" 404 1005
191.125.44.161 - - [28/Mar/2022:10:28:15 -0300] "GET /cormun/pexe_link.js HTTP/1.1" 404 999
191.125.44.161 - - [28/Mar/2022:10:28:15 -0300] "GET /cormun/pexe_autoreload.js HTTP/1.1" 404 1011
191.125.44.161 - - [28/Mar/2022:10:28:15 -0300] "GET /cormun/pexe_tabdivfix.js HTTP/1.1" 404 1009
191.125.44.161 - - [28/Mar/2022:10:28:15 -0300] "GET /cormun/pexe_menudivfix.js HTTP/1.1" 404 1011
191.125.44.161 - - [28/Mar/2022:10:28:15 -0300] "GET /cormun/pexe_cookies.js HTTP/1.1" 404 1005
191.125.44.161 - - [28/Mar/2022:10:28:16 -0300] "GET /cormun/pexe_grid.js HTTP/1.1" 404 999
191.125.44.161 - - [28/Mar/2022:10:28:16 -0300] "GET /cormun/pexe_griddivfix.js HTTP/1.1" 404 1011
191.125.44.161 - - [28/Mar/2022:10:28:16 -0300] "GET /cormun/pexe_picture.js HTTP/1.1" 404 1005
191.125.44.161 - - [28/Mar/2022:10:28:16 -0300] "GET /cormun/pexe_treedivfix.js HTTP/1.1" 404 1011
191.125.44.161 - - [28/Mar/2022:10:28:16 -0300] "GET /cormun/pexe_autoreload.js HTTP/1.1" 404 1011
191.125.44.161 - - [28/Mar/2022:10:28:16 -0300] "GET /cormun/pexe_menudivfix.js HTTP/1.1" 404 1011
191.125.44.161 - - [28/Mar/2022:10:28:16 -0300] "GET /cormun/pexe_tabdivfix.js HTTP/1.1" 404 1009
191.125.44.161 - - [28/Mar/2022:10:28:22 -0300] "POST /cormun/servlet/puconsultapgoce?2c1f6ff132fab3049600d7acb100ee70,16179944,MD,gxPopupLevel%3D0%3B,gx-no-cache=1648473356260 HTTP/1.1" 200 60
190.171.142.42 - - [28/Mar/2022:10:28:22 -0300] "GET /cormun/servlet/prfichaempleado?,MD,,gxPopupLevel%3D0%3B HTTP/1.1" 200 9261
45.155.204.146 - - [28/Mar/2022:10:28:23 -0300] "GET /manager/html HTTP/1.1" 401 2474
191.125.44.161 - - [28/Mar/2022:10:28:24 -0300] "POST /cormun/servlet/permisogoce?2c1f6ff132fab3049600d7acb100ee70,INS,0,,,,gx-no-cache=1648473357921 HTTP/1.1" 200 93
191.125.44.161 - - [28/Mar/2022:10:28:24 -0300] "GET /cormun/servlet/hpexe_return? HTTP/1.1" 200 1013
191.125.44.161 - - [28/Mar/2022:10:28:25 -0300] "GET /cormun/servlet/trpermisosgoce HTTP/1.1" 200 8069
191.125.44.161 - - [28/Mar/2022:10:28:25 -0300] "GET /cormun//static/Resources/PXToolsGridDisplay.png HTTP/1.1" 200 525
191.125.44.161 - - [28/Mar/2022:10:28:25 -0300] "GET /cormun//static/Resources/PXToolsActionPrint.png HTTP/1.1" 200 404
191.125.44.161 - - [28/Mar/2022:10:28:25 -0300] "GET /cormun//static/Resources/PXToolsHeaderFavorites.png HTTP/1.1" 200 1414
191.125.44.161 - - [28/Mar/2022:10:28:25 -0300] "GET /cormun//static/Resources/PXToolsHeaderHelp.png HTTP/1.1" 200 1333
191.125.44.161 - - [28/Mar/2022:10:28:25 -0300] "GET /cormun/servlet/trpermisosgoce HTTP/1.1" 200 8065
191.125.44.161 - - [28/Mar/2022:10:28:30 -0300] "GET /cormun/servlet/apermisogoceprn?16179944,P,20220328101239,PU HTTP/1.1" 200 1661
190.171.142.42 - - [28/Mar/2022:10:28:31 -0300] "GET /cormun/servlet/permisogoce?b7ad329288b2eeac042516e365a99ca2fc155c53a7415c514938c19a3802f23dea4d5550e4cf70c3c2597cc14ffb776e59f28851fc388debb4773eec4222a454,gx-no-cache=1648473364995 HTTP/1.1" 200 83
190.171.142.42 - - [28/Mar/2022:10:28:31 -0300] "GET /cormun/static/menuarrow.gif HTTP/1.1" 404 1015
190.171.142.42 - - [28/Mar/2022:10:28:37 -0300] "GET /cormun/servlet/permisogoce?b7ad329288b2eeac042516e365a99ca25c681a18910592a6cdd9c8bd1196de8ad95fc8488eedf7cdbe7fdfc0a0223969b5728a0fc386d42d185a298f0ccc526e,gx-no-cache=1648473371447 HTTP/1.1" 200 47
190.171.142.42 - - [28/Mar/2022:10:28:40 -0300] "POST /cormun/servlet/permisogoce?1296cb98f8b9f22d858ce08e3345319b,INS,0,,,,gx-no-cache=1648473373556 HTTP/1.1" 200 93
190.171.142.42 - - [28/Mar/2022:10:28:40 -0300] "GET /cormun/servlet/hpexe_return? HTTP/1.1" 200 1006
190.171.142.42 - - [28/Mar/2022:10:28:40 -0300] "GET /cormun/servlet/trpermisosgoce HTTP/1.1" 200 9032
190.171.142.42 - - [28/Mar/2022:10:28:40 -0300] "GET /cormun/servlet/trpermisosgoce HTTP/1.1" 200 9028
45.155.204.146 - - [28/Mar/2022:10:28:54 -0300] "GET /manager/html HTTP/1.1" 401 2474
45.155.204.146 - - [28/Mar/2022:10:29:25 -0300] "GET /manager/html HTTP/1.1" 401 2474
191.125.44.161 - - [28/Mar/2022:10:29:47 -0300] "GET /cormun/static/menuarrow.gif HTTP/1.1" 404 1015
190.171.153.50 - - [28/Mar/2022:10:29:50 -0300] "GET /cormun/servlet/hlogin HTTP/1.1" 200 1721
190.171.153.50 - - [28/Mar/2022:10:29:51 -0300] "GET /cormun/servlet/hlogin HTTP/1.1" 200 1730
190.171.153.50 - - [28/Mar/2022:10:29:51 -0300] "GET /favicon.ico HTTP/1.1" 200 21630
190.171.153.50 - - [28/Mar/2022:10:29:54 -0300] "POST /cormun/servlet/hlogin?789d2c9486cd269723e6a3b068c5c09e,gx-no-cache=1648473450451 HTTP/1.1" 200 90
190.171.153.50 - - [28/Mar/2022:10:29:54 -0300] "GET /cormun/servlet/hpexe_link HTTP/1.1" 200 949
190.171.153.50 - - [28/Mar/2022:10:29:54 -0300] "GET /cormun/servlet/hhome HTTP/1.1" 200 4217
190.171.153.50 - - [28/Mar/2022:10:29:54 -0300] "GET /cormun/servlet/hhome HTTP/1.1" 200 4213
45.155.204.146 - - [28/Mar/2022:10:29:56 -0300] "GET /manager/html HTTP/1.1" 401 2474
190.171.153.50 - - [28/Mar/2022:10:29:59 -0300] "GET /cormun/servlet/hlogin HTTP/1.1" 200 1730
191.125.44.161 - - [28/Mar/2022:10:30:12 -0300] "GET /cormun/servlet/permisogoce?INS,0,,, HTTP/1.1" 200 7150
191.125.44.161 - - [28/Mar/2022:10:30:12 -0300] "GET /cormun/servlet/permisogoce?INS,0,,, HTTP/1.1" 200 7149
191.125.44.161 - - [28/Mar/2022:10:30:23 -0300] "GET /cormun/servlet/permisogoce?a552afa2acdd278e79293b4a1d13931de98c5e49ec4b8769fc1160bb505262ad590ee7d9b29d0ee4a4f8c0d7a889755233d12c9e3eb98d95216e9e7fa7b65163,gx-no-cache=1648473477825 HTTP/1.1" 200 183
191.125.44.161 - - [28/Mar/2022:10:30:25 -0300] "GET /cormun/static/menuarrow.gif HTTP/1.1" 404 1015
191.125.44.161 - - [28/Mar/2022:10:30:26 -0300] "GET /cormun/servlet/permisogoce?a552afa2acdd278e79293b4a1d13931de98c5e49ec4b8769fc1160bb505262ad590ee7d9b29d0ee4a4f8c0d7a889755233d12c9e3eb98d95216e9e7fa7b65163,gx-no-cache=1648473480628 HTTP/1.1" 200 183
45.155.204.146 - - [28/Mar/2022:10:30:27 -0300] "GET /manager/html HTTP/1.1" 401 2474
191.125.44.161 - - [28/Mar/2022:10:30:31 -0300] "GET /cormun/servlet/permisogoce?a552afa2acdd278e79293b4a1d13931d4ba2b499fd64d2d184071b3008904af4d54c0f37859a9567c5ad049b6046dbd2b4e05cff189de0336e4434be9fd20151,gx-no-cache=1648473485366 HTTP/1.1" 200 47
192.168.10.199 - - [28/Mar/2022:10:30:34 -0300] "POST /cormun/servlet/trsolicitudgral?d12ad8ca3af56fca99b78be199c1c87b,,gx-no-cache=1648473324587 HTTP/1.1" 200 7546
191.125.44.161 - - [28/Mar/2022:10:30:38 -0300] "POST /cormun/servlet/permisogoce?2c1f6ff132fab3049600d7acb100ee70,INS,0,,,,gx-no-cache=1648473491866 HTTP/1.1" 200 4749
190.171.142.42 - - [28/Mar/2022:10:30:42 -0300] "GET /cormun/servlet/trlicencias? HTTP/1.1" 200 11670
190.171.142.42 - - [28/Mar/2022:10:30:43 -0300] "GET /cormun/servlet/trlicencias? HTTP/1.1" 200 11668
191.125.44.161 - - [28/Mar/2022:10:30:43 -0300] "GET /cormun/servlet/trpermisosgoce HTTP/1.1" 200 8069
191.125.44.161 - - [28/Mar/2022:10:30:43 -0300] "GET /cormun/servlet/trpermisosgoce HTTP/1.1" 200 8065
45.155.204.146 - - [28/Mar/2022:10:30:59 -0300] "GET /manager/html HTTP/1.1" 401 2474
191.125.44.161 - - [28/Mar/2022:10:31:17 -0300] "GET /cormun/servlet/permisogoce?INS,0,,, HTTP/1.1" 200 7149
191.125.44.161 - - [28/Mar/2022:10:31:17 -0300] "GET /cormun/servlet/permisogoce?INS,0,,, HTTP/1.1" 200 7149
45.155.204.146 - - [28/Mar/2022:10:31:31 -0300] "GET /manager/html HTTP/1.1" 401 2474
191.125.44.161 - - [28/Mar/2022:10:31:33 -0300] "GET /cormun/servlet/permisogoce?a552afa2acdd278e79293b4a1d13931d0bf0d5579b8517f45a7b2125bcae65411e59178260878b9f91dedd32db7071262ddaff7551d4fabf203fdec9b54dd5d9,gx-no-cache=1648473547080 HTTP/1.1" 200 226
191.125.44.161 - - [28/Mar/2022:10:31:42 -0300] "GET /cormun/servlet/permisogoce?a552afa2acdd278e79293b4a1d13931d0bf0d5579b8517f45a7b2125bcae6541d7a6ac16868b481d597a2d5642d116dda101795153b044f3d0409941de2e57c0,gx-no-cache=1648473556366 HTTP/1.1" 200 84
191.125.44.161 - - [28/Mar/2022:10:31:42 -0300] "GET /cormun/static/menuarrow.gif HTTP/1.1" 404 1015
191.125.44.161 - - [28/Mar/2022:10:31:49 -0300] "GET /cormun/servlet/permisogoce?a552afa2acdd278e79293b4a1d13931dd5404093580b91a910acdfb22ba8e3a919f7e34fa7c151a674bd4e98ca4217d49670b88795dd65a979b2f49ae873ab1b,gx-no-cache=1648473563589 HTTP/1.1" 200 47
191.125.44.161 - - [28/Mar/2022:10:31:53 -0300] "POST /cormun/servlet/permisogoce?2c1f6ff132fab3049600d7acb100ee70,INS,0,,,,gx-no-cache=1648473566777 HTTP/1.1" 200 93
191.125.44.161 - - [28/Mar/2022:10:31:53 -0300] "GET /cormun/servlet/hpexe_return? HTTP/1.1" 200 1013
191.125.44.161 - - [28/Mar/2022:10:31:53 -0300] "GET /cormun/servlet/trpermisosgoce HTTP/1.1" 200 8361
191.125.44.161 - - [28/Mar/2022:10:31:54 -0300] "GET /cormun/servlet/trpermisosgoce HTTP/1.1" 200 8359
191.125.44.161 - - [28/Mar/2022:10:31:59 -0300] "GET /cormun/servlet/apermisogoceprn?16787557,P,20220328101607,PU HTTP/1.1" 200 1660
45.155.204.146 - - [28/Mar/2022:10:32:04 -0300] "GET /manager/html HTTP/1.1" 401 2474
45.155.204.146 - - [28/Mar/2022:10:32:36 -0300] "GET /manager/html HTTP/1.1" 401 2474
191.125.44.161 - - [28/Mar/2022:10:32:37 -0300] "GET /cormun/servlet/permisogoce?INS,0,,, HTTP/1.1" 200 7149
191.125.44.161 - - [28/Mar/2022:10:32:38 -0300] "GET /cormun/servlet/permisogoce?INS,0,,, HTTP/1.1" 200 7149
191.125.44.161 - - [28/Mar/2022:10:32:50 -0300] "GET /cormun/servlet/permisogoce?a552afa2acdd278e79293b4a1d13931de98c5e49ec4b8769fc1160bb505262ad590ee7d9b29d0ee4a4f8c0d7a889755233d12c9e3eb98d95216e9e7fa7b65163,gx-no-cache=1648473624424 HTTP/1.1" 200 183
45.155.204.146 - - [28/Mar/2022:10:33:09 -0300] "GET /manager/html HTTP/1.1" 401 2474
45.155.204.146 - - [28/Mar/2022:10:33:45 -0300] "GET /manager/html HTTP/1.1" 401 2474
192.168.10.199 - - [28/Mar/2022:10:33:56 -0300] "GET /cormun/servlet/vesolicitudgral?2022,18186,, HTTP/1.1" 200 8387
192.168.10.199 - - [28/Mar/2022:10:33:56 -0300] "GET /cormun/pexe_scrolldiv.js HTTP/1.1" 404 1009
192.168.10.199 - - [28/Mar/2022:10:33:57 -0300] "GET /cormun/servlet/vesolicitudgral?2022,18186,, HTTP/1.1" 200 8387
192.168.10.199 - - [28/Mar/2022:10:33:59 -0300] "POST /cormun/servlet/vesolicitudgral?d12ad8ca3af56fca99b78be199c1c87b,2022,18186,,,gx-no-cache=1648473529764 HTTP/1.1" 200 12092
192.168.10.199 - - [28/Mar/2022:10:33:59 -0300] "GET /cormun/static/Shared/jqueryui/images/ui-icons_82798d_256x240.png HTTP/1.1" 404 1089
192.168.10.199 - - [28/Mar/2022:10:33:59 -0300] "GET /cormun/static/Shared/jqueryui/images/ui-bg_highlight-soft_100_c6c2c8_1x100.png HTTP/1.1" 404 1117
192.168.10.199 - - [28/Mar/2022:10:33:59 -0300] "GET /cormun/static/Shared/jqueryui/images/ui-icons_8d78a5_256x240.png HTTP/1.1" 404 1089
192.168.10.199 - - [28/Mar/2022:10:33:59 -0300] "GET /cormun/static/Shared/jqueryui/images/ui-bg_flat_55_fafafa_40x100.png HTTP/1.1" 404 1097
192.168.10.199 - - [28/Mar/2022:10:33:59 -0300] "POST /cormun/servlet/vesolicitudgral?d12ad8ca3af56fca99b78be199c1c87b,2022,18186,,,gx-no-cache=1648473529978 HTTP/1.1" 200 12026
192.168.10.199 - - [28/Mar/2022:10:34:03 -0300] "POST /cormun/servlet/vesolicitudgral?d12ad8ca3af56fca99b78be199c1c87b,2022,18186,,,gx-no-cache=1648473533484 HTTP/1.1" 200 90
192.168.10.199 - - [28/Mar/2022:10:34:03 -0300] "GET /cormun/servlet/hpexe_link HTTP/1.1" 200 968
192.168.10.199 - - [28/Mar/2022:10:34:03 -0300] "GET /cormun/servlet/trsolicitudgral? HTTP/1.1" 200 10221
192.168.10.199 - - [28/Mar/2022:10:34:03 -0300] "GET /cormun/servlet/trsolicitudgral? HTTP/1.1" 200 10220
192.168.10.199 - - [28/Mar/2022:10:34:13 -0300] "GET /cormun/servlet/vesolicitudgral?2022,18180,, HTTP/1.1" 200 8422
192.168.10.199 - - [28/Mar/2022:10:34:13 -0300] "GET /cormun/pexe_scrolldiv.js HTTP/1.1" 404 1009
192.168.10.199 - - [28/Mar/2022:10:34:13 -0300] "GET /cormun/servlet/vesolicitudgral?2022,18180,, HTTP/1.1" 200 8421
45.155.204.146 - - [28/Mar/2022:10:34:17 -0300] "GET /manager/html HTTP/1.1" 401 2474
191.125.44.161 - - [28/Mar/2022:10:34:27 -0300] "GET /cormun/servlet/prfichaempleado?,MD,,gxPopupLevel%3D0%3B HTTP/1.1" 200 9280
191.125.44.161 - - [28/Mar/2022:10:34:28 -0300] "GET /cormun/static/gxcfg.js?20201215571085 HTTP/1.1" 200 953
191.125.44.161 - - [28/Mar/2022:10:34:28 -0300] "GET /cormun/static/menusearch.js?20201214473581 HTTP/1.1" 200 1424
191.125.44.161 - - [28/Mar/2022:10:34:28 -0300] "GET /cormun/static/prfichaempleado.js?20201215572193 HTTP/1.1" 200 16006
191.125.44.161 - - [28/Mar/2022:10:34:28 -0300] "GET /cormun/static/Resources/PXToolsMenuSearch.png HTTP/1.1" 200 336
191.125.44.161 - - [28/Mar/2022:10:34:28 -0300] "GET /cormun/static/Resources/PXToolsMenuSearchCancel.png HTTP/1.1" 200 306
191.125.44.161 - - [28/Mar/2022:10:34:28 -0300] "GET /cormun/static/hmpwkw011.js?20201215495555 HTTP/1.1" 200 1968
192.168.10.199 - - [28/Mar/2022:10:34:45 -0300] "POST /cormun/servlet/vesolicitudgral?d12ad8ca3af56fca99b78be199c1c87b,2022,18180,,,gx-no-cache=1648473576117 HTTP/1.1" 200 90
192.168.10.199 - - [28/Mar/2022:10:34:45 -0300] "GET /cormun/servlet/hpexe_link HTTP/1.1" 200 967
192.168.10.199 - - [28/Mar/2022:10:34:46 -0300] "GET /cormun/servlet/trsolicitudgral HTTP/1.1" 200 10221
192.168.10.199 - - [28/Mar/2022:10:34:46 -0300] "GET /cormun/servlet/trsolicitudgral HTTP/1.1" 200 10220
190.171.141.114 - - [28/Mar/2022:10:34:49 -0300] "GET /cormun/servlet/trpermisosgoce? HTTP/1.1" 200 9659
45.155.204.146 - - [28/Mar/2022:10:34:49 -0300] "GET /manager/html HTTP/1.1" 401 2474
190.171.141.114 - - [28/Mar/2022:10:34:50 -0300] "GET /cormun/servlet/trpermisosgoce? HTTP/1.1" 200 9659
192.168.10.199 - - [28/Mar/2022:10:34:53 -0300] "GET /cormun/servlet/vesolicitudgral?2022,18180,, HTTP/1.1" 200 8422
192.168.10.199 - - [28/Mar/2022:10:34:53 -0300] "GET /cormun/pexe_scrolldiv.js HTTP/1.1" 404 1009
192.168.10.199 - - [28/Mar/2022:10:34:53 -0300] "GET /cormun/servlet/vesolicitudgral?2022,18180,, HTTP/1.1" 200 8421
191.125.44.161 - - [28/Mar/2022:10:34:54 -0300] "POST /cormun/servlet/prfichaempleado?2c1f6ff132fab3049600d7acb100ee70,,MD,,gxPopupLevel%3D0%3B,gx-no-cache=1648473748114 HTTP/1.1" 200 3416
192.168.10.199 - - [28/Mar/2022:10:34:55 -0300] "POST /cormun/servlet/vesolicitudgral?d12ad8ca3af56fca99b78be199c1c87b,2022,18180,,,gx-no-cache=1648473585389 HTTP/1.1" 200 12071
192.168.10.199 - - [28/Mar/2022:10:34:55 -0300] "GET /cormun/static/Shared/jqueryui/images/ui-icons_82798d_256x240.png HTTP/1.1" 404 1089
192.168.10.199 - - [28/Mar/2022:10:34:55 -0300] "GET /cormun/static/Shared/jqueryui/images/ui-bg_highlight-soft_100_c6c2c8_1x100.png HTTP/1.1" 404 1117
192.168.10.199 - - [28/Mar/2022:10:34:55 -0300] "GET /cormun/static/Shared/jqueryui/images/ui-bg_flat_55_fafafa_40x100.png HTTP/1.1" 404 1097
192.168.10.199 - - [28/Mar/2022:10:34:55 -0300] "GET /cormun/static/Shared/jqueryui/images/ui-icons_8d78a5_256x240.png HTTP/1.1" 404 1089
192.168.10.199 - - [28/Mar/2022:10:34:55 -0300] "POST /cormun/servlet/vesolicitudgral?d12ad8ca3af56fca99b78be199c1c87b,2022,18180,,,gx-no-cache=1648473585608 HTTP/1.1" 200 12004
190.171.141.114 - - [28/Mar/2022:10:34:58 -0300] "GET /cormun/servlet/trlicencias? HTTP/1.1" 200 8932
190.171.141.114 - - [28/Mar/2022:10:34:58 -0300] "GET /cormun/servlet/trlicencias? HTTP/1.1" 200 8930
192.168.10.199 - - [28/Mar/2022:10:34:59 -0300] "POST /cormun/servlet/vesolicitudgral?d12ad8ca3af56fca99b78be199c1c87b,2022,18180,,,gx-no-cache=1648473589650 HTTP/1.1" 200 90
192.168.10.199 - - [28/Mar/2022:10:34:59 -0300] "GET /cormun/servlet/hpexe_link HTTP/1.1" 200 967
192.168.10.199 - - [28/Mar/2022:10:34:59 -0300] "GET /cormun/servlet/trsolicitudgral HTTP/1.1" 200 9771
192.168.10.199 - - [28/Mar/2022:10:34:59 -0300] "GET /cormun/servlet/trsolicitudgral HTTP/1.1" 200 9770
191.125.44.161 - - [28/Mar/2022:10:35:02 -0300] "POST /cormun/servlet/prfichaempleado?2c1f6ff132fab3049600d7acb100ee70,,MD,,gxPopupLevel%3D0%3B,gx-no-cache=1648473756096 HTTP/1.1" 200 3416
190.171.141.114 - - [28/Mar/2022:10:35:04 -0300] "POST /cormun/servlet/trlicencias?57b6f6247c6cbc64c45737e6a5ed4b61,,gx-no-cache=1648473757859 HTTP/1.1" 200 6242
190.171.141.114 - - [28/Mar/2022:10:35:04 -0300] "GET /cormun/static/Shared/jqueryui/images/ui-bg_highlight-soft_100_c6c2c8_1x100.png HTTP/1.1" 404 1117
190.171.141.114 - - [28/Mar/2022:10:35:04 -0300] "GET /cormun/static/Shared/jqueryui/images/ui-icons_82798d_256x240.png HTTP/1.1" 404 1089
190.171.141.114 - - [28/Mar/2022:10:35:04 -0300] "GET /cormun/static/Shared/jqueryui/images/ui-icons_8d78a5_256x240.png HTTP/1.1" 404 1089
190.171.141.114 - - [28/Mar/2022:10:35:04 -0300] "GET /cormun/static/Shared/jqueryui/images/ui-bg_flat_55_fafafa_40x100.png HTTP/1.1" 404 1097
192.168.10.199 - - [28/Mar/2022:10:35:06 -0300] "POST /cormun/servlet/trsolicitudgral?d12ad8ca3af56fca99b78be199c1c87b,gx-no-cache=1648473596305 HTTP/1.1" 200 10485
191.125.44.161 - - [28/Mar/2022:10:35:15 -0300] "POST /cormun/servlet/prfichaempleado?2c1f6ff132fab3049600d7acb100ee70,,MD,,gxPopupLevel%3D0%3B,gx-no-cache=1648473768943 HTTP/1.1" 200 3418
191.125.44.161 - - [28/Mar/2022:10:35:16 -0300] "POST /cormun/servlet/prfichaempleado?2c1f6ff132fab3049600d7acb100ee70,,MD,,gxPopupLevel%3D0%3B,gx-no-cache=1648473770423 HTTP/1.1" 200 3418
191.125.44.161 - - [28/Mar/2022:10:35:18 -0300] "POST /cormun/servlet/prfichaempleado?2c1f6ff132fab3049600d7acb100ee70,,MD,,gxPopupLevel%3D0%3B,gx-no-cache=1648473772375 HTTP/1.1" 200 3418
45.155.204.146 - - [28/Mar/2022:10:35:21 -0300] "GET /manager/html HTTP/1.1" 401 2474
191.125.44.161 - - [28/Mar/2022:10:35:28 -0300] "GET /cormun/servlet/permisogoce?a552afa2acdd278e79293b4a1d13931de98c5e49ec4b8769fc1160bb505262ad590ee7d9b29d0ee4a4f8c0d7a889755233d12c9e3eb98d95216e9e7fa7b65163,gx-no-cache=1648473782120 HTTP/1.1" 200 183
191.125.44.161 - - [28/Mar/2022:10:35:31 -0300] "GET /cormun/servlet/prfichaempleado?,MD,,gxPopupLevel%3D0%3B HTTP/1.1" 200 9280
191.125.44.161 - - [28/Mar/2022:10:35:38 -0300] "POST /cormun/servlet/prfichaempleado?2c1f6ff132fab3049600d7acb100ee70,,MD,,gxPopupLevel%3D0%3B,gx-no-cache=1648473792099 HTTP/1.1" 200 6357
191.125.44.161 - - [28/Mar/2022:10:35:39 -0300] "GET /cormun/static/Resources/PXToolsGridNext.gif HTTP/1.1" 200 369
191.125.44.161 - - [28/Mar/2022:10:35:39 -0300] "GET /cormun/static/Resources/PXToolsGridLast.gif HTTP/1.1" 200 370
192.168.10.199 - - [28/Mar/2022:10:35:42 -0300] "GET /cormun/servlet/trsolicitudgral? HTTP/1.1" 200 13786
192.168.10.199 - - [28/Mar/2022:10:35:42 -0300] "GET /cormun/servlet/trsolicitudgral? HTTP/1.1" 200 13787
191.125.44.161 - - [28/Mar/2022:10:35:48 -0300] "GET /cormun/servlet/trpermisosgoce HTTP/1.1" 200 8361
191.125.44.161 - - [28/Mar/2022:10:35:48 -0300] "GET /cormun/servlet/trpermisosgoce HTTP/1.1" 200 8357
192.168.10.199 - - [28/Mar/2022:10:35:49 -0300] "POST /cormun/servlet/trsolicitudgral?d12ad8ca3af56fca99b78be199c1c87b,,gx-no-cache=1648473638771 HTTP/1.1" 200 26139
45.155.204.146 - - [28/Mar/2022:10:35:54 -0300] "GET /manager/html HTTP/1.1" 401 2474
192.168.10.199 - - [28/Mar/2022:10:35:54 -0300] "POST /cormun/servlet/trsolicitudgral?d12ad8ca3af56fca99b78be199c1c87b,,gx-no-cache=1648473643870 HTTP/1.1" 200 23783
190.171.142.42 - - [28/Mar/2022:10:36:03 -0300] "GET /cormun/servlet/trfichaempleado? HTTP/1.1" 200 14250
186.103.159.189 - - [28/Mar/2022:10:36:14 -0300] "GET /cormun/servlet/trlicencias? HTTP/1.1" 200 9397
186.103.159.189 - - [28/Mar/2022:10:36:14 -0300] "GET /cormun/static/gxcfg.js?2020121613995 HTTP/1.1" 200 953
186.103.159.189 - - [28/Mar/2022:10:36:14 -0300] "GET /cormun/static/trlicencias.js?202012162481 HTTP/1.1" 200 41883
186.103.159.189 - - [28/Mar/2022:10:36:15 -0300] "GET /cormun/servlet/hlogin HTTP/1.1" 200 1737
186.103.159.189 - - [28/Mar/2022:10:36:15 -0300] "GET /cormun/servlet/trlicencias? HTTP/1.1" 200 9391
186.103.159.189 - - [28/Mar/2022:10:36:23 -0300] "POST /cormun/servlet/hlogin?833b9946cd3d2ee6f5ee25ccf3d20594,gx-no-cache=1648473836841 HTTP/1.1" 200 90
186.103.159.189 - - [28/Mar/2022:10:36:23 -0300] "GET /cormun/servlet/hpexe_link HTTP/1.1" 200 950
186.103.159.189 - - [28/Mar/2022:10:36:23 -0300] "GET /cormun/servlet/trlicencias HTTP/1.1" 200 8931
186.103.159.189 - - [28/Mar/2022:10:36:23 -0300] "GET /cormun/servlet/trlicencias HTTP/1.1" 200 8929
45.155.204.146 - - [28/Mar/2022:10:36:27 -0300] "GET /manager/html HTTP/1.1" 401 2474
45.155.204.146 - - [28/Mar/2022:10:37:00 -0300] "GET /manager/html HTTP/1.1" 401 2474
45.155.204.146 - - [28/Mar/2022:10:37:33 -0300] "GET /manager/html HTTP/1.1" 401 2474
45.155.204.146 - - [28/Mar/2022:10:38:05 -0300] "GET /manager/html HTTP/1.1" 401 2474
45.155.204.146 - - [28/Mar/2022:10:38:38 -0300] "GET /manager/html HTTP/1.1" 401 2474
190.171.144.234 - - [28/Mar/2022:10:38:44 -0300] "GET /cormun/servlet/hlogin HTTP/1.1" 200 1730
190.171.144.234 - - [28/Mar/2022:10:38:45 -0300] "GET /cormun/static/gxcfg.js?201910216285969 HTTP/1.1" 200 953
190.171.144.234 - - [28/Mar/2022:10:38:45 -0300] "GET /cormun/static/gxtimezone.js?85251 HTTP/1.1" 200 5781
190.171.144.234 - - [28/Mar/2022:10:38:45 -0300] "GET /cormun/static/Resources/Spanish/PXTools.css?2294816 HTTP/1.1" 200 100853
190.171.144.234 - - [28/Mar/2022:10:38:45 -0300] "GET /cormun/static/messages.spa.js?85251 HTTP/1.1" 200 30736
190.171.144.234 - - [28/Mar/2022:10:38:45 -0300] "GET /cormun/static/gxgral.js?85251 HTTP/1.1" 200 384558
190.171.144.234 - - [28/Mar/2022:10:38:45 -0300] "GET /cormun/static/hlogin.js?201910216285995 HTTP/1.1" 200 2136
190.171.144.234 - - [28/Mar/2022:10:38:45 -0300] "GET /cormun/static/Resources/Logo2019_Grande.png HTTP/1.1" 200 31733
190.171.144.234 - - [28/Mar/2022:10:38:45 -0300] "GET /cormun/static/Resources/PXToolsLoginTop.png HTTP/1.1" 200 1337
190.171.144.234 - - [28/Mar/2022:10:38:45 -0300] "GET /cormun/static/Resources/PXToolsLoginBackground.png HTTP/1.1" 200 1164
190.171.144.234 - - [28/Mar/2022:10:38:45 -0300] "GET /cormun/static/Resources/PXToolsButtonRight.png HTTP/1.1" 200 1294
190.171.144.234 - - [28/Mar/2022:10:38:45 -0300] "GET /cormun/static/Resources/PXToolsButtonLeft.png HTTP/1.1" 200 1310
190.171.144.234 - - [28/Mar/2022:10:38:45 -0300] "GET /cormun/static/Resources/PXToolsButtonBackground.png HTTP/1.1" 200 1176
190.171.144.234 - - [28/Mar/2022:10:38:45 -0300] "GET /cormun/static/Resources/PXToolsLoginBottom.png HTTP/1.1" 200 1389
190.171.144.234 - - [28/Mar/2022:10:38:45 -0300] "GET /cormun/static/Resources/indicator.gif HTTP/1.1" 200 1553
190.171.144.234 - - [28/Mar/2022:10:38:45 -0300] "GET /cormun/servlet/hlogin HTTP/1.1" 200 1741
190.171.144.234 - - [28/Mar/2022:10:38:45 -0300] "GET /favicon.ico HTTP/1.1" 200 21630
186.103.159.189 - - [28/Mar/2022:10:38:50 -0300] "GET /cormun/servlet/trlicenciaspermisosadjuntos?8686170,20220328000000,L, HTTP/1.1" 200 6354
186.103.159.189 - - [28/Mar/2022:10:38:50 -0300] "GET /cormun/static/gxui/gxui-all.css?110300 HTTP/1.1" 200 2179
186.103.159.189 - - [28/Mar/2022:10:38:50 -0300] "GET /cormun/static/calendar-system.css?75620 HTTP/1.1" 200 5572
186.103.159.189 - - [28/Mar/2022:10:38:50 -0300] "GET /cormun/static/gxcfg.js?201991422445549 HTTP/1.1" 200 953
186.103.159.189 - - [28/Mar/2022:10:38:50 -0300] "GET /cormun/static/trlicenciaspermisosadjuntos.js?20199142244593 HTTP/1.1" 200 21036
186.103.159.189 - - [28/Mar/2022:10:38:50 -0300] "GET /cormun/static/Shared/ext/resources/css/ext-all.css?205870 HTTP/1.1" 200 416045
186.103.159.189 - - [28/Mar/2022:10:38:50 -0300] "GET /cormun/servlet/trlicenciaspermisosadjuntos?8686170,20220328000000,L, HTTP/1.1" 200 6355
186.103.159.189 - - [28/Mar/2022:10:38:54 -0300] "GET /cormun/servlet/licenciaspermisosadjuntos?INS,8686170,L,20220328000000,, HTTP/1.1" 200 5641
186.103.159.189 - - [28/Mar/2022:10:38:54 -0300] "GET /cormun/static/gxcfg.js?20201215114875 HTTP/1.1" 200 953
186.103.159.189 - - [28/Mar/2022:10:38:54 -0300] "GET /cormun/static/licenciaspermisosadjuntos.js?20201215114932 HTTP/1.1" 200 8760
186.103.159.189 - - [28/Mar/2022:10:38:55 -0300] "GET /cormun/static/about:blank HTTP/1.1" 404 1011
186.103.159.189 - - [28/Mar/2022:10:38:55 -0300] "GET /cormun/servlet/licenciaspermisosadjuntos?INS,8686170,L,20220328000000,, HTTP/1.1" 200 5631
186.103.159.189 - - [28/Mar/2022:10:39:05 -0300] "POST /cormun/servlet/licenciaspermisosadjuntos?833b9946cd3d2ee6f5ee25ccf3d20594,INS,8686170,L,20220328000000,, HTTP/1.1" 200 116
186.103.159.189 - - [28/Mar/2022:10:39:05 -0300] "GET /cormun/servlet/hpexe_return? HTTP/1.1" 200 1036
186.103.159.189 - - [28/Mar/2022:10:39:05 -0300] "GET /cormun/servlet/trlicenciaspermisosadjuntos?8686170,20220328000000,L, HTTP/1.1" 200 6846
186.103.159.189 - - [28/Mar/2022:10:39:05 -0300] "GET /cormun/servlet/trlicenciaspermisosadjuntos?8686170,20220328000000,L, HTTP/1.1" 200 6843
186.103.159.189 - - [28/Mar/2022:10:39:10 -0300] "GET /cormun/servlet/trlicencias? HTTP/1.1" 200 8928
186.103.159.189 - - [28/Mar/2022:10:39:11 -0300] "GET /cormun/servlet/trlicencias? HTTP/1.1" 200 8929
45.155.204.146 - - [28/Mar/2022:10:39:12 -0300] "GET /manager/html HTTP/1.1" 401 2474
186.103.159.189 - - [28/Mar/2022:10:39:16 -0300] "POST /cormun/servlet/trlicencias?833b9946cd3d2ee6f5ee25ccf3d20594,,gx-no-cache=1648474010369 HTTP/1.1" 200 6165
186.103.159.189 - - [28/Mar/2022:10:39:16 -0300] "GET /cormun/static/Shared/jqueryui/images/ui-bg_highlight-soft_100_c6c2c8_1x100.png HTTP/1.1" 404 1117
186.103.159.189 - - [28/Mar/2022:10:39:16 -0300] "GET /cormun/static/Shared/jqueryui/images/ui-icons_82798d_256x240.png HTTP/1.1" 404 1089
186.103.159.189 - - [28/Mar/2022:10:39:16 -0300] "GET /cormun/static/Shared/jqueryui/images/ui-bg_flat_55_fafafa_40x100.png HTTP/1.1" 404 1097
186.103.159.189 - - [28/Mar/2022:10:39:16 -0300] "GET /cormun/static/Shared/jqueryui/images/ui-icons_8d78a5_256x240.png HTTP/1.1" 404 1089
192.168.10.199 - - [28/Mar/2022:10:39:35 -0300] "GET /cormun/servlet/trautorizarot? HTTP/1.1" 200 20366
192.168.10.199 - - [28/Mar/2022:10:39:36 -0300] "GET /cormun/servlet/trautorizarot? HTTP/1.1" 200 20365
45.155.204.146 - - [28/Mar/2022:10:39:44 -0300] "GET /manager/html HTTP/1.1" 401 2474
190.171.142.42 - - [28/Mar/2022:10:40:15 -0300] "GET /cormun/servlet/trfichaempleado? HTTP/1.1" 200 14251
45.155.204.146 - - [28/Mar/2022:10:40:18 -0300] "GET /manager/html HTTP/1.1" 401 2474
192.168.10.17 - - [28/Mar/2022:10:40:27 -0300] "GET /cormun/servlet/vesolicitudgral?2022,17978,,SolicitudOTAdjuntos HTTP/1.1" 200 10800
192.168.10.17 - - [28/Mar/2022:10:40:27 -0300] "GET /cormun/servlet/vesolicitudgral?2022,17978,,SolicitudOTAdjuntos HTTP/1.1" 200 10803
192.168.10.17 - - [28/Mar/2022:10:40:28 -0300] "POST /cormun/servlet/acontrolpreferencessavestate?None,RRHH+DANIELA,true HTTP/1.1" 200 35
192.168.10.17 - - [28/Mar/2022:10:40:30 -0300] "GET /cormun/servlet/trsolicitudgral? HTTP/1.1" 200 10269
192.168.10.17 - - [28/Mar/2022:10:40:30 -0300] "GET /cormun/servlet/trsolicitudgral? HTTP/1.1" 200 10256
192.168.10.17 - - [28/Mar/2022:10:40:35 -0300] "GET /cormun/servlet/vesolicitudgral?2022,18143,, HTTP/1.1" 200 8387
192.168.10.17 - - [28/Mar/2022:10:40:35 -0300] "GET /cormun/pexe_scrolldiv.js HTTP/1.1" 404 1009
192.168.10.17 - - [28/Mar/2022:10:40:35 -0300] "GET /cormun/servlet/vesolicitudgral?2022,18143,, HTTP/1.1" 200 8386
186.103.156.166 - - [28/Mar/2022:10:40:43 -0300] "GET /cormun/servlet/solicitudot?INS,0,0,false, HTTP/1.1" 200 15926
186.103.156.166 - - [28/Mar/2022:10:40:44 -0300] "GET /cormun/servlet/solicitudot?INS,0,0,false, HTTP/1.1" 200 15933
45.155.204.146 - - [28/Mar/2022:10:40:52 -0300] "GET /manager/html HTTP/1.1" 401 2474
186.103.156.166 - - [28/Mar/2022:10:41:10 -0300] "POST /cormun/servlet/solicitudot?gx-no-cache=1648474123744 HTTP/1.1" 200 3850
186.103.156.166 - - [28/Mar/2022:10:41:10 -0300] "POST /cormun/servlet/solicitudot?daa00b64445a7e67c2c5c1e2e127bb0e,INS,0,0,false,,gx-no-cache=1648474124018 HTTP/1.1" 200 12660
186.103.156.166 - - [28/Mar/2022:10:41:11 -0300] "GET /cormun/servlet/solicitudot?dfb7d283c2cd05ed416860e7ebc285fcf34eb49187fffa83d49b70ead4803a804c6c511a730804a1e929e854035e2471,gx-no-cache=1648474125165 HTTP/1.1" 200 30
190.171.141.106 - - [28/Mar/2022:10:41:14 -0300] "GET /cormun/servlet/hhome HTTP/1.1" 200 3319
190.171.141.106 - - [28/Mar/2022:10:41:14 -0300] "GET /cormun/servlet/hhome HTTP/1.1" 200 3328
190.171.141.106 - - [28/Mar/2022:10:41:14 -0300] "GET /cormun/servlet/hlogin HTTP/1.1" 200 1733
190.171.141.106 - - [28/Mar/2022:10:41:19 -0300] "POST /cormun/servlet/hlogin?f409102a406333b091c1c693526c7060,gx-no-cache=1648474225634 HTTP/1.1" 200 90
190.171.141.106 - - [28/Mar/2022:10:41:19 -0300] "GET /cormun/servlet/hpexe_link HTTP/1.1" 200 949
190.171.141.106 - - [28/Mar/2022:10:41:19 -0300] "GET /cormun/servlet/hhome HTTP/1.1" 200 4224
190.171.141.106 - - [28/Mar/2022:10:41:19 -0300] "GET /cormun/servlet/hhome HTTP/1.1" 200 4220
45.155.204.146 - - [28/Mar/2022:10:41:27 -0300] "GET /manager/html HTTP/1.1" 401 2474
190.171.141.106 - - [28/Mar/2022:10:41:28 -0300] "GET /cormun/servlet/trsolicitudot? HTTP/1.1" 200 7442
190.171.141.106 - - [28/Mar/2022:10:41:29 -0300] "GET /cormun/servlet/trsolicitudot? HTTP/1.1" 200 7442
190.171.141.106 - - [28/Mar/2022:10:41:44 -0300] "GET /cormun/servlet/hhome HTTP/1.1" 200 4224
190.171.141.106 - - [28/Mar/2022:10:41:44 -0300] "GET /cormun/servlet/hhome HTTP/1.1" 200 4220
45.155.204.146 - - [28/Mar/2022:10:41:56 -0300] "GET /manager/html HTTP/1.1" 401 2474
45.155.204.146 - - [28/Mar/2022:10:42:28 -0300] "GET /manager/html HTTP/1.1" 401 2474
186.103.156.166 - - [28/Mar/2022:10:42:38 -0300] "GET /cormun/servlet/solicitudot?dfb7d283c2cd05ed416860e7ebc285fc663ad519b5bbb0c21aeeb6df77ad5271817a28efc994acd46dcdae5f54f913f5bbfab26e92691c317961600df1ea0f79f3519816b3ba2126225972f45b9d6710,gx-no-cache=1648474211411 HTTP/1.1" 200 30
186.103.156.166 - - [28/Mar/2022:10:42:41 -0300] "GET /cormun/servlet/solicitudot?dfb7d283c2cd05ed416860e7ebc285fc1a3b0f7e8527be7d24ab7e35735b02fb,gx-no-cache=1648474214389 HTTP/1.1" 200 53
186.103.156.166 - - [28/Mar/2022:10:42:54 -0300] "POST /cormun/servlet/solicitudot?gx-no-cache=1648474227767 HTTP/1.1" 200 240
186.103.156.166 - - [28/Mar/2022:10:42:57 -0300] "GET /cormun/servlet/solicitudot?dfb7d283c2cd05ed416860e7ebc285fcb8af641912fd8972a420e87167af60c7c8d6e44840935fea9c19e56cefacb274800b2633da7ea3a8b67606279b93049a31ff9002f3a3d82941d8d28b99356329dbbfa200f05344ff14550aa2e71dab3f594d6cfd57284ca15d03f86b99bf38a815f9729c5b96148584db101dba58507324a659abe657d6196ad5b5717b5898fe518a99c57e52973a2e84c1c91539e5fab0f0cb637af7f4ceedb2fb610e63e1ee258ecd8ae0969bde4d87a8f2c8fcada28277b13f51a336d10d80602ce5b1e8eac4c4224044bcfa965276b176a2f768cd954092d0cf18321939e20ba3510ca73889840a1d7103bb8e9da871cbd511e9323c88400ac3516a6e72591d15f8b7f85400825913ba61a02c8d48140091f9a94d7f9740a80904650ae742829f8e5da4cf1447547e458bf8b3cc3da2b38f7ded026f8497265eb45bc315858f1b66814df82e6c3f7a50cc67aa31acd774d507bb45e19e35ba0905095fb9b12812d18a3079b7a60c49f07d9bd4417c50444de9a871,gx-no-cache=1648474230396 HTTP/1.1" 200 30
186.103.156.166 - - [28/Mar/2022:10:42:59 -0300] "POST /cormun/servlet/solicitudot?gx-no-cache=1648474233324 HTTP/1.1" 200 30
45.155.204.146 - - [28/Mar/2022:10:43:02 -0300] "GET /manager/html HTTP/1.1" 401 2474
186.103.156.166 - - [28/Mar/2022:10:43:05 -0300] "GET /cormun/servlet/prfichaempleado?,MD,,gxPopupLevel%3D0%3B HTTP/1.1" 200 9233
186.103.156.166 - - [28/Mar/2022:10:43:12 -0300] "POST /cormun/servlet/prfichaempleado?daa00b64445a7e67c2c5c1e2e127bb0e,,MD,,gxPopupLevel%3D0%3B,gx-no-cache=1648474245519 HTTP/1.1" 200 3462
186.103.156.166 - - [28/Mar/2022:10:43:16 -0300] "GET /cormun/servlet/prlicenciaspermisos?8248266,L,,MD,,gxPopupLevel%3D0%3B HTTP/1.1" 200 6966
186.103.156.166 - - [28/Mar/2022:10:43:20 -0300] "POST /cormun/servlet/solicitudot?gx-no-cache=1648474253593 HTTP/1.1" 200 1454
186.103.156.166 - - [28/Mar/2022:10:43:22 -0300] "GET /cormun/servlet/prlicenciaspermisos?8248266,L,,MD,,gxPopupLevel%3D0%3B HTTP/1.1" 200 6966
190.171.141.106 - - [28/Mar/2022:10:43:28 -0300] "GET /cormun/servlet/hhome HTTP/1.1" 200 3316
190.171.141.106 - - [28/Mar/2022:10:43:28 -0300] "GET /cormun/servlet/hhome HTTP/1.1" 200 3326
190.171.141.106 - - [28/Mar/2022:10:43:28 -0300] "GET /cormun/servlet/hlogin HTTP/1.1" 200 1732
186.103.156.166 - - [28/Mar/2022:10:43:32 -0300] "POST /cormun/servlet/solicitudot?gx-no-cache=1648474265792 HTTP/1.1" 200 41
190.171.141.106 - - [28/Mar/2022:10:43:32 -0300] "POST /cormun/servlet/hlogin?7e362010a361aa61fc02dc140cdc6fb3,gx-no-cache=1648474359163 HTTP/1.1" 200 90
190.171.141.106 - - [28/Mar/2022:10:43:32 -0300] "GET /cormun/servlet/hpexe_link HTTP/1.1" 200 947
190.171.141.106 - - [28/Mar/2022:10:43:32 -0300] "GET /cormun/servlet/hhome HTTP/1.1" 200 4222
190.171.141.106 - - [28/Mar/2022:10:43:33 -0300] "GET /cormun/servlet/hhome HTTP/1.1" 200 4218
45.155.204.146 - - [28/Mar/2022:10:43:36 -0300] "GET /manager/html HTTP/1.1" 401 2474
190.171.141.106 - - [28/Mar/2022:10:43:40 -0300] "GET /cormun/servlet/trcontratounov2? HTTP/1.1" 200 18023
190.171.141.106 - - [28/Mar/2022:10:43:40 -0300] "GET /cormun/static/gxcfg.js?2020121614367 HTTP/1.1" 200 953
190.171.141.106 - - [28/Mar/2022:10:43:41 -0300] "GET /cormun/static/trcontratounov2.js?20201216143065 HTTP/1.1" 200 38486
190.171.141.106 - - [28/Mar/2022:10:43:41 -0300] "GET /cormun/static/Resources/PXToolsAddSelectedAction.png HTTP/1.1" 200 523
190.171.141.106 - - [28/Mar/2022:10:43:41 -0300] "GET /cormun/servlet/trcontratounov2? HTTP/1.1" 200 18026
186.103.156.166 - - [28/Mar/2022:10:43:50 -0300] "GET /cormun/servlet/solicitudot?dfb7d283c2cd05ed416860e7ebc285fce39dced4500f998ae599f6d6d362d1a970d80ddcb2112673b0ef9917cd8aba84b18365c151afe9c41cf4d38b7b7428498b19a0a10a95c770e3bee26644e592067527d6806c07247836fdcf0c343ae418f318824f21def50aff4b7b3eb482a710,gx-no-cache=1648474284189 HTTP/1.1" 200 110
186.103.156.166 - - [28/Mar/2022:10:43:56 -0300] "POST /cormun/servlet/solicitudot?gx-no-cache=1648474289720 HTTP/1.1" 200 97
186.103.156.166 - - [28/Mar/2022:10:44:02 -0300] "GET /cormun/servlet/solicitudot?dfb7d283c2cd05ed416860e7ebc285fc0cb78b4df0f5d4bfc6e0496b570ef9c6aaec223dff5ce0fbf5b7daee7ecf288e6f07ba4ad33fb3d25bd9c3cb873d9bc74016fd842ba5d492f64b90a3a83ef1f6329977e7890e46abc8120cf3d96a3edf24558e55216ea2748055b3d8d8ae82c9,gx-no-cache=1648474295770 HTTP/1.1" 200 29
190.171.141.106 - - [28/Mar/2022:10:44:02 -0300] "GET /cormun/servlet/trdiat? HTTP/1.1" 200 7109
190.171.141.106 - - [28/Mar/2022:10:44:02 -0300] "GET /cormun/static/gxcfg.js?20201216295890 HTTP/1.1" 200 953
190.171.141.106 - - [28/Mar/2022:10:44:02 -0300] "GET /cormun/static/trdiat.js?2020121630440 HTTP/1.1" 200 35345
190.171.141.106 - - [28/Mar/2022:10:44:03 -0300] "GET /cormun/servlet/trdiat? HTTP/1.1" 200 7108
186.103.156.166 - - [28/Mar/2022:10:44:03 -0300] "GET /cormun/static/menuarrow.gif HTTP/1.1" 404 1015
190.171.141.106 - - [28/Mar/2022:10:44:04 -0300] "POST /cormun/servlet/acontrolpreferencessavestate?None,CHENRIQUEZ,true HTTP/1.1" 200 35
190.171.141.106 - - [28/Mar/2022:10:44:08 -0300] "GET /cormun/servlet/accidentes?INS,0, HTTP/1.1" 200 7403
190.171.141.106 - - [28/Mar/2022:10:44:08 -0300] "GET /cormun/static/gxcfg.js?201991422391072 HTTP/1.1" 200 953
190.171.141.106 - - [28/Mar/2022:10:44:08 -0300] "GET /cormun/static/accidentes.js?201991422391097 HTTP/1.1" 200 26306
190.171.141.106 - - [28/Mar/2022:10:44:08 -0300] "GET /cormun/servlet/accidentes?INS,0, HTTP/1.1" 200 7409
186.103.156.166 - - [28/Mar/2022:10:44:08 -0300] "GET /cormun/servlet/solicitudot?dfb7d283c2cd05ed416860e7ebc285fc03a7991540398ad9560dbf7d7bde6d3209acaf9b62a771d3c2f439f285a37a49,gx-no-cache=1648474302300 HTTP/1.1" 200 30
186.103.156.166 - - [28/Mar/2022:10:44:09 -0300] "POST /cormun/servlet/solicitudot?gx-no-cache=1648474302351 HTTP/1.1" 200 34
45.155.204.146 - - [28/Mar/2022:10:44:10 -0300] "GET /manager/html HTTP/1.1" 401 2474
190.171.141.106 - - [28/Mar/2022:10:44:12 -0300] "GET /cormun/servlet/trdiat? HTTP/1.1" 200 7114
190.171.141.106 - - [28/Mar/2022:10:44:13 -0300] "GET /cormun/servlet/trdiat? HTTP/1.1" 200 7113
186.103.156.166 - - [28/Mar/2022:10:44:14 -0300] "POST /cormun/servlet/solicitudot?daa00b64445a7e67c2c5c1e2e127bb0e,INS,0,0,false,,gx-no-cache=1648474307153 HTTP/1.1" 200 93
186.103.156.166 - - [28/Mar/2022:10:44:14 -0300] "GET /cormun/servlet/hpexe_return? HTTP/1.1" 200 1029
186.103.156.166 - - [28/Mar/2022:10:44:14 -0300] "GET /cormun/servlet/trsolicitudot?gx-no-cache=1648472836243 HTTP/1.1" 200 9244
186.103.156.166 - - [28/Mar/2022:10:44:15 -0300] "GET /cormun/servlet/trsolicitudot?gx-no-cache=1648472836243 HTTP/1.1" 200 9261
192.168.10.17 - - [28/Mar/2022:10:44:25 -0300] "GET /cormun/servlet/trsolicitudgral? HTTP/1.1" 200 9722
192.168.10.17 - - [28/Mar/2022:10:44:25 -0300] "GET /cormun/servlet/trsolicitudgral? HTTP/1.1" 200 9717
45.155.204.146 - - [28/Mar/2022:10:44:42 -0300] "GET /manager/html HTTP/1.1" 401 2474
45.155.204.146 - - [28/Mar/2022:10:45:19 -0300] "GET /manager/html HTTP/1.1" 401 2474
192.168.10.17 - - [28/Mar/2022:10:45:48 -0300] "POST /cormun/servlet/trsolicitudgral?2576934d8e80cf7184754eb796749830,,gx-no-cache=1648474237980 HTTP/1.1" 200 26140
45.155.204.146 - - [28/Mar/2022:10:45:52 -0300] "GET /manager/html HTTP/1.1" 401 2474
190.171.149.74 - - [28/Mar/2022:10:45:57 -0300] "GET /cormun/servlet/trsolicitudot? HTTP/1.1" 200 7200
190.171.149.74 - - [28/Mar/2022:10:45:58 -0300] "GET /cormun/servlet/trsolicitudot? HTTP/1.1" 200 7200
190.171.149.74 - - [28/Mar/2022:10:45:59 -0300] "GET /cormun/servlet/trlicencias? HTTP/1.1" 200 11669
192.168.10.17 - - [28/Mar/2022:10:46:00 -0300] "GET /cormun/servlet/vesolicitudgral?2022,18221,, HTTP/1.1" 200 8377
190.171.149.74 - - [28/Mar/2022:10:46:00 -0300] "GET /cormun/servlet/trlicencias? HTTP/1.1" 200 11683
192.168.10.17 - - [28/Mar/2022:10:46:00 -0300] "GET /cormun/pexe_scrolldiv.js HTTP/1.1" 404 1009
192.168.10.17 - - [28/Mar/2022:10:46:00 -0300] "GET /cormun/servlet/vesolicitudgral?2022,18221,, HTTP/1.1" 200 8376
192.168.10.199 - - [28/Mar/2022:10:46:21 -0300] "GET /cormun/servlet/trsolicitudgral? HTTP/1.1" 200 26389
192.168.10.199 - - [28/Mar/2022:10:46:22 -0300] "GET /cormun/servlet/trsolicitudgral? HTTP/1.1" 200 26389
45.155.204.146 - - [28/Mar/2022:10:46:25 -0300] "GET /manager/html HTTP/1.1" 401 2474
192.168.10.17 - - [28/Mar/2022:10:46:30 -0300] "POST /cormun/servlet/vesolicitudgral?2576934d8e80cf7184754eb796749830,2022,18221,,,gx-no-cache=1648474280729 HTTP/1.1" 200 12105
192.168.10.17 - - [28/Mar/2022:10:46:30 -0300] "GET /cormun/static/Shared/jqueryui/images/ui-bg_highlight-soft_100_c6c2c8_1x100.png HTTP/1.1" 404 1117
192.168.10.17 - - [28/Mar/2022:10:46:30 -0300] "GET /cormun/static/Shared/jqueryui/images/ui-icons_82798d_256x240.png HTTP/1.1" 404 1089
192.168.10.17 - - [28/Mar/2022:10:46:30 -0300] "GET /cormun/static/Shared/jqueryui/images/ui-icons_8d78a5_256x240.png HTTP/1.1" 404 1089
