190.171.141.82 - - [25/Mar/2022:14:35:35 -0300] "GET /cormun/servlet/hlogin HTTP/1.1" 200 1732
190.171.154.42 - - [25/Mar/2022:14:35:36 -0300] "GET /cormun/servlet/hhome HTTP/1.1" 200 4146
190.171.141.82 - - [25/Mar/2022:14:35:36 -0300] "GET /cormun/servlet/hlogin HTTP/1.1" 200 1742
190.171.141.82 - - [25/Mar/2022:14:35:36 -0300] "GET /favicon.ico HTTP/1.1" 200 21630
190.171.154.42 - - [25/Mar/2022:14:35:37 -0300] "GET /cormun/servlet/hhome HTTP/1.1" 200 4140
190.171.154.42 - - [25/Mar/2022:14:35:43 -0300] "GET /cormun/servlet/trlicencias? HTTP/1.1" 200 13618
190.171.141.82 - - [25/Mar/2022:14:35:44 -0300] "POST /cormun/servlet/hlogin?919695bba5332168fcd2567006585446,gx-no-cache=1648228997623 HTTP/1.1" 200 90
190.171.141.82 - - [25/Mar/2022:14:35:44 -0300] "GET /cormun/servlet/hpexe_link HTTP/1.1" 200 957
190.171.141.82 - - [25/Mar/2022:14:35:44 -0300] "GET /cormun/servlet/hhome HTTP/1.1" 200 3956
190.171.154.42 - - [25/Mar/2022:14:35:46 -0300] "GET /cormun/servlet/trlicencias? HTTP/1.1" 200 13615
190.171.141.82 - - [25/Mar/2022:14:35:46 -0300] "GET /cormun/servlet/hhome HTTP/1.1" 200 3953
190.171.154.42 - - [25/Mar/2022:14:35:49 -0300] "POST /cormun/servlet/trlicencias?209b4c9398314b171205ef8af5fc5883,,gx-no-cache=1648229002470 HTTP/1.1" 200 11582
190.171.141.82 - - [25/Mar/2022:14:35:49 -0300] "GET /cormun/servlet/trlicencias? HTTP/1.1" 200 11808
190.171.141.82 - - [25/Mar/2022:14:35:51 -0300] "GET /cormun/servlet/trlicencias? HTTP/1.1" 200 11806
190.171.141.82 - - [25/Mar/2022:14:35:56 -0300] "POST /cormun/servlet/trlicencias?919695bba5332168fcd2567006585446,,gx-no-cache=1648229009488 HTTP/1.1" 200 9321
190.171.143.82 - - [25/Mar/2022:14:36:18 -0300] "GET /cormun/servlet/solicitudotadjuntos?INS,2022,18303,,1, HTTP/1.1" 200 6403
190.171.143.82 - - [25/Mar/2022:14:36:18 -0300] "GET /cormun/static/about:blank HTTP/1.1" 404 1011
190.171.143.82 - - [25/Mar/2022:14:36:18 -0300] "GET /cormun/servlet/solicitudotadjuntos?INS,2022,18303,,1, HTTP/1.1" 200 6397
190.171.143.82 - - [25/Mar/2022:14:36:18 -0300] "GET /cormun/servlet/solicitudotadjuntos?36a475be0fc5ec6f32f3a89055f7e73a417f439f7ec7dad6b8595bcb072c021e8961eeb7b430735446c0fd983fd2f7e7,gx-no-cache=1648229033389 HTTP/1.1" 200 30
190.171.143.82 - - [25/Mar/2022:14:36:18 -0300] "POST /cormun/servlet/solicitudotadjuntos?2b02d19a44d49e6eeefef0d580ab034c,INS,2022,18303,,1,,gx-no-cache=1648229033412 HTTP/1.1" 200 4185
190.171.143.82 - - [25/Mar/2022:14:36:22 -0300] "POST /cormun/servlet/solicitudotadjuntos?gx-no-cache=1648229037403 HTTP/1.1" 200 26
190.171.154.42 - - [25/Mar/2022:14:36:27 -0300] "GET /cormun/servlet/trsolicitudot? HTTP/1.1" 200 15282
190.171.154.42 - - [25/Mar/2022:14:36:29 -0300] "GET /cormun/servlet/trsolicitudot? HTTP/1.1" 200 15282
192.168.10.17 - - [25/Mar/2022:14:36:32 -0300] "GET /cormun/servlet/trsolicitudgral? HTTP/1.1" 200 10897
192.168.10.17 - - [25/Mar/2022:14:36:32 -0300] "GET /cormun/servlet/trsolicitudgral? HTTP/1.1" 200 10896
190.171.154.42 - - [25/Mar/2022:14:36:34 -0300] "POST /cormun/servlet/trsolicitudot?209b4c9398314b171205ef8af5fc5883,,gx-no-cache=1648229047974 HTTP/1.1" 200 12685
190.171.143.82 - - [25/Mar/2022:14:36:38 -0300] "GET /cormun/servlet/solicitudotadjuntos?36a475be0fc5ec6f32f3a89055f7e73a77c1dc5bdd45e83340a943881e01e4a1,gx-no-cache=1648229052763 HTTP/1.1" 200 30
190.171.143.82 - - [25/Mar/2022:14:36:38 -0300] "GET /cormun/servlet/solicitudotadjuntos?36a475be0fc5ec6f32f3a89055f7e73a77c1dc5bdd45e83340a943881e01e4a1,gx-no-cache=1648229052785 HTTP/1.1" 200 30
190.171.143.82 - - [25/Mar/2022:14:36:38 -0300] "POST /cormun/servlet/solicitudotadjuntos?2b02d19a44d49e6eeefef0d580ab034c,INS,2022,18303,,1, HTTP/1.1" 200 116
190.171.143.82 - - [25/Mar/2022:14:36:38 -0300] "GET /cormun/servlet/hpexe_return? HTTP/1.1" 200 1029
190.171.143.82 - - [25/Mar/2022:14:36:38 -0300] "GET /cormun/servlet/trsolicitudadjuntos?2022,18303, HTTP/1.1" 200 10237
192.168.10.17 - - [25/Mar/2022:14:36:39 -0300] "POST /cormun/servlet/trsolicitudgral?6d0a9e930fe37ea6ff3700877a64a89c,,gx-no-cache=1648228890124 HTTP/1.1" 200 5263
190.171.143.82 - - [25/Mar/2022:14:36:39 -0300] "GET /cormun/servlet/trsolicitudadjuntos?2022,18303, HTTP/1.1" 200 10234
190.171.143.82 - - [25/Mar/2022:14:36:42 -0300] "GET /cormun/servlet/solicitudotadjuntos?INS,2022,18303,,1, HTTP/1.1" 200 6403
190.171.143.82 - - [25/Mar/2022:14:36:42 -0300] "GET /cormun/static/about:blank HTTP/1.1" 404 1011
190.171.143.82 - - [25/Mar/2022:14:36:42 -0300] "GET /cormun/servlet/solicitudotadjuntos?INS,2022,18303,,1, HTTP/1.1" 200 6397
190.171.143.82 - - [25/Mar/2022:14:36:42 -0300] "GET /cormun/servlet/solicitudotadjuntos?36a475be0fc5ec6f32f3a89055f7e73a417f439f7ec7dad6b8595bcb072c021e8961eeb7b430735446c0fd983fd2f7e7,gx-no-cache=1648229057518 HTTP/1.1" 200 30
190.171.143.82 - - [25/Mar/2022:14:36:42 -0300] "POST /cormun/servlet/solicitudotadjuntos?2b02d19a44d49e6eeefef0d580ab034c,INS,2022,18303,,1,,gx-no-cache=1648229057542 HTTP/1.1" 200 4185
192.168.10.17 - - [25/Mar/2022:14:36:44 -0300] "POST /cormun/servlet/trsolicitudgral?6d0a9e930fe37ea6ff3700877a64a89c,,gx-no-cache=1648228895777 HTTP/1.1" 200 5263
190.171.143.82 - - [25/Mar/2022:14:36:46 -0300] "POST /cormun/servlet/solicitudotadjuntos?gx-no-cache=1648229061266 HTTP/1.1" 200 26
192.168.10.17 - - [25/Mar/2022:14:36:48 -0300] "POST /cormun/servlet/trsolicitudgral?6d0a9e930fe37ea6ff3700877a64a89c,,gx-no-cache=1648228899841 HTTP/1.1" 200 10128
192.168.10.17 - - [25/Mar/2022:14:37:02 -0300] "GET /cormun/servlet/vesolicitudgral?2022,18077,, HTTP/1.1" 200 8344
192.168.10.17 - - [25/Mar/2022:14:37:02 -0300] "GET /cormun/pexe_scrolldiv.js HTTP/1.1" 404 1009
192.168.10.17 - - [25/Mar/2022:14:37:03 -0300] "GET /cormun/servlet/vesolicitudgral?2022,18077,, HTTP/1.1" 200 8343
190.171.143.82 - - [25/Mar/2022:14:37:04 -0300] "GET /cormun/servlet/solicitudotadjuntos?36a475be0fc5ec6f32f3a89055f7e73a77c1dc5bdd45e83340a943881e01e4a1,gx-no-cache=1648229078879 HTTP/1.1" 200 30
190.171.143.82 - - [25/Mar/2022:14:37:04 -0300] "GET /cormun/servlet/solicitudotadjuntos?36a475be0fc5ec6f32f3a89055f7e73a77c1dc5bdd45e83340a943881e01e4a1,gx-no-cache=1648229078903 HTTP/1.1" 200 30
190.171.143.82 - - [25/Mar/2022:14:37:04 -0300] "POST /cormun/servlet/solicitudotadjuntos?2b02d19a44d49e6eeefef0d580ab034c,INS,2022,18303,,1, HTTP/1.1" 200 116
190.171.143.82 - - [25/Mar/2022:14:37:04 -0300] "GET /cormun/servlet/hpexe_return? HTTP/1.1" 200 1029
190.171.143.82 - - [25/Mar/2022:14:37:04 -0300] "GET /cormun/servlet/trsolicitudadjuntos?2022,18303, HTTP/1.1" 200 10441
190.171.143.82 - - [25/Mar/2022:14:37:05 -0300] "GET /cormun/servlet/trsolicitudadjuntos?2022,18303, HTTP/1.1" 200 10434
192.168.10.17 - - [25/Mar/2022:14:37:09 -0300] "GET /cormun/servlet/trsolicitudgral? HTTP/1.1" 200 13237
192.168.10.17 - - [25/Mar/2022:14:37:10 -0300] "GET /cormun/servlet/trsolicitudgral? HTTP/1.1" 200 13236
190.171.143.82 - - [25/Mar/2022:14:37:11 -0300] "GET /cormun/servlet/trautorizarsolicitud? HTTP/1.1" 200 7480
190.171.143.82 - - [25/Mar/2022:14:37:11 -0300] "GET /cormun/static/gxcfg.js?201991422414522 HTTP/1.1" 200 953
190.171.143.82 - - [25/Mar/2022:14:37:11 -0300] "GET /cormun/static/trautorizarsolicitud.js?201991422415463 HTTP/1.1" 200 53910
190.171.143.82 - - [25/Mar/2022:14:37:12 -0300] "GET /cormun/servlet/trautorizarsolicitud? HTTP/1.1" 200 7466
190.171.143.82 - - [25/Mar/2022:14:37:14 -0300] "GET /cormun/servlet/trsolicitudot? HTTP/1.1" 200 8969
190.171.143.82 - - [25/Mar/2022:14:37:15 -0300] "GET /cormun/servlet/trsolicitudot? HTTP/1.1" 200 8968
190.171.143.82 - - [25/Mar/2022:14:37:18 -0300] "POST /cormun/servlet/trsolicitudot?2b02d19a44d49e6eeefef0d580ab034c,,gx-no-cache=1648229092625 HTTP/1.1" 200 4836
190.171.143.82 - - [25/Mar/2022:14:37:18 -0300] "GET /cormun/static/Shared/jqueryui/images/ui-icons_82798d_256x240.png HTTP/1.1" 404 1089
190.171.143.82 - - [25/Mar/2022:14:37:18 -0300] "GET /cormun/static/Shared/jqueryui/images/ui-bg_highlight-soft_100_c6c2c8_1x100.png HTTP/1.1" 404 1117
190.171.143.82 - - [25/Mar/2022:14:37:18 -0300] "GET /cormun/static/Shared/jqueryui/images/ui-bg_flat_55_fafafa_40x100.png HTTP/1.1" 404 1097
190.171.143.82 - - [25/Mar/2022:14:37:18 -0300] "GET /cormun/static/Shared/jqueryui/images/ui-icons_8d78a5_256x240.png HTTP/1.1" 404 1089
190.171.143.82 - - [25/Mar/2022:14:37:18 -0300] "POST /cormun/servlet/trsolicitudot?2b02d19a44d49e6eeefef0d580ab034c,,gx-no-cache=1648229092826 HTTP/1.1" 200 4618
192.168.10.17 - - [25/Mar/2022:14:37:20 -0300] "POST /cormun/servlet/trsolicitudgral?6d0a9e930fe37ea6ff3700877a64a89c,,gx-no-cache=1648228931607 HTTP/1.1" 200 5263
190.171.143.82 - - [25/Mar/2022:14:37:21 -0300] "GET /cormun/servlet/trautorizarsolicitud? HTTP/1.1" 200 8858
190.171.143.82 - - [25/Mar/2022:14:37:21 -0300] "GET /cormun/servlet/trautorizarsolicitud? HTTP/1.1" 200 8857
190.171.143.82 - - [25/Mar/2022:14:37:26 -0300] "POST /cormun/servlet/trautorizarsolicitud?2b02d19a44d49e6eeefef0d580ab034c,,gx-no-cache=1648229100579 HTTP/1.1" 200 4762
190.171.143.82 - - [25/Mar/2022:14:37:26 -0300] "GET /cormun/static/Shared/jqueryui/images/ui-icons_82798d_256x240.png HTTP/1.1" 404 1089
190.171.143.82 - - [25/Mar/2022:14:37:26 -0300] "GET /cormun/static/Shared/jqueryui/images/ui-bg_highlight-soft_100_c6c2c8_1x100.png HTTP/1.1" 404 1117
190.171.143.82 - - [25/Mar/2022:14:37:26 -0300] "GET /cormun/static/Shared/jqueryui/images/ui-bg_flat_55_fafafa_40x100.png HTTP/1.1" 404 1097
190.171.143.82 - - [25/Mar/2022:14:37:26 -0300] "GET /cormun/static/Shared/jqueryui/images/ui-icons_8d78a5_256x240.png HTTP/1.1" 404 1089
190.171.143.82 - - [25/Mar/2022:14:37:26 -0300] "POST /cormun/servlet/trautorizarsolicitud?2b02d19a44d49e6eeefef0d580ab034c,,gx-no-cache=1648229100776 HTTP/1.1" 200 4546
192.168.10.17 - - [25/Mar/2022:14:37:26 -0300] "POST /cormun/servlet/trsolicitudgral?6d0a9e930fe37ea6ff3700877a64a89c,,gx-no-cache=1648228937050 HTTP/1.1" 200 14450
192.168.10.17 - - [25/Mar/2022:14:37:50 -0300] "GET /cormun/servlet/vesolicitudgral?2022,17943,, HTTP/1.1" 200 8370
192.168.10.17 - - [25/Mar/2022:14:37:50 -0300] "GET /cormun/pexe_scrolldiv.js HTTP/1.1" 404 1009
192.168.10.17 - - [25/Mar/2022:14:37:50 -0300] "GET /cormun/servlet/vesolicitudgral?2022,17943,, HTTP/1.1" 200 8370
192.168.10.17 - - [25/Mar/2022:14:37:56 -0300] "POST /cormun/servlet/vesolicitudgral?6d0a9e930fe37ea6ff3700877a64a89c,2022,17943,,,gx-no-cache=1648228967759 HTTP/1.1" 200 12076
192.168.10.17 - - [25/Mar/2022:14:37:56 -0300] "GET /cormun/static/Shared/jqueryui/images/ui-icons_82798d_256x240.png HTTP/1.1" 404 1089
192.168.10.17 - - [25/Mar/2022:14:37:56 -0300] "GET /cormun/static/Shared/jqueryui/images/ui-bg_flat_55_fafafa_40x100.png HTTP/1.1" 404 1097
192.168.10.17 - - [25/Mar/2022:14:37:56 -0300] "GET /cormun/static/Shared/jqueryui/images/ui-bg_highlight-soft_100_c6c2c8_1x100.png HTTP/1.1" 404 1117
192.168.10.17 - - [25/Mar/2022:14:37:56 -0300] "GET /cormun/static/Shared/jqueryui/images/ui-icons_8d78a5_256x240.png HTTP/1.1" 404 1089
192.168.10.17 - - [25/Mar/2022:14:37:56 -0300] "POST /cormun/servlet/vesolicitudgral?6d0a9e930fe37ea6ff3700877a64a89c,2022,17943,,,gx-no-cache=1648228967947 HTTP/1.1" 200 12009
192.168.10.17 - - [25/Mar/2022:14:38:00 -0300] "GET /cormun/servlet/trautorizarot? HTTP/1.1" 200 9598
192.168.10.17 - - [25/Mar/2022:14:38:00 -0300] "GET /cormun/servlet/trautorizarot? HTTP/1.1" 200 9594
192.168.10.17 - - [25/Mar/2022:14:38:04 -0300] "POST /cormun/servlet/trautorizarot?6d0a9e930fe37ea6ff3700877a64a89c,,gx-no-cache=1648228975486 HTTP/1.1" 200 5377
192.168.10.17 - - [25/Mar/2022:14:38:07 -0300] "GET /cormun/servlet/trsolicitudgral? HTTP/1.1" 200 17057
192.168.10.17 - - [25/Mar/2022:14:38:07 -0300] "GET /cormun/servlet/trsolicitudgral? HTTP/1.1" 200 17057
192.168.10.17 - - [25/Mar/2022:14:38:12 -0300] "POST /cormun/servlet/trsolicitudgral?6d0a9e930fe37ea6ff3700877a64a89c,,gx-no-cache=1648228983829 HTTP/1.1" 200 6679
192.168.10.17 - - [25/Mar/2022:14:38:27 -0300] "GET /cormun/servlet/trsolicitudgral? HTTP/1.1" 200 8280
192.168.10.17 - - [25/Mar/2022:14:38:28 -0300] "GET /cormun/servlet/trsolicitudgral? HTTP/1.1" 200 8280
192.168.10.17 - - [25/Mar/2022:14:38:35 -0300] "POST /cormun/servlet/trsolicitudgral?6d0a9e930fe37ea6ff3700877a64a89c,,gx-no-cache=1648229005852 HTTP/1.1" 200 14053
192.168.10.17 - - [25/Mar/2022:14:38:51 -0300] "POST /cormun/servlet/trsolicitudgral?6d0a9e930fe37ea6ff3700877a64a89c,,gx-no-cache=1648229022788 HTTP/1.1" 200 7533
192.168.10.17 - - [25/Mar/2022:14:46:12 -0300] "POST /cormun/servlet/trsolicitudgral?6d0a9e930fe37ea6ff3700877a64a89c,,gx-no-cache=1648229463618 HTTP/1.1" 200 13989
192.168.10.17 - - [25/Mar/2022:14:46:26 -0300] "GET /cormun/servlet/vesolicitudgral?2022,18019,, HTTP/1.1" 200 8355
192.168.10.17 - - [25/Mar/2022:14:46:26 -0300] "GET /cormun/pexe_scrolldiv.js HTTP/1.1" 404 1009
192.168.10.17 - - [25/Mar/2022:14:46:26 -0300] "GET /cormun/servlet/vesolicitudgral?2022,18019,, HTTP/1.1" 200 8355
190.171.141.106 - - [25/Mar/2022:15:03:00 -0300] "GET /cormun/servlet/hhome HTTP/1.1" 200 3322
190.171.141.106 - - [25/Mar/2022:15:03:00 -0300] "GET /cormun/servlet/hhome HTTP/1.1" 200 3322
190.171.141.106 - - [25/Mar/2022:15:03:01 -0300] "GET /cormun/servlet/hhome HTTP/1.1" 200 3335
190.171.141.106 - - [25/Mar/2022:15:03:01 -0300] "GET /cormun/servlet/hhome HTTP/1.1" 200 3335
190.171.141.106 - - [25/Mar/2022:15:03:01 -0300] "GET /cormun/servlet/hlogin HTTP/1.1" 200 1741
190.171.141.106 - - [25/Mar/2022:15:03:06 -0300] "POST /cormun/servlet/hlogin?a9a84af2bb4b3a547e3502c40400ed99,gx-no-cache=1648230731524 HTTP/1.1" 200 90
190.171.141.106 - - [25/Mar/2022:15:03:06 -0300] "GET /cormun/servlet/hpexe_link HTTP/1.1" 200 953
190.171.141.106 - - [25/Mar/2022:15:03:06 -0300] "GET /cormun/servlet/hhome HTTP/1.1" 200 4228
190.171.141.106 - - [25/Mar/2022:15:03:07 -0300] "GET /cormun/servlet/hhome HTTP/1.1" 200 4224
190.171.141.106 - - [25/Mar/2022:15:03:14 -0300] "GET /cormun/servlet/trsolicitudot? HTTP/1.1" 200 7447
190.171.141.106 - - [25/Mar/2022:15:03:14 -0300] "GET /cormun/static/calendar-system.css?75620 HTTP/1.1" 200 5572
190.171.141.106 - - [25/Mar/2022:15:03:14 -0300] "GET /cormun/static/gxcfg.js?201991910464971 HTTP/1.1" 200 953
190.171.141.106 - - [25/Mar/2022:15:03:14 -0300] "GET /cormun/static/gxui/gxui-all.css?110300 HTTP/1.1" 200 2179
190.171.141.106 - - [25/Mar/2022:15:03:14 -0300] "GET /cormun/static/trsolicitudot.js?201991910465845 HTTP/1.1" 200 54041
190.171.141.106 - - [25/Mar/2022:15:03:14 -0300] "GET /cormun/static/Shared/ext/resources/css/ext-all.css?205870 HTTP/1.1" 200 416045
190.171.141.106 - - [25/Mar/2022:15:03:14 -0300] "GET /cormun/servlet/trsolicitudot? HTTP/1.1" 200 7446
190.171.141.106 - - [25/Mar/2022:15:03:19 -0300] "GET /cormun/servlet/solicitudot?INS,0,0,false, HTTP/1.1" 200 15953
190.171.141.106 - - [25/Mar/2022:15:03:19 -0300] "GET /cormun/static/gxcfg.js?20203414241232 HTTP/1.1" 200 953
190.171.141.106 - - [25/Mar/2022:15:03:19 -0300] "GET /cormun/static/solicitudot.js?20203414242792 HTTP/1.1" 200 74114
190.171.141.106 - - [25/Mar/2022:15:03:19 -0300] "GET /cormun/static/Resources/prompt.gif HTTP/1.1" 200 902
190.171.141.106 - - [25/Mar/2022:15:03:19 -0300] "GET /cormun/servlet/solicitudot?INS,0,0,false, HTTP/1.1" 200 15961
190.171.141.106 - - [25/Mar/2022:15:05:32 -0300] "POST /cormun/servlet/solicitudot?gx-no-cache=1648230877448 HTTP/1.1" 200 4000
190.171.141.106 - - [25/Mar/2022:15:05:32 -0300] "POST /cormun/servlet/solicitudot?a9a84af2bb4b3a547e3502c40400ed99,INS,0,0,false,,gx-no-cache=1648230877618 HTTP/1.1" 200 12851
190.171.141.106 - - [25/Mar/2022:15:05:46 -0300] "GET /cormun/static/Resources/PXTools/ClosePrompt.png HTTP/1.1" 200 1036
190.171.141.106 - - [25/Mar/2022:15:05:46 -0300] "GET /cormun/static/Resources/resize.gif HTTP/1.1" 200 77
190.171.141.106 - - [25/Mar/2022:15:05:46 -0300] "GET /cormun/servlet/prbanco?,MD,,gxPopupLevel%3D0%3B HTTP/1.1" 200 6503
190.171.141.106 - - [25/Mar/2022:15:05:46 -0300] "GET /cormun/static/gxcfg.js?20201216131581 HTTP/1.1" 200 953
190.171.141.106 - - [25/Mar/2022:15:05:47 -0300] "GET /cormun/static/menusearch.js?20201214473581 HTTP/1.1" 200 1424
190.171.141.106 - - [25/Mar/2022:15:05:47 -0300] "GET /cormun/static/prbanco.js?20201216132311 HTTP/1.1" 200 10693
190.171.141.106 - - [25/Mar/2022:15:05:47 -0300] "GET /cormun/static/Resources/PXToolsMenuSearch.png HTTP/1.1" 200 336
190.171.141.106 - - [25/Mar/2022:15:05:47 -0300] "GET /cormun/static/hmpwkw011.js?20201215495555 HTTP/1.1" 200 1968
190.171.141.106 - - [25/Mar/2022:15:05:47 -0300] "GET /cormun/static/Resources/PXToolsMenuSearchCancel.png HTTP/1.1" 200 306
190.171.141.106 - - [25/Mar/2022:15:05:52 -0300] "GET /cormun/servlet/solicitudot?856450445a0ff42a9796ff531dfae6aa095de7d2ab2ae08d17711fca4e4756fa535d868f16b8613c0e9fb8f2abfc510c,gx-no-cache=1648230897952 HTTP/1.1" 200 30
190.171.141.106 - - [25/Mar/2022:15:05:52 -0300] "GET /cormun/servlet/solicitudot?856450445a0ff42a9796ff531dfae6aac6797c9505a49736d79a533608055b1d4e62d267f7de6528329e594f7edde9b2f0da41f8138bd24410f0a8c5dd249af6109622c036b69f23a4e2b538e3f724cc,gx-no-cache=1648230897981 HTTP/1.1" 200 30
190.171.141.106 - - [25/Mar/2022:15:06:07 -0300] "GET /cormun/servlet/prbanco?,MD,,gxPopupLevel%3D0%3B HTTP/1.1" 200 6503
190.171.141.106 - - [25/Mar/2022:15:06:21 -0300] "GET /cormun/servlet/solicitudot?856450445a0ff42a9796ff531dfae6aa2959207e91946e80a9d3fa223f765727,gx-no-cache=1648230926831 HTTP/1.1" 200 53
190.171.141.106 - - [25/Mar/2022:15:06:31 -0300] "POST /cormun/servlet/solicitudot?gx-no-cache=1648230936760 HTTP/1.1" 200 297
190.171.141.106 - - [25/Mar/2022:15:06:31 -0300] "GET /cormun/servlet/solicitudot?856450445a0ff42a9796ff531dfae6aad8ab8f87e07fbc5c4b55da098df9b2b528d286d2b3c88d10cfbf4421746edacf1662a1de55d3f0f947af46e73ba54701babb08f698aaa7e2d5d23e4c7693b47f240f400175dba7cf6c5f32940fec124d684a5c70cca8e662a5f9a87d23aec279272e65661940afff6fc24f5ac40dee9732112d25a7bdcdefb7564fe1f00cab9acd3a652fba6e2ae3891a4f9629d90baf8cdb6ff3d72ec7a962c88c5b2ea95ae82251429e68f5371a69567b5b52a27ce5fd76c55627ea3205f57b8bdbde5892792e4b6e662d4ee67db59b264a5d0d1f938f6a70cfc1bf55defce77534fd98a236d4a78299fd959e0d548bdbdacd5bd017888fc8ce86de65182e07d33274ef0a26a7e09c91ae88fdfd8ba6f9d2ec57d8efb806d9d91310cf779aed8ec7f1f676d85876ba9bd3bb97d97d3ac8dd1105f9d92b007f3c1687a7f20b2af91874d2acf27c0c5405e1c89feb382898a2f521df3947e8ba3bdb374e8df1188cdf4cfd4962b2f732a1e44fc21b537f41b48ad7c4440f5b6bb2de6d672ad8dda31fd02b5194,gx-no-cache=1648230936797 HTTP/1.1" 200 30
190.171.141.106 - - [25/Mar/2022:15:06:56 -0300] "POST /cormun/servlet/solicitudot?gx-no-cache=1648230961828 HTTP/1.1" 200 30
190.171.141.106 - - [25/Mar/2022:15:10:58 -0300] "GET /cormun/servlet/prbanco?,MD,,gxPopupLevel%3D0%3B HTTP/1.1" 200 6503
190.171.141.106 - - [25/Mar/2022:15:11:08 -0300] "GET /cormun/servlet/solicitudot?856450445a0ff42a9796ff531dfae6aafd2a7cd371fe335170d6cca68d0e83209a8321a46854f72ee91ab300a4fc55df0b8661b407505d58fa5194d51dcf2bda,gx-no-cache=1648231213656 HTTP/1.1" 200 60
190.171.141.106 - - [25/Mar/2022:15:11:31 -0300] "POST /cormun/servlet/solicitudot?gx-no-cache=1648231236629 HTTP/1.1" 200 297
190.171.141.106 - - [25/Mar/2022:15:11:31 -0300] "GET /cormun/servlet/solicitudot?856450445a0ff42a9796ff531dfae6aad8ab8f87e07fbc5c4b55da098df9b2b528d286d2b3c88d10cfbf4421746edacf1662a1de55d3f0f947af46e73ba54701babb08f698aaa7e2d5d23e4c7693b47f240f400175dba7cf6c5f32940fec124d684a5c70cca8e662a5f9a87d23aec279272e65661940afff6fc24f5ac40dee9732112d25a7bdcdefb7564fe1f00cab9acd3a652fba6e2ae3891a4f9629d90baf8cdb6ff3d72ec7a962c88c5b2ea95ae82251429e68f5371a69567b5b52a27ce5fd76c55627ea3205f57b8bdbde5892792e4b6e662d4ee67db59b264a5d0d1f938f6a70cfc1bf55defce77534fd98a236d4a78299fd959e0d548bdbdacd5bd017888fc8ce86de65182e07d33274ef0a26a7e09c91ae88fdfd8ba6f9d2ec57d8efb806d9d91310cf779aed8ec7f1f676d85876ba9bd3bb97d97d3ac8dd1105f9d92b007f3c1687a7f20b2af91874d2acf27c0c5405e1c89feb382898a2f521df3947e8ba3bdb374e8df1188cdf4cfd4962f36bd5e3b5e160678b22d5a68c7e549a0f5b6bb2de6d672ad8dda31fd02b5194,gx-no-cache=1648231236680 HTTP/1.1" 200 30
190.171.141.106 - - [25/Mar/2022:15:11:31 -0300] "POST /cormun/servlet/solicitudot?gx-no-cache=1648231236704 HTTP/1.1" 200 30
190.171.141.106 - - [25/Mar/2022:15:11:31 -0300] "POST /cormun/servlet/solicitudot?gx-no-cache=1648231236733 HTTP/1.1" 200 1453
190.171.141.106 - - [25/Mar/2022:15:11:31 -0300] "POST /cormun/servlet/solicitudot?gx-no-cache=1648231236774 HTTP/1.1" 200 38
190.171.141.106 - - [25/Mar/2022:15:12:43 -0300] "POST /cormun/servlet/solicitudot?gx-no-cache=1648231308255 HTTP/1.1" 200 297
190.171.141.106 - - [25/Mar/2022:15:12:43 -0300] "GET /cormun/servlet/solicitudot?856450445a0ff42a9796ff531dfae6aad8ab8f87e07fbc5c4b55da098df9b2b528d286d2b3c88d10cfbf4421746edacf1662a1de55d3f0f947af46e73ba54701babb08f698aaa7e2d5d23e4c7693b47f240f400175dba7cf6c5f32940fec124d684a5c70cca8e662a5f9a87d23aec279272e65661940afff6fc24f5ac40dee9732112d25a7bdcdefb7564fe1f00cab9acd3a652fba6e2ae3891a4f9629d90baf8cdb6ff3d72ec7a962c88c5b2ea95ae82251429e68f5371a69567b5b52a27ce5fd76c55627ea3205f57b8bdbde5892792e4b6e662d4ee67db59b264a5d0d1f938f6a70cfc1bf55defce77534fd98a236d4a78299fd959e0d548bdbdacd5bd017888fc8ce86de65182e07d33274ef0a26a7e09c91ae88fdfd8ba6f9d2ec57d8efb806d9d91310cf779aed8ec7f1f676d85876ba9bd3bb97d97d3ac8dd1105f9d92b007f3c1687a7f20b2af91874d2acf27c0c5405e1c89feb382898a2f521df3947e8ba3bdb374e8df1188cdf4cfd4962f36bd5e3b5e160678b22d5a68c7e549a0f5b6bb2de6d672ad8dda31fd02b5194,gx-no-cache=1648231308304 HTTP/1.1" 200 30
190.171.141.106 - - [25/Mar/2022:15:12:43 -0300] "POST /cormun/servlet/solicitudot?gx-no-cache=1648231308329 HTTP/1.1" 200 30
190.171.141.106 - - [25/Mar/2022:15:12:43 -0300] "POST /cormun/servlet/solicitudot?gx-no-cache=1648231308357 HTTP/1.1" 200 1453
190.171.141.106 - - [25/Mar/2022:15:12:43 -0300] "POST /cormun/servlet/solicitudot?gx-no-cache=1648231308394 HTTP/1.1" 200 38
192.168.10.17 - - [25/Mar/2022:15:14:20 -0300] "GET /cormun/servlet/trsolicitudgral? HTTP/1.1" 200 17021
192.168.10.17 - - [25/Mar/2022:15:14:21 -0300] "GET /cormun/servlet/trsolicitudgral? HTTP/1.1" 200 17021
192.168.10.17 - - [25/Mar/2022:15:14:39 -0300] "GET /cormun/servlet/vesolicitudgral?2022,18019,, HTTP/1.1" 200 8355
192.168.10.17 - - [25/Mar/2022:15:14:39 -0300] "GET /cormun/pexe_scrolldiv.js HTTP/1.1" 404 1009
192.168.10.17 - - [25/Mar/2022:15:14:39 -0300] "GET /cormun/servlet/vesolicitudgral?2022,18019,, HTTP/1.1" 200 8355
192.168.10.17 - - [25/Mar/2022:15:14:43 -0300] "GET /cormun/servlet/trsolicitudgral? HTTP/1.1" 200 17021
192.168.10.17 - - [25/Mar/2022:15:14:44 -0300] "GET /cormun/servlet/trsolicitudgral? HTTP/1.1" 200 17021
192.168.10.17 - - [25/Mar/2022:15:15:04 -0300] "GET /cormun/servlet/vesolicitudgral?2022,18018,, HTTP/1.1" 200 8367
192.168.10.17 - - [25/Mar/2022:15:15:04 -0300] "GET /cormun/pexe_scrolldiv.js HTTP/1.1" 404 1009
192.168.10.17 - - [25/Mar/2022:15:15:04 -0300] "GET /cormun/servlet/vesolicitudgral?2022,18018,, HTTP/1.1" 200 8367
190.171.141.106 - - [25/Mar/2022:15:16:06 -0300] "GET /cormun/servlet/solicitudot?856450445a0ff42a9796ff531dfae6aace2ee5acf9bbfda9fd4f9aaca5484b69f68fa89d8ed5ca47dce2bd7a98b6b7f5f14d0b4d16621d2d6aecc99f80d5310fc1aa9b5a780876bf7e36819a17d02dc350aecdb7d4f1eee14b906dae644412f9a6fa50a8f6a23cc79588d52eb5380f21,gx-no-cache=1648231511118 HTTP/1.1" 200 110
190.171.141.106 - - [25/Mar/2022:15:16:06 -0300] "POST /cormun/servlet/solicitudot?gx-no-cache=1648231511215 HTTP/1.1" 200 72
190.171.141.106 - - [25/Mar/2022:15:17:02 -0300] "GET /cormun/servlet/solicitudot?856450445a0ff42a9796ff531dfae6aa44a3fbc897f789d62d44d89458488894de1e7dbd02689bd48663b225982be4916f406a0f8c90b5c2647503eac9b2c4ff0b65d9eaab96a471aceb857dac4f6220fafa88dae206dd1dd1a69dc8dab3bfe37b381d1fbfa235cf5aa0052749870e8a,gx-no-cache=1648231568084 HTTP/1.1" 200 29
190.171.141.106 - - [25/Mar/2022:15:22:38 -0300] "GET /cormun/servlet/solicitudot?856450445a0ff42a9796ff531dfae6aa7639e7d6f4cc680804573d6e0bb3fb144404f3fc92b884ce9cf38ac81840ca11,gx-no-cache=1648231903865 HTTP/1.1" 200 30
190.171.141.106 - - [25/Mar/2022:15:22:44 -0300] "POST /cormun/servlet/solicitudot?gx-no-cache=1648231910101 HTTP/1.1" 200 30
40.77.167.19 - - [25/Mar/2022:15:22:50 -0300] "GET /cormun/servlet/hpexe_return HTTP/1.1" 200 975
190.171.141.106 - - [25/Mar/2022:15:23:29 -0300] "POST /cormun/servlet/solicitudot?a9a84af2bb4b3a547e3502c40400ed99,INS,0,0,false,,gx-no-cache=1648231954207 HTTP/1.1" 200 93
190.171.141.106 - - [25/Mar/2022:15:23:29 -0300] "GET /cormun/servlet/hpexe_return? HTTP/1.1" 200 1011
190.171.141.106 - - [25/Mar/2022:15:23:29 -0300] "GET /cormun/static/gxcfg.js?201991422392976 HTTP/1.1" 200 953
190.171.141.106 - - [25/Mar/2022:15:23:29 -0300] "GET /cormun/static/hpexe_return.js?201991422392984 HTTP/1.1" 200 1633
190.171.141.106 - - [25/Mar/2022:15:23:30 -0300] "GET /cormun/servlet/trsolicitudot HTTP/1.1" 200 8849
190.171.141.106 - - [25/Mar/2022:15:23:30 -0300] "GET /cormun//static/Resources/PXToolsActionView.png HTTP/1.1" 200 398
190.171.141.106 - - [25/Mar/2022:15:23:30 -0300] "GET /cormun//static/Resources/PXToolsGridUpdate.png HTTP/1.1" 200 470
190.171.141.106 - - [25/Mar/2022:15:23:30 -0300] "GET /cormun//static/Resources/PXToolsRemoveAllAction.png HTTP/1.1" 200 487
190.171.141.106 - - [25/Mar/2022:15:23:30 -0300] "GET /cormun//static/Resources/PXToolsGridDelete.png HTTP/1.1" 200 538
190.171.141.106 - - [25/Mar/2022:15:23:30 -0300] "GET /cormun/servlet/trsolicitudot HTTP/1.1" 200 8845
190.171.141.106 - - [25/Mar/2022:15:23:46 -0300] "GET /cormun/servlet/solicitudot?INS,0,0,false, HTTP/1.1" 200 15953
190.171.141.106 - - [25/Mar/2022:15:23:46 -0300] "GET /cormun/servlet/solicitudot?INS,0,0,false, HTTP/1.1" 200 15960
190.171.141.106 - - [25/Mar/2022:15:24:38 -0300] "POST /cormun/servlet/solicitudot?gx-no-cache=1648232023235 HTTP/1.1" 200 3961
190.171.141.106 - - [25/Mar/2022:15:24:38 -0300] "POST /cormun/servlet/solicitudot?a9a84af2bb4b3a547e3502c40400ed99,INS,0,0,false,,gx-no-cache=1648232023376 HTTP/1.1" 200 12785
192.168.10.17 - - [25/Mar/2022:15:24:47 -0300] "GET /cormun/servlet/trsolicitudgral? HTTP/1.1" 200 17021
192.168.10.17 - - [25/Mar/2022:15:24:47 -0300] "GET /cormun/servlet/trsolicitudgral? HTTP/1.1" 200 17021
190.171.141.106 - - [25/Mar/2022:15:24:48 -0300] "GET /cormun/servlet/solicitudot?856450445a0ff42a9796ff531dfae6aa28e0acf911ecfc205fe857450214deb4535d868f16b8613c0e9fb8f2abfc510c,gx-no-cache=1648232033203 HTTP/1.1" 200 30
192.168.10.17 - - [25/Mar/2022:15:25:05 -0300] "GET /cormun/servlet/vesolicitudgral?2022,18016,, HTTP/1.1" 200 8375
192.168.10.17 - - [25/Mar/2022:15:25:05 -0300] "GET /cormun/pexe_scrolldiv.js HTTP/1.1" 404 1009
192.168.10.17 - - [25/Mar/2022:15:25:05 -0300] "GET /cormun/servlet/vesolicitudgral?2022,18016,, HTTP/1.1" 200 8374
192.168.10.17 - - [25/Mar/2022:15:25:38 -0300] "POST /cormun/servlet/vesolicitudgral?6d0a9e930fe37ea6ff3700877a64a89c,2022,18016,,,gx-no-cache=1648231829304 HTTP/1.1" 200 12110
192.168.10.17 - - [25/Mar/2022:15:25:38 -0300] "GET /cormun/static/Shared/jqueryui/images/ui-bg_highlight-soft_100_c6c2c8_1x100.png HTTP/1.1" 404 1117
192.168.10.17 - - [25/Mar/2022:15:25:38 -0300] "GET /cormun/static/Shared/jqueryui/images/ui-icons_82798d_256x240.png HTTP/1.1" 404 1089
192.168.10.17 - - [25/Mar/2022:15:25:38 -0300] "GET /cormun/static/Shared/jqueryui/images/ui-bg_flat_55_fafafa_40x100.png HTTP/1.1" 404 1097
192.168.10.17 - - [25/Mar/2022:15:25:38 -0300] "GET /cormun/static/Shared/jqueryui/images/ui-icons_8d78a5_256x240.png HTTP/1.1" 404 1089
192.168.10.17 - - [25/Mar/2022:15:25:38 -0300] "POST /cormun/servlet/vesolicitudgral?6d0a9e930fe37ea6ff3700877a64a89c,2022,18016,,,gx-no-cache=1648231829502 HTTP/1.1" 200 12043
192.168.10.17 - - [25/Mar/2022:15:25:41 -0300] "GET /cormun/servlet/trsolicitudgral? HTTP/1.1" 200 16699
192.168.10.17 - - [25/Mar/2022:15:25:41 -0300] "GET /cormun/servlet/trsolicitudgral? HTTP/1.1" 200 16698
192.168.10.17 - - [25/Mar/2022:15:25:49 -0300] "GET /cormun/servlet/vesolicitudgral?2022,18019,, HTTP/1.1" 200 8355
192.168.10.17 - - [25/Mar/2022:15:25:49 -0300] "GET /cormun/pexe_scrolldiv.js HTTP/1.1" 404 1009
192.168.10.17 - - [25/Mar/2022:15:25:49 -0300] "GET /cormun/servlet/vesolicitudgral?2022,18019,, HTTP/1.1" 200 8355
192.168.10.17 - - [25/Mar/2022:15:25:55 -0300] "POST /cormun/servlet/vesolicitudgral?6d0a9e930fe37ea6ff3700877a64a89c,2022,18019,,,gx-no-cache=1648231846404 HTTP/1.1" 200 12106
192.168.10.17 - - [25/Mar/2022:15:25:55 -0300] "GET /cormun/static/Shared/jqueryui/images/ui-icons_82798d_256x240.png HTTP/1.1" 404 1089
192.168.10.17 - - [25/Mar/2022:15:25:55 -0300] "GET /cormun/static/Shared/jqueryui/images/ui-bg_highlight-soft_100_c6c2c8_1x100.png HTTP/1.1" 404 1117
192.168.10.17 - - [25/Mar/2022:15:25:55 -0300] "GET /cormun/static/Shared/jqueryui/images/ui-bg_flat_55_fafafa_40x100.png HTTP/1.1" 404 1097
192.168.10.17 - - [25/Mar/2022:15:25:55 -0300] "GET /cormun/static/Shared/jqueryui/images/ui-icons_8d78a5_256x240.png HTTP/1.1" 404 1089
192.168.10.17 - - [25/Mar/2022:15:25:55 -0300] "POST /cormun/servlet/vesolicitudgral?6d0a9e930fe37ea6ff3700877a64a89c,2022,18019,,,gx-no-cache=1648231846601 HTTP/1.1" 200 12040
192.168.10.17 - - [25/Mar/2022:15:26:00 -0300] "GET /cormun/servlet/trsolicitudgral? HTTP/1.1" 200 16463
192.168.10.17 - - [25/Mar/2022:15:26:00 -0300] "GET /cormun/servlet/trsolicitudgral? HTTP/1.1" 200 16459
192.168.10.17 - - [25/Mar/2022:15:26:05 -0300] "GET /cormun/servlet/vesolicitudgral?2022,18018,, HTTP/1.1" 200 8367
192.168.10.17 - - [25/Mar/2022:15:26:05 -0300] "GET /cormun/pexe_scrolldiv.js HTTP/1.1" 404 1009
192.168.10.17 - - [25/Mar/2022:15:26:05 -0300] "GET /cormun/servlet/vesolicitudgral?2022,18018,, HTTP/1.1" 200 8367
190.171.141.106 - - [25/Mar/2022:15:26:14 -0300] "GET /cormun/servlet/solicitudot?856450445a0ff42a9796ff531dfae6aa7d639fef6d0619de92e542a4e5c41254861a6bcf336c8d3c57b03e7bc8a820bd995172e7787c16b045a645f6128f63c5524049641d2a939ff2fd138f8320edc2,gx-no-cache=1648232119600 HTTP/1.1" 200 30
190.171.141.106 - - [25/Mar/2022:15:26:14 -0300] "GET /cormun/servlet/solicitudot?856450445a0ff42a9796ff531dfae6aa2959207e91946e80a9d3fa223f765727,gx-no-cache=1648232119636 HTTP/1.1" 200 53
192.168.10.17 - - [25/Mar/2022:15:26:23 -0300] "POST /cormun/servlet/vesolicitudgral?6d0a9e930fe37ea6ff3700877a64a89c,2022,18018,,,gx-no-cache=1648231874098 HTTP/1.1" 200 12115
192.168.10.17 - - [25/Mar/2022:15:26:23 -0300] "GET /cormun/static/Shared/jqueryui/images/ui-bg_highlight-soft_100_c6c2c8_1x100.png HTTP/1.1" 404 1117
192.168.10.17 - - [25/Mar/2022:15:26:23 -0300] "GET /cormun/static/Shared/jqueryui/images/ui-icons_82798d_256x240.png HTTP/1.1" 404 1089
192.168.10.17 - - [25/Mar/2022:15:26:23 -0300] "GET /cormun/static/Shared/jqueryui/images/ui-bg_flat_55_fafafa_40x100.png HTTP/1.1" 404 1097
192.168.10.17 - - [25/Mar/2022:15:26:23 -0300] "GET /cormun/static/Shared/jqueryui/images/ui-icons_8d78a5_256x240.png HTTP/1.1" 404 1089
192.168.10.17 - - [25/Mar/2022:15:26:23 -0300] "POST /cormun/servlet/vesolicitudgral?6d0a9e930fe37ea6ff3700877a64a89c,2022,18018,,,gx-no-cache=1648231874292 HTTP/1.1" 200 12049
192.168.10.17 - - [25/Mar/2022:15:26:27 -0300] "GET /cormun/servlet/trautorizarot? HTTP/1.1" 200 10155
192.168.10.17 - - [25/Mar/2022:15:26:27 -0300] "GET /cormun/servlet/trautorizarot? HTTP/1.1" 200 10151
192.168.10.17 - - [25/Mar/2022:15:26:30 -0300] "POST /cormun/servlet/trautorizarot?6d0a9e930fe37ea6ff3700877a64a89c,,gx-no-cache=1648231881332 HTTP/1.1" 200 5369
192.168.10.17 - - [25/Mar/2022:15:26:34 -0300] "GET /cormun/servlet/trsolicitudgral? HTTP/1.1" 200 15983
192.168.10.17 - - [25/Mar/2022:15:26:34 -0300] "GET /cormun/servlet/trsolicitudgral? HTTP/1.1" 200 15982
192.168.10.17 - - [25/Mar/2022:15:26:39 -0300] "POST /cormun/servlet/trsolicitudgral?6d0a9e930fe37ea6ff3700877a64a89c,,gx-no-cache=1648231890358 HTTP/1.1" 200 7275
190.171.141.106 - - [25/Mar/2022:15:26:42 -0300] "POST /cormun/servlet/solicitudot?gx-no-cache=1648232147592 HTTP/1.1" 200 297
190.171.141.106 - - [25/Mar/2022:15:26:42 -0300] "GET /cormun/servlet/solicitudot?856450445a0ff42a9796ff531dfae6aad8ab8f87e07fbc5c4b55da098df9b2b528d286d2b3c88d10cfbf4421746edacf1662a1de55d3f0f947af46e73ba54701babb08f698aaa7e2d5d23e4c7693b47f240f400175dba7cf6c5f32940fec124d684a5c70cca8e662a5f9a87d23aec279272e65661940afff6fc24f5ac40dee9732112d25a7bdcdefb7564fe1f00cab9acd3a652fba6e2ae3891a4f9629d90baf8cdb6ff3d72ec7a962c88c5b2ea95ae82251429e68f5371a69567b5b52a27ce5fd76c55627ea3205f57b8bdbde5892792e4b6e662d4ee67db59b264a5d0d1f938f6a70cfc1bf55defce77534fd98a236d4a78299fd959e0d548bdbdacd5bd017888fc8ce86de65182e07d33274ef0a26a7e09c91ae88fdfd8ba6f9d2ec57d8efb806d9d91310cf779aed8ec7f1f676d85876ba9bd3bb97d97d3ac8dd1105f9d92b007f3c1687a7f20b2af91874d2acf27c0c5405e1c89feb382898a2f521df3947e8ba3bdb374e8df1188cdf4cfd4962b2f732a1e44fc21b537f41b48ad7c4440f5b6bb2de6d672ad8dda31fd02b5194,gx-no-cache=1648232147643 HTTP/1.1" 200 30
190.171.141.106 - - [25/Mar/2022:15:26:49 -0300] "POST /cormun/servlet/solicitudot?gx-no-cache=1648232154748 HTTP/1.1" 200 30
190.171.141.106 - - [25/Mar/2022:15:27:05 -0300] "POST /cormun/servlet/solicitudot?gx-no-cache=1648232171035 HTTP/1.1" 200 1454
190.171.141.106 - - [25/Mar/2022:15:27:05 -0300] "POST /cormun/servlet/solicitudot?gx-no-cache=1648232171074 HTTP/1.1" 200 38
192.168.10.17 - - [25/Mar/2022:15:27:07 -0300] "GET /cormun/servlet/vesolicitudgral?2022,18016,, HTTP/1.1" 200 8378
192.168.10.17 - - [25/Mar/2022:15:27:07 -0300] "GET /cormun/pexe_scrolldiv.js HTTP/1.1" 404 1009
192.168.10.17 - - [25/Mar/2022:15:27:07 -0300] "GET /cormun/servlet/vesolicitudgral?2022,18016,, HTTP/1.1" 200 8377
190.171.141.106 - - [25/Mar/2022:15:27:21 -0300] "GET /cormun/servlet/solicitudot?856450445a0ff42a9796ff531dfae6aace2ee5acf9bbfda9fd4f9aaca5484b69f68fa89d8ed5ca47dce2bd7a98b6b7f5f14d0b4d16621d2d6aecc99f80d5310fc1aa9b5a780876bf7e36819a17d02dc350aecdb7d4f1eee14b906dae644412f9a6fa50a8f6a23cc79588d52eb5380f21,gx-no-cache=1648232186735 HTTP/1.1" 200 110
190.171.141.106 - - [25/Mar/2022:15:27:50 -0300] "POST /cormun/servlet/solicitudot?gx-no-cache=1648232215850 HTTP/1.1" 200 83
190.171.141.106 - - [25/Mar/2022:15:28:20 -0300] "GET /cormun/servlet/solicitudot?856450445a0ff42a9796ff531dfae6aa44a3fbc897f789d62d44d89458488894de1e7dbd02689bd48663b225982be4916f406a0f8c90b5c2647503eac9b2c4ff0b65d9eaab96a471aceb857dac4f6220fafa88dae206dd1dd1a69dc8dab3bfe37b381d1fbfa235cf5aa0052749870e8a,gx-no-cache=1648232245403 HTTP/1.1" 200 29
190.171.141.106 - - [25/Mar/2022:15:28:30 -0300] "GET /cormun/servlet/solicitudot?856450445a0ff42a9796ff531dfae6aa7639e7d6f4cc680804573d6e0bb3fb144404f3fc92b884ce9cf38ac81840ca11,gx-no-cache=1648232255705 HTTP/1.1" 200 30
190.171.141.106 - - [25/Mar/2022:15:28:41 -0300] "POST /cormun/servlet/solicitudot?gx-no-cache=1648232267058 HTTP/1.1" 200 30
190.171.141.106 - - [25/Mar/2022:15:28:58 -0300] "POST /cormun/servlet/solicitudot?a9a84af2bb4b3a547e3502c40400ed99,INS,0,0,false,,gx-no-cache=1648232283565 HTTP/1.1" 200 93
190.171.141.106 - - [25/Mar/2022:15:28:58 -0300] "GET /cormun/servlet/hpexe_return? HTTP/1.1" 200 1011
190.171.141.106 - - [25/Mar/2022:15:28:59 -0300] "GET /cormun/servlet/trsolicitudot HTTP/1.1" 200 9267
190.171.141.106 - - [25/Mar/2022:15:28:59 -0300] "GET /cormun/servlet/trsolicitudot HTTP/1.1" 200 9261
190.171.141.106 - - [25/Mar/2022:15:29:03 -0300] "GET /cormun/servlet/solicitudot?INS,0,0,false, HTTP/1.1" 200 15953
190.171.141.106 - - [25/Mar/2022:15:29:03 -0300] "GET /cormun/servlet/solicitudot?INS,0,0,false, HTTP/1.1" 200 15960
190.171.141.106 - - [25/Mar/2022:15:30:06 -0300] "POST /cormun/servlet/solicitudot?gx-no-cache=1648232351664 HTTP/1.1" 200 3991
190.171.141.106 - - [25/Mar/2022:15:30:06 -0300] "POST /cormun/servlet/solicitudot?a9a84af2bb4b3a547e3502c40400ed99,INS,0,0,false,,gx-no-cache=1648232351811 HTTP/1.1" 200 12832
190.171.141.106 - - [25/Mar/2022:15:30:17 -0300] "GET /cormun/servlet/solicitudot?856450445a0ff42a9796ff531dfae6aa351a9a3676593cac2c723b6d37b39063535d868f16b8613c0e9fb8f2abfc510c,gx-no-cache=1648232362931 HTTP/1.1" 200 30
190.171.141.106 - - [25/Mar/2022:15:30:17 -0300] "GET /cormun/servlet/solicitudot?856450445a0ff42a9796ff531dfae6aa2942431d1585f9b27631fa419c9eb7224999d70ab0e1cc165809b7c5fdd6c3d6863692a369251880fa8a31bf5db4d71e,gx-no-cache=1648232362981 HTTP/1.1" 200 30
190.171.141.106 - - [25/Mar/2022:15:30:17 -0300] "GET /cormun/servlet/solicitudot?856450445a0ff42a9796ff531dfae6aa2959207e91946e80a9d3fa223f765727,gx-no-cache=1648232363003 HTTP/1.1" 200 53
192.168.10.17 - - [25/Mar/2022:15:30:40 -0300] "GET /cormun/servlet/trsolicitudgral? HTTP/1.1" 200 10026
192.168.10.17 - - [25/Mar/2022:15:30:40 -0300] "GET /cormun/servlet/trsolicitudgral? HTTP/1.1" 200 10023
192.168.10.17 - - [25/Mar/2022:15:30:44 -0300] "GET /cormun/servlet/vesolicitudgral?2022,18019,, HTTP/1.1" 200 8361
192.168.10.17 - - [25/Mar/2022:15:30:44 -0300] "GET /cormun/pexe_scrolldiv.js HTTP/1.1" 404 1009
192.168.10.17 - - [25/Mar/2022:15:30:44 -0300] "GET /cormun/servlet/vesolicitudgral?2022,18019,, HTTP/1.1" 200 8361
190.171.141.106 - - [25/Mar/2022:15:30:46 -0300] "POST /cormun/servlet/solicitudot?gx-no-cache=1648232391249 HTTP/1.1" 200 297
190.171.141.106 - - [25/Mar/2022:15:30:46 -0300] "GET /cormun/servlet/solicitudot?856450445a0ff42a9796ff531dfae6aad8ab8f87e07fbc5c4b55da098df9b2b528d286d2b3c88d10cfbf4421746edacf1662a1de55d3f0f947af46e73ba54701babb08f698aaa7e2d5d23e4c7693b47f240f400175dba7cf6c5f32940fec124d684a5c70cca8e662a5f9a87d23aec279272e65661940afff6fc24f5ac40dee9732112d25a7bdcdefb7564fe1f00cab9acd3a652fba6e2ae3891a4f9629d90baf8cdb6ff3d72ec7a962c88c5b2ea95ae82251429e68f5371a69567b5b52a27ce5fd76c55627ea3205f57b8bdbde5892792e4b6e662d4ee67db59b264a5d0d1f938f6a70cfc1bf55defce77534fd98a236d4a78299fd959e0d548bdbdacd5bd017888fc8ce86de65182e07d33274ef0a26a7e09c91ae88fdfd8ba6f9d2ec57d8efb806d9d91310cf779aed8ec7f1f676d85876ba9bd3bb97d97d3ac8dd1105f9d92b007f3c1687a7f20b2af91874d2acf27c0c5405e1c89feb382898a2f521df3947e8ba3bdb374e8df1188cdf4cfd4962b2f732a1e44fc21b537f41b48ad7c4440f5b6bb2de6d672ad8dda31fd02b5194,gx-no-cache=1648232391303 HTTP/1.1" 200 30
190.171.141.106 - - [25/Mar/2022:15:30:49 -0300] "POST /cormun/servlet/solicitudot?gx-no-cache=1648232394476 HTTP/1.1" 200 30
190.171.141.106 - - [25/Mar/2022:15:31:00 -0300] "POST /cormun/servlet/solicitudot?gx-no-cache=1648232405868 HTTP/1.1" 200 30
190.171.141.106 - - [25/Mar/2022:15:31:06 -0300] "POST /cormun/servlet/solicitudot?gx-no-cache=1648232411846 HTTP/1.1" 200 1453
190.171.141.106 - - [25/Mar/2022:15:31:06 -0300] "POST /cormun/servlet/solicitudot?gx-no-cache=1648232411887 HTTP/1.1" 200 38
190.171.141.106 - - [25/Mar/2022:15:31:06 -0300] "GET /cormun/servlet/solicitudot?856450445a0ff42a9796ff531dfae6aace2ee5acf9bbfda9fd4f9aaca5484b69f68fa89d8ed5ca47dce2bd7a98b6b7f5f14d0b4d16621d2d6aecc99f80d5310fc1aa9b5a780876bf7e36819a17d02dc350aecdb7d4f1eee14b906dae644412f9a6fa50a8f6a23cc79588d52eb5380f21,gx-no-cache=1648232411908 HTTP/1.1" 200 110
190.171.141.106 - - [25/Mar/2022:15:31:45 -0300] "POST /cormun/servlet/solicitudot?gx-no-cache=1648232451018 HTTP/1.1" 200 72
190.171.141.106 - - [25/Mar/2022:15:32:24 -0300] "GET /cormun/servlet/solicitudot?856450445a0ff42a9796ff531dfae6aa44a3fbc897f789d62d44d89458488894de1e7dbd02689bd48663b225982be4916f406a0f8c90b5c2647503eac9b2c4ff0b65d9eaab96a471aceb857dac4f6220fafa88dae206dd1dd1a69dc8dab3bfe37b381d1fbfa235cf5aa0052749870e8a,gx-no-cache=1648232490053 HTTP/1.1" 200 29
190.171.141.106 - - [25/Mar/2022:15:32:36 -0300] "GET /cormun/servlet/solicitudot?856450445a0ff42a9796ff531dfae6aa7639e7d6f4cc680804573d6e0bb3fb144404f3fc92b884ce9cf38ac81840ca11,gx-no-cache=1648232501730 HTTP/1.1" 200 30
192.168.10.17 - - [25/Mar/2022:15:32:50 -0300] "GET /cormun/servlet/trsolicitudgral? HTTP/1.1" 200 9723
192.168.10.17 - - [25/Mar/2022:15:32:50 -0300] "GET /cormun/servlet/trsolicitudgral? HTTP/1.1" 200 9720
190.171.141.106 - - [25/Mar/2022:15:32:51 -0300] "POST /cormun/servlet/solicitudot?gx-no-cache=1648232516456 HTTP/1.1" 200 30
190.171.141.106 - - [25/Mar/2022:15:33:09 -0300] "POST /cormun/servlet/solicitudot?a9a84af2bb4b3a547e3502c40400ed99,INS,0,0,false,,gx-no-cache=1648232534214 HTTP/1.1" 200 93
190.171.141.106 - - [25/Mar/2022:15:33:09 -0300] "GET /cormun/servlet/hpexe_return? HTTP/1.1" 200 1011
192.168.10.17 - - [25/Mar/2022:15:33:09 -0300] "GET /cormun/servlet/vesolicitudgral?2022,18018,, HTTP/1.1" 200 8373
192.168.10.17 - - [25/Mar/2022:15:33:09 -0300] "GET /cormun/pexe_scrolldiv.js HTTP/1.1" 404 1009
190.171.141.106 - - [25/Mar/2022:15:33:09 -0300] "GET /cormun/servlet/trsolicitudot HTTP/1.1" 200 9603
192.168.10.17 - - [25/Mar/2022:15:33:09 -0300] "GET /cormun/servlet/vesolicitudgral?2022,18018,, HTTP/1.1" 200 8372
190.171.141.106 - - [25/Mar/2022:15:33:09 -0300] "GET /cormun/servlet/trsolicitudot HTTP/1.1" 200 9598
190.171.141.106 - - [25/Mar/2022:15:33:13 -0300] "GET /cormun/servlet/solicitudot?INS,0,0,false, HTTP/1.1" 200 15954
190.171.141.106 - - [25/Mar/2022:15:33:13 -0300] "GET /cormun/servlet/solicitudot?INS,0,0,false, HTTP/1.1" 200 15961
40.77.167.19 - - [25/Mar/2022:15:34:10 -0300] "GET /cormun/servlet/treventos?2021,16846,_escaped_fragment_%3D HTTP/1.1" 200 5073
40.77.167.22 - - [25/Mar/2022:15:34:23 -0300] "GET /cormun/static/PXToolsJavascripts/pexe_cookies.js HTTP/1.1" 200 792
207.46.13.109 - - [25/Mar/2022:15:34:23 -0300] "GET /cormun/static/Shared/ext/resources/css/ext-all.css?215870 HTTP/1.1" 200 416045
207.46.13.143 - - [25/Mar/2022:15:34:24 -0300] "GET /cormun/static/PXToolsJavascripts/pexe_popup.js HTTP/1.1" 200 13458
40.77.167.22 - - [25/Mar/2022:15:34:25 -0300] "GET /cormun/static/PXToolsJavascripts/pexe_cookies.js HTTP/1.1" 200 792
157.55.39.192 - - [25/Mar/2022:15:34:26 -0300] "GET /cormun/static/calendar-setup.js?85251 HTTP/1.1" 200 2588
207.46.13.143 - - [25/Mar/2022:15:34:27 -0300] "GET /cormun/static/PXToolsJavascripts/pexe_tabdivfix.js HTTP/1.1" 200 876
40.77.167.19 - - [25/Mar/2022:15:34:27 -0300] "GET /cormun/static/PXToolsJavascripts/pexe_layers.js HTTP/1.1" 200 4114
157.55.39.192 - - [25/Mar/2022:15:34:29 -0300] "GET /cormun/static/gxcfg.js?20201215584657 HTTP/1.1" 200 953
207.46.13.143 - - [25/Mar/2022:15:34:30 -0300] "GET /cormun/static/SmoothNavMenu/resources/ddsmoothmenu.js HTTP/1.1" 200 12712
40.77.167.19 - - [25/Mar/2022:15:34:30 -0300] "GET /cormun/static/cmcontrolpreferences.js?20199141926336 HTTP/1.1" 200 1375
157.55.39.192 - - [25/Mar/2022:15:34:32 -0300] "GET /cormun/static/calendar-setup.js?85251 HTTP/1.1" 200 2588
207.46.13.109 - - [25/Mar/2022:15:34:33 -0300] "GET /cormun/static/Shared/ext/resources/css/ext-all.css?215870 HTTP/1.1" 200 416045
207.46.13.143 - - [25/Mar/2022:15:34:33 -0300] "GET /cormun/static/PXToolsJavascripts/pexe_popup.js HTTP/1.1" 200 13458
40.77.167.19 - - [25/Mar/2022:15:34:34 -0300] "GET /cormun/static/gxui/gxui-all.js HTTP/1.1" 200 107772
157.55.39.192 - - [25/Mar/2022:15:34:35 -0300] "GET /cormun/static/gxcfg.js?20201215584657 HTTP/1.1" 200 953
207.46.13.143 - - [25/Mar/2022:15:34:36 -0300] "GET /cormun/static/PXToolsJavascripts/pexe_tabdivfix.js HTTP/1.1" 200 876
40.77.167.19 - - [25/Mar/2022:15:34:36 -0300] "GET /cormun/static/PXToolsJavascripts/pexe_layers.js HTTP/1.1" 200 4114
40.77.167.19 - - [25/Mar/2022:15:34:38 -0300] "GET /cormun/static/cmcontrolpreferences.js?20199141926336 HTTP/1.1" 200 1375
207.46.13.143 - - [25/Mar/2022:15:34:39 -0300] "GET /cormun/static/SmoothNavMenu/resources/ddsmoothmenu.js HTTP/1.1" 200 12712
40.77.167.19 - - [25/Mar/2022:15:34:42 -0300] "GET /cormun/static/gxui/gxui-all.js HTTP/1.1" 200 107772
190.171.141.106 - - [25/Mar/2022:15:35:00 -0300] "POST /cormun/servlet/solicitudot?gx-no-cache=1648232645992 HTTP/1.1" 200 3858
190.171.141.106 - - [25/Mar/2022:15:35:01 -0300] "POST /cormun/servlet/solicitudot?a9a84af2bb4b3a547e3502c40400ed99,INS,0,0,false,,gx-no-cache=1648232646125 HTTP/1.1" 200 12673
190.171.141.106 - - [25/Mar/2022:15:35:11 -0300] "GET /cormun/servlet/solicitudot?856450445a0ff42a9796ff531dfae6aaead851425d83c46eb2a16b71bafa573a535d868f16b8613c0e9fb8f2abfc510c,gx-no-cache=1648232656343 HTTP/1.1" 200 111
190.171.141.106 - - [25/Mar/2022:15:35:11 -0300] "GET /cormun/static/Shared/jqueryui/images/ui-bg_highlight-soft_100_c6c2c8_1x100.png HTTP/1.1" 404 1117
190.171.141.106 - - [25/Mar/2022:15:35:11 -0300] "GET /cormun/static/Shared/jqueryui/images/ui-icons_82798d_256x240.png HTTP/1.1" 404 1089
190.171.141.106 - - [25/Mar/2022:15:35:11 -0300] "GET /cormun/static/Shared/jqueryui/images/ui-bg_flat_55_994d53_40x100.png HTTP/1.1" 404 1097
190.171.141.106 - - [25/Mar/2022:15:35:11 -0300] "GET /cormun/static/Shared/jqueryui/images/ui-icons_ebccce_256x240.png HTTP/1.1" 404 1089
192.168.10.17 - - [25/Mar/2022:15:35:20 -0300] "GET /cormun/servlet/trsolicitudgral? HTTP/1.1" 200 8290
192.168.10.17 - - [25/Mar/2022:15:35:20 -0300] "GET /cormun/servlet/trsolicitudgral? HTTP/1.1" 200 8278
192.168.10.17 - - [25/Mar/2022:15:35:33 -0300] "POST /cormun/servlet/trsolicitudgral?6d0a9e930fe37ea6ff3700877a64a89c,,gx-no-cache=1648232424273 HTTP/1.1" 200 12960
192.168.10.17 - - [25/Mar/2022:15:35:49 -0300] "GET /cormun/servlet/vesolicitudgral?2022,17976,, HTTP/1.1" 200 8386
192.168.10.17 - - [25/Mar/2022:15:35:49 -0300] "GET /cormun/pexe_scrolldiv.js HTTP/1.1" 404 1009
192.168.10.17 - - [25/Mar/2022:15:35:49 -0300] "GET /cormun/servlet/vesolicitudgral?2022,17976,, HTTP/1.1" 200 8385
190.171.141.106 - - [25/Mar/2022:15:38:03 -0300] "GET /cormun/servlet/solicitudot?856450445a0ff42a9796ff531dfae6aa25beee88e2890d9a39c4e792bda41f64535d868f16b8613c0e9fb8f2abfc510c,gx-no-cache=1648232828997 HTTP/1.1" 200 30
190.171.141.106 - - [25/Mar/2022:15:41:33 -0300] "GET /cormun/servlet/solicitudot?856450445a0ff42a9796ff531dfae6aa0d2cc3c3afd90a75fe0065cbaf1ef109,gx-no-cache=1648233038641 HTTP/1.1" 200 94
190.171.141.106 - - [25/Mar/2022:15:41:36 -0300] "GET /cormun/servlet/solicitudot?856450445a0ff42a9796ff531dfae6aa2959207e91946e80a9d3fa223f765727,gx-no-cache=1648233041323 HTTP/1.1" 200 53
190.171.141.106 - - [25/Mar/2022:15:42:02 -0300] "POST /cormun/servlet/solicitudot?gx-no-cache=1648233067616 HTTP/1.1" 200 297
190.171.141.106 - - [25/Mar/2022:15:42:05 -0300] "GET /cormun/servlet/solicitudot?856450445a0ff42a9796ff531dfae6aad8ab8f87e07fbc5c4b55da098df9b2b528d286d2b3c88d10cfbf4421746edacf1662a1de55d3f0f947af46e73ba54701babb08f698aaa7e2d5d23e4c7693b47f240f400175dba7cf6c5f32940fec124d684a5c70cca8e662a5f9a87d23aec279272e65661940afff6fc24f5ac40dee9732112d25a7bdcdefb7564fe1f00cab9acd3a652fba6e2ae3891a4f9629d90baf8cdb6ff3d72ec7a962c88c5b2ea95ae82251429e68f5371a69567b5b52a27ce5fd76c55627ea3205f57b8bdbde5892792e4b6e662d4ee67db59b264a5d0d1f938f6a70cfc1bf55defce77534fd98a236d4a78299fd959e0d548bdbdacd5bd017888fc8ce86de65182e07d33274ef0a26a7e09c91ae88fdfd8ba6f9d2ec57d8efb806d9d91310cf779aed8ec7f1f676d85876ba9bd3bb97d97d3ac8dd1105f9d92b007f3c1687a7f20b2af91874d2acf27c0c5405e1c89feb382898a2f521df3947e8ba3bdb374e8df1188cdf4cfd4962b2f732a1e44fc21b537f41b48ad7c4440f5b6bb2de6d672ad8dda31fd02b5194,gx-no-cache=1648233070891 HTTP/1.1" 200 30
190.171.141.106 - - [25/Mar/2022:15:42:15 -0300] "POST /cormun/servlet/solicitudot?gx-no-cache=1648233080252 HTTP/1.1" 200 30
190.171.141.106 - - [25/Mar/2022:15:42:16 -0300] "POST /cormun/servlet/solicitudot?gx-no-cache=1648233082119 HTTP/1.1" 200 1454
190.171.141.106 - - [25/Mar/2022:15:42:16 -0300] "POST /cormun/servlet/solicitudot?gx-no-cache=1648233082158 HTTP/1.1" 200 38
190.171.141.106 - - [25/Mar/2022:15:43:12 -0300] "GET /cormun/servlet/solicitudot?856450445a0ff42a9796ff531dfae6aace2ee5acf9bbfda9fd4f9aaca5484b69f68fa89d8ed5ca47dce2bd7a98b6b7f5f14d0b4d16621d2d6aecc99f80d5310fc1aa9b5a780876bf7e36819a17d02dc350aecdb7d4f1eee14b906dae644412f9a6fa50a8f6a23cc79588d52eb5380f21,gx-no-cache=1648233137684 HTTP/1.1" 200 110
190.171.141.106 - - [25/Mar/2022:15:43:12 -0300] "POST /cormun/servlet/solicitudot?gx-no-cache=1648233137726 HTTP/1.1" 200 83
192.168.10.17 - - [25/Mar/2022:15:43:21 -0300] "POST /cormun/servlet/vesolicitudgral?6d0a9e930fe37ea6ff3700877a64a89c,2022,17976,,,gx-no-cache=1648232892184 HTTP/1.1" 200 12067
192.168.10.17 - - [25/Mar/2022:15:43:21 -0300] "GET /cormun/static/Shared/jqueryui/images/ui-bg_highlight-soft_100_c6c2c8_1x100.png HTTP/1.1" 404 1117
192.168.10.17 - - [25/Mar/2022:15:43:21 -0300] "GET /cormun/static/Shared/jqueryui/images/ui-icons_82798d_256x240.png HTTP/1.1" 404 1089
192.168.10.17 - - [25/Mar/2022:15:43:21 -0300] "GET /cormun/static/Shared/jqueryui/images/ui-bg_flat_55_fafafa_40x100.png HTTP/1.1" 404 1097
192.168.10.17 - - [25/Mar/2022:15:43:21 -0300] "GET /cormun/static/Shared/jqueryui/images/ui-icons_8d78a5_256x240.png HTTP/1.1" 404 1089
192.168.10.17 - - [25/Mar/2022:15:43:21 -0300] "POST /cormun/servlet/vesolicitudgral?6d0a9e930fe37ea6ff3700877a64a89c,2022,17976,,,gx-no-cache=1648232892387 HTTP/1.1" 200 12001
192.168.10.17 - - [25/Mar/2022:15:43:25 -0300] "GET /cormun/servlet/trsolicitudgral? HTTP/1.1" 200 15627
192.168.10.17 - - [25/Mar/2022:15:43:25 -0300] "GET /cormun/servlet/trsolicitudgral? HTTP/1.1" 200 15623
190.171.141.106 - - [25/Mar/2022:15:43:29 -0300] "GET /cormun/servlet/solicitudot?856450445a0ff42a9796ff531dfae6aa44a3fbc897f789d62d44d89458488894de1e7dbd02689bd48663b225982be4916f406a0f8c90b5c2647503eac9b2c4ff0b65d9eaab96a471aceb857dac4f6220fafa88dae206dd1dd1a69dc8dab3bfe37b381d1fbfa235cf5aa0052749870e8a,gx-no-cache=1648233154882 HTTP/1.1" 200 29
192.168.10.17 - - [25/Mar/2022:15:43:30 -0300] "GET /cormun/servlet/trautorizarot? HTTP/1.1" 200 9567
192.168.10.17 - - [25/Mar/2022:15:43:31 -0300] "GET /cormun/servlet/trautorizarot? HTTP/1.1" 200 9567
192.168.10.17 - - [25/Mar/2022:15:43:34 -0300] "POST /cormun/servlet/trautorizarot?6d0a9e930fe37ea6ff3700877a64a89c,,gx-no-cache=1648232905807 HTTP/1.1" 200 5349
192.168.10.17 - - [25/Mar/2022:15:43:39 -0300] "GET /cormun/servlet/trautorizarot? HTTP/1.1" 200 8109
192.168.10.17 - - [25/Mar/2022:15:43:39 -0300] "GET /cormun/servlet/trautorizarot? HTTP/1.1" 200 8109
190.171.141.106 - - [25/Mar/2022:15:43:42 -0300] "GET /cormun/servlet/solicitudot?856450445a0ff42a9796ff531dfae6aafd5f56f55065c15018f16add668e49df4404f3fc92b884ce9cf38ac81840ca11,gx-no-cache=1648233167784 HTTP/1.1" 200 30
