103.203.57.9 - - [24/Mar/2022:00:16:25 -0300] "GET / HTTP/1.1" 200 11217
213.202.254.192 - - [24/Mar/2022:00:59:01 -0300] "GET / HTTP/1.1" 200 11217
82.142.102.167 - - [24/Mar/2022:01:03:27 -0300] "GET / HTTP/1.0" 200 11197
103.178.236.95 - - [24/Mar/2022:02:39:24 -0300] "GET /dispatch.asp HTTP/1.1" 404 985
46.174.191.31 - - [24/Mar/2022:03:01:51 -0300] "GET / HTTP/1.0" 200 11197
40.77.167.99 - - [24/Mar/2022:04:50:04 -0300] "GET /robots.txt HTTP/1.1" 404 981
157.55.39.195 - - [24/Mar/2022:04:50:10 -0300] "GET /cormun/servlet/trlicenciaspermisoslog?16261856,L,20220210000000,_escaped_fragment_%3D HTTP/1.1" 200 5234
78.108.177.54 - - [24/Mar/2022:04:52:03 -0300] "GET / HTTP/1.0" 200 11197
40.77.167.19 - - [24/Mar/2022:04:52:31 -0300] "GET /cormun/servlet/hpexe_return HTTP/1.1" 200 970
192.241.225.214 - - [24/Mar/2022:06:04:46 -0300] "GET /hudson HTTP/1.1" 404 973
157.55.39.195 - - [24/Mar/2022:06:41:11 -0300] "GET /cormun/static/gxcfg.js?2020121613995 HTTP/1.1" 200 953
207.46.13.143 - - [24/Mar/2022:06:52:10 -0300] "GET /cormun/servlet/solicitudot?INS,0,0,&_escaped_fragment_= HTTP/1.1" 200 14659
207.46.13.109 - - [24/Mar/2022:06:52:25 -0300] "GET /cormun/static/gxcfg.js?20203414241232 HTTP/1.1" 200 953
40.77.167.22 - - [24/Mar/2022:06:52:27 -0300] "GET /cormun/static/PXToolsJavascripts/pexe_upload.js HTTP/1.1" 200 1423
40.77.167.19 - - [24/Mar/2022:06:52:32 -0300] "GET /cormun/servlet/solicitudot?INS,0,0, HTTP/1.1" 200 14838
40.77.167.19 - - [24/Mar/2022:06:52:34 -0300] "GET /cormun/static/solicitudot.js?20203414242792 HTTP/1.1" 200 74114
103.178.236.95 - - [24/Mar/2022:07:14:51 -0300] "GET /dispatch.asp HTTP/1.1" 404 985
186.67.172.234 - - [24/Mar/2022:07:42:02 -0300] "GET /cormun/servlet/trlicencias? HTTP/1.1" 200 10018
186.67.172.234 - - [24/Mar/2022:07:42:02 -0300] "GET /cormun/servlet/hlogin HTTP/1.1" 200 1742
186.67.172.234 - - [24/Mar/2022:07:42:02 -0300] "GET /cormun/servlet/trlicencias? HTTP/1.1" 200 10030
186.67.172.234 - - [24/Mar/2022:07:42:12 -0300] "POST /cormun/servlet/hlogin?6340f781c731d6ae041560870ca300a8,gx-no-cache=1648117788900 HTTP/1.1" 200 90
186.67.172.234 - - [24/Mar/2022:07:42:12 -0300] "GET /cormun/servlet/hpexe_link HTTP/1.1" 200 955
186.67.172.234 - - [24/Mar/2022:07:42:12 -0300] "GET /cormun/servlet/trlicencias HTTP/1.1" 200 12924
186.67.172.234 - - [24/Mar/2022:07:42:13 -0300] "GET /cormun/servlet/trlicencias HTTP/1.1" 200 12922
181.72.71.61 - - [24/Mar/2022:07:44:55 -0300] "GET /cormun/servlet/hlogin HTTP/1.1" 200 1733
66.249.85.97 - - [24/Mar/2022:08:11:51 -0300] "GET /cormun/static/Resources/Logo2019_Grande.png HTTP/1.1" 200 31733
190.171.152.234 - - [24/Mar/2022:08:14:07 -0300] "GET /cormun/servlet/hlogin HTTP/1.1" 200 1725
190.171.152.234 - - [24/Mar/2022:08:14:07 -0300] "GET /cormun/servlet/hlogin HTTP/1.1" 200 1736
190.171.152.234 - - [24/Mar/2022:08:14:14 -0300] "POST /cormun/servlet/hlogin?5cdfd4de3d395d6e1bdde009968956fe,gx-no-cache=1648119709281 HTTP/1.1" 200 90
190.171.152.234 - - [24/Mar/2022:08:14:14 -0300] "GET /cormun/servlet/hpexe_link HTTP/1.1" 200 949
190.171.152.234 - - [24/Mar/2022:08:14:14 -0300] "GET /cormun/servlet/hhome HTTP/1.1" 200 4262
190.171.152.234 - - [24/Mar/2022:08:14:15 -0300] "GET /cormun/servlet/hhome HTTP/1.1" 200 4258
190.171.152.234 - - [24/Mar/2022:08:14:22 -0300] "GET /cormun/servlet/trsolicitudot? HTTP/1.1" 200 8882
190.171.152.234 - - [24/Mar/2022:08:14:22 -0300] "GET /cormun/servlet/trsolicitudot? HTTP/1.1" 200 8880
190.171.142.42 - - [24/Mar/2022:08:14:23 -0300] "GET /cormun/servlet/hlogin HTTP/1.1" 200 1729
190.171.142.42 - - [24/Mar/2022:08:14:23 -0300] "GET /cormun/servlet/hlogin HTTP/1.1" 200 1740
190.171.142.42 - - [24/Mar/2022:08:14:23 -0300] "GET /favicon.ico HTTP/1.1" 200 21630
190.171.142.42 - - [24/Mar/2022:08:14:38 -0300] "POST /cormun/servlet/hlogin?b2b4255c84c76e9891772e5a5f41c253,gx-no-cache=1648119733199 HTTP/1.1" 200 90
190.171.142.42 - - [24/Mar/2022:08:14:38 -0300] "GET /cormun/servlet/hpexe_link HTTP/1.1" 200 954
190.171.142.42 - - [24/Mar/2022:08:14:38 -0300] "GET /cormun/servlet/hhome HTTP/1.1" 200 4244
190.171.142.42 - - [24/Mar/2022:08:14:38 -0300] "GET /cormun/servlet/hhome HTTP/1.1" 200 4242
190.171.142.42 - - [24/Mar/2022:08:14:41 -0300] "GET /cormun/servlet/trlicencias? HTTP/1.1" 200 11516
190.171.142.42 - - [24/Mar/2022:08:14:41 -0300] "GET /cormun/servlet/trlicencias? HTTP/1.1" 200 11514
190.171.141.106 - - [24/Mar/2022:08:14:48 -0300] "GET /cormun/servlet/trlicencias? HTTP/1.1" 200 10021
190.171.141.106 - - [24/Mar/2022:08:14:49 -0300] "GET /cormun/servlet/hlogin HTTP/1.1" 200 1746
190.171.141.106 - - [24/Mar/2022:08:14:50 -0300] "GET /cormun/servlet/trlicencias? HTTP/1.1" 200 10032
190.171.152.234 - - [24/Mar/2022:08:14:58 -0300] "GET /cormun/servlet/solicitudot?INS,0,0,false, HTTP/1.1" 200 15990
190.171.152.234 - - [24/Mar/2022:08:14:58 -0300] "GET /cormun/servlet/solicitudot?INS,0,0,false, HTTP/1.1" 200 15998
190.171.141.106 - - [24/Mar/2022:08:14:59 -0300] "POST /cormun/servlet/hlogin?700574f8fce423aa2ba58bfc7513340b,gx-no-cache=1648119753500 HTTP/1.1" 200 90
190.171.141.106 - - [24/Mar/2022:08:14:59 -0300] "GET /cormun/servlet/hpexe_link HTTP/1.1" 200 962
190.171.141.106 - - [24/Mar/2022:08:14:59 -0300] "GET /cormun/servlet/trlicencias HTTP/1.1" 200 11636
190.171.141.106 - - [24/Mar/2022:08:15:00 -0300] "GET /cormun/servlet/trlicencias HTTP/1.1" 200 11634
190.171.152.234 - - [24/Mar/2022:08:15:19 -0300] "POST /cormun/servlet/solicitudot?gx-no-cache=1648119774217 HTTP/1.1" 200 3850
190.171.152.234 - - [24/Mar/2022:08:15:19 -0300] "POST /cormun/servlet/solicitudot?5cdfd4de3d395d6e1bdde009968956fe,INS,0,0,false,,gx-no-cache=1648119774467 HTTP/1.1" 200 12672
190.171.152.234 - - [24/Mar/2022:08:15:23 -0300] "GET /cormun/servlet/solicitudot?f90b2a9d5d83f2759219071d47c07bc51222527a437ca612f3fd685e18cd55ff93f43a70ffb1a07f3ba1b90fa1e151bf,gx-no-cache=1648119777907 HTTP/1.1" 200 30
190.171.152.234 - - [24/Mar/2022:08:16:55 -0300] "GET /cormun/servlet/prbanco?,MD,,gxPopupLevel%3D0%3B HTTP/1.1" 200 6548
190.171.152.234 - - [24/Mar/2022:08:16:58 -0300] "GET /cormun/servlet/solicitudot?f90b2a9d5d83f2759219071d47c07bc5b93e9147e7c1262165f50eab9efc7c2233c60ee8d84e284f8453f700d2b520a0b02f85ee697ef27baeb54949d5c6c52d,gx-no-cache=1648119873477 HTTP/1.1" 200 30
190.171.152.234 - - [24/Mar/2022:08:17:04 -0300] "GET /cormun/servlet/solicitudot?f90b2a9d5d83f2759219071d47c07bc54c2e0cdfbdc6eb97dbcaa14fe62140eb,gx-no-cache=1648119878936 HTTP/1.1" 200 53
190.171.152.234 - - [24/Mar/2022:08:17:28 -0300] "POST /cormun/servlet/solicitudot?gx-no-cache=1648119902730 HTTP/1.1" 200 256
190.171.149.74 - - [24/Mar/2022:08:17:29 -0300] "GET /cormun/servlet/hlogin HTTP/1.1" 200 1730
190.171.152.234 - - [24/Mar/2022:08:17:30 -0300] "GET /cormun/servlet/solicitudot?f90b2a9d5d83f2759219071d47c07bc542f6bd81dd0eb7d3d74192b425e21023eef911950f7114a876831dab9020e2759dea108332b068d1284198d7f63a16a161088300d5aba4a4a5503632274e356f02f462a5f8f6911a2d7ab2acade2835c5efa8e351fe3f559281b68119ffbc3f8a65a6a44ed974e1f599e4b9c899c6efc36c94835ca2ed1c75752fb1a81978818e70b52eebda79f2f6d40fe73f6608ad65983f1ae06c68e8a21684a47710daea870425ab3bcb6d03dc43088fea5199e9d5f56968c1122b49148c17e78eadd0cc2f4b5d7421450582bcd2fcc0756e47efd07afef533ed0d55368d9b7c8203b262f2700d3d9ee8b75aca8a3d14ed8fa028e03c91820ea2345faa7824063d3740c02f17d3e1eed259e6e4d83e1c650f1dba25f8b2d1ab1ff872f846742c934bc185fd1cc3fbfab709159cfe326574dae4114bb47c5033bce7196546c1cbbd233a50f03b776338591f613946e81fa99a32b58e3b388551811d25df9d4e17a796acc1e7e5218fe8d6cfa3e39d25efc000d682d,gx-no-cache=1648119904929 HTTP/1.1" 200 30
190.171.149.74 - - [24/Mar/2022:08:17:35 -0300] "POST /cormun/servlet/hlogin?e93ed8a5e765bcf7b4a6efd2604877c3,gx-no-cache=1648123628279 HTTP/1.1" 200 90
190.171.149.74 - - [24/Mar/2022:08:17:35 -0300] "GET /cormun/servlet/hpexe_link HTTP/1.1" 200 956
190.171.149.74 - - [24/Mar/2022:08:17:35 -0300] "GET /cormun/servlet/hhome HTTP/1.1" 200 3984
190.171.149.74 - - [24/Mar/2022:08:17:35 -0300] "GET /cormun/static/gxcfg.js?20201215495537 HTTP/1.1" 200 953
190.171.149.74 - - [24/Mar/2022:08:17:35 -0300] "GET /cormun/static/hhome.js?20201215495544 HTTP/1.1" 200 777
190.171.152.234 - - [24/Mar/2022:08:17:35 -0300] "POST /cormun/servlet/solicitudot?gx-no-cache=1648119910632 HTTP/1.1" 200 30
190.171.149.74 - - [24/Mar/2022:08:17:36 -0300] "GET /cormun/servlet/hhome HTTP/1.1" 200 3980
190.171.152.234 - - [24/Mar/2022:08:17:38 -0300] "POST /cormun/servlet/solicitudot?gx-no-cache=1648119913691 HTTP/1.1" 200 1452
190.171.152.234 - - [24/Mar/2022:08:17:39 -0300] "POST /cormun/servlet/solicitudot?gx-no-cache=1648119913737 HTTP/1.1" 200 38
190.171.149.74 - - [24/Mar/2022:08:17:39 -0300] "GET /cormun/servlet/trlicencias? HTTP/1.1" 200 11432
190.171.149.74 - - [24/Mar/2022:08:17:40 -0300] "GET /cormun/servlet/trlicencias? HTTP/1.1" 200 11429
190.171.152.234 - - [24/Mar/2022:08:18:38 -0300] "GET /cormun/servlet/solicitudot?f90b2a9d5d83f2759219071d47c07bc5f45498161829f75c4bd92ac813582892cc04cabe04c976fb1c3f51a2b43d1f738a0d87f2527e069bbdb148e5190ad84029420dc043efe5da59b82b4fa9889c9a22c255205d79239e4f36e9f51b018a058e2d221a5121b10d84be6b261db0515e,gx-no-cache=1648119973641 HTTP/1.1" 200 110
192.168.10.17 - - [24/Mar/2022:08:18:39 -0300] "GET /cormun/servlet/hlogin HTTP/1.1" 200 1734
192.168.10.17 - - [24/Mar/2022:08:18:46 -0300] "POST /cormun/servlet/hlogin?cbf15612cc3855139f9a9d0c4175793f,gx-no-cache=1648119817769 HTTP/1.1" 200 90
192.168.10.17 - - [24/Mar/2022:08:18:46 -0300] "GET /cormun/servlet/hpexe_link HTTP/1.1" 200 959
192.168.10.17 - - [24/Mar/2022:08:18:46 -0300] "GET /cormun/servlet/hhome HTTP/1.1" 200 3787
192.168.10.17 - - [24/Mar/2022:08:18:46 -0300] "GET /cormun/servlet/hhome HTTP/1.1" 200 3784
192.168.10.17 - - [24/Mar/2022:08:19:44 -0300] "GET /cormun/servlet/trsolicitudgral? HTTP/1.1" 200 27958
192.168.10.17 - - [24/Mar/2022:08:19:46 -0300] "GET /cormun/servlet/trsolicitudgral? HTTP/1.1" 200 27956
181.72.71.61 - - [24/Mar/2022:08:20:09 -0300] "GET /cormun/servlet/hlogin HTTP/1.1" 200 1731
181.72.71.61 - - [24/Mar/2022:08:20:09 -0300] "GET /cormun/static/gxtimezone.js?85251 HTTP/1.1" 200 5781
181.72.71.61 - - [24/Mar/2022:08:20:09 -0300] "GET /cormun/static/gxcfg.js?201910216285969 HTTP/1.1" 200 953
181.72.71.61 - - [24/Mar/2022:08:20:09 -0300] "GET /cormun/static/Resources/Spanish/PXTools.css?2294816 HTTP/1.1" 200 100853
181.72.71.61 - - [24/Mar/2022:08:20:09 -0300] "GET /cormun/static/gxgral.js?85251 HTTP/1.1" 200 384558
181.72.71.61 - - [24/Mar/2022:08:20:09 -0300] "GET /cormun/static/Resources/Logo2019_Grande.png HTTP/1.1" 200 31733
181.72.71.61 - - [24/Mar/2022:08:20:09 -0300] "GET /cormun/static/Resources/PXToolsLoginTop.png HTTP/1.1" 200 1337
181.72.71.61 - - [24/Mar/2022:08:20:09 -0300] "GET /cormun/static/Resources/PXToolsLoginBackground.png HTTP/1.1" 200 1164
181.72.71.61 - - [24/Mar/2022:08:20:09 -0300] "GET /cormun/static/hlogin.js?201910216285995 HTTP/1.1" 200 2136
181.72.71.61 - - [24/Mar/2022:08:20:09 -0300] "GET /cormun/static/messages.spa.js?85251 HTTP/1.1" 200 30736
181.72.71.61 - - [24/Mar/2022:08:20:10 -0300] "GET /cormun/static/Resources/PXToolsButtonRight.png HTTP/1.1" 200 1294
181.72.71.61 - - [24/Mar/2022:08:20:10 -0300] "GET /cormun/static/Resources/PXToolsButtonLeft.png HTTP/1.1" 200 1310
181.72.71.61 - - [24/Mar/2022:08:20:10 -0300] "GET /cormun/static/Resources/PXToolsLoginBottom.png HTTP/1.1" 200 1389
181.72.71.61 - - [24/Mar/2022:08:20:10 -0300] "GET /cormun/static/Resources/PXToolsButtonBackground.png HTTP/1.1" 200 1176
181.72.71.61 - - [24/Mar/2022:08:20:10 -0300] "GET /cormun/servlet/hlogin HTTP/1.1" 200 1740
181.72.71.61 - - [24/Mar/2022:08:20:10 -0300] "GET /cormun/static/Resources/indicator.gif HTTP/1.1" 200 1553
181.72.71.61 - - [24/Mar/2022:08:20:10 -0300] "GET /cormun/static/Resources/indicator.gif HTTP/1.1" 200 1553
190.171.152.234 - - [24/Mar/2022:08:20:11 -0300] "POST /cormun/servlet/solicitudot?gx-no-cache=1648120065708 HTTP/1.1" 200 83
181.72.71.61 - - [24/Mar/2022:08:20:11 -0300] "GET /favicon.ico HTTP/1.1" 200 21630
181.72.71.61 - - [24/Mar/2022:08:20:23 -0300] "POST /cormun/servlet/hlogin?dcffd34c0cf660e0d05088e4b88b6d30,gx-no-cache=1648120078547 HTTP/1.1" 200 90
181.72.71.61 - - [24/Mar/2022:08:20:23 -0300] "GET /cormun/servlet/hpexe_link HTTP/1.1" 200 956
181.72.71.61 - - [24/Mar/2022:08:20:24 -0300] "GET /cormun/static/gxcfg.js?201991422392958 HTTP/1.1" 200 953
181.72.71.61 - - [24/Mar/2022:08:20:24 -0300] "GET /cormun/static/hpexe_link.js?201991422392963 HTTP/1.1" 200 625
181.72.71.61 - - [24/Mar/2022:08:20:24 -0300] "GET /cormun/servlet/hhome HTTP/1.1" 200 4140
181.72.71.61 - - [24/Mar/2022:08:20:24 -0300] "GET /cormun/static/SmoothNavMenu/resources/ddsmoothmenu.css?1112540 HTTP/1.1" 200 2223
181.72.71.61 - - [24/Mar/2022:08:20:24 -0300] "GET /cormun/static/Resources/Spanish/PXTools.css?14345360 HTTP/1.1" 200 100853
181.72.71.61 - - [24/Mar/2022:08:20:24 -0300] "GET /cormun/static/SmoothNavMenu/resources/ddsmoothmenu-v.css?1112540 HTTP/1.1" 200 1188
181.72.71.61 - - [24/Mar/2022:08:20:24 -0300] "GET /cormun/static/gxcfg.js?20201215495537 HTTP/1.1" 200 953
181.72.71.61 - - [24/Mar/2022:08:20:24 -0300] "GET /cormun/static/PXToolsJavascripts/pexe_cookies.js HTTP/1.1" 200 792
181.72.71.61 - - [24/Mar/2022:08:20:24 -0300] "GET /cormun/static/PXToolsJavascripts/pexe_autoreload.js HTTP/1.1" 200 1762
181.72.71.61 - - [24/Mar/2022:08:20:24 -0300] "GET /cormun/static/PXToolsJavascripts/pexe_windows.js HTTP/1.1" 200 15207
181.72.71.61 - - [24/Mar/2022:08:20:24 -0300] "GET /cormun/static/PXToolsJavascripts/pexe_grid.js HTTP/1.1" 200 7559
181.72.71.61 - - [24/Mar/2022:08:20:24 -0300] "GET /cormun/static/PXToolsJavascripts/pexe_griddivfix.js HTTP/1.1" 200 6644
181.72.71.61 - - [24/Mar/2022:08:20:24 -0300] "GET /cormun/static/PXToolsJavascripts/pexe_link.js HTTP/1.1" 200 5671
181.72.71.61 - - [24/Mar/2022:08:20:24 -0300] "GET /cormun/static/PXToolsJavascripts/pexe_menudivfix.js HTTP/1.1" 200 333
181.72.71.61 - - [24/Mar/2022:08:20:24 -0300] "GET /cormun/static/PXToolsJavascripts/pexe_layers.js HTTP/1.1" 200 4114
181.72.71.61 - - [24/Mar/2022:08:20:24 -0300] "GET /cormun/static/PXToolsJavascripts/pexe_menus.js HTTP/1.1" 200 1286
181.72.71.61 - - [24/Mar/2022:08:20:24 -0300] "GET /cormun/static/PXToolsJavascripts/pexe_oav.js HTTP/1.1" 200 645
181.72.71.61 - - [24/Mar/2022:08:20:24 -0300] "GET /cormun/static/PXToolsJavascripts/pexe_oavdivfix.js HTTP/1.1" 200 639
181.72.71.61 - - [24/Mar/2022:08:20:24 -0300] "GET /cormun/static/PXToolsJavascripts/pexe_picture.js HTTP/1.1" 200 689
181.72.71.61 - - [24/Mar/2022:08:20:24 -0300] "GET /cormun/static/PXToolsJavascripts/pexe_tabdivfix.js HTTP/1.1" 200 876
181.72.71.61 - - [24/Mar/2022:08:20:24 -0300] "GET /cormun/static/PXToolsJavascripts/pexe_popup.js HTTP/1.1" 200 13458
181.72.71.61 - - [24/Mar/2022:08:20:24 -0300] "GET /cormun/static/PXToolsJavascripts/pexe_scrolldiv.js HTTP/1.1" 200 4138
181.72.71.61 - - [24/Mar/2022:08:20:24 -0300] "GET /cormun/static/PXToolsJavascripts/pexe_tabs.js HTTP/1.1" 200 3748
181.72.71.61 - - [24/Mar/2022:08:20:25 -0300] "GET /cormun/static/PXToolsJavascripts/pexe_upload.js HTTP/1.1" 200 1423
181.72.71.61 - - [24/Mar/2022:08:20:25 -0300] "GET /cormun/static/PXToolsJavascripts/PXToolsJavascriptsRender.js HTTP/1.1" 200 367
181.72.71.61 - - [24/Mar/2022:08:20:25 -0300] "GET /cormun/static/Resources/Logo2019_Small.png HTTP/1.1" 200 10855
181.72.71.61 - - [24/Mar/2022:08:20:25 -0300] "GET /cormun/static/RunJS/RunJS.js HTTP/1.1" 200 288
181.72.71.61 - - [24/Mar/2022:08:20:25 -0300] "GET /cormun/static/hhome.js?20201215495544 HTTP/1.1" 200 777
181.72.71.61 - - [24/Mar/2022:08:20:25 -0300] "GET /cormun/static/Shared/ext/locale/ext-lang-en.js HTTP/1.1" 200 10940
181.72.71.61 - - [24/Mar/2022:08:20:25 -0300] "GET /cormun/static/gxui/gxui-all.js HTTP/1.1" 200 107772
181.72.71.61 - - [24/Mar/2022:08:20:25 -0300] "GET /cormun/static/hwchdr01.js?20201214473739 HTTP/1.1" 200 996
181.72.71.61 - - [24/Mar/2022:08:20:25 -0300] "GET /cormun/static/hpexe_recentlink.js?20201214471090 HTTP/1.1" 200 2144
181.72.71.61 - - [24/Mar/2022:08:20:25 -0300] "GET /cormun/static/hpexe_scripts.js?20201214471411 HTTP/1.1" 200 1544
181.72.71.61 - - [24/Mar/2022:08:20:25 -0300] "GET /cormun/static/Resources/PXToolsDataTitle.png HTTP/1.1" 200 1173
181.72.71.61 - - [24/Mar/2022:08:20:25 -0300] "GET /cormun/static/Resources/ImgHome.png HTTP/1.1" 200 1364
181.72.71.61 - - [24/Mar/2022:08:20:25 -0300] "GET /cormun/static/Resources/ImgLogin.png HTTP/1.1" 200 1432
181.72.71.61 - - [24/Mar/2022:08:20:25 -0300] "GET /cormun/static/Resources/Llave.png HTTP/1.1" 200 1395
181.72.71.61 - - [24/Mar/2022:08:20:25 -0300] "GET /cormun/static/hpexe_messagecontroller.js?201991422154126 HTTP/1.1" 200 870
181.72.71.61 - - [24/Mar/2022:08:20:25 -0300] "GET /cormun/static/cmcontrolpreferences.js?20199141926336 HTTP/1.1" 200 1375
181.72.71.61 - - [24/Mar/2022:08:20:25 -0300] "GET /cormun/static/hpexe_messagegenexuscomponent.js?2020121447173 HTTP/1.1" 200 587
181.72.71.61 - - [24/Mar/2022:08:20:25 -0300] "GET /cormun/static/hpexe_messagepopupcomponent.js?2020121447232 HTTP/1.1" 200 605
181.72.71.61 - - [24/Mar/2022:08:20:25 -0300] "GET /cormun/static/Shared/ext/ext-all.js HTTP/1.1" 200 1289687
181.72.71.61 - - [24/Mar/2022:08:20:25 -0300] "GET /cormun/static/Shared/jquery/jquery-1.4.2.min.js HTTP/1.1" 200 72174
181.72.71.61 - - [24/Mar/2022:08:20:25 -0300] "GET /cormun/static/SmoothNavMenu/resources/ddsmoothmenu.js HTTP/1.1" 200 12712
181.72.71.61 - - [24/Mar/2022:08:20:26 -0300] "GET /cormun/static/Shared/jqueryui/jquery-ui.min.js HTTP/1.1" 200 240427
181.72.71.61 - - [24/Mar/2022:08:20:26 -0300] "GET /cormun/static/Shared/jquery/jquery-1.10.2.min.js HTTP/1.1" 200 273199
181.72.71.61 - - [24/Mar/2022:08:20:26 -0300] "GET /cormun/static/SmoothNavMenu/resources/SmoothNavMenuRender.js HTTP/1.1" 200 5951
181.72.71.61 - - [24/Mar/2022:08:20:26 -0300] "GET /cormun/static/scaMessage/scaMessageRender.js HTTP/1.1" 200 11977
181.72.71.61 - - [24/Mar/2022:08:20:26 -0300] "GET /cormun/static/scaMessage/js/jquery.pnotify.min.js HTTP/1.1" 200 13038
181.72.71.61 - - [24/Mar/2022:08:20:26 -0300] "GET /cormun/static/hmpwkw03.js?20201215501896 HTTP/1.1" 200 3973
181.72.71.61 - - [24/Mar/2022:08:20:27 -0300] "GET /cormun/servlet/hhome HTTP/1.1" 200 4136
181.72.71.61 - - [24/Mar/2022:08:20:27 -0300] "GET /cormun/static/SmoothNavMenu/resources/images/down.gif HTTP/1.1" 200 854
181.72.71.61 - - [24/Mar/2022:08:20:27 -0300] "GET /cormun/static/SmoothNavMenu/resources/images/right.gif HTTP/1.1" 200 860
190.171.152.234 - - [24/Mar/2022:08:20:27 -0300] "GET /cormun/servlet/solicitudot?f90b2a9d5d83f2759219071d47c07bc5c733e4bdab49a60dc447df27d3dccc665b9621481865fc8f1bbf6e0cdeab8fa42fa50f5316e7da9b0575e9d7bb7970c8b785e405292c09b41040076d6c680b6f559fca5ec96755b30998fedc1f23d2a3c4746e3e4925508ec8687acec9f4609d,gx-no-cache=1648120082345 HTTP/1.1" 200 29
190.171.152.234 - - [24/Mar/2022:08:20:27 -0300] "GET /cormun/static/menuarrow.gif HTTP/1.1" 404 1015
181.72.71.61 - - [24/Mar/2022:08:20:31 -0300] "GET /cormun/servlet/trsolicitudot? HTTP/1.1" 200 7359
181.72.71.61 - - [24/Mar/2022:08:20:31 -0300] "GET /cormun/static/gxui/gxui-all.css?110300 HTTP/1.1" 200 2179
181.72.71.61 - - [24/Mar/2022:08:20:31 -0300] "GET /cormun/static/calendar-system.css?75620 HTTP/1.1" 200 5572
181.72.71.61 - - [24/Mar/2022:08:20:31 -0300] "GET /cormun/static/gxcfg.js?201991910464971 HTTP/1.1" 200 953
181.72.71.61 - - [24/Mar/2022:08:20:31 -0300] "GET /cormun/static/calendar.js?85251 HTTP/1.1" 200 26246
181.72.71.61 - - [24/Mar/2022:08:20:31 -0300] "GET /cormun/static/calendar-setup.js?85251 HTTP/1.1" 200 2588
181.72.71.61 - - [24/Mar/2022:08:20:31 -0300] "GET /cormun/static/calendar-es.js?85251 HTTP/1.1" 200 1901
181.72.71.61 - - [24/Mar/2022:08:20:31 -0300] "GET /cormun/static/Shared/ext/resources/css/ext-all.css?205870 HTTP/1.1" 200 416045
181.72.71.61 - - [24/Mar/2022:08:20:31 -0300] "GET /cormun/static/gxdec.js?85251 HTTP/1.1" 200 19579
181.72.71.61 - - [24/Mar/2022:08:20:32 -0300] "GET /cormun/static/trsolicitudot.js?201991910465845 HTTP/1.1" 200 54041
181.72.71.61 - - [24/Mar/2022:08:20:32 -0300] "GET /cormun/static/Resources/PXTools/calendar.png HTTP/1.1" 200 1306
190.171.152.234 - - [24/Mar/2022:08:20:32 -0300] "GET /cormun/servlet/solicitudot?f90b2a9d5d83f2759219071d47c07bc590ac93d8bf599873a66e8d7c1c199ac4ccbfdf785596d580f136f3b98291ca63,gx-no-cache=1648120087391 HTTP/1.1" 200 30
181.72.71.61 - - [24/Mar/2022:08:20:32 -0300] "GET /cormun/static/Resources/PXToolsGridNextDisabled.gif HTTP/1.1" 200 90
181.72.71.61 - - [24/Mar/2022:08:20:32 -0300] "GET /cormun/static/Resources/PXToolsDataSearch.png HTTP/1.1" 200 435
181.72.71.61 - - [24/Mar/2022:08:20:32 -0300] "GET /cormun/static/Resources/PXToolsGridPreviousDisabled.gif HTTP/1.1" 200 90
181.72.71.61 - - [24/Mar/2022:08:20:32 -0300] "GET /cormun/static/Resources/PXToolsGridFirstDisabled.gif HTTP/1.1" 200 100
181.72.71.61 - - [24/Mar/2022:08:20:32 -0300] "GET /cormun/static/Resources/PXToolsGridPage.gif HTTP/1.1" 200 725
181.72.71.61 - - [24/Mar/2022:08:20:32 -0300] "GET /cormun/static/Resources/PXToolsAddAllAction.png HTTP/1.1" 200 495
181.72.71.61 - - [24/Mar/2022:08:20:32 -0300] "GET /cormun/static/Resources/PXToolsActionExcel.png HTTP/1.1" 200 727
181.72.71.61 - - [24/Mar/2022:08:20:32 -0300] "GET /cormun/static/Resources/PXToolsGridLastDisabled.gif HTTP/1.1" 200 98
181.72.71.61 - - [24/Mar/2022:08:20:33 -0300] "GET /cormun/static/Resources/asc.gif HTTP/1.1" 200 67
181.72.71.61 - - [24/Mar/2022:08:20:33 -0300] "GET /cormun/static/Resources/desc.gif HTTP/1.1" 200 65
181.72.71.61 - - [24/Mar/2022:08:20:33 -0300] "GET /cormun/servlet/trsolicitudot? HTTP/1.1" 200 7358
181.72.71.61 - - [24/Mar/2022:08:20:33 -0300] "GET /cormun/static/Shared/ext/resources/themes/images/default/tools/tool-sprites.gif HTTP/1.1" 200 5434
181.72.71.61 - - [24/Mar/2022:08:20:33 -0300] "GET /cormun/static/Shared/ext/resources/themes/images/default/panel/bg-headersPanel.png HTTP/1.1" 200 255
181.72.71.61 - - [24/Mar/2022:08:20:37 -0300] "POST /cormun/servlet/trsolicitudot?dcffd34c0cf660e0d05088e4b88b6d30,,gx-no-cache=1648120092105 HTTP/1.1" 200 4638
181.72.71.61 - - [24/Mar/2022:08:20:44 -0300] "POST /cormun/servlet/trsolicitudot?dcffd34c0cf660e0d05088e4b88b6d30,,gx-no-cache=1648120099354 HTTP/1.1" 200 12207
181.72.71.61 - - [24/Mar/2022:08:20:44 -0300] "GET /cormun//static/Resources/PXToolsActionView.png HTTP/1.1" 200 398
181.72.71.61 - - [24/Mar/2022:08:20:44 -0300] "GET /cormun//static/Resources/PXToolsGridDelete.png HTTP/1.1" 200 538
181.72.71.61 - - [24/Mar/2022:08:20:44 -0300] "GET /cormun//static/Resources/PXToolsGridUpdate.png HTTP/1.1" 200 470
181.72.71.61 - - [24/Mar/2022:08:20:44 -0300] "GET /cormun//static/Resources/PXTools/ActionInsert.png HTTP/1.1" 200 1482
181.72.71.61 - - [24/Mar/2022:08:20:45 -0300] "GET /cormun//static/Resources/PXToolsRemoveAllAction.png HTTP/1.1" 200 487
190.171.152.234 - - [24/Mar/2022:08:20:46 -0300] "POST /cormun/servlet/solicitudot?gx-no-cache=1648120100833 HTTP/1.1" 200 30
190.171.152.234 - - [24/Mar/2022:08:20:46 -0300] "POST /cormun/servlet/solicitudot?5cdfd4de3d395d6e1bdde009968956fe,INS,0,0,false,,gx-no-cache=1648120100855 HTTP/1.1" 200 93
190.171.152.234 - - [24/Mar/2022:08:20:46 -0300] "GET /cormun/servlet/hpexe_return? HTTP/1.1" 200 1007
190.171.152.234 - - [24/Mar/2022:08:20:46 -0300] "GET /cormun/servlet/trsolicitudot HTTP/1.1" 200 9322
190.171.152.234 - - [24/Mar/2022:08:20:46 -0300] "GET /cormun/servlet/trsolicitudot HTTP/1.1" 200 9318
190.171.142.10 - - [24/Mar/2022:08:21:00 -0300] "-" 400 -
190.171.152.234 - - [24/Mar/2022:08:21:04 -0300] "POST /cormun/servlet/trsolicitudot?5cdfd4de3d395d6e1bdde009968956fe,gx-no-cache=1648120118945 HTTP/1.1" 200 106
190.171.152.234 - - [24/Mar/2022:08:21:04 -0300] "GET /cormun/servlet/trsolicitudadjuntos?2022,18281, HTTP/1.1" 200 6363
190.171.152.234 - - [24/Mar/2022:08:21:04 -0300] "GET /cormun/servlet/trsolicitudadjuntos?2022,18281, HTTP/1.1" 200 6363
190.171.152.234 - - [24/Mar/2022:08:21:06 -0300] "GET /cormun/servlet/solicitudotadjuntos?INS,2022,18281,,1, HTTP/1.1" 200 6310
190.171.152.234 - - [24/Mar/2022:08:21:07 -0300] "GET /cormun/static/about:blank HTTP/1.1" 404 1011
190.171.152.234 - - [24/Mar/2022:08:21:07 -0300] "GET /cormun/servlet/solicitudotadjuntos?INS,2022,18281,,1, HTTP/1.1" 200 6303
190.171.152.234 - - [24/Mar/2022:08:21:07 -0300] "GET /cormun/servlet/solicitudotadjuntos?f90b2a9d5d83f2759219071d47c07bc587deec9a7790f8b2e75d59961c3fd19d6f18378f980a0b7115b72817ff52e266,gx-no-cache=1648120122311 HTTP/1.1" 200 30
190.171.152.234 - - [24/Mar/2022:08:21:07 -0300] "POST /cormun/servlet/solicitudotadjuntos?5cdfd4de3d395d6e1bdde009968956fe,INS,2022,18281,,1,,gx-no-cache=1648120122338 HTTP/1.1" 200 4159
190.171.152.234 - - [24/Mar/2022:08:21:13 -0300] "POST /cormun/servlet/solicitudotadjuntos?gx-no-cache=1648120128473 HTTP/1.1" 200 26
181.72.71.61 - - [24/Mar/2022:08:21:18 -0300] "GET /cormun/servlet/trlicencias? HTTP/1.1" 200 12962
181.72.71.61 - - [24/Mar/2022:08:21:18 -0300] "GET /cormun/static/gxui/gxui-all.css?120300 HTTP/1.1" 200 2179
181.72.71.61 - - [24/Mar/2022:08:21:18 -0300] "GET /cormun/static/calendar-system.css?85620 HTTP/1.1" 200 5572
181.72.71.61 - - [24/Mar/2022:08:21:18 -0300] "GET /cormun/static/gxcfg.js?2020121613995 HTTP/1.1" 200 953
181.72.71.61 - - [24/Mar/2022:08:21:18 -0300] "GET /cormun/static/trlicencias.js?202012162481 HTTP/1.1" 200 41883
181.72.71.61 - - [24/Mar/2022:08:21:18 -0300] "GET /cormun/static/Shared/ext/resources/css/ext-all.css?215870 HTTP/1.1" 200 416045
181.72.71.61 - - [24/Mar/2022:08:21:19 -0300] "GET /cormun//static/Resources/PXToolsActionDisabled.gif HTTP/1.1" 200 53
181.72.71.61 - - [24/Mar/2022:08:21:19 -0300] "GET /cormun//static/Resources/PXToolsActionPrint.png HTTP/1.1" 200 404
181.72.71.61 - - [24/Mar/2022:08:21:19 -0300] "GET /cormun//static/Resources/PXToolsGridDisplay.png HTTP/1.1" 200 525
181.72.71.61 - - [24/Mar/2022:08:21:19 -0300] "GET /cormun//static/Resources/PXToolsHeaderFavorites.png HTTP/1.1" 200 1414
181.72.71.61 - - [24/Mar/2022:08:21:19 -0300] "GET /cormun//static/Resources/PXToolsHeaderHelp.png HTTP/1.1" 200 1333
181.72.71.61 - - [24/Mar/2022:08:21:19 -0300] "GET /cormun/servlet/trlicencias? HTTP/1.1" 200 12960
190.171.149.74 - - [24/Mar/2022:08:21:20 -0300] "GET /cormun/servlet/trpermisosgoce? HTTP/1.1" 200 10720
190.171.149.74 - - [24/Mar/2022:08:21:20 -0300] "GET /cormun/static/gxcfg.js?2020121631564 HTTP/1.1" 200 953
190.171.149.74 - - [24/Mar/2022:08:21:20 -0300] "GET /cormun/static/trpermisosgoce.js?2020121633681 HTTP/1.1" 200 35904
190.171.149.74 - - [24/Mar/2022:08:21:20 -0300] "GET /cormun//static/Resources/PXToolsGridUpdate.png HTTP/1.1" 200 470
190.171.149.74 - - [24/Mar/2022:08:21:20 -0300] "GET /cormun//static/Resources/PXToolsGridDelete.png HTTP/1.1" 200 538
190.171.149.74 - - [24/Mar/2022:08:21:21 -0300] "GET /cormun/servlet/trpermisosgoce? HTTP/1.1" 200 10735
190.171.152.234 - - [24/Mar/2022:08:21:22 -0300] "GET /cormun/servlet/solicitudotadjuntos?f90b2a9d5d83f2759219071d47c07bc5c0b2a5bb84ec26407dd1d2c2c27cb2eb,gx-no-cache=1648120137296 HTTP/1.1" 200 30
190.171.152.234 - - [24/Mar/2022:08:21:22 -0300] "GET /cormun/servlet/solicitudotadjuntos?f90b2a9d5d83f2759219071d47c07bc5c0b2a5bb84ec26407dd1d2c2c27cb2eb,gx-no-cache=1648120137313 HTTP/1.1" 200 30
181.72.71.61 - - [24/Mar/2022:08:21:22 -0300] "POST /cormun/servlet/trlicencias?dcffd34c0cf660e0d05088e4b88b6d30,,gx-no-cache=1648120137380 HTTP/1.1" 200 10873
190.171.152.234 - - [24/Mar/2022:08:21:22 -0300] "POST /cormun/servlet/solicitudotadjuntos?5cdfd4de3d395d6e1bdde009968956fe,INS,2022,18281,,1, HTTP/1.1" 200 116
190.171.152.234 - - [24/Mar/2022:08:21:22 -0300] "GET /cormun/servlet/hpexe_return? HTTP/1.1" 200 1026
190.171.152.234 - - [24/Mar/2022:08:21:23 -0300] "GET /cormun/servlet/trsolicitudadjuntos?2022,18281, HTTP/1.1" 200 9121
190.171.152.234 - - [24/Mar/2022:08:21:23 -0300] "GET /cormun/servlet/trsolicitudadjuntos?2022,18281, HTTP/1.1" 200 9119
190.171.152.234 - - [24/Mar/2022:08:21:25 -0300] "GET /cormun/servlet/solicitudotadjuntos?INS,2022,18281,,1, HTTP/1.1" 200 6310
190.171.152.234 - - [24/Mar/2022:08:21:25 -0300] "GET /cormun/static/about:blank HTTP/1.1" 404 1011
190.171.152.234 - - [24/Mar/2022:08:21:25 -0300] "GET /cormun/servlet/solicitudotadjuntos?INS,2022,18281,,1, HTTP/1.1" 200 6303
190.171.152.234 - - [24/Mar/2022:08:21:26 -0300] "GET /cormun/servlet/solicitudotadjuntos?f90b2a9d5d83f2759219071d47c07bc587deec9a7790f8b2e75d59961c3fd19d6f18378f980a0b7115b72817ff52e266,gx-no-cache=1648120140818 HTTP/1.1" 200 30
190.171.152.234 - - [24/Mar/2022:08:21:26 -0300] "POST /cormun/servlet/solicitudotadjuntos?5cdfd4de3d395d6e1bdde009968956fe,INS,2022,18281,,1,,gx-no-cache=1648120140834 HTTP/1.1" 200 4160
190.171.152.234 - - [24/Mar/2022:08:21:28 -0300] "POST /cormun/servlet/solicitudotadjuntos?gx-no-cache=1648120143008 HTTP/1.1" 200 26
181.72.71.61 - - [24/Mar/2022:08:21:32 -0300] "GET /cormun/servlet/trsolicitudot? HTTP/1.1" 200 14753
181.72.71.61 - - [24/Mar/2022:08:21:34 -0300] "GET /cormun/servlet/trsolicitudot? HTTP/1.1" 200 14753
190.171.152.234 - - [24/Mar/2022:08:21:37 -0300] "GET /cormun/servlet/solicitudotadjuntos?f90b2a9d5d83f2759219071d47c07bc5c0b2a5bb84ec26407dd1d2c2c27cb2eb,gx-no-cache=1648120152423 HTTP/1.1" 200 30
190.171.152.234 - - [24/Mar/2022:08:21:37 -0300] "GET /cormun/servlet/solicitudotadjuntos?f90b2a9d5d83f2759219071d47c07bc5c0b2a5bb84ec26407dd1d2c2c27cb2eb,gx-no-cache=1648120152435 HTTP/1.1" 200 30
190.171.152.234 - - [24/Mar/2022:08:21:37 -0300] "POST /cormun/servlet/solicitudotadjuntos?5cdfd4de3d395d6e1bdde009968956fe,INS,2022,18281,,1, HTTP/1.1" 200 116
190.171.152.234 - - [24/Mar/2022:08:21:37 -0300] "GET /cormun/servlet/hpexe_return? HTTP/1.1" 200 1026
190.171.152.234 - - [24/Mar/2022:08:21:38 -0300] "GET /cormun/servlet/trsolicitudadjuntos?2022,18281, HTTP/1.1" 200 9338
190.171.152.234 - - [24/Mar/2022:08:21:38 -0300] "GET /cormun/servlet/trsolicitudadjuntos?2022,18281, HTTP/1.1" 200 9337
190.171.152.234 - - [24/Mar/2022:08:21:40 -0300] "GET /cormun/servlet/solicitudotadjuntos?INS,2022,18281,,1, HTTP/1.1" 200 6310
190.171.152.234 - - [24/Mar/2022:08:21:40 -0300] "GET /cormun/static/about:blank HTTP/1.1" 404 1011
190.171.152.234 - - [24/Mar/2022:08:21:40 -0300] "GET /cormun/servlet/solicitudotadjuntos?INS,2022,18281,,1, HTTP/1.1" 200 6303
190.171.152.234 - - [24/Mar/2022:08:21:41 -0300] "GET /cormun/servlet/solicitudotadjuntos?f90b2a9d5d83f2759219071d47c07bc587deec9a7790f8b2e75d59961c3fd19d6f18378f980a0b7115b72817ff52e266,gx-no-cache=1648120155870 HTTP/1.1" 200 30
190.171.152.234 - - [24/Mar/2022:08:21:41 -0300] "POST /cormun/servlet/solicitudotadjuntos?5cdfd4de3d395d6e1bdde009968956fe,INS,2022,18281,,1,,gx-no-cache=1648120155887 HTTP/1.1" 200 4160
190.171.142.10 - - [24/Mar/2022:08:21:41 -0300] "-" 400 -
190.171.142.10 - - [24/Mar/2022:08:21:41 -0300] "GET /cormun/servlet/hlogin HTTP/1.1" 200 1728
190.171.142.10 - - [24/Mar/2022:08:21:42 -0300] "üc]–¤ÈAÿSQ‰ŒÈØ;3Ž~§5N„ê,|= C|G›,ւ"Ò1±L‚ ½Õä 1_dԄ“nŐ úų̩́À+À/À,À0ÀÀœ/5“ŠŠservicios.cormun.clÿ" 400 -
181.72.71.61 - - [24/Mar/2022:08:21:42 -0300] "GET /cormun/static/menuarrow.gif HTTP/1.1" 404 1015
190.171.142.10 - - [24/Mar/2022:08:21:43 -0300] "GET /cormun/servlet/hlogin HTTP/1.1" 200 1739
190.171.152.234 - - [24/Mar/2022:08:21:44 -0300] "POST /cormun/servlet/solicitudotadjuntos?gx-no-cache=1648120159568 HTTP/1.1" 200 26
190.171.142.10 - - [24/Mar/2022:08:21:49 -0300] "POST /cormun/servlet/hlogin?d88eb149e1996cc7f80bae44f99c4b00,gx-no-cache=1648120163910 HTTP/1.1" 200 90
190.171.142.10 - - [24/Mar/2022:08:21:49 -0300] "GET /cormun/servlet/hpexe_link HTTP/1.1" 200 957
190.171.142.10 - - [24/Mar/2022:08:21:50 -0300] "GET /cormun/servlet/hhome HTTP/1.1" 200 3973
190.171.142.10 - - [24/Mar/2022:08:21:52 -0300] "GET /cormun/servlet/hhome HTTP/1.1" 200 3969
190.171.152.234 - - [24/Mar/2022:08:21:52 -0300] "GET /cormun/servlet/solicitudotadjuntos?f90b2a9d5d83f2759219071d47c07bc5c0b2a5bb84ec26407dd1d2c2c27cb2eb,gx-no-cache=1648120167496 HTTP/1.1" 200 30
190.171.152.234 - - [24/Mar/2022:08:21:52 -0300] "GET /cormun/servlet/solicitudotadjuntos?f90b2a9d5d83f2759219071d47c07bc5c0b2a5bb84ec26407dd1d2c2c27cb2eb,gx-no-cache=1648120167514 HTTP/1.1" 200 30
181.72.71.61 - - [24/Mar/2022:08:21:53 -0300] "POST /cormun/servlet/trsolicitudot?dcffd34c0cf660e0d05088e4b88b6d30,,gx-no-cache=1648120167669 HTTP/1.1" 200 7087
190.171.152.234 - - [24/Mar/2022:08:21:53 -0300] "POST /cormun/servlet/solicitudotadjuntos?5cdfd4de3d395d6e1bdde009968956fe,INS,2022,18281,,1, HTTP/1.1" 200 116
190.171.152.234 - - [24/Mar/2022:08:21:53 -0300] "GET /cormun/servlet/hpexe_return? HTTP/1.1" 200 1026
190.171.152.234 - - [24/Mar/2022:08:21:53 -0300] "GET /cormun/servlet/trsolicitudadjuntos?2022,18281, HTTP/1.1" 200 9550
190.171.152.234 - - [24/Mar/2022:08:21:54 -0300] "GET /cormun/servlet/trsolicitudadjuntos?2022,18281, HTTP/1.1" 200 9548
190.171.152.234 - - [24/Mar/2022:08:21:56 -0300] "GET /cormun/servlet/solicitudotadjuntos?INS,2022,18281,,1, HTTP/1.1" 200 6310
190.171.152.234 - - [24/Mar/2022:08:21:56 -0300] "GET /cormun/static/about:blank HTTP/1.1" 404 1011
190.171.152.234 - - [24/Mar/2022:08:21:56 -0300] "GET /cormun/servlet/solicitudotadjuntos?INS,2022,18281,,1, HTTP/1.1" 200 6303
190.171.152.234 - - [24/Mar/2022:08:21:57 -0300] "GET /cormun/servlet/solicitudotadjuntos?f90b2a9d5d83f2759219071d47c07bc587deec9a7790f8b2e75d59961c3fd19d6f18378f980a0b7115b72817ff52e266,gx-no-cache=1648120171804 HTTP/1.1" 200 30
190.171.152.234 - - [24/Mar/2022:08:21:57 -0300] "POST /cormun/servlet/solicitudotadjuntos?5cdfd4de3d395d6e1bdde009968956fe,INS,2022,18281,,1,,gx-no-cache=1648120171871 HTTP/1.1" 200 4160
190.171.142.10 - - [24/Mar/2022:08:22:01 -0300] "GET /cormun/servlet/trlicencias? HTTP/1.1" 200 12919
190.171.152.234 - - [24/Mar/2022:08:22:01 -0300] "POST /cormun/servlet/solicitudotadjuntos?gx-no-cache=1648120176248 HTTP/1.1" 200 26
190.171.142.10 - - [24/Mar/2022:08:22:01 -0300] "üWé°3ú2eâGØq`k’bR öYú¾½yê[éÜ®< ÉD|´&°!› åò á¨Ÿ°ªM&mkÓ®g>‚à”Ôv zz̨̩À+À/À,À0ÀÀœ/5“ªªservicios.cormun.clÿ" 505 -
190.171.142.10 - - [24/Mar/2022:08:22:02 -0300] "GET /cormun/servlet/trlicencias? HTTP/1.1" 200 12916
190.171.142.10 - - [24/Mar/2022:08:22:06 -0300] "POST /cormun/servlet/trlicencias?d88eb149e1996cc7f80bae44f99c4b00,,gx-no-cache=1648120180688 HTTP/1.1" 200 10653
190.171.152.234 - - [24/Mar/2022:08:22:06 -0300] "GET /cormun/servlet/solicitudotadjuntos?f90b2a9d5d83f2759219071d47c07bc5c0b2a5bb84ec26407dd1d2c2c27cb2eb,gx-no-cache=1648120181240 HTTP/1.1" 200 30
190.171.152.234 - - [24/Mar/2022:08:22:06 -0300] "GET /cormun/servlet/solicitudotadjuntos?f90b2a9d5d83f2759219071d47c07bc5c0b2a5bb84ec26407dd1d2c2c27cb2eb,gx-no-cache=1648120181252 HTTP/1.1" 200 30
190.171.152.234 - - [24/Mar/2022:08:22:06 -0300] "POST /cormun/servlet/solicitudotadjuntos?5cdfd4de3d395d6e1bdde009968956fe,INS,2022,18281,,1, HTTP/1.1" 200 116
190.171.152.234 - - [24/Mar/2022:08:22:06 -0300] "GET /cormun/servlet/hpexe_return? HTTP/1.1" 200 1026
190.171.152.234 - - [24/Mar/2022:08:22:07 -0300] "GET /cormun/servlet/trsolicitudadjuntos?2022,18281, HTTP/1.1" 200 9748
190.171.152.234 - - [24/Mar/2022:08:22:07 -0300] "GET /cormun/servlet/trsolicitudadjuntos?2022,18281, HTTP/1.1" 200 9748
190.171.152.234 - - [24/Mar/2022:08:22:09 -0300] "GET /cormun/servlet/solicitudotadjuntos?INS,2022,18281,,1, HTTP/1.1" 200 6310
190.171.152.234 - - [24/Mar/2022:08:22:09 -0300] "GET /cormun/static/about:blank HTTP/1.1" 404 1011
190.171.152.234 - - [24/Mar/2022:08:22:10 -0300] "GET /cormun/servlet/solicitudotadjuntos?INS,2022,18281,,1, HTTP/1.1" 200 6303
190.171.152.234 - - [24/Mar/2022:08:22:10 -0300] "GET /cormun/servlet/solicitudotadjuntos?f90b2a9d5d83f2759219071d47c07bc587deec9a7790f8b2e75d59961c3fd19d6f18378f980a0b7115b72817ff52e266,gx-no-cache=1648120185093 HTTP/1.1" 200 30
190.171.152.234 - - [24/Mar/2022:08:22:10 -0300] "POST /cormun/servlet/solicitudotadjuntos?5cdfd4de3d395d6e1bdde009968956fe,INS,2022,18281,,1,,gx-no-cache=1648120185109 HTTP/1.1" 200 4160
181.72.71.61 - - [24/Mar/2022:08:22:15 -0300] "POST /cormun/servlet/trsolicitudot?dcffd34c0cf660e0d05088e4b88b6d30,,gx-no-cache=1648120190122 HTTP/1.1" 200 7064
190.171.152.234 - - [24/Mar/2022:08:22:16 -0300] "POST /cormun/servlet/solicitudotadjuntos?gx-no-cache=1648120190890 HTTP/1.1" 200 26
190.171.152.234 - - [24/Mar/2022:08:22:23 -0300] "GET /cormun/servlet/solicitudotadjuntos?f90b2a9d5d83f2759219071d47c07bc5c0b2a5bb84ec26407dd1d2c2c27cb2eb,gx-no-cache=1648120198008 HTTP/1.1" 200 30
190.171.152.234 - - [24/Mar/2022:08:22:23 -0300] "GET /cormun/servlet/solicitudotadjuntos?f90b2a9d5d83f2759219071d47c07bc5c0b2a5bb84ec26407dd1d2c2c27cb2eb,gx-no-cache=1648120198024 HTTP/1.1" 200 30
190.171.152.234 - - [24/Mar/2022:08:22:23 -0300] "POST /cormun/servlet/solicitudotadjuntos?5cdfd4de3d395d6e1bdde009968956fe,INS,2022,18281,,1, HTTP/1.1" 200 116
190.171.152.234 - - [24/Mar/2022:08:22:23 -0300] "GET /cormun/servlet/hpexe_return? HTTP/1.1" 200 1026
190.171.152.234 - - [24/Mar/2022:08:22:24 -0300] "GET /cormun/servlet/trsolicitudadjuntos?2022,18281, HTTP/1.1" 200 10032
190.171.152.234 - - [24/Mar/2022:08:22:24 -0300] "GET /cormun/servlet/trsolicitudadjuntos?2022,18281, HTTP/1.1" 200 10031
190.171.152.234 - - [24/Mar/2022:08:22:26 -0300] "GET /cormun/servlet/solicitudotadjuntos?INS,2022,18281,,1, HTTP/1.1" 200 6310
190.171.152.234 - - [24/Mar/2022:08:22:26 -0300] "GET /cormun/static/about:blank HTTP/1.1" 404 1011
190.171.152.234 - - [24/Mar/2022:08:22:26 -0300] "GET /cormun/servlet/solicitudotadjuntos?INS,2022,18281,,1, HTTP/1.1" 200 6303
190.171.152.234 - - [24/Mar/2022:08:22:26 -0300] "GET /cormun/servlet/solicitudotadjuntos?f90b2a9d5d83f2759219071d47c07bc587deec9a7790f8b2e75d59961c3fd19d6f18378f980a0b7115b72817ff52e266,gx-no-cache=1648120201552 HTTP/1.1" 200 30
190.171.152.234 - - [24/Mar/2022:08:22:26 -0300] "POST /cormun/servlet/solicitudotadjuntos?5cdfd4de3d395d6e1bdde009968956fe,INS,2022,18281,,1,,gx-no-cache=1648120201569 HTTP/1.1" 200 4160
190.171.152.234 - - [24/Mar/2022:08:22:30 -0300] "POST /cormun/servlet/solicitudotadjuntos?gx-no-cache=1648120204736 HTTP/1.1" 200 26
181.72.71.61 - - [24/Mar/2022:08:22:32 -0300] "POST /cormun/servlet/trsolicitudot?dcffd34c0cf660e0d05088e4b88b6d30,,gx-no-cache=1648120207245 HTTP/1.1" 200 7065
190.171.152.234 - - [24/Mar/2022:08:22:34 -0300] "GET /cormun/servlet/solicitudotadjuntos?f90b2a9d5d83f2759219071d47c07bc5c0b2a5bb84ec26407dd1d2c2c27cb2eb,gx-no-cache=1648120209095 HTTP/1.1" 200 30
190.171.152.234 - - [24/Mar/2022:08:22:34 -0300] "GET /cormun/servlet/solicitudotadjuntos?f90b2a9d5d83f2759219071d47c07bc5c0b2a5bb84ec26407dd1d2c2c27cb2eb,gx-no-cache=1648120209107 HTTP/1.1" 200 30
190.171.152.234 - - [24/Mar/2022:08:22:34 -0300] "POST /cormun/servlet/solicitudotadjuntos?5cdfd4de3d395d6e1bdde009968956fe,INS,2022,18281,,1, HTTP/1.1" 200 116
190.171.152.234 - - [24/Mar/2022:08:22:34 -0300] "GET /cormun/servlet/hpexe_return? HTTP/1.1" 200 1026
190.171.152.234 - - [24/Mar/2022:08:22:35 -0300] "GET /cormun/servlet/trsolicitudadjuntos?2022,18281, HTTP/1.1" 200 10179
190.171.152.234 - - [24/Mar/2022:08:22:35 -0300] "GET /cormun/servlet/trsolicitudadjuntos?2022,18281, HTTP/1.1" 200 10173
181.72.71.61 - - [24/Mar/2022:08:22:37 -0300] "GET /cormun/servlet/vesolicitudot?2021,17834,, HTTP/1.1" 200 8501
181.72.71.61 - - [24/Mar/2022:08:22:38 -0300] "GET /cormun/static/gxcfg.js?201991422423914 HTTP/1.1" 200 953
181.72.71.61 - - [24/Mar/2022:08:22:38 -0300] "GET /cormun/pexe_scrolldiv.js HTTP/1.1" 404 1009
181.72.71.61 - - [24/Mar/2022:08:22:38 -0300] "GET /cormun/static/vesolicitudot.js?201991422423984 HTTP/1.1" 200 6091
181.72.71.61 - - [24/Mar/2022:08:22:38 -0300] "GET /cormun/static/hwcviewtabs.js?201991422154026 HTTP/1.1" 200 1074
181.72.71.61 - - [24/Mar/2022:08:22:38 -0300] "GET /cormun/static/hpexe_tabsview.js?2020121447381 HTTP/1.1" 200 1661
181.72.71.61 - - [24/Mar/2022:08:22:38 -0300] "GET /cormun/static/Resources/PXToolsTabLastUnselected.png HTTP/1.1" 200 1297
181.72.71.61 - - [24/Mar/2022:08:22:38 -0300] "GET /cormun/static/Resources/PXToolsTabPrevious.gif HTTP/1.1" 200 172
181.72.71.61 - - [24/Mar/2022:08:22:38 -0300] "GET /cormun/static/Resources/PXToolsTabFirstSelected.png HTTP/1.1" 200 1270
181.72.71.61 - - [24/Mar/2022:08:22:38 -0300] "GET /cormun/static/Resources/PXToolsTabNext.gif HTTP/1.1" 200 168
181.72.71.61 - - [24/Mar/2022:08:22:38 -0300] "GET /cormun/static/tbsolicitudot01.js?20201214462316 HTTP/1.1" 200 30566
181.72.71.61 - - [24/Mar/2022:08:22:39 -0300] "GET /cormun/static/calendar-system.css HTTP/1.1" 200 5572
181.72.71.61 - - [24/Mar/2022:08:22:39 -0300] "GET /cormun/static/Resources/PXToolsTabBackSelected.png HTTP/1.1" 200 1157
181.72.71.61 - - [24/Mar/2022:08:22:39 -0300] "GET /cormun/static/Resources/PXToolsTabBackUnselected.png HTTP/1.1" 200 1175
181.72.71.61 - - [24/Mar/2022:08:22:39 -0300] "GET /cormun/static/Resources/PXToolsTabUnselectedUnselected.png HTTP/1.1" 200 1470
181.72.71.61 - - [24/Mar/2022:08:22:39 -0300] "GET /cormun/static/Resources/PXToolsTabSelectedUnselected.png HTTP/1.1" 200 1451
181.72.71.61 - - [24/Mar/2022:08:22:39 -0300] "GET /cormun/servlet/vesolicitudot?2021,17834,, HTTP/1.1" 200 8501
190.171.152.234 - - [24/Mar/2022:08:22:40 -0300] "GET /cormun/servlet/trsolicitudot? HTTP/1.1" 200 9325
190.171.152.234 - - [24/Mar/2022:08:22:41 -0300] "GET /cormun/servlet/trsolicitudot? HTTP/1.1" 200 9318
190.171.152.234 - - [24/Mar/2022:08:22:48 -0300] "POST /cormun/servlet/trsolicitudot?5cdfd4de3d395d6e1bdde009968956fe,,gx-no-cache=1648120223632 HTTP/1.1" 200 106
190.171.152.234 - - [24/Mar/2022:08:22:49 -0300] "GET /cormun/servlet/trsolicitudadjuntos?2022,18281, HTTP/1.1" 200 10174
190.171.152.234 - - [24/Mar/2022:08:22:50 -0300] "GET /cormun/servlet/trsolicitudadjuntos?2022,18281, HTTP/1.1" 200 10178
190.171.152.234 - - [24/Mar/2022:08:22:53 -0300] "GET /cormun/servlet/trsolicitudot? HTTP/1.1" 200 9325
190.171.152.234 - - [24/Mar/2022:08:22:53 -0300] "GET /cormun/servlet/trsolicitudot? HTTP/1.1" 200 9318
190.171.152.234 - - [24/Mar/2022:08:23:01 -0300] "POST /cormun/servlet/trsolicitudot?5cdfd4de3d395d6e1bdde009968956fe,,gx-no-cache=1648120235780 HTTP/1.1" 200 6085
190.171.152.234 - - [24/Mar/2022:08:23:01 -0300] "GET /cormun/static/Shared/jqueryui/images/ui-icons_82798d_256x240.png HTTP/1.1" 404 1089
190.171.152.234 - - [24/Mar/2022:08:23:01 -0300] "GET /cormun/static/Shared/jqueryui/images/ui-bg_highlight-soft_100_c6c2c8_1x100.png HTTP/1.1" 404 1117
190.171.152.234 - - [24/Mar/2022:08:23:01 -0300] "GET /cormun/static/Shared/jqueryui/images/ui-bg_flat_55_fafafa_40x100.png HTTP/1.1" 404 1097
190.171.152.234 - - [24/Mar/2022:08:23:01 -0300] "GET /cormun/static/Shared/jqueryui/images/ui-icons_8d78a5_256x240.png HTTP/1.1" 404 1089
190.171.152.234 - - [24/Mar/2022:08:23:01 -0300] "POST /cormun/servlet/trsolicitudot?5cdfd4de3d395d6e1bdde009968956fe,,gx-no-cache=1648120235958 HTTP/1.1" 200 6030
190.171.152.234 - - [24/Mar/2022:08:23:05 -0300] "GET /cormun/servlet/trautorizarsolicitud? HTTP/1.1" 200 8775
190.171.152.234 - - [24/Mar/2022:08:23:05 -0300] "GET /cormun/servlet/trautorizarsolicitud? HTTP/1.1" 200 8775
190.171.152.234 - - [24/Mar/2022:08:23:18 -0300] "POST /cormun/servlet/trautorizarsolicitud?5cdfd4de3d395d6e1bdde009968956fe,,gx-no-cache=1648120252849 HTTP/1.1" 200 4798
190.171.152.234 - - [24/Mar/2022:08:23:18 -0300] "GET /cormun/static/Shared/jqueryui/images/ui-icons_82798d_256x240.png HTTP/1.1" 404 1089
190.171.152.234 - - [24/Mar/2022:08:23:18 -0300] "GET /cormun/static/Shared/jqueryui/images/ui-bg_highlight-soft_100_c6c2c8_1x100.png HTTP/1.1" 404 1117
190.171.152.234 - - [24/Mar/2022:08:23:18 -0300] "GET /cormun/static/Shared/jqueryui/images/ui-bg_flat_55_fafafa_40x100.png HTTP/1.1" 404 1097
190.171.152.234 - - [24/Mar/2022:08:23:18 -0300] "GET /cormun/static/Shared/jqueryui/images/ui-icons_8d78a5_256x240.png HTTP/1.1" 404 1089
190.171.152.234 - - [24/Mar/2022:08:23:18 -0300] "POST /cormun/servlet/trautorizarsolicitud?5cdfd4de3d395d6e1bdde009968956fe,,gx-no-cache=1648120253000 HTTP/1.1" 200 4554
190.171.152.234 - - [24/Mar/2022:08:23:21 -0300] "GET /cormun/servlet/trsolicitudot? HTTP/1.1" 200 8881
190.171.152.234 - - [24/Mar/2022:08:23:21 -0300] "GET /cormun/servlet/trsolicitudot? HTTP/1.1" 200 8880
190.171.142.10 - - [24/Mar/2022:08:23:36 -0300] "GET /cormun/servlet/trlicencias? HTTP/1.1" 200 12916
190.171.142.10 - - [24/Mar/2022:08:23:39 -0300] "GET /cormun/servlet/trlicencias? HTTP/1.1" 200 12916
190.171.142.10 - - [24/Mar/2022:08:23:44 -0300] "GET /cormun/servlet/licenciaspermisos?INS,0,,, HTTP/1.1" 200 7593
190.171.142.10 - - [24/Mar/2022:08:23:45 -0300] "GET /cormun/servlet/licenciaspermisos?INS,0,,, HTTP/1.1" 200 7600
190.171.142.10 - - [24/Mar/2022:08:25:04 -0300] "GET /cormun/servlet/licenciaspermisos?2e16b963c30836bfb9116f2329746a3ea1c05831b6ce42385bc0e4adaaf8dd520f20d757c9ec66c4ea4767aba17c66b4613552078a73eada137fe4cc97e21cd7,gx-no-cache=1648120358819 HTTP/1.1" 200 95
190.171.142.10 - - [24/Mar/2022:08:25:04 -0300] "POST /cormun/servlet/licenciaspermisos?d88eb149e1996cc7f80bae44f99c4b00,INS,0,,,,gx-no-cache=1648120358902 HTTP/1.1" 200 4840
181.72.71.61 - - [24/Mar/2022:08:25:08 -0300] "GET /cormun/servlet/trsolicitudot? HTTP/1.1" 200 9781
181.72.71.61 - - [24/Mar/2022:08:25:10 -0300] "GET /cormun/servlet/trsolicitudot? HTTP/1.1" 200 9781
190.171.142.10 - - [24/Mar/2022:08:25:46 -0300] "GET /cormun/static/menuarrow.gif HTTP/1.1" 404 1015
181.72.71.61 - - [24/Mar/2022:08:25:49 -0300] "GET /cormun/servlet/trsolicitudot? HTTP/1.1" 200 9781
181.72.71.61 - - [24/Mar/2022:08:25:51 -0300] "GET /cormun/servlet/trsolicitudot? HTTP/1.1" 200 9781
181.72.71.61 - - [24/Mar/2022:08:25:55 -0300] "GET /cormun/static/menuarrow.gif HTTP/1.1" 404 1015
181.72.71.61 - - [24/Mar/2022:08:26:00 -0300] "POST /cormun/servlet/trsolicitudot?dcffd34c0cf660e0d05088e4b88b6d30,,gx-no-cache=1648120415561 HTTP/1.1" 200 4649
181.72.71.61 - - [24/Mar/2022:08:26:08 -0300] "POST /cormun/servlet/trsolicitudot?dcffd34c0cf660e0d05088e4b88b6d30,,gx-no-cache=1648120423458 HTTP/1.1" 200 12208
181.72.71.61 - - [24/Mar/2022:08:26:21 -0300] "GET /cormun/servlet/vesolicitudot?2022,18253,, HTTP/1.1" 200 8486
181.72.71.61 - - [24/Mar/2022:08:26:21 -0300] "GET /cormun/pexe_scrolldiv.js HTTP/1.1" 404 1009
181.72.71.61 - - [24/Mar/2022:08:26:22 -0300] "GET /cormun/servlet/vesolicitudot?2022,18253,, HTTP/1.1" 200 8486
181.72.71.61 - - [24/Mar/2022:08:28:39 -0300] "GET /cormun/servlet/trlicencias? HTTP/1.1" 200 12971
181.72.71.61 - - [24/Mar/2022:08:28:41 -0300] "GET /cormun/servlet/trlicencias? HTTP/1.1" 200 12959
190.171.152.234 - - [24/Mar/2022:08:28:42 -0300] "POST /cormun/servlet/trsolicitudot?5cdfd4de3d395d6e1bdde009968956fe,,gx-no-cache=1648120576756 HTTP/1.1" 200 112
190.171.152.234 - - [24/Mar/2022:08:28:42 -0300] "GET /cormun/servlet/solicitudot?UPD,2022,18276,false, HTTP/1.1" 200 16486
190.171.152.234 - - [24/Mar/2022:08:28:42 -0300] "GET /cormun/servlet/solicitudot?UPD,2022,18276,false, HTTP/1.1" 200 16499
190.171.152.234 - - [24/Mar/2022:08:28:43 -0300] "POST /cormun/servlet/solicitudot?gx-no-cache=1648120577775 HTTP/1.1" 200 3919
181.72.71.61 - - [24/Mar/2022:08:28:43 -0300] "POST /cormun/servlet/trlicencias?dcffd34c0cf660e0d05088e4b88b6d30,,gx-no-cache=1648120577835 HTTP/1.1" 200 10879
190.171.152.234 - - [24/Mar/2022:08:28:43 -0300] "POST /cormun/servlet/solicitudot?5cdfd4de3d395d6e1bdde009968956fe,UPD,2022,18276,false,,gx-no-cache=1648120577907 HTTP/1.1" 200 12770
190.171.152.234 - - [24/Mar/2022:08:28:43 -0300] "GET /cormun/servlet/solicitudot?f90b2a9d5d83f2759219071d47c07bc5a18fa5950a98ac341f2f64df4efb58762c36c90a1bfdb0f9a812e099fcc3d54a,gx-no-cache=1648120578064 HTTP/1.1" 200 30
190.171.152.234 - - [24/Mar/2022:08:28:43 -0300] "GET /cormun/servlet/solicitudot?f90b2a9d5d83f2759219071d47c07bc574886c2c0010e5c99264c3de2f2e04919b16c0b0638bd5175cd04dac9ef1c4012c36c90a1bfdb0f9a812e099fcc3d54a,gx-no-cache=1648120578086 HTTP/1.1" 200 30
190.171.152.234 - - [24/Mar/2022:08:28:43 -0300] "GET /cormun/servlet/solicitudot?f90b2a9d5d83f2759219071d47c07bc53082aa773762be294197f48273a4f34492aab52b89c2d4db221eeda8c055426a1304c8bff0b7d02251c924304500a92b,gx-no-cache=1648120578103 HTTP/1.1" 200 53
190.171.152.234 - - [24/Mar/2022:08:28:43 -0300] "POST /cormun/servlet/solicitudot?gx-no-cache=1648120578179 HTTP/1.1" 200 257
190.171.152.234 - - [24/Mar/2022:08:28:43 -0300] "GET /cormun/servlet/solicitudot?f90b2a9d5d83f2759219071d47c07bc542f6bd81dd0eb7d3d74192b425e21023eef911950f7114a876831dab9020e2759dea108332b068d1284198d7f63a16a161088300d5aba4a4a5503632274e356f02f462a5f8f6911a2d7ab2acade2835c5efa8e351fe3f559281b68119ffbc3f8a65a6a44ed974e1f599e4b9c899c6efc36c94835ca2ed1c75752fb1a81978818e70b52eebda79f2f6d40fe73f6608ad65983f1ae06c68e8a21684a47710daea870425ab3bcb6d03dc43088fea5199e9d5f56968c1122b49148c17e78eadd0cc2f4b5d7421450582bcd2fcc0756e47efd07afef533ed0d55368d9b7c8203b262f2700d3d9ee8b75aca8a3d14ed8fa028e03c91820ea2345faa7824063d3740c02f17d3e1eed259e6e4d83e1c650f1dba25f8b2d1ab1ff872f846742c934bc185fd1cc3fbfab709159cfe326574dae4114bb47c5033bce7196546c1cbbd233a50f03b776338591f613946e81fa99a32b58e3b388551811d25df9d4e17a796acc1e5d5cc960f7a5dadec44826befa1895e0,gx-no-cache=1648120578204 HTTP/1.1" 200 30
190.171.152.234 - - [24/Mar/2022:08:28:43 -0300] "POST /cormun/servlet/solicitudot?gx-no-cache=1648120578222 HTTP/1.1" 200 30
190.171.152.234 - - [24/Mar/2022:08:28:43 -0300] "POST /cormun/servlet/solicitudot?gx-no-cache=1648120578248 HTTP/1.1" 200 1453
190.171.152.234 - - [24/Mar/2022:08:28:43 -0300] "POST /cormun/servlet/solicitudot?gx-no-cache=1648120578306 HTTP/1.1" 200 41
190.171.152.234 - - [24/Mar/2022:08:28:55 -0300] "POST /cormun/servlet/solicitudot?gx-no-cache=1648120589849 HTTP/1.1" 200 256
