190.171.149.74 - - [24/Mar/2022:09:55:32 -0300] "GET /cormun/servlet/solicitudot?a371d68ef0db73a52cfe73dc6aa65eee0679dd555fe5e767ebe100f6db776981ae8470e7ec6bb80da7f292ff495aa9950013fe0dbad29eff49af0948c1168cc2cbb2c81a26433e70c62ba1daf21cdd1752e281c86c2f1ac1d9496eba72d4c7da18a966a24f51e73a021c596679b7172c,gx-no-cache=1648129505445 HTTP/1.1" 200 29
190.171.149.74 - - [24/Mar/2022:09:55:32 -0300] "GET /cormun/servlet/solicitudot?a371d68ef0db73a52cfe73dc6aa65eeeac3df9c28d0d41a832228ae6169d243eb6d3a78cbac0d5bfdb206319f1f0edf6,gx-no-cache=1648129505464 HTTP/1.1" 200 30
192.168.10.17 - - [24/Mar/2022:09:56:04 -0300] "GET /cormun/servlet/vesolicitudgral?2022,18072,, HTTP/1.1" 200 8342
192.168.10.17 - - [24/Mar/2022:09:56:04 -0300] "GET /cormun/pexe_scrolldiv.js HTTP/1.1" 404 1009
192.168.10.17 - - [24/Mar/2022:09:56:04 -0300] "GET /cormun/servlet/vesolicitudgral?2022,18072,, HTTP/1.1" 200 8342
192.168.10.17 - - [24/Mar/2022:09:57:01 -0300] "POST /cormun/servlet/vesolicitudgral?ef197607038a248bf179503ca988fd5e,2022,18072,,,gx-no-cache=1648125712326 HTTP/1.1" 200 12065
192.168.10.17 - - [24/Mar/2022:09:57:01 -0300] "POST /cormun/servlet/vesolicitudgral?ef197607038a248bf179503ca988fd5e,2022,18072,,,gx-no-cache=1648125712529 HTTP/1.1" 200 11999
192.168.10.17 - - [24/Mar/2022:09:57:02 -0300] "GET /cormun/servlet/trsolicitudgral? HTTP/1.1" 200 14231
192.168.10.17 - - [24/Mar/2022:09:57:03 -0300] "GET /cormun/servlet/trsolicitudgral? HTTP/1.1" 200 14226
192.168.10.17 - - [24/Mar/2022:09:57:16 -0300] "GET /cormun/servlet/vesolicitudgral?2022,18021,, HTTP/1.1" 200 8366
192.168.10.17 - - [24/Mar/2022:09:57:16 -0300] "GET /cormun/pexe_scrolldiv.js HTTP/1.1" 404 1009
192.168.10.17 - - [24/Mar/2022:09:57:16 -0300] "GET /cormun/servlet/vesolicitudgral?2022,18021,, HTTP/1.1" 200 8366
192.168.10.17 - - [24/Mar/2022:09:57:51 -0300] "POST /cormun/servlet/vesolicitudgral?ef197607038a248bf179503ca988fd5e,2022,18021,,,gx-no-cache=1648125762535 HTTP/1.1" 200 12094
192.168.10.17 - - [24/Mar/2022:09:57:51 -0300] "POST /cormun/servlet/vesolicitudgral?ef197607038a248bf179503ca988fd5e,2022,18021,,,gx-no-cache=1648125762719 HTTP/1.1" 200 12027
192.168.10.17 - - [24/Mar/2022:09:58:03 -0300] "GET /cormun/servlet/trsolicitudgral? HTTP/1.1" 200 13756
192.168.10.17 - - [24/Mar/2022:09:58:04 -0300] "GET /cormun/servlet/trsolicitudgral? HTTP/1.1" 200 13751
190.171.152.234 - - [24/Mar/2022:09:58:12 -0300] "POST /cormun/servlet/solicitudot?gx-no-cache=1648125947269 HTTP/1.1" 200 30
190.171.152.234 - - [24/Mar/2022:09:58:12 -0300] "POST /cormun/servlet/solicitudot?5cdfd4de3d395d6e1bdde009968956fe,INS,0,0,false,,gx-no-cache=1648125947308 HTTP/1.1" 200 93
190.171.152.234 - - [24/Mar/2022:09:58:12 -0300] "GET /cormun/servlet/hpexe_return? HTTP/1.1" 200 1007
190.171.152.234 - - [24/Mar/2022:09:58:13 -0300] "GET /cormun/servlet/trsolicitudot HTTP/1.1" 200 9332
190.171.152.234 - - [24/Mar/2022:09:58:13 -0300] "GET /cormun/servlet/trsolicitudot HTTP/1.1" 200 9328
192.168.10.17 - - [24/Mar/2022:09:58:14 -0300] "POST /cormun/servlet/trsolicitudgral?ef197607038a248bf179503ca988fd5e,,gx-no-cache=1648125785713 HTTP/1.1" 200 7423
190.171.152.234 - - [24/Mar/2022:09:58:25 -0300] "POST /cormun/servlet/trsolicitudot?5cdfd4de3d395d6e1bdde009968956fe,gx-no-cache=1648125960383 HTTP/1.1" 200 107
190.171.152.234 - - [24/Mar/2022:09:58:25 -0300] "GET /cormun/servlet/trsolicitudadjuntos?2022,18285, HTTP/1.1" 200 6363
190.171.152.234 - - [24/Mar/2022:09:58:26 -0300] "GET /cormun/servlet/trsolicitudadjuntos?2022,18285, HTTP/1.1" 200 6362
192.168.10.17 - - [24/Mar/2022:09:58:26 -0300] "POST /cormun/servlet/trsolicitudgral?ef197607038a248bf179503ca988fd5e,,gx-no-cache=1648125797544 HTTP/1.1" 200 5262
190.171.152.234 - - [24/Mar/2022:09:58:28 -0300] "GET /cormun/servlet/solicitudotadjuntos?INS,2022,18285,,1, HTTP/1.1" 200 6309
190.171.152.234 - - [24/Mar/2022:09:58:28 -0300] "GET /cormun/static/about:blank HTTP/1.1" 404 1011
190.171.152.234 - - [24/Mar/2022:09:58:28 -0300] "GET /cormun/servlet/solicitudotadjuntos?INS,2022,18285,,1, HTTP/1.1" 200 6302
190.171.152.234 - - [24/Mar/2022:09:58:28 -0300] "GET /cormun/servlet/solicitudotadjuntos?f90b2a9d5d83f2759219071d47c07bc590d1d86e4ce33f52e712971630e9f82569b3dba106d20c2c244aec09c67ad40f,gx-no-cache=1648125963419 HTTP/1.1" 200 30
190.171.152.234 - - [24/Mar/2022:09:58:28 -0300] "POST /cormun/servlet/solicitudotadjuntos?5cdfd4de3d395d6e1bdde009968956fe,INS,2022,18285,,1,,gx-no-cache=1648125963456 HTTP/1.1" 200 4195
190.171.152.234 - - [24/Mar/2022:09:58:30 -0300] "POST /cormun/servlet/solicitudotadjuntos?gx-no-cache=1648125965484 HTTP/1.1" 200 26
192.168.10.17 - - [24/Mar/2022:09:58:40 -0300] "POST /cormun/servlet/trsolicitudgral?ef197607038a248bf179503ca988fd5e,,gx-no-cache=1648125812240 HTTP/1.1" 200 10561
190.171.152.234 - - [24/Mar/2022:09:58:43 -0300] "GET /cormun/servlet/solicitudotadjuntos?f90b2a9d5d83f2759219071d47c07bc5c0b2a5bb84ec26407dd1d2c2c27cb2eb,gx-no-cache=1648125978564 HTTP/1.1" 200 30
190.171.152.234 - - [24/Mar/2022:09:58:43 -0300] "GET /cormun/servlet/solicitudotadjuntos?f90b2a9d5d83f2759219071d47c07bc5c0b2a5bb84ec26407dd1d2c2c27cb2eb,gx-no-cache=1648125978578 HTTP/1.1" 200 30
190.171.152.234 - - [24/Mar/2022:09:58:44 -0300] "POST /cormun/servlet/solicitudotadjuntos?5cdfd4de3d395d6e1bdde009968956fe,INS,2022,18285,,1, HTTP/1.1" 200 116
190.171.152.234 - - [24/Mar/2022:09:58:44 -0300] "GET /cormun/servlet/hpexe_return? HTTP/1.1" 200 1026
190.171.152.234 - - [24/Mar/2022:09:58:44 -0300] "GET /cormun/servlet/trsolicitudadjuntos?2022,18285, HTTP/1.1" 200 9121
190.171.152.234 - - [24/Mar/2022:09:58:44 -0300] "GET /cormun/servlet/trsolicitudadjuntos?2022,18285, HTTP/1.1" 200 9118
190.171.152.234 - - [24/Mar/2022:09:58:46 -0300] "GET /cormun/servlet/solicitudotadjuntos?INS,2022,18285,,1, HTTP/1.1" 200 6309
190.171.152.234 - - [24/Mar/2022:09:58:46 -0300] "GET /cormun/static/about:blank HTTP/1.1" 404 1011
190.171.152.234 - - [24/Mar/2022:09:58:46 -0300] "GET /cormun/servlet/solicitudotadjuntos?INS,2022,18285,,1, HTTP/1.1" 200 6302
190.171.152.234 - - [24/Mar/2022:09:58:47 -0300] "GET /cormun/servlet/solicitudotadjuntos?f90b2a9d5d83f2759219071d47c07bc590d1d86e4ce33f52e712971630e9f82569b3dba106d20c2c244aec09c67ad40f,gx-no-cache=1648125981748 HTTP/1.1" 200 30
190.171.152.234 - - [24/Mar/2022:09:58:47 -0300] "POST /cormun/servlet/solicitudotadjuntos?5cdfd4de3d395d6e1bdde009968956fe,INS,2022,18285,,1,,gx-no-cache=1648125981764 HTTP/1.1" 200 4195
190.171.152.234 - - [24/Mar/2022:09:58:49 -0300] "POST /cormun/servlet/solicitudotadjuntos?gx-no-cache=1648125984021 HTTP/1.1" 200 26
190.171.149.74 - - [24/Mar/2022:09:58:49 -0300] "GET /cormun/servlet/solicitudot?a371d68ef0db73a52cfe73dc6aa65eee466d769da414a6a6142c29bc1b02d1f044e5d57116e8fd773c347c5b4176e3942b244d72aa189c44bf7cb0110c2d3df129c66eefe7985291dee6a7a533f241e32ccc756e64c99ca2940248cb989ba162670ba10cfdb29575736de88358f79396,gx-no-cache=1648129702763 HTTP/1.1" 200 110
192.168.10.17 - - [24/Mar/2022:09:58:53 -0300] "GET /cormun/servlet/vesolicitudgral?2022,18017,, HTTP/1.1" 200 8338
192.168.10.17 - - [24/Mar/2022:09:58:53 -0300] "GET /cormun/pexe_scrolldiv.js HTTP/1.1" 404 1009
192.168.10.17 - - [24/Mar/2022:09:58:53 -0300] "GET /cormun/servlet/vesolicitudgral?2022,18017,, HTTP/1.1" 200 8335
190.171.152.234 - - [24/Mar/2022:09:58:55 -0300] "GET /cormun/servlet/solicitudotadjuntos?f90b2a9d5d83f2759219071d47c07bc5c0b2a5bb84ec26407dd1d2c2c27cb2eb,gx-no-cache=1648125990244 HTTP/1.1" 200 30
190.171.152.234 - - [24/Mar/2022:09:58:55 -0300] "GET /cormun/servlet/solicitudotadjuntos?f90b2a9d5d83f2759219071d47c07bc5c0b2a5bb84ec26407dd1d2c2c27cb2eb,gx-no-cache=1648125990256 HTTP/1.1" 200 30
190.171.152.234 - - [24/Mar/2022:09:58:55 -0300] "POST /cormun/servlet/solicitudotadjuntos?5cdfd4de3d395d6e1bdde009968956fe,INS,2022,18285,,1, HTTP/1.1" 200 116
190.171.152.234 - - [24/Mar/2022:09:58:55 -0300] "GET /cormun/servlet/hpexe_return? HTTP/1.1" 200 1026
190.171.152.234 - - [24/Mar/2022:09:58:56 -0300] "GET /cormun/servlet/trsolicitudadjuntos?2022,18285, HTTP/1.1" 200 9341
190.171.152.234 - - [24/Mar/2022:09:58:56 -0300] "GET /cormun/servlet/trsolicitudadjuntos?2022,18285, HTTP/1.1" 200 9338
190.171.152.234 - - [24/Mar/2022:09:58:58 -0300] "GET /cormun/servlet/solicitudotadjuntos?INS,2022,18285,,1, HTTP/1.1" 200 6309
190.171.152.234 - - [24/Mar/2022:09:58:58 -0300] "GET /cormun/static/about:blank HTTP/1.1" 404 1011
190.171.152.234 - - [24/Mar/2022:09:58:59 -0300] "GET /cormun/servlet/solicitudotadjuntos?INS,2022,18285,,1, HTTP/1.1" 200 6302
190.171.152.234 - - [24/Mar/2022:09:58:59 -0300] "GET /cormun/servlet/solicitudotadjuntos?f90b2a9d5d83f2759219071d47c07bc590d1d86e4ce33f52e712971630e9f82569b3dba106d20c2c244aec09c67ad40f,gx-no-cache=1648125994180 HTTP/1.1" 200 30
190.171.152.234 - - [24/Mar/2022:09:58:59 -0300] "POST /cormun/servlet/solicitudotadjuntos?5cdfd4de3d395d6e1bdde009968956fe,INS,2022,18285,,1,,gx-no-cache=1648125994198 HTTP/1.1" 200 4195
190.171.152.234 - - [24/Mar/2022:09:59:02 -0300] "POST /cormun/servlet/solicitudotadjuntos?gx-no-cache=1648125997182 HTTP/1.1" 200 26
190.171.149.74 - - [24/Mar/2022:09:59:07 -0300] "GET /cormun/static/menuarrow.gif HTTP/1.1" 404 1015
190.171.152.234 - - [24/Mar/2022:09:59:09 -0300] "GET /cormun/servlet/solicitudotadjuntos?f90b2a9d5d83f2759219071d47c07bc5c0b2a5bb84ec26407dd1d2c2c27cb2eb,gx-no-cache=1648126003908 HTTP/1.1" 200 30
190.171.152.234 - - [24/Mar/2022:09:59:09 -0300] "GET /cormun/servlet/solicitudotadjuntos?f90b2a9d5d83f2759219071d47c07bc5c0b2a5bb84ec26407dd1d2c2c27cb2eb,gx-no-cache=1648126003922 HTTP/1.1" 200 30
190.171.152.234 - - [24/Mar/2022:09:59:09 -0300] "POST /cormun/servlet/solicitudotadjuntos?5cdfd4de3d395d6e1bdde009968956fe,INS,2022,18285,,1, HTTP/1.1" 200 116
190.171.152.234 - - [24/Mar/2022:09:59:09 -0300] "GET /cormun/servlet/hpexe_return? HTTP/1.1" 200 1026
190.171.152.234 - - [24/Mar/2022:09:59:09 -0300] "GET /cormun/servlet/trsolicitudadjuntos?2022,18285, HTTP/1.1" 200 9557
190.171.152.234 - - [24/Mar/2022:09:59:10 -0300] "GET /cormun/servlet/trsolicitudadjuntos?2022,18285, HTTP/1.1" 200 9555
190.171.152.234 - - [24/Mar/2022:09:59:12 -0300] "GET /cormun/servlet/solicitudotadjuntos?INS,2022,18285,,1, HTTP/1.1" 200 6308
190.171.152.234 - - [24/Mar/2022:09:59:12 -0300] "GET /cormun/servlet/solicitudotadjuntos?INS,2022,18285,,1, HTTP/1.1" 200 6302
190.171.152.234 - - [24/Mar/2022:09:59:12 -0300] "GET /cormun/static/about:blank HTTP/1.1" 404 1011
190.171.152.234 - - [24/Mar/2022:09:59:12 -0300] "GET /cormun/servlet/solicitudotadjuntos?f90b2a9d5d83f2759219071d47c07bc590d1d86e4ce33f52e712971630e9f82569b3dba106d20c2c244aec09c67ad40f,gx-no-cache=1648126007473 HTTP/1.1" 200 30
190.171.152.234 - - [24/Mar/2022:09:59:12 -0300] "POST /cormun/servlet/solicitudotadjuntos?5cdfd4de3d395d6e1bdde009968956fe,INS,2022,18285,,1,,gx-no-cache=1648126007490 HTTP/1.1" 200 4194
190.171.152.234 - - [24/Mar/2022:09:59:16 -0300] "POST /cormun/servlet/solicitudotadjuntos?gx-no-cache=1648126011246 HTTP/1.1" 200 26
190.171.152.234 - - [24/Mar/2022:09:59:23 -0300] "GET /cormun/servlet/solicitudotadjuntos?f90b2a9d5d83f2759219071d47c07bc5c0b2a5bb84ec26407dd1d2c2c27cb2eb,gx-no-cache=1648126017700 HTTP/1.1" 200 30
190.171.152.234 - - [24/Mar/2022:09:59:23 -0300] "GET /cormun/servlet/solicitudotadjuntos?f90b2a9d5d83f2759219071d47c07bc5c0b2a5bb84ec26407dd1d2c2c27cb2eb,gx-no-cache=1648126017713 HTTP/1.1" 200 30
190.171.152.234 - - [24/Mar/2022:09:59:23 -0300] "POST /cormun/servlet/solicitudotadjuntos?5cdfd4de3d395d6e1bdde009968956fe,INS,2022,18285,,1, HTTP/1.1" 200 116
190.171.152.234 - - [24/Mar/2022:09:59:23 -0300] "GET /cormun/servlet/hpexe_return? HTTP/1.1" 200 1026
190.171.152.234 - - [24/Mar/2022:09:59:23 -0300] "GET /cormun/servlet/trsolicitudadjuntos?2022,18285, HTTP/1.1" 200 9763
190.171.149.74 - - [24/Mar/2022:09:59:24 -0300] "GET /cormun/servlet/solicitudot?a371d68ef0db73a52cfe73dc6aa65eeeac3df9c28d0d41a832228ae6169d243ebe4753f04d8dda94a7fb96db903655b3,gx-no-cache=1648129736987 HTTP/1.1" 200 30
190.171.149.74 - - [24/Mar/2022:09:59:24 -0300] "POST /cormun/servlet/solicitudot?gx-no-cache=1648129737020 HTTP/1.1" 200 33
190.171.152.234 - - [24/Mar/2022:09:59:24 -0300] "GET /cormun/servlet/trsolicitudadjuntos?2022,18285, HTTP/1.1" 200 9760
190.171.152.234 - - [24/Mar/2022:09:59:26 -0300] "GET /cormun/servlet/solicitudotadjuntos?INS,2022,18285,,1, HTTP/1.1" 200 6308
190.171.152.234 - - [24/Mar/2022:09:59:26 -0300] "GET /cormun/servlet/solicitudotadjuntos?INS,2022,18285,,1, HTTP/1.1" 200 6302
190.171.152.234 - - [24/Mar/2022:09:59:26 -0300] "GET /cormun/static/about:blank HTTP/1.1" 404 1011
190.171.152.234 - - [24/Mar/2022:09:59:26 -0300] "GET /cormun/servlet/solicitudotadjuntos?f90b2a9d5d83f2759219071d47c07bc590d1d86e4ce33f52e712971630e9f82569b3dba106d20c2c244aec09c67ad40f,gx-no-cache=1648126021416 HTTP/1.1" 200 30
190.171.152.234 - - [24/Mar/2022:09:59:26 -0300] "POST /cormun/servlet/solicitudotadjuntos?5cdfd4de3d395d6e1bdde009968956fe,INS,2022,18285,,1,,gx-no-cache=1648126021434 HTTP/1.1" 200 4194
190.171.149.74 - - [24/Mar/2022:09:59:27 -0300] "POST /cormun/servlet/solicitudot?e93ed8a5e765bcf7b4a6efd2604877c3,INS,0,0,false,,gx-no-cache=1648129740617 HTTP/1.1" 200 93
190.171.149.74 - - [24/Mar/2022:09:59:27 -0300] "GET /cormun/servlet/hpexe_return? HTTP/1.1" 200 1013
190.171.149.74 - - [24/Mar/2022:09:59:28 -0300] "GET /cormun/servlet/trsolicitudot HTTP/1.1" 200 8664
190.171.149.74 - - [24/Mar/2022:09:59:28 -0300] "GET /cormun//static/Resources/PXToolsActionView.png HTTP/1.1" 200 398
190.171.149.74 - - [24/Mar/2022:09:59:28 -0300] "GET /cormun//static/Resources/PXToolsRemoveAllAction.png HTTP/1.1" 200 487
190.171.149.74 - - [24/Mar/2022:09:59:28 -0300] "GET /cormun/servlet/trsolicitudot HTTP/1.1" 200 8660
192.168.10.17 - - [24/Mar/2022:09:59:30 -0300] "POST /cormun/servlet/vesolicitudgral?ef197607038a248bf179503ca988fd5e,2022,18017,,,gx-no-cache=1648125861791 HTTP/1.1" 200 12060
192.168.10.17 - - [24/Mar/2022:09:59:30 -0300] "POST /cormun/servlet/vesolicitudgral?ef197607038a248bf179503ca988fd5e,2022,18017,,,gx-no-cache=1648125862051 HTTP/1.1" 200 11994
190.171.152.234 - - [24/Mar/2022:09:59:31 -0300] "POST /cormun/servlet/solicitudotadjuntos?gx-no-cache=1648126026166 HTTP/1.1" 200 26
190.171.152.234 - - [24/Mar/2022:09:59:37 -0300] "GET /cormun/servlet/solicitudotadjuntos?f90b2a9d5d83f2759219071d47c07bc5c0b2a5bb84ec26407dd1d2c2c27cb2eb,gx-no-cache=1648126032253 HTTP/1.1" 200 30
190.171.152.234 - - [24/Mar/2022:09:59:37 -0300] "GET /cormun/servlet/solicitudotadjuntos?f90b2a9d5d83f2759219071d47c07bc5c0b2a5bb84ec26407dd1d2c2c27cb2eb,gx-no-cache=1648126032266 HTTP/1.1" 200 30
190.171.152.234 - - [24/Mar/2022:09:59:38 -0300] "POST /cormun/servlet/solicitudotadjuntos?5cdfd4de3d395d6e1bdde009968956fe,INS,2022,18285,,1, HTTP/1.1" 200 116
190.171.152.234 - - [24/Mar/2022:09:59:38 -0300] "GET /cormun/servlet/hpexe_return? HTTP/1.1" 200 1026
190.171.152.234 - - [24/Mar/2022:09:59:38 -0300] "GET /cormun/servlet/trsolicitudadjuntos?2022,18285, HTTP/1.1" 200 10035
190.171.152.234 - - [24/Mar/2022:09:59:39 -0300] "GET /cormun/servlet/trsolicitudadjuntos?2022,18285, HTTP/1.1" 200 10032
192.168.10.17 - - [24/Mar/2022:09:59:39 -0300] "GET /cormun/servlet/trsolicitudgral? HTTP/1.1" 200 13239
192.168.10.17 - - [24/Mar/2022:09:59:39 -0300] "GET /cormun/servlet/trsolicitudgral? HTTP/1.1" 200 13235
190.171.152.234 - - [24/Mar/2022:09:59:41 -0300] "GET /cormun/servlet/solicitudotadjuntos?INS,2022,18285,,1, HTTP/1.1" 200 6308
190.171.152.234 - - [24/Mar/2022:09:59:41 -0300] "GET /cormun/static/about:blank HTTP/1.1" 404 1011
190.171.152.234 - - [24/Mar/2022:09:59:41 -0300] "GET /cormun/servlet/solicitudotadjuntos?INS,2022,18285,,1, HTTP/1.1" 200 6302
190.171.152.234 - - [24/Mar/2022:09:59:41 -0300] "GET /cormun/servlet/solicitudotadjuntos?f90b2a9d5d83f2759219071d47c07bc590d1d86e4ce33f52e712971630e9f82569b3dba106d20c2c244aec09c67ad40f,gx-no-cache=1648126036400 HTTP/1.1" 200 30
190.171.152.234 - - [24/Mar/2022:09:59:41 -0300] "POST /cormun/servlet/solicitudotadjuntos?5cdfd4de3d395d6e1bdde009968956fe,INS,2022,18285,,1,,gx-no-cache=1648126036477 HTTP/1.1" 200 4194
190.171.152.234 - - [24/Mar/2022:09:59:45 -0300] "POST /cormun/servlet/solicitudotadjuntos?gx-no-cache=1648126039982 HTTP/1.1" 200 26
190.171.152.234 - - [24/Mar/2022:09:59:51 -0300] "GET /cormun/servlet/solicitudotadjuntos?f90b2a9d5d83f2759219071d47c07bc5c0b2a5bb84ec26407dd1d2c2c27cb2eb,gx-no-cache=1648126046372 HTTP/1.1" 200 30
190.171.152.234 - - [24/Mar/2022:09:59:51 -0300] "GET /cormun/servlet/solicitudotadjuntos?f90b2a9d5d83f2759219071d47c07bc5c0b2a5bb84ec26407dd1d2c2c27cb2eb,gx-no-cache=1648126046384 HTTP/1.1" 200 30
190.171.152.234 - - [24/Mar/2022:09:59:51 -0300] "POST /cormun/servlet/solicitudotadjuntos?5cdfd4de3d395d6e1bdde009968956fe,INS,2022,18285,,1, HTTP/1.1" 200 116
190.171.152.234 - - [24/Mar/2022:09:59:51 -0300] "GET /cormun/servlet/hpexe_return? HTTP/1.1" 200 1026
190.171.152.234 - - [24/Mar/2022:09:59:52 -0300] "GET /cormun/servlet/trsolicitudadjuntos?2022,18285, HTTP/1.1" 200 10185
190.171.152.234 - - [24/Mar/2022:09:59:52 -0300] "GET /cormun/servlet/trsolicitudadjuntos?2022,18285, HTTP/1.1" 200 10183
192.168.10.17 - - [24/Mar/2022:09:59:55 -0300] "POST /cormun/servlet/trsolicitudgral?ef197607038a248bf179503ca988fd5e,,gx-no-cache=1648125886420 HTTP/1.1" 200 5262
190.171.152.234 - - [24/Mar/2022:09:59:57 -0300] "GET /cormun/servlet/trsolicitudot? HTTP/1.1" 200 9335
190.171.152.234 - - [24/Mar/2022:09:59:57 -0300] "GET /cormun/servlet/trsolicitudot? HTTP/1.1" 200 9328
192.168.10.17 - - [24/Mar/2022:10:00:01 -0300] "POST /cormun/servlet/trsolicitudgral?ef197607038a248bf179503ca988fd5e,,gx-no-cache=1648125893054 HTTP/1.1" 200 14446
190.171.152.234 - - [24/Mar/2022:10:00:10 -0300] "POST /cormun/servlet/trsolicitudot?5cdfd4de3d395d6e1bdde009968956fe,,gx-no-cache=1648126064870 HTTP/1.1" 200 6092
190.171.152.234 - - [24/Mar/2022:10:00:10 -0300] "GET /cormun/static/Shared/jqueryui/images/ui-bg_highlight-soft_100_c6c2c8_1x100.png HTTP/1.1" 404 1117
190.171.152.234 - - [24/Mar/2022:10:00:10 -0300] "GET /cormun/static/Shared/jqueryui/images/ui-icons_82798d_256x240.png HTTP/1.1" 404 1089
190.171.152.234 - - [24/Mar/2022:10:00:10 -0300] "GET /cormun/static/Shared/jqueryui/images/ui-bg_flat_55_fafafa_40x100.png HTTP/1.1" 404 1097
190.171.152.234 - - [24/Mar/2022:10:00:10 -0300] "GET /cormun/static/Shared/jqueryui/images/ui-icons_8d78a5_256x240.png HTTP/1.1" 404 1089
190.171.152.234 - - [24/Mar/2022:10:00:10 -0300] "POST /cormun/servlet/trsolicitudot?5cdfd4de3d395d6e1bdde009968956fe,,gx-no-cache=1648126065031 HTTP/1.1" 200 6036
192.168.10.17 - - [24/Mar/2022:10:00:15 -0300] "GET /cormun/servlet/vesolicitudgral?2022,17940,, HTTP/1.1" 200 8331
192.168.10.17 - - [24/Mar/2022:10:00:15 -0300] "GET /cormun/pexe_scrolldiv.js HTTP/1.1" 404 1009
192.168.10.17 - - [24/Mar/2022:10:00:15 -0300] "GET /cormun/servlet/vesolicitudgral?2022,17940,, HTTP/1.1" 200 8330
190.171.152.234 - - [24/Mar/2022:10:00:16 -0300] "GET /cormun/servlet/trautorizarsolicitud? HTTP/1.1" 200 10457
190.171.152.234 - - [24/Mar/2022:10:00:16 -0300] "GET /cormun/servlet/trautorizarsolicitud? HTTP/1.1" 200 10457
190.171.152.234 - - [24/Mar/2022:10:00:21 -0300] "POST /cormun/servlet/trautorizarsolicitud?5cdfd4de3d395d6e1bdde009968956fe,,gx-no-cache=1648126076190 HTTP/1.1" 200 7735
190.171.152.234 - - [24/Mar/2022:10:00:21 -0300] "GET /cormun/static/Shared/jqueryui/images/ui-icons_82798d_256x240.png HTTP/1.1" 404 1089
190.171.152.234 - - [24/Mar/2022:10:00:21 -0300] "GET /cormun/static/Shared/jqueryui/images/ui-bg_highlight-soft_100_c6c2c8_1x100.png HTTP/1.1" 404 1117
190.171.152.234 - - [24/Mar/2022:10:00:21 -0300] "GET /cormun/static/Shared/jqueryui/images/ui-icons_8d78a5_256x240.png HTTP/1.1" 404 1089
190.171.152.234 - - [24/Mar/2022:10:00:21 -0300] "GET /cormun/static/Shared/jqueryui/images/ui-bg_flat_55_fafafa_40x100.png HTTP/1.1" 404 1097
190.171.152.234 - - [24/Mar/2022:10:00:21 -0300] "POST /cormun/servlet/trautorizarsolicitud?5cdfd4de3d395d6e1bdde009968956fe,,gx-no-cache=1648126076446 HTTP/1.1" 200 7680
190.171.152.234 - - [24/Mar/2022:10:00:42 -0300] "GET /cormun/servlet/trsolicitudot? HTTP/1.1" 200 8883
190.171.152.234 - - [24/Mar/2022:10:00:43 -0300] "GET /cormun/servlet/trsolicitudot? HTTP/1.1" 200 8882
192.168.10.17 - - [24/Mar/2022:10:03:49 -0300] "GET /cormun/servlet/trsolicitudgral? HTTP/1.1" 200 17478
192.168.10.17 - - [24/Mar/2022:10:03:50 -0300] "GET /cormun/servlet/trsolicitudgral? HTTP/1.1" 200 17477
192.168.10.17 - - [24/Mar/2022:10:04:02 -0300] "GET /cormun/servlet/vesolicitudgral?2022,17924,, HTTP/1.1" 200 8328
192.168.10.17 - - [24/Mar/2022:10:04:02 -0300] "GET /cormun/pexe_scrolldiv.js HTTP/1.1" 404 1009
192.168.10.17 - - [24/Mar/2022:10:04:03 -0300] "GET /cormun/servlet/vesolicitudgral?2022,17924,, HTTP/1.1" 200 8327
190.171.152.234 - - [24/Mar/2022:10:04:35 -0300] "GET /cormun/servlet/trautorizarsolicitud? HTTP/1.1" 200 10453
190.171.152.234 - - [24/Mar/2022:10:04:36 -0300] "GET /cormun/servlet/trautorizarsolicitud? HTTP/1.1" 200 10453
192.168.10.17 - - [24/Mar/2022:10:04:40 -0300] "GET /cormun/servlet/trsolicitudgral? HTTP/1.1" 200 17478
192.168.10.17 - - [24/Mar/2022:10:04:41 -0300] "GET /cormun/servlet/trsolicitudgral? HTTP/1.1" 200 17477
190.171.152.234 - - [24/Mar/2022:10:04:41 -0300] "POST /cormun/servlet/trautorizarsolicitud?5cdfd4de3d395d6e1bdde009968956fe,,gx-no-cache=1648126335876 HTTP/1.1" 200 7716
190.171.152.234 - - [24/Mar/2022:10:04:41 -0300] "GET /cormun/static/Shared/jqueryui/images/ui-icons_82798d_256x240.png HTTP/1.1" 404 1089
190.171.152.234 - - [24/Mar/2022:10:04:41 -0300] "GET /cormun/static/Shared/jqueryui/images/ui-bg_highlight-soft_100_c6c2c8_1x100.png HTTP/1.1" 404 1117
190.171.152.234 - - [24/Mar/2022:10:04:41 -0300] "GET /cormun/static/Shared/jqueryui/images/ui-icons_8d78a5_256x240.png HTTP/1.1" 404 1089
190.171.152.234 - - [24/Mar/2022:10:04:41 -0300] "GET /cormun/static/Shared/jqueryui/images/ui-bg_flat_55_fafafa_40x100.png HTTP/1.1" 404 1097
192.168.10.17 - - [24/Mar/2022:10:04:50 -0300] "POST /cormun/servlet/trsolicitudgral?ef197607038a248bf179503ca988fd5e,,gx-no-cache=1648126182291 HTTP/1.1" 200 7541
192.168.10.17 - - [24/Mar/2022:10:04:58 -0300] "POST /cormun/servlet/trsolicitudgral?ef197607038a248bf179503ca988fd5e,,gx-no-cache=1648126189625 HTTP/1.1" 200 13996
192.168.10.17 - - [24/Mar/2022:10:05:09 -0300] "POST /cormun/servlet/trsolicitudgral?ef197607038a248bf179503ca988fd5e,,gx-no-cache=1648126200650 HTTP/1.1" 200 9503
190.171.149.74 - - [24/Mar/2022:10:05:19 -0300] "POST /cormun/servlet/trsolicitudot?e93ed8a5e765bcf7b4a6efd2604877c3,gx-no-cache=1648130092098 HTTP/1.1" 200 5824
190.171.149.74 - - [24/Mar/2022:10:05:19 -0300] "GET /cormun/static/Shared/jqueryui/images/ui-bg_highlight-soft_100_c6c2c8_1x100.png HTTP/1.1" 404 1117
190.171.149.74 - - [24/Mar/2022:10:05:19 -0300] "GET /cormun/static/Shared/jqueryui/images/ui-icons_82798d_256x240.png HTTP/1.1" 404 1089
190.171.149.74 - - [24/Mar/2022:10:05:19 -0300] "GET /cormun/static/Shared/jqueryui/images/ui-bg_flat_55_fafafa_40x100.png HTTP/1.1" 404 1097
190.171.149.74 - - [24/Mar/2022:10:05:19 -0300] "GET /cormun/static/Shared/jqueryui/images/ui-icons_8d78a5_256x240.png HTTP/1.1" 404 1089
190.171.149.74 - - [24/Mar/2022:10:05:24 -0300] "POST /cormun/servlet/trsolicitudot?e93ed8a5e765bcf7b4a6efd2604877c3,gx-no-cache=1648130097125 HTTP/1.1" 200 5826
190.171.149.74 - - [24/Mar/2022:10:05:27 -0300] "POST /cormun/servlet/trsolicitudot?e93ed8a5e765bcf7b4a6efd2604877c3,gx-no-cache=1648130100240 HTTP/1.1" 200 4606
190.171.149.74 - - [24/Mar/2022:10:05:27 -0300] "POST /cormun/servlet/trsolicitudot?e93ed8a5e765bcf7b4a6efd2604877c3,gx-no-cache=1648130100418 HTTP/1.1" 200 4337
190.171.149.74 - - [24/Mar/2022:10:05:30 -0300] "GET /cormun/servlet/trsolicitudot? HTTP/1.1" 200 7207
190.171.149.74 - - [24/Mar/2022:10:05:30 -0300] "GET /cormun/servlet/trsolicitudot? HTTP/1.1" 200 7206
192.168.10.17 - - [24/Mar/2022:10:05:58 -0300] "POST /cormun/servlet/trsolicitudgral?ef197607038a248bf179503ca988fd5e,,gx-no-cache=1648126249919 HTTP/1.1" 200 10975
192.168.10.17 - - [24/Mar/2022:10:06:10 -0300] "GET /cormun/servlet/vesolicitudgral?2022,17958,, HTTP/1.1" 200 8346
192.168.10.17 - - [24/Mar/2022:10:06:10 -0300] "GET /cormun/pexe_scrolldiv.js HTTP/1.1" 404 1009
192.168.10.17 - - [24/Mar/2022:10:06:10 -0300] "GET /cormun/servlet/vesolicitudgral?2022,17958,, HTTP/1.1" 200 8345
192.168.10.17 - - [24/Mar/2022:10:06:58 -0300] "POST /cormun/servlet/vesolicitudgral?ef197607038a248bf179503ca988fd5e,2022,17958,,,gx-no-cache=1648126310012 HTTP/1.1" 200 12074
192.168.10.17 - - [24/Mar/2022:10:06:58 -0300] "POST /cormun/servlet/vesolicitudgral?ef197607038a248bf179503ca988fd5e,2022,17958,,,gx-no-cache=1648126310203 HTTP/1.1" 200 12008
192.168.10.17 - - [24/Mar/2022:10:07:01 -0300] "GET /cormun/servlet/trsolicitudgral? HTTP/1.1" 200 13671
192.168.10.17 - - [24/Mar/2022:10:07:02 -0300] "GET /cormun/servlet/trsolicitudgral? HTTP/1.1" 200 13666
190.171.152.234 - - [24/Mar/2022:10:07:02 -0300] "GET /cormun/servlet/trsolicitudot? HTTP/1.1" 200 8883
190.171.152.234 - - [24/Mar/2022:10:07:02 -0300] "GET /cormun/servlet/trsolicitudot? HTTP/1.1" 200 8882
192.168.10.17 - - [24/Mar/2022:10:07:06 -0300] "GET /cormun/servlet/vesolicitudgral?2022,17949,, HTTP/1.1" 200 8336
192.168.10.17 - - [24/Mar/2022:10:07:06 -0300] "GET /cormun/pexe_scrolldiv.js HTTP/1.1" 404 1009
192.168.10.17 - - [24/Mar/2022:10:07:06 -0300] "GET /cormun/servlet/vesolicitudgral?2022,17949,, HTTP/1.1" 200 8336
190.171.152.234 - - [24/Mar/2022:10:07:09 -0300] "GET /cormun/servlet/solicitudot?INS,0,0,false, HTTP/1.1" 200 15989
190.171.152.234 - - [24/Mar/2022:10:07:09 -0300] "GET /cormun/servlet/solicitudot?INS,0,0,false, HTTP/1.1" 200 15996
192.168.10.17 - - [24/Mar/2022:10:07:41 -0300] "POST /cormun/servlet/vesolicitudgral?ef197607038a248bf179503ca988fd5e,2022,17949,,,gx-no-cache=1648126352501 HTTP/1.1" 200 12060
192.168.10.17 - - [24/Mar/2022:10:07:41 -0300] "POST /cormun/servlet/vesolicitudgral?ef197607038a248bf179503ca988fd5e,2022,17949,,,gx-no-cache=1648126352710 HTTP/1.1" 200 11993
190.171.152.234 - - [24/Mar/2022:10:07:42 -0300] "POST /cormun/servlet/solicitudot?gx-no-cache=1648126517237 HTTP/1.1" 200 3970
190.171.152.234 - - [24/Mar/2022:10:07:42 -0300] "POST /cormun/servlet/solicitudot?5cdfd4de3d395d6e1bdde009968956fe,INS,0,0,false,,gx-no-cache=1648126517392 HTTP/1.1" 200 12800
192.168.10.17 - - [24/Mar/2022:10:07:43 -0300] "GET /cormun/servlet/trsolicitudgral? HTTP/1.1" 200 13175
192.168.10.17 - - [24/Mar/2022:10:07:44 -0300] "GET /cormun/servlet/trsolicitudgral? HTTP/1.1" 200 13171
192.168.10.17 - - [24/Mar/2022:10:07:47 -0300] "GET /cormun/servlet/vesolicitudgral?2022,17948,, HTTP/1.1" 200 8336
192.168.10.17 - - [24/Mar/2022:10:07:47 -0300] "GET /cormun/pexe_scrolldiv.js HTTP/1.1" 404 1009
192.168.10.17 - - [24/Mar/2022:10:07:47 -0300] "GET /cormun/servlet/vesolicitudgral?2022,17948,, HTTP/1.1" 200 8335
190.171.149.74 - - [24/Mar/2022:10:08:08 -0300] "GET /cormun/servlet/trlicencias? HTTP/1.1" 200 11442
190.171.149.74 - - [24/Mar/2022:10:08:08 -0300] "GET /cormun/servlet/trlicencias? HTTP/1.1" 200 11441
192.168.10.17 - - [24/Mar/2022:10:08:52 -0300] "GET /cormun/servlet/trsolicitudgral? HTTP/1.1" 200 13172
192.168.10.17 - - [24/Mar/2022:10:08:53 -0300] "GET /cormun/servlet/trsolicitudgral? HTTP/1.1" 200 13171
190.171.149.74 - - [24/Mar/2022:10:08:53 -0300] "GET /cormun/servlet/trsolicitudot? HTTP/1.1" 200 7206
190.171.149.74 - - [24/Mar/2022:10:08:53 -0300] "GET /cormun/servlet/trsolicitudot? HTTP/1.1" 200 7206
190.171.149.74 - - [24/Mar/2022:10:08:57 -0300] "GET /cormun/servlet/solicitudot?INS,0,0,false, HTTP/1.1" 200 15708
190.171.149.74 - - [24/Mar/2022:10:08:57 -0300] "GET /cormun/servlet/solicitudot?INS,0,0,false, HTTP/1.1" 200 15716
190.171.149.74 - - [24/Mar/2022:10:09:04 -0300] "POST /cormun/servlet/solicitudot?gx-no-cache=1648130317616 HTTP/1.1" 200 3858
190.171.149.74 - - [24/Mar/2022:10:09:04 -0300] "POST /cormun/servlet/solicitudot?e93ed8a5e765bcf7b4a6efd2604877c3,INS,0,0,false,,gx-no-cache=1648130317762 HTTP/1.1" 200 12395
192.168.10.17 - - [24/Mar/2022:10:09:06 -0300] "POST /cormun/servlet/trsolicitudgral?ef197607038a248bf179503ca988fd5e,,gx-no-cache=1648126437450 HTTP/1.1" 200 8577
190.171.149.74 - - [24/Mar/2022:10:09:12 -0300] "GET /cormun/servlet/solicitudot?a371d68ef0db73a52cfe73dc6aa65eeea4dcdf5cfefcbef70e674ef2d6d19c00d58ba6e2894ccb049d14ecdbe7914974,gx-no-cache=1648130325895 HTTP/1.1" 200 30
192.168.10.17 - - [24/Mar/2022:10:09:14 -0300] "POST /cormun/servlet/trsolicitudgral?ef197607038a248bf179503ca988fd5e,,gx-no-cache=1648126445552 HTTP/1.1" 200 5262
186.103.159.186 - - [24/Mar/2022:10:09:14 -0300] "GET /cormun/servlet/hlogin HTTP/1.1" 200 1733
192.168.10.17 - - [24/Mar/2022:10:09:18 -0300] "POST /cormun/servlet/trsolicitudgral?ef197607038a248bf179503ca988fd5e,,gx-no-cache=1648126449574 HTTP/1.1" 200 7567
186.103.159.186 - - [24/Mar/2022:10:09:22 -0300] "POST /cormun/servlet/hlogin?7686051479b92d4175a6b15cb8c48b71,gx-no-cache=1648129029127 HTTP/1.1" 200 90
186.103.159.186 - - [24/Mar/2022:10:09:22 -0300] "GET /cormun/servlet/hpexe_link HTTP/1.1" 200 959
186.103.159.186 - - [24/Mar/2022:10:09:22 -0300] "GET /cormun/servlet/hhome HTTP/1.1" 200 3950
186.103.159.186 - - [24/Mar/2022:10:09:22 -0300] "GET /cormun/servlet/hhome HTTP/1.1" 200 3946
192.168.10.17 - - [24/Mar/2022:10:09:23 -0300] "POST /cormun/servlet/trsolicitudgral?ef197607038a248bf179503ca988fd5e,,gx-no-cache=1648126454759 HTTP/1.1" 200 10808
186.103.159.186 - - [24/Mar/2022:10:09:25 -0300] "GET /cormun/servlet/trsolicitudot? HTTP/1.1" 200 7173
186.103.159.186 - - [24/Mar/2022:10:09:25 -0300] "GET /cormun/servlet/trsolicitudot? HTTP/1.1" 200 7172
186.103.159.186 - - [24/Mar/2022:10:09:27 -0300] "GET /cormun/servlet/solicitudot?INS,0,0,false, HTTP/1.1" 200 15676
186.103.159.186 - - [24/Mar/2022:10:09:28 -0300] "GET /cormun/servlet/solicitudot?INS,0,0,false, HTTP/1.1" 200 15683
192.168.10.17 - - [24/Mar/2022:10:09:31 -0300] "GET /cormun/servlet/vesolicitudgral?2022,18097,, HTTP/1.1" 200 8363
192.168.10.17 - - [24/Mar/2022:10:09:31 -0300] "GET /cormun/pexe_scrolldiv.js HTTP/1.1" 404 1009
192.168.10.17 - - [24/Mar/2022:10:09:31 -0300] "GET /cormun/servlet/vesolicitudgral?2022,18097,, HTTP/1.1" 200 8361
186.103.159.186 - - [24/Mar/2022:10:09:37 -0300] "POST /cormun/servlet/solicitudot?gx-no-cache=1648129044215 HTTP/1.1" 200 3967
186.103.159.186 - - [24/Mar/2022:10:09:41 -0300] "POST /cormun/servlet/solicitudot?7686051479b92d4175a6b15cb8c48b71,INS,0,0,false,,gx-no-cache=1648129044898 HTTP/1.1" 200 12530
186.103.159.186 - - [24/Mar/2022:10:09:46 -0300] "GET /cormun/servlet/solicitudot?c0904ea684ab886d5f587a4d4dad53a6d789372fde20cd16c5d637604b7b196f5149291d75fa80227c75e1f209d7bc1f,gx-no-cache=1648129053889 HTTP/1.1" 200 30
186.103.159.186 - - [24/Mar/2022:10:09:47 -0300] "GET /cormun/servlet/solicitudot?c0904ea684ab886d5f587a4d4dad53a645b305f57dadb3dcb06a8430018418fde03388e68e5c807085b3c807c3db92a3c8bc1e8b3ce5cffea7cf72ff1bc576dc,gx-no-cache=1648129054555 HTTP/1.1" 200 30
186.103.159.186 - - [24/Mar/2022:10:09:47 -0300] "GET /cormun/servlet/solicitudot?c0904ea684ab886d5f587a4d4dad53a6663a2f8cc60bcc2d14a6f164ebbd9bd2,gx-no-cache=1648129054575 HTTP/1.1" 200 53
186.103.159.186 - - [24/Mar/2022:10:09:47 -0300] "POST /cormun/servlet/solicitudot?gx-no-cache=1648129054603 HTTP/1.1" 200 255
186.103.159.186 - - [24/Mar/2022:10:09:47 -0300] "GET /cormun/servlet/solicitudot?c0904ea684ab886d5f587a4d4dad53a6890ffed6a4ef5a5a78eeed49590d9a9db696fcc51b821f2ff8298f61e32521371174593b0e98d16ef8ba8437436f2fc0775f3a14ce3f289d22e608df8cb5ca81dd5970444ab12f9f4a9e62638333bfa1b27d3b075cfc44ee5a963b81bb455736d0609a1beabd0593d499742bf55561864ed0e7c555b784d2e07f0873d56929bd7d2259eee4512e36352d20ec104edc22d1e3ba523cbb4f0c788f16a82d7ae333a4f49a46932731400d4d93ab1edda571da9c7f3204f7080e0ff4fdace9c55347c32ff199cc73e043dbe8e7c4ab96ef7b9cadcaba6618f65c82be4fa846826d429836ec39ce98b4ee9476098639f8583872e60b305e2dcb336546e8d5c507eed71e1c08f5a9ef6b183068e27b7b3985fe1fc7fdb06388be10883f61c08b1e7504f0fda4d42a84ac393764de0ebe77532faf30849e72555e495be0987ff5976e844fd742d8e53c43bc72c22fcd89764fe1fdf54147f718b09b0646120911091e4248718b13a9b714ad1b13724a58146825,gx-no-cache=1648129054843 HTTP/1.1" 200 30
186.103.159.186 - - [24/Mar/2022:10:09:50 -0300] "POST /cormun/servlet/solicitudot?gx-no-cache=1648129058000 HTTP/1.1" 200 30
192.168.10.17 - - [24/Mar/2022:10:09:54 -0300] "GET /cormun/servlet/trsolicitudgral? HTTP/1.1" 200 13986
192.168.10.17 - - [24/Mar/2022:10:09:54 -0300] "GET /cormun/servlet/trsolicitudgral? HTTP/1.1" 200 13985
186.103.159.186 - - [24/Mar/2022:10:09:55 -0300] "GET /cormun/static/Resources/resize.gif HTTP/1.1" 200 77
186.103.159.186 - - [24/Mar/2022:10:09:55 -0300] "GET /cormun/static/Resources/PXTools/ClosePrompt.png HTTP/1.1" 200 1036
186.103.159.186 - - [24/Mar/2022:10:09:55 -0300] "GET /cormun/servlet/prcontratosol?17724338,,,,,MD,,gxPopupLevel%3D0%3B HTTP/1.1" 200 8998
186.103.159.186 - - [24/Mar/2022:10:09:55 -0300] "GET /cormun/static/gxcfg.js?2019914201458 HTTP/1.1" 200 953
186.103.159.186 - - [24/Mar/2022:10:09:55 -0300] "GET /cormun/static/prcontratosol.js?20199142014772 HTTP/1.1" 200 15806
186.103.159.186 - - [24/Mar/2022:10:09:56 -0300] "GET /cormun/static/Resources/Spanish/PXTools.css?19172979 HTTP/1.1" 200 100853
192.168.10.17 - - [24/Mar/2022:10:10:02 -0300] "POST /cormun/servlet/trsolicitudgral?ef197607038a248bf179503ca988fd5e,,gx-no-cache=1648126493353 HTTP/1.1" 200 8244
186.103.159.186 - - [24/Mar/2022:10:10:06 -0300] "POST /cormun/servlet/solicitudot?gx-no-cache=1648129073550 HTTP/1.1" 200 1454
186.103.159.186 - - [24/Mar/2022:10:10:06 -0300] "POST /cormun/servlet/solicitudot?gx-no-cache=1648129073793 HTTP/1.1" 200 38
186.103.159.186 - - [24/Mar/2022:10:10:06 -0300] "GET /cormun/servlet/solicitudot?c0904ea684ab886d5f587a4d4dad53a69f1b74f7f4a4c37497ff5220219205d252d8b987c42ec609ee6a966c310f462b07dcbf48be2df68a9a85d59ac6a7cb21256cdacaffd05f59782f4a2e1f7e25f56b14fa0a03debc575b71a7873c51b5d0729e97a298927f0fda98309d3958b449,gx-no-cache=1648129073813 HTTP/1.1" 200 110
186.103.159.186 - - [24/Mar/2022:10:10:06 -0300] "POST /cormun/servlet/solicitudot?gx-no-cache=1648129073836 HTTP/1.1" 200 97
186.103.159.186 - - [24/Mar/2022:10:10:06 -0300] "GET /cormun/servlet/solicitudot?c0904ea684ab886d5f587a4d4dad53a623088bf39d24fbb53a12621d0f80aa03e7d2b54c8490c4692f9690a8bf7d73d7d510b3542dd8dff4c7024f3dcc82bb481bca10fa5fbfd15686d5f8d3376bd46e2ee4b83194ee583eba2536d8336c280e084518826cb8499ea0237b63245f045707a048565460f7e1ed707fb7705e243959ffe4dabfc9e861961fe7d0a9dc92d604d7c04b3d61e8675b4d1476059966aa8f1c59b19f8722e9f335b75696703a4795254138cc0c407b47cb5aecf639eeaaa99a348446c53f20211a24463a8cc310,gx-no-cache=1648129074189 HTTP/1.1" 200 29
186.103.159.186 - - [24/Mar/2022:10:10:06 -0300] "GET /cormun/servlet/solicitudot?c0904ea684ab886d5f587a4d4dad53a630bd6201ecd07a859d3ac63a96d15077fdc00826258963b526eb9272067c47f3,gx-no-cache=1648129074208 HTTP/1.1" 200 134
186.103.159.186 - - [24/Mar/2022:10:10:06 -0300] "GET /cormun/static/Shared/jqueryui/images/ui-icons_82798d_256x240.png HTTP/1.1" 404 1089
186.103.159.186 - - [24/Mar/2022:10:10:06 -0300] "GET /cormun/static/Shared/jqueryui/images/ui-bg_highlight-soft_100_c6c2c8_1x100.png HTTP/1.1" 404 1117
186.103.159.186 - - [24/Mar/2022:10:10:06 -0300] "GET /cormun/static/Shared/jqueryui/images/ui-bg_flat_55_994d53_40x100.png HTTP/1.1" 404 1097
186.103.159.186 - - [24/Mar/2022:10:10:06 -0300] "GET /cormun/static/Shared/jqueryui/images/ui-icons_ebccce_256x240.png HTTP/1.1" 404 1089
192.168.10.17 - - [24/Mar/2022:10:10:10 -0300] "POST /cormun/servlet/trsolicitudgral?ef197607038a248bf179503ca988fd5e,,gx-no-cache=1648126501566 HTTP/1.1" 200 5261
192.168.10.17 - - [24/Mar/2022:10:10:14 -0300] "POST /cormun/servlet/trsolicitudgral?ef197607038a248bf179503ca988fd5e,,gx-no-cache=1648126506182 HTTP/1.1" 200 5261
186.103.159.186 - - [24/Mar/2022:10:10:16 -0300] "GET /cormun/servlet/solicitudot?c0904ea684ab886d5f587a4d4dad53a623088bf39d24fbb53a12621d0f80aa03e7d2b54c8490c4692f9690a8bf7d73d73e673fbf572b5de84ab09c38e55c96971bca10fa5fbfd15686d5f8d3376bd46e2ee4b83194ee583eba2536d8336c280e084518826cb8499ea0237b63245f045707a048565460f7e1ed707fb7705e243959ffe4dabfc9e861961fe7d0a9dc92d604d7c04b3d61e8675b4d1476059966aa8f1c59b19f8722e9f335b75696703a4795254138cc0c407b47cb5aecf639eeaaa99a348446c53f20211a24463a8cc310,gx-no-cache=1648129084135 HTTP/1.1" 200 29
186.103.159.186 - - [24/Mar/2022:10:10:17 -0300] "GET /cormun/static/menuarrow.gif HTTP/1.1" 404 1015
192.168.10.17 - - [24/Mar/2022:10:10:25 -0300] "POST /cormun/servlet/trsolicitudgral?ef197607038a248bf179503ca988fd5e,,gx-no-cache=1648126516734 HTTP/1.1" 200 13064
186.103.159.186 - - [24/Mar/2022:10:10:27 -0300] "GET /cormun/servlet/solicitudot?c0904ea684ab886d5f587a4d4dad53a6be634c6c980b28057a59b52ebd9292c15d2118ab2e3933d4f468d22ba4fdc398,gx-no-cache=1648129095023 HTTP/1.1" 200 30
192.168.10.17 - - [24/Mar/2022:10:10:38 -0300] "GET /cormun/servlet/vesolicitudgral?2022,18009,, HTTP/1.1" 200 8361
192.168.10.17 - - [24/Mar/2022:10:10:38 -0300] "GET /cormun/pexe_scrolldiv.js HTTP/1.1" 404 1009
192.168.10.17 - - [24/Mar/2022:10:10:39 -0300] "GET /cormun/servlet/vesolicitudgral?2022,18009,, HTTP/1.1" 200 8361
186.103.159.186 - - [24/Mar/2022:10:10:48 -0300] "POST /cormun/servlet/solicitudot?gx-no-cache=1648129115552 HTTP/1.1" 200 30
186.103.159.186 - - [24/Mar/2022:10:10:49 -0300] "POST /cormun/servlet/solicitudot?7686051479b92d4175a6b15cb8c48b71,INS,0,0,false,,gx-no-cache=1648129115618 HTTP/1.1" 200 93
186.103.159.186 - - [24/Mar/2022:10:10:49 -0300] "GET /cormun/servlet/hpexe_return? HTTP/1.1" 200 1016
186.103.159.186 - - [24/Mar/2022:10:10:49 -0300] "GET /cormun/servlet/trsolicitudot HTTP/1.1" 200 8628
186.103.159.186 - - [24/Mar/2022:10:10:50 -0300] "GET /cormun/servlet/trsolicitudot HTTP/1.1" 200 8624
186.103.159.186 - - [24/Mar/2022:10:11:08 -0300] "POST /cormun/servlet/trsolicitudot?7686051479b92d4175a6b15cb8c48b71,gx-no-cache=1648129136018 HTTP/1.1" 200 4598
186.103.159.186 - - [24/Mar/2022:10:11:08 -0300] "GET /cormun/static/Shared/jqueryui/images/ui-icons_82798d_256x240.png HTTP/1.1" 404 1089
186.103.159.186 - - [24/Mar/2022:10:11:08 -0300] "GET /cormun/static/Shared/jqueryui/images/ui-bg_highlight-soft_100_c6c2c8_1x100.png HTTP/1.1" 404 1117
186.103.159.186 - - [24/Mar/2022:10:11:08 -0300] "GET /cormun/static/Shared/jqueryui/images/ui-icons_8d78a5_256x240.png HTTP/1.1" 404 1089
186.103.159.186 - - [24/Mar/2022:10:11:08 -0300] "GET /cormun/static/Shared/jqueryui/images/ui-bg_flat_55_fafafa_40x100.png HTTP/1.1" 404 1097
186.103.159.186 - - [24/Mar/2022:10:11:09 -0300] "POST /cormun/servlet/trsolicitudot?7686051479b92d4175a6b15cb8c48b71,gx-no-cache=1648129136195 HTTP/1.1" 200 4343
186.103.159.186 - - [24/Mar/2022:10:11:18 -0300] "GET /cormun/servlet/hlogin HTTP/1.1" 200 1750
186.103.159.186 - - [24/Mar/2022:10:11:26 -0300] "POST /cormun/servlet/hlogin?7686051479b92d4175a6b15cb8c48b71,gx-no-cache=1648129153757 HTTP/1.1" 200 90
186.103.159.186 - - [24/Mar/2022:10:11:26 -0300] "GET /cormun/servlet/hpexe_link HTTP/1.1" 200 959
186.103.159.186 - - [24/Mar/2022:10:11:26 -0300] "GET /cormun/servlet/hhome HTTP/1.1" 200 4218
186.103.159.186 - - [24/Mar/2022:10:11:26 -0300] "GET /cormun/servlet/hhome HTTP/1.1" 200 4214
186.103.159.186 - - [24/Mar/2022:10:11:29 -0300] "GET /cormun/servlet/trautorizarsolicitud? HTTP/1.1" 200 8779
186.103.159.186 - - [24/Mar/2022:10:11:29 -0300] "GET /cormun/servlet/trautorizarsolicitud? HTTP/1.1" 200 8777
186.103.159.186 - - [24/Mar/2022:10:11:38 -0300] "POST /cormun/servlet/trautorizarsolicitud?7686051479b92d4175a6b15cb8c48b71,,gx-no-cache=1648129165536 HTTP/1.1" 200 4802
186.103.159.186 - - [24/Mar/2022:10:11:38 -0300] "GET /cormun/static/Shared/jqueryui/images/ui-bg_highlight-soft_100_c6c2c8_1x100.png HTTP/1.1" 404 1117
186.103.159.186 - - [24/Mar/2022:10:11:38 -0300] "GET /cormun/static/Shared/jqueryui/images/ui-icons_82798d_256x240.png HTTP/1.1" 404 1089
186.103.159.186 - - [24/Mar/2022:10:11:38 -0300] "GET /cormun/static/Shared/jqueryui/images/ui-icons_8d78a5_256x240.png HTTP/1.1" 404 1089
186.103.159.186 - - [24/Mar/2022:10:11:38 -0300] "GET /cormun/static/Shared/jqueryui/images/ui-bg_flat_55_fafafa_40x100.png HTTP/1.1" 404 1097
186.103.159.186 - - [24/Mar/2022:10:11:38 -0300] "POST /cormun/servlet/trautorizarsolicitud?7686051479b92d4175a6b15cb8c48b71,,gx-no-cache=1648129166024 HTTP/1.1" 200 4542
192.168.10.17 - - [24/Mar/2022:10:12:08 -0300] "POST /cormun/servlet/vesolicitudgral?ef197607038a248bf179503ca988fd5e,2022,18009,,,gx-no-cache=1648126619539 HTTP/1.1" 200 12097
192.168.10.17 - - [24/Mar/2022:10:12:08 -0300] "POST /cormun/servlet/vesolicitudgral?ef197607038a248bf179503ca988fd5e,2022,18009,,,gx-no-cache=1648126619726 HTTP/1.1" 200 12031
192.168.10.17 - - [24/Mar/2022:10:12:12 -0300] "GET /cormun/servlet/trsolicitudgral? HTTP/1.1" 200 15833
192.168.10.17 - - [24/Mar/2022:10:12:13 -0300] "GET /cormun/servlet/trsolicitudgral? HTTP/1.1" 200 15829
192.168.10.17 - - [24/Mar/2022:10:12:30 -0300] "POST /cormun/servlet/trsolicitudgral?ef197607038a248bf179503ca988fd5e,,gx-no-cache=1648126641938 HTTP/1.1" 200 5259
192.168.10.17 - - [24/Mar/2022:10:12:36 -0300] "POST /cormun/servlet/trsolicitudgral?ef197607038a248bf179503ca988fd5e,,gx-no-cache=1648126647766 HTTP/1.1" 200 5258
192.168.10.17 - - [24/Mar/2022:10:12:51 -0300] "POST /cormun/servlet/trsolicitudgral?ef197607038a248bf179503ca988fd5e,,gx-no-cache=1648126662789 HTTP/1.1" 200 11368
192.168.10.17 - - [24/Mar/2022:10:13:00 -0300] "GET /cormun/servlet/vesolicitudgral?2022,17952,, HTTP/1.1" 200 8296
192.168.10.17 - - [24/Mar/2022:10:13:00 -0300] "GET /cormun/pexe_scrolldiv.js HTTP/1.1" 404 1009
192.168.10.17 - - [24/Mar/2022:10:13:00 -0300] "GET /cormun/servlet/vesolicitudgral?2022,17952,, HTTP/1.1" 200 8296
192.168.10.17 - - [24/Mar/2022:10:13:30 -0300] "GET /cormun/servlet/trsolicitudgral? HTTP/1.1" 200 14594
192.168.10.17 - - [24/Mar/2022:10:13:31 -0300] "GET /cormun/servlet/trsolicitudgral? HTTP/1.1" 200 14593
192.168.10.17 - - [24/Mar/2022:10:13:41 -0300] "POST /cormun/servlet/trsolicitudgral?ef197607038a248bf179503ca988fd5e,,gx-no-cache=1648126712490 HTTP/1.1" 200 10082
192.168.10.17 - - [24/Mar/2022:10:13:52 -0300] "POST /cormun/servlet/trsolicitudgral?ef197607038a248bf179503ca988fd5e,,gx-no-cache=1648126723486 HTTP/1.1" 200 11686
192.168.10.17 - - [24/Mar/2022:10:14:26 -0300] "POST /cormun/servlet/trsolicitudgral?ef197607038a248bf179503ca988fd5e,,gx-no-cache=1648126757550 HTTP/1.1" 200 8856
192.168.10.17 - - [24/Mar/2022:10:14:33 -0300] "GET /cormun/servlet/vesolicitudgral?2022,18086,, HTTP/1.1" 200 8354
192.168.10.17 - - [24/Mar/2022:10:14:33 -0300] "GET /cormun/pexe_scrolldiv.js HTTP/1.1" 404 1009
192.168.10.17 - - [24/Mar/2022:10:14:33 -0300] "GET /cormun/servlet/vesolicitudgral?2022,18086,, HTTP/1.1" 200 8353
190.171.152.234 - - [24/Mar/2022:10:14:45 -0300] "GET /cormun/servlet/trautorizarsolicitud? HTTP/1.1" 200 10461
190.171.152.234 - - [24/Mar/2022:10:14:46 -0300] "GET /cormun/servlet/trautorizarsolicitud? HTTP/1.1" 200 10453
190.171.152.234 - - [24/Mar/2022:10:14:52 -0300] "POST /cormun/servlet/trautorizarsolicitud?5cdfd4de3d395d6e1bdde009968956fe,,gx-no-cache=1648126947012 HTTP/1.1" 200 7720
190.171.152.234 - - [24/Mar/2022:10:14:52 -0300] "GET /cormun/static/Shared/jqueryui/images/ui-icons_82798d_256x240.png HTTP/1.1" 404 1089
190.171.152.234 - - [24/Mar/2022:10:14:52 -0300] "GET /cormun/static/Shared/jqueryui/images/ui-bg_highlight-soft_100_c6c2c8_1x100.png HTTP/1.1" 404 1117
190.171.152.234 - - [24/Mar/2022:10:14:52 -0300] "GET /cormun/static/Shared/jqueryui/images/ui-bg_flat_55_fafafa_40x100.png HTTP/1.1" 404 1097
190.171.152.234 - - [24/Mar/2022:10:14:52 -0300] "GET /cormun/static/Shared/jqueryui/images/ui-icons_8d78a5_256x240.png HTTP/1.1" 404 1089
190.171.152.234 - - [24/Mar/2022:10:14:56 -0300] "GET /cormun/servlet/trsolicitudot? HTTP/1.1" 200 8883
190.171.152.234 - - [24/Mar/2022:10:14:56 -0300] "GET /cormun/servlet/trsolicitudot? HTTP/1.1" 200 8882
190.171.152.234 - - [24/Mar/2022:10:15:04 -0300] "POST /cormun/servlet/trsolicitudot?5cdfd4de3d395d6e1bdde009968956fe,,gx-no-cache=1648126959172 HTTP/1.1" 200 6151
190.171.152.234 - - [24/Mar/2022:10:15:04 -0300] "GET /cormun/static/Shared/jqueryui/images/ui-icons_82798d_256x240.png HTTP/1.1" 404 1089
190.171.152.234 - - [24/Mar/2022:10:15:04 -0300] "GET /cormun/static/Shared/jqueryui/images/ui-bg_highlight-soft_100_c6c2c8_1x100.png HTTP/1.1" 404 1117
190.171.152.234 - - [24/Mar/2022:10:15:04 -0300] "GET /cormun/static/Shared/jqueryui/images/ui-bg_flat_55_fafafa_40x100.png HTTP/1.1" 404 1097
190.171.152.234 - - [24/Mar/2022:10:15:04 -0300] "GET /cormun/static/Shared/jqueryui/images/ui-icons_8d78a5_256x240.png HTTP/1.1" 404 1089
192.168.10.17 - - [24/Mar/2022:10:15:45 -0300] "GET /cormun/servlet/trsolicitudgral? HTTP/1.1" 200 11815
192.168.10.17 - - [24/Mar/2022:10:15:45 -0300] "GET /cormun/servlet/trsolicitudgral? HTTP/1.1" 200 11814
192.168.10.17 - - [24/Mar/2022:10:15:51 -0300] "GET /cormun/servlet/vesolicitudgral?2022,18085,, HTTP/1.1" 200 8353
192.168.10.17 - - [24/Mar/2022:10:15:51 -0300] "GET /cormun/pexe_scrolldiv.js HTTP/1.1" 404 1009
192.168.10.17 - - [24/Mar/2022:10:15:52 -0300] "GET /cormun/servlet/vesolicitudgral?2022,18085,, HTTP/1.1" 200 8353
66.249.85.125 - - [24/Mar/2022:10:16:02 -0300] "GET /cormun/static/Resources/Logo2019_Grande.png HTTP/1.1" 200 31733
192.168.10.17 - - [24/Mar/2022:10:16:28 -0300] "POST /cormun/servlet/vesolicitudgral?ef197607038a248bf179503ca988fd5e,2022,18085,,,gx-no-cache=1648126880094 HTTP/1.1" 200 12080
192.168.10.17 - - [24/Mar/2022:10:16:28 -0300] "POST /cormun/servlet/vesolicitudgral?ef197607038a248bf179503ca988fd5e,2022,18085,,,gx-no-cache=1648126880274 HTTP/1.1" 200 12013
192.168.10.17 - - [24/Mar/2022:10:16:31 -0300] "GET /cormun/servlet/trsolicitudgral? HTTP/1.1" 200 11542
192.168.10.17 - - [24/Mar/2022:10:16:32 -0300] "GET /cormun/servlet/trsolicitudgral? HTTP/1.1" 200 11538
192.168.10.17 - - [24/Mar/2022:10:16:35 -0300] "GET /cormun/servlet/vesolicitudgral?2022,18086,, HTTP/1.1" 200 8354
192.168.10.17 - - [24/Mar/2022:10:16:35 -0300] "GET /cormun/pexe_scrolldiv.js HTTP/1.1" 404 1009
192.168.10.17 - - [24/Mar/2022:10:16:36 -0300] "GET /cormun/servlet/vesolicitudgral?2022,18086,, HTTP/1.1" 200 8353
192.168.10.17 - - [24/Mar/2022:10:16:38 -0300] "POST /cormun/servlet/vesolicitudgral?ef197607038a248bf179503ca988fd5e,2022,18086,,,gx-no-cache=1648126889863 HTTP/1.1" 200 12079
192.168.10.17 - - [24/Mar/2022:10:16:38 -0300] "POST /cormun/servlet/vesolicitudgral?ef197607038a248bf179503ca988fd5e,2022,18086,,,gx-no-cache=1648126890035 HTTP/1.1" 200 12012
192.168.10.17 - - [24/Mar/2022:10:16:41 -0300] "GET /cormun/servlet/trsolicitudgral? HTTP/1.1" 200 11121
192.168.10.17 - - [24/Mar/2022:10:16:42 -0300] "GET /cormun/servlet/trsolicitudgral? HTTP/1.1" 200 11117
190.171.149.74 - - [24/Mar/2022:10:16:44 -0300] "GET /cormun/servlet/solicitudot?a371d68ef0db73a52cfe73dc6aa65eee9fa8cf3e708540391631233f322aae0ee2bac9c37660598ca2c7ebcafb538a341ac83b991e73944bfb5cfe0478468a8d,gx-no-cache=1648130777762 HTTP/1.1" 200 30
190.171.149.74 - - [24/Mar/2022:10:16:44 -0300] "GET /cormun/servlet/solicitudot?a371d68ef0db73a52cfe73dc6aa65eee85fd0ecde360ce2183dcecdee9442291,gx-no-cache=1648130777807 HTTP/1.1" 200 29
190.171.149.74 - - [24/Mar/2022:10:17:07 -0300] "POST /cormun/servlet/solicitudot?gx-no-cache=1648130800105 HTTP/1.1" 200 240
192.168.10.17 - - [24/Mar/2022:10:17:12 -0300] "GET /cormun/servlet/vesolicitudgral?2022,18079,, HTTP/1.1" 200 8364
192.168.10.17 - - [24/Mar/2022:10:17:12 -0300] "GET /cormun/pexe_scrolldiv.js HTTP/1.1" 404 1009
192.168.10.17 - - [24/Mar/2022:10:17:12 -0300] "GET /cormun/servlet/vesolicitudgral?2022,18079,, HTTP/1.1" 200 8364
192.168.10.17 - - [24/Mar/2022:10:17:15 -0300] "GET /cormun/servlet/trsolicitudgral? HTTP/1.1" 200 11118
192.168.10.17 - - [24/Mar/2022:10:17:15 -0300] "GET /cormun/servlet/trsolicitudgral? HTTP/1.1" 200 11117
190.171.149.74 - - [24/Mar/2022:10:17:16 -0300] "GET /cormun/servlet/solicitudot?a371d68ef0db73a52cfe73dc6aa65eeea5cbc1e0b648fca9de90ae194c4775141620302a19b1b2b409e542b7dd7bf096a9aecc2d068157b7e408753e01ed7ad34d3ef60c148047ffe000c5c2954ac18443d8f7b898511c89eac9c0a64ce6edae01e04a00b89676ace5514c4fc29ae76fdd73b9a00043619fcae7402042b5370dd4827daf04c8b7551cbe588a137aad052a3846952abac445626e07f4aca92d19d0b37de22e433779dddb1531e6ea9b2acd97098b81d776a0c3752f26054a253321a45213843b68565ce5053c5d7957a99307543911c60403bc1d481b844b255cfc0314f2c9a26571be38b05b23baea2e94cc8c6c5c1349ec809a01cb0c0c3bc71a36125523ddbdbcc5fae70bc40a4921be8c26cfa156cacd39ea0d10d8f72fca5cce4b04aaf738454eb9f023ec26d930dfacd5fb8f8eecbe3e97006a43dcced69a25f46150a30d726bc8b390cd1bf3d83d873480fed65b0a39665d7c356c9a6dc33b5bcd9b262b1b54129d09f51de5b50d6566b3a0b183b5e6cb471e6b4b2958,gx-no-cache=1648130809101 HTTP/1.1" 200 30
190.171.149.74 - - [24/Mar/2022:10:17:16 -0300] "POST /cormun/servlet/solicitudot?gx-no-cache=1648130809133 HTTP/1.1" 200 30
190.171.149.74 - - [24/Mar/2022:10:17:16 -0300] "POST /cormun/servlet/solicitudot?gx-no-cache=1648130809181 HTTP/1.1" 200 1452
190.171.149.74 - - [24/Mar/2022:10:17:16 -0300] "POST /cormun/servlet/solicitudot?gx-no-cache=1648130809217 HTTP/1.1" 200 38
192.168.10.17 - - [24/Mar/2022:10:17:21 -0300] "GET /cormun/servlet/vesolicitudgral?2022,18079,, HTTP/1.1" 200 8364
192.168.10.17 - - [24/Mar/2022:10:17:21 -0300] "GET /cormun/pexe_scrolldiv.js HTTP/1.1" 404 1009
192.168.10.17 - - [24/Mar/2022:10:17:21 -0300] "GET /cormun/servlet/vesolicitudgral?2022,18079,, HTTP/1.1" 200 8364
190.171.149.74 - - [24/Mar/2022:10:17:32 -0300] "POST /cormun/servlet/solicitudot?gx-no-cache=1648130825748 HTTP/1.1" 200 30
190.171.149.74 - - [24/Mar/2022:10:17:41 -0300] "POST /cormun/servlet/solicitudot?gx-no-cache=1648130834445 HTTP/1.1" 200 1454
190.171.149.74 - - [24/Mar/2022:10:17:44 -0300] "GET /cormun/servlet/prlicenciaspermisos?13300331,L,,MD,,gxPopupLevel%3D0%3B HTTP/1.1" 200 7140
