190.171.152.114 - - [23/Mar/2022:11:17:12 -0300] "GET /cormun/servlet/trsolicitudot? HTTP/1.1" 200 7355
190.171.152.114 - - [23/Mar/2022:11:17:15 -0300] "GET /cormun/servlet/solicitudot?INS,0,0,false, HTTP/1.1" 200 16027
190.171.152.114 - - [23/Mar/2022:11:17:15 -0300] "GET /cormun/servlet/solicitudot?INS,0,0,false, HTTP/1.1" 200 16034
192.168.10.17 - - [23/Mar/2022:11:19:02 -0300] "GET /cormun/servlet/trsolicitudgral? HTTP/1.1" 200 10442
192.168.10.17 - - [23/Mar/2022:11:19:03 -0300] "GET /cormun/servlet/trsolicitudgral? HTTP/1.1" 200 10435
192.168.10.17 - - [23/Mar/2022:11:19:10 -0300] "POST /cormun/servlet/trsolicitudgral?6a4a8f280a0690be131c116883c635d6,,gx-no-cache=1648044239952 HTTP/1.1" 200 26333
192.168.10.17 - - [23/Mar/2022:11:19:18 -0300] "POST /cormun/servlet/trsolicitudgral?6a4a8f280a0690be131c116883c635d6,,gx-no-cache=1648044250186 HTTP/1.1" 200 10483
200.54.107.2 - - [23/Mar/2022:11:19:26 -0300] "GET /cormun/servlet/trsolicitudot? HTTP/1.1" 200 7579
200.54.107.2 - - [23/Mar/2022:11:19:26 -0300] "GET /cormun/servlet/trsolicitudot? HTTP/1.1" 200 7579
45.146.165.37 - - [23/Mar/2022:11:19:28 -0300] "GET / HTTP/1.1" 200 11217
192.168.10.17 - - [23/Mar/2022:11:19:29 -0300] "POST /cormun/servlet/trsolicitudgral?6a4a8f280a0690be131c116883c635d6,,gx-no-cache=1648044261334 HTTP/1.1" 200 6684
192.168.10.17 - - [23/Mar/2022:11:21:41 -0300] "GET /cormun/servlet/trsolicitudgral? HTTP/1.1" 200 9711
192.168.10.17 - - [23/Mar/2022:11:21:41 -0300] "GET /cormun/servlet/trsolicitudgral? HTTP/1.1" 200 9711
190.171.141.90 - - [23/Mar/2022:11:21:47 -0300] "GET /cormun/servlet/trlicencias? HTTP/1.1" 200 10872
190.171.141.90 - - [23/Mar/2022:11:21:49 -0300] "GET /cormun/servlet/hlogin HTTP/1.1" 200 1743
190.171.141.90 - - [23/Mar/2022:11:21:49 -0300] "GET /cormun/servlet/trlicencias? HTTP/1.1" 200 10872
192.168.10.17 - - [23/Mar/2022:11:21:51 -0300] "POST /cormun/servlet/trsolicitudgral?6a4a8f280a0690be131c116883c635d6,,gx-no-cache=1648044403415 HTTP/1.1" 200 5246
192.168.10.17 - - [23/Mar/2022:11:21:57 -0300] "POST /cormun/servlet/trsolicitudgral?6a4a8f280a0690be131c116883c635d6,,gx-no-cache=1648044409533 HTTP/1.1" 200 5246
190.171.141.90 - - [23/Mar/2022:11:21:59 -0300] "POST /cormun/servlet/hlogin?76d51f87fbc7ad85380fe4c7c1a0b6a6,gx-no-cache=1648044578538 HTTP/1.1" 200 448
190.171.141.90 - - [23/Mar/2022:11:22:06 -0300] "POST /cormun/servlet/hlogin?76d51f87fbc7ad85380fe4c7c1a0b6a6,gx-no-cache=1648044585058 HTTP/1.1" 200 90
190.171.141.90 - - [23/Mar/2022:11:22:06 -0300] "GET /cormun/servlet/hpexe_link HTTP/1.1" 200 958
190.171.141.90 - - [23/Mar/2022:11:22:06 -0300] "GET /cormun/servlet/trlicencias HTTP/1.1" 200 15490
190.171.141.90 - - [23/Mar/2022:11:22:07 -0300] "GET /cormun/servlet/trlicencias HTTP/1.1" 200 15488
192.168.10.17 - - [23/Mar/2022:11:22:28 -0300] "GET /cormun/servlet/trsolicitudgral? HTTP/1.1" 200 8269
192.168.10.17 - - [23/Mar/2022:11:22:29 -0300] "GET /cormun/servlet/trsolicitudgral? HTTP/1.1" 200 8269
192.168.10.17 - - [23/Mar/2022:11:22:36 -0300] "POST /cormun/servlet/trsolicitudgral?6a4a8f280a0690be131c116883c635d6,,gx-no-cache=1648044447753 HTTP/1.1" 200 5245
190.171.152.114 - - [23/Mar/2022:11:24:07 -0300] "POST /cormun/servlet/solicitudot?gx-no-cache=1648044702866 HTTP/1.1" 200 3858
190.171.152.114 - - [23/Mar/2022:11:24:07 -0300] "POST /cormun/servlet/solicitudot?bd7657a6ac5e11a4d8c44869f6b29101,INS,0,0,false,,gx-no-cache=1648044703000 HTTP/1.1" 200 12673
190.171.152.114 - - [23/Mar/2022:11:24:09 -0300] "GET /cormun/servlet/solicitudot?a06d433b2815a6eda131ac346ff83ded01c7b371abeb239fe9464f374399fef9849b5f537c57a991259d6c4ad7397e65,gx-no-cache=1648044705411 HTTP/1.1" 200 30
190.171.152.114 - - [23/Mar/2022:11:25:08 -0300] "GET /cormun/servlet/prbanco?,MD,,gxPopupLevel%3D0%3B HTTP/1.1" 200 6600
190.171.152.114 - - [23/Mar/2022:11:25:10 -0300] "GET /cormun/servlet/solicitudot?a06d433b2815a6eda131ac346ff83ded5614987da4eae018caf0ae4f9ae6c8544e06d25f204cc11b8025289f0521e07994fc0d51e664d151654e6d076a036af1fcbe82ac53c2bc7521d0124fc3a5be33,gx-no-cache=1648044766152 HTTP/1.1" 200 30
190.171.152.114 - - [23/Mar/2022:11:25:14 -0300] "GET /cormun/servlet/solicitudot?a06d433b2815a6eda131ac346ff83ded873494bd47e804923359e469f1dc23d1,gx-no-cache=1648044769866 HTTP/1.1" 200 53
190.171.152.114 - - [23/Mar/2022:11:25:48 -0300] "POST /cormun/servlet/solicitudot?gx-no-cache=1648044803822 HTTP/1.1" 200 297
190.171.152.114 - - [23/Mar/2022:11:25:52 -0300] "GET /cormun/servlet/solicitudot?a06d433b2815a6eda131ac346ff83ded255f7000925719c5c8219304a8aabd18c94e524805fbc46dcd38ca57bee36c7a95d5d23bf6cc469e6acf6b8a078001144f9ff2bd11639d5f589a83de65e6ead428882c4717ace5eb2ab682d5b9653f71361fcf1755f1fcff61d332647a2c31bc19067a60efa32f7297937a05484d1d06488e5d8a8cd4b9d461be112825bda9c3b32ec0103460a4f890bb4e820a309d183c63407636ce18139c8f176758d843cde5ceeea1638bff0ed147e2df5ccf162e15926b758c577ac57fd9a4352260d1ea2fa28a9500c7ceb7fbb34e6eddbd8d8712d30d13b643fe64330962e487be43aa1b99d685bf94391aaa5974996f4493a69a0e9f5923129aae7e54129a90be8fe1150c5a4183ce0fc71c85ee7ede4b6e9d074fb4277130b9ff1302a17545593e830b648c4846b85c4abef5c6cc9567fec8195ba0be33f8c92787fbefcab25a88833544918dc71e13e22ec29e844de800644bff493e71c70826ff09a27b94689e7bdd31472037eb8d88543b5859aea62efaf0b59812421be1f04cf9f1e86b7e8925,gx-no-cache=1648044807641 HTTP/1.1" 200 30
190.171.152.114 - - [23/Mar/2022:11:26:01 -0300] "POST /cormun/servlet/solicitudot?gx-no-cache=1648044816879 HTTP/1.1" 200 30
190.171.152.114 - - [23/Mar/2022:11:26:03 -0300] "GET /cormun/servlet/prcontratosol?18445873,,,,,MD,,gxPopupLevel%3D0%3B HTTP/1.1" 200 7912
190.171.152.114 - - [23/Mar/2022:11:26:21 -0300] "POST /cormun/servlet/solicitudot?gx-no-cache=1648044836996 HTTP/1.1" 200 1454
190.171.152.114 - - [23/Mar/2022:11:26:21 -0300] "POST /cormun/servlet/solicitudot?gx-no-cache=1648044837029 HTTP/1.1" 200 38
190.171.152.114 - - [23/Mar/2022:11:26:21 -0300] "GET /cormun/servlet/solicitudot?a06d433b2815a6eda131ac346ff83ded5b61b0a723600c755bdf1fcdf9743c56d9be3b9e70ccd23ed55d3a79a68e988b15167cceb00de376633638f7bf0af2f2f0d7e793a17db74a6e469114c85b7d181ee09fa9c4bed6aef93cac71a10899df9152b2e9e225147ecaecc35754639a48,gx-no-cache=1648044837047 HTTP/1.1" 200 110
190.171.152.114 - - [23/Mar/2022:11:26:21 -0300] "POST /cormun/servlet/solicitudot?gx-no-cache=1648044837073 HTTP/1.1" 200 97
190.171.152.114 - - [23/Mar/2022:11:26:21 -0300] "GET /cormun/servlet/solicitudot?a06d433b2815a6eda131ac346ff83dede5712ee27efd9118e4e4e173920aa4d624b10c0b046c0b2612e3f296112b45c2217e0938e59c204a1e293cc8262ac5eec657562035190dcd72a66272793a8c79246ab8058ce31c65f19409396d44f18b05b751790f88c314d2bf4b4865d4b6b4,gx-no-cache=1648044837096 HTTP/1.1" 200 29
190.171.152.114 - - [23/Mar/2022:11:26:21 -0300] "GET /cormun/servlet/solicitudot?a06d433b2815a6eda131ac346ff83dedcdbba67255b1b59bb5e61a3f284400d0eb20abf79e6e3bb4414fc49e358acb75,gx-no-cache=1648044837115 HTTP/1.1" 200 30
200.54.107.2 - - [23/Mar/2022:11:26:27 -0300] "GET /cormun/servlet/trsolicitudot? HTTP/1.1" 200 7579
200.54.107.2 - - [23/Mar/2022:11:26:28 -0300] "GET /cormun/servlet/trsolicitudot? HTTP/1.1" 200 7579
200.54.107.2 - - [23/Mar/2022:11:26:31 -0300] "GET /cormun/servlet/solicitudot?INS,0,0,false, HTTP/1.1" 200 16082
200.54.107.2 - - [23/Mar/2022:11:26:31 -0300] "GET /cormun/servlet/solicitudot?INS,0,0,false, HTTP/1.1" 200 16090
190.171.152.114 - - [23/Mar/2022:11:26:32 -0300] "GET /cormun/servlet/prcontratosol?18445873,,,,,MD,,gxPopupLevel%3D0%3B HTTP/1.1" 200 7912
200.54.107.2 - - [23/Mar/2022:11:26:44 -0300] "POST /cormun/servlet/solicitudot?gx-no-cache=1648044858591 HTTP/1.1" 200 3942
200.54.107.2 - - [23/Mar/2022:11:26:44 -0300] "POST /cormun/servlet/solicitudot?5aa1229a1a21ce4209afe57f70a43733,INS,0,0,false,,gx-no-cache=1648044858836 HTTP/1.1" 200 12757
200.54.107.2 - - [23/Mar/2022:11:27:01 -0300] "GET /cormun/servlet/solicitudot?4eadcde4aa81c0f851fad8c4fd244e8b925ee5014ea3c0eda1b2b861de69e02f0194d0357b7a5586f7badaa082c95617,gx-no-cache=1648044875321 HTTP/1.1" 200 30
200.54.107.2 - - [23/Mar/2022:11:27:01 -0300] "GET /cormun/servlet/solicitudot?4eadcde4aa81c0f851fad8c4fd244e8b1b6615a5e64987e8c687f8a7d84e0f86,gx-no-cache=1648044875384 HTTP/1.1" 200 94
200.54.107.2 - - [23/Mar/2022:11:27:01 -0300] "GET /cormun/static/Shared/jqueryui/images/ui-bg_highlight-soft_100_c6c2c8_1x100.png HTTP/1.1" 404 1117
200.54.107.2 - - [23/Mar/2022:11:27:01 -0300] "GET /cormun/static/Shared/jqueryui/images/ui-icons_82798d_256x240.png HTTP/1.1" 404 1089
200.54.107.2 - - [23/Mar/2022:11:27:01 -0300] "GET /cormun/static/Shared/jqueryui/images/ui-icons_ebccce_256x240.png HTTP/1.1" 404 1089
200.54.107.2 - - [23/Mar/2022:11:27:01 -0300] "GET /cormun/static/Shared/jqueryui/images/ui-bg_flat_55_994d53_40x100.png HTTP/1.1" 404 1097
190.171.152.114 - - [23/Mar/2022:11:27:15 -0300] "GET /cormun/servlet/solicitudot?a06d433b2815a6eda131ac346ff83ded5b61b0a723600c755bdf1fcdf9743c56d9be3b9e70ccd23ed55d3a79a68e988b15167cceb00de376633638f7bf0af2f2f0d7e793a17db74a6e469114c85b7d181ee09fa9c4bed6aef93cac71a10899df9152b2e9e225147ecaecc35754639a48,gx-no-cache=1648044890602 HTTP/1.1" 200 110
190.171.152.114 - - [23/Mar/2022:11:27:28 -0300] "POST /cormun/servlet/solicitudot?gx-no-cache=1648044904422 HTTP/1.1" 200 33
190.171.152.114 - - [23/Mar/2022:11:27:42 -0300] "POST /cormun/servlet/solicitudot?bd7657a6ac5e11a4d8c44869f6b29101,INS,0,0,false,,gx-no-cache=1648044917520 HTTP/1.1" 200 93
190.171.152.114 - - [23/Mar/2022:11:27:42 -0300] "GET /cormun/servlet/hpexe_return? HTTP/1.1" 200 1014
190.171.152.114 - - [23/Mar/2022:11:27:42 -0300] "GET /cormun/servlet/trsolicitudot HTTP/1.1" 200 8802
190.171.152.114 - - [23/Mar/2022:11:27:42 -0300] "GET /cormun/servlet/trsolicitudot HTTP/1.1" 200 8796
200.54.107.2 - - [23/Mar/2022:11:27:58 -0300] "GET /cormun/servlet/solicitudot?4eadcde4aa81c0f851fad8c4fd244e8ba7b1cfb14282526eadcfb2ff7181c140cfc978f39cee9d142197284931d1f62197739f3d5b2e58de8914744bbf5a08a6,gx-no-cache=1648044932736 HTTP/1.1" 200 30
200.54.107.2 - - [23/Mar/2022:11:27:58 -0300] "GET /cormun/servlet/solicitudot?4eadcde4aa81c0f851fad8c4fd244e8bfdcfdb8ffd432d30703f01ad7849ef0e,gx-no-cache=1648044932808 HTTP/1.1" 200 123
200.54.107.2 - - [23/Mar/2022:11:27:58 -0300] "POST /cormun/servlet/solicitudot?gx-no-cache=1648044932857 HTTP/1.1" 200 256
200.54.107.2 - - [23/Mar/2022:11:27:58 -0300] "GET /cormun/servlet/solicitudot?4eadcde4aa81c0f851fad8c4fd244e8b943444fc561b522fbd91bf3ca91aa98173079dac4337cbf17efa7b2bfa495c5627071f13315fa7fd95c8bba657bcd35f0dbf95123831cb9adbfdce4b0b39e878559c8320c02803c7898e1e0698df5ba27250039a00487f59123544d098de77680f58e5db685d209859c8ddd64b5f7088f84c3842ef3f48cef7865b301ffd9a52d7daf63af0c9ce567024ef5eebdc381ca71ebfb09c477e2f899cf7ebe1437ee07df1e496865481efccbfc74902017a903deb611389ab13661d5dbf09e5ebe47002e30438c6dbe48bd186016414575a8f8fd4d5ca05d040402e97f91462fbbf523db55286e387595e4b9c59c6c64977d91a5fab7e3107c84a5c3a6eca1b2b6b054ed6da3ba49946e03b4aa266db891ec358451abcebce61d1b1fc2dbea26e2c79374d8cfe83dd322a774c61ebd1b39469d5c497168e7bd05014fd7cc4d3e0915c642d4f86f0ca2e93cb01cf166bba8d04b7e9a14f90fbd91d5f94de8cb173d06945d1cc62906fe1ebd5d59bf6e6682f42,gx-no-cache=1648044932914 HTTP/1.1" 200 30
200.54.107.2 - - [23/Mar/2022:11:28:00 -0300] "POST /cormun/servlet/solicitudot?gx-no-cache=1648044934184 HTTP/1.1" 200 30
200.54.107.2 - - [23/Mar/2022:11:28:01 -0300] "POST /cormun/servlet/solicitudot?gx-no-cache=1648044935735 HTTP/1.1" 200 1453
200.54.107.2 - - [23/Mar/2022:11:28:01 -0300] "POST /cormun/servlet/solicitudot?gx-no-cache=1648044935767 HTTP/1.1" 200 38
190.171.153.26 - - [23/Mar/2022:11:28:14 -0300] "GET /cormun/servlet/trpermisosgoce? HTTP/1.1" 200 6030
190.171.153.26 - - [23/Mar/2022:11:28:17 -0300] "GET /cormun/static/gxcfg.js?2020121631564 HTTP/1.1" 200 953
190.171.153.26 - - [23/Mar/2022:11:28:19 -0300] "GET /cormun/static/trpermisosgoce.js?2020121633681 HTTP/1.1" 304 -
190.171.153.26 - - [23/Mar/2022:11:28:21 -0300] "GET /cormun/servlet/trpermisosgoce? HTTP/1.1" 200 6026
190.171.153.26 - - [23/Mar/2022:11:28:21 -0300] "GET /cormun/servlet/hlogin HTTP/1.1" 200 1742
190.171.152.114 - - [23/Mar/2022:11:28:24 -0300] "POST /cormun/servlet/trsolicitudot?bd7657a6ac5e11a4d8c44869f6b29101,gx-no-cache=1648044959971 HTTP/1.1" 200 4587
190.171.152.114 - - [23/Mar/2022:11:28:24 -0300] "GET /cormun/static/Shared/jqueryui/images/ui-bg_highlight-soft_100_c6c2c8_1x100.png HTTP/1.1" 404 1117
190.171.152.114 - - [23/Mar/2022:11:28:24 -0300] "GET /cormun/static/Shared/jqueryui/images/ui-icons_82798d_256x240.png HTTP/1.1" 404 1089
190.171.152.114 - - [23/Mar/2022:11:28:24 -0300] "GET /cormun/static/Shared/jqueryui/images/ui-bg_flat_55_fafafa_40x100.png HTTP/1.1" 404 1097
190.171.152.114 - - [23/Mar/2022:11:28:24 -0300] "GET /cormun/static/Shared/jqueryui/images/ui-icons_8d78a5_256x240.png HTTP/1.1" 404 1089
190.171.152.114 - - [23/Mar/2022:11:28:24 -0300] "POST /cormun/servlet/trsolicitudot?bd7657a6ac5e11a4d8c44869f6b29101,gx-no-cache=1648044960166 HTTP/1.1" 200 4352
190.171.153.26 - - [23/Mar/2022:11:28:28 -0300] "POST /cormun/servlet/hlogin?fde28546082f024c2b393bf25717d08c,gx-no-cache=1648044965517 HTTP/1.1" 200 90
190.171.153.26 - - [23/Mar/2022:11:28:28 -0300] "GET /cormun/servlet/hpexe_link HTTP/1.1" 200 955
190.171.153.26 - - [23/Mar/2022:11:28:28 -0300] "GET /cormun/servlet/trpermisosgoce HTTP/1.1" 200 7618
190.171.153.26 - - [23/Mar/2022:11:28:28 -0300] "GET /cormun//static/Resources/PXToolsGridUpdate.png HTTP/1.1" 200 470
190.171.153.26 - - [23/Mar/2022:11:28:28 -0300] "GET /cormun//static/Resources/PXToolsGridDelete.png HTTP/1.1" 200 538
190.171.153.26 - - [23/Mar/2022:11:28:58 -0300] "GET /cormun/static/menuarrow.gif HTTP/1.1" 404 1015
190.171.153.26 - - [23/Mar/2022:11:29:32 -0300] "GET /cormun/servlet/permisogoce?INS,0,,, HTTP/1.1" 200 6810
190.171.153.26 - - [23/Mar/2022:11:29:33 -0300] "GET /cormun/static/Resources/prompt.gif HTTP/1.1" 200 902
190.171.153.26 - - [23/Mar/2022:11:29:33 -0300] "GET /cormun/static/permisogoce.js?20201215124939 HTTP/1.1" 304 -
190.171.153.26 - - [23/Mar/2022:11:29:40 -0300] "GET /cormun/servlet/permisogoce?deea0dd756e601f938667d429321db7e892866c5425dfc1693c206f19555a4e262f6cfdee4da31138e4fff811d6c1e70c228a38150a119b260342ca6c7b4ce86,gx-no-cache=1648045037971 HTTP/1.1" 200 184
190.171.153.26 - - [23/Mar/2022:11:29:40 -0300] "GET /cormun/static/Shared/jqueryui/images/ui-bg_highlight-soft_100_c6c2c8_1x100.png HTTP/1.1" 404 1117
190.171.153.26 - - [23/Mar/2022:11:29:40 -0300] "GET /cormun/static/Shared/jqueryui/images/ui-icons_82798d_256x240.png HTTP/1.1" 404 1089
190.171.153.26 - - [23/Mar/2022:11:29:40 -0300] "GET /cormun/static/Shared/jqueryui/images/ui-bg_flat_55_994d53_40x100.png HTTP/1.1" 404 1097
190.171.153.26 - - [23/Mar/2022:11:29:40 -0300] "GET /cormun/static/Shared/jqueryui/images/ui-icons_ebccce_256x240.png HTTP/1.1" 404 1089
190.171.152.114 - - [23/Mar/2022:11:29:49 -0300] "GET /cormun/servlet/trautorizarsolicitud? HTTP/1.1" 200 8812
190.171.152.114 - - [23/Mar/2022:11:29:49 -0300] "GET /cormun/servlet/trautorizarsolicitud? HTTP/1.1" 200 8811
190.171.153.26 - - [23/Mar/2022:11:29:58 -0300] "GET /cormun/servlet/permisogoce?deea0dd756e601f938667d429321db7e48d0c9a49de1c7ce0cc3b69b157a6fe1b9e6f2b1b0f648f56f7c49b131031d123bd0f67316b44ae6a23475401e259ca1,gx-no-cache=1648045055441 HTTP/1.1" 200 185
190.171.152.114 - - [23/Mar/2022:11:30:14 -0300] "POST /cormun/servlet/trautorizarsolicitud?bd7657a6ac5e11a4d8c44869f6b29101,,gx-no-cache=1648045070104 HTTP/1.1" 200 116
190.171.152.114 - - [23/Mar/2022:11:30:14 -0300] "GET /cormun/servlet/solicitudotlog?INS,2022,18277,0,REC, HTTP/1.1" 200 6129
190.171.152.114 - - [23/Mar/2022:11:30:14 -0300] "GET /cormun/static/gxcfg.js?2020121572485 HTTP/1.1" 200 953
190.171.152.114 - - [23/Mar/2022:11:30:14 -0300] "GET /cormun/static/solicitudotlog.js?2020121572497 HTTP/1.1" 200 8934
190.171.152.114 - - [23/Mar/2022:11:30:15 -0300] "GET /cormun/servlet/solicitudotlog?INS,2022,18277,0,REC, HTTP/1.1" 200 6130
190.171.153.26 - - [23/Mar/2022:11:30:15 -0300] "POST /cormun/servlet/permisogoce?fde28546082f024c2b393bf25717d08c,INS,0,,,,gx-no-cache=1648045072780 HTTP/1.1" 200 93
190.171.153.26 - - [23/Mar/2022:11:30:15 -0300] "GET /cormun/servlet/hpexe_return? HTTP/1.1" 200 1008
190.171.153.26 - - [23/Mar/2022:11:30:15 -0300] "GET /cormun/static/gxcfg.js?201991422392976 HTTP/1.1" 200 953
190.171.152.114 - - [23/Mar/2022:11:30:15 -0300] "GET /cormun/servlet/solicitudotlog?a06d433b2815a6eda131ac346ff83dedff7441bdc661e5b32c5481a8f3dab4bef72da929bd46db71cb4add02917cdaf12b844fb128e6531e820bfd8db4ceea579a3dcd067dffba9b9e65fa403c550d58cbcc92ddb4e361d7375b4b20d81daf956d67f09d5d7054018c71cfc29ea9f13a0938a0713f65b9b616f17661a8dcb5a9eda491686e7c416125f45481a22b144d3e5fcefa492c1dd380417e5ef457bafe,gx-no-cache=1648045071033 HTTP/1.1" 200 94
190.171.153.26 - - [23/Mar/2022:11:30:15 -0300] "GET /cormun/servlet/trpermisosgoce HTTP/1.1" 200 7621
190.171.152.114 - - [23/Mar/2022:11:30:31 -0300] "POST /cormun/servlet/solicitudotlog?bd7657a6ac5e11a4d8c44869f6b29101,INS,2022,18277,0,REC,,gx-no-cache=1648045086374 HTTP/1.1" 200 93
190.171.152.114 - - [23/Mar/2022:11:30:31 -0300] "GET /cormun/servlet/hpexe_return? HTTP/1.1" 200 1033
190.171.152.114 - - [23/Mar/2022:11:30:31 -0300] "GET /cormun/servlet/trautorizarsolicitud HTTP/1.1" 200 7432
190.171.152.114 - - [23/Mar/2022:11:30:31 -0300] "GET /cormun/servlet/trautorizarsolicitud HTTP/1.1" 200 7428
190.171.152.114 - - [23/Mar/2022:11:30:34 -0300] "GET /cormun/servlet/trsolicitudot? HTTP/1.1" 200 8796
190.171.152.114 - - [23/Mar/2022:11:30:35 -0300] "GET /cormun/servlet/trsolicitudot? HTTP/1.1" 200 8796
190.171.152.114 - - [23/Mar/2022:11:30:37 -0300] "POST /cormun/servlet/trsolicitudot?bd7657a6ac5e11a4d8c44869f6b29101,,gx-no-cache=1648045093474 HTTP/1.1" 200 112
190.171.152.114 - - [23/Mar/2022:11:30:38 -0300] "GET /cormun/servlet/solicitudot?UPD,2022,18277,false, HTTP/1.1" 200 16632
190.171.152.114 - - [23/Mar/2022:11:30:38 -0300] "GET /cormun/servlet/solicitudot?UPD,2022,18277,false, HTTP/1.1" 200 16643
190.171.152.114 - - [23/Mar/2022:11:30:38 -0300] "POST /cormun/servlet/solicitudot?gx-no-cache=1648045094402 HTTP/1.1" 200 3949
190.171.152.114 - - [23/Mar/2022:11:30:39 -0300] "POST /cormun/servlet/solicitudot?bd7657a6ac5e11a4d8c44869f6b29101,UPD,2022,18277,false,,gx-no-cache=1648045094532 HTTP/1.1" 200 12860
190.171.152.114 - - [23/Mar/2022:11:30:39 -0300] "GET /cormun/servlet/solicitudot?a06d433b2815a6eda131ac346ff83ded01c7b371abeb239fe9464f374399fef962a747eefa37cd3899597e5e9ec65a3a,gx-no-cache=1648045094689 HTTP/1.1" 200 30
190.171.152.114 - - [23/Mar/2022:11:30:39 -0300] "GET /cormun/servlet/solicitudot?a06d433b2815a6eda131ac346ff83ded5614987da4eae018caf0ae4f9ae6c8544e06d25f204cc11b8025289f0521e07994fc0d51e664d151654e6d076a036af1339f8b9456a11b2f0b8a53f997703023,gx-no-cache=1648045094710 HTTP/1.1" 200 30
190.171.152.114 - - [23/Mar/2022:11:30:39 -0300] "GET /cormun/servlet/solicitudot?a06d433b2815a6eda131ac346ff83ded649cec5598f721be1f4fa032d17405011ac7c82bf42091080b8d7a1690453850ac53ae10c0c5a65800f5bf0ddd4e23f8,gx-no-cache=1648045094728 HTTP/1.1" 200 53
190.171.152.114 - - [23/Mar/2022:11:30:39 -0300] "POST /cormun/servlet/solicitudot?gx-no-cache=1648045094749 HTTP/1.1" 200 297
190.171.152.114 - - [23/Mar/2022:11:30:39 -0300] "GET /cormun/servlet/solicitudot?a06d433b2815a6eda131ac346ff83ded255f7000925719c5c8219304a8aabd18c94e524805fbc46dcd38ca57bee36c7a95d5d23bf6cc469e6acf6b8a078001144f9ff2bd11639d5f589a83de65e6ead428882c4717ace5eb2ab682d5b9653f71361fcf1755f1fcff61d332647a2c31bc19067a60efa32f7297937a05484d1d06488e5d8a8cd4b9d461be112825bda9c3b32ec0103460a4f890bb4e820a309d183c63407636ce18139c8f176758d843cde5ceeea1638bff0ed147e2df5ccf162e15926b758c577ac57fd9a4352260d1ea2fa28a9500c7ceb7fbb34e6eddbd8d8712d30d13b643fe64330962e487be43aa1b99d685bf94391aaa5974996f4493a69a0e9f5923129aae7e54129a90be8fe1150c5a4183ce0fc71c85ee7ede4b6e9d074fb4277130b9ff1302a17545593e830b648c4846b85c4abef5c6cc9567fec8195ba0be33f8c92787fbefcab25a88833544918dc71e13e22ec29e844de800644bff493e71c70826ff09a27b94689e7b99c097c8dfc5209f752172527fda5aacf0b59812421be1f04cf9f1e86b7e8925,gx-no-cache=1648045094773 HTTP/1.1" 200 30
190.171.152.114 - - [23/Mar/2022:11:30:39 -0300] "POST /cormun/servlet/solicitudot?gx-no-cache=1648045094794 HTTP/1.1" 200 30
190.171.152.114 - - [23/Mar/2022:11:30:39 -0300] "POST /cormun/servlet/solicitudot?gx-no-cache=1648045094823 HTTP/1.1" 200 1454
190.171.152.114 - - [23/Mar/2022:11:30:39 -0300] "POST /cormun/servlet/solicitudot?gx-no-cache=1648045094858 HTTP/1.1" 200 41
190.171.152.114 - - [23/Mar/2022:11:30:42 -0300] "POST /cormun/servlet/solicitudot?gx-no-cache=1648045098453 HTTP/1.1" 200 30
200.54.107.2 - - [23/Mar/2022:11:31:21 -0300] "GET /cormun/servlet/solicitudot?4eadcde4aa81c0f851fad8c4fd244e8be6e4a1bb88f93b648df01cbf20287064,gx-no-cache=1648045135335 HTTP/1.1" 200 123
200.54.107.2 - - [23/Mar/2022:11:31:49 -0300] "GET /cormun/servlet/solicitudot?4eadcde4aa81c0f851fad8c4fd244e8be6e4a1bb88f93b648df01cbf20287064,gx-no-cache=1648045163289 HTTP/1.1" 200 123
190.171.152.114 - - [23/Mar/2022:11:31:50 -0300] "POST /cormun/servlet/solicitudot?gx-no-cache=1648045166257 HTTP/1.1" 200 1454
190.171.152.114 - - [23/Mar/2022:11:31:55 -0300] "GET /cormun/servlet/prlicenciaspermisos?16816694,L,,MD,,gxPopupLevel%3D0%3B HTTP/1.1" 200 5684
192.168.10.17 - - [23/Mar/2022:11:31:59 -0300] "GET /cormun/static/menuarrow.gif HTTP/1.1" 404 1015
200.54.107.2 - - [23/Mar/2022:11:32:04 -0300] "POST /cormun/servlet/solicitudot?5aa1229a1a21ce4209afe57f70a43733,INS,0,0,false,,gx-no-cache=1648045178577 HTTP/1.1" 200 12893
200.54.107.2 - - [23/Mar/2022:11:32:04 -0300] "GET /cormun/static/Shared/jqueryui/images/ui-bg_flat_55_fafafa_40x100.png HTTP/1.1" 404 1097
200.54.107.2 - - [23/Mar/2022:11:32:04 -0300] "GET /cormun/static/Shared/jqueryui/images/ui-icons_8d78a5_256x240.png HTTP/1.1" 404 1089
192.168.10.17 - - [23/Mar/2022:11:32:04 -0300] "POST /cormun/servlet/trsolicitudgral?6a4a8f280a0690be131c116883c635d6,,gx-no-cache=1648045016287 HTTP/1.1" 200 7407
200.54.107.2 - - [23/Mar/2022:11:32:09 -0300] "POST /cormun/servlet/solicitudot?gx-no-cache=1648045183757 HTTP/1.1" 200 3976
200.54.107.2 - - [23/Mar/2022:11:32:09 -0300] "POST /cormun/servlet/solicitudot?5aa1229a1a21ce4209afe57f70a43733,INS,0,0,false,,gx-no-cache=1648045183917 HTTP/1.1" 200 12900
200.54.107.2 - - [23/Mar/2022:11:32:09 -0300] "GET /cormun/servlet/solicitudot?4eadcde4aa81c0f851fad8c4fd244e8b925ee5014ea3c0eda1b2b861de69e02f669c52cd752885cb054c95f3a4445937,gx-no-cache=1648045184106 HTTP/1.1" 200 30
200.54.107.2 - - [23/Mar/2022:11:32:09 -0300] "GET /cormun/servlet/solicitudot?4eadcde4aa81c0f851fad8c4fd244e8ba7b1cfb14282526eadcfb2ff7181c140cfc978f39cee9d142197284931d1f62116a077e6fafbc5cec05f132ee8279d80,gx-no-cache=1648045184157 HTTP/1.1" 200 30
200.54.107.2 - - [23/Mar/2022:11:32:10 -0300] "GET /cormun/servlet/solicitudot?4eadcde4aa81c0f851fad8c4fd244e8be6e4a1bb88f93b648df01cbf20287064,gx-no-cache=1648045184183 HTTP/1.1" 200 123
200.54.107.2 - - [23/Mar/2022:11:32:10 -0300] "POST /cormun/servlet/solicitudot?gx-no-cache=1648045184223 HTTP/1.1" 200 257
200.54.107.2 - - [23/Mar/2022:11:32:10 -0300] "GET /cormun/servlet/solicitudot?4eadcde4aa81c0f851fad8c4fd244e8b943444fc561b522fbd91bf3ca91aa98173079dac4337cbf17efa7b2bfa495c5627071f13315fa7fd95c8bba657bcd35f0dbf95123831cb9adbfdce4b0b39e878559c8320c02803c7898e1e0698df5ba27250039a00487f59123544d098de77680f58e5db685d209859c8ddd64b5f7088f84c3842ef3f48cef7865b301ffd9a52d7daf63af0c9ce567024ef5eebdc381ca71ebfb09c477e2f899cf7ebe1437ee07df1e496865481efccbfc74902017a903deb611389ab13661d5dbf09e5ebe47002e30438c6dbe48bd186016414575a8f8fd4d5ca05d040402e97f91462fbbf523db55286e387595e4b9c59c6c64977d91a5fab7e3107c84a5c3a6eca1b2b6b054ed6da3ba49946e03b4aa266db891ec358451abcebce61d1b1fc2dbea26e2c79374d8cfe83dd322a774c61ebd1b39469d5c497168e7bd05014fd7cc4d3e0915c642d4f86f0ca2e93cb01cf166bba8d04b7e9a14f90fbd91d5f94de8cb173d0691289023158e284087e7c64f3898506d7,gx-no-cache=1648045184268 HTTP/1.1" 200 30
200.54.107.2 - - [23/Mar/2022:11:32:10 -0300] "POST /cormun/servlet/solicitudot?gx-no-cache=1648045184292 HTTP/1.1" 200 30
200.54.107.2 - - [23/Mar/2022:11:32:10 -0300] "POST /cormun/servlet/solicitudot?gx-no-cache=1648045184320 HTTP/1.1" 200 1453
200.54.107.2 - - [23/Mar/2022:11:32:10 -0300] "POST /cormun/servlet/solicitudot?gx-no-cache=1648045184354 HTTP/1.1" 200 38
190.171.152.114 - - [23/Mar/2022:11:32:16 -0300] "GET /cormun/servlet/prlicenciaspermisos?16816694,L,,MD,,gxPopupLevel%3D0%3B HTTP/1.1" 200 5684
190.171.152.114 - - [23/Mar/2022:11:32:24 -0300] "POST /cormun/servlet/solicitudot?gx-no-cache=1648045200472 HTTP/1.1" 200 41
190.171.152.114 - - [23/Mar/2022:11:32:24 -0300] "GET /cormun/servlet/solicitudot?a06d433b2815a6eda131ac346ff83ded5b61b0a723600c755bdf1fcdf9743c56d9be3b9e70ccd23ed55d3a79a68e988b15167cceb00de376633638f7bf0af2f2f0d7e793a17db74a6e469114c85b7d181ee09fa9c4bed6aef93cac71a10899df9152b2e9e225147ecaecc35754639a48,gx-no-cache=1648045200497 HTTP/1.1" 200 110
190.171.152.114 - - [23/Mar/2022:11:32:25 -0300] "POST /cormun/servlet/solicitudot?gx-no-cache=1648045200518 HTTP/1.1" 200 96
190.171.152.114 - - [23/Mar/2022:11:32:25 -0300] "GET /cormun/servlet/solicitudot?a06d433b2815a6eda131ac346ff83ded3a9f4860bf5b1fb5bb0b7ca82e20a507f72da929bd46db71cb4add02917cdaf140d514083c3bba6c016c6d8c2d7084321678fa37a366ad042325e99e0bb818668a2397f4a0d8cf6bb8161c28951e70c17158fbaee04f977356b6867092df223d,gx-no-cache=1648045200542 HTTP/1.1" 200 29
190.171.152.114 - - [23/Mar/2022:11:32:25 -0300] "GET /cormun/static/menuarrow.gif HTTP/1.1" 404 1015
190.171.152.114 - - [23/Mar/2022:11:32:28 -0300] "GET /cormun/servlet/solicitudot?a06d433b2815a6eda131ac346ff83ded5b61b0a723600c755bdf1fcdf9743c56d9be3b9e70ccd23ed55d3a79a68e988b15167cceb00de376633638f7bf0af2f2f0d7e793a17db74a6e469114c85b7d181ee09fa9c4bed6aef93cac71a10899df9152b2e9e225147ecaecc35754639a48,gx-no-cache=1648045203745 HTTP/1.1" 200 110
190.171.152.114 - - [23/Mar/2022:11:32:35 -0300] "GET /cormun/servlet/prcontratosol?18445873,,,,,MD,,gxPopupLevel%3D0%3B HTTP/1.1" 200 7918
190.171.152.114 - - [23/Mar/2022:11:32:42 -0300] "GET /cormun/servlet/solicitudot?a06d433b2815a6eda131ac346ff83dedf680e65050df9d7a4116e311ca2de4b64fd5e6f0e4cae61cfe622fcca70ab327,gx-no-cache=1648045217620 HTTP/1.1" 200 30
190.171.152.114 - - [23/Mar/2022:11:32:43 -0300] "GET /cormun/servlet/prlicenciaspermisos?16816694,L,,MD,,gxPopupLevel%3D0%3B HTTP/1.1" 200 5684
190.171.152.114 - - [23/Mar/2022:11:32:49 -0300] "GET /cormun/servlet/solicitudot?a06d433b2815a6eda131ac346ff83ded5b61b0a723600c755bdf1fcdf9743c56d9be3b9e70ccd23ed55d3a79a68e988b15167cceb00de376633638f7bf0af2f2f0d7e793a17db74a6e469114c85b7d181ee09fa9c4bed6aef93cac71a10899df9152b2e9e225147ecaecc35754639a48,gx-no-cache=1648045224998 HTTP/1.1" 200 110
190.171.152.114 - - [23/Mar/2022:11:32:51 -0300] "GET /cormun/servlet/solicitudot?a06d433b2815a6eda131ac346ff83ded5b61b0a723600c755bdf1fcdf9743c56d9be3b9e70ccd23ed55d3a79a68e988b15167cceb00de376633638f7bf0af2f2f0d7e793a17db74a6e469114c85b7d181ee09fa9c4bed6aef93cac71a10899df9152b2e9e225147ecaecc35754639a48,gx-no-cache=1648045226657 HTTP/1.1" 200 110
190.171.152.114 - - [23/Mar/2022:11:33:03 -0300] "POST /cormun/servlet/solicitudot?gx-no-cache=1648045238992 HTTP/1.1" 200 146
190.171.152.114 - - [23/Mar/2022:11:33:03 -0300] "GET /cormun/static/Shared/jqueryui/images/ui-bg_highlight-soft_100_c6c2c8_1x100.png HTTP/1.1" 404 1117
190.171.152.114 - - [23/Mar/2022:11:33:03 -0300] "GET /cormun/static/Shared/jqueryui/images/ui-icons_82798d_256x240.png HTTP/1.1" 404 1089
190.171.152.114 - - [23/Mar/2022:11:33:03 -0300] "GET /cormun/static/Shared/jqueryui/images/ui-icons_ebccce_256x240.png HTTP/1.1" 404 1089
190.171.152.114 - - [23/Mar/2022:11:33:03 -0300] "GET /cormun/static/Shared/jqueryui/images/ui-bg_flat_55_994d53_40x100.png HTTP/1.1" 404 1097
190.171.152.114 - - [23/Mar/2022:11:33:03 -0300] "POST /cormun/servlet/solicitudot?bd7657a6ac5e11a4d8c44869f6b29101,UPD,2022,18277,false,,gx-no-cache=1648045239062 HTTP/1.1" 200 13114
190.171.152.114 - - [23/Mar/2022:11:33:13 -0300] "GET /cormun/servlet/prlicenciaspermisos?16816694,L,,MD,,gxPopupLevel%3D0%3B HTTP/1.1" 200 5684
192.168.10.17 - - [23/Mar/2022:11:33:25 -0300] "GET /cormun/servlet/vesolicitudgral?2022,18209,, HTTP/1.1" 200 8342
192.168.10.17 - - [23/Mar/2022:11:33:25 -0300] "GET /cormun/pexe_scrolldiv.js HTTP/1.1" 404 1009
192.168.10.17 - - [23/Mar/2022:11:33:25 -0300] "GET /cormun/servlet/vesolicitudgral?2022,18209,, HTTP/1.1" 200 8342
190.171.152.114 - - [23/Mar/2022:11:33:25 -0300] "POST /cormun/servlet/solicitudot?gx-no-cache=1648045260924 HTTP/1.1" 200 3949
190.171.152.114 - - [23/Mar/2022:11:33:25 -0300] "POST /cormun/servlet/solicitudot?bd7657a6ac5e11a4d8c44869f6b29101,UPD,2022,18277,false,,gx-no-cache=1648045261043 HTTP/1.1" 200 12966
190.171.152.114 - - [23/Mar/2022:11:33:25 -0300] "GET /cormun/servlet/solicitudot?a06d433b2815a6eda131ac346ff83ded01c7b371abeb239fe9464f374399fef962a747eefa37cd3899597e5e9ec65a3a,gx-no-cache=1648045261212 HTTP/1.1" 200 30
190.171.152.114 - - [23/Mar/2022:11:33:25 -0300] "GET /cormun/servlet/solicitudot?a06d433b2815a6eda131ac346ff83ded5614987da4eae018caf0ae4f9ae6c8544e06d25f204cc11b8025289f0521e07994fc0d51e664d151654e6d076a036af1339f8b9456a11b2f0b8a53f997703023,gx-no-cache=1648045261234 HTTP/1.1" 200 30
190.171.152.114 - - [23/Mar/2022:11:33:25 -0300] "GET /cormun/servlet/solicitudot?a06d433b2815a6eda131ac346ff83ded649cec5598f721be1f4fa032d17405011ac7c82bf42091080b8d7a1690453850e05dab6eebd6cdbaed6dc611ad136e55b72cbe6051b9d717e696077a75932deada7200fa94144eec57ed296f31fbe442d0b0d3539e0713cbe6c63cf766f04672,gx-no-cache=1648045261253 HTTP/1.1" 200 53
190.171.152.114 - - [23/Mar/2022:11:33:25 -0300] "POST /cormun/servlet/solicitudot?gx-no-cache=1648045261275 HTTP/1.1" 200 297
190.171.152.114 - - [23/Mar/2022:11:33:25 -0300] "GET /cormun/servlet/solicitudot?a06d433b2815a6eda131ac346ff83ded255f7000925719c5c8219304a8aabd18c94e524805fbc46dcd38ca57bee36c7a95d5d23bf6cc469e6acf6b8a078001144f9ff2bd11639d5f589a83de65e6ead428882c4717ace5eb2ab682d5b9653f71361fcf1755f1fcff61d332647a2c31bc19067a60efa32f7297937a05484d1d06488e5d8a8cd4b9d461be112825bda9c3b32ec0103460a4f890bb4e820a309d183c63407636ce18139c8f176758d843cde5ceeea1638bff0ed147e2df5ccf162e15926b758c577ac57fd9a4352260d1ea2fa28a9500c7ceb7fbb34e6eddbd8d8712d30d13b643fe64330962e487be43aa1b99d685bf94391aaa5974996f4493a69a0e9f5923129aae7e54129a90be8fe1150c5a4183ce0fc71c85ee7ede4b6e9d074fb4277130b9ff1302a17545593e830b648c4846b85c4abef5c6cc9567fec8195ba0be33f8c92787fbefcab25a88833544918dc71e13e22ec29e844de800644bff493e71c70826ff09a27b94689e7b99c097c8dfc5209f752172527fda5aacf0b59812421be1f04cf9f1e86b7e8925,gx-no-cache=1648045261299 HTTP/1.1" 200 30
190.171.152.114 - - [23/Mar/2022:11:33:25 -0300] "POST /cormun/servlet/solicitudot?gx-no-cache=1648045261319 HTTP/1.1" 200 30
190.171.152.114 - - [23/Mar/2022:11:33:25 -0300] "POST /cormun/servlet/solicitudot?gx-no-cache=1648045261343 HTTP/1.1" 200 1454
190.171.152.114 - - [23/Mar/2022:11:33:28 -0300] "POST /cormun/servlet/solicitudot?gx-no-cache=1648045263957 HTTP/1.1" 200 41
190.171.152.114 - - [23/Mar/2022:11:33:28 -0300] "GET /cormun/servlet/solicitudot?a06d433b2815a6eda131ac346ff83ded5b61b0a723600c755bdf1fcdf9743c56d9be3b9e70ccd23ed55d3a79a68e988b15167cceb00de376633638f7bf0af2f2f0d7e793a17db74a6e469114c85b7d181ee09fa9c4bed6aef93cac71a10899df9152b2e9e225147ecaecc35754639a48,gx-no-cache=1648045263980 HTTP/1.1" 200 110
190.171.152.114 - - [23/Mar/2022:11:33:28 -0300] "POST /cormun/servlet/solicitudot?gx-no-cache=1648045264005 HTTP/1.1" 200 96
200.54.107.2 - - [23/Mar/2022:11:33:43 -0300] "GET /cormun/servlet/solicitudot?4eadcde4aa81c0f851fad8c4fd244e8b6274b11c4272d17063fed241d380f6aff315875acaf8b6cfcce7276ede22e975d36406c7ceea505d33a212e4adcf4b1fb35e538ffff6a0d962009c33fa38a877af85415140c68279cc49ed1e7a959bce1667752f6a661236f35cded950aaae2a,gx-no-cache=1648045277718 HTTP/1.1" 200 110
192.168.10.17 - - [23/Mar/2022:11:34:45 -0300] "GET /cormun/servlet/trsolicitudgral? HTTP/1.1" 200 10436
192.168.10.17 - - [23/Mar/2022:11:34:46 -0300] "GET /cormun/servlet/trsolicitudgral? HTTP/1.1" 200 10435
192.168.10.17 - - [23/Mar/2022:11:34:54 -0300] "POST /cormun/servlet/trsolicitudgral?6a4a8f280a0690be131c116883c635d6,,gx-no-cache=1648045185788 HTTP/1.1" 200 16253
200.54.107.2 - - [23/Mar/2022:11:35:28 -0300] "POST /cormun/servlet/solicitudot?gx-no-cache=1648045382673 HTTP/1.1" 200 91
190.171.152.114 - - [23/Mar/2022:11:35:34 -0300] "GET /cormun/servlet/prlicenciaspermisos?16816694,L,,MD,,gxPopupLevel%3D0%3B HTTP/1.1" 200 5684
200.54.107.2 - - [23/Mar/2022:11:35:46 -0300] "GET /cormun/servlet/solicitudot?4eadcde4aa81c0f851fad8c4fd244e8be0a370ace573abf25bf2961c067e4321d95043ce8059d7d3c1e3ba1927dc64d9cbf1fef23aedb04e5e033da98569f6acd263ddd5f779381cdfa7fd2ce0e8298a53e3da4e671225daa11e77ce1b15eec1247a501c0d8a5b5ffb94ad6946e9ffdf,gx-no-cache=1648045400286 HTTP/1.1" 200 29
200.54.107.2 - - [23/Mar/2022:11:35:46 -0300] "GET /cormun/static/menuarrow.gif HTTP/1.1" 404 1015
200.54.107.2 - - [23/Mar/2022:11:35:54 -0300] "GET /cormun/servlet/solicitudot?4eadcde4aa81c0f851fad8c4fd244e8b5ec84635ae4527149b1975c5d27b5bdd467bf37aaa54f6f1a76b0ed99fd5c892,gx-no-cache=1648045408901 HTTP/1.1" 200 30
190.171.152.114 - - [23/Mar/2022:11:35:55 -0300] "GET /cormun/servlet/solicitudot?a06d433b2815a6eda131ac346ff83ded5b61b0a723600c755bdf1fcdf9743c56d9be3b9e70ccd23ed55d3a79a68e988b15167cceb00de376633638f7bf0af2f2f0d7e793a17db74a6e469114c85b7d181ee09fa9c4bed6aef93cac71a10899df9152b2e9e225147ecaecc35754639a48,gx-no-cache=1648045410638 HTTP/1.1" 200 110
190.171.152.114 - - [23/Mar/2022:11:35:55 -0300] "POST /cormun/servlet/solicitudot?gx-no-cache=1648045410670 HTTP/1.1" 200 146
190.171.152.114 - - [23/Mar/2022:11:35:55 -0300] "POST /cormun/servlet/solicitudot?bd7657a6ac5e11a4d8c44869f6b29101,UPD,2022,18277,false,,gx-no-cache=1648045410733 HTTP/1.1" 200 13250
192.168.10.17 - - [23/Mar/2022:11:35:59 -0300] "GET /cormun/servlet/vesolicitudgral?2022,18277,, HTTP/1.1" 200 8371
192.168.10.17 - - [23/Mar/2022:11:35:59 -0300] "GET /cormun/pexe_scrolldiv.js HTTP/1.1" 404 1009
192.168.10.17 - - [23/Mar/2022:11:35:59 -0300] "GET /cormun/servlet/vesolicitudgral?2022,18277,, HTTP/1.1" 200 8371
200.54.107.2 - - [23/Mar/2022:11:36:21 -0300] "POST /cormun/servlet/solicitudot?gx-no-cache=1648045435168 HTTP/1.1" 200 30
200.54.107.2 - - [23/Mar/2022:11:36:21 -0300] "POST /cormun/servlet/solicitudot?5aa1229a1a21ce4209afe57f70a43733,INS,0,0,false,,gx-no-cache=1648045435200 HTTP/1.1" 200 13249
192.168.10.17 - - [23/Mar/2022:11:36:22 -0300] "POST /cormun/servlet/vesolicitudgral?6a4a8f280a0690be131c116883c635d6,2022,18277,,,gx-no-cache=1648045273617 HTTP/1.1" 200 12055
192.168.10.17 - - [23/Mar/2022:11:36:22 -0300] "GET /cormun/static/Shared/jqueryui/images/ui-bg_highlight-soft_100_c6c2c8_1x100.png HTTP/1.1" 404 1117
192.168.10.17 - - [23/Mar/2022:11:36:22 -0300] "GET /cormun/static/Shared/jqueryui/images/ui-icons_82798d_256x240.png HTTP/1.1" 404 1089
192.168.10.17 - - [23/Mar/2022:11:36:22 -0300] "GET /cormun/static/Shared/jqueryui/images/ui-icons_8d78a5_256x240.png HTTP/1.1" 404 1089
192.168.10.17 - - [23/Mar/2022:11:36:22 -0300] "GET /cormun/static/Shared/jqueryui/images/ui-bg_flat_55_fafafa_40x100.png HTTP/1.1" 404 1097
190.171.152.114 - - [23/Mar/2022:11:36:26 -0300] "POST /cormun/servlet/solicitudot?bd7657a6ac5e11a4d8c44869f6b29101,UPD,2022,18277,false,,gx-no-cache=1648045441959 HTTP/1.1" 200 93
190.171.152.114 - - [23/Mar/2022:11:36:26 -0300] "GET /cormun/servlet/hpexe_return? HTTP/1.1" 200 1020
190.171.152.114 - - [23/Mar/2022:11:36:26 -0300] "GET /cormun/servlet/trsolicitudot HTTP/1.1" 200 8802
190.171.152.114 - - [23/Mar/2022:11:36:26 -0300] "GET /cormun/servlet/trsolicitudot HTTP/1.1" 200 8796
200.54.107.2 - - [23/Mar/2022:11:36:29 -0300] "GET /cormun/servlet/prbanco?,MD,,gxPopupLevel%3D0%3B HTTP/1.1" 200 6651
200.54.107.2 - - [23/Mar/2022:11:36:29 -0300] "GET /cormun/static/gxcfg.js?20201216131581 HTTP/1.1" 200 953
200.54.107.2 - - [23/Mar/2022:11:36:30 -0300] "GET /cormun/static/prbanco.js?20201216132311 HTTP/1.1" 200 10693
192.168.10.17 - - [23/Mar/2022:11:36:35 -0300] "GET /cormun/servlet/trsolicitudgral? HTTP/1.1" 200 19192
192.168.10.17 - - [23/Mar/2022:11:36:36 -0300] "GET /cormun/servlet/trsolicitudgral? HTTP/1.1" 200 19191
200.54.107.2 - - [23/Mar/2022:11:36:36 -0300] "GET /cormun/servlet/solicitudot?4eadcde4aa81c0f851fad8c4fd244e8bb8b28871d5e1af1af4f6e44771bdda62,gx-no-cache=1648045450933 HTTP/1.1" 200 53
200.54.107.2 - - [23/Mar/2022:11:36:36 -0300] "POST /cormun/servlet/solicitudot?gx-no-cache=1648045450959 HTTP/1.1" 200 257
200.54.107.2 - - [23/Mar/2022:11:36:36 -0300] "GET /cormun/servlet/solicitudot?4eadcde4aa81c0f851fad8c4fd244e8b943444fc561b522fbd91bf3ca91aa98173079dac4337cbf17efa7b2bfa495c5627071f13315fa7fd95c8bba657bcd35f0dbf95123831cb9adbfdce4b0b39e878559c8320c02803c7898e1e0698df5ba27250039a00487f59123544d098de77680f58e5db685d209859c8ddd64b5f7088f84c3842ef3f48cef7865b301ffd9a52d7daf63af0c9ce567024ef5eebdc381ca71ebfb09c477e2f899cf7ebe1437ee07df1e496865481efccbfc74902017a903deb611389ab13661d5dbf09e5ebe47002e30438c6dbe48bd186016414575a8f8fd4d5ca05d040402e97f91462fbbf523db55286e387595e4b9c59c6c64977d91a5fab7e3107c84a5c3a6eca1b2b6b054ed6da3ba49946e03b4aa266db891ec358451abcebce61d1b1fc2dbea26e2c79374d8cfe83dd322a774c61ebd1b39469d5c497168e7bd05014fd7cc4d3e0915c642d4f86f0ca2e93cb01cf166bba8d04b7e9a14f90fbd91d5f94de8cb173d0691289023158e284087e7c64f3898506d7,gx-no-cache=1648045450985 HTTP/1.1" 200 30
200.54.107.2 - - [23/Mar/2022:11:36:36 -0300] "POST /cormun/servlet/solicitudot?gx-no-cache=1648045451017 HTTP/1.1" 200 30
200.54.107.2 - - [23/Mar/2022:11:36:36 -0300] "POST /cormun/servlet/solicitudot?gx-no-cache=1648045451056 HTTP/1.1" 200 1453
200.54.107.2 - - [23/Mar/2022:11:36:36 -0300] "POST /cormun/servlet/solicitudot?gx-no-cache=1648045451092 HTTP/1.1" 200 41
200.54.107.2 - - [23/Mar/2022:11:36:36 -0300] "GET /cormun/servlet/solicitudot?4eadcde4aa81c0f851fad8c4fd244e8b6274b11c4272d17063fed241d380f6aff315875acaf8b6cfcce7276ede22e975d36406c7ceea505d33a212e4adcf4b1fb35e538ffff6a0d962009c33fa38a877af85415140c68279cc49ed1e7a959bce1667752f6a661236f35cded950aaae2a,gx-no-cache=1648045451114 HTTP/1.1" 200 110
200.54.107.2 - - [23/Mar/2022:11:36:36 -0300] "POST /cormun/servlet/solicitudot?gx-no-cache=1648045451138 HTTP/1.1" 200 67
200.54.107.2 - - [23/Mar/2022:11:36:36 -0300] "GET /cormun/servlet/solicitudot?4eadcde4aa81c0f851fad8c4fd244e8b5ec84635ae4527149b1975c5d27b5bdd467bf37aaa54f6f1a76b0ed99fd5c892,gx-no-cache=1648045451164 HTTP/1.1" 200 30
200.54.107.2 - - [23/Mar/2022:11:36:37 -0300] "POST /cormun/servlet/solicitudot?gx-no-cache=1648045451188 HTTP/1.1" 200 30
200.54.107.2 - - [23/Mar/2022:11:36:37 -0300] "POST /cormun/servlet/solicitudot?5aa1229a1a21ce4209afe57f70a43733,INS,0,0,false,,gx-no-cache=1648045451211 HTTP/1.1" 200 93
200.54.107.2 - - [23/Mar/2022:11:36:37 -0300] "GET /cormun/servlet/hpexe_return? HTTP/1.1" 200 1010
200.54.107.2 - - [23/Mar/2022:11:36:37 -0300] "GET /cormun/servlet/trsolicitudot HTTP/1.1" 200 7583
200.54.107.2 - - [23/Mar/2022:11:36:37 -0300] "GET /cormun/servlet/trsolicitudot HTTP/1.1" 200 7579
190.171.152.114 - - [23/Mar/2022:11:36:45 -0300] "GET /cormun/servlet/trsolicitudot? HTTP/1.1" 200 8796
190.171.152.114 - - [23/Mar/2022:11:36:46 -0300] "GET /cormun/servlet/trsolicitudot? HTTP/1.1" 200 8796
192.168.10.17 - - [23/Mar/2022:11:36:52 -0300] "POST /cormun/servlet/trsolicitudgral?6a4a8f280a0690be131c116883c635d6,,gx-no-cache=1648045303848 HTTP/1.1" 200 16250
192.168.10.17 - - [23/Mar/2022:11:36:57 -0300] "GET /cormun/servlet/trsolicitudgral? HTTP/1.1" 200 19191
192.168.10.17 - - [23/Mar/2022:11:36:58 -0300] "GET /cormun/servlet/trsolicitudgral? HTTP/1.1" 200 19191
192.168.10.17 - - [23/Mar/2022:11:37:06 -0300] "POST /cormun/servlet/trsolicitudgral?6a4a8f280a0690be131c116883c635d6,,gx-no-cache=1648045317825 HTTP/1.1" 200 5255
192.168.10.17 - - [23/Mar/2022:11:37:10 -0300] "POST /cormun/servlet/trsolicitudgral?6a4a8f280a0690be131c116883c635d6,,gx-no-cache=1648045322009 HTTP/1.1" 200 7407
192.168.10.17 - - [23/Mar/2022:11:37:48 -0300] "POST /cormun/servlet/trsolicitudgral?6a4a8f280a0690be131c116883c635d6,,gx-no-cache=1648045359675 HTTP/1.1" 200 8143
200.54.107.2 - - [23/Mar/2022:11:37:53 -0300] "GET /cormun/servlet/trsolicitudot? HTTP/1.1" 200 7579
200.54.107.2 - - [23/Mar/2022:11:37:54 -0300] "GET /cormun/servlet/trsolicitudot? HTTP/1.1" 200 7579
200.54.107.2 - - [23/Mar/2022:11:38:02 -0300] "GET /cormun/servlet/trsolicitudot? HTTP/1.1" 200 7579
200.54.107.2 - - [23/Mar/2022:11:38:02 -0300] "GET /cormun/servlet/trsolicitudot? HTTP/1.1" 200 7579
200.54.107.2 - - [23/Mar/2022:11:38:17 -0300] "POST /cormun/servlet/trsolicitudot?5aa1229a1a21ce4209afe57f70a43733,,gx-no-cache=1648045551411 HTTP/1.1" 200 4638
200.54.107.2 - - [23/Mar/2022:11:38:19 -0300] "POST /cormun/servlet/trsolicitudot?5aa1229a1a21ce4209afe57f70a43733,,gx-no-cache=1648045554070 HTTP/1.1" 200 4638
200.54.107.2 - - [23/Mar/2022:11:38:20 -0300] "POST /cormun/servlet/trsolicitudot?5aa1229a1a21ce4209afe57f70a43733,,gx-no-cache=1648045555030 HTTP/1.1" 200 4636
200.54.107.2 - - [23/Mar/2022:11:38:24 -0300] "POST /cormun/servlet/trsolicitudot?5aa1229a1a21ce4209afe57f70a43733,,gx-no-cache=1648045558807 HTTP/1.1" 200 4637
200.54.107.2 - - [23/Mar/2022:11:38:25 -0300] "POST /cormun/servlet/trsolicitudot?5aa1229a1a21ce4209afe57f70a43733,,gx-no-cache=1648045559918 HTTP/1.1" 200 4636
192.168.10.17 - - [23/Mar/2022:11:38:28 -0300] "GET /cormun/servlet/vesolicitudgral?2022,18059,, HTTP/1.1" 200 8386
200.54.107.2 - - [23/Mar/2022:11:38:28 -0300] "GET /cormun/servlet/solicitudot?INS,0,0,false, HTTP/1.1" 200 16083
192.168.10.17 - - [23/Mar/2022:11:38:28 -0300] "GET /cormun/pexe_scrolldiv.js HTTP/1.1" 404 1009
192.168.10.17 - - [23/Mar/2022:11:38:28 -0300] "GET /cormun/servlet/vesolicitudgral?2022,18059,, HTTP/1.1" 200 8386
200.54.107.2 - - [23/Mar/2022:11:38:28 -0300] "GET /cormun/servlet/solicitudot?INS,0,0,false, HTTP/1.1" 200 16090
192.168.10.17 - - [23/Mar/2022:11:38:32 -0300] "POST /cormun/servlet/vesolicitudgral?6a4a8f280a0690be131c116883c635d6,2022,18059,,,gx-no-cache=1648045403670 HTTP/1.1" 200 116
192.168.10.17 - - [23/Mar/2022:11:38:32 -0300] "GET /cormun/servlet/solicitudotlog?INS,2022,18059,0,REC, HTTP/1.1" 200 5615
192.168.10.17 - - [23/Mar/2022:11:38:32 -0300] "GET /cormun/static/gxcfg.js?2020121572485 HTTP/1.1" 200 953
192.168.10.17 - - [23/Mar/2022:11:38:32 -0300] "GET /cormun/static/solicitudotlog.js?2020121572497 HTTP/1.1" 200 8934
192.168.10.17 - - [23/Mar/2022:11:38:32 -0300] "GET /cormun/servlet/solicitudotlog?INS,2022,18059,0,REC, HTTP/1.1" 200 5611
192.168.10.17 - - [23/Mar/2022:11:38:32 -0300] "GET /cormun/servlet/solicitudotlog?71a79179e273fb22598bb302828a1a0fb3bb46270dfeb7aef82e2387c42eeafc7e2364c90d44f4ad0ae6d1a4c92a3daf07d250ed0379d60c72f549d44264982a33fe3a9ae4188448db128f4241417ea7f02cf817a8141af9ed54c72f885792ac0ca0620d13fd082fe8070d590f7afb9c178087d92d90e62b43d5a51f2fb1d3d7a13486acaa0939c6e067c5bf23ab6b17976f5787f9e691033756555f0a116a4b,gx-no-cache=1648045404456 HTTP/1.1" 200 94
192.168.10.17 - - [23/Mar/2022:11:38:41 -0300] "POST /cormun/servlet/solicitudotlog?6a4a8f280a0690be131c116883c635d6,INS,2022,18059,0,REC,,gx-no-cache=1648045413028 HTTP/1.1" 200 93
192.168.10.17 - - [23/Mar/2022:11:38:41 -0300] "GET /cormun/servlet/hpexe_return? HTTP/1.1" 200 1030
192.168.10.17 - - [23/Mar/2022:11:38:41 -0300] "GET /cormun/static/gxcfg.js?201991422392976 HTTP/1.1" 200 953
192.168.10.17 - - [23/Mar/2022:11:38:41 -0300] "GET /cormun/static/hpexe_return.js?201991422392984 HTTP/1.1" 200 1633
192.168.10.17 - - [23/Mar/2022:11:38:41 -0300] "GET /cormun/servlet/vesolicitudgral?2022,18059,, HTTP/1.1" 200 8401
192.168.10.17 - - [23/Mar/2022:11:38:41 -0300] "GET /cormun/pexe_scrolldiv.js HTTP/1.1" 404 1009
192.168.10.17 - - [23/Mar/2022:11:38:41 -0300] "GET /cormun/servlet/vesolicitudgral?2022,18059,, HTTP/1.1" 200 8397
192.168.10.17 - - [23/Mar/2022:11:38:46 -0300] "GET /cormun/servlet/trsolicitudgral? HTTP/1.1" 200 11171
192.168.10.17 - - [23/Mar/2022:11:38:46 -0300] "GET /cormun/servlet/trsolicitudgral? HTTP/1.1" 200 11170
200.54.107.2 - - [23/Mar/2022:11:38:46 -0300] "POST /cormun/servlet/solicitudot?gx-no-cache=1648045581000 HTTP/1.1" 200 3942
200.54.107.2 - - [23/Mar/2022:11:38:47 -0300] "POST /cormun/servlet/solicitudot?5aa1229a1a21ce4209afe57f70a43733,INS,0,0,false,,gx-no-cache=1648045581149 HTTP/1.1" 200 12755
200.54.107.2 - - [23/Mar/2022:11:38:55 -0300] "GET /cormun/servlet/solicitudot?4eadcde4aa81c0f851fad8c4fd244e8b925ee5014ea3c0eda1b2b861de69e02f0194d0357b7a5586f7badaa082c95617,gx-no-cache=1648045589475 HTTP/1.1" 200 30
192.168.10.17 - - [23/Mar/2022:11:39:34 -0300] "POST /cormun/servlet/trsolicitudgral?6a4a8f280a0690be131c116883c635d6,,gx-no-cache=1648045465690 HTTP/1.1" 200 7415
192.168.10.17 - - [23/Mar/2022:11:39:43 -0300] "GET /cormun/servlet/vesolicitudgral?2022,18209,, HTTP/1.1" 200 8342
192.168.10.17 - - [23/Mar/2022:11:39:43 -0300] "GET /cormun/pexe_scrolldiv.js HTTP/1.1" 404 1009
192.168.10.17 - - [23/Mar/2022:11:39:44 -0300] "GET /cormun/servlet/vesolicitudgral?2022,18209,, HTTP/1.1" 200 8342
200.54.107.2 - - [23/Mar/2022:11:40:14 -0300] "GET /cormun/servlet/solicitudot?4eadcde4aa81c0f851fad8c4fd244e8ba7b1cfb14282526eadcfb2ff7181c140cfc978f39cee9d142197284931d1f62197739f3d5b2e58de8914744bbf5a08a6,gx-no-cache=1648045668779 HTTP/1.1" 200 30
200.54.107.2 - - [23/Mar/2022:11:40:17 -0300] "GET /cormun/servlet/solicitudot?4eadcde4aa81c0f851fad8c4fd244e8be6e4a1bb88f93b648df01cbf20287064,gx-no-cache=1648045671861 HTTP/1.1" 200 123
200.54.107.2 - - [23/Mar/2022:11:40:17 -0300] "GET /cormun/static/Shared/jqueryui/images/ui-bg_highlight-soft_100_c6c2c8_1x100.png HTTP/1.1" 404 1117
200.54.107.2 - - [23/Mar/2022:11:40:17 -0300] "GET /cormun/static/Shared/jqueryui/images/ui-icons_82798d_256x240.png HTTP/1.1" 404 1089
200.54.107.2 - - [23/Mar/2022:11:40:17 -0300] "GET /cormun/static/Shared/jqueryui/images/ui-bg_flat_55_994d53_40x100.png HTTP/1.1" 404 1097
200.54.107.2 - - [23/Mar/2022:11:40:17 -0300] "GET /cormun/static/Shared/jqueryui/images/ui-icons_ebccce_256x240.png HTTP/1.1" 404 1089
200.54.107.2 - - [23/Mar/2022:11:40:27 -0300] "GET /cormun/servlet/prbanco?,MD,,gxPopupLevel%3D0%3B HTTP/1.1" 200 6651
200.54.107.2 - - [23/Mar/2022:11:40:34 -0300] "GET /cormun/servlet/solicitudot?4eadcde4aa81c0f851fad8c4fd244e8bb8b28871d5e1af1af4f6e44771bdda62,gx-no-cache=1648045688191 HTTP/1.1" 200 53
190.171.152.114 - - [23/Mar/2022:11:40:35 -0300] "GET /cormun/servlet/hlogin HTTP/1.1" 200 1730
200.54.107.2 - - [23/Mar/2022:11:40:48 -0300] "POST /cormun/servlet/solicitudot?5aa1229a1a21ce4209afe57f70a43733,INS,0,0,false,,gx-no-cache=1648045702497 HTTP/1.1" 200 12910
200.54.107.2 - - [23/Mar/2022:11:40:48 -0300] "GET /cormun/static/Shared/jqueryui/images/ui-bg_flat_55_fafafa_40x100.png HTTP/1.1" 404 1097
200.54.107.2 - - [23/Mar/2022:11:40:48 -0300] "GET /cormun/static/Shared/jqueryui/images/ui-icons_8d78a5_256x240.png HTTP/1.1" 404 1089
200.54.107.2 - - [23/Mar/2022:11:40:52 -0300] "GET /cormun/servlet/solicitudot?4eadcde4aa81c0f851fad8c4fd244e8b925ee5014ea3c0eda1b2b861de69e02f669c52cd752885cb054c95f3a4445937,gx-no-cache=1648045706873 HTTP/1.1" 200 30
200.54.107.2 - - [23/Mar/2022:11:40:52 -0300] "GET /cormun/servlet/solicitudot?4eadcde4aa81c0f851fad8c4fd244e8bbc4c208f56624bfc717a59544506d5cd78f1d79ef7e58b318b8409e1dc4cd85f6f548ab735cd2201098936ea0aa4d39c,gx-no-cache=1648045706917 HTTP/1.1" 200 53
200.54.107.2 - - [23/Mar/2022:11:40:52 -0300] "POST /cormun/servlet/solicitudot?gx-no-cache=1648045706944 HTTP/1.1" 200 256
200.54.107.2 - - [23/Mar/2022:11:40:52 -0300] "GET /cormun/servlet/solicitudot?4eadcde4aa81c0f851fad8c4fd244e8b943444fc561b522fbd91bf3ca91aa98173079dac4337cbf17efa7b2bfa495c5627071f13315fa7fd95c8bba657bcd35f0dbf95123831cb9adbfdce4b0b39e878559c8320c02803c7898e1e0698df5ba27250039a00487f59123544d098de77680f58e5db685d209859c8ddd64b5f7088f84c3842ef3f48cef7865b301ffd9a52d7daf63af0c9ce567024ef5eebdc381ca71ebfb09c477e2f899cf7ebe1437ee07df1e496865481efccbfc74902017a903deb611389ab13661d5dbf09e5ebe47002e30438c6dbe48bd186016414575a8f8fd4d5ca05d040402e97f91462fbbf523db55286e387595e4b9c59c6c64977d91a5fab7e3107c84a5c3a6eca1b2b6b054ed6da3ba49946e03b4aa266db891ec358451abcebce61d1b1fc2dbea26e2c79374d8cfe83dd322a774c61ebd1b39469d5c497168e7bd05014fd7cc4d3e0915c642d4f86f0ca2e93cb01cf166bba8d04b7e9a14f90fbd91d5f94de8cb173d06945d1cc62906fe1ebd5d59bf6e6682f42,gx-no-cache=1648045706976 HTTP/1.1" 200 30
200.54.107.2 - - [23/Mar/2022:11:40:55 -0300] "POST /cormun/servlet/solicitudot?gx-no-cache=1648045709510 HTTP/1.1" 200 30
200.54.107.2 - - [23/Mar/2022:11:40:56 -0300] "POST /cormun/servlet/solicitudot?gx-no-cache=1648045710935 HTTP/1.1" 200 1453
200.54.107.2 - - [23/Mar/2022:11:40:56 -0300] "POST /cormun/servlet/solicitudot?gx-no-cache=1648045710977 HTTP/1.1" 200 38
192.168.10.17 - - [23/Mar/2022:11:41:07 -0300] "GET /cormun/servlet/trsolicitudgral? HTTP/1.1" 200 10440
192.168.10.17 - - [23/Mar/2022:11:41:07 -0300] "GET /cormun/servlet/trsolicitudgral? HTTP/1.1" 200 10435
192.168.10.17 - - [23/Mar/2022:11:41:11 -0300] "GET /cormun/servlet/vesolicitudgral?2022,18208,, HTTP/1.1" 200 8342
192.168.10.17 - - [23/Mar/2022:11:41:11 -0300] "GET /cormun/pexe_scrolldiv.js HTTP/1.1" 404 1009
192.168.10.17 - - [23/Mar/2022:11:41:11 -0300] "GET /cormun/servlet/vesolicitudgral?2022,18208,, HTTP/1.1" 200 8342
190.171.152.114 - - [23/Mar/2022:11:41:13 -0300] "POST /cormun/servlet/hlogin?bd7657a6ac5e11a4d8c44869f6b29101,gx-no-cache=1648045729206 HTTP/1.1" 200 90
190.171.152.114 - - [23/Mar/2022:11:41:13 -0300] "GET /cormun/servlet/hpexe_link HTTP/1.1" 200 963
190.171.152.114 - - [23/Mar/2022:11:41:13 -0300] "GET /cormun/servlet/trsolicitudot HTTP/1.1" 200 9292
190.171.152.114 - - [23/Mar/2022:11:41:14 -0300] "GET /cormun/servlet/trsolicitudot HTTP/1.1" 200 9293
