190.171.141.90 - - [16/Mar/2022:14:46:24 -0300] "GET /cormun/servlet/trlicencias? HTTP/1.1" 200 14264
190.171.141.90 - - [16/Mar/2022:14:46:27 -0300] "GET /cormun/servlet/trlicencias? HTTP/1.1" 200 14261
190.171.141.122 - - [16/Mar/2022:14:46:31 -0300] "GET /cormun/servlet/trfichaempleado? HTTP/1.1" 200 7809
190.171.141.122 - - [16/Mar/2022:14:46:32 -0300] "GET /cormun/servlet/trfichaempleado? HTTP/1.1" 200 7809
190.171.141.122 - - [16/Mar/2022:14:46:35 -0300] "GET /cormun/servlet/trfichaempleado? HTTP/1.1" 200 7809
190.171.141.122 - - [16/Mar/2022:14:47:03 -0300] "GET /cormun/servlet/trfichaempleado? HTTP/1.1" 200 7816
190.171.141.122 - - [16/Mar/2022:14:47:15 -0300] "GET /cormun/servlet/trfichaempleado? HTTP/1.1" 200 7816
190.171.141.122 - - [16/Mar/2022:14:47:19 -0300] "GET /cormun/servlet/trfichaempleado? HTTP/1.1" 200 7816
190.171.149.74 - - [16/Mar/2022:14:47:21 -0300] "GET /cormun/servlet/hlogin HTTP/1.1" 200 1732
190.171.141.122 - - [16/Mar/2022:14:47:24 -0300] "GET /cormun/servlet/trfichaempleado? HTTP/1.1" 200 7816
190.171.141.122 - - [16/Mar/2022:14:47:26 -0300] "GET /cormun/servlet/trfichaempleado? HTTP/1.1" 200 7816
190.171.149.74 - - [16/Mar/2022:14:47:27 -0300] "POST /cormun/servlet/hlogin?3b271b84c642397136aea865a23d79ee,gx-no-cache=1647455816865 HTTP/1.1" 200 90
190.171.149.74 - - [16/Mar/2022:14:47:27 -0300] "GET /cormun/servlet/hpexe_link HTTP/1.1" 200 957
190.171.149.74 - - [16/Mar/2022:14:47:27 -0300] "GET /cormun/servlet/hhome HTTP/1.1" 200 3984
190.171.149.74 - - [16/Mar/2022:14:47:27 -0300] "GET /cormun/servlet/hhome HTTP/1.1" 200 3981
190.171.149.74 - - [16/Mar/2022:14:47:32 -0300] "GET /cormun/servlet/trrenuncias? HTTP/1.1" 200 7654
190.171.149.74 - - [16/Mar/2022:14:47:32 -0300] "GET /cormun/static/gxcfg.js?2020121674068 HTTP/1.1" 200 953
190.171.149.74 - - [16/Mar/2022:14:47:32 -0300] "GET /cormun/static/trrenuncias.js?2020121674514 HTTP/1.1" 200 31925
190.171.149.74 - - [16/Mar/2022:14:47:33 -0300] "GET /cormun/servlet/trrenuncias? HTTP/1.1" 200 7653
190.171.149.74 - - [16/Mar/2022:14:47:36 -0300] "GET /cormun/servlet/renuncias?INS,0, HTTP/1.1" 200 6234
190.171.149.74 - - [16/Mar/2022:14:47:36 -0300] "GET /cormun/static/gxcfg.js?20201215175974 HTTP/1.1" 200 953
190.171.149.74 - - [16/Mar/2022:14:47:36 -0300] "GET /cormun/static/renuncias.js?2020121518254 HTTP/1.1" 200 16029
190.171.149.74 - - [16/Mar/2022:14:47:37 -0300] "GET /cormun/servlet/renuncias?INS,0, HTTP/1.1" 200 6235
190.171.141.122 - - [16/Mar/2022:14:47:47 -0300] "GET /cormun/servlet/trfichaempleado? HTTP/1.1" 200 7816
190.95.67.97 - - [16/Mar/2022:14:47:49 -0300] "GET /cormun/servlet/hlogin HTTP/1.1" 200 1722
190.95.67.97 - - [16/Mar/2022:14:47:49 -0300] "GET /cormun/servlet/hlogin HTTP/1.1" 200 1732
190.95.67.97 - - [16/Mar/2022:14:47:52 -0300] "POST /cormun/servlet/hlogin?19728e06b9c92b908f20a1837e20e4d3,gx-no-cache=1647452127121 HTTP/1.1" 200 90
190.95.67.97 - - [16/Mar/2022:14:47:52 -0300] "GET /cormun/servlet/hpexe_link HTTP/1.1" 200 948
190.95.67.97 - - [16/Mar/2022:14:47:53 -0300] "GET /cormun/servlet/hhome HTTP/1.1" 200 3943
190.95.67.97 - - [16/Mar/2022:14:47:53 -0300] "GET /cormun/servlet/hhome HTTP/1.1" 200 3939
190.171.149.74 - - [16/Mar/2022:14:47:53 -0300] "GET /cormun/servlet/prfichaempleado?,MD,,gxPopupLevel%3D0%3B HTTP/1.1" 200 9281
190.95.67.97 - - [16/Mar/2022:14:47:57 -0300] "GET /cormun/servlet/trpermisosgoce? HTTP/1.1" 200 8022
190.95.67.97 - - [16/Mar/2022:14:47:58 -0300] "GET /cormun/servlet/trpermisosgoce? HTTP/1.1" 200 8019
190.95.67.97 - - [16/Mar/2022:14:48:00 -0300] "GET /cormun/servlet/permisogoce?INS,0,,, HTTP/1.1" 200 6806
190.95.67.97 - - [16/Mar/2022:14:48:02 -0300] "GET /cormun/servlet/permisogoce?INS,0,,, HTTP/1.1" 200 6808
190.171.149.74 - - [16/Mar/2022:14:48:02 -0300] "POST /cormun/servlet/prfichaempleado?3b271b84c642397136aea865a23d79ee,,MD,,gxPopupLevel%3D0%3B,gx-no-cache=1647455851316 HTTP/1.1" 200 6369
190.171.149.74 - - [16/Mar/2022:14:48:02 -0300] "GET /cormun/static/Resources/PXToolsGridPrevious.gif HTTP/1.1" 200 369
190.171.149.74 - - [16/Mar/2022:14:48:02 -0300] "GET /cormun/static/Resources/PXToolsGridNext.gif HTTP/1.1" 200 369
190.171.149.74 - - [16/Mar/2022:14:48:02 -0300] "GET /cormun/static/Resources/PXToolsGridFirst.gif HTTP/1.1" 200 379
190.171.149.74 - - [16/Mar/2022:14:48:02 -0300] "GET /cormun/static/Resources/PXToolsGridLast.gif HTTP/1.1" 200 370
190.171.149.74 - - [16/Mar/2022:14:48:06 -0300] "GET /cormun/servlet/renuncias?931c64da919691a96e5cf7f419208b0b070b0a8ca900f9512079b1591cbff1f51a9a3f9fd4052952e3c477b4dd3bd9e2,gx-no-cache=1647455855515 HTTP/1.1" 200 33
190.171.141.122 - - [16/Mar/2022:14:48:20 -0300] "GET /cormun/servlet/trfichaempleado? HTTP/1.1" 200 7645
190.171.141.122 - - [16/Mar/2022:14:48:31 -0300] "GET /cormun/servlet/trfichaempleado? HTTP/1.1" 200 7816
190.171.141.122 - - [16/Mar/2022:14:48:35 -0300] "GET /cormun/servlet/trfichaempleado? HTTP/1.1" 200 7816
190.171.141.122 - - [16/Mar/2022:14:48:55 -0300] "GET /cormun/servlet/trfichaempleado? HTTP/1.1" 200 7816
190.171.141.122 - - [16/Mar/2022:14:48:55 -0300] "GET /cormun/servlet/trfichaempleado? HTTP/1.1" 200 7816
190.171.141.122 - - [16/Mar/2022:14:48:55 -0300] "GET /cormun/servlet/trfichaempleado? HTTP/1.1" 200 7816
190.171.149.74 - - [16/Mar/2022:14:49:05 -0300] "GET /cormun/servlet/renuncias?931c64da919691a96e5cf7f419208b0b420db815f18ee6f8bc48dbb747b2fd36bfe8a56854c4246d09de679276e88d36,gx-no-cache=1647455915402 HTTP/1.1" 200 70
190.171.141.122 - - [16/Mar/2022:14:49:07 -0300] "GET /cormun/servlet/trfichaempleado? HTTP/1.1" 200 7645
190.171.141.122 - - [16/Mar/2022:14:49:07 -0300] "GET /cormun/servlet/trfichaempleado? HTTP/1.1" 200 7645
190.171.141.122 - - [16/Mar/2022:14:49:10 -0300] "GET /cormun/servlet/trfichaempleado? HTTP/1.1" 200 7816
190.171.141.122 - - [16/Mar/2022:14:49:29 -0300] "GET /cormun/servlet/trfichaempleado? HTTP/1.1" 200 7816
190.171.141.122 - - [16/Mar/2022:14:49:30 -0300] "GET /cormun/servlet/trfichaempleado? HTTP/1.1" 200 7816
190.171.149.74 - - [16/Mar/2022:14:49:41 -0300] "POST /cormun/servlet/renuncias?3b271b84c642397136aea865a23d79ee,INS,0,,gx-no-cache=1647455951179 HTTP/1.1" 200 3907
190.171.149.74 - - [16/Mar/2022:14:49:41 -0300] "GET /cormun/static/Shared/jqueryui/images/ui-bg_highlight-soft_100_c6c2c8_1x100.png HTTP/1.1" 404 1117
190.171.149.74 - - [16/Mar/2022:14:49:41 -0300] "GET /cormun/static/Shared/jqueryui/images/ui-icons_82798d_256x240.png HTTP/1.1" 404 1089
190.171.149.74 - - [16/Mar/2022:14:49:41 -0300] "GET /cormun/static/Shared/jqueryui/images/ui-bg_flat_55_994d53_40x100.png HTTP/1.1" 404 1097
190.171.149.74 - - [16/Mar/2022:14:49:41 -0300] "GET /cormun/static/Shared/jqueryui/images/ui-icons_ebccce_256x240.png HTTP/1.1" 404 1089
190.171.141.122 - - [16/Mar/2022:14:49:45 -0300] "GET /cormun/servlet/trfichaempleado? HTTP/1.1" 200 7645
190.171.149.74 - - [16/Mar/2022:14:49:54 -0300] "POST /cormun/servlet/renuncias?3b271b84c642397136aea865a23d79ee,INS,0,,gx-no-cache=1647455963754 HTTP/1.1" 200 3897
190.171.149.74 - - [16/Mar/2022:14:50:01 -0300] "POST /cormun/servlet/renuncias?3b271b84c642397136aea865a23d79ee,INS,0,,gx-no-cache=1647455970278 HTTP/1.1" 200 3890
190.171.149.74 - - [16/Mar/2022:14:50:05 -0300] "GET /cormun/servlet/prcontrato?8197547,,,MD,,gxPopupLevel%3D0%3B HTTP/1.1" 200 5962
190.171.149.74 - - [16/Mar/2022:14:50:05 -0300] "GET /cormun/static/gxcfg.js?20201215572739 HTTP/1.1" 200 953
190.171.149.74 - - [16/Mar/2022:14:50:05 -0300] "GET /cormun/static/prcontrato.js?20201215573630 HTTP/1.1" 200 13820
190.171.141.122 - - [16/Mar/2022:14:50:07 -0300] "GET /cormun/servlet/trfichaempleado? HTTP/1.1" 200 7816
190.171.141.122 - - [16/Mar/2022:14:50:08 -0300] "GET /cormun/servlet/trfichaempleado? HTTP/1.1" 200 7816
190.171.141.122 - - [16/Mar/2022:14:50:10 -0300] "GET /cormun/servlet/trfichaempleado? HTTP/1.1" 200 7816
190.171.141.122 - - [16/Mar/2022:14:50:10 -0300] "GET /cormun/servlet/trfichaempleado? HTTP/1.1" 200 7816
190.171.141.122 - - [16/Mar/2022:14:50:11 -0300] "GET /cormun/servlet/trfichaempleado? HTTP/1.1" 200 7816
190.171.149.74 - - [16/Mar/2022:14:50:14 -0300] "POST /cormun/servlet/renuncias?3b271b84c642397136aea865a23d79ee,INS,0,,gx-no-cache=1647455982462 HTTP/1.1" 200 93
190.171.149.74 - - [16/Mar/2022:14:50:14 -0300] "GET /cormun/servlet/hpexe_return? HTTP/1.1" 200 1011
190.171.149.74 - - [16/Mar/2022:14:50:14 -0300] "GET /cormun/servlet/trrenuncias HTTP/1.1" 200 7932
190.171.149.74 - - [16/Mar/2022:14:50:14 -0300] "GET /cormun/servlet/trrenuncias HTTP/1.1" 200 7928
190.95.67.97 - - [16/Mar/2022:14:50:23 -0300] "GET /cormun/servlet/permisogoce?6b0b97b2913e7376de094b655a267f8f3be88ab686a536eb980b62b01e3574fa1260c64a014bf14a12237aafc83eb491acb9bccc7e4176644b39f59c25be8875,gx-no-cache=1647452277316 HTTP/1.1" 200 77
190.95.67.97 - - [16/Mar/2022:14:50:24 -0300] "GET /cormun/static/menuarrow.gif HTTP/1.1" 404 1015
190.171.141.122 - - [16/Mar/2022:14:50:34 -0300] "GET /cormun/servlet/trfichaempleado? HTTP/1.1" 200 7816
190.95.67.97 - - [16/Mar/2022:14:50:35 -0300] "GET /cormun/servlet/permisogoce?6b0b97b2913e7376de094b655a267f8f137d57997c822f30fd92a8172f38dd2770e619023b83d0fde42ff45bcf8f1d7b99de6b92aa5c2743af05c8d3e3075124,gx-no-cache=1647452289565 HTTP/1.1" 200 47
190.171.141.122 - - [16/Mar/2022:14:50:35 -0300] "GET /cormun/servlet/trfichaempleado? HTTP/1.1" 200 7816
190.171.141.122 - - [16/Mar/2022:14:50:37 -0300] "GET /cormun/servlet/trfichaempleado? HTTP/1.1" 200 7816
190.171.141.122 - - [16/Mar/2022:14:50:37 -0300] "GET /cormun/servlet/trfichaempleado? HTTP/1.1" 200 7816
190.95.67.97 - - [16/Mar/2022:14:50:39 -0300] "POST /cormun/servlet/permisogoce?19728e06b9c92b908f20a1837e20e4d3,INS,0,,,,gx-no-cache=1647452292073 HTTP/1.1" 200 93
190.95.67.97 - - [16/Mar/2022:14:50:39 -0300] "GET /cormun/servlet/hpexe_return? HTTP/1.1" 200 1007
190.95.67.97 - - [16/Mar/2022:14:50:39 -0300] "GET /cormun/servlet/trpermisosgoce HTTP/1.1" 200 8283
190.95.67.97 - - [16/Mar/2022:14:50:40 -0300] "GET /cormun/servlet/trpermisosgoce HTTP/1.1" 200 8285
190.95.67.97 - - [16/Mar/2022:14:50:43 -0300] "GET /cormun/servlet/apermisogoceprn?12414107,P,20220316143254,PU HTTP/1.1" 200 1651
190.171.141.122 - - [16/Mar/2022:14:50:44 -0300] "GET /cormun/servlet/trfichaempleado? HTTP/1.1" 200 7816
190.171.149.74 - - [16/Mar/2022:14:50:47 -0300] "GET /cormun/servlet/renuncias?UPD,280, HTTP/1.1" 200 6296
190.171.149.74 - - [16/Mar/2022:14:50:47 -0300] "GET /cormun/servlet/renuncias?UPD,280, HTTP/1.1" 200 6297
190.171.141.122 - - [16/Mar/2022:14:50:55 -0300] "GET /cormun/servlet/trfichaempleado? HTTP/1.1" 200 7816
190.171.141.122 - - [16/Mar/2022:14:51:03 -0300] "GET /cormun/servlet/trfichaempleado? HTTP/1.1" 200 7816
190.171.141.122 - - [16/Mar/2022:14:51:07 -0300] "GET /cormun/servlet/trfichaempleado? HTTP/1.1" 200 7816
190.171.141.122 - - [16/Mar/2022:14:51:16 -0300] "GET /cormun/servlet/trfichaempleado? HTTP/1.1" 200 7816
190.171.149.74 - - [16/Mar/2022:14:51:17 -0300] "GET /cormun/servlet/prcontrato?8197547,,,MD,,gxPopupLevel%3D0%3B HTTP/1.1" 200 5964
190.171.149.74 - - [16/Mar/2022:14:51:26 -0300] "GET /cormun/servlet/renuncias?931c64da919691a96e5cf7f419208b0b070b0a8ca900f9512079b1591cbff1f51a9a3f9fd4052952e3c477b4dd3bd9e2,gx-no-cache=1647456056624 HTTP/1.1" 200 33
190.171.149.74 - - [16/Mar/2022:14:51:26 -0300] "GET /cormun/servlet/renuncias?931c64da919691a96e5cf7f419208b0b420db815f18ee6f8bc48dbb747b2fd36075f1e4519e582b0df5b0af2a575f5b140f38546b33faf296c3bbc2df503b495,gx-no-cache=1647456056651 HTTP/1.1" 200 70
190.171.141.122 - - [16/Mar/2022:14:51:36 -0300] "GET /cormun/servlet/trfichaempleado? HTTP/1.1" 200 7816
190.171.141.122 - - [16/Mar/2022:14:51:36 -0300] "GET /cormun/servlet/trfichaempleado? HTTP/1.1" 200 7816
190.171.149.74 - - [16/Mar/2022:14:51:37 -0300] "POST /cormun/servlet/renuncias?3b271b84c642397136aea865a23d79ee,UPD,280,,gx-no-cache=1647456067324 HTTP/1.1" 200 93
190.171.149.74 - - [16/Mar/2022:14:51:37 -0300] "GET /cormun/servlet/hpexe_return? HTTP/1.1" 200 1012
190.171.149.74 - - [16/Mar/2022:14:51:38 -0300] "GET /cormun/servlet/trrenuncias HTTP/1.1" 200 7932
190.171.149.74 - - [16/Mar/2022:14:51:38 -0300] "GET /cormun/servlet/trrenuncias HTTP/1.1" 200 7928
190.171.142.50 - - [16/Mar/2022:14:51:41 -0300] "GET /cormun/servlet/hlogin HTTP/1.1" 200 1726
190.171.141.122 - - [16/Mar/2022:14:51:45 -0300] "GET /cormun/servlet/trfichaempleado? HTTP/1.1" 200 7816
190.171.141.122 - - [16/Mar/2022:14:51:48 -0300] "GET /cormun/servlet/trfichaempleado? HTTP/1.1" 200 7816
190.171.141.122 - - [16/Mar/2022:14:51:49 -0300] "GET /cormun/servlet/trfichaempleado? HTTP/1.1" 200 7816
190.171.149.74 - - [16/Mar/2022:14:51:51 -0300] "GET /cormun/servlet/arenunciaprn?280,PU HTTP/1.1" 200 1549
190.171.149.74 - - [16/Mar/2022:14:52:04 -0300] "GET /cormun/servlet/renuncias?UPD,280, HTTP/1.1" 200 6296
190.171.149.74 - - [16/Mar/2022:14:52:05 -0300] "GET /cormun/servlet/renuncias?UPD,280, HTTP/1.1" 200 6297
190.171.149.74 - - [16/Mar/2022:14:52:07 -0300] "GET /cormun/servlet/prcontrato?8197547,,,MD,,gxPopupLevel%3D0%3B HTTP/1.1" 200 5964
190.171.142.50 - - [16/Mar/2022:14:52:23 -0300] "POST /cormun/servlet/hlogin?0f9636435bc37736af850c8bb22c3aa9,gx-no-cache=1647454821166 HTTP/1.1" 200 90
190.171.142.50 - - [16/Mar/2022:14:52:23 -0300] "GET /cormun/servlet/hpexe_link HTTP/1.1" 200 954
190.171.142.50 - - [16/Mar/2022:14:52:23 -0300] "GET /cormun/servlet/hhome HTTP/1.1" 200 3943
190.171.142.50 - - [16/Mar/2022:14:52:23 -0300] "GET /cormun/servlet/hhome HTTP/1.1" 200 3939
190.171.142.50 - - [16/Mar/2022:14:52:26 -0300] "GET /cormun/servlet/trpermisosgoce? HTTP/1.1" 200 8024
190.171.142.50 - - [16/Mar/2022:14:52:26 -0300] "GET /cormun/static/gxcfg.js?2020121631564 HTTP/1.1" 200 953
190.171.142.50 - - [16/Mar/2022:14:52:26 -0300] "GET /cormun/static/trpermisosgoce.js?2020121633681 HTTP/1.1" 200 35904
190.171.142.50 - - [16/Mar/2022:14:52:26 -0300] "GET /cormun/servlet/trpermisosgoce? HTTP/1.1" 200 8021
190.171.142.50 - - [16/Mar/2022:14:52:35 -0300] "GET /cormun/servlet/permisogoce?INS,0,,, HTTP/1.1" 200 6807
190.171.142.50 - - [16/Mar/2022:14:52:35 -0300] "GET /cormun/static/permisogoce.js?20201215124939 HTTP/1.1" 200 27919
190.171.142.50 - - [16/Mar/2022:14:52:35 -0300] "GET /cormun/static/gxcfg.js?20201215124560 HTTP/1.1" 200 953
190.171.142.50 - - [16/Mar/2022:14:52:36 -0300] "GET /cormun/servlet/permisogoce?INS,0,,, HTTP/1.1" 200 6806
190.171.142.50 - - [16/Mar/2022:14:52:45 -0300] "GET /cormun/servlet/permisogoce?a1de6e3bff8c3274032517351aa2674dfb32e546f35e22eafa8639bf8ceba4572cabe4483e78aaa41f9926509d63a8310aed532bf566b3fc3c943984c0365deb,gx-no-cache=1647454843640 HTTP/1.1" 200 85
190.171.142.50 - - [16/Mar/2022:14:52:45 -0300] "GET /cormun/static/menuarrow.gif HTTP/1.1" 404 1015
190.171.142.50 - - [16/Mar/2022:14:52:50 -0300] "GET /cormun/servlet/permisogoce?a1de6e3bff8c3274032517351aa2674d38df54d7fdd52656454973a5a533bb172a85304ada20ee6a3101ed6cb3b8c9e7491bff99b5ba1ed616ead33d85e4bd6f,gx-no-cache=1647454848517 HTTP/1.1" 200 47
200.54.237.82 - - [16/Mar/2022:14:52:55 -0300] "GET /cormun/servlet/trfichaempleado? HTTP/1.1" 200 7658
190.171.142.50 - - [16/Mar/2022:14:53:05 -0300] "POST /cormun/servlet/permisogoce?0f9636435bc37736af850c8bb22c3aa9,INS,0,,,,gx-no-cache=1647454862383 HTTP/1.1" 200 93
190.171.142.50 - - [16/Mar/2022:14:53:05 -0300] "GET /cormun/servlet/hpexe_return? HTTP/1.1" 200 1012
190.171.142.50 - - [16/Mar/2022:14:53:06 -0300] "GET /cormun/servlet/trpermisosgoce HTTP/1.1" 200 8360
190.171.142.50 - - [16/Mar/2022:14:53:07 -0300] "GET /cormun/servlet/trpermisosgoce HTTP/1.1" 200 8355
190.171.142.50 - - [16/Mar/2022:14:53:10 -0300] "GET /cormun/servlet/apermisogoceprn?10474958,P,20220316143729,PU HTTP/1.1" 200 1657
200.54.237.82 - - [16/Mar/2022:14:53:22 -0300] "GET /cormun/servlet/trfichaempleado? HTTP/1.1" 200 7515
190.171.141.122 - - [16/Mar/2022:14:53:44 -0300] "GET /cormun/servlet/trfichaempleado HTTP/1.1" 200 7977
190.171.149.74 - - [16/Mar/2022:14:54:04 -0300] "GET /cormun/servlet/renuncias?931c64da919691a96e5cf7f419208b0b070b0a8ca900f9512079b1591cbff1f51a9a3f9fd4052952e3c477b4dd3bd9e2,gx-no-cache=1647456214544 HTTP/1.1" 200 33
190.171.149.74 - - [16/Mar/2022:14:54:04 -0300] "GET /cormun/servlet/renuncias?931c64da919691a96e5cf7f419208b0b420db815f18ee6f8bc48dbb747b2fd36075f1e4519e582b0df5b0af2a575f5b140f38546b33faf296c3bbc2df503b495,gx-no-cache=1647456214580 HTTP/1.1" 200 70
190.171.141.122 - - [16/Mar/2022:14:54:06 -0300] "GET /cormun/servlet/trfichaempleado HTTP/1.1" 200 7977
190.171.149.74 - - [16/Mar/2022:14:54:07 -0300] "POST /cormun/servlet/renuncias?3b271b84c642397136aea865a23d79ee,UPD,280,,gx-no-cache=1647456217512 HTTP/1.1" 200 93
190.171.149.74 - - [16/Mar/2022:14:54:07 -0300] "GET /cormun/servlet/hpexe_return? HTTP/1.1" 200 1012
190.171.149.74 - - [16/Mar/2022:14:54:07 -0300] "GET /cormun/servlet/trrenuncias HTTP/1.1" 200 7932
190.171.149.74 - - [16/Mar/2022:14:54:08 -0300] "GET /cormun/servlet/trrenuncias HTTP/1.1" 200 7928
190.171.149.74 - - [16/Mar/2022:14:54:10 -0300] "GET /cormun/servlet/trrenunciasadjuntos?280,8197547, HTTP/1.1" 200 5998
190.171.149.74 - - [16/Mar/2022:14:54:10 -0300] "GET /cormun/static/gxcfg.js?20199142247550 HTTP/1.1" 200 953
190.171.149.74 - - [16/Mar/2022:14:54:10 -0300] "GET /cormun/static/trrenunciasadjuntos.js?201991422475829 HTTP/1.1" 200 15250
190.171.149.74 - - [16/Mar/2022:14:54:11 -0300] "GET /cormun/servlet/trrenunciasadjuntos?280,8197547, HTTP/1.1" 200 5999
190.171.149.74 - - [16/Mar/2022:14:54:14 -0300] "GET /cormun/servlet/renunciasadjuntos?INS,280,, HTTP/1.1" 200 5331
190.171.149.74 - - [16/Mar/2022:14:54:14 -0300] "GET /cormun/static/gxcfg.js?20201215181587 HTTP/1.1" 200 953
190.171.149.74 - - [16/Mar/2022:14:54:14 -0300] "GET /cormun/static/renunciasadjuntos.js?20201215181632 HTTP/1.1" 200 5937
190.171.149.74 - - [16/Mar/2022:14:54:14 -0300] "GET /cormun/static/about:blank HTTP/1.1" 404 1011
190.171.149.74 - - [16/Mar/2022:14:54:14 -0300] "GET /cormun/servlet/renunciasadjuntos?INS,280,, HTTP/1.1" 200 5317
190.171.141.122 - - [16/Mar/2022:14:54:24 -0300] "GET /cormun/servlet/trfichaempleado HTTP/1.1" 200 7977
190.171.141.122 - - [16/Mar/2022:14:54:33 -0300] "GET /cormun/servlet/trfichaempleado HTTP/1.1" 200 7977
190.171.141.122 - - [16/Mar/2022:14:54:37 -0300] "GET /cormun/servlet/trfichaempleado HTTP/1.1" 200 7977
190.171.141.122 - - [16/Mar/2022:14:55:18 -0300] "GET /cormun/servlet/trfichaempleado HTTP/1.1" 200 7810
190.171.149.74 - - [16/Mar/2022:14:55:27 -0300] "POST /cormun/servlet/renunciasadjuntos?3b271b84c642397136aea865a23d79ee,INS,280,, HTTP/1.1" 200 116
190.171.149.74 - - [16/Mar/2022:14:55:27 -0300] "GET /cormun/servlet/hpexe_return? HTTP/1.1" 200 1029
190.171.149.74 - - [16/Mar/2022:14:55:28 -0300] "GET /cormun/servlet/trrenunciasadjuntos?280,8197547, HTTP/1.1" 200 6430
190.171.149.74 - - [16/Mar/2022:14:55:28 -0300] "GET /cormun/servlet/trrenunciasadjuntos?280,8197547, HTTP/1.1" 200 6427
190.171.141.122 - - [16/Mar/2022:14:55:31 -0300] "GET /cormun/servlet/trfichaempleado HTTP/1.1" 200 7810
190.171.149.74 - - [16/Mar/2022:14:55:44 -0300] "GET /cormun/servlet/trrenuncias? HTTP/1.1" 200 7928
190.171.149.74 - - [16/Mar/2022:14:55:44 -0300] "GET /cormun/servlet/trrenuncias? HTTP/1.1" 200 7928
190.171.149.74 - - [16/Mar/2022:14:55:49 -0300] "POST /cormun/servlet/trrenuncias?3b271b84c642397136aea865a23d79ee,,gx-no-cache=1647456319702 HTTP/1.1" 200 5184
190.171.149.74 - - [16/Mar/2022:14:55:49 -0300] "GET /cormun/static/Shared/jqueryui/images/ui-bg_highlight-soft_100_c6c2c8_1x100.png HTTP/1.1" 404 1117
190.171.149.74 - - [16/Mar/2022:14:55:49 -0300] "GET /cormun/static/Shared/jqueryui/images/ui-icons_82798d_256x240.png HTTP/1.1" 404 1089
190.171.149.74 - - [16/Mar/2022:14:55:49 -0300] "GET /cormun/static/Shared/jqueryui/images/ui-bg_flat_55_fafafa_40x100.png HTTP/1.1" 404 1097
190.171.149.74 - - [16/Mar/2022:14:55:49 -0300] "GET /cormun/static/Shared/jqueryui/images/ui-icons_8d78a5_256x240.png HTTP/1.1" 404 1089
190.171.149.74 - - [16/Mar/2022:14:56:00 -0300] "GET /cormun/servlet/hlogin HTTP/1.1" 200 1749
190.171.141.122 - - [16/Mar/2022:14:56:04 -0300] "GET /cormun/servlet/trfichaempleado HTTP/1.1" 200 7810
190.171.149.74 - - [16/Mar/2022:14:56:08 -0300] "POST /cormun/servlet/hlogin?3b271b84c642397136aea865a23d79ee,gx-no-cache=1647456338960 HTTP/1.1" 200 90
190.171.149.74 - - [16/Mar/2022:14:56:08 -0300] "GET /cormun/servlet/hpexe_link HTTP/1.1" 200 957
190.171.149.74 - - [16/Mar/2022:14:56:09 -0300] "GET /cormun/servlet/hhome HTTP/1.1" 200 4236
190.171.149.74 - - [16/Mar/2022:14:56:09 -0300] "GET /cormun/servlet/hhome HTTP/1.1" 200 4233
190.171.149.74 - - [16/Mar/2022:14:56:18 -0300] "GET /cormun/servlet/trautorizarenuncias? HTTP/1.1" 200 7586
190.171.149.74 - - [16/Mar/2022:14:56:18 -0300] "GET /cormun/static/gxcfg.js?202012169054 HTTP/1.1" 200 953
190.171.149.74 - - [16/Mar/2022:14:56:18 -0300] "GET /cormun/static/trautorizarenuncias.js?202012169521 HTTP/1.1" 200 29147
190.171.149.74 - - [16/Mar/2022:14:56:18 -0300] "GET /cormun/servlet/trautorizarenuncias? HTTP/1.1" 200 7584
190.171.141.122 - - [16/Mar/2022:14:56:26 -0300] "GET /cormun/servlet/trfichaempleado HTTP/1.1" 200 7977
190.171.141.122 - - [16/Mar/2022:14:56:28 -0300] "GET /cormun/servlet/trfichaempleado HTTP/1.1" 200 7977
190.171.141.122 - - [16/Mar/2022:14:56:53 -0300] "GET /cormun/servlet/trfichaempleado HTTP/1.1" 200 7817
190.171.141.122 - - [16/Mar/2022:14:57:02 -0300] "GET /cormun/servlet/trfichaempleado HTTP/1.1" 200 7817
190.171.141.122 - - [16/Mar/2022:14:57:37 -0300] "GET /cormun/servlet/trfichaempleado HTTP/1.1" 200 7977
190.171.149.74 - - [16/Mar/2022:14:59:06 -0300] "POST /cormun/servlet/trautorizarenuncias?3b271b84c642397136aea865a23d79ee,,gx-no-cache=1647456516419 HTTP/1.1" 200 4415
190.171.149.74 - - [16/Mar/2022:14:59:06 -0300] "GET /cormun/static/Shared/jqueryui/images/ui-bg_highlight-soft_100_c6c2c8_1x100.png HTTP/1.1" 404 1117
190.171.149.74 - - [16/Mar/2022:14:59:06 -0300] "GET /cormun/static/Shared/jqueryui/images/ui-icons_82798d_256x240.png HTTP/1.1" 404 1089
190.171.149.74 - - [16/Mar/2022:14:59:06 -0300] "GET /cormun/static/Shared/jqueryui/images/ui-bg_flat_55_fafafa_40x100.png HTTP/1.1" 404 1097
190.171.149.74 - - [16/Mar/2022:14:59:06 -0300] "GET /cormun/static/Shared/jqueryui/images/ui-icons_8d78a5_256x240.png HTTP/1.1" 404 1089
190.171.149.74 - - [16/Mar/2022:14:59:29 -0300] "GET /cormun/servlet/hlogin HTTP/1.1" 200 1754
190.171.149.74 - - [16/Mar/2022:14:59:40 -0300] "GET /cormun/servlet/hlogin HTTP/1.1" 200 1732
190.171.149.74 - - [16/Mar/2022:15:00:13 -0300] "GET /cormun/servlet/hlogin HTTP/1.1" 200 1732
190.171.149.74 - - [16/Mar/2022:15:00:21 -0300] "POST /cormun/servlet/hlogin?3b271b84c642397136aea865a23d79ee,gx-no-cache=1647456591689 HTTP/1.1" 200 90
190.171.149.74 - - [16/Mar/2022:15:00:21 -0300] "GET /cormun/servlet/hpexe_link HTTP/1.1" 200 957
190.171.149.74 - - [16/Mar/2022:15:00:21 -0300] "GET /cormun/servlet/hhome HTTP/1.1" 200 3984
190.171.149.74 - - [16/Mar/2022:15:00:22 -0300] "GET /cormun/servlet/hhome HTTP/1.1" 200 3981
190.171.149.74 - - [16/Mar/2022:15:00:27 -0300] "GET /cormun/servlet/trlicencias? HTTP/1.1" 200 10523
190.171.149.74 - - [16/Mar/2022:15:00:28 -0300] "GET /cormun/servlet/trlicencias? HTTP/1.1" 200 10521
190.171.141.82 - - [16/Mar/2022:15:04:04 -0300] "GET /cormun/servlet/hlogin HTTP/1.1" 200 1728
190.171.141.82 - - [16/Mar/2022:15:04:05 -0300] "GET /cormun/servlet/hlogin HTTP/1.1" 200 1738
40.77.167.18 - - [16/Mar/2022:15:04:05 -0300] "GET /cormun/servlet/hpexe_return HTTP/1.1" 200 977
40.77.167.22 - - [16/Mar/2022:15:04:10 -0300] "GET /cormun/servlet/hhome HTTP/1.1" 200 3312
190.171.141.82 - - [16/Mar/2022:15:04:13 -0300] "POST /cormun/servlet/hlogin?f69cc96598b401b68f7e2a60fea0d640,gx-no-cache=1647453109067 HTTP/1.1" 200 90
190.171.141.82 - - [16/Mar/2022:15:04:13 -0300] "GET /cormun/servlet/hpexe_link HTTP/1.1" 200 955
190.171.141.82 - - [16/Mar/2022:15:04:13 -0300] "GET /cormun/servlet/hhome HTTP/1.1" 200 3953
190.171.141.82 - - [16/Mar/2022:15:04:14 -0300] "GET /cormun/static/Resources/PXToolsDataTitle.png HTTP/1.1" 200 1173
190.171.141.82 - - [16/Mar/2022:15:04:15 -0300] "GET /cormun/servlet/hhome HTTP/1.1" 200 3949
190.171.141.82 - - [16/Mar/2022:15:04:21 -0300] "GET /cormun/servlet/trsolicitudot? HTTP/1.1" 200 7172
190.171.141.82 - - [16/Mar/2022:15:04:22 -0300] "GET /cormun/servlet/trsolicitudot? HTTP/1.1" 200 7171
190.171.141.82 - - [16/Mar/2022:15:04:29 -0300] "GET /cormun/servlet/solicitudot?INS,0,0,false, HTTP/1.1" 200 15679
190.171.141.82 - - [16/Mar/2022:15:04:31 -0300] "GET /cormun/servlet/solicitudot?INS,0,0,false, HTTP/1.1" 200 15686
190.171.149.74 - - [16/Mar/2022:15:05:05 -0300] "GET /cormun/servlet/trrenuncias? HTTP/1.1" 200 7886
190.171.149.74 - - [16/Mar/2022:15:05:05 -0300] "GET /cormun/servlet/trrenuncias? HTTP/1.1" 200 7886
190.171.149.74 - - [16/Mar/2022:15:05:31 -0300] "GET /cormun/servlet/hlogin HTTP/1.1" 200 1749
190.171.142.50 - - [16/Mar/2022:15:05:34 -0300] "GET /cormun/servlet/trpermisosadjuntos?10474958,20220316143729,P, HTTP/1.1" 200 6273
190.171.142.50 - - [16/Mar/2022:15:05:35 -0300] "GET /cormun/static/gxcfg.js?2020121641683 HTTP/1.1" 200 953
190.171.142.50 - - [16/Mar/2022:15:05:35 -0300] "GET /cormun/static/trpermisosadjuntos.js?2020121642996 HTTP/1.1" 200 20158
190.171.142.50 - - [16/Mar/2022:15:05:35 -0300] "GET /cormun/servlet/trpermisosadjuntos?10474958,20220316143729,P, HTTP/1.1" 200 6273
190.171.142.50 - - [16/Mar/2022:15:05:37 -0300] "GET /cormun/servlet/permisosadjuntos?INS,10474958,P,20220316143729,, HTTP/1.1" 200 5595
190.171.142.50 - - [16/Mar/2022:15:05:37 -0300] "GET /cormun/static/permisosadjuntos.js?20201215134285 HTTP/1.1" 200 8724
190.171.142.50 - - [16/Mar/2022:15:05:37 -0300] "GET /cormun/static/gxcfg.js?20201215134212 HTTP/1.1" 200 953
190.171.142.50 - - [16/Mar/2022:15:05:37 -0300] "GET /cormun/static/about:blank HTTP/1.1" 404 1011
190.171.142.50 - - [16/Mar/2022:15:05:37 -0300] "GET /cormun/servlet/permisosadjuntos?INS,10474958,P,20220316143729,, HTTP/1.1" 200 5585
190.171.149.74 - - [16/Mar/2022:15:05:39 -0300] "POST /cormun/servlet/hlogin?3b271b84c642397136aea865a23d79ee,gx-no-cache=1647456909997 HTTP/1.1" 200 90
190.171.149.74 - - [16/Mar/2022:15:05:39 -0300] "GET /cormun/servlet/hpexe_link HTTP/1.1" 200 957
190.171.149.74 - - [16/Mar/2022:15:05:40 -0300] "GET /cormun/servlet/hhome HTTP/1.1" 200 4236
190.171.149.74 - - [16/Mar/2022:15:05:40 -0300] "GET /cormun/servlet/hhome HTTP/1.1" 200 4233
190.171.142.50 - - [16/Mar/2022:15:05:46 -0300] "POST /cormun/servlet/permisosadjuntos?0f9636435bc37736af850c8bb22c3aa9,INS,10474958,P,20220316143729,, HTTP/1.1" 200 116
190.171.142.50 - - [16/Mar/2022:15:05:46 -0300] "GET /cormun/servlet/hpexe_return? HTTP/1.1" 200 1041
190.171.149.74 - - [16/Mar/2022:15:05:46 -0300] "GET /cormun/servlet/trautorizarenuncias? HTTP/1.1" 200 6968
190.171.142.50 - - [16/Mar/2022:15:05:46 -0300] "GET /cormun/servlet/trpermisosadjuntos?10474958,20220316143729,P, HTTP/1.1" 200 6746
190.171.149.74 - - [16/Mar/2022:15:05:47 -0300] "GET /cormun/servlet/trautorizarenuncias? HTTP/1.1" 200 6967
190.171.142.50 - - [16/Mar/2022:15:05:47 -0300] "GET /cormun/servlet/trpermisosadjuntos?10474958,20220316143729,P, HTTP/1.1" 200 6743
190.171.142.50 - - [16/Mar/2022:15:05:50 -0300] "POST /cormun/servlet/trpermisosadjuntos?0f9636435bc37736af850c8bb22c3aa9,10474958,20220316143729,P,,gx-no-cache=1647455628187 HTTP/1.1" 200 90
190.171.142.50 - - [16/Mar/2022:15:05:50 -0300] "GET /cormun/servlet/hpexe_link HTTP/1.1" 200 986
190.171.142.50 - - [16/Mar/2022:15:05:50 -0300] "GET /cormun/servlet/trpermisosgoce HTTP/1.1" 200 8357
190.171.142.50 - - [16/Mar/2022:15:05:50 -0300] "GET /cormun/servlet/trpermisosgoce HTTP/1.1" 200 8355
190.171.142.50 - - [16/Mar/2022:15:05:56 -0300] "POST /cormun/servlet/trpermisosgoce?0f9636435bc37736af850c8bb22c3aa9,gx-no-cache=1647455634259 HTTP/1.1" 200 5639
190.171.142.50 - - [16/Mar/2022:15:05:56 -0300] "GET /cormun/static/Shared/jqueryui/images/ui-icons_82798d_256x240.png HTTP/1.1" 404 1089
190.171.142.50 - - [16/Mar/2022:15:05:56 -0300] "GET /cormun/static/Shared/jqueryui/images/ui-bg_flat_55_fafafa_40x100.png HTTP/1.1" 404 1097
190.171.142.50 - - [16/Mar/2022:15:05:56 -0300] "GET /cormun/static/Shared/jqueryui/images/ui-bg_highlight-soft_100_c6c2c8_1x100.png HTTP/1.1" 404 1117
190.171.142.50 - - [16/Mar/2022:15:05:56 -0300] "GET /cormun/static/Shared/jqueryui/images/ui-icons_8d78a5_256x240.png HTTP/1.1" 404 1089
190.171.149.74 - - [16/Mar/2022:15:05:58 -0300] "GET /cormun/servlet/trrenuncias? HTTP/1.1" 200 8145
190.171.149.74 - - [16/Mar/2022:15:05:59 -0300] "GET /cormun/servlet/trrenuncias? HTTP/1.1" 200 8145
190.171.142.50 - - [16/Mar/2022:15:06:07 -0300] "GET /cormun/servlet/hlogin HTTP/1.1" 200 1746
190.171.142.50 - - [16/Mar/2022:15:06:18 -0300] "POST /cormun/servlet/hlogin?0f9636435bc37736af850c8bb22c3aa9,gx-no-cache=1647455656411 HTTP/1.1" 200 90
190.171.142.50 - - [16/Mar/2022:15:06:18 -0300] "GET /cormun/servlet/hpexe_link HTTP/1.1" 200 954
190.171.142.50 - - [16/Mar/2022:15:06:18 -0300] "GET /cormun/servlet/hhome HTTP/1.1" 200 4212
190.171.142.50 - - [16/Mar/2022:15:06:18 -0300] "GET /cormun/servlet/hhome HTTP/1.1" 200 4208
190.171.142.50 - - [16/Mar/2022:15:06:23 -0300] "GET /cormun/servlet/trautorizarpermisogoce? HTTP/1.1" 200 7896
190.171.142.50 - - [16/Mar/2022:15:06:23 -0300] "GET /cormun/static/gxcfg.js?2020121645532 HTTP/1.1" 200 953
190.171.142.50 - - [16/Mar/2022:15:06:23 -0300] "GET /cormun/static/trautorizarpermisogoce.js?2020121651492 HTTP/1.1" 200 34948
190.171.142.50 - - [16/Mar/2022:15:06:23 -0300] "GET /cormun/servlet/trautorizarpermisogoce? HTTP/1.1" 200 7894
190.171.142.50 - - [16/Mar/2022:15:06:30 -0300] "POST /cormun/servlet/trautorizarpermisogoce?0f9636435bc37736af850c8bb22c3aa9,,gx-no-cache=1647455668285 HTTP/1.1" 200 4535
190.171.142.50 - - [16/Mar/2022:15:06:30 -0300] "GET /cormun/static/Shared/jqueryui/images/ui-bg_highlight-soft_100_c6c2c8_1x100.png HTTP/1.1" 404 1117
190.171.142.50 - - [16/Mar/2022:15:06:30 -0300] "GET /cormun/static/Shared/jqueryui/images/ui-icons_82798d_256x240.png HTTP/1.1" 404 1089
190.171.142.50 - - [16/Mar/2022:15:06:30 -0300] "GET /cormun/static/Shared/jqueryui/images/ui-bg_flat_55_fafafa_40x100.png HTTP/1.1" 404 1097
190.171.142.50 - - [16/Mar/2022:15:06:30 -0300] "GET /cormun/static/Shared/jqueryui/images/ui-icons_8d78a5_256x240.png HTTP/1.1" 404 1089
23.90.160.114 - - [16/Mar/2022:15:09:23 -0300] "GET / HTTP/1.1" 200 11217
23.90.160.114 - - [16/Mar/2022:15:09:23 -0300] "GET /showLogin.cc HTTP/1.1" 404 985
201.215.63.237 - - [16/Mar/2022:15:14:14 -0300] "GET /cormun/servlet/hlogin HTTP/1.1" 200 1722
201.215.63.237 - - [16/Mar/2022:15:14:14 -0300] "GET /cormun/static/gxtimezone.js?85251 HTTP/1.1" 200 5781
201.215.63.237 - - [16/Mar/2022:15:14:14 -0300] "GET /cormun/static/gxcfg.js?201910216285969 HTTP/1.1" 200 953
201.215.63.237 - - [16/Mar/2022:15:14:15 -0300] "GET /cormun/static/Resources/Spanish/PXTools.css?2294816 HTTP/1.1" 200 100853
201.215.63.237 - - [16/Mar/2022:15:14:15 -0300] "GET /cormun/static/messages.spa.js?85251 HTTP/1.1" 200 30736
201.215.63.237 - - [16/Mar/2022:15:14:15 -0300] "GET /cormun/static/hlogin.js?201910216285995 HTTP/1.1" 200 2136
201.215.63.237 - - [16/Mar/2022:15:14:15 -0300] "GET /cormun/static/Resources/Logo2019_Grande.png HTTP/1.1" 200 31733
201.215.63.237 - - [16/Mar/2022:15:14:15 -0300] "GET /cormun/static/gxgral.js?85251 HTTP/1.1" 200 384558
201.215.63.237 - - [16/Mar/2022:15:14:15 -0300] "GET /cormun/static/Resources/PXToolsLoginBackground.png HTTP/1.1" 200 1164
201.215.63.237 - - [16/Mar/2022:15:14:15 -0300] "GET /cormun/static/Resources/PXToolsLoginTop.png HTTP/1.1" 200 1337
201.215.63.237 - - [16/Mar/2022:15:14:15 -0300] "GET /cormun/static/Resources/PXToolsButtonRight.png HTTP/1.1" 200 1294
201.215.63.237 - - [16/Mar/2022:15:14:15 -0300] "GET /cormun/static/Resources/PXToolsButtonLeft.png HTTP/1.1" 200 1310
201.215.63.237 - - [16/Mar/2022:15:14:15 -0300] "GET /cormun/static/Resources/PXToolsButtonBackground.png HTTP/1.1" 200 1176
201.215.63.237 - - [16/Mar/2022:15:14:15 -0300] "GET /cormun/static/Resources/PXToolsLoginBottom.png HTTP/1.1" 200 1389
201.215.63.237 - - [16/Mar/2022:15:14:15 -0300] "GET /cormun/servlet/hlogin HTTP/1.1" 200 1732
201.215.63.237 - - [16/Mar/2022:15:14:15 -0300] "GET /cormun/static/Resources/indicator.gif HTTP/1.1" 200 1553
201.215.63.237 - - [16/Mar/2022:15:14:15 -0300] "GET /favicon.ico HTTP/1.1" 200 21630
201.215.63.237 - - [16/Mar/2022:15:14:17 -0300] "POST /cormun/servlet/hlogin?b098197e3ab026df667efeb8f84cf2e3,gx-no-cache=1647453711552 HTTP/1.1" 200 434
190.171.153.26 - - [16/Mar/2022:15:16:30 -0300] "GET /cormun/servlet/hlogin HTTP/1.1" 200 1719
190.171.153.26 - - [16/Mar/2022:15:16:30 -0300] "GET /cormun/static/gxcfg.js?201910216285969 HTTP/1.1" 200 953
190.171.153.26 - - [16/Mar/2022:15:16:30 -0300] "GET /cormun/static/Resources/Logo2019_Grande.png HTTP/1.1" 200 31733
190.171.153.26 - - [16/Mar/2022:15:16:30 -0300] "GET /cormun/static/Resources/Spanish/PXTools.css?2294816 HTTP/1.1" 200 100853
190.171.153.26 - - [16/Mar/2022:15:16:30 -0300] "GET /cormun/static/Resources/PXToolsLoginTop.png HTTP/1.1" 200 1337
190.171.153.26 - - [16/Mar/2022:15:16:30 -0300] "GET /cormun/static/Resources/PXToolsLoginBackground.png HTTP/1.1" 200 1164
190.171.153.26 - - [16/Mar/2022:15:16:30 -0300] "GET /cormun/static/Resources/PXToolsButtonLeft.png HTTP/1.1" 200 1310
190.171.153.26 - - [16/Mar/2022:15:16:30 -0300] "GET /cormun/static/Resources/PXToolsButtonRight.png HTTP/1.1" 200 1294
190.171.153.26 - - [16/Mar/2022:15:16:30 -0300] "GET /cormun/static/Resources/PXToolsButtonBackground.png HTTP/1.1" 200 1176
190.171.153.26 - - [16/Mar/2022:15:16:30 -0300] "GET /cormun/static/Resources/PXToolsLoginBottom.png HTTP/1.1" 200 1389
190.171.153.26 - - [16/Mar/2022:15:16:30 -0300] "GET /cormun/static/Resources/indicator.gif HTTP/1.1" 200 1553
190.171.153.26 - - [16/Mar/2022:15:16:30 -0300] "GET /favicon.ico HTTP/1.1" 200 21630
190.171.153.26 - - [16/Mar/2022:15:16:34 -0300] "POST /cormun/servlet/hlogin?89683bb090af6841005e0f420b9eb6f5,gx-no-cache=1647453852454 HTTP/1.1" 200 90
190.171.153.26 - - [16/Mar/2022:15:16:34 -0300] "GET /cormun/servlet/hpexe_link HTTP/1.1" 200 946
190.171.153.26 - - [16/Mar/2022:15:16:34 -0300] "GET /cormun/static/hpexe_link.js?201991422392963 HTTP/1.1" 200 625
190.171.153.26 - - [16/Mar/2022:15:16:34 -0300] "GET /cormun/static/gxcfg.js?201991422392958 HTTP/1.1" 200 953
190.171.153.26 - - [16/Mar/2022:15:16:34 -0300] "GET /cormun/servlet/hhome HTTP/1.1" 200 3940
190.171.153.26 - - [16/Mar/2022:15:16:34 -0300] "GET /cormun/static/Shared/jqueryui/jquery-ui.min.css?1345370 HTTP/1.1" 200 30288
190.171.153.26 - - [16/Mar/2022:15:16:34 -0300] "GET /cormun/static/SmoothNavMenu/resources/ddsmoothmenu-v.css?1112540 HTTP/1.1" 200 1188
190.171.153.26 - - [16/Mar/2022:15:16:34 -0300] "GET /cormun/static/SmoothNavMenu/resources/ddsmoothmenu.css?1112540 HTTP/1.1" 200 2223
190.171.153.26 - - [16/Mar/2022:15:16:34 -0300] "GET /cormun/static/gxcfg.js?20201215495537 HTTP/1.1" 200 953
190.171.153.26 - - [16/Mar/2022:15:16:34 -0300] "GET /cormun/static/scaMessage/css/jquery.pnotify.default.css?1816380 HTTP/1.1" 200 1707
190.171.153.26 - - [16/Mar/2022:15:16:34 -0300] "GET /cormun/static/PXToolsJavascripts/pexe_cookies.js HTTP/1.1" 200 792
190.171.153.26 - - [16/Mar/2022:15:16:34 -0300] "GET /cormun/static/PXToolsJavascripts/pexe_menudivfix.js HTTP/1.1" 200 333
190.171.153.26 - - [16/Mar/2022:15:16:34 -0300] "GET /cormun/static/PXToolsJavascripts/pexe_oav.js HTTP/1.1" 200 645
190.171.153.26 - - [16/Mar/2022:15:16:34 -0300] "GET /cormun/static/PXToolsJavascripts/pexe_oavdivfix.js HTTP/1.1" 200 639
190.171.153.26 - - [16/Mar/2022:15:16:34 -0300] "GET /cormun/static/PXToolsJavascripts/pexe_tabdivfix.js HTTP/1.1" 200 876
190.171.153.26 - - [16/Mar/2022:15:16:34 -0300] "GET /cormun/static/PXToolsJavascripts/pexe_picture.js HTTP/1.1" 200 689
190.171.153.26 - - [16/Mar/2022:15:16:34 -0300] "GET /cormun/static/Resources/Spanish/PXTools.css?14345360 HTTP/1.1" 200 100853
190.171.153.26 - - [16/Mar/2022:15:16:34 -0300] "GET /cormun/static/hhome.js?20201215495544 HTTP/1.1" 200 777
190.171.153.26 - - [16/Mar/2022:15:16:34 -0300] "GET /cormun/static/RunJS/RunJS.js HTTP/1.1" 200 288
190.171.153.26 - - [16/Mar/2022:15:16:34 -0300] "GET /cormun/static/hwchdr01.js?20201214473739 HTTP/1.1" 200 996
190.171.153.26 - - [16/Mar/2022:15:16:34 -0300] "GET /cormun/static/hpexe_messagecontroller.js?201991422154126 HTTP/1.1" 200 870
190.171.153.26 - - [16/Mar/2022:15:16:34 -0300] "GET /cormun/static/PXToolsJavascripts/PXToolsJavascriptsRender.js HTTP/1.1" 200 367
190.171.153.26 - - [16/Mar/2022:15:16:34 -0300] "GET /cormun/static/hpexe_messagegenexuscomponent.js?2020121447173 HTTP/1.1" 200 587
190.171.153.26 - - [16/Mar/2022:15:16:34 -0300] "GET /cormun/static/hpexe_messagepopupcomponent.js?2020121447232 HTTP/1.1" 200 605
190.171.153.26 - - [16/Mar/2022:15:16:34 -0300] "GET /cormun/static/Resources/Logo2019_Small.png HTTP/1.1" 200 10855
190.171.153.26 - - [16/Mar/2022:15:16:34 -0300] "GET /cormun/static/Resources/ImgLogin.png HTTP/1.1" 200 1432
190.171.153.26 - - [16/Mar/2022:15:16:34 -0300] "GET /cormun/static/Resources/ImgHome.png HTTP/1.1" 200 1364
190.171.153.26 - - [16/Mar/2022:15:16:34 -0300] "GET /cormun/static/Resources/Llave.png HTTP/1.1" 200 1395
190.171.153.26 - - [16/Mar/2022:15:16:35 -0300] "GET /cormun/static/Resources/PXToolsDataTitle.png HTTP/1.1" 200 1173
190.171.153.26 - - [16/Mar/2022:15:16:35 -0300] "GET /cormun/static/SmoothNavMenu/resources/images/down.gif HTTP/1.1" 200 854
200.54.103.162 - - [16/Mar/2022:15:21:42 -0300] "GET /cormun/servlet/hlogin HTTP/1.1" 200 1724
201.186.225.189 - - [16/Mar/2022:15:22:58 -0300] "GET /cormun/servlet/hlogin HTTP/1.1" 200 1712
201.186.225.189 - - [16/Mar/2022:15:23:07 -0300] "POST /cormun/servlet/hlogin?35b7cf97dd648775db918579e0b453f8,gx-no-cache=1647454243103 HTTP/1.1" 200 90
201.186.225.189 - - [16/Mar/2022:15:23:07 -0300] "GET /cormun/servlet/hpexe_link HTTP/1.1" 200 940
201.186.225.189 - - [16/Mar/2022:15:23:07 -0300] "GET /cormun/servlet/hhome HTTP/1.1" 200 4335
201.186.225.189 - - [16/Mar/2022:15:23:08 -0300] "GET /cormun/servlet/hhome HTTP/1.1" 200 4331
201.186.225.189 - - [16/Mar/2022:15:23:10 -0300] "GET /cormun/servlet/trlicencias? HTTP/1.1" 200 8808
201.186.225.189 - - [16/Mar/2022:15:23:11 -0300] "GET /cormun/servlet/trlicencias? HTTP/1.1" 200 8806
181.212.42.153 - - [16/Mar/2022:15:23:14 -0300] "GET /cormun/servlet/trlicencias? HTTP/1.1" 200 11172
181.212.42.153 - - [16/Mar/2022:15:23:14 -0300] "GET /cormun/servlet/hlogin HTTP/1.1" 200 1731
181.212.42.153 - - [16/Mar/2022:15:23:15 -0300] "GET /cormun/servlet/trlicencias? HTTP/1.1" 200 11166
181.212.42.153 - - [16/Mar/2022:15:23:21 -0300] "POST /cormun/servlet/hlogin?5b962a445811a691bd4175cf42fdbc8c,gx-no-cache=1647454597850 HTTP/1.1" 200 90
181.212.42.153 - - [16/Mar/2022:15:23:21 -0300] "GET /cormun/servlet/hpexe_link HTTP/1.1" 200 947
181.212.42.153 - - [16/Mar/2022:15:23:21 -0300] "GET /cormun/servlet/trlicencias HTTP/1.1" 200 12403
181.212.42.153 - - [16/Mar/2022:15:23:21 -0300] "GET /cormun/servlet/trlicencias HTTP/1.1" 200 12402
181.212.42.153 - - [16/Mar/2022:15:23:25 -0300] "GET /cormun/servlet/trlicencias? HTTP/1.1" 200 12402
181.212.42.153 - - [16/Mar/2022:15:23:25 -0300] "GET /cormun/servlet/trlicencias? HTTP/1.1" 200 12402
181.212.42.153 - - [16/Mar/2022:15:24:07 -0300] "GET /cormun/servlet/licenciaspermisos?INS,0,,, HTTP/1.1" 200 7565
181.212.42.153 - - [16/Mar/2022:15:24:07 -0300] "GET /cormun/servlet/licenciaspermisos?INS,0,,, HTTP/1.1" 200 7573
190.171.141.82 - - [16/Mar/2022:15:24:09 -0300] "POST /cormun/servlet/solicitudot?gx-no-cache=1647454304500 HTTP/1.1" 200 3850
190.171.141.82 - - [16/Mar/2022:15:24:09 -0300] "POST /cormun/servlet/solicitudot?f69cc96598b401b68f7e2a60fea0d640,INS,0,0,false,,gx-no-cache=1647454304777 HTTP/1.1" 200 12392
181.212.42.153 - - [16/Mar/2022:15:24:13 -0300] "GET /cormun/servlet/licenciaspermisos?8395d51c309307305c72d885d38038b45fc9d4ae69955aa7f943cb52b50adfafef9cda00b2a44213f87447e5d31dba2792b076f8da8d9d61d1c8b333cad7d1e6,gx-no-cache=1647454650178 HTTP/1.1" 200 104
181.212.42.153 - - [16/Mar/2022:15:24:13 -0300] "POST /cormun/servlet/licenciaspermisos?5b962a445811a691bd4175cf42fdbc8c,INS,0,,,,gx-no-cache=1647454650236 HTTP/1.1" 200 4828
190.171.141.82 - - [16/Mar/2022:15:24:17 -0300] "GET /cormun/servlet/solicitudot?68fd6e0c1513a3953735d19f5ab8dedfe9d7b33c183c89afebbb9131cc9991bf06785bd5d89a44ce060e68f5c6b03a53,gx-no-cache=1647454312858 HTTP/1.1" 200 30
181.212.42.153 - - [16/Mar/2022:15:25:06 -0300] "GET /cormun/servlet/licenciaspermisos?8395d51c309307305c72d885d38038b421be2e413a62dc5c3f1d541885fd63d01a62f18a769b3dee7418764bccca28da8694d201b973999926d4fb34a28ed5592bc541a954b6d2b827798ff7e4a22770bf05d55feef7008469925382bd6ef4c7f3cfa6f36a0b7934eb803769217c8244a5018337adc53dad6aa662cee00979896227e2f7ffed239b3f82e54995443570658df7ec3ef3dcebc98433375095c49711c4ac331ace9b797691800aeb992f8a299b0654a83c5086aa7e9409865dc1f226613c8f3ffa54ee98e2769951f2e91060fad120e32cdce287ccc0c9a49b5260,gx-no-cache=1647454703639 HTTP/1.1" 200 30
181.212.42.153 - - [16/Mar/2022:15:25:06 -0300] "GET /cormun/servlet/licenciaspermisos?8395d51c309307305c72d885d38038b40a5f9298fb9a340c046a41961546ec3d67a09499ad6723ef38b6bbeeb023e728e7bb905339210f5dd9aa88c5e513da5b89b14b475a27127ebca68db962de1a9402bd4dde4a90a6620201c2fb30020fcd496815928f4cfe8aa941fd1463d208e9ef3f51e05d639e5da6b90d857128e1e64a36419ae7c54cc3a96b2500228063a861f54894ac1264e914efc5d8fc160aca0d76fa5ff5bb9604a82df7ed78f63255f820160042c24d194596482a563619ca4b18e3bcf002e0dc50309ad6d32245ec6433a704d62130b1df300ba1b2405de9,gx-no-cache=1647454703663 HTTP/1.1" 200 29
181.212.42.153 - - [16/Mar/2022:15:25:07 -0300] "POST /cormun/servlet/licenciaspermisos?5b962a445811a691bd4175cf42fdbc8c,INS,0,,,,gx-no-cache=1647454703681 HTTP/1.1" 200 93
181.212.42.153 - - [16/Mar/2022:15:25:07 -0300] "GET /cormun/servlet/hpexe_return? HTTP/1.1" 200 1001
181.212.42.153 - - [16/Mar/2022:15:25:07 -0300] "GET /cormun/servlet/trlicencias HTTP/1.1" 200 12981
181.212.42.153 - - [16/Mar/2022:15:25:07 -0300] "GET /cormun/servlet/trlicencias HTTP/1.1" 200 12976
181.212.42.153 - - [16/Mar/2022:15:25:21 -0300] "GET /cormun/servlet/alicenciaprn?12359432,L,20220316000000,PU HTTP/1.1" 200 1548
190.171.141.82 - - [16/Mar/2022:15:25:52 -0300] "GET /cormun/servlet/prbanco?,MD,,gxPopupLevel%3D0%3B HTTP/1.1" 200 6510
190.171.141.82 - - [16/Mar/2022:15:26:00 -0300] "GET /cormun/servlet/solicitudot?68fd6e0c1513a3953735d19f5ab8dedf3603e351f9201f5808a33e4c300ec4c3122ab40acb2ed950d8512067976c974406785bd5d89a44ce060e68f5c6b03a53,gx-no-cache=1647454416559 HTTP/1.1" 200 30
190.171.141.82 - - [16/Mar/2022:15:26:02 -0300] "GET /cormun/servlet/solicitudot?68fd6e0c1513a3953735d19f5ab8dedf40adf6727da24fa027d37d6a0ec5231f,gx-no-cache=1647454418058 HTTP/1.1" 200 53
190.171.153.26 - - [16/Mar/2022:15:26:11 -0300] "GET /cormun/servlet/trsolicitudot? HTTP/1.1" 200 7163
190.171.153.26 - - [16/Mar/2022:15:26:11 -0300] "GET /cormun/static/gxui/gxui-all.css?110300 HTTP/1.1" 200 2179
190.171.153.26 - - [16/Mar/2022:15:26:11 -0300] "GET /cormun/static/calendar-system.css?75620 HTTP/1.1" 200 5572
190.171.153.26 - - [16/Mar/2022:15:26:11 -0300] "GET /cormun/static/gxcfg.js?201991910464971 HTTP/1.1" 200 953
190.171.153.26 - - [16/Mar/2022:15:26:12 -0300] "GET /cormun/static/Resources/PXToolsAddAllAction.png HTTP/1.1" 200 495
190.171.153.26 - - [16/Mar/2022:15:26:12 -0300] "GET /cormun/static/Resources/PXTools/calendar.png HTTP/1.1" 200 1306
190.171.153.26 - - [16/Mar/2022:15:26:12 -0300] "GET /cormun/static/Resources/PXToolsGridFirstDisabled.gif HTTP/1.1" 200 100
190.171.153.26 - - [16/Mar/2022:15:26:12 -0300] "GET /cormun/static/Resources/PXToolsGridNextDisabled.gif HTTP/1.1" 200 90
190.171.153.26 - - [16/Mar/2022:15:26:12 -0300] "GET /cormun/static/Resources/PXToolsGridPreviousDisabled.gif HTTP/1.1" 200 90
190.171.153.26 - - [16/Mar/2022:15:26:12 -0300] "GET /cormun/static/Resources/PXToolsGridLastDisabled.gif HTTP/1.1" 200 98
190.171.153.26 - - [16/Mar/2022:15:26:12 -0300] "GET /cormun/static/Resources/PXToolsDataSearch.png HTTP/1.1" 200 435
190.171.153.26 - - [16/Mar/2022:15:26:12 -0300] "GET /cormun/static/Resources/PXToolsGridPage.gif HTTP/1.1" 200 725
190.171.153.26 - - [16/Mar/2022:15:26:12 -0300] "GET /cormun/static/Resources/PXToolsActionExcel.png HTTP/1.1" 200 727
190.171.153.26 - - [16/Mar/2022:15:26:12 -0300] "GET /cormun/static/Resources/asc.gif HTTP/1.1" 200 67
190.171.153.26 - - [16/Mar/2022:15:26:12 -0300] "GET /cormun/static/Resources/asc.gif HTTP/1.1" 200 67
190.171.153.26 - - [16/Mar/2022:15:26:12 -0300] "GET /cormun/static/Resources/desc.gif HTTP/1.1" 200 65
190.171.153.26 - - [16/Mar/2022:15:26:12 -0300] "GET /cormun/static/Resources/desc.gif HTTP/1.1" 200 65
190.171.153.26 - - [16/Mar/2022:15:26:12 -0300] "GET /cormun/static/Resources/desc.gif HTTP/1.1" 200 65
190.171.153.26 - - [16/Mar/2022:15:26:12 -0300] "GET /cormun/static/Resources/asc.gif HTTP/1.1" 200 67
190.171.153.26 - - [16/Mar/2022:15:26:12 -0300] "GET /cormun/static/Resources/desc.gif HTTP/1.1" 200 65
190.171.153.26 - - [16/Mar/2022:15:26:12 -0300] "GET /cormun/static/Resources/asc.gif HTTP/1.1" 200 67
190.171.153.26 - - [16/Mar/2022:15:26:12 -0300] "GET /cormun/static/Shared/ext/resources/themes/images/default/panel/bg-headersPanel.png HTTP/1.1" 200 255
190.171.153.26 - - [16/Mar/2022:15:26:12 -0300] "GET /cormun/static/Shared/ext/resources/themes/images/default/tools/tool-sprites.gif HTTP/1.1" 200 5434
190.171.153.26 - - [16/Mar/2022:15:26:15 -0300] "GET /cormun/servlet/solicitudot?INS,0,0,false, HTTP/1.1" 200 15671
190.171.153.26 - - [16/Mar/2022:15:26:15 -0300] "GET /cormun/static/calendar-system.css?85620 HTTP/1.1" 200 5572
190.171.153.26 - - [16/Mar/2022:15:26:15 -0300] "GET /cormun/static/gxcfg.js?20203414241232 HTTP/1.1" 200 953
190.171.153.26 - - [16/Mar/2022:15:26:15 -0300] "GET /cormun/static/Resources/prompt.gif HTTP/1.1" 200 902
190.171.141.82 - - [16/Mar/2022:15:26:27 -0300] "POST /cormun/servlet/solicitudot?gx-no-cache=1647454443371 HTTP/1.1" 200 297
190.171.141.82 - - [16/Mar/2022:15:26:36 -0300] "GET /cormun/servlet/solicitudot?68fd6e0c1513a3953735d19f5ab8dedfb895f57553474600af4b8584ee8b13b08c8c7f8a4b0f7ec9889d0ee8e75bc2eb5fdd8d4c070cf7026bdbd2c6c4992b608c81fc189ea830b6552333d38bcf02493b79fd21addaba1a4cb8e558321eb1a1038b7a9e7df774beadf0ac075cdce362fd363717befb2b3dbe86f3ee46a1c3bac332a5117c79cd952516c0c1cd53fef4c51474c6c6041d5c42a0ccb648cc996484576d2fe9afad82083399005aea3b12bebac3daa84b0d61236db445d13889bde26f308d1c192da42ae7068ef6ca8d895942be472d6f3d84a5c48a9a6344fa7fd923aa91299a40ebd0c2cb9b45102fa4a00e66f505f6c49b75335514cb94e21b6a38448e34de4b9e7d2f8c1ac3a7139c93bf537ce1bef66e360d64414a7bc1fc0441ea6d39ab8d482f67e73c716d990de4dc2cc0b78acf0166d18b1d41470dda83165addff2fab5d482f35dcf9c09bf2c904fdf28d573f7cf61825755d0dcbc7451c867b8ee35887bf8a78e5edd36b0290081932d5479a731fbc5c864a31a32d6c373669a9066ca0bae1892185a7e291,gx-no-cache=1647454452079 HTTP/1.1" 200 30
190.171.141.82 - - [16/Mar/2022:15:26:39 -0300] "POST /cormun/servlet/solicitudot?gx-no-cache=1647454455037 HTTP/1.1" 200 30
190.171.141.82 - - [16/Mar/2022:15:26:41 -0300] "POST /cormun/servlet/solicitudot?gx-no-cache=1647454457197 HTTP/1.1" 200 1452
190.171.141.82 - - [16/Mar/2022:15:26:41 -0300] "POST /cormun/servlet/solicitudot?gx-no-cache=1647454457282 HTTP/1.1" 200 38
181.212.42.153 - - [16/Mar/2022:15:28:51 -0300] "GET /cormun/servlet/trlicenciaspermisosadjuntos?12359432,20220316000000,L, HTTP/1.1" 200 6318
181.212.42.153 - - [16/Mar/2022:15:28:52 -0300] "GET /cormun/servlet/trlicenciaspermisosadjuntos?12359432,20220316000000,L, HTTP/1.1" 200 6319
181.212.42.153 - - [16/Mar/2022:15:28:53 -0300] "GET /cormun/servlet/licenciaspermisosadjuntos?INS,12359432,L,20220316000000,, HTTP/1.1" 200 5608
181.212.42.153 - - [16/Mar/2022:15:28:53 -0300] "GET /cormun/static/gxcfg.js?20201215114875 HTTP/1.1" 200 953
181.212.42.153 - - [16/Mar/2022:15:28:53 -0300] "GET /cormun/static/licenciaspermisosadjuntos.js?20201215114932 HTTP/1.1" 200 8760
181.212.42.153 - - [16/Mar/2022:15:28:53 -0300] "GET /cormun/static/about:blank HTTP/1.1" 404 1011
181.212.42.153 - - [16/Mar/2022:15:28:53 -0300] "GET /cormun/servlet/licenciaspermisosadjuntos?INS,12359432,L,20220316000000,, HTTP/1.1" 200 5597
190.171.141.82 - - [16/Mar/2022:15:28:57 -0300] "GET /cormun/servlet/solicitudot?68fd6e0c1513a3953735d19f5ab8dedfbc86ff908eb3a464b05b99f75934fee247b9d32baf9ffbc8d361f3bbc2c89bc4786af4028234bcba5843eeb8093c4d56a62435cbe236cccb9237b67e978e6d82491ad81e957c1e99e7b41f4a01a53c3ce2436bcb7ed2f577eec30e3d3a7d2d50,gx-no-cache=1647454592584 HTTP/1.1" 200 110
181.212.42.153 - - [16/Mar/2022:15:29:02 -0300] "POST /cormun/servlet/licenciaspermisosadjuntos?5b962a445811a691bd4175cf42fdbc8c,INS,12359432,L,20220316000000,, HTTP/1.1" 200 116
181.212.42.153 - - [16/Mar/2022:15:29:02 -0300] "GET /cormun/servlet/hpexe_return? HTTP/1.1" 200 1034
181.212.42.153 - - [16/Mar/2022:15:29:02 -0300] "GET /cormun/servlet/trlicenciaspermisosadjuntos?12359432,20220316000000,L, HTTP/1.1" 200 6779
181.212.42.153 - - [16/Mar/2022:15:29:02 -0300] "GET /cormun/servlet/trlicenciaspermisosadjuntos?12359432,20220316000000,L, HTTP/1.1" 200 6776
181.212.42.153 - - [16/Mar/2022:15:29:09 -0300] "GET /cormun/PublicTempStorage/2-12067567.pdf HTTP/1.1" 200 147234
181.212.42.153 - - [16/Mar/2022:15:29:13 -0300] "GET /cormun/servlet/trlicenciaspermisosadjuntos?12359432,20220316000000,L, HTTP/1.1" 200 6779
181.212.42.153 - - [16/Mar/2022:15:29:13 -0300] "GET /cormun/servlet/trlicenciaspermisosadjuntos?12359432,20220316000000,L, HTTP/1.1" 200 6776
186.67.172.234 - - [16/Mar/2022:15:29:14 -0300] "GET /cormun/servlet/hlogin HTTP/1.1" 200 1728
186.67.172.234 - - [16/Mar/2022:15:29:14 -0300] "GET /cormun/servlet/hlogin HTTP/1.1" 200 1739
181.212.42.153 - - [16/Mar/2022:15:29:16 -0300] "GET /cormun/servlet/trlicencias? HTTP/1.1" 200 12977
