190.171.141.114 - - [15/Mar/2022:10:04:59 -0300] "GET /cormun/static/PXToolsJavascripts/pexe_windows.js HTTP/1.1" 200 15207
190.171.141.114 - - [15/Mar/2022:10:04:59 -0300] "GET /cormun/static/PXToolsJavascripts/pexe_link.js HTTP/1.1" 200 5671
190.171.141.114 - - [15/Mar/2022:10:04:59 -0300] "GET /cormun/static/PXToolsJavascripts/pexe_griddivfix.js HTTP/1.1" 200 6644
190.171.141.114 - - [15/Mar/2022:10:04:59 -0300] "GET /cormun/static/gxui/gxui-all.js HTTP/1.1" 200 107772
190.171.141.114 - - [15/Mar/2022:10:04:59 -0300] "GET /cormun/static/PXToolsJavascripts/pexe_menudivfix.js HTTP/1.1" 200 333
190.171.141.114 - - [15/Mar/2022:10:04:59 -0300] "GET /cormun/static/PXToolsJavascripts/pexe_menus.js HTTP/1.1" 200 1286
190.171.141.114 - - [15/Mar/2022:10:04:59 -0300] "GET /cormun/static/PXToolsJavascripts/pexe_layers.js HTTP/1.1" 200 4114
190.171.141.114 - - [15/Mar/2022:10:04:59 -0300] "GET /cormun/static/PXToolsJavascripts/pexe_oav.js HTTP/1.1" 200 645
190.171.141.114 - - [15/Mar/2022:10:04:59 -0300] "GET /cormun/static/PXToolsJavascripts/pexe_oavdivfix.js HTTP/1.1" 200 639
190.171.141.114 - - [15/Mar/2022:10:04:59 -0300] "GET /cormun/static/PXToolsJavascripts/pexe_scrolldiv.js HTTP/1.1" 200 4138
190.171.141.114 - - [15/Mar/2022:10:04:59 -0300] "GET /cormun/static/PXToolsJavascripts/pexe_popup.js HTTP/1.1" 200 13458
190.171.141.114 - - [15/Mar/2022:10:04:59 -0300] "GET /cormun/static/PXToolsJavascripts/pexe_tabdivfix.js HTTP/1.1" 200 876
190.171.141.114 - - [15/Mar/2022:10:04:59 -0300] "GET /cormun/static/PXToolsJavascripts/pexe_picture.js HTTP/1.1" 200 689
190.171.141.114 - - [15/Mar/2022:10:04:59 -0300] "GET /cormun/static/PXToolsJavascripts/pexe_tabs.js HTTP/1.1" 200 3748
190.171.141.114 - - [15/Mar/2022:10:04:59 -0300] "GET /cormun/static/PXToolsJavascripts/pexe_upload.js HTTP/1.1" 200 1423
190.171.141.114 - - [15/Mar/2022:10:04:59 -0300] "GET /cormun/static/PXToolsJavascripts/PXToolsJavascriptsRender.js HTTP/1.1" 200 367
190.171.141.114 - - [15/Mar/2022:10:04:59 -0300] "GET /cormun/static/Shared/ext/locale/ext-lang-en.js HTTP/1.1" 200 10940
190.171.141.114 - - [15/Mar/2022:10:05:00 -0300] "GET /cormun/static/Shared/ext/ext-all.js HTTP/1.1" 200 1289687
190.171.141.114 - - [15/Mar/2022:10:05:00 -0300] "GET /cormun/static/gxdec.js?85251 HTTP/1.1" 200 19579
190.171.141.114 - - [15/Mar/2022:10:05:00 -0300] "GET /cormun/static/hwchdr01.js?20201214473739 HTTP/1.1" 200 996
190.171.141.114 - - [15/Mar/2022:10:05:00 -0300] "GET /cormun/static/Resources/PXToolsDataTitle.png HTTP/1.1" 200 1173
190.171.141.114 - - [15/Mar/2022:10:05:00 -0300] "GET /cormun/static/Resources/Logo2019_Small.png HTTP/1.1" 200 10855
190.171.141.114 - - [15/Mar/2022:10:05:00 -0300] "GET /cormun/static/hpexe_scripts.js?20201214471411 HTTP/1.1" 200 1544
190.171.141.114 - - [15/Mar/2022:10:05:00 -0300] "GET /cormun/static/hpexe_recentlink.js?20201214471090 HTTP/1.1" 200 2144
190.171.141.114 - - [15/Mar/2022:10:05:01 -0300] "GET /cormun/static/Resources/ImgHome.png HTTP/1.1" 200 1364
190.171.141.114 - - [15/Mar/2022:10:05:01 -0300] "GET /cormun/static/Resources/ImgLogin.png HTTP/1.1" 200 1432
190.171.141.114 - - [15/Mar/2022:10:05:01 -0300] "GET /cormun/static/Resources/Llave.png HTTP/1.1" 200 1395
190.171.141.114 - - [15/Mar/2022:10:05:01 -0300] "GET /cormun/static/hpexe_messagecontroller.js?201991422154126 HTTP/1.1" 200 870
190.171.141.114 - - [15/Mar/2022:10:05:01 -0300] "GET /cormun/static/hpexe_messagepopupcomponent.js?2020121447232 HTTP/1.1" 200 605
190.171.141.114 - - [15/Mar/2022:10:05:01 -0300] "GET /cormun/static/cmcontrolpreferences.js?20199141926336 HTTP/1.1" 200 1375
190.171.141.114 - - [15/Mar/2022:10:05:01 -0300] "GET /cormun/static/hpexe_messagegenexuscomponent.js?2020121447173 HTTP/1.1" 200 587
190.171.141.114 - - [15/Mar/2022:10:05:01 -0300] "GET /cormun/static/Shared/jquery/jquery-1.4.2.min.js HTTP/1.1" 200 72174
190.171.141.114 - - [15/Mar/2022:10:05:01 -0300] "GET /cormun/static/SmoothNavMenu/resources/ddsmoothmenu.js HTTP/1.1" 200 12712
190.171.141.114 - - [15/Mar/2022:10:05:01 -0300] "GET /cormun/static/SmoothNavMenu/resources/SmoothNavMenuRender.js HTTP/1.1" 200 5951
190.171.141.114 - - [15/Mar/2022:10:05:01 -0300] "GET /cormun/static/scaMessage/js/jquery.pnotify.min.js HTTP/1.1" 200 13038
190.171.141.114 - - [15/Mar/2022:10:05:01 -0300] "GET /cormun/static/scaMessage/scaMessageRender.js HTTP/1.1" 200 11977
190.171.141.114 - - [15/Mar/2022:10:05:01 -0300] "GET /cormun/static/hmpwkw03.js?20201215501896 HTTP/1.1" 200 3973
190.171.141.114 - - [15/Mar/2022:10:05:01 -0300] "GET /cormun/static/Resources/PXTools/calendar.png HTTP/1.1" 200 1306
190.171.141.114 - - [15/Mar/2022:10:05:02 -0300] "GET /cormun/static/Shared/jquery/jquery-1.10.2.min.js HTTP/1.1" 200 273199
190.171.141.114 - - [15/Mar/2022:10:05:02 -0300] "GET /cormun/static/Shared/jqueryui/jquery-ui.min.js HTTP/1.1" 200 240427
190.171.141.114 - - [15/Mar/2022:10:05:02 -0300] "GET /cormun/static/Resources/indicator.gif HTTP/1.1" 200 1553
190.171.141.114 - - [15/Mar/2022:10:05:02 -0300] "GET /cormun//static/Resources/PXToolsActionDisabled.gif HTTP/1.1" 200 53
190.171.141.114 - - [15/Mar/2022:10:05:02 -0300] "GET /cormun//static/Resources/PXToolsGridDisplay.png HTTP/1.1" 200 525
190.171.141.114 - - [15/Mar/2022:10:05:02 -0300] "GET /cormun//static/Resources/PXTools/ActionInsert.png HTTP/1.1" 200 1482
190.171.141.114 - - [15/Mar/2022:10:05:02 -0300] "GET /cormun//static/Resources/PXToolsActionPrint.png HTTP/1.1" 200 404
190.171.141.114 - - [15/Mar/2022:10:05:02 -0300] "GET /cormun//static/Resources/PXToolsHeaderHelp.png HTTP/1.1" 200 1333
190.171.141.114 - - [15/Mar/2022:10:05:02 -0300] "GET /cormun//static/Resources/PXToolsGridDelete.png HTTP/1.1" 200 538
190.171.141.114 - - [15/Mar/2022:10:05:02 -0300] "GET /cormun/static/SmoothNavMenu/resources/images/down.gif HTTP/1.1" 200 854
190.171.141.114 - - [15/Mar/2022:10:05:02 -0300] "GET /cormun//static/Resources/PXToolsHeaderFavorites.png HTTP/1.1" 200 1414
190.171.141.114 - - [15/Mar/2022:10:05:03 -0300] "GET /cormun/servlet/trpermisosgoce HTTP/1.1" 200 7662
190.171.149.82 - - [15/Mar/2022:10:05:10 -0300] "POST /cormun/servlet/trsolicitudot?73ed76d800d447f93cf56364fb70d7d9,,gx-no-cache=1647348766396 HTTP/1.1" 200 90
190.171.149.82 - - [15/Mar/2022:10:05:10 -0300] "GET /cormun/servlet/hpexe_link HTTP/1.1" 200 952
190.171.149.82 - - [15/Mar/2022:10:05:11 -0300] "GET /cormun/servlet/hhome HTTP/1.1" 200 3824
190.171.149.82 - - [15/Mar/2022:10:05:11 -0300] "GET /cormun/servlet/hhome HTTP/1.1" 200 3821
190.171.149.82 - - [15/Mar/2022:10:05:20 -0300] "GET /cormun/servlet/trvisualizadoreventos? HTTP/1.1" 200 6560
190.171.149.82 - - [15/Mar/2022:10:05:20 -0300] "GET /cormun/static/gxcfg.js?20199142243133 HTTP/1.1" 200 953
190.171.149.82 - - [15/Mar/2022:10:05:21 -0300] "GET /cormun/static/Resources/PXToolsActionPrint.png HTTP/1.1" 200 404
190.171.149.82 - - [15/Mar/2022:10:05:21 -0300] "GET /cormun/static/trvisualizadoreventos.js?201991422431650 HTTP/1.1" 200 19318
190.171.149.82 - - [15/Mar/2022:10:05:21 -0300] "GET /cormun/servlet/trvisualizadoreventos? HTTP/1.1" 200 6560
190.171.141.114 - - [15/Mar/2022:10:05:28 -0300] "GET /cormun/servlet/permisogoce?DSP,9106330,P,20220309172606, HTTP/1.1" 200 6723
190.171.141.114 - - [15/Mar/2022:10:05:28 -0300] "GET /cormun/static/gxcfg.js?20201215124560 HTTP/1.1" 200 953
190.171.141.114 - - [15/Mar/2022:10:05:28 -0300] "GET /cormun/static/Resources/prompt.gif HTTP/1.1" 200 902
190.171.141.114 - - [15/Mar/2022:10:05:28 -0300] "GET /cormun/static/permisogoce.js?20201215124939 HTTP/1.1" 200 27919
190.171.141.114 - - [15/Mar/2022:10:05:30 -0300] "GET /cormun/servlet/permisogoce?DSP,9106330,P,20220309172606, HTTP/1.1" 200 6725
190.171.141.114 - - [15/Mar/2022:10:05:36 -0300] "POST /cormun/servlet/permisogoce?ab92325edaa4cc576bd75e402c900a70,DSP,9106330,P,20220309172606,,gx-no-cache=1647348792753 HTTP/1.1" 200 93
190.171.141.114 - - [15/Mar/2022:10:05:36 -0300] "GET /cormun/servlet/hpexe_return? HTTP/1.1" 200 1026
190.171.141.114 - - [15/Mar/2022:10:05:36 -0300] "GET /cormun/static/gxcfg.js?201991422392976 HTTP/1.1" 200 953
190.171.141.114 - - [15/Mar/2022:10:05:36 -0300] "GET /cormun/static/hpexe_return.js?201991422392984 HTTP/1.1" 200 1633
190.171.141.114 - - [15/Mar/2022:10:05:38 -0300] "GET /cormun/servlet/trpermisosgoce HTTP/1.1" 200 7666
190.171.141.114 - - [15/Mar/2022:10:05:39 -0300] "GET /cormun/servlet/trpermisosgoce HTTP/1.1" 200 7662
190.171.141.114 - - [15/Mar/2022:10:05:43 -0300] "GET /cormun/servlet/trpermisosgoce? HTTP/1.1" 200 7662
190.171.141.114 - - [15/Mar/2022:10:05:44 -0300] "GET /cormun/servlet/trpermisosgoce? HTTP/1.1" 200 7662
190.171.141.114 - - [15/Mar/2022:10:05:48 -0300] "GET /cormun/servlet/permisogoce?INS,0,,, HTTP/1.1" 200 6866
190.171.141.114 - - [15/Mar/2022:10:05:48 -0300] "GET /cormun/servlet/permisogoce?INS,0,,, HTTP/1.1" 200 6865
190.171.141.114 - - [15/Mar/2022:10:05:50 -0300] "GET /cormun/static/Resources/resize.gif HTTP/1.1" 200 77
190.171.141.114 - - [15/Mar/2022:10:05:50 -0300] "GET /cormun/static/Resources/PXTools/ClosePrompt.png HTTP/1.1" 200 1036
190.171.141.114 - - [15/Mar/2022:10:05:51 -0300] "GET /cormun/servlet/prfichaempleado?,MD,,gxPopupLevel%3D0%3B HTTP/1.1" 200 9307
190.171.141.114 - - [15/Mar/2022:10:05:51 -0300] "GET /cormun/static/prfichaempleado.js?20201215572193 HTTP/1.1" 200 16006
190.171.141.114 - - [15/Mar/2022:10:05:51 -0300] "GET /cormun/static/gxcfg.js?20201215571085 HTTP/1.1" 200 953
190.171.141.114 - - [15/Mar/2022:10:05:51 -0300] "GET /cormun/static/menusearch.js?20201214473581 HTTP/1.1" 200 1424
190.171.141.114 - - [15/Mar/2022:10:05:51 -0300] "GET /cormun/static/Resources/PXToolsMenuSearchCancel.png HTTP/1.1" 200 306
190.171.141.114 - - [15/Mar/2022:10:05:51 -0300] "GET /cormun/static/Resources/PXToolsMenuSearch.png HTTP/1.1" 200 336
190.171.141.114 - - [15/Mar/2022:10:05:51 -0300] "GET /cormun/static/hmpwkw011.js?20201215495555 HTTP/1.1" 200 1968
190.171.141.114 - - [15/Mar/2022:10:06:04 -0300] "POST /cormun/servlet/prfichaempleado?ab92325edaa4cc576bd75e402c900a70,,MD,,gxPopupLevel%3D0%3B,gx-no-cache=1647348819643 HTTP/1.1" 200 3403
190.171.141.114 - - [15/Mar/2022:10:06:09 -0300] "GET /cormun/servlet/permisogoce?4dcdf466ccd350d5489c8c8f7ecaf842b50eadc716b5a9cd879dd71ed6137551cd02a3c46adc00856aecc35b6e861a8e4104a0de2f0e45ee2f4ba37a5a45a385,gx-no-cache=1647348824265 HTTP/1.1" 200 82
190.171.141.114 - - [15/Mar/2022:10:06:09 -0300] "GET /cormun/static/menuarrow.gif HTTP/1.1" 404 1015
190.171.141.114 - - [15/Mar/2022:10:06:14 -0300] "GET /cormun/servlet/permisogoce?4dcdf466ccd350d5489c8c8f7ecaf84251f76f3749dfa20f1a8e46206f1f9564e0870a00adb27da093ee3fba80c428d3c7f88719f728bdd74dbc5a147f60520c,gx-no-cache=1647348830238 HTTP/1.1" 200 47
190.171.141.114 - - [15/Mar/2022:10:06:20 -0300] "POST /cormun/servlet/permisogoce?ab92325edaa4cc576bd75e402c900a70,INS,0,,,,gx-no-cache=1647348832533 HTTP/1.1" 200 93
190.171.141.114 - - [15/Mar/2022:10:06:20 -0300] "GET /cormun/servlet/hpexe_return? HTTP/1.1" 200 1008
190.171.141.114 - - [15/Mar/2022:10:06:21 -0300] "GET /cormun/servlet/trpermisosgoce HTTP/1.1" 200 7977
190.171.141.114 - - [15/Mar/2022:10:06:22 -0300] "GET /cormun//static/Resources/PXToolsGridUpdate.png HTTP/1.1" 200 470
190.171.149.74 - - [15/Mar/2022:10:06:23 -0300] "GET /cormun/servlet/hlogin HTTP/1.1" 200 1728
190.171.141.114 - - [15/Mar/2022:10:06:23 -0300] "GET /cormun/servlet/trpermisosgoce HTTP/1.1" 200 7973
181.212.43.89 - - [15/Mar/2022:10:06:25 -0300] "POST /cormun/servlet/prcontratosol?524b459bf02104fe8bae141403e7bc0d,17708982,,,,,MD,,gxPopupLevel%3D0%3B,gx-no-cache=1647348839155 HTTP/1.1" 200 6183
190.171.141.114 - - [15/Mar/2022:10:06:27 -0300] "GET /cormun/servlet/apermisogoceprn?15996249,P,20220315095041,PU HTTP/1.1" 200 1661
190.171.149.74 - - [15/Mar/2022:10:06:32 -0300] "POST /cormun/servlet/hlogin?677f309463584c1c8b8a486203c0743d,gx-no-cache=1647352561472 HTTP/1.1" 200 90
190.171.149.74 - - [15/Mar/2022:10:06:33 -0300] "GET /cormun/servlet/hpexe_link HTTP/1.1" 200 955
190.171.149.74 - - [15/Mar/2022:10:06:33 -0300] "GET /cormun/servlet/hhome HTTP/1.1" 200 3982
190.171.149.74 - - [15/Mar/2022:10:06:33 -0300] "GET /cormun/servlet/hhome HTTP/1.1" 200 3978
190.171.149.74 - - [15/Mar/2022:10:06:37 -0300] "GET /cormun/servlet/trlicencias? HTTP/1.1" 200 10257
190.171.149.74 - - [15/Mar/2022:10:06:39 -0300] "GET /cormun/servlet/trlicencias? HTTP/1.1" 200 10254
190.95.67.97 - - [15/Mar/2022:10:07:00 -0300] "GET /cormun/servlet/hlogin HTTP/1.1" 200 1726
190.95.67.97 - - [15/Mar/2022:10:07:00 -0300] "GET /cormun/servlet/hlogin HTTP/1.1" 200 1737
190.171.152.138 - - [15/Mar/2022:10:07:02 -0300] "GET /cormun/servlet/hlogin HTTP/1.1" 200 1729
190.171.152.138 - - [15/Mar/2022:10:07:02 -0300] "GET /cormun/servlet/hlogin HTTP/1.1" 200 1740
190.95.67.97 - - [15/Mar/2022:10:07:03 -0300] "POST /cormun/servlet/hlogin?cd320667dcae7dc3f77075a0a8100f4e,gx-no-cache=1647348878609 HTTP/1.1" 200 90
190.95.67.97 - - [15/Mar/2022:10:07:03 -0300] "GET /cormun/servlet/hpexe_link HTTP/1.1" 200 953
190.95.67.97 - - [15/Mar/2022:10:07:03 -0300] "GET /cormun/servlet/hhome HTTP/1.1" 200 3945
190.95.67.97 - - [15/Mar/2022:10:07:04 -0300] "GET /cormun/servlet/hhome HTTP/1.1" 200 3943
190.95.67.97 - - [15/Mar/2022:10:07:07 -0300] "GET /cormun/servlet/trsolicitudot? HTTP/1.1" 200 7166
190.95.67.97 - - [15/Mar/2022:10:07:08 -0300] "GET /cormun/servlet/trsolicitudot? HTTP/1.1" 200 7166
190.95.67.97 - - [15/Mar/2022:10:07:12 -0300] "GET /cormun/servlet/solicitudot?INS,0,0,false, HTTP/1.1" 200 15684
190.95.67.97 - - [15/Mar/2022:10:07:13 -0300] "GET /cormun/servlet/solicitudot?INS,0,0,false, HTTP/1.1" 200 15691
190.171.152.138 - - [15/Mar/2022:10:07:13 -0300] "POST /cormun/servlet/hlogin?c6d7cbb1c6d0852c8cc2ed6726784cfd,gx-no-cache=1647348887808 HTTP/1.1" 200 90
190.171.152.138 - - [15/Mar/2022:10:07:13 -0300] "GET /cormun/servlet/hpexe_link HTTP/1.1" 200 954
190.171.152.138 - - [15/Mar/2022:10:07:14 -0300] "GET /cormun/servlet/hhome HTTP/1.1" 200 3854
190.171.152.138 - - [15/Mar/2022:10:07:15 -0300] "GET /cormun/servlet/hhome HTTP/1.1" 200 3851
190.171.152.138 - - [15/Mar/2022:10:07:23 -0300] "GET /cormun/servlet/trlicencias? HTTP/1.1" 200 9324
190.95.67.97 - - [15/Mar/2022:10:07:24 -0300] "POST /cormun/servlet/solicitudot?gx-no-cache=1647348897513 HTTP/1.1" 200 3850
190.171.152.138 - - [15/Mar/2022:10:07:24 -0300] "GET /cormun/servlet/trlicencias? HTTP/1.1" 200 9321
190.95.67.97 - - [15/Mar/2022:10:07:24 -0300] "POST /cormun/servlet/solicitudot?cd320667dcae7dc3f77075a0a8100f4e,INS,0,0,false,,gx-no-cache=1647348899344 HTTP/1.1" 200 12398
190.95.67.97 - - [15/Mar/2022:10:07:27 -0300] "GET /cormun/servlet/solicitudot?438bfaf48d2a91f7d2b4dcd774bd6a4e3c8b6400d3ac9762a88913fd086b6d6e0c72e09cc6ce2975efa388e1f70f4b3e,gx-no-cache=1647348901798 HTTP/1.1" 200 30
190.114.41.101 - - [15/Mar/2022:10:07:51 -0300] "POST /cormun/servlet/trsolicitudot?01b9522bb0bd8e4f272761582485292a,gx-no-cache=1647348947678 HTTP/1.1" 200 4850
190.114.41.101 - - [15/Mar/2022:10:07:51 -0300] "GET /cormun/static/Shared/jqueryui/images/ui-bg_highlight-soft_100_c6c2c8_1x100.png HTTP/1.1" 404 1117
190.114.41.101 - - [15/Mar/2022:10:07:51 -0300] "GET /cormun/static/Shared/jqueryui/images/ui-icons_82798d_256x240.png HTTP/1.1" 404 1089
190.114.41.101 - - [15/Mar/2022:10:07:51 -0300] "GET /cormun/static/Shared/jqueryui/images/ui-bg_flat_55_fafafa_40x100.png HTTP/1.1" 404 1097
190.114.41.101 - - [15/Mar/2022:10:07:51 -0300] "GET /cormun/static/Shared/jqueryui/images/ui-icons_8d78a5_256x240.png HTTP/1.1" 404 1089
190.114.41.101 - - [15/Mar/2022:10:07:52 -0300] "POST /cormun/servlet/trsolicitudot?01b9522bb0bd8e4f272761582485292a,gx-no-cache=1647348948922 HTTP/1.1" 200 4611
190.171.152.138 - - [15/Mar/2022:10:07:57 -0300] "GET /cormun/servlet/alicenciaprn?7833769,L,20220314000000,PU HTTP/1.1" 200 1535
190.114.41.101 - - [15/Mar/2022:10:08:01 -0300] "GET /cormun/servlet/trautorizarsolicitud? HTTP/1.1" 200 8866
190.114.41.101 - - [15/Mar/2022:10:08:01 -0300] "GET /cormun/static/gxcfg.js?201991422414522 HTTP/1.1" 200 953
190.114.41.101 - - [15/Mar/2022:10:08:02 -0300] "GET /cormun/static/trautorizarsolicitud.js?201991422415463 HTTP/1.1" 200 53910
190.114.41.101 - - [15/Mar/2022:10:08:02 -0300] "GET /cormun/servlet/trautorizarsolicitud? HTTP/1.1" 200 8865
190.114.41.101 - - [15/Mar/2022:10:08:14 -0300] "POST /cormun/servlet/trautorizarsolicitud?01b9522bb0bd8e4f272761582485292a,,gx-no-cache=1647348971324 HTTP/1.1" 200 4775
190.114.41.101 - - [15/Mar/2022:10:08:14 -0300] "GET /cormun/static/Shared/jqueryui/images/ui-bg_highlight-soft_100_c6c2c8_1x100.png HTTP/1.1" 404 1117
190.114.41.101 - - [15/Mar/2022:10:08:14 -0300] "GET /cormun/static/Shared/jqueryui/images/ui-bg_flat_55_fafafa_40x100.png HTTP/1.1" 404 1097
190.114.41.101 - - [15/Mar/2022:10:08:14 -0300] "GET /cormun/static/Shared/jqueryui/images/ui-icons_8d78a5_256x240.png HTTP/1.1" 404 1089
190.114.41.101 - - [15/Mar/2022:10:08:14 -0300] "GET /cormun/static/Shared/jqueryui/images/ui-icons_82798d_256x240.png HTTP/1.1" 404 1089
190.114.41.101 - - [15/Mar/2022:10:08:14 -0300] "POST /cormun/servlet/trautorizarsolicitud?01b9522bb0bd8e4f272761582485292a,,gx-no-cache=1647348971842 HTTP/1.1" 200 4541
190.95.67.97 - - [15/Mar/2022:10:08:43 -0300] "GET /cormun/servlet/prbanco?,MD,,gxPopupLevel%3D0%3B HTTP/1.1" 200 6504
190.95.67.97 - - [15/Mar/2022:10:08:57 -0300] "GET /cormun/servlet/solicitudot?438bfaf48d2a91f7d2b4dcd774bd6a4e53a8d2ae4abb37a259339fc994491d6d66cf7a8ceea8129962ee47e37679413f933b232093f4b8f4d83f89a74cc832dc,gx-no-cache=1647348992051 HTTP/1.1" 200 30
190.95.67.97 - - [15/Mar/2022:10:08:58 -0300] "GET /cormun/servlet/solicitudot?438bfaf48d2a91f7d2b4dcd774bd6a4e5d3061df3e7c36cc59aa3bc437647b76,gx-no-cache=1647348993546 HTTP/1.1" 200 51
190.171.142.50 - - [15/Mar/2022:10:09:29 -0300] "GET /cormun/servlet/solicitudot?ab7bd350c036f0ca98833d712517a29b1bd5bde014a1d0e3bcd2d933e9af5b87f861b850882c7b6e8ed8c8498cc42ef2d709ea511122a84b623602e9b79c0189ea042289800e85aeb76273ff19899567,gx-no-cache=1647351448986 HTTP/1.1" 200 30
190.95.67.97 - - [15/Mar/2022:10:09:29 -0300] "POST /cormun/servlet/solicitudot?gx-no-cache=1647349024452 HTTP/1.1" 200 297
190.171.142.50 - - [15/Mar/2022:10:09:29 -0300] "GET /cormun/servlet/solicitudot?ab7bd350c036f0ca98833d712517a29b17875b16233f3ac81f6a729ce7095150,gx-no-cache=1647351449121 HTTP/1.1" 200 29
190.95.67.97 - - [15/Mar/2022:10:09:29 -0300] "GET /cormun/servlet/solicitudot?438bfaf48d2a91f7d2b4dcd774bd6a4ebfb8f25b5102e41cb4b989f94759afe3837b3f29bc20dbb48a8c1c05fc806116df9c8422be1b8a36477075504978ddb4e5df0a1b85e4ec368e4b03f74fa7664eb4265a82161df334751f82c09c501fcb379161d25af6e1ab3a6dc680777ffe330ffb47cb19828ea4aaecaf00fe4b31406499e2d85317a3ccc85659c50966e206ce648771acaf602dc7787bc942f4bb8e10ac7df9b1f5d3b5e8fd6096203cd1a359cb9a839bdea29e2b6d3da68124b355ddb3e6d7c206fdfda5e33f73c4b4c5fe22adfb214bba51c99da40e2d3e76ba1f8422292788e54c39d70d4a43a32bb2bdaf25efc5761bfb6a0b0020a9e45df4a83581672a9ebfb29ef03adb317316e682a60f6f69547254d23af387e5810bb582e5f871ceabc0493e9cd0e60d18d19383d536a59dc14de92f22712fa6d5584c42e946d2a451888209fcf22421b8011970c870b39dbc51392cfeae1e246d722f0de890888cb801ca512b199e1748aead9fed44c233df78104e6e8ced8f8b77dd9eeb7e9f20d74f315c3c39b24db763697b,gx-no-cache=1647349024614 HTTP/1.1" 200 30
190.95.67.97 - - [15/Mar/2022:10:09:31 -0300] "POST /cormun/servlet/solicitudot?gx-no-cache=1647349026508 HTTP/1.1" 200 30
190.95.67.97 - - [15/Mar/2022:10:09:32 -0300] "POST /cormun/servlet/solicitudot?gx-no-cache=1647349027580 HTTP/1.1" 200 1452
190.95.67.97 - - [15/Mar/2022:10:09:32 -0300] "POST /cormun/servlet/solicitudot?gx-no-cache=1647349027923 HTTP/1.1" 200 38
190.95.67.97 - - [15/Mar/2022:10:09:39 -0300] "GET /cormun/servlet/solicitudot?438bfaf48d2a91f7d2b4dcd774bd6a4e744150274d8a19a35a5ec830c9b3153e7702ec3ec833c7e708fd8df0774255f93549edb8136cbd1dc066e4aaeaa4b939fb199d6774e2f022c6370f786cd1b03dd270d3b40cb73d04063195d2a45f221f34c55d36a7d5d2c88e21c075ae845d3f,gx-no-cache=1647349034646 HTTP/1.1" 200 110
190.171.142.50 - - [15/Mar/2022:10:09:40 -0300] "POST /cormun/servlet/solicitudot?gx-no-cache=1647351459159 HTTP/1.1" 200 240
190.95.67.97 - - [15/Mar/2022:10:09:43 -0300] "POST /cormun/servlet/solicitudot?gx-no-cache=1647349038178 HTTP/1.1" 200 97
190.171.141.122 - - [15/Mar/2022:10:09:45 -0300] "GET /cormun/servlet/trfichaempleado? HTTP/1.1" 200 7108
190.171.142.50 - - [15/Mar/2022:10:09:50 -0300] "POST /cormun/servlet/solicitudot?gx-no-cache=1647351469557 HTTP/1.1" 200 298
190.171.142.50 - - [15/Mar/2022:10:09:58 -0300] "GET /cormun/servlet/solicitudot?ab7bd350c036f0ca98833d712517a29b3d6845afe26a116dd4989f7399fed5e96386555932424c5855fda2fff1f0efd7b96c40f69eefd80e04da46fa881c9b2f4552c6400624fdfe7d243257a1ac11bfd8e22fe431810d8a8cae2aabf150aed566429acd38e36c99a75a7c0a31840cd27ccd264002ea0025aa8706a4813d43d2b1dbd5cd7131778c02f728f7ca1840375af1f11637a84eae06351b95d00e988ad16f63b2338e4a0b75c4e970fd43d6fc144d849c615a4afe58e286a2c250c8415890079fd51d58d36e102266915cd3b4cf5a17d48b19fa58ba22df28353db204b4b9194bfad796f29083adbb0ae096910470e27df75217c77cc2ee623a74bc4816e6a6c02f1c3e32989ecd29a924ed600cd95ad6ba37b6f5a83d0ae1dd0b85b2ffedea05d95411ce272322df0d77797a96cf896d8c91c92a318f2be308b300df7c1f73f5d5a1d30694a75131dcc3a3c4e277d46c95c4062f06390102ab3fc45d9fe157af9e49ce0a0b907e7fa0d62a4bda7e4cbe81562f8df11e3f68910f5e4f9c55eb9aa0061daf945fe5b055382795,gx-no-cache=1647351478424 HTTP/1.1" 200 30
190.171.142.50 - - [15/Mar/2022:10:10:04 -0300] "POST /cormun/servlet/solicitudot?gx-no-cache=1647351483999 HTTP/1.1" 200 30
190.171.142.50 - - [15/Mar/2022:10:10:08 -0300] "GET /cormun/servlet/prcontratosol?17235203,,,,,MD,,gxPopupLevel%3D0%3B HTTP/1.1" 200 7952
190.171.142.50 - - [15/Mar/2022:10:10:11 -0300] "POST /cormun/servlet/solicitudot?gx-no-cache=1647351491454 HTTP/1.1" 200 1536
190.171.142.50 - - [15/Mar/2022:10:10:11 -0300] "GET /cormun/static/Shared/jqueryui/images/ui-bg_highlight-soft_100_c6c2c8_1x100.png HTTP/1.1" 404 1117
190.171.142.50 - - [15/Mar/2022:10:10:11 -0300] "GET /cormun/static/Shared/jqueryui/images/ui-icons_82798d_256x240.png HTTP/1.1" 404 1089
190.171.142.50 - - [15/Mar/2022:10:10:11 -0300] "GET /cormun/static/Shared/jqueryui/images/ui-icons_ebccce_256x240.png HTTP/1.1" 404 1089
190.171.142.50 - - [15/Mar/2022:10:10:11 -0300] "GET /cormun/static/Shared/jqueryui/images/ui-bg_flat_55_994d53_40x100.png HTTP/1.1" 404 1097
190.171.142.50 - - [15/Mar/2022:10:10:12 -0300] "POST /cormun/servlet/solicitudot?gx-no-cache=1647351491621 HTTP/1.1" 200 117
190.171.142.50 - - [15/Mar/2022:10:10:12 -0300] "GET /cormun/servlet/solicitudot?ab7bd350c036f0ca98833d712517a29b71e656ca56c959d04a3905556429ff21508a0614c707c1f33387e794f54cd0b07b7d20f948e5837e19ef5a1e720b0ba830c40aaa9c84e6397d833f67911be555ce906c1612f8566b9ab913ba9d37239f95520657bdd778ef397c768a7045ce11,gx-no-cache=1647351491830 HTTP/1.1" 200 110
190.171.142.50 - - [15/Mar/2022:10:10:12 -0300] "POST /cormun/servlet/solicitudot?gx-no-cache=1647351492122 HTTP/1.1" 200 64
190.171.142.50 - - [15/Mar/2022:10:10:13 -0300] "GET /cormun/servlet/solicitudot?ab7bd350c036f0ca98833d712517a29b1d54610d83f7ef3ade87fe5756eaf766945e5575bced085b510118febe706e67365e93b663c3a430a3f1a55094928e34648683c027cf56008f4a07bb747c25d2fefecef033b44f84a67108c880084c36ae9a5a18976de12f8b9b93f67dec3ccc,gx-no-cache=1647351492483 HTTP/1.1" 200 29
190.171.142.50 - - [15/Mar/2022:10:10:13 -0300] "GET /cormun/servlet/solicitudot?ab7bd350c036f0ca98833d712517a29b3906f8c5c21a323d48c7fef2c21817a6efd1e1b58797dee84f6148d2a2177b62,gx-no-cache=1647351492815 HTTP/1.1" 200 134
190.171.142.50 - - [15/Mar/2022:10:10:16 -0300] "GET /cormun/servlet/prfichaempleado?,MD,,gxPopupLevel%3D0%3B HTTP/1.1" 200 9243
190.95.67.97 - - [15/Mar/2022:10:10:16 -0300] "GET /cormun/servlet/solicitudot?438bfaf48d2a91f7d2b4dcd774bd6a4ebbc4438f029ede7f4ec45f08935f51d2c17347686cd1421dad1d8a2f66c6b16e479064f5380f4a9855f728c7e12a965c16e61b24ad792e52e0357b7cb14dbbd49f4fdee3b57b7b173567d462a16764c5e33b960ea98893be4e8bf2276b209267,gx-no-cache=1647349071760 HTTP/1.1" 200 29
190.95.67.97 - - [15/Mar/2022:10:10:16 -0300] "GET /cormun/static/menuarrow.gif HTTP/1.1" 404 1015
190.95.67.97 - - [15/Mar/2022:10:10:20 -0300] "GET /cormun/servlet/solicitudot?438bfaf48d2a91f7d2b4dcd774bd6a4e6807249503d9244d55c69816d79688655e4c9d50a17043b08ed4ce7e0183a299,gx-no-cache=1647349075491 HTTP/1.1" 200 30
190.95.67.97 - - [15/Mar/2022:10:10:30 -0300] "POST /cormun/servlet/solicitudot?gx-no-cache=1647349085120 HTTP/1.1" 200 30
190.171.142.50 - - [15/Mar/2022:10:10:30 -0300] "POST /cormun/servlet/prfichaempleado?4a0417961db9f3878bf6c87fb117b7b6,,MD,,gxPopupLevel%3D0%3B,gx-no-cache=1647351509552 HTTP/1.1" 200 3419
190.171.142.50 - - [15/Mar/2022:10:10:34 -0300] "GET /cormun/servlet/prlicenciaspermisos?15126684,L,,MD,,gxPopupLevel%3D0%3B HTTP/1.1" 200 6398
190.171.142.50 - - [15/Mar/2022:10:10:37 -0300] "POST /cormun/servlet/solicitudot?gx-no-cache=1647351516234 HTTP/1.1" 200 1454
190.171.141.122 - - [15/Mar/2022:10:10:39 -0300] "GET /cormun/servlet/trfichaempleado? HTTP/1.1" 200 7109
190.171.142.50 - - [15/Mar/2022:10:10:41 -0300] "POST /cormun/servlet/solicitudot?gx-no-cache=1647351521218 HTTP/1.1" 200 41
190.171.142.50 - - [15/Mar/2022:10:10:42 -0300] "GET /cormun/servlet/solicitudot?ab7bd350c036f0ca98833d712517a29b71e656ca56c959d04a3905556429ff21508a0614c707c1f33387e794f54cd0b07b7d20f948e5837e19ef5a1e720b0ba830c40aaa9c84e6397d833f67911be555ce906c1612f8566b9ab913ba9d37239f95520657bdd778ef397c768a7045ce11,gx-no-cache=1647351521620 HTTP/1.1" 200 110
190.171.142.50 - - [15/Mar/2022:10:10:42 -0300] "POST /cormun/servlet/solicitudot?gx-no-cache=1647351521961 HTTP/1.1" 200 97
190.171.141.122 - - [15/Mar/2022:10:10:50 -0300] "GET /cormun/servlet/trfichaempleado? HTTP/1.1" 200 7104
190.171.142.50 - - [15/Mar/2022:10:10:51 -0300] "GET /cormun/static/menuarrow.gif HTTP/1.1" 404 1015
190.171.142.50 - - [15/Mar/2022:10:11:00 -0300] "GET /cormun/servlet/solicitudot?ab7bd350c036f0ca98833d712517a29bba035db87eb5e012443e88edab8b444edad949444ad3aa3ba908df4fb4479240,gx-no-cache=1647351540589 HTTP/1.1" 200 30
190.171.141.122 - - [15/Mar/2022:10:11:13 -0300] "GET /cormun/servlet/trfichaempleado? HTTP/1.1" 200 7103
190.171.141.122 - - [15/Mar/2022:10:12:26 -0300] "GET /cormun/servlet/trfichaempleado? HTTP/1.1" 200 7100
190.171.141.122 - - [15/Mar/2022:10:12:31 -0300] "GET /cormun/servlet/trfichaempleado? HTTP/1.1" 200 7100
190.171.141.122 - - [15/Mar/2022:10:12:34 -0300] "GET /cormun/servlet/trfichaempleado? HTTP/1.1" 200 7100
190.171.141.122 - - [15/Mar/2022:10:12:35 -0300] "GET /cormun/servlet/trfichaempleado? HTTP/1.1" 200 7102
190.171.141.122 - - [15/Mar/2022:10:12:52 -0300] "GET /cormun/servlet/trfichaempleado? HTTP/1.1" 200 7095
190.171.142.50 - - [15/Mar/2022:10:12:52 -0300] "POST /cormun/servlet/solicitudot?gx-no-cache=1647351652030 HTTP/1.1" 200 32
190.171.142.50 - - [15/Mar/2022:10:12:56 -0300] "POST /cormun/servlet/solicitudot?4a0417961db9f3878bf6c87fb117b7b6,INS,0,0,false,,gx-no-cache=1647351652524 HTTP/1.1" 200 93
190.171.142.50 - - [15/Mar/2022:10:12:56 -0300] "GET /cormun/servlet/hpexe_return? HTTP/1.1" 200 1011
190.171.142.50 - - [15/Mar/2022:10:12:56 -0300] "GET /cormun/servlet/trsolicitudot HTTP/1.1" 200 9006
190.171.142.50 - - [15/Mar/2022:10:12:57 -0300] "GET /cormun/servlet/trsolicitudot HTTP/1.1" 200 9005
190.171.142.50 - - [15/Mar/2022:10:13:09 -0300] "POST /cormun/servlet/trsolicitudot?4a0417961db9f3878bf6c87fb117b7b6,gx-no-cache=1647351668714 HTTP/1.1" 200 111
190.171.142.50 - - [15/Mar/2022:10:13:10 -0300] "GET /cormun/servlet/solicitudot?UPD,2022,18182,false, HTTP/1.1" 200 16225
190.171.142.50 - - [15/Mar/2022:10:13:11 -0300] "POST /cormun/servlet/solicitudot?gx-no-cache=1647351670467 HTTP/1.1" 200 3937
190.171.142.50 - - [15/Mar/2022:10:13:11 -0300] "GET /cormun/servlet/solicitudot?UPD,2022,18182,false, HTTP/1.1" 200 16236
190.171.142.50 - - [15/Mar/2022:10:13:11 -0300] "POST /cormun/servlet/solicitudot?4a0417961db9f3878bf6c87fb117b7b6,UPD,2022,18182,false,,gx-no-cache=1647351671021 HTTP/1.1" 200 12534
190.171.142.50 - - [15/Mar/2022:10:13:11 -0300] "GET /cormun/servlet/solicitudot?ab7bd350c036f0ca98833d712517a29bc7b98918797a39ea52c6c3fe312c22abc1ef2bd08e334358c65939f1f9f5d0ce,gx-no-cache=1647351671260 HTTP/1.1" 200 30
190.171.142.50 - - [15/Mar/2022:10:13:11 -0300] "GET /cormun/servlet/solicitudot?ab7bd350c036f0ca98833d712517a29b1bd5bde014a1d0e3bcd2d933e9af5b87f861b850882c7b6e8ed8c8498cc42ef2d709ea511122a84b623602e9b79c01893ad42fcd8807b40b35639cec127a9b8f,gx-no-cache=1647351671289 HTTP/1.1" 200 30
190.171.142.50 - - [15/Mar/2022:10:13:11 -0300] "GET /cormun/servlet/solicitudot?ab7bd350c036f0ca98833d712517a29b17875b16233f3ac81f6a729ce7095150,gx-no-cache=1647351671510 HTTP/1.1" 200 29
190.171.142.50 - - [15/Mar/2022:10:13:11 -0300] "POST /cormun/servlet/solicitudot?gx-no-cache=1647351671573 HTTP/1.1" 200 297
190.171.142.50 - - [15/Mar/2022:10:13:12 -0300] "GET /cormun/servlet/solicitudot?ab7bd350c036f0ca98833d712517a29b3d6845afe26a116dd4989f7399fed5e96386555932424c5855fda2fff1f0efd7b96c40f69eefd80e04da46fa881c9b2f4552c6400624fdfe7d243257a1ac11bfd8e22fe431810d8a8cae2aabf150aed566429acd38e36c99a75a7c0a31840cd27ccd264002ea0025aa8706a4813d43d2b1dbd5cd7131778c02f728f7ca1840375af1f11637a84eae06351b95d00e988ad16f63b2338e4a0b75c4e970fd43d6fc144d849c615a4afe58e286a2c250c8415890079fd51d58d36e102266915cd3b4cf5a17d48b19fa58ba22df28353db204b4b9194bfad796f29083adbb0ae096910470e27df75217c77cc2ee623a74bc4816e6a6c02f1c3e32989ecd29a924ed600cd95ad6ba37b6f5a83d0ae1dd0b85b2ffedea05d95411ce272322df0d77797a96cf896d8c91c92a318f2be308b300df7c1f73f5d5a1d30694a75131dcc3a3c4e277d46c95c4062f06390102ab3fc45d9fe157af9e49ce0a0b907e7fa0d62a4b4960494d40f8d96fd804fd3cb83528949c55eb9aa0061daf945fe5b055382795,gx-no-cache=1647351671669 HTTP/1.1" 200 30
190.171.142.50 - - [15/Mar/2022:10:13:12 -0300] "POST /cormun/servlet/solicitudot?gx-no-cache=1647351671891 HTTP/1.1" 200 30
190.171.142.50 - - [15/Mar/2022:10:13:12 -0300] "POST /cormun/servlet/solicitudot?gx-no-cache=1647351671940 HTTP/1.1" 200 1454
190.171.142.50 - - [15/Mar/2022:10:13:12 -0300] "POST /cormun/servlet/solicitudot?gx-no-cache=1647351672289 HTTP/1.1" 200 41
190.171.141.122 - - [15/Mar/2022:10:13:26 -0300] "GET /cormun/servlet/trfichaempleado? HTTP/1.1" 200 7099
190.114.41.101 - - [15/Mar/2022:10:13:36 -0300] "POST /cormun/servlet/trautorizarsolicitud?01b9522bb0bd8e4f272761582485292a,,gx-no-cache=1647349293365 HTTP/1.1" 200 6459
190.171.141.122 - - [15/Mar/2022:10:14:01 -0300] "GET /cormun/servlet/trfichaempleado? HTTP/1.1" 200 7100
190.171.141.122 - - [15/Mar/2022:10:14:03 -0300] "GET /cormun/servlet/trfichaempleado? HTTP/1.1" 200 7095
190.171.141.122 - - [15/Mar/2022:10:14:23 -0300] "GET /cormun/servlet/trfichaempleado? HTTP/1.1" 200 7104
190.171.141.122 - - [15/Mar/2022:10:14:28 -0300] "GET /cormun/servlet/trfichaempleado? HTTP/1.1" 200 7104
190.171.141.122 - - [15/Mar/2022:10:14:31 -0300] "GET /cormun/servlet/trfichaempleado? HTTP/1.1" 200 7087
190.171.141.122 - - [15/Mar/2022:10:14:36 -0300] "GET /cormun/servlet/trfichaempleado? HTTP/1.1" 200 7100
190.171.141.122 - - [15/Mar/2022:10:14:38 -0300] "GET /cormun/servlet/trfichaempleado? HTTP/1.1" 200 7093
190.171.141.122 - - [15/Mar/2022:10:14:39 -0300] "GET /cormun/servlet/trfichaempleado? HTTP/1.1" 200 7102
190.171.141.122 - - [15/Mar/2022:10:14:41 -0300] "GET /cormun/servlet/trfichaempleado? HTTP/1.1" 200 7105
190.171.141.122 - - [15/Mar/2022:10:14:41 -0300] "GET /cormun/servlet/trfichaempleado? HTTP/1.1" 200 7104
190.171.141.122 - - [15/Mar/2022:10:14:42 -0300] "GET /cormun/servlet/trfichaempleado? HTTP/1.1" 200 7109
190.171.141.122 - - [15/Mar/2022:10:14:42 -0300] "GET /cormun/servlet/trfichaempleado? HTTP/1.1" 200 7107
190.171.141.122 - - [15/Mar/2022:10:14:47 -0300] "GET /cormun/servlet/trfichaempleado? HTTP/1.1" 200 7099
190.171.141.122 - - [15/Mar/2022:10:14:48 -0300] "GET /cormun/servlet/trfichaempleado? HTTP/1.1" 200 7105
190.171.141.122 - - [15/Mar/2022:10:14:52 -0300] "GET /cormun/servlet/trfichaempleado? HTTP/1.1" 200 7099
190.171.141.122 - - [15/Mar/2022:10:14:53 -0300] "GET /cormun/servlet/trfichaempleado? HTTP/1.1" 200 7097
190.171.141.122 - - [15/Mar/2022:10:14:55 -0300] "GET /cormun/servlet/trfichaempleado? HTTP/1.1" 200 7106
190.171.141.122 - - [15/Mar/2022:10:15:03 -0300] "GET /cormun/servlet/trfichaempleado? HTTP/1.1" 200 7095
190.171.141.122 - - [15/Mar/2022:10:15:04 -0300] "GET /cormun/servlet/trfichaempleado? HTTP/1.1" 200 7093
190.171.141.122 - - [15/Mar/2022:10:15:05 -0300] "GET /cormun/servlet/trfichaempleado? HTTP/1.1" 200 7099
190.171.142.50 - - [15/Mar/2022:10:15:07 -0300] "GET /cormun/servlet/solicitudot?ab7bd350c036f0ca98833d712517a29b71e656ca56c959d04a3905556429ff21508a0614c707c1f33387e794f54cd0b07b7d20f948e5837e19ef5a1e720b0ba830c40aaa9c84e6397d833f67911be555ce906c1612f8566b9ab913ba9d37239f95520657bdd778ef397c768a7045ce11,gx-no-cache=1647351786622 HTTP/1.1" 200 110
190.171.142.50 - - [15/Mar/2022:10:15:07 -0300] "POST /cormun/servlet/solicitudot?gx-no-cache=1647351786832 HTTP/1.1" 200 96
190.171.142.50 - - [15/Mar/2022:10:15:07 -0300] "GET /cormun/servlet/solicitudot?ab7bd350c036f0ca98833d712517a29b3a0492c43fd2a78e01d14e68b51e92576c870f22940d572ceb547e40e879ab7b2b1372a04d3d5e2fecdb3af9df9655ea9074884c2eca8dac3137aa7cbffd5dc412d4bc4039699c383a8aae5a04ca0623c51880e1a400b8b42e83455124ae7d01,gx-no-cache=1647351786982 HTTP/1.1" 200 29
190.171.141.122 - - [15/Mar/2022:10:15:07 -0300] "GET /cormun/servlet/trfichaempleado? HTTP/1.1" 200 7095
190.171.142.50 - - [15/Mar/2022:10:15:07 -0300] "GET /cormun/servlet/solicitudot?ab7bd350c036f0ca98833d712517a29bba035db87eb5e012443e88edab8b444edad949444ad3aa3ba908df4fb4479240,gx-no-cache=1647351787100 HTTP/1.1" 200 30
190.171.142.50 - - [15/Mar/2022:10:15:07 -0300] "POST /cormun/servlet/solicitudot?gx-no-cache=1647351787175 HTTP/1.1" 200 32
190.171.141.122 - - [15/Mar/2022:10:15:11 -0300] "GET /cormun/servlet/trfichaempleado? HTTP/1.1" 200 7104
190.171.141.122 - - [15/Mar/2022:10:15:11 -0300] "GET /cormun/servlet/trfichaempleado? HTTP/1.1" 200 7103
190.171.142.10 - - [15/Mar/2022:10:15:13 -0300] "GET /cormun/servlet/hlogin HTTP/1.1" 200 1730
190.171.141.122 - - [15/Mar/2022:10:15:14 -0300] "GET /cormun/servlet/trfichaempleado? HTTP/1.1" 200 7099
190.171.142.10 - - [15/Mar/2022:10:15:14 -0300] "GET /cormun/servlet/hlogin HTTP/1.1" 200 1741
190.171.141.122 - - [15/Mar/2022:10:15:15 -0300] "GET /cormun/servlet/trfichaempleado? HTTP/1.1" 200 7099
190.171.141.122 - - [15/Mar/2022:10:15:16 -0300] "GET /cormun/servlet/trfichaempleado? HTTP/1.1" 200 7097
190.171.141.122 - - [15/Mar/2022:10:15:17 -0300] "GET /cormun/servlet/trfichaempleado? HTTP/1.1" 200 7104
190.171.141.122 - - [15/Mar/2022:10:15:17 -0300] "GET /cormun/servlet/trfichaempleado? HTTP/1.1" 200 7103
190.171.141.122 - - [15/Mar/2022:10:15:17 -0300] "GET /cormun/servlet/trfichaempleado? HTTP/1.1" 200 7103
190.171.141.122 - - [15/Mar/2022:10:15:20 -0300] "GET /cormun/servlet/trfichaempleado? HTTP/1.1" 200 7096
190.171.141.122 - - [15/Mar/2022:10:15:20 -0300] "GET /cormun/servlet/trfichaempleado? HTTP/1.1" 200 7102
190.171.141.122 - - [15/Mar/2022:10:15:22 -0300] "GET /cormun/servlet/trfichaempleado? HTTP/1.1" 200 7102
190.171.142.50 - - [15/Mar/2022:10:15:23 -0300] "POST /cormun/servlet/solicitudot?4a0417961db9f3878bf6c87fb117b7b6,UPD,2022,18182,false,,gx-no-cache=1647351801576 HTTP/1.1" 200 93
190.171.142.50 - - [15/Mar/2022:10:15:23 -0300] "GET /cormun/servlet/hpexe_return? HTTP/1.1" 200 1016
190.171.142.50 - - [15/Mar/2022:10:15:23 -0300] "GET /cormun/servlet/trsolicitudot HTTP/1.1" 200 8974
190.171.142.50 - - [15/Mar/2022:10:15:23 -0300] "GET /cormun/servlet/trsolicitudot HTTP/1.1" 200 8972
190.171.141.122 - - [15/Mar/2022:10:15:24 -0300] "GET /cormun/servlet/trfichaempleado? HTTP/1.1" 200 7103
190.171.141.122 - - [15/Mar/2022:10:15:25 -0300] "GET /cormun/servlet/trfichaempleado? HTTP/1.1" 200 7101
190.171.141.122 - - [15/Mar/2022:10:15:26 -0300] "GET /cormun/servlet/trfichaempleado? HTTP/1.1" 200 7102
190.171.141.122 - - [15/Mar/2022:10:15:27 -0300] "GET /cormun/servlet/trfichaempleado? HTTP/1.1" 200 7097
190.171.141.122 - - [15/Mar/2022:10:15:28 -0300] "GET /cormun/servlet/trfichaempleado? HTTP/1.1" 200 7100
190.171.141.122 - - [15/Mar/2022:10:15:30 -0300] "GET /cormun/servlet/trfichaempleado? HTTP/1.1" 200 7103
190.171.141.122 - - [15/Mar/2022:10:15:30 -0300] "GET /cormun/servlet/trfichaempleado? HTTP/1.1" 200 7100
190.171.141.122 - - [15/Mar/2022:10:15:30 -0300] "GET /cormun/servlet/trfichaempleado? HTTP/1.1" 200 7099
190.171.142.10 - - [15/Mar/2022:10:15:30 -0300] "POST /cormun/servlet/hlogin?05a4d0bc7b4d8631b7e9ac2a9d982a21,gx-no-cache=1647349385624 HTTP/1.1" 200 90
190.171.142.10 - - [15/Mar/2022:10:15:30 -0300] "GET /cormun/servlet/hpexe_link HTTP/1.1" 200 956
190.171.141.122 - - [15/Mar/2022:10:15:30 -0300] "GET /cormun/servlet/trfichaempleado? HTTP/1.1" 200 7092
190.171.142.10 - - [15/Mar/2022:10:15:31 -0300] "GET /cormun/servlet/hhome HTTP/1.1" 200 3973
190.171.141.122 - - [15/Mar/2022:10:15:31 -0300] "GET /cormun/servlet/trfichaempleado? HTTP/1.1" 200 7102
190.171.141.122 - - [15/Mar/2022:10:15:32 -0300] "GET /cormun/servlet/trfichaempleado? HTTP/1.1" 200 7097
190.171.141.122 - - [15/Mar/2022:10:15:32 -0300] "GET /cormun/servlet/trfichaempleado? HTTP/1.1" 200 7095
190.171.142.10 - - [15/Mar/2022:10:15:33 -0300] "GET /cormun/servlet/hhome HTTP/1.1" 200 3969
190.171.141.122 - - [15/Mar/2022:10:15:33 -0300] "GET /cormun/servlet/trfichaempleado? HTTP/1.1" 200 7100
190.171.141.122 - - [15/Mar/2022:10:15:33 -0300] "GET /cormun/servlet/trfichaempleado? HTTP/1.1" 200 7108
190.171.141.122 - - [15/Mar/2022:10:15:34 -0300] "GET /cormun/servlet/trfichaempleado? HTTP/1.1" 200 7102
190.171.141.122 - - [15/Mar/2022:10:15:34 -0300] "GET /cormun/servlet/trfichaempleado? HTTP/1.1" 200 7098
190.171.141.122 - - [15/Mar/2022:10:15:35 -0300] "GET /cormun/servlet/trfichaempleado? HTTP/1.1" 200 7103
190.171.141.122 - - [15/Mar/2022:10:15:37 -0300] "GET /cormun/servlet/trfichaempleado? HTTP/1.1" 200 7100
190.171.141.122 - - [15/Mar/2022:10:15:38 -0300] "GET /cormun/servlet/trfichaempleado? HTTP/1.1" 200 7100
190.171.141.122 - - [15/Mar/2022:10:15:38 -0300] "GET /cormun/servlet/trfichaempleado? HTTP/1.1" 200 7088
190.171.141.122 - - [15/Mar/2022:10:15:38 -0300] "GET /cormun/servlet/trfichaempleado? HTTP/1.1" 200 7099
190.171.142.10 - - [15/Mar/2022:10:15:41 -0300] "GET /cormun/servlet/trlicencias? HTTP/1.1" 200 10208
190.171.142.10 - - [15/Mar/2022:10:15:42 -0300] "GET /cormun/servlet/trlicencias? HTTP/1.1" 200 10205
190.171.142.10 - - [15/Mar/2022:10:15:45 -0300] "POST /cormun/servlet/trlicencias?05a4d0bc7b4d8631b7e9ac2a9d982a21,,gx-no-cache=1647349400358 HTTP/1.1" 200 7712
190.171.142.50 - - [15/Mar/2022:10:15:53 -0300] "POST /cormun/servlet/trsolicitudot?4a0417961db9f3878bf6c87fb117b7b6,gx-no-cache=1647351833191 HTTP/1.1" 200 111
190.171.142.50 - - [15/Mar/2022:10:15:53 -0300] "GET /cormun/servlet/solicitudot?UPD,2022,18182,false, HTTP/1.1" 200 16259
190.171.142.50 - - [15/Mar/2022:10:15:54 -0300] "GET /cormun/servlet/solicitudot?UPD,2022,18182,false, HTTP/1.1" 200 16270
190.171.142.50 - - [15/Mar/2022:10:15:54 -0300] "POST /cormun/servlet/solicitudot?gx-no-cache=1647351834283 HTTP/1.1" 200 3938
190.171.142.50 - - [15/Mar/2022:10:15:54 -0300] "POST /cormun/servlet/solicitudot?4a0417961db9f3878bf6c87fb117b7b6,UPD,2022,18182,false,,gx-no-cache=1647351834449 HTTP/1.1" 200 12565
190.171.142.50 - - [15/Mar/2022:10:15:54 -0300] "GET /cormun/servlet/solicitudot?ab7bd350c036f0ca98833d712517a29bc7b98918797a39ea52c6c3fe312c22abc1ef2bd08e334358c65939f1f9f5d0ce,gx-no-cache=1647351834601 HTTP/1.1" 200 30
190.171.142.50 - - [15/Mar/2022:10:15:54 -0300] "GET /cormun/servlet/solicitudot?ab7bd350c036f0ca98833d712517a29b1bd5bde014a1d0e3bcd2d933e9af5b87f861b850882c7b6e8ed8c8498cc42ef2d709ea511122a84b623602e9b79c01893ad42fcd8807b40b35639cec127a9b8f,gx-no-cache=1647351834623 HTTP/1.1" 200 30
190.171.142.50 - - [15/Mar/2022:10:15:54 -0300] "GET /cormun/servlet/solicitudot?ab7bd350c036f0ca98833d712517a29b17875b16233f3ac81f6a729ce7095150,gx-no-cache=1647351834641 HTTP/1.1" 200 29
190.171.142.50 - - [15/Mar/2022:10:15:54 -0300] "POST /cormun/servlet/solicitudot?gx-no-cache=1647351834661 HTTP/1.1" 200 297
190.171.142.50 - - [15/Mar/2022:10:15:54 -0300] "GET /cormun/servlet/solicitudot?ab7bd350c036f0ca98833d712517a29b3d6845afe26a116dd4989f7399fed5e96386555932424c5855fda2fff1f0efd7b96c40f69eefd80e04da46fa881c9b2f4552c6400624fdfe7d243257a1ac11bfd8e22fe431810d8a8cae2aabf150aed566429acd38e36c99a75a7c0a31840cd27ccd264002ea0025aa8706a4813d43d2b1dbd5cd7131778c02f728f7ca1840375af1f11637a84eae06351b95d00e988ad16f63b2338e4a0b75c4e970fd43d6fc144d849c615a4afe58e286a2c250c8415890079fd51d58d36e102266915cd3b4cf5a17d48b19fa58ba22df28353db204b4b9194bfad796f29083adbb0ae096910470e27df75217c77cc2ee623a74bc4816e6a6c02f1c3e32989ecd29a924ed600cd95ad6ba37b6f5a83d0ae1dd0b85b2ffedea05d95411ce272322df0d77797a96cf896d8c91c92a318f2be308b300df7c1f73f5d5a1d30694a75131dcc3a3c4e277d46c95c4062f06390102ab3fc45d9fe157af9e49ce0a0b907e7fa0d62a4b4960494d40f8d96fd804fd3cb83528949c55eb9aa0061daf945fe5b055382795,gx-no-cache=1647351834685 HTTP/1.1" 200 30
190.171.142.50 - - [15/Mar/2022:10:15:54 -0300] "POST /cormun/servlet/solicitudot?gx-no-cache=1647351834704 HTTP/1.1" 200 30
190.171.142.50 - - [15/Mar/2022:10:15:55 -0300] "POST /cormun/servlet/solicitudot?gx-no-cache=1647351834724 HTTP/1.1" 200 1454
190.171.142.50 - - [15/Mar/2022:10:15:55 -0300] "POST /cormun/servlet/solicitudot?gx-no-cache=1647351834794 HTTP/1.1" 200 41
190.171.142.10 - - [15/Mar/2022:10:16:03 -0300] "GET /cormun/servlet/trlicenciaspermisosadjuntos?20028170,20220314000000,L, HTTP/1.1" 200 6331
190.171.142.10 - - [15/Mar/2022:10:16:04 -0300] "GET /cormun/servlet/trlicenciaspermisosadjuntos?20028170,20220314000000,L, HTTP/1.1" 200 6332
190.171.142.50 - - [15/Mar/2022:10:16:09 -0300] "GET /cormun/servlet/solicitudot?ab7bd350c036f0ca98833d712517a29b71e656ca56c959d04a3905556429ff21508a0614c707c1f33387e794f54cd0b07b7d20f948e5837e19ef5a1e720b0ba830c40aaa9c84e6397d833f67911be555ce906c1612f8566b9ab913ba9d37239f95520657bdd778ef397c768a7045ce11,gx-no-cache=1647351849386 HTTP/1.1" 200 110
190.171.142.50 - - [15/Mar/2022:10:16:09 -0300] "POST /cormun/servlet/solicitudot?gx-no-cache=1647351849411 HTTP/1.1" 200 96
190.171.142.50 - - [15/Mar/2022:10:16:09 -0300] "GET /cormun/servlet/solicitudot?ab7bd350c036f0ca98833d712517a29b3a0492c43fd2a78e01d14e68b51e92576c870f22940d572ceb547e40e879ab7b2b1372a04d3d5e2fecdb3af9df9655ea9074884c2eca8dac3137aa7cbffd5dc412d4bc4039699c383a8aae5a04ca0623c51880e1a400b8b42e83455124ae7d01,gx-no-cache=1647351849434 HTTP/1.1" 200 29
190.171.142.50 - - [15/Mar/2022:10:16:09 -0300] "GET /cormun/servlet/solicitudot?ab7bd350c036f0ca98833d712517a29bba035db87eb5e012443e88edab8b444edad949444ad3aa3ba908df4fb4479240,gx-no-cache=1647351849453 HTTP/1.1" 200 30
190.171.142.50 - - [15/Mar/2022:10:16:09 -0300] "POST /cormun/servlet/solicitudot?gx-no-cache=1647351849474 HTTP/1.1" 200 32
190.171.142.50 - - [15/Mar/2022:10:16:10 -0300] "POST /cormun/servlet/solicitudot?4a0417961db9f3878bf6c87fb117b7b6,UPD,2022,18182,false,,gx-no-cache=1647351849526 HTTP/1.1" 200 93
190.171.142.50 - - [15/Mar/2022:10:16:10 -0300] "GET /cormun/servlet/hpexe_return? HTTP/1.1" 200 1016
190.171.142.50 - - [15/Mar/2022:10:16:10 -0300] "GET /cormun/servlet/trsolicitudot HTTP/1.1" 200 8974
190.171.142.50 - - [15/Mar/2022:10:16:10 -0300] "GET /cormun/servlet/trsolicitudot HTTP/1.1" 200 8972
190.171.142.10 - - [15/Mar/2022:10:16:12 -0300] "GET /cormun/servlet/licenciaspermisosadjuntos?INS,20028170,L,20220314000000,, HTTP/1.1" 200 5621
190.171.142.10 - - [15/Mar/2022:10:16:13 -0300] "GET /cormun/servlet/licenciaspermisosadjuntos?INS,20028170,L,20220314000000,, HTTP/1.1" 200 5610
190.171.142.10 - - [15/Mar/2022:10:16:14 -0300] "GET /cormun/static/about:blank HTTP/1.1" 404 1011
190.171.142.50 - - [15/Mar/2022:10:16:15 -0300] "POST /cormun/servlet/trsolicitudot?4a0417961db9f3878bf6c87fb117b7b6,gx-no-cache=1647351854904 HTTP/1.1" 200 5782
190.171.142.50 - - [15/Mar/2022:10:16:15 -0300] "GET /cormun/static/Shared/jqueryui/images/ui-bg_highlight-soft_100_c6c2c8_1x100.png HTTP/1.1" 404 1117
190.171.142.50 - - [15/Mar/2022:10:16:15 -0300] "GET /cormun/static/Shared/jqueryui/images/ui-icons_82798d_256x240.png HTTP/1.1" 404 1089
190.171.142.50 - - [15/Mar/2022:10:16:15 -0300] "GET /cormun/static/Shared/jqueryui/images/ui-icons_8d78a5_256x240.png HTTP/1.1" 404 1089
190.171.142.50 - - [15/Mar/2022:10:16:15 -0300] "GET /cormun/static/Shared/jqueryui/images/ui-bg_flat_55_fafafa_40x100.png HTTP/1.1" 404 1097
190.171.142.50 - - [15/Mar/2022:10:16:15 -0300] "POST /cormun/servlet/trsolicitudot?4a0417961db9f3878bf6c87fb117b7b6,gx-no-cache=1647351855071 HTTP/1.1" 200 5723
190.171.142.50 - - [15/Mar/2022:10:16:17 -0300] "POST /cormun/servlet/trsolicitudot?4a0417961db9f3878bf6c87fb117b7b6,gx-no-cache=1647351856149 HTTP/1.1" 200 4578
190.171.142.50 - - [15/Mar/2022:10:16:17 -0300] "POST /cormun/servlet/trsolicitudot?4a0417961db9f3878bf6c87fb117b7b6,gx-no-cache=1647351856843 HTTP/1.1" 200 4334
190.171.142.50 - - [15/Mar/2022:10:16:26 -0300] "GET /cormun/servlet/hlogin HTTP/1.1" 200 1745
190.171.142.50 - - [15/Mar/2022:10:16:33 -0300] "POST /cormun/servlet/hlogin?4a0417961db9f3878bf6c87fb117b7b6,gx-no-cache=1647351873700 HTTP/1.1" 200 90
190.171.142.50 - - [15/Mar/2022:10:16:34 -0300] "GET /cormun/servlet/hpexe_link HTTP/1.1" 200 954
190.171.142.50 - - [15/Mar/2022:10:16:34 -0300] "GET /cormun/servlet/hhome HTTP/1.1" 200 4213
190.171.142.50 - - [15/Mar/2022:10:16:34 -0300] "GET /cormun/servlet/hhome HTTP/1.1" 200 4209
190.171.142.50 - - [15/Mar/2022:10:16:37 -0300] "GET /cormun/servlet/trautorizarsolicitud? HTTP/1.1" 200 9134
190.171.142.50 - - [15/Mar/2022:10:16:38 -0300] "GET /cormun/servlet/trautorizarsolicitud? HTTP/1.1" 200 9129
190.171.142.10 - - [15/Mar/2022:10:16:48 -0300] "POST /cormun/servlet/licenciaspermisosadjuntos?05a4d0bc7b4d8631b7e9ac2a9d982a21,INS,20028170,L,20220314000000,,,gx-no-cache=1647349464180 HTTP/1.1" 200 93
190.171.142.10 - - [15/Mar/2022:10:16:49 -0300] "GET /cormun/servlet/hpexe_return? HTTP/1.1" 200 1045
190.171.142.10 - - [15/Mar/2022:10:16:49 -0300] "GET /cormun/servlet/trlicenciaspermisosadjuntos?20028170,20220314000000,L, HTTP/1.1" 200 6335
190.171.142.10 - - [15/Mar/2022:10:16:50 -0300] "GET /cormun/servlet/trlicenciaspermisosadjuntos?20028170,20220314000000,L, HTTP/1.1" 200 6332
190.171.142.50 - - [15/Mar/2022:10:16:54 -0300] "POST /cormun/servlet/trautorizarsolicitud?4a0417961db9f3878bf6c87fb117b7b6,,gx-no-cache=1647351893641 HTTP/1.1" 200 5983
190.171.142.50 - - [15/Mar/2022:10:16:54 -0300] "GET /cormun/static/Shared/jqueryui/images/ui-bg_highlight-soft_100_c6c2c8_1x100.png HTTP/1.1" 404 1117
190.171.142.50 - - [15/Mar/2022:10:16:54 -0300] "GET /cormun/static/Shared/jqueryui/images/ui-icons_82798d_256x240.png HTTP/1.1" 404 1089
190.171.142.50 - - [15/Mar/2022:10:16:54 -0300] "GET /cormun/static/Shared/jqueryui/images/ui-bg_flat_55_fafafa_40x100.png HTTP/1.1" 404 1097
190.171.142.50 - - [15/Mar/2022:10:16:54 -0300] "GET /cormun/static/Shared/jqueryui/images/ui-icons_8d78a5_256x240.png HTTP/1.1" 404 1089
190.171.142.50 - - [15/Mar/2022:10:16:54 -0300] "POST /cormun/servlet/trautorizarsolicitud?4a0417961db9f3878bf6c87fb117b7b6,,gx-no-cache=1647351894408 HTTP/1.1" 200 5927
190.171.142.50 - - [15/Mar/2022:10:16:55 -0300] "POST /cormun/servlet/trautorizarsolicitud?4a0417961db9f3878bf6c87fb117b7b6,,gx-no-cache=1647351895174 HTTP/1.1" 200 4784
190.171.142.50 - - [15/Mar/2022:10:16:55 -0300] "POST /cormun/servlet/trautorizarsolicitud?4a0417961db9f3878bf6c87fb117b7b6,,gx-no-cache=1647351895651 HTTP/1.1" 200 4536
190.171.142.10 - - [15/Mar/2022:10:16:57 -0300] "POST /cormun/servlet/trlicenciaspermisosadjuntos?05a4d0bc7b4d8631b7e9ac2a9d982a21,20028170,20220314000000,L,,gx-no-cache=1647349472907 HTTP/1.1" 200 90
190.171.142.10 - - [15/Mar/2022:10:16:57 -0300] "GET /cormun/servlet/hpexe_link HTTP/1.1" 200 990
190.171.142.10 - - [15/Mar/2022:10:16:57 -0300] "GET /cormun/servlet/trlicencias? HTTP/1.1" 200 10207
190.171.142.10 - - [15/Mar/2022:10:16:59 -0300] "GET /cormun/servlet/trlicencias? HTTP/1.1" 200 10205
190.171.142.10 - - [15/Mar/2022:10:17:02 -0300] "POST /cormun/servlet/trlicencias?05a4d0bc7b4d8631b7e9ac2a9d982a21,,gx-no-cache=1647349477850 HTTP/1.1" 200 7712
190.171.142.10 - - [15/Mar/2022:10:17:23 -0300] "POST /cormun/servlet/trlicencias?05a4d0bc7b4d8631b7e9ac2a9d982a21,,gx-no-cache=1647349498569 HTTP/1.1" 200 7734
190.171.142.10 - - [15/Mar/2022:10:17:23 -0300] "GET /cormun/static/Shared/jqueryui/images/ui-bg_highlight-soft_100_c6c2c8_1x100.png HTTP/1.1" 404 1117
190.171.142.10 - - [15/Mar/2022:10:17:23 -0300] "GET /cormun/static/Shared/jqueryui/images/ui-icons_82798d_256x240.png HTTP/1.1" 404 1089
190.171.142.10 - - [15/Mar/2022:10:17:23 -0300] "GET /cormun/static/Shared/jqueryui/images/ui-bg_flat_55_fafafa_40x100.png HTTP/1.1" 404 1097
190.171.142.10 - - [15/Mar/2022:10:17:23 -0300] "GET /cormun/static/Shared/jqueryui/images/ui-icons_8d78a5_256x240.png HTTP/1.1" 404 1089
190.171.142.10 - - [15/Mar/2022:10:17:29 -0300] "GET /cormun/servlet/alicenciaprn?20028170,L,20220314000000,PU HTTP/1.1" 200 1586
