190.171.143.98 - - [14/Mar/2022:10:43:35 -0300] "GET /cormun/servlet/solicitudot?0ac7d9d996c4ccfdaa1538efbf5b1ba756c6eb56fcca6e801bbc12178d58d7bd7a645cf34f5f3d699aac955bdafd8546,gx-no-cache=1647264671271 HTTP/1.1" 200 30
190.171.143.98 - - [14/Mar/2022:10:43:35 -0300] "POST /cormun/servlet/solicitudot?gx-no-cache=1647264671347 HTTP/1.1" 200 137
190.171.142.42 - - [14/Mar/2022:10:43:47 -0300] "POST /cormun/servlet/trautorizarsolicitud?1b60f9cd2fb84d9a4fc5446d65689e83,,gx-no-cache=1647264682740 HTTP/1.1" 200 116
190.171.142.42 - - [14/Mar/2022:10:43:47 -0300] "GET /cormun/servlet/solicitudotlog?INS,2022,17919,0,REC, HTTP/1.1" 200 6062
190.171.142.42 - - [14/Mar/2022:10:43:47 -0300] "GET /cormun/static/gxcfg.js?2020121572485 HTTP/1.1" 200 953
190.171.142.42 - - [14/Mar/2022:10:43:47 -0300] "GET /cormun/static/solicitudotlog.js?2020121572497 HTTP/1.1" 200 8934
190.171.142.42 - - [14/Mar/2022:10:43:47 -0300] "GET /cormun/servlet/solicitudotlog?INS,2022,17919,0,REC, HTTP/1.1" 200 6062
190.171.142.42 - - [14/Mar/2022:10:43:48 -0300] "GET /cormun/servlet/solicitudotlog?98dc43ce96a9bda828592bdbf368810defad090307d83ca19185d5fe775e6332d1de057d7e91302a2f8f2b3c2ba29c0ba8859d8ccbf591117f09f26539498b455c1cc9644829a8d2cc8a77004b5ae6f56417b40bac887a0ccd8a1a5a3db4f3dcfc95b18d68735cc56f1ad7fbc02444128cfcb40a749d944685ff3c76848a64bfdb8a9c41ade2194f49b27e2473df7a9cb8c3166ab2956cae9858220c7cdc205c,gx-no-cache=1647264683678 HTTP/1.1" 200 94
190.171.143.98 - - [14/Mar/2022:10:44:07 -0300] "POST /cormun/servlet/solicitudot?1a716d2ccc1cf6bb48fae1af14e8b741,INS,0,0,false,,gx-no-cache=1647264702423 HTTP/1.1" 200 13221
190.171.142.42 - - [14/Mar/2022:10:44:18 -0300] "POST /cormun/servlet/solicitudotlog?1b60f9cd2fb84d9a4fc5446d65689e83,INS,2022,17919,0,REC,,gx-no-cache=1647264713598 HTTP/1.1" 200 93
190.171.142.42 - - [14/Mar/2022:10:44:18 -0300] "GET /cormun/servlet/hpexe_return? HTTP/1.1" 200 1026
190.171.142.42 - - [14/Mar/2022:10:44:18 -0300] "GET /cormun/servlet/trautorizarsolicitud HTTP/1.1" 200 10304
190.171.142.42 - - [14/Mar/2022:10:44:18 -0300] "GET /cormun/servlet/trautorizarsolicitud HTTP/1.1" 200 10300
190.171.143.98 - - [14/Mar/2022:10:44:23 -0300] "GET /cormun/servlet/prsolicitudot?17504792,,,,,MD,,gxPopupLevel%3D0%3B HTTP/1.1" 200 6142
190.171.143.98 - - [14/Mar/2022:10:44:23 -0300] "GET /cormun/static/gxcfg.js?20201215593468 HTTP/1.1" 200 953
190.171.143.98 - - [14/Mar/2022:10:44:23 -0300] "GET /cormun/static/prsolicitudot.js?20201215593721 HTTP/1.1" 200 13680
190.171.143.98 - - [14/Mar/2022:10:44:30 -0300] "POST /cormun/servlet/solicitudot?gx-no-cache=1647264725805 HTTP/1.1" 200 30
190.171.143.98 - - [14/Mar/2022:10:44:30 -0300] "POST /cormun/servlet/solicitudot?gx-no-cache=1647264725835 HTTP/1.1" 200 1454
190.171.143.98 - - [14/Mar/2022:10:44:30 -0300] "POST /cormun/servlet/solicitudot?gx-no-cache=1647264725885 HTTP/1.1" 200 41
190.171.143.98 - - [14/Mar/2022:10:44:30 -0300] "GET /cormun/servlet/solicitudot?0ac7d9d996c4ccfdaa1538efbf5b1ba7dd40349bce260ff917bfc765dcb1039fd4212fa55b98b21e1a4613bc0941ef35ff3c8f40529e3e94a23894aa53093e36ccf0c44d2ef658c5280e0e5abe9f8346aead74ec8204dbdfbe48d75b78791da89d82477d467f4acd62d194637d795351,gx-no-cache=1647264725922 HTTP/1.1" 200 110
190.171.143.98 - - [14/Mar/2022:10:44:30 -0300] "POST /cormun/servlet/solicitudot?gx-no-cache=1647264725970 HTTP/1.1" 200 83
190.171.143.98 - - [14/Mar/2022:10:44:32 -0300] "GET /cormun/servlet/prcontratosol?17504792,,,,,MD,,gxPopupLevel%3D0%3B HTTP/1.1" 200 8651
190.171.143.98 - - [14/Mar/2022:10:44:41 -0300] "POST /cormun/servlet/solicitudot?gx-no-cache=1647264736770 HTTP/1.1" 200 1454
190.171.143.98 - - [14/Mar/2022:10:44:41 -0300] "POST /cormun/servlet/solicitudot?gx-no-cache=1647264736806 HTTP/1.1" 200 41
190.171.143.98 - - [14/Mar/2022:10:44:41 -0300] "GET /cormun/servlet/solicitudot?0ac7d9d996c4ccfdaa1538efbf5b1ba7dd40349bce260ff917bfc765dcb1039fd4212fa55b98b21e1a4613bc0941ef35ff3c8f40529e3e94a23894aa53093e36ccf0c44d2ef658c5280e0e5abe9f8346aead74ec8204dbdfbe48d75b78791da89d82477d467f4acd62d194637d795351,gx-no-cache=1647264736836 HTTP/1.1" 200 110
190.171.143.98 - - [14/Mar/2022:10:44:41 -0300] "POST /cormun/servlet/solicitudot?gx-no-cache=1647264736873 HTTP/1.1" 200 83
190.171.143.98 - - [14/Mar/2022:10:44:41 -0300] "GET /cormun/servlet/solicitudot?0ac7d9d996c4ccfdaa1538efbf5b1ba7fc308809c88a7485703972469116619f98fe1e18d394ece8b0f9a6d782bcf7e9,gx-no-cache=1647264736920 HTTP/1.1" 200 134
190.171.142.42 - - [14/Mar/2022:10:45:03 -0300] "POST /cormun/servlet/trautorizarsolicitud?1b60f9cd2fb84d9a4fc5446d65689e83,gx-no-cache=1647264759099 HTTP/1.1" 200 7587
190.171.142.42 - - [14/Mar/2022:10:45:03 -0300] "GET /cormun/static/Shared/jqueryui/images/ui-bg_highlight-soft_100_c6c2c8_1x100.png HTTP/1.1" 404 1117
190.171.142.42 - - [14/Mar/2022:10:45:03 -0300] "GET /cormun/static/Shared/jqueryui/images/ui-icons_8d78a5_256x240.png HTTP/1.1" 404 1089
190.171.142.42 - - [14/Mar/2022:10:45:03 -0300] "GET /cormun/static/Shared/jqueryui/images/ui-icons_82798d_256x240.png HTTP/1.1" 404 1089
190.171.142.42 - - [14/Mar/2022:10:45:03 -0300] "GET /cormun/static/Shared/jqueryui/images/ui-bg_flat_55_fafafa_40x100.png HTTP/1.1" 404 1097
190.171.142.42 - - [14/Mar/2022:10:45:04 -0300] "POST /cormun/servlet/trautorizarsolicitud?1b60f9cd2fb84d9a4fc5446d65689e83,gx-no-cache=1647264759340 HTTP/1.1" 200 7533
190.171.143.98 - - [14/Mar/2022:10:45:08 -0300] "GET /cormun/servlet/solicitudot?0ac7d9d996c4ccfdaa1538efbf5b1ba756c6eb56fcca6e801bbc12178d58d7bd7a645cf34f5f3d699aac955bdafd8546,gx-no-cache=1647264763986 HTTP/1.1" 200 30
190.171.143.98 - - [14/Mar/2022:10:45:08 -0300] "POST /cormun/servlet/solicitudot?gx-no-cache=1647264764029 HTTP/1.1" 200 137
190.171.143.98 - - [14/Mar/2022:10:45:08 -0300] "POST /cormun/servlet/solicitudot?1a716d2ccc1cf6bb48fae1af14e8b741,INS,0,0,false,,gx-no-cache=1647264764119 HTTP/1.1" 200 13279
190.171.142.42 - - [14/Mar/2022:10:45:10 -0300] "POST /cormun/servlet/trautorizarsolicitud?1b60f9cd2fb84d9a4fc5446d65689e83,gx-no-cache=1647264765437 HTTP/1.1" 200 7568
190.171.142.42 - - [14/Mar/2022:10:45:20 -0300] "POST /cormun/servlet/trautorizarsolicitud?1b60f9cd2fb84d9a4fc5446d65689e83,gx-no-cache=1647264775278 HTTP/1.1" 200 7590
190.171.142.42 - - [14/Mar/2022:10:45:21 -0300] "POST /cormun/servlet/trautorizarsolicitud?1b60f9cd2fb84d9a4fc5446d65689e83,gx-no-cache=1647264776290 HTTP/1.1" 200 7535
190.171.142.42 - - [14/Mar/2022:10:45:28 -0300] "POST /cormun/servlet/trautorizarsolicitud?1b60f9cd2fb84d9a4fc5446d65689e83,gx-no-cache=1647264783414 HTTP/1.1" 200 7582
190.171.142.42 - - [14/Mar/2022:10:45:29 -0300] "POST /cormun/servlet/trautorizarsolicitud?1b60f9cd2fb84d9a4fc5446d65689e83,gx-no-cache=1647264783844 HTTP/1.1" 200 7528
190.171.143.98 - - [14/Mar/2022:10:45:36 -0300] "POST /cormun/servlet/solicitudot?gx-no-cache=1647264791435 HTTP/1.1" 200 30
190.171.143.98 - - [14/Mar/2022:10:45:41 -0300] "POST /cormun/servlet/solicitudot?gx-no-cache=1647264797347 HTTP/1.1" 200 1454
190.171.143.98 - - [14/Mar/2022:10:45:41 -0300] "POST /cormun/servlet/solicitudot?gx-no-cache=1647264797394 HTTP/1.1" 200 41
190.171.143.98 - - [14/Mar/2022:10:45:41 -0300] "GET /cormun/servlet/solicitudot?0ac7d9d996c4ccfdaa1538efbf5b1ba7dd40349bce260ff917bfc765dcb1039fd4212fa55b98b21e1a4613bc0941ef35ff3c8f40529e3e94a23894aa53093e36ccf0c44d2ef658c5280e0e5abe9f8346aead74ec8204dbdfbe48d75b78791da89d82477d467f4acd62d194637d795351,gx-no-cache=1647264797435 HTTP/1.1" 200 110
190.171.143.98 - - [14/Mar/2022:10:45:42 -0300] "POST /cormun/servlet/solicitudot?gx-no-cache=1647264797485 HTTP/1.1" 200 83
190.171.143.98 - - [14/Mar/2022:10:45:42 -0300] "POST /cormun/servlet/solicitudot?gx-no-cache=1647264797538 HTTP/1.1" 200 34
190.171.143.98 - - [14/Mar/2022:10:45:42 -0300] "POST /cormun/servlet/solicitudot?1a716d2ccc1cf6bb48fae1af14e8b741,INS,0,0,false,,gx-no-cache=1647264797596 HTTP/1.1" 200 93
190.171.143.98 - - [14/Mar/2022:10:45:42 -0300] "GET /cormun/servlet/hpexe_return? HTTP/1.1" 200 1011
190.171.143.98 - - [14/Mar/2022:10:45:42 -0300] "GET /cormun/servlet/trsolicitudot HTTP/1.1" 200 8921
190.171.143.98 - - [14/Mar/2022:10:45:43 -0300] "GET /cormun/servlet/trsolicitudot HTTP/1.1" 200 8917
190.171.142.42 - - [14/Mar/2022:10:45:46 -0300] "POST /cormun/servlet/trautorizarsolicitud?1b60f9cd2fb84d9a4fc5446d65689e83,gx-no-cache=1647264802078 HTTP/1.1" 200 7565
190.171.142.42 - - [14/Mar/2022:10:45:51 -0300] "POST /cormun/servlet/trautorizarsolicitud?1b60f9cd2fb84d9a4fc5446d65689e83,gx-no-cache=1647264806916 HTTP/1.1" 200 7565
190.171.142.42 - - [14/Mar/2022:10:45:57 -0300] "GET /cormun/servlet/trsolicitudot? HTTP/1.1" 200 9171
190.171.142.42 - - [14/Mar/2022:10:45:57 -0300] "GET /cormun/servlet/trsolicitudot? HTTP/1.1" 200 9171
190.171.143.98 - - [14/Mar/2022:10:45:58 -0300] "GET /cormun/servlet/solicitudot?INS,0,0,false, HTTP/1.1" 200 15991
190.171.143.98 - - [14/Mar/2022:10:45:58 -0300] "GET /cormun/servlet/solicitudot?INS,0,0,false, HTTP/1.1" 200 15998
192.168.10.96 - - [14/Mar/2022:10:46:05 -0300] "GET /cormun/servlet/hlogin HTTP/1.1" 200 1716
192.168.10.96 - - [14/Mar/2022:10:46:06 -0300] "GET /cormun/servlet/hlogin HTTP/1.1" 200 1726
192.168.10.96 - - [14/Mar/2022:10:46:08 -0300] "POST /cormun/servlet/hlogin?ed54ed486423449e2c4d9cc410ec92c5,gx-no-cache=1647264663172 HTTP/1.1" 200 90
192.168.10.96 - - [14/Mar/2022:10:46:08 -0300] "GET /cormun/servlet/hpexe_link HTTP/1.1" 200 944
192.168.10.96 - - [14/Mar/2022:10:46:08 -0300] "GET /cormun/servlet/hhome HTTP/1.1" 200 3773
192.168.10.96 - - [14/Mar/2022:10:46:09 -0300] "GET /cormun/servlet/hhome HTTP/1.1" 200 3770
192.168.10.96 - - [14/Mar/2022:10:46:12 -0300] "GET /cormun/servlet/trsolicitudgral? HTTP/1.1" 200 27493
190.171.142.42 - - [14/Mar/2022:10:46:14 -0300] "POST /cormun/servlet/trsolicitudot?1b60f9cd2fb84d9a4fc5446d65689e83,,gx-no-cache=1647264829767 HTTP/1.1" 200 6081
190.171.142.42 - - [14/Mar/2022:10:46:14 -0300] "GET /cormun/static/Shared/jqueryui/images/ui-bg_highlight-soft_100_c6c2c8_1x100.png HTTP/1.1" 404 1117
190.171.142.42 - - [14/Mar/2022:10:46:14 -0300] "GET /cormun/static/Shared/jqueryui/images/ui-icons_82798d_256x240.png HTTP/1.1" 404 1089
190.171.142.42 - - [14/Mar/2022:10:46:14 -0300] "GET /cormun/static/Shared/jqueryui/images/ui-bg_flat_55_fafafa_40x100.png HTTP/1.1" 404 1097
190.171.142.42 - - [14/Mar/2022:10:46:14 -0300] "GET /cormun/static/Shared/jqueryui/images/ui-icons_8d78a5_256x240.png HTTP/1.1" 404 1089
190.171.142.42 - - [14/Mar/2022:10:46:14 -0300] "POST /cormun/servlet/trsolicitudot?1b60f9cd2fb84d9a4fc5446d65689e83,,gx-no-cache=1647264830009 HTTP/1.1" 200 6023
192.168.10.96 - - [14/Mar/2022:10:46:14 -0300] "GET /cormun/servlet/trsolicitudgral? HTTP/1.1" 200 27491
190.171.143.98 - - [14/Mar/2022:10:46:18 -0300] "POST /cormun/servlet/solicitudot?gx-no-cache=1647264833639 HTTP/1.1" 200 3858
190.171.143.98 - - [14/Mar/2022:10:46:18 -0300] "POST /cormun/servlet/solicitudot?1a716d2ccc1cf6bb48fae1af14e8b741,INS,0,0,false,,gx-no-cache=1647264833828 HTTP/1.1" 200 12671
190.171.143.98 - - [14/Mar/2022:10:46:23 -0300] "GET /cormun/servlet/prfichaempleado?,MD,,gxPopupLevel%3D0%3B HTTP/1.1" 200 9295
192.168.10.96 - - [14/Mar/2022:10:46:26 -0300] "POST /cormun/servlet/trsolicitudgral?ed54ed486423449e2c4d9cc410ec92c5,,gx-no-cache=1647264680184 HTTP/1.1" 200 8902
190.171.143.98 - - [14/Mar/2022:10:46:28 -0300] "POST /cormun/servlet/prfichaempleado?1a716d2ccc1cf6bb48fae1af14e8b741,,MD,,gxPopupLevel%3D0%3B,gx-no-cache=1647264843237 HTTP/1.1" 200 6352
190.171.143.98 - - [14/Mar/2022:10:46:28 -0300] "GET /cormun/static/Resources/PXToolsGridNext.gif HTTP/1.1" 200 369
190.171.143.98 - - [14/Mar/2022:10:46:28 -0300] "GET /cormun/static/Resources/PXToolsGridLast.gif HTTP/1.1" 200 370
190.171.142.42 - - [14/Mar/2022:10:46:29 -0300] "POST /cormun/servlet/trsolicitudot?1b60f9cd2fb84d9a4fc5446d65689e83,,gx-no-cache=1647264845306 HTTP/1.1" 200 4815
190.171.142.42 - - [14/Mar/2022:10:46:30 -0300] "POST /cormun/servlet/trsolicitudot?1b60f9cd2fb84d9a4fc5446d65689e83,,gx-no-cache=1647264845471 HTTP/1.1" 200 4605
190.171.143.98 - - [14/Mar/2022:10:46:36 -0300] "GET /cormun/servlet/prfichaempleado?,MD,,gxPopupLevel%3D0%3B HTTP/1.1" 200 9295
190.171.142.42 - - [14/Mar/2022:10:46:39 -0300] "GET /cormun/servlet/trsolicitudot? HTTP/1.1" 200 7458
190.171.142.42 - - [14/Mar/2022:10:46:40 -0300] "GET /cormun/servlet/trsolicitudot? HTTP/1.1" 200 7458
190.171.142.42 - - [14/Mar/2022:10:46:51 -0300] "GET /cormun/servlet/trsolicitudot? HTTP/1.1" 200 7458
190.171.142.42 - - [14/Mar/2022:10:46:52 -0300] "GET /cormun/servlet/trsolicitudot? HTTP/1.1" 200 7458
192.168.10.96 - - [14/Mar/2022:10:46:54 -0300] "GET /cormun/servlet/vesolicitudgral?2022,18139,, HTTP/1.1" 200 8354
192.168.10.96 - - [14/Mar/2022:10:46:54 -0300] "GET /cormun/static/gxcfg.js?20201215594983 HTTP/1.1" 200 953
192.168.10.96 - - [14/Mar/2022:10:46:54 -0300] "GET /cormun/pexe_scrolldiv.js HTTP/1.1" 404 1009
192.168.10.96 - - [14/Mar/2022:10:46:54 -0300] "GET /cormun/static/Resources/PXToolsTabLastUnselected.png HTTP/1.1" 200 1297
192.168.10.96 - - [14/Mar/2022:10:46:54 -0300] "GET /cormun/static/Resources/PXToolsTabFirstSelected.png HTTP/1.1" 200 1270
192.168.10.96 - - [14/Mar/2022:10:46:54 -0300] "GET /cormun/static/Resources/PXToolsTabPrevious.gif HTTP/1.1" 200 172
192.168.10.96 - - [14/Mar/2022:10:46:54 -0300] "GET /cormun/static/Resources/PXToolsTabNext.gif HTTP/1.1" 200 168
192.168.10.96 - - [14/Mar/2022:10:46:54 -0300] "GET /cormun/static/hwcviewtabs.js?201991422154026 HTTP/1.1" 200 1074
192.168.10.96 - - [14/Mar/2022:10:46:54 -0300] "GET /cormun/static/hpexe_tabsview.js?2020121447381 HTTP/1.1" 200 1661
192.168.10.96 - - [14/Mar/2022:10:46:54 -0300] "GET /cormun/static/vesolicitudgral.js?20201215595069 HTTP/1.1" 200 6721
192.168.10.96 - - [14/Mar/2022:10:46:54 -0300] "GET /cormun/static/tbsolicitudgral01.js?20199142226376 HTTP/1.1" 200 31320
192.168.10.96 - - [14/Mar/2022:10:46:54 -0300] "GET /cormun/static/calendar-system.css HTTP/1.1" 200 5572
192.168.10.96 - - [14/Mar/2022:10:46:54 -0300] "GET /cormun/static/Resources/PXToolsTabUnselectedUnselected.png HTTP/1.1" 200 1470
192.168.10.96 - - [14/Mar/2022:10:46:54 -0300] "GET /cormun/static/Resources/PXToolsTabBackUnselected.png HTTP/1.1" 200 1175
192.168.10.96 - - [14/Mar/2022:10:46:54 -0300] "GET /cormun/static/Resources/PXToolsTabBackSelected.png HTTP/1.1" 200 1157
192.168.10.96 - - [14/Mar/2022:10:46:54 -0300] "GET /cormun/static/Resources/PXToolsTabSelectedUnselected.png HTTP/1.1" 200 1451
192.168.10.96 - - [14/Mar/2022:10:46:54 -0300] "GET /cormun/servlet/vesolicitudgral?2022,18139,, HTTP/1.1" 200 8353
192.168.10.96 - - [14/Mar/2022:10:46:57 -0300] "POST /cormun/servlet/vesolicitudgral?ed54ed486423449e2c4d9cc410ec92c5,2022,18139,,,gx-no-cache=1647264712018 HTTP/1.1" 200 90
192.168.10.96 - - [14/Mar/2022:10:46:57 -0300] "GET /cormun/servlet/hpexe_link HTTP/1.1" 200 961
192.168.10.96 - - [14/Mar/2022:10:46:57 -0300] "GET /cormun/servlet/trsolicitudgral? HTTP/1.1" 200 11873
192.168.10.96 - - [14/Mar/2022:10:46:58 -0300] "GET /cormun/servlet/trsolicitudgral? HTTP/1.1" 200 11871
190.171.142.42 - - [14/Mar/2022:10:47:07 -0300] "GET /cormun/servlet/trsolicitudot? HTTP/1.1" 200 7458
190.171.142.42 - - [14/Mar/2022:10:47:08 -0300] "GET /cormun/servlet/trsolicitudot? HTTP/1.1" 200 7458
190.171.143.98 - - [14/Mar/2022:10:47:14 -0300] "POST /cormun/servlet/prfichaempleado?1a716d2ccc1cf6bb48fae1af14e8b741,,MD,,gxPopupLevel%3D0%3B,gx-no-cache=1647264889405 HTTP/1.1" 200 3169
190.171.143.98 - - [14/Mar/2022:10:47:41 -0300] "GET /cormun/servlet/prfichaempleado?,MD,,gxPopupLevel%3D0%3B HTTP/1.1" 200 9295
190.171.142.42 - - [14/Mar/2022:10:47:51 -0300] "POST /cormun/servlet/trsolicitudot?1b60f9cd2fb84d9a4fc5446d65689e83,,gx-no-cache=1647264926324 HTTP/1.1" 200 4633
190.171.143.98 - - [14/Mar/2022:10:47:52 -0300] "POST /cormun/servlet/solicitudot?gx-no-cache=1647264927568 HTTP/1.1" 200 3919
190.171.143.98 - - [14/Mar/2022:10:47:52 -0300] "GET /cormun/static/Shared/jqueryui/images/ui-bg_highlight-soft_100_c6c2c8_1x100.png HTTP/1.1" 404 1117
190.171.143.98 - - [14/Mar/2022:10:47:52 -0300] "GET /cormun/static/Shared/jqueryui/images/ui-icons_82798d_256x240.png HTTP/1.1" 404 1089
190.171.143.98 - - [14/Mar/2022:10:47:52 -0300] "GET /cormun/static/Shared/jqueryui/images/ui-bg_flat_55_994d53_40x100.png HTTP/1.1" 404 1097
190.171.143.98 - - [14/Mar/2022:10:47:52 -0300] "GET /cormun/static/Shared/jqueryui/images/ui-icons_ebccce_256x240.png HTTP/1.1" 404 1089
190.171.142.42 - - [14/Mar/2022:10:47:52 -0300] "POST /cormun/servlet/trsolicitudot?1b60f9cd2fb84d9a4fc5446d65689e83,,gx-no-cache=1647264927951 HTTP/1.1" 200 4633
190.171.142.42 - - [14/Mar/2022:10:48:03 -0300] "GET /cormun/servlet/trautorizarsolicitud? HTTP/1.1" 200 10022
190.171.142.42 - - [14/Mar/2022:10:48:03 -0300] "GET /cormun/servlet/trautorizarsolicitud? HTTP/1.1" 200 10022
190.171.143.98 - - [14/Mar/2022:10:48:11 -0300] "POST /cormun/servlet/solicitudot?gx-no-cache=1647264946452 HTTP/1.1" 200 3991
190.171.143.98 - - [14/Mar/2022:10:48:11 -0300] "POST /cormun/servlet/solicitudot?1a716d2ccc1cf6bb48fae1af14e8b741,INS,0,0,false,,gx-no-cache=1647264946639 HTTP/1.1" 200 12889
190.171.142.42 - - [14/Mar/2022:10:48:15 -0300] "GET /cormun/servlet/trsolicitudot? HTTP/1.1" 200 7471
190.171.142.42 - - [14/Mar/2022:10:48:15 -0300] "GET /cormun/servlet/trsolicitudot? HTTP/1.1" 200 7471
190.171.143.98 - - [14/Mar/2022:10:48:15 -0300] "GET /cormun/servlet/solicitudot?0ac7d9d996c4ccfdaa1538efbf5b1ba730235a3e83bfcb95900c1881c743700acc4b23edd05746de49cb9ad091d1736b,gx-no-cache=1647264950936 HTTP/1.1" 200 30
190.171.143.98 - - [14/Mar/2022:10:48:15 -0300] "GET /cormun/servlet/solicitudot?0ac7d9d996c4ccfdaa1538efbf5b1ba742f37eb6effde41c4afac0f26afdba3b96cd37852a898bc97136e6ac6451de8748505a5bb95f6ecd5bb1320fffec3bc1,gx-no-cache=1647264951033 HTTP/1.1" 200 30
190.171.143.98 - - [14/Mar/2022:10:48:15 -0300] "GET /cormun/servlet/solicitudot?0ac7d9d996c4ccfdaa1538efbf5b1ba7ca1aa3aae57593f500b09418c728e561,gx-no-cache=1647264951102 HTTP/1.1" 200 51
190.171.143.98 - - [14/Mar/2022:10:48:15 -0300] "POST /cormun/servlet/solicitudot?gx-no-cache=1647264951213 HTTP/1.1" 200 297
190.171.143.98 - - [14/Mar/2022:10:48:15 -0300] "GET /cormun/servlet/solicitudot?0ac7d9d996c4ccfdaa1538efbf5b1ba71ade119aa574fb4a45f12d831ec63b5cdbdd4dc4aabcefe791b39705ac52495e3b179afd75f4d7df101531b95ccb4128eb76b78258a4cf469fd5be5e07382d87da567bdbdfb78cc47936c53ce3e8a0015e62325db26abfd2d9f42754f921ab42400f8c631146048b3854620a0c4644372b3100e048c297e30f4673a5bcc64e15ff60e25538dc1ad9ec013462f1716bbcb2f11495d748412392d6b7c792687bafbb199223bb2fffc0bda1e034dae41907a916ea23db040739f9612d31be8fd33aa2191092713372fcfdb31934ac515a3510f58dc7b1b4a5c0545d04ab5af5c93d241c958b5edc4c07c423eaa7ab70c94b2b1a3f1e50e4bb3ef7195be62b44ce8c0e7576d9a499a972bd0b767bdfb4635a6b39a93dce421cff6865d8563789836c38d9c024773d98fc828f67533784cf1f3e94d4da17a0f58f2dc9b4b3f57c8afa20ee3725f89aa97cd14def6ed7b5baa6af3d20b7666996981b60693bd106f9e460b884d331d3d1dc2e75632cc54b0b8829b38da36292f08df1c1a7776519df86,gx-no-cache=1647264951313 HTTP/1.1" 200 30
190.171.143.98 - - [14/Mar/2022:10:48:18 -0300] "POST /cormun/servlet/solicitudot?gx-no-cache=1647264954187 HTTP/1.1" 200 30
190.171.143.98 - - [14/Mar/2022:10:48:21 -0300] "POST /cormun/servlet/solicitudot?gx-no-cache=1647264957325 HTTP/1.1" 200 1453
190.171.143.98 - - [14/Mar/2022:10:48:21 -0300] "POST /cormun/servlet/solicitudot?gx-no-cache=1647264957396 HTTP/1.1" 200 38
190.171.143.98 - - [14/Mar/2022:10:48:21 -0300] "GET /cormun/servlet/solicitudot?0ac7d9d996c4ccfdaa1538efbf5b1ba7dd40349bce260ff917bfc765dcb1039fd4212fa55b98b21e1a4613bc0941ef35ff3c8f40529e3e94a23894aa53093e36ccf0c44d2ef658c5280e0e5abe9f8346aead74ec8204dbdfbe48d75b78791da89d82477d467f4acd62d194637d795351,gx-no-cache=1647264957437 HTTP/1.1" 200 110
190.171.143.98 - - [14/Mar/2022:10:48:22 -0300] "POST /cormun/servlet/solicitudot?gx-no-cache=1647264957466 HTTP/1.1" 200 72
190.171.142.42 - - [14/Mar/2022:10:48:28 -0300] "POST /cormun/servlet/trsolicitudot?1b60f9cd2fb84d9a4fc5446d65689e83,,gx-no-cache=1647264963729 HTTP/1.1" 200 4649
190.171.143.98 - - [14/Mar/2022:10:48:29 -0300] "GET /cormun/servlet/solicitudot?0ac7d9d996c4ccfdaa1538efbf5b1ba7c64ebe02c415f085b03c1cb3fcfd78c9cc215ffe42181f446d0a9f2f98f2cb2c20c5bbca95bcbd1784477426745aab7c4df83a5ab152f3a2b46f948b1bdc4d3ade0cd13fd0368300df5c452f0d4c8fcda2a84544c0628cec68304fef493d6537,gx-no-cache=1647264965282 HTTP/1.1" 200 29
190.171.143.98 - - [14/Mar/2022:10:48:29 -0300] "GET /cormun/static/menuarrow.gif HTTP/1.1" 404 1015
190.171.143.98 - - [14/Mar/2022:10:48:32 -0300] "GET /cormun/servlet/solicitudot?0ac7d9d996c4ccfdaa1538efbf5b1ba756c6eb56fcca6e801bbc12178d58d7bd7a645cf34f5f3d699aac955bdafd8546,gx-no-cache=1647264968232 HTTP/1.1" 200 30
190.171.142.42 - - [14/Mar/2022:10:48:34 -0300] "POST /cormun/servlet/trsolicitudot?1b60f9cd2fb84d9a4fc5446d65689e83,,gx-no-cache=1647264969636 HTTP/1.1" 200 4640
190.171.142.42 - - [14/Mar/2022:10:48:40 -0300] "GET /cormun/servlet/trsolicitudot? HTTP/1.1" 200 7474
190.171.142.42 - - [14/Mar/2022:10:48:40 -0300] "GET /cormun/servlet/trsolicitudot? HTTP/1.1" 200 7474
190.171.142.42 - - [14/Mar/2022:10:48:43 -0300] "GET /cormun/servlet/solicitudot?INS,0,0,false, HTTP/1.1" 200 15961
190.171.142.42 - - [14/Mar/2022:10:48:43 -0300] "GET /cormun/servlet/solicitudot?INS,0,0,false, HTTP/1.1" 200 15969
190.171.143.98 - - [14/Mar/2022:10:48:46 -0300] "POST /cormun/servlet/solicitudot?gx-no-cache=1647264981864 HTTP/1.1" 200 30
190.171.142.42 - - [14/Mar/2022:10:48:56 -0300] "POST /cormun/servlet/solicitudot?gx-no-cache=1647264991487 HTTP/1.1" 200 3966
190.171.142.42 - - [14/Mar/2022:10:48:56 -0300] "POST /cormun/servlet/solicitudot?1b60f9cd2fb84d9a4fc5446d65689e83,INS,0,0,false,,gx-no-cache=1647264991886 HTTP/1.1" 200 12793
190.171.143.98 - - [14/Mar/2022:10:48:59 -0300] "POST /cormun/servlet/solicitudot?1a716d2ccc1cf6bb48fae1af14e8b741,INS,0,0,false,,gx-no-cache=1647264994342 HTTP/1.1" 200 13249
190.171.143.98 - - [14/Mar/2022:10:49:03 -0300] "POST /cormun/servlet/solicitudot?gx-no-cache=1647264998948 HTTP/1.1" 200 30
190.171.143.98 - - [14/Mar/2022:10:49:06 -0300] "GET /cormun/servlet/prcontratosol?10736218,,,,,MD,,gxPopupLevel%3D0%3B HTTP/1.1" 200 8646
190.171.143.98 - - [14/Mar/2022:10:49:14 -0300] "POST /cormun/servlet/solicitudot?gx-no-cache=1647265009601 HTTP/1.1" 200 1453
190.171.143.98 - - [14/Mar/2022:10:49:14 -0300] "POST /cormun/servlet/solicitudot?gx-no-cache=1647265009641 HTTP/1.1" 200 41
190.171.143.98 - - [14/Mar/2022:10:49:14 -0300] "GET /cormun/servlet/solicitudot?0ac7d9d996c4ccfdaa1538efbf5b1ba7dd40349bce260ff917bfc765dcb1039fd4212fa55b98b21e1a4613bc0941ef35ff3c8f40529e3e94a23894aa53093e36ccf0c44d2ef658c5280e0e5abe9f8346aead74ec8204dbdfbe48d75b78791da89d82477d467f4acd62d194637d795351,gx-no-cache=1647265009665 HTTP/1.1" 200 110
190.171.143.98 - - [14/Mar/2022:10:49:14 -0300] "POST /cormun/servlet/solicitudot?gx-no-cache=1647265009698 HTTP/1.1" 200 67
190.171.143.98 - - [14/Mar/2022:10:49:14 -0300] "GET /cormun/servlet/solicitudot?0ac7d9d996c4ccfdaa1538efbf5b1ba7a9f3d17f1f0d63cfbe8a5a6a9697be9898fe1e18d394ece8b0f9a6d782bcf7e9,gx-no-cache=1647265009735 HTTP/1.1" 200 134
190.171.142.42 - - [14/Mar/2022:10:49:22 -0300] "GET /cormun/servlet/hlogin HTTP/1.1" 200 1732
190.171.142.42 - - [14/Mar/2022:10:49:22 -0300] "GET /cormun/servlet/hlogin HTTP/1.1" 200 1742
190.171.143.98 - - [14/Mar/2022:10:49:26 -0300] "GET /cormun/servlet/solicitudot?0ac7d9d996c4ccfdaa1538efbf5b1ba756c6eb56fcca6e801bbc12178d58d7bd7a645cf34f5f3d699aac955bdafd8546,gx-no-cache=1647265022016 HTTP/1.1" 200 30
190.171.142.42 - - [14/Mar/2022:10:49:26 -0300] "GET /cormun/servlet/solicitudot?98dc43ce96a9bda828592bdbf368810d47076bd4b81e48ebf7a92fd41e109801ffdead7f39a7281e444f0a58da4012f1,gx-no-cache=1647265022382 HTTP/1.1" 200 30
200.54.103.162 - - [14/Mar/2022:10:49:49 -0300] "GET /cormun/servlet/hlogin HTTP/1.1" 200 1725
200.54.103.162 - - [14/Mar/2022:10:49:50 -0300] "GET /cormun/static/gxtimezone.js?85251 HTTP/1.1" 200 5781
200.54.103.162 - - [14/Mar/2022:10:49:50 -0300] "GET /cormun/static/gxcfg.js?201910216285969 HTTP/1.1" 200 953
200.54.103.162 - - [14/Mar/2022:10:49:50 -0300] "GET /cormun/static/Resources/Spanish/PXTools.css?2294816 HTTP/1.1" 200 100853
200.54.103.162 - - [14/Mar/2022:10:49:50 -0300] "GET /cormun/static/gxgral.js?85251 HTTP/1.1" 200 384558
200.54.103.162 - - [14/Mar/2022:10:49:50 -0300] "GET /cormun/static/messages.spa.js?85251 HTTP/1.1" 200 30736
200.54.103.162 - - [14/Mar/2022:10:49:50 -0300] "GET /cormun/static/hlogin.js?201910216285995 HTTP/1.1" 200 2136
200.54.103.162 - - [14/Mar/2022:10:49:50 -0300] "GET /cormun/static/Resources/Logo2019_Grande.png HTTP/1.1" 200 31733
200.54.103.162 - - [14/Mar/2022:10:49:50 -0300] "GET /cormun/static/Resources/PXToolsLoginBackground.png HTTP/1.1" 200 1164
200.54.103.162 - - [14/Mar/2022:10:49:50 -0300] "GET /cormun/static/Resources/PXToolsLoginTop.png HTTP/1.1" 200 1337
200.54.103.162 - - [14/Mar/2022:10:49:50 -0300] "GET /cormun/static/Resources/PXToolsButtonLeft.png HTTP/1.1" 200 1310
200.54.103.162 - - [14/Mar/2022:10:49:50 -0300] "GET /cormun/static/Resources/PXToolsButtonRight.png HTTP/1.1" 200 1294
200.54.103.162 - - [14/Mar/2022:10:49:50 -0300] "GET /cormun/static/Resources/PXToolsButtonBackground.png HTTP/1.1" 200 1176
200.54.103.162 - - [14/Mar/2022:10:49:50 -0300] "GET /cormun/static/Resources/PXToolsLoginBottom.png HTTP/1.1" 200 1389
200.54.103.162 - - [14/Mar/2022:10:49:50 -0300] "GET /cormun/static/Resources/indicator.gif HTTP/1.1" 200 1553
200.54.103.162 - - [14/Mar/2022:10:49:50 -0300] "GET /cormun/servlet/hlogin HTTP/1.1" 200 1735
190.171.142.42 - - [14/Mar/2022:10:49:50 -0300] "POST /cormun/servlet/hlogin?7f0d9550df805f647ad8818da00d9add,gx-no-cache=1647265046347 HTTP/1.1" 200 447
200.54.103.162 - - [14/Mar/2022:10:49:50 -0300] "GET /favicon.ico HTTP/1.1" 200 21630
190.171.143.98 - - [14/Mar/2022:10:49:50 -0300] "POST /cormun/servlet/solicitudot?gx-no-cache=1647265046269 HTTP/1.1" 200 137
190.171.143.98 - - [14/Mar/2022:10:49:58 -0300] "POST /cormun/servlet/solicitudot?1a716d2ccc1cf6bb48fae1af14e8b741,INS,0,0,false,,gx-no-cache=1647265053452 HTTP/1.1" 200 13362
200.54.103.162 - - [14/Mar/2022:10:49:59 -0300] "POST /cormun/servlet/hlogin?8e03b85ecec891654eb3aaa897884321,gx-no-cache=1647265053993 HTTP/1.1" 200 90
200.54.103.162 - - [14/Mar/2022:10:49:59 -0300] "GET /cormun/servlet/hpexe_link HTTP/1.1" 200 952
200.54.103.162 - - [14/Mar/2022:10:49:59 -0300] "GET /cormun/static/gxcfg.js?201991422392958 HTTP/1.1" 200 953
200.54.103.162 - - [14/Mar/2022:10:49:59 -0300] "GET /cormun/static/hpexe_link.js?201991422392963 HTTP/1.1" 200 625
200.54.103.162 - - [14/Mar/2022:10:49:59 -0300] "GET /cormun/servlet/hhome HTTP/1.1" 200 4339
200.54.103.162 - - [14/Mar/2022:10:49:59 -0300] "GET /cormun/static/Shared/jqueryui/jquery-ui.min.css?1345370 HTTP/1.1" 200 30288
200.54.103.162 - - [14/Mar/2022:10:49:59 -0300] "GET /cormun/static/SmoothNavMenu/resources/ddsmoothmenu.css?1112540 HTTP/1.1" 200 2223
200.54.103.162 - - [14/Mar/2022:10:49:59 -0300] "GET /cormun/static/SmoothNavMenu/resources/ddsmoothmenu-v.css?1112540 HTTP/1.1" 200 1188
200.54.103.162 - - [14/Mar/2022:10:49:59 -0300] "GET /cormun/static/scaMessage/css/jquery.pnotify.default.css?1816380 HTTP/1.1" 200 1707
200.54.103.162 - - [14/Mar/2022:10:49:59 -0300] "GET /cormun/static/gxcfg.js?20201215495537 HTTP/1.1" 200 953
200.54.103.162 - - [14/Mar/2022:10:49:59 -0300] "GET /cormun/static/PXToolsJavascripts/pexe_autoreload.js HTTP/1.1" 200 1762
200.54.103.162 - - [14/Mar/2022:10:49:59 -0300] "GET /cormun/static/Resources/Spanish/PXTools.css?14345360 HTTP/1.1" 200 100853
200.54.103.162 - - [14/Mar/2022:10:49:59 -0300] "GET /cormun/static/PXToolsJavascripts/pexe_cookies.js HTTP/1.1" 200 792
200.54.103.162 - - [14/Mar/2022:10:49:59 -0300] "GET /cormun/static/PXToolsJavascripts/pexe_windows.js HTTP/1.1" 200 15207
200.54.103.162 - - [14/Mar/2022:10:49:59 -0300] "GET /cormun/static/PXToolsJavascripts/pexe_grid.js HTTP/1.1" 200 7559
200.54.103.162 - - [14/Mar/2022:10:49:59 -0300] "GET /cormun/static/PXToolsJavascripts/pexe_griddivfix.js HTTP/1.1" 200 6644
200.54.103.162 - - [14/Mar/2022:10:49:59 -0300] "GET /cormun/static/PXToolsJavascripts/pexe_menudivfix.js HTTP/1.1" 200 333
200.54.103.162 - - [14/Mar/2022:10:49:59 -0300] "GET /cormun/static/PXToolsJavascripts/pexe_link.js HTTP/1.1" 200 5671
200.54.103.162 - - [14/Mar/2022:10:49:59 -0300] "GET /cormun/static/PXToolsJavascripts/pexe_menus.js HTTP/1.1" 200 1286
200.54.103.162 - - [14/Mar/2022:10:49:59 -0300] "GET /cormun/static/PXToolsJavascripts/pexe_layers.js HTTP/1.1" 200 4114
200.54.103.162 - - [14/Mar/2022:10:49:59 -0300] "GET /cormun/static/PXToolsJavascripts/pexe_oav.js HTTP/1.1" 200 645
200.54.103.162 - - [14/Mar/2022:10:49:59 -0300] "GET /cormun/static/PXToolsJavascripts/pexe_oavdivfix.js HTTP/1.1" 200 639
200.54.103.162 - - [14/Mar/2022:10:49:59 -0300] "GET /cormun/static/PXToolsJavascripts/pexe_popup.js HTTP/1.1" 200 13458
200.54.103.162 - - [14/Mar/2022:10:49:59 -0300] "GET /cormun/static/PXToolsJavascripts/pexe_tabs.js HTTP/1.1" 200 3748
200.54.103.162 - - [14/Mar/2022:10:49:59 -0300] "GET /cormun/static/PXToolsJavascripts/pexe_upload.js HTTP/1.1" 200 1423
200.54.103.162 - - [14/Mar/2022:10:49:59 -0300] "GET /cormun/static/PXToolsJavascripts/pexe_tabdivfix.js HTTP/1.1" 200 876
200.54.103.162 - - [14/Mar/2022:10:49:59 -0300] "GET /cormun/static/PXToolsJavascripts/pexe_picture.js HTTP/1.1" 200 689
200.54.103.162 - - [14/Mar/2022:10:49:59 -0300] "GET /cormun/static/PXToolsJavascripts/pexe_scrolldiv.js HTTP/1.1" 200 4138
200.54.103.162 - - [14/Mar/2022:10:49:59 -0300] "GET /cormun/static/PXToolsJavascripts/PXToolsJavascriptsRender.js HTTP/1.1" 200 367
200.54.103.162 - - [14/Mar/2022:10:50:00 -0300] "GET /cormun/static/RunJS/RunJS.js HTTP/1.1" 200 288
200.54.103.162 - - [14/Mar/2022:10:50:00 -0300] "GET /cormun/static/Shared/ext/locale/ext-lang-en.js HTTP/1.1" 200 10940
200.54.103.162 - - [14/Mar/2022:10:50:00 -0300] "GET /cormun/static/hhome.js?20201215495544 HTTP/1.1" 200 777
200.54.103.162 - - [14/Mar/2022:10:50:00 -0300] "GET /cormun/static/hwchdr01.js?20201214473739 HTTP/1.1" 200 996
200.54.103.162 - - [14/Mar/2022:10:50:00 -0300] "GET /cormun/static/hpexe_recentlink.js?20201214471090 HTTP/1.1" 200 2144
200.54.103.162 - - [14/Mar/2022:10:50:00 -0300] "GET /cormun/static/hpexe_scripts.js?20201214471411 HTTP/1.1" 200 1544
200.54.103.162 - - [14/Mar/2022:10:50:00 -0300] "GET /cormun/static/hpexe_messagepopupcomponent.js?2020121447232 HTTP/1.1" 200 605
200.54.103.162 - - [14/Mar/2022:10:50:00 -0300] "GET /cormun/static/hpexe_messagecontroller.js?201991422154126 HTTP/1.1" 200 870
200.54.103.162 - - [14/Mar/2022:10:50:00 -0300] "GET /cormun/static/hpexe_messagegenexuscomponent.js?2020121447173 HTTP/1.1" 200 587
200.54.103.162 - - [14/Mar/2022:10:50:00 -0300] "GET /cormun/static/Resources/Llave.png HTTP/1.1" 200 1395
200.54.103.162 - - [14/Mar/2022:10:50:00 -0300] "GET /cormun/static/Resources/ImgLogin.png HTTP/1.1" 200 1432
200.54.103.162 - - [14/Mar/2022:10:50:00 -0300] "GET /cormun/static/Resources/Logo2019_Small.png HTTP/1.1" 200 10855
200.54.103.162 - - [14/Mar/2022:10:50:00 -0300] "GET /cormun/static/Resources/PXToolsDataTitle.png HTTP/1.1" 200 1173
200.54.103.162 - - [14/Mar/2022:10:50:00 -0300] "GET /cormun/static/Resources/ImgHome.png HTTP/1.1" 200 1364
200.54.103.162 - - [14/Mar/2022:10:50:00 -0300] "GET /cormun/static/cmcontrolpreferences.js?20199141926336 HTTP/1.1" 200 1375
200.54.103.162 - - [14/Mar/2022:10:50:00 -0300] "GET /cormun/static/Shared/jquery/jquery-1.4.2.min.js HTTP/1.1" 200 72174
200.54.103.162 - - [14/Mar/2022:10:50:00 -0300] "GET /cormun/static/SmoothNavMenu/resources/ddsmoothmenu.js HTTP/1.1" 200 12712
200.54.103.162 - - [14/Mar/2022:10:50:00 -0300] "GET /cormun/static/gxui/gxui-all.js HTTP/1.1" 200 107772
200.54.103.162 - - [14/Mar/2022:10:50:00 -0300] "GET /cormun/static/SmoothNavMenu/resources/SmoothNavMenuRender.js HTTP/1.1" 200 5951
200.54.103.162 - - [14/Mar/2022:10:50:00 -0300] "GET /cormun/static/Shared/jquery/jquery-1.10.2.min.js HTTP/1.1" 200 273199
200.54.103.162 - - [14/Mar/2022:10:50:00 -0300] "GET /cormun/static/scaMessage/js/jquery.pnotify.min.js HTTP/1.1" 200 13038
200.54.103.162 - - [14/Mar/2022:10:50:00 -0300] "GET /cormun/static/scaMessage/scaMessageRender.js HTTP/1.1" 200 11977
200.54.103.162 - - [14/Mar/2022:10:50:00 -0300] "GET /cormun/static/hmpwkw03.js?20201215501896 HTTP/1.1" 200 3973
200.54.103.162 - - [14/Mar/2022:10:50:00 -0300] "GET /cormun/static/Shared/jqueryui/jquery-ui.min.js HTTP/1.1" 200 240427
200.54.103.162 - - [14/Mar/2022:10:50:00 -0300] "GET /cormun/static/Shared/ext/ext-all.js HTTP/1.1" 200 1289687
200.54.103.162 - - [14/Mar/2022:10:50:01 -0300] "GET /cormun/static/SmoothNavMenu/resources/images/down.gif HTTP/1.1" 200 854
200.54.103.162 - - [14/Mar/2022:10:50:01 -0300] "GET /cormun/static/SmoothNavMenu/resources/images/right.gif HTTP/1.1" 200 860
200.54.103.162 - - [14/Mar/2022:10:50:01 -0300] "GET /cormun/servlet/hhome HTTP/1.1" 200 4335
190.171.143.98 - - [14/Mar/2022:10:50:02 -0300] "POST /cormun/servlet/solicitudot?gx-no-cache=1647265057610 HTTP/1.1" 200 30
190.171.142.42 - - [14/Mar/2022:10:50:03 -0300] "POST /cormun/servlet/hlogin?7f0d9550df805f647ad8818da00d9add,gx-no-cache=1647265058752 HTTP/1.1" 200 447
190.171.143.98 - - [14/Mar/2022:10:50:04 -0300] "POST /cormun/servlet/solicitudot?gx-no-cache=1647265060290 HTTP/1.1" 200 1453
190.171.143.98 - - [14/Mar/2022:10:50:04 -0300] "POST /cormun/servlet/solicitudot?gx-no-cache=1647265060340 HTTP/1.1" 200 41
190.171.143.98 - - [14/Mar/2022:10:50:04 -0300] "GET /cormun/servlet/solicitudot?0ac7d9d996c4ccfdaa1538efbf5b1ba7dd40349bce260ff917bfc765dcb1039fd4212fa55b98b21e1a4613bc0941ef35ff3c8f40529e3e94a23894aa53093e36ccf0c44d2ef658c5280e0e5abe9f8346aead74ec8204dbdfbe48d75b78791da89d82477d467f4acd62d194637d795351,gx-no-cache=1647265060395 HTTP/1.1" 200 110
190.171.143.98 - - [14/Mar/2022:10:50:05 -0300] "POST /cormun/servlet/solicitudot?gx-no-cache=1647265060468 HTTP/1.1" 200 67
190.171.143.98 - - [14/Mar/2022:10:50:05 -0300] "POST /cormun/servlet/solicitudot?gx-no-cache=1647265060520 HTTP/1.1" 200 34
190.171.143.98 - - [14/Mar/2022:10:50:05 -0300] "POST /cormun/servlet/solicitudot?1a716d2ccc1cf6bb48fae1af14e8b741,INS,0,0,false,,gx-no-cache=1647265060557 HTTP/1.1" 200 93
190.171.143.98 - - [14/Mar/2022:10:50:05 -0300] "GET /cormun/servlet/hpexe_return? HTTP/1.1" 200 1011
190.171.143.98 - - [14/Mar/2022:10:50:05 -0300] "GET /cormun/servlet/trsolicitudot HTTP/1.1" 200 9338
190.171.143.98 - - [14/Mar/2022:10:50:05 -0300] "GET /cormun/servlet/trsolicitudot HTTP/1.1" 200 9333
190.171.142.42 - - [14/Mar/2022:10:50:12 -0300] "POST /cormun/servlet/hlogin?7f0d9550df805f647ad8818da00d9add,gx-no-cache=1647265067656 HTTP/1.1" 200 447
190.171.143.98 - - [14/Mar/2022:10:50:16 -0300] "POST /cormun/servlet/trsolicitudot?1a716d2ccc1cf6bb48fae1af14e8b741,gx-no-cache=1647265071369 HTTP/1.1" 200 6088
190.171.143.98 - - [14/Mar/2022:10:50:16 -0300] "GET /cormun/static/Shared/jqueryui/images/ui-bg_highlight-soft_100_c6c2c8_1x100.png HTTP/1.1" 404 1117
190.171.143.98 - - [14/Mar/2022:10:50:16 -0300] "GET /cormun/static/Shared/jqueryui/images/ui-icons_82798d_256x240.png HTTP/1.1" 404 1089
190.171.143.98 - - [14/Mar/2022:10:50:16 -0300] "GET /cormun/static/Shared/jqueryui/images/ui-icons_8d78a5_256x240.png HTTP/1.1" 404 1089
190.171.143.98 - - [14/Mar/2022:10:50:16 -0300] "GET /cormun/static/Shared/jqueryui/images/ui-bg_flat_55_fafafa_40x100.png HTTP/1.1" 404 1097
190.171.143.98 - - [14/Mar/2022:10:50:16 -0300] "POST /cormun/servlet/trsolicitudot?1a716d2ccc1cf6bb48fae1af14e8b741,gx-no-cache=1647265071590 HTTP/1.1" 200 6030
190.171.143.98 - - [14/Mar/2022:10:50:17 -0300] "POST /cormun/servlet/trsolicitudot?1a716d2ccc1cf6bb48fae1af14e8b741,gx-no-cache=1647265072705 HTTP/1.1" 200 4870
190.171.143.98 - - [14/Mar/2022:10:50:17 -0300] "POST /cormun/servlet/trsolicitudot?1a716d2ccc1cf6bb48fae1af14e8b741,gx-no-cache=1647265073318 HTTP/1.1" 200 4612
190.171.143.98 - - [14/Mar/2022:10:50:23 -0300] "GET /cormun/servlet/trsolicitudot? HTTP/1.1" 200 7491
190.171.143.98 - - [14/Mar/2022:10:50:24 -0300] "GET /cormun/servlet/trsolicitudot? HTTP/1.1" 200 7491
200.54.103.162 - - [14/Mar/2022:10:50:40 -0300] "GET /cormun/servlet/trlicencias? HTTP/1.1" 200 10461
200.54.103.162 - - [14/Mar/2022:10:50:40 -0300] "GET /cormun/static/calendar-system.css?85620 HTTP/1.1" 200 5572
200.54.103.162 - - [14/Mar/2022:10:50:40 -0300] "GET /cormun/static/gxcfg.js?2020121613995 HTTP/1.1" 200 953
200.54.103.162 - - [14/Mar/2022:10:50:40 -0300] "GET /cormun/static/gxui/gxui-all.css?120300 HTTP/1.1" 200 2179
200.54.103.162 - - [14/Mar/2022:10:50:40 -0300] "GET /cormun/static/calendar-setup.js?85251 HTTP/1.1" 200 2588
200.54.103.162 - - [14/Mar/2022:10:50:40 -0300] "GET /cormun/static/calendar.js?85251 HTTP/1.1" 200 26246
200.54.103.162 - - [14/Mar/2022:10:50:40 -0300] "GET /cormun/static/calendar-es.js?85251 HTTP/1.1" 200 1901
200.54.103.162 - - [14/Mar/2022:10:50:40 -0300] "GET /cormun/static/Shared/ext/resources/css/ext-all.css?215870 HTTP/1.1" 200 416045
200.54.103.162 - - [14/Mar/2022:10:50:40 -0300] "GET /cormun/static/gxdec.js?85251 HTTP/1.1" 200 19579
200.54.103.162 - - [14/Mar/2022:10:50:40 -0300] "GET /cormun/static/Resources/PXTools/calendar.png HTTP/1.1" 200 1306
200.54.103.162 - - [14/Mar/2022:10:50:40 -0300] "GET /cormun/static/trlicencias.js?202012162481 HTTP/1.1" 200 41883
200.54.103.162 - - [14/Mar/2022:10:50:40 -0300] "GET /cormun/static/Resources/PXToolsGridFirstDisabled.gif HTTP/1.1" 200 100
200.54.103.162 - - [14/Mar/2022:10:50:40 -0300] "GET /cormun/static/Resources/PXToolsGridPreviousDisabled.gif HTTP/1.1" 200 90
200.54.103.162 - - [14/Mar/2022:10:50:40 -0300] "GET /cormun/static/Resources/PXToolsDataSearch.png HTTP/1.1" 200 435
200.54.103.162 - - [14/Mar/2022:10:50:40 -0300] "GET /cormun/static/Resources/PXToolsGridNextDisabled.gif HTTP/1.1" 200 90
200.54.103.162 - - [14/Mar/2022:10:50:40 -0300] "GET /cormun/static/Resources/PXToolsGridPage.gif HTTP/1.1" 200 725
200.54.103.162 - - [14/Mar/2022:10:50:40 -0300] "GET /cormun/static/Resources/PXToolsGridLastDisabled.gif HTTP/1.1" 200 98
200.54.103.162 - - [14/Mar/2022:10:50:41 -0300] "GET /cormun/static/Resources/PXToolsActionExcel.png HTTP/1.1" 200 727
200.54.103.162 - - [14/Mar/2022:10:50:41 -0300] "GET /cormun/static/Resources/PXToolsAddAllAction.png HTTP/1.1" 200 495
200.54.103.162 - - [14/Mar/2022:10:50:41 -0300] "GET /cormun/static/Resources/asc.gif HTTP/1.1" 200 67
200.54.103.162 - - [14/Mar/2022:10:50:41 -0300] "GET /cormun/static/Resources/desc.gif HTTP/1.1" 200 65
200.54.103.162 - - [14/Mar/2022:10:50:41 -0300] "GET /cormun//static/Resources/PXToolsActionPrint.png HTTP/1.1" 200 404
200.54.103.162 - - [14/Mar/2022:10:50:41 -0300] "GET /cormun//static/Resources/PXToolsHeaderHelp.png HTTP/1.1" 200 1333
200.54.103.162 - - [14/Mar/2022:10:50:41 -0300] "GET /cormun//static/Resources/PXToolsHeaderFavorites.png HTTP/1.1" 200 1414
200.54.103.162 - - [14/Mar/2022:10:50:41 -0300] "GET /cormun//static/Resources/PXToolsActionDisabled.gif HTTP/1.1" 200 53
200.54.103.162 - - [14/Mar/2022:10:50:41 -0300] "GET /cormun//static/Resources/PXToolsGridDisplay.png HTTP/1.1" 200 525
200.54.103.162 - - [14/Mar/2022:10:50:41 -0300] "GET /cormun//static/Resources/PXTools/ActionInsert.png HTTP/1.1" 200 1482
200.54.103.162 - - [14/Mar/2022:10:50:41 -0300] "GET /cormun/static/Shared/ext/resources/themes/images/default/panel/bg-headersPanel.png HTTP/1.1" 200 255
200.54.103.162 - - [14/Mar/2022:10:50:41 -0300] "GET /cormun/servlet/trlicencias? HTTP/1.1" 200 10459
200.54.103.162 - - [14/Mar/2022:10:50:41 -0300] "GET /cormun/static/Shared/ext/resources/themes/images/default/tools/tool-sprites.gif HTTP/1.1" 200 5434
200.54.103.162 - - [14/Mar/2022:10:50:46 -0300] "GET /cormun/servlet/licenciaspermisos?INS,0,,, HTTP/1.1" 200 7947
200.54.103.162 - - [14/Mar/2022:10:50:46 -0300] "GET /cormun/static/gxcfg.js?202012153173 HTTP/1.1" 200 953
200.54.103.162 - - [14/Mar/2022:10:50:46 -0300] "GET /cormun/static/Resources/prompt.gif HTTP/1.1" 200 902
200.54.103.162 - - [14/Mar/2022:10:50:46 -0300] "GET /cormun/static/licenciaspermisos.js?2020121532136 HTTP/1.1" 200 38824
200.54.103.162 - - [14/Mar/2022:10:50:46 -0300] "GET /cormun/servlet/licenciaspermisos?INS,0,,, HTTP/1.1" 200 7956
200.54.103.162 - - [14/Mar/2022:10:50:58 -0300] "GET /cormun/servlet/licenciaspermisos?5453b89d5104526ae4d39137dbe68993b47e75537d0ba4a117d1ab24f588fcc5e312c58e762e2b8fc49ad328e0e5ec3767be831a09be5a1de0edd9979cff09ee,gx-no-cache=1647265113861 HTTP/1.1" 200 99
200.54.103.162 - - [14/Mar/2022:10:50:58 -0300] "POST /cormun/servlet/licenciaspermisos?8e03b85ecec891654eb3aaa897884321,INS,0,,,,gx-no-cache=1647265113968 HTTP/1.1" 200 5097
200.54.103.162 - - [14/Mar/2022:10:51:16 -0300] "GET /cormun/static/menuarrow.gif HTTP/1.1" 404 1015
200.54.103.162 - - [14/Mar/2022:10:53:21 -0300] "GET /cormun/servlet/licenciaspermisos?5453b89d5104526ae4d39137dbe68993b84fdb424f3df521fcbaf83cd70bf3a25e2bdf4e39e90b14c1434e0c97970449806ef4fc936a40bf3fcc6736ffe2c0a02d1fcbbddf62083b0a42e3f2cd15a35cc86f875aa35dd3cf0bc2e42429f422965cda9a386cd6c63cd4cfa6108042b12e3a096d6d71f8f32f6d190cb2555baddfe8b7cfa76c01202bc7becf3cdb23fa4098c24eb2ce3c294f0df61614735c253065e7ee280e26dacc237200b301e09abb,gx-no-cache=1647265257138 HTTP/1.1" 200 30
200.54.103.162 - - [14/Mar/2022:10:53:21 -0300] "GET /cormun/servlet/licenciaspermisos?5453b89d5104526ae4d39137dbe6899313686b4d6eb1054139c64a1f76afc1b1787c7d63989e81ff996d698cde2e9d22892463dd728226da0d1cb7a8cfcb68c9090db7079555d7b199c9024e03e08d588edee31ce83706be9c561346834771e44273d7464b6b3793e404f757c3bc3ee616a11dd6038c078a54ccfdbfe84db2c3b1f2bcbe84133505529a1293d967eb494fa236de116566163476f2a4d5ee722d71dc512007369b961e379a7e7b27a864,gx-no-cache=1647265257211 HTTP/1.1" 200 29
200.54.103.162 - - [14/Mar/2022:10:53:22 -0300] "POST /cormun/servlet/licenciaspermisos?8e03b85ecec891654eb3aaa897884321,INS,0,,,,gx-no-cache=1647265257250 HTTP/1.1" 200 93
200.54.103.162 - - [14/Mar/2022:10:53:22 -0300] "GET /cormun/servlet/hpexe_return? HTTP/1.1" 200 1012
200.54.103.162 - - [14/Mar/2022:10:53:22 -0300] "GET /cormun/static/hpexe_return.js?201991422392984 HTTP/1.1" 200 1633
200.54.103.162 - - [14/Mar/2022:10:53:22 -0300] "GET /cormun/static/gxcfg.js?201991422392976 HTTP/1.1" 200 953
200.54.103.162 - - [14/Mar/2022:10:53:22 -0300] "GET /cormun/servlet/trlicencias HTTP/1.1" 200 11025
200.54.103.162 - - [14/Mar/2022:10:53:22 -0300] "GET /cormun//static/Resources/PXToolsGridUpdate.png HTTP/1.1" 200 470
200.54.103.162 - - [14/Mar/2022:10:53:22 -0300] "GET /cormun//static/Resources/PXToolsGridDelete.png HTTP/1.1" 200 538
200.54.103.162 - - [14/Mar/2022:10:53:23 -0300] "GET /cormun/servlet/trlicencias HTTP/1.1" 200 11021
200.54.103.162 - - [14/Mar/2022:10:53:35 -0300] "GET /cormun/servlet/licenciaspermisos?UPD,15807616,L,20220314000000, HTTP/1.1" 200 8108
200.54.103.162 - - [14/Mar/2022:10:53:36 -0300] "GET /cormun/servlet/licenciaspermisos?UPD,15807616,L,20220314000000, HTTP/1.1" 200 8126
200.54.103.162 - - [14/Mar/2022:10:53:36 -0300] "GET /cormun/servlet/licenciaspermisos?5453b89d5104526ae4d39137dbe68993b47e75537d0ba4a117d1ab24f588fcc5cf34d686c4f1fa99b3a17b74753c2f9109f4531bd3e02e2e1e06f90bbdac95094731b2263b606bd6e95e4129836342d922476da18210c1b0a37d20efe475bbde,gx-no-cache=1647265272091 HTTP/1.1" 200 98
190.171.143.98 - - [14/Mar/2022:10:54:43 -0300] "GET /cormun/servlet/trsolicitudot? HTTP/1.1" 200 7491
190.171.143.98 - - [14/Mar/2022:10:54:44 -0300] "GET /cormun/servlet/trsolicitudot? HTTP/1.1" 200 7491
190.171.143.98 - - [14/Mar/2022:10:54:52 -0300] "GET /cormun/servlet/solicitudot?INS,0,0,false, HTTP/1.1" 200 15992
190.171.143.98 - - [14/Mar/2022:10:54:53 -0300] "GET /cormun/servlet/solicitudot?INS,0,0,false, HTTP/1.1" 200 16000
190.95.1.185 - - [14/Mar/2022:10:55:07 -0300] "GET /cormun/servlet/hlogin HTTP/1.1" 200 1730
190.95.1.185 - - [14/Mar/2022:10:55:09 -0300] "POST /cormun/servlet/hlogin?b61e42ff2c76bdc610e81705cbdbd068,gx-no-cache=1647265365325 HTTP/1.1" 200 90
190.95.1.185 - - [14/Mar/2022:10:55:09 -0300] "GET /cormun/servlet/hpexe_link HTTP/1.1" 200 954
190.95.1.185 - - [14/Mar/2022:10:55:10 -0300] "GET /cormun/servlet/hhome HTTP/1.1" 200 4472
190.95.1.185 - - [14/Mar/2022:10:55:10 -0300] "GET /cormun/servlet/hhome HTTP/1.1" 200 4468
200.54.103.162 - - [14/Mar/2022:10:55:10 -0300] "GET /cormun/servlet/licenciaspermisos?5453b89d5104526ae4d39137dbe689932cca62d2ec670b082531117b94ba05fd5e2bdf4e39e90b14c1434e0c97970449806ef4fc936a40bf3fcc6736ffe2c0a02d1fcbbddf62083b0a42e3f2cd15a35cc86f875aa35dd3cf0bc2e42429f422969caaa8009da0efaca7d49744704851573a096d6d71f8f32f6d190cb2555baddf83ce63ade78a6e2fb85fbfc706df26694cd390c840c0675035ca2aa332260ee8c40d7c4e4e66e3b4a490faaae495c0260f737ac47cec5aa0bef889e1b904e6e89d8786ac84a429be6b49a0f0f2bcd0319e086330c213b08efbf2fc8c0cbef5e7,gx-no-cache=1647265365946 HTTP/1.1" 200 30
200.54.103.162 - - [14/Mar/2022:10:55:10 -0300] "GET /cormun/servlet/licenciaspermisos?5453b89d5104526ae4d39137dbe6899313686b4d6eb1054139c64a1f76afc1b1787c7d63989e81ff996d698cde2e9d22892463dd728226da0d1cb7a8cfcb68c9090db7079555d7b199c9024e03e08d588edee31ce83706be9c561346834771e431920180d9a98ffdf45a58a0d929b1b916a11dd6038c078a54ccfdbfe84db2c315ed2299f15db5ccb458a9c4d751711804a9c2af1978fd2a5f71db5c38a302f12282157ca8c1c05b5b1bfc9321025667a9207ee1c807ea165e216077037bea2a0d1be0baf4f306696809c5a80daaf9a3d7949c9fa62b2b17d206e272280e9b87,gx-no-cache=1647265365989 HTTP/1.1" 200 29
200.54.103.162 - - [14/Mar/2022:10:55:10 -0300] "POST /cormun/servlet/licenciaspermisos?8e03b85ecec891654eb3aaa897884321,UPD,15807616,L,20220314000000,,gx-no-cache=1647265366025 HTTP/1.1" 200 93
200.54.103.162 - - [14/Mar/2022:10:55:10 -0300] "GET /cormun/servlet/hpexe_return? HTTP/1.1" 200 1029
200.54.103.162 - - [14/Mar/2022:10:55:11 -0300] "GET /cormun/servlet/trlicencias HTTP/1.1" 200 11032
200.54.103.162 - - [14/Mar/2022:10:55:12 -0300] "GET /cormun/servlet/trlicencias HTTP/1.1" 200 11027
190.95.1.185 - - [14/Mar/2022:10:55:13 -0300] "GET /cormun/servlet/trlicencias? HTTP/1.1" 200 9141
190.95.1.185 - - [14/Mar/2022:10:55:14 -0300] "GET /cormun/servlet/trlicencias? HTTP/1.1" 200 9138
200.54.103.162 - - [14/Mar/2022:10:55:15 -0300] "GET /cormun/servlet/trlicenciaspermisosadjuntos?15807616,20220314000000,L, HTTP/1.1" 200 6703
200.54.103.162 - - [14/Mar/2022:10:55:15 -0300] "GET /cormun/static/gxui/gxui-all.css?110300 HTTP/1.1" 200 2179
200.54.103.162 - - [14/Mar/2022:10:55:15 -0300] "GET /cormun/static/calendar-system.css?75620 HTTP/1.1" 200 5572
200.54.103.162 - - [14/Mar/2022:10:55:15 -0300] "GET /cormun/static/gxcfg.js?201991422445549 HTTP/1.1" 200 953
200.54.103.162 - - [14/Mar/2022:10:55:15 -0300] "GET /cormun/static/Shared/ext/resources/css/ext-all.css?205870 HTTP/1.1" 200 416045
200.54.103.162 - - [14/Mar/2022:10:55:16 -0300] "GET /cormun/static/trlicenciaspermisosadjuntos.js?20199142244593 HTTP/1.1" 200 21036
200.54.103.162 - - [14/Mar/2022:10:55:16 -0300] "GET /cormun/servlet/trlicenciaspermisosadjuntos?15807616,20220314000000,L, HTTP/1.1" 200 6703
200.54.103.162 - - [14/Mar/2022:10:55:17 -0300] "GET /cormun/servlet/licenciaspermisosadjuntos?INS,15807616,L,20220314000000,, HTTP/1.1" 200 5990
200.54.103.162 - - [14/Mar/2022:10:55:17 -0300] "GET /cormun/static/gxcfg.js?20201215114875 HTTP/1.1" 200 953
200.54.103.162 - - [14/Mar/2022:10:55:18 -0300] "GET /cormun/static/licenciaspermisosadjuntos.js?20201215114932 HTTP/1.1" 200 8760
200.54.103.162 - - [14/Mar/2022:10:55:18 -0300] "GET /cormun/static/about:blank HTTP/1.1" 404 1011
200.54.103.162 - - [14/Mar/2022:10:55:18 -0300] "GET /cormun/servlet/licenciaspermisosadjuntos?INS,15807616,L,20220314000000,, HTTP/1.1" 200 5979
200.54.103.162 - - [14/Mar/2022:10:55:26 -0300] "POST /cormun/servlet/licenciaspermisosadjuntos?8e03b85ecec891654eb3aaa897884321,INS,15807616,L,20220314000000,, HTTP/1.1" 200 116
200.54.103.162 - - [14/Mar/2022:10:55:26 -0300] "GET /cormun/servlet/hpexe_return? HTTP/1.1" 200 1044
200.54.103.162 - - [14/Mar/2022:10:55:27 -0300] "GET /cormun/servlet/trlicenciaspermisosadjuntos?15807616,20220314000000,L, HTTP/1.1" 200 7213
200.54.103.162 - - [14/Mar/2022:10:55:27 -0300] "GET /cormun/servlet/trlicenciaspermisosadjuntos?15807616,20220314000000,L, HTTP/1.1" 200 7210
190.171.142.42 - - [14/Mar/2022:10:55:28 -0300] "GET /cormun/servlet/solicitudot?98dc43ce96a9bda828592bdbf368810dfab92e5e6f840397286778591b1958af2d026d0e549d7fb30e67e9452c209fc9b40a0dbed73a5cced22912c9009670f3,gx-no-cache=1647265383654 HTTP/1.1" 200 30
190.171.142.42 - - [14/Mar/2022:10:55:28 -0300] "GET /cormun/servlet/solicitudot?98dc43ce96a9bda828592bdbf368810d3cb4be75b95a4321a04b37e65e32566d,gx-no-cache=1647265384008 HTTP/1.1" 200 53
190.171.142.42 - - [14/Mar/2022:10:55:28 -0300] "POST /cormun/servlet/solicitudot?gx-no-cache=1647265384050 HTTP/1.1" 200 297
190.171.142.42 - - [14/Mar/2022:10:55:28 -0300] "GET /cormun/servlet/solicitudot?98dc43ce96a9bda828592bdbf368810da5b48c0d7eb7975fa2b01c87bd0c437c902cdb8107525bd5d672e19a7e8c637e7e4ce276ff8fa38e0e18d03ab4b9465746a1aaf771b2efc88252b01f7590ebd26e8d9f35f53c8c5d0574b32b9093d90c9d787344e965279db7f9d1002d1b36d2854f5dff8f970fc27d9029adda595a79ea6c2a90c7e2bd8b47f5ab1728b322fc596c8f20a2d26b5bc09c6345166e74d1deafc4a57171a0b29302526bd319ff7d60692798f4631b2435bf3f1ce67ccac57d6c8632ee9c76c3b3da195b522663c5a0551f352c6d42f2232d8d96fd81f08fe6261811db0a5489419737de158272f8914acbb1ae78ee22608596e84fcd08eea95a2b6c3295f105f0e92a2aecf3cb7156bf4883f65b0b10a8f7262cdab272698617fe4b527019cdd702f1d1460b065a8f369291491d11b26c289709cea83467ff96ef3e9d8d8427c08312b2bfe83049ea0842433262ecc667ed1643ba63fa1501f27114341940650190f931057b54ae31a742cb0b0a59ed1136bf8a0135a95f7f4871414fe14ad59a059a5427ed60d4,gx-no-cache=1647265384100 HTTP/1.1" 200 30
200.54.103.162 - - [14/Mar/2022:10:55:30 -0300] "POST /cormun/servlet/trlicenciaspermisosadjuntos?8e03b85ecec891654eb3aaa897884321,15807616,20220314000000,L,,gx-no-cache=1647265385573 HTTP/1.1" 200 90
