190.171.141.106 - - [14/Mar/2022:10:00:08 -0300] "GET /cormun/static/PXToolsJavascripts/pexe_picture.js HTTP/1.1" 200 689
190.171.141.106 - - [14/Mar/2022:10:00:08 -0300] "GET /cormun/static/PXToolsJavascripts/pexe_popup.js HTTP/1.1" 200 13458
190.171.141.106 - - [14/Mar/2022:10:00:08 -0300] "GET /cormun/static/PXToolsJavascripts/pexe_tabdivfix.js HTTP/1.1" 200 876
190.171.141.106 - - [14/Mar/2022:10:00:08 -0300] "GET /cormun/static/PXToolsJavascripts/pexe_upload.js HTTP/1.1" 200 1423
190.171.141.106 - - [14/Mar/2022:10:00:08 -0300] "GET /cormun/static/PXToolsJavascripts/pexe_scrolldiv.js HTTP/1.1" 200 4138
190.171.141.106 - - [14/Mar/2022:10:00:08 -0300] "GET /cormun/static/PXToolsJavascripts/PXToolsJavascriptsRender.js HTTP/1.1" 200 367
190.171.141.106 - - [14/Mar/2022:10:00:08 -0300] "GET /cormun/static/PXToolsJavascripts/pexe_tabs.js HTTP/1.1" 200 3748
190.171.141.106 - - [14/Mar/2022:10:00:08 -0300] "GET /cormun/static/RunJS/RunJS.js HTTP/1.1" 200 288
190.171.141.106 - - [14/Mar/2022:10:00:08 -0300] "GET /cormun/static/hhome.js?20201215495544 HTTP/1.1" 200 777
190.171.141.106 - - [14/Mar/2022:10:00:08 -0300] "GET /cormun/static/Shared/ext/locale/ext-lang-en.js HTTP/1.1" 200 10940
190.171.141.106 - - [14/Mar/2022:10:00:08 -0300] "GET /cormun/static/messages.spa.js?85251 HTTP/1.1" 200 30736
190.171.141.106 - - [14/Mar/2022:10:00:08 -0300] "GET /cormun/static/Resources/Logo2019_Small.png HTTP/1.1" 200 10855
190.171.141.106 - - [14/Mar/2022:10:00:08 -0300] "GET /cormun/static/Resources/ImgLogin.png HTTP/1.1" 200 1432
190.171.141.106 - - [14/Mar/2022:10:00:08 -0300] "GET /cormun/static/Resources/Llave.png HTTP/1.1" 200 1395
190.171.141.106 - - [14/Mar/2022:10:00:08 -0300] "GET /cormun/static/Resources/ImgHome.png HTTP/1.1" 200 1364
190.171.141.106 - - [14/Mar/2022:10:00:08 -0300] "GET /cormun/static/Resources/PXToolsDataTitle.png HTTP/1.1" 200 1173
190.171.141.106 - - [14/Mar/2022:10:00:08 -0300] "GET /cormun/static/hwchdr01.js?20201214473739 HTTP/1.1" 200 996
190.171.141.106 - - [14/Mar/2022:10:00:08 -0300] "GET /cormun/static/hpexe_recentlink.js?20201214471090 HTTP/1.1" 200 2144
190.171.141.106 - - [14/Mar/2022:10:00:08 -0300] "GET /cormun/static/gxui/gxui-all.js HTTP/1.1" 200 107772
190.171.141.106 - - [14/Mar/2022:10:00:08 -0300] "GET /cormun/static/hpexe_scripts.js?20201214471411 HTTP/1.1" 200 1544
190.171.141.106 - - [14/Mar/2022:10:00:08 -0300] "GET /cormun/static/hpexe_messagecontroller.js?201991422154126 HTTP/1.1" 200 870
190.171.141.106 - - [14/Mar/2022:10:00:08 -0300] "GET /cormun/static/hpexe_messagepopupcomponent.js?2020121447232 HTTP/1.1" 200 605
190.171.141.106 - - [14/Mar/2022:10:00:08 -0300] "GET /cormun/static/hpexe_messagegenexuscomponent.js?2020121447173 HTTP/1.1" 200 587
190.171.141.106 - - [14/Mar/2022:10:00:08 -0300] "GET /cormun/static/cmcontrolpreferences.js?20199141926336 HTTP/1.1" 200 1375
190.171.141.106 - - [14/Mar/2022:10:00:08 -0300] "GET /cormun/static/SmoothNavMenu/resources/ddsmoothmenu.js HTTP/1.1" 200 12712
190.171.141.106 - - [14/Mar/2022:10:00:08 -0300] "GET /cormun/static/Shared/jquery/jquery-1.4.2.min.js HTTP/1.1" 200 72174
190.171.141.106 - - [14/Mar/2022:10:00:08 -0300] "GET /cormun/static/scaMessage/js/jquery.pnotify.min.js HTTP/1.1" 200 13038
190.171.141.106 - - [14/Mar/2022:10:00:08 -0300] "GET /cormun/static/SmoothNavMenu/resources/SmoothNavMenuRender.js HTTP/1.1" 200 5951
190.171.141.106 - - [14/Mar/2022:10:00:08 -0300] "GET /cormun/static/Shared/ext/ext-all.js HTTP/1.1" 200 1289687
190.171.141.106 - - [14/Mar/2022:10:00:08 -0300] "GET /cormun/static/scaMessage/scaMessageRender.js HTTP/1.1" 200 11977
190.171.141.106 - - [14/Mar/2022:10:00:08 -0300] "GET /cormun/static/hmpwkw03.js?20201215501896 HTTP/1.1" 200 3973
190.171.141.106 - - [14/Mar/2022:10:00:08 -0300] "GET /cormun/static/Shared/jqueryui/jquery-ui.min.js HTTP/1.1" 200 240427
190.171.141.106 - - [14/Mar/2022:10:00:09 -0300] "GET /cormun/static/Shared/jquery/jquery-1.10.2.min.js HTTP/1.1" 200 273199
190.171.141.106 - - [14/Mar/2022:10:00:09 -0300] "GET /cormun/static/Resources/indicator.gif HTTP/1.1" 200 1553
190.171.141.106 - - [14/Mar/2022:10:00:09 -0300] "GET /cormun/servlet/hlogin HTTP/1.1" 200 1738
190.171.141.106 - - [14/Mar/2022:10:00:09 -0300] "GET /cormun/servlet/hhome HTTP/1.1" 200 3329
190.171.141.106 - - [14/Mar/2022:10:00:09 -0300] "GET /cormun/static/gxcfg.js?201910216285969 HTTP/1.1" 200 953
190.171.141.106 - - [14/Mar/2022:10:00:09 -0300] "GET /cormun/static/hlogin.js?201910216285995 HTTP/1.1" 200 2136
190.171.141.106 - - [14/Mar/2022:10:00:09 -0300] "GET /cormun/static/Resources/Spanish/PXTools.css?2294816 HTTP/1.1" 200 100853
190.171.141.106 - - [14/Mar/2022:10:00:09 -0300] "GET /cormun/static/Resources/Logo2019_Grande.png HTTP/1.1" 200 31733
190.171.141.106 - - [14/Mar/2022:10:00:09 -0300] "GET /cormun/static/Resources/PXToolsLoginTop.png HTTP/1.1" 200 1337
190.171.141.106 - - [14/Mar/2022:10:00:09 -0300] "GET /cormun/static/Resources/PXToolsLoginBackground.png HTTP/1.1" 200 1164
190.171.141.106 - - [14/Mar/2022:10:00:09 -0300] "GET /cormun/static/Resources/PXToolsButtonRight.png HTTP/1.1" 200 1294
190.171.141.106 - - [14/Mar/2022:10:00:09 -0300] "GET /cormun/static/Resources/PXToolsButtonLeft.png HTTP/1.1" 200 1310
190.171.141.106 - - [14/Mar/2022:10:00:09 -0300] "GET /cormun/static/Resources/PXToolsLoginBottom.png HTTP/1.1" 200 1389
190.171.141.106 - - [14/Mar/2022:10:00:09 -0300] "GET /cormun/static/Resources/PXToolsButtonBackground.png HTTP/1.1" 200 1176
190.171.141.106 - - [14/Mar/2022:10:00:13 -0300] "POST /cormun/servlet/hlogin?8fa516cb3eb59e3fbd154f10194aea4e,gx-no-cache=1647262159182 HTTP/1.1" 200 90
190.171.144.234 - - [14/Mar/2022:10:00:13 -0300] "POST /cormun/servlet/trsolicitudot?4585f58f6b4eb4c5ce53297e0d4251d8,gx-no-cache=1647262069530 HTTP/1.1" 200 106
190.171.141.106 - - [14/Mar/2022:10:00:13 -0300] "GET /cormun/servlet/hpexe_link HTTP/1.1" 200 952
190.171.141.106 - - [14/Mar/2022:10:00:13 -0300] "GET /cormun/static/gxcfg.js?201991422392958 HTTP/1.1" 200 953
190.171.141.106 - - [14/Mar/2022:10:00:13 -0300] "GET /cormun/static/hpexe_link.js?201991422392963 HTTP/1.1" 200 625
190.171.141.106 - - [14/Mar/2022:10:00:13 -0300] "GET /cormun/servlet/hhome HTTP/1.1" 200 4227
190.171.141.106 - - [14/Mar/2022:10:00:13 -0300] "GET /cormun/servlet/hhome HTTP/1.1" 200 4223
190.171.141.106 - - [14/Mar/2022:10:00:13 -0300] "GET /cormun/static/SmoothNavMenu/resources/images/right.gif HTTP/1.1" 200 860
190.171.141.106 - - [14/Mar/2022:10:00:13 -0300] "GET /cormun/static/SmoothNavMenu/resources/images/down.gif HTTP/1.1" 200 854
190.171.144.234 - - [14/Mar/2022:10:00:14 -0300] "GET /cormun/servlet/trsolicitudadjuntos?2022,18138, HTTP/1.1" 200 6102
190.171.144.234 - - [14/Mar/2022:10:00:14 -0300] "GET /cormun/servlet/trsolicitudadjuntos?2022,18138, HTTP/1.1" 200 6102
190.171.141.106 - - [14/Mar/2022:10:00:17 -0300] "GET /cormun/servlet/trsolicitudot? HTTP/1.1" 200 7444
190.171.141.106 - - [14/Mar/2022:10:00:17 -0300] "GET /cormun/static/calendar-system.css?75620 HTTP/1.1" 200 5572
190.171.141.106 - - [14/Mar/2022:10:00:17 -0300] "GET /cormun/static/gxui/gxui-all.css?110300 HTTP/1.1" 200 2179
190.171.141.106 - - [14/Mar/2022:10:00:17 -0300] "GET /cormun/static/gxcfg.js?201991910464971 HTTP/1.1" 200 953
190.171.141.106 - - [14/Mar/2022:10:00:17 -0300] "GET /cormun/static/calendar.js?85251 HTTP/1.1" 200 26246
190.171.141.106 - - [14/Mar/2022:10:00:17 -0300] "GET /cormun/static/calendar-setup.js?85251 HTTP/1.1" 200 2588
190.171.141.106 - - [14/Mar/2022:10:00:17 -0300] "GET /cormun/static/calendar-es.js?85251 HTTP/1.1" 200 1901
190.171.141.106 - - [14/Mar/2022:10:00:17 -0300] "GET /cormun/static/gxdec.js?85251 HTTP/1.1" 200 19579
190.171.141.106 - - [14/Mar/2022:10:00:17 -0300] "GET /cormun/static/trsolicitudot.js?201991910465845 HTTP/1.1" 200 54041
190.171.141.106 - - [14/Mar/2022:10:00:17 -0300] "GET /cormun/static/Shared/ext/resources/css/ext-all.css?205870 HTTP/1.1" 200 416045
190.171.141.106 - - [14/Mar/2022:10:00:17 -0300] "GET /cormun/static/Resources/PXTools/calendar.png HTTP/1.1" 200 1306
190.171.141.106 - - [14/Mar/2022:10:00:17 -0300] "GET /cormun/static/Resources/PXToolsDataSearch.png HTTP/1.1" 200 435
190.171.141.106 - - [14/Mar/2022:10:00:17 -0300] "GET /cormun/static/Resources/PXToolsGridFirstDisabled.gif HTTP/1.1" 200 100
190.171.141.106 - - [14/Mar/2022:10:00:17 -0300] "GET /cormun/static/Resources/PXToolsGridPage.gif HTTP/1.1" 200 725
190.171.141.106 - - [14/Mar/2022:10:00:17 -0300] "GET /cormun/static/Resources/PXToolsGridNextDisabled.gif HTTP/1.1" 200 90
190.171.141.106 - - [14/Mar/2022:10:00:17 -0300] "GET /cormun/static/Resources/PXToolsActionExcel.png HTTP/1.1" 200 727
190.171.141.106 - - [14/Mar/2022:10:00:17 -0300] "GET /cormun/static/Resources/PXToolsGridLastDisabled.gif HTTP/1.1" 200 98
190.171.141.106 - - [14/Mar/2022:10:00:17 -0300] "GET /cormun/static/Resources/PXToolsGridPreviousDisabled.gif HTTP/1.1" 200 90
190.171.141.106 - - [14/Mar/2022:10:00:17 -0300] "GET /cormun/static/Resources/PXToolsAddAllAction.png HTTP/1.1" 200 495
190.171.141.106 - - [14/Mar/2022:10:00:17 -0300] "GET /cormun/static/Resources/asc.gif HTTP/1.1" 200 67
190.171.141.106 - - [14/Mar/2022:10:00:17 -0300] "GET /cormun/static/Resources/desc.gif HTTP/1.1" 200 65
190.171.141.106 - - [14/Mar/2022:10:00:17 -0300] "GET /cormun/servlet/trsolicitudot? HTTP/1.1" 200 7443
190.171.141.106 - - [14/Mar/2022:10:00:17 -0300] "GET /cormun/static/Shared/ext/resources/themes/images/default/panel/bg-headersPanel.png HTTP/1.1" 200 255
190.171.141.106 - - [14/Mar/2022:10:00:17 -0300] "GET /cormun/static/Shared/ext/resources/themes/images/default/tools/tool-sprites.gif HTTP/1.1" 200 5434
190.171.144.234 - - [14/Mar/2022:10:00:17 -0300] "GET /cormun/servlet/solicitudotadjuntos?INS,2022,18138,,1, HTTP/1.1" 200 6045
190.171.144.234 - - [14/Mar/2022:10:00:18 -0300] "GET /cormun/servlet/solicitudotadjuntos?INS,2022,18138,,1, HTTP/1.1" 200 6038
190.171.144.234 - - [14/Mar/2022:10:00:18 -0300] "GET /cormun/static/about:blank HTTP/1.1" 404 1011
190.171.144.234 - - [14/Mar/2022:10:00:18 -0300] "GET /cormun/servlet/solicitudotadjuntos?0adc27b272af31c979d104193e5be88edd58d871b486c125b9776fe47c36e7129c03918b7a6cdc8f3ff56e5cbe9188c3,gx-no-cache=1647262075184 HTTP/1.1" 200 30
190.171.144.234 - - [14/Mar/2022:10:00:19 -0300] "POST /cormun/servlet/solicitudotadjuntos?4585f58f6b4eb4c5ce53297e0d4251d8,INS,2022,18138,,1,,gx-no-cache=1647262075212 HTTP/1.1" 200 3906
190.171.142.50 - - [14/Mar/2022:10:00:19 -0300] "GET /cormun/servlet/solicitudot?1dba29b9dee03da9361fe0f119a1560d3144b2f47aeb59644b7016a57d9ed196c3e1ece491846c43becb9f7ca6a84b6d02cab7aa064c0f472b13e381b83be6a502fb8c2f1c8451ea58c99d49c6b6e1bfc8bd4ce90711805ebcdbf4831f6757a7ded23a79d0c4aaf4d37812046e71c9d0,gx-no-cache=1647260900317 HTTP/1.1" 200 110
190.171.144.234 - - [14/Mar/2022:10:00:25 -0300] "POST /cormun/servlet/solicitudotadjuntos?gx-no-cache=1647262081295 HTTP/1.1" 200 26
190.171.141.122 - - [14/Mar/2022:10:00:30 -0300] "GET /cormun/servlet/hhome HTTP/1.1" 200 3329
190.171.141.122 - - [14/Mar/2022:10:00:31 -0300] "GET /cormun/servlet/hlogin HTTP/1.1" 200 1736
190.171.141.122 - - [14/Mar/2022:10:00:31 -0300] "GET /cormun/servlet/hhome HTTP/1.1" 200 3327
190.171.142.50 - - [14/Mar/2022:10:00:31 -0300] "POST /cormun/servlet/solicitudot?gx-no-cache=1647260913029 HTTP/1.1" 200 110
201.186.225.189 - - [14/Mar/2022:10:00:34 -0300] "POST /cormun/servlet/solicitudot?gx-no-cache=1647262090334 HTTP/1.1" 200 1454
201.186.225.189 - - [14/Mar/2022:10:00:34 -0300] "POST /cormun/servlet/solicitudot?gx-no-cache=1647262090381 HTTP/1.1" 200 41
201.186.225.189 - - [14/Mar/2022:10:00:34 -0300] "GET /cormun/servlet/solicitudot?883937fb6630fa02c6a3ff01b8d529785e91973c5a88477079e57d4480f1bebeeab2f971175ad520c09a964bb291ae503bbb3a137bc62f1a0e4ec26e8922781607f2f51bd989db135147efebe40f025466bc6d90d6690c62ec3833f477a3e52d0a277e84b49e7f0905046c2cdd2b5357,gx-no-cache=1647262090403 HTTP/1.1" 200 110
201.186.225.189 - - [14/Mar/2022:10:00:34 -0300] "POST /cormun/servlet/solicitudot?gx-no-cache=1647262090431 HTTP/1.1" 200 97
190.171.141.122 - - [14/Mar/2022:10:00:35 -0300] "POST /cormun/servlet/hlogin?ce11ff562c686f9213d45de539efa357,gx-no-cache=1647262091484 HTTP/1.1" 200 90
190.171.141.122 - - [14/Mar/2022:10:00:35 -0300] "GET /cormun/servlet/hpexe_link HTTP/1.1" 200 948
190.171.141.122 - - [14/Mar/2022:10:00:35 -0300] "GET /cormun/servlet/hhome HTTP/1.1" 200 4250
190.171.141.122 - - [14/Mar/2022:10:00:35 -0300] "GET /cormun/servlet/hhome HTTP/1.1" 200 4246
190.171.141.106 - - [14/Mar/2022:10:00:38 -0300] "GET /cormun/servlet/hhome HTTP/1.1" 200 4227
190.171.141.106 - - [14/Mar/2022:10:00:38 -0300] "GET /cormun/servlet/hhome HTTP/1.1" 200 4223
190.171.142.50 - - [14/Mar/2022:10:00:40 -0300] "GET /cormun/servlet/solicitudot?1dba29b9dee03da9361fe0f119a1560dee7a421ebf9bbc6cdfe13e8dcc84ac79ab58557a4c785c6f05d85a474bb2c8536b7c522179ca79d20b75e73d1343cd1f04e39600bbeebb8a20f249c955d5b71fc9210b7ddb3f6118ab5c069c9623d95f9667d030b93d9e93feb1740c3ee2eff4,gx-no-cache=1647260921674 HTTP/1.1" 200 29
190.171.142.50 - - [14/Mar/2022:10:00:40 -0300] "GET /cormun/static/menuarrow.gif HTTP/1.1" 404 1015
190.171.142.50 - - [14/Mar/2022:10:00:43 -0300] "GET /cormun/servlet/solicitudot?1dba29b9dee03da9361fe0f119a1560ddc259096cd2ec88a7ca2843551cb6d764aa87753c4c88e28b28ecfd6dd2b489d,gx-no-cache=1647260924426 HTTP/1.1" 200 30
190.171.144.234 - - [14/Mar/2022:10:00:54 -0300] "GET /cormun/servlet/solicitudotadjuntos?0adc27b272af31c979d104193e5be88eb55d7d5db59e1548f6abce847dac6ea6,gx-no-cache=1647262110821 HTTP/1.1" 200 30
190.171.144.234 - - [14/Mar/2022:10:00:54 -0300] "GET /cormun/servlet/solicitudotadjuntos?0adc27b272af31c979d104193e5be88eb55d7d5db59e1548f6abce847dac6ea6,gx-no-cache=1647262110880 HTTP/1.1" 200 30
190.171.144.234 - - [14/Mar/2022:10:00:55 -0300] "POST /cormun/servlet/solicitudotadjuntos?4585f58f6b4eb4c5ce53297e0d4251d8,INS,2022,18138,,1, HTTP/1.1" 200 116
190.171.144.234 - - [14/Mar/2022:10:00:56 -0300] "GET /cormun/servlet/hpexe_return? HTTP/1.1" 200 1035
190.171.144.234 - - [14/Mar/2022:10:00:56 -0300] "GET /cormun/servlet/trsolicitudadjuntos?2022,18138, HTTP/1.1" 200 8883
190.171.144.234 - - [14/Mar/2022:10:00:56 -0300] "GET /cormun/servlet/trsolicitudadjuntos?2022,18138, HTTP/1.1" 200 8879
190.171.142.50 - - [14/Mar/2022:10:00:57 -0300] "POST /cormun/servlet/solicitudot?gx-no-cache=1647260938325 HTTP/1.1" 200 30
190.171.144.234 - - [14/Mar/2022:10:00:59 -0300] "GET /cormun/servlet/solicitudotadjuntos?INS,2022,18138,,1, HTTP/1.1" 200 6045
190.171.144.234 - - [14/Mar/2022:10:01:00 -0300] "GET /cormun/static/about:blank HTTP/1.1" 404 1011
190.171.144.234 - - [14/Mar/2022:10:01:00 -0300] "GET /cormun/servlet/solicitudotadjuntos?INS,2022,18138,,1, HTTP/1.1" 200 6038
190.171.144.234 - - [14/Mar/2022:10:01:00 -0300] "GET /cormun/servlet/solicitudotadjuntos?0adc27b272af31c979d104193e5be88edd58d871b486c125b9776fe47c36e7129c03918b7a6cdc8f3ff56e5cbe9188c3,gx-no-cache=1647262116974 HTTP/1.1" 200 30
190.171.144.234 - - [14/Mar/2022:10:01:00 -0300] "POST /cormun/servlet/solicitudotadjuntos?4585f58f6b4eb4c5ce53297e0d4251d8,INS,2022,18138,,1,,gx-no-cache=1647262117085 HTTP/1.1" 200 3906
190.171.144.234 - - [14/Mar/2022:10:01:05 -0300] "POST /cormun/servlet/solicitudotadjuntos?gx-no-cache=1647262121383 HTTP/1.1" 200 26
190.171.142.50 - - [14/Mar/2022:10:01:08 -0300] "POST /cormun/servlet/solicitudot?bad7778b9885d65a1bb8885b5803bcc8,INS,0,0,false,,gx-no-cache=1647260948406 HTTP/1.1" 200 93
190.171.142.50 - - [14/Mar/2022:10:01:08 -0300] "GET /cormun/servlet/hpexe_return? HTTP/1.1" 200 1006
190.171.142.50 - - [14/Mar/2022:10:01:08 -0300] "GET /cormun/servlet/trsolicitudot HTTP/1.1" 200 8583
190.171.142.50 - - [14/Mar/2022:10:01:08 -0300] "GET /cormun//static/Resources/PXToolsActionView.png HTTP/1.1" 200 398
190.171.142.50 - - [14/Mar/2022:10:01:08 -0300] "GET /cormun//static/Resources/PXToolsRemoveAllAction.png HTTP/1.1" 200 487
190.171.142.50 - - [14/Mar/2022:10:01:08 -0300] "GET /cormun/servlet/trsolicitudot HTTP/1.1" 200 8579
190.171.144.234 - - [14/Mar/2022:10:01:15 -0300] "GET /cormun/servlet/solicitudotadjuntos?0adc27b272af31c979d104193e5be88eb55d7d5db59e1548f6abce847dac6ea6,gx-no-cache=1647262131356 HTTP/1.1" 200 30
190.171.144.234 - - [14/Mar/2022:10:01:15 -0300] "GET /cormun/servlet/solicitudotadjuntos?0adc27b272af31c979d104193e5be88eb55d7d5db59e1548f6abce847dac6ea6,gx-no-cache=1647262131378 HTTP/1.1" 200 30
190.171.144.234 - - [14/Mar/2022:10:01:16 -0300] "POST /cormun/servlet/solicitudotadjuntos?4585f58f6b4eb4c5ce53297e0d4251d8,INS,2022,18138,,1, HTTP/1.1" 200 116
190.171.144.234 - - [14/Mar/2022:10:01:16 -0300] "GET /cormun/servlet/hpexe_return? HTTP/1.1" 200 1035
190.171.144.234 - - [14/Mar/2022:10:01:16 -0300] "GET /cormun/servlet/trsolicitudadjuntos?2022,18138, HTTP/1.1" 200 9107
190.171.144.234 - - [14/Mar/2022:10:01:17 -0300] "GET /cormun/servlet/trsolicitudadjuntos?2022,18138, HTTP/1.1" 200 9107
190.171.144.234 - - [14/Mar/2022:10:01:21 -0300] "GET /cormun/servlet/solicitudotadjuntos?INS,2022,18138,,1, HTTP/1.1" 200 6047
190.171.144.234 - - [14/Mar/2022:10:01:22 -0300] "GET /cormun/servlet/solicitudotadjuntos?INS,2022,18138,,1, HTTP/1.1" 200 6040
190.171.144.234 - - [14/Mar/2022:10:01:22 -0300] "GET /cormun/static/about:blank HTTP/1.1" 404 1011
190.171.144.234 - - [14/Mar/2022:10:01:22 -0300] "GET /cormun/servlet/solicitudotadjuntos?0adc27b272af31c979d104193e5be88edd58d871b486c125b9776fe47c36e7129c03918b7a6cdc8f3ff56e5cbe9188c3,gx-no-cache=1647262138870 HTTP/1.1" 200 30
190.171.144.234 - - [14/Mar/2022:10:01:23 -0300] "POST /cormun/servlet/solicitudotadjuntos?4585f58f6b4eb4c5ce53297e0d4251d8,INS,2022,18138,,1,,gx-no-cache=1647262139261 HTTP/1.1" 200 3907
190.171.144.234 - - [14/Mar/2022:10:01:28 -0300] "POST /cormun/servlet/solicitudotadjuntos?gx-no-cache=1647262144062 HTTP/1.1" 200 26
190.171.144.234 - - [14/Mar/2022:10:01:47 -0300] "GET /cormun/servlet/solicitudotadjuntos?0adc27b272af31c979d104193e5be88eb55d7d5db59e1548f6abce847dac6ea6,gx-no-cache=1647262163802 HTTP/1.1" 200 30
190.171.144.234 - - [14/Mar/2022:10:01:47 -0300] "GET /cormun/servlet/solicitudotadjuntos?0adc27b272af31c979d104193e5be88eb55d7d5db59e1548f6abce847dac6ea6,gx-no-cache=1647262163909 HTTP/1.1" 200 30
190.171.144.234 - - [14/Mar/2022:10:01:48 -0300] "POST /cormun/servlet/solicitudotadjuntos?4585f58f6b4eb4c5ce53297e0d4251d8,INS,2022,18138,,1, HTTP/1.1" 200 116
190.171.144.234 - - [14/Mar/2022:10:01:48 -0300] "GET /cormun/servlet/hpexe_return? HTTP/1.1" 200 1035
190.171.144.234 - - [14/Mar/2022:10:01:48 -0300] "GET /cormun/servlet/trsolicitudadjuntos?2022,18138, HTTP/1.1" 200 9273
190.171.144.234 - - [14/Mar/2022:10:01:49 -0300] "GET /cormun/servlet/trsolicitudadjuntos?2022,18138, HTTP/1.1" 200 9272
190.171.144.234 - - [14/Mar/2022:10:01:51 -0300] "GET /cormun/servlet/solicitudotadjuntos?INS,2022,18138,,1, HTTP/1.1" 200 6047
190.171.144.234 - - [14/Mar/2022:10:01:52 -0300] "GET /cormun/static/about:blank HTTP/1.1" 404 1011
190.171.144.234 - - [14/Mar/2022:10:01:52 -0300] "GET /cormun/servlet/solicitudotadjuntos?INS,2022,18138,,1, HTTP/1.1" 200 6040
190.171.144.234 - - [14/Mar/2022:10:01:52 -0300] "GET /cormun/servlet/solicitudotadjuntos?0adc27b272af31c979d104193e5be88edd58d871b486c125b9776fe47c36e7129c03918b7a6cdc8f3ff56e5cbe9188c3,gx-no-cache=1647262168784 HTTP/1.1" 200 30
190.171.144.234 - - [14/Mar/2022:10:01:52 -0300] "POST /cormun/servlet/solicitudotadjuntos?4585f58f6b4eb4c5ce53297e0d4251d8,INS,2022,18138,,1,,gx-no-cache=1647262168936 HTTP/1.1" 200 3907
190.171.144.234 - - [14/Mar/2022:10:01:56 -0300] "POST /cormun/servlet/solicitudotadjuntos?gx-no-cache=1647262172459 HTTP/1.1" 200 26
190.171.142.50 - - [14/Mar/2022:10:02:03 -0300] "POST /cormun/servlet/trsolicitudot?bad7778b9885d65a1bb8885b5803bcc8,gx-no-cache=1647261004848 HTTP/1.1" 200 107
190.171.142.50 - - [14/Mar/2022:10:02:03 -0300] "GET /cormun/servlet/trsolicitudadjuntos?2022,18139, HTTP/1.1" 200 6053
190.171.142.50 - - [14/Mar/2022:10:02:03 -0300] "GET /cormun/static/gxcfg.js?20201215574222 HTTP/1.1" 200 953
190.171.142.50 - - [14/Mar/2022:10:02:04 -0300] "GET /cormun/static/trsolicitudadjuntos.js?20201215574932 HTTP/1.1" 200 17922
190.171.142.50 - - [14/Mar/2022:10:02:04 -0300] "GET /cormun/static/Resources/PXToolsGridNew.png HTTP/1.1" 200 427
190.171.142.50 - - [14/Mar/2022:10:02:04 -0300] "GET /cormun/servlet/trsolicitudadjuntos?2022,18139, HTTP/1.1" 200 6052
190.171.144.234 - - [14/Mar/2022:10:02:06 -0300] "GET /cormun/servlet/solicitudotadjuntos?0adc27b272af31c979d104193e5be88eb55d7d5db59e1548f6abce847dac6ea6,gx-no-cache=1647262182175 HTTP/1.1" 200 30
190.171.144.234 - - [14/Mar/2022:10:02:06 -0300] "GET /cormun/servlet/solicitudotadjuntos?0adc27b272af31c979d104193e5be88eb55d7d5db59e1548f6abce847dac6ea6,gx-no-cache=1647262182305 HTTP/1.1" 200 30
190.171.142.50 - - [14/Mar/2022:10:02:06 -0300] "GET /cormun/servlet/solicitudotadjuntos?INS,2022,18139,,1, HTTP/1.1" 200 5995
190.171.142.50 - - [14/Mar/2022:10:02:06 -0300] "GET /cormun/static/gxcfg.js?202012157947 HTTP/1.1" 200 953
190.171.142.50 - - [14/Mar/2022:10:02:06 -0300] "GET /cormun/static/solicitudotadjuntos.js?202012157966 HTTP/1.1" 200 11771
190.171.142.50 - - [14/Mar/2022:10:02:06 -0300] "GET /cormun/static/about:blank HTTP/1.1" 404 1011
190.171.142.50 - - [14/Mar/2022:10:02:06 -0300] "GET /cormun/servlet/solicitudotadjuntos?INS,2022,18139,,1, HTTP/1.1" 200 5988
190.171.144.234 - - [14/Mar/2022:10:02:06 -0300] "POST /cormun/servlet/solicitudotadjuntos?4585f58f6b4eb4c5ce53297e0d4251d8,INS,2022,18138,,1, HTTP/1.1" 200 116
190.171.144.234 - - [14/Mar/2022:10:02:07 -0300] "GET /cormun/servlet/hpexe_return? HTTP/1.1" 200 1035
190.171.142.50 - - [14/Mar/2022:10:02:07 -0300] "GET /cormun/servlet/solicitudotadjuntos?1dba29b9dee03da9361fe0f119a1560d06ab06a039b672682660e22a97cdad3ba2de26900fe876b1240bae528f00c511,gx-no-cache=1647261008289 HTTP/1.1" 200 30
190.171.142.50 - - [14/Mar/2022:10:02:07 -0300] "POST /cormun/servlet/solicitudotadjuntos?bad7778b9885d65a1bb8885b5803bcc8,INS,2022,18139,,1,,gx-no-cache=1647261008345 HTTP/1.1" 200 3901
190.171.144.234 - - [14/Mar/2022:10:02:07 -0300] "GET /cormun/servlet/trsolicitudadjuntos?2022,18138, HTTP/1.1" 200 9528
190.171.144.234 - - [14/Mar/2022:10:02:08 -0300] "GET /cormun/servlet/trsolicitudadjuntos?2022,18138, HTTP/1.1" 200 9527
190.171.144.234 - - [14/Mar/2022:10:02:10 -0300] "GET /cormun/servlet/solicitudotadjuntos?INS,2022,18138,,1, HTTP/1.1" 200 6047
190.171.144.234 - - [14/Mar/2022:10:02:10 -0300] "GET /cormun/static/about:blank HTTP/1.1" 404 1011
190.171.144.234 - - [14/Mar/2022:10:02:10 -0300] "GET /cormun/servlet/solicitudotadjuntos?INS,2022,18138,,1, HTTP/1.1" 200 6040
190.171.144.234 - - [14/Mar/2022:10:02:11 -0300] "GET /cormun/servlet/solicitudotadjuntos?0adc27b272af31c979d104193e5be88edd58d871b486c125b9776fe47c36e7129c03918b7a6cdc8f3ff56e5cbe9188c3,gx-no-cache=1647262187578 HTTP/1.1" 200 30
190.171.144.234 - - [14/Mar/2022:10:02:11 -0300] "POST /cormun/servlet/solicitudotadjuntos?4585f58f6b4eb4c5ce53297e0d4251d8,INS,2022,18138,,1,,gx-no-cache=1647262187597 HTTP/1.1" 200 3907
190.171.142.50 - - [14/Mar/2022:10:02:12 -0300] "POST /cormun/servlet/solicitudotadjuntos?gx-no-cache=1647261013274 HTTP/1.1" 200 26
190.171.144.234 - - [14/Mar/2022:10:02:17 -0300] "POST /cormun/servlet/solicitudotadjuntos?gx-no-cache=1647262193414 HTTP/1.1" 200 26
190.171.142.50 - - [14/Mar/2022:10:02:33 -0300] "GET /cormun/servlet/solicitudotadjuntos?1dba29b9dee03da9361fe0f119a1560d25a80b6863e2df1fd12372c011336a17,gx-no-cache=1647261034898 HTTP/1.1" 200 30
190.171.142.50 - - [14/Mar/2022:10:02:33 -0300] "GET /cormun/servlet/solicitudotadjuntos?1dba29b9dee03da9361fe0f119a1560d25a80b6863e2df1fd12372c011336a17,gx-no-cache=1647261034923 HTTP/1.1" 200 30
190.171.142.50 - - [14/Mar/2022:10:02:33 -0300] "POST /cormun/servlet/solicitudotadjuntos?bad7778b9885d65a1bb8885b5803bcc8,INS,2022,18139,,1, HTTP/1.1" 200 116
190.171.142.50 - - [14/Mar/2022:10:02:33 -0300] "GET /cormun/servlet/hpexe_return? HTTP/1.1" 200 1024
190.171.142.50 - - [14/Mar/2022:10:02:34 -0300] "GET /cormun/servlet/trsolicitudadjuntos?2022,18139, HTTP/1.1" 200 8824
190.171.142.50 - - [14/Mar/2022:10:02:34 -0300] "GET /cormun/servlet/trsolicitudadjuntos?2022,18139, HTTP/1.1" 200 8820
190.171.142.50 - - [14/Mar/2022:10:02:50 -0300] "GET /cormun/servlet/solicitudotadjuntos?INS,2022,18139,,1, HTTP/1.1" 200 5995
190.171.142.50 - - [14/Mar/2022:10:02:50 -0300] "GET /cormun/static/about:blank HTTP/1.1" 404 1011
190.171.142.50 - - [14/Mar/2022:10:02:50 -0300] "GET /cormun/servlet/solicitudotadjuntos?INS,2022,18139,,1, HTTP/1.1" 200 5988
190.171.142.50 - - [14/Mar/2022:10:02:51 -0300] "GET /cormun/servlet/solicitudotadjuntos?1dba29b9dee03da9361fe0f119a1560d06ab06a039b672682660e22a97cdad3ba2de26900fe876b1240bae528f00c511,gx-no-cache=1647261052490 HTTP/1.1" 200 30
190.171.142.50 - - [14/Mar/2022:10:02:51 -0300] "POST /cormun/servlet/solicitudotadjuntos?bad7778b9885d65a1bb8885b5803bcc8,INS,2022,18139,,1,,gx-no-cache=1647261052505 HTTP/1.1" 200 3901
190.171.142.50 - - [14/Mar/2022:10:02:53 -0300] "POST /cormun/servlet/solicitudotadjuntos?gx-no-cache=1647261054627 HTTP/1.1" 200 26
190.171.142.50 - - [14/Mar/2022:10:03:03 -0300] "GET /cormun/servlet/solicitudotadjuntos?1dba29b9dee03da9361fe0f119a1560d25a80b6863e2df1fd12372c011336a17,gx-no-cache=1647261065026 HTTP/1.1" 200 30
190.171.142.50 - - [14/Mar/2022:10:03:03 -0300] "GET /cormun/servlet/solicitudotadjuntos?1dba29b9dee03da9361fe0f119a1560d25a80b6863e2df1fd12372c011336a17,gx-no-cache=1647261065037 HTTP/1.1" 200 30
190.171.142.50 - - [14/Mar/2022:10:03:03 -0300] "POST /cormun/servlet/solicitudotadjuntos?bad7778b9885d65a1bb8885b5803bcc8,INS,2022,18139,,1, HTTP/1.1" 200 116
190.171.142.50 - - [14/Mar/2022:10:03:04 -0300] "GET /cormun/servlet/hpexe_return? HTTP/1.1" 200 1024
190.171.142.50 - - [14/Mar/2022:10:03:04 -0300] "GET /cormun/servlet/trsolicitudadjuntos?2022,18139, HTTP/1.1" 200 9048
190.171.142.50 - - [14/Mar/2022:10:03:04 -0300] "GET /cormun/servlet/trsolicitudadjuntos?2022,18139, HTTP/1.1" 200 9046
190.171.142.50 - - [14/Mar/2022:10:03:10 -0300] "GET /cormun/servlet/solicitudotadjuntos?INS,2022,18139,,1, HTTP/1.1" 200 5994
190.171.142.50 - - [14/Mar/2022:10:03:10 -0300] "GET /cormun/servlet/solicitudotadjuntos?INS,2022,18139,,1, HTTP/1.1" 200 5987
190.171.142.50 - - [14/Mar/2022:10:03:11 -0300] "GET /cormun/servlet/solicitudotadjuntos?1dba29b9dee03da9361fe0f119a1560d06ab06a039b672682660e22a97cdad3ba2de26900fe876b1240bae528f00c511,gx-no-cache=1647261072332 HTTP/1.1" 200 30
190.171.142.50 - - [14/Mar/2022:10:03:11 -0300] "POST /cormun/servlet/solicitudotadjuntos?bad7778b9885d65a1bb8885b5803bcc8,INS,2022,18139,,1,,gx-no-cache=1647261072348 HTTP/1.1" 200 3900
190.171.142.50 - - [14/Mar/2022:10:03:11 -0300] "GET /cormun/static/about:blank HTTP/1.1" 404 1011
190.171.142.50 - - [14/Mar/2022:10:03:13 -0300] "POST /cormun/servlet/solicitudotadjuntos?gx-no-cache=1647261074641 HTTP/1.1" 200 26
181.212.42.153 - - [14/Mar/2022:10:03:21 -0300] "GET /cormun/servlet/prbanco?,MD,,gxPopupLevel%3D0%3B HTTP/1.1" 200 6522
181.212.42.153 - - [14/Mar/2022:10:03:24 -0300] "GET /cormun/servlet/solicitudot?5a60f940536ae6112d227cb2e5c8f7863c987b16601418b1611e96c3afae73e87f780767fb3004aa12ebddbf42915547faa5370d7d850839043bc4c426b86817,gx-no-cache=1647262597895 HTTP/1.1" 200 30
190.171.142.50 - - [14/Mar/2022:10:03:24 -0300] "GET /cormun/servlet/solicitudotadjuntos?1dba29b9dee03da9361fe0f119a1560d25a80b6863e2df1fd12372c011336a17,gx-no-cache=1647261085402 HTTP/1.1" 200 30
190.171.142.50 - - [14/Mar/2022:10:03:24 -0300] "GET /cormun/servlet/solicitudotadjuntos?1dba29b9dee03da9361fe0f119a1560d25a80b6863e2df1fd12372c011336a17,gx-no-cache=1647261085414 HTTP/1.1" 200 30
190.171.142.50 - - [14/Mar/2022:10:03:24 -0300] "POST /cormun/servlet/solicitudotadjuntos?bad7778b9885d65a1bb8885b5803bcc8,INS,2022,18139,,1, HTTP/1.1" 200 116
190.171.142.50 - - [14/Mar/2022:10:03:24 -0300] "GET /cormun/servlet/hpexe_return? HTTP/1.1" 200 1024
190.171.142.50 - - [14/Mar/2022:10:03:24 -0300] "GET /cormun/servlet/trsolicitudadjuntos?2022,18139, HTTP/1.1" 200 9216
181.212.42.153 - - [14/Mar/2022:10:03:24 -0300] "GET /cormun/servlet/solicitudot?5a60f940536ae6112d227cb2e5c8f7868d9b04421084d77a7854efb1989dd899,gx-no-cache=1647262598781 HTTP/1.1" 200 45
190.171.142.50 - - [14/Mar/2022:10:03:24 -0300] "GET /cormun/servlet/trsolicitudadjuntos?2022,18139, HTTP/1.1" 200 9219
181.212.42.153 - - [14/Mar/2022:10:03:26 -0300] "GET /cormun/servlet/prbanco?,MD,,gxPopupLevel%3D0%3B HTTP/1.1" 200 6522
190.171.142.50 - - [14/Mar/2022:10:03:27 -0300] "GET /cormun/servlet/solicitudotadjuntos?INS,2022,18139,,1, HTTP/1.1" 200 5994
190.171.142.50 - - [14/Mar/2022:10:03:27 -0300] "GET /cormun/static/about:blank HTTP/1.1" 404 1011
190.171.142.50 - - [14/Mar/2022:10:03:27 -0300] "GET /cormun/servlet/solicitudotadjuntos?INS,2022,18139,,1, HTTP/1.1" 200 5987
190.171.142.50 - - [14/Mar/2022:10:03:28 -0300] "GET /cormun/servlet/solicitudotadjuntos?1dba29b9dee03da9361fe0f119a1560d06ab06a039b672682660e22a97cdad3ba2de26900fe876b1240bae528f00c511,gx-no-cache=1647261089407 HTTP/1.1" 200 30
190.171.142.50 - - [14/Mar/2022:10:03:28 -0300] "POST /cormun/servlet/solicitudotadjuntos?bad7778b9885d65a1bb8885b5803bcc8,INS,2022,18139,,1,,gx-no-cache=1647261089427 HTTP/1.1" 200 3900
181.212.42.153 - - [14/Mar/2022:10:03:28 -0300] "GET /cormun/servlet/solicitudot?5a60f940536ae6112d227cb2e5c8f786941158fdcfea9721ec8b79faa89a1197b16babb991aa4a19a4a17e0fd458ff370c797a8f6afac3eb705d948cdbf66e8c,gx-no-cache=1647262602709 HTTP/1.1" 200 53
201.186.225.189 - - [14/Mar/2022:10:03:30 -0300] "POST /cormun/servlet/solicitudot?gx-no-cache=1647262266459 HTTP/1.1" 200 30
201.186.225.189 - - [14/Mar/2022:10:03:31 -0300] "POST /cormun/servlet/solicitudot?f8e76eae27109a21b5e5d4e42cbf77e5,INS,0,0,false,,gx-no-cache=1647262266556 HTTP/1.1" 200 93
201.186.225.189 - - [14/Mar/2022:10:03:32 -0300] "GET /cormun/servlet/hpexe_return? HTTP/1.1" 200 1012
201.186.225.189 - - [14/Mar/2022:10:03:32 -0300] "GET /cormun/servlet/trsolicitudot HTTP/1.1" 200 9864
201.186.225.189 - - [14/Mar/2022:10:03:32 -0300] "GET /cormun/servlet/trsolicitudot HTTP/1.1" 200 9859
190.171.142.50 - - [14/Mar/2022:10:03:33 -0300] "POST /cormun/servlet/solicitudotadjuntos?gx-no-cache=1647261094458 HTTP/1.1" 200 26
181.212.42.153 - - [14/Mar/2022:10:03:36 -0300] "POST /cormun/servlet/solicitudot?gx-no-cache=1647262610470 HTTP/1.1" 200 255
181.212.42.153 - - [14/Mar/2022:10:03:37 -0300] "GET /cormun/servlet/solicitudot?5a60f940536ae6112d227cb2e5c8f78644bbc9793257174ffaf40e12068b7aa53dda11af6c1948bcb43d0df97533aadac324a57a12acfe28764dfe7ef0b94748a740dad7c33874e65e5f4d5eadcdcd0196b3809a97fd03d8dfb4dd98be2f5ecf221f926b4d805fc632aaf5aec8556435d5a7de671d356f03dc96fae3312c4ed40b5d77500f12ad55da35b1b916be8f39e7b381bd9cc08e54fc9c96101cf4fc94f50740c1f9d6f1a64cac4445c24d2767fb1f9e864e1588c5bd80634f24e6c9ae9ac0621334e4d4966014a94ffbc41ff828b2411fe06267800632053051d9791bb94d795813639bc0148a97d0452ff96443b6000e31bd787dd30400bc5230753293ebae0206c4add49f4643f7e56e6f3188e7caa95f6c19894d893eb8b02d49518be59055fe0a87cf375f94a845cb1ffb26123700616a12cc304171f0ba47c23074ed5bbda128cb5dc56073440f30043d112839e17eb21155615d36d72b1c69bb13ef211bb6f3432f35f6f3ef083d699daf650b029946e3e5fe4ec3ec73ced0e0,gx-no-cache=1647262611816 HTTP/1.1" 200 30
190.171.142.50 - - [14/Mar/2022:10:03:39 -0300] "GET /cormun/servlet/solicitudotadjuntos?1dba29b9dee03da9361fe0f119a1560d25a80b6863e2df1fd12372c011336a17,gx-no-cache=1647261100562 HTTP/1.1" 200 30
190.171.142.50 - - [14/Mar/2022:10:03:39 -0300] "GET /cormun/servlet/solicitudotadjuntos?1dba29b9dee03da9361fe0f119a1560d25a80b6863e2df1fd12372c011336a17,gx-no-cache=1647261100672 HTTP/1.1" 200 30
181.212.42.153 - - [14/Mar/2022:10:03:39 -0300] "POST /cormun/servlet/solicitudot?gx-no-cache=1647262613710 HTTP/1.1" 200 30
190.171.142.50 - - [14/Mar/2022:10:03:40 -0300] "POST /cormun/servlet/solicitudotadjuntos?bad7778b9885d65a1bb8885b5803bcc8,INS,2022,18139,,1, HTTP/1.1" 200 116
190.171.142.50 - - [14/Mar/2022:10:03:40 -0300] "GET /cormun/servlet/hpexe_return? HTTP/1.1" 200 1024
190.171.142.50 - - [14/Mar/2022:10:03:41 -0300] "GET /cormun/servlet/trsolicitudadjuntos?2022,18139, HTTP/1.1" 200 9472
190.171.142.50 - - [14/Mar/2022:10:03:41 -0300] "GET /cormun/servlet/trsolicitudadjuntos?2022,18139, HTTP/1.1" 200 9473
181.212.42.153 - - [14/Mar/2022:10:03:41 -0300] "POST /cormun/servlet/solicitudot?gx-no-cache=1647262615496 HTTP/1.1" 200 1452
181.212.42.153 - - [14/Mar/2022:10:03:41 -0300] "POST /cormun/servlet/solicitudot?gx-no-cache=1647262615524 HTTP/1.1" 200 38
190.171.142.50 - - [14/Mar/2022:10:03:44 -0300] "GET /cormun/servlet/solicitudotadjuntos?INS,2022,18139,,1, HTTP/1.1" 200 5994
190.171.142.50 - - [14/Mar/2022:10:03:44 -0300] "GET /cormun/static/about:blank HTTP/1.1" 404 1011
190.171.142.50 - - [14/Mar/2022:10:03:44 -0300] "GET /cormun/servlet/solicitudotadjuntos?INS,2022,18139,,1, HTTP/1.1" 200 5987
190.171.142.50 - - [14/Mar/2022:10:03:44 -0300] "GET /cormun/servlet/solicitudotadjuntos?1dba29b9dee03da9361fe0f119a1560d06ab06a039b672682660e22a97cdad3ba2de26900fe876b1240bae528f00c511,gx-no-cache=1647261105958 HTTP/1.1" 200 30
190.171.142.50 - - [14/Mar/2022:10:03:44 -0300] "POST /cormun/servlet/solicitudotadjuntos?bad7778b9885d65a1bb8885b5803bcc8,INS,2022,18139,,1,,gx-no-cache=1647261105979 HTTP/1.1" 200 3900
190.171.142.50 - - [14/Mar/2022:10:03:47 -0300] "POST /cormun/servlet/solicitudotadjuntos?gx-no-cache=1647261108546 HTTP/1.1" 200 26
190.171.144.234 - - [14/Mar/2022:10:03:54 -0300] "GET /cormun/servlet/solicitudotadjuntos?0adc27b272af31c979d104193e5be88eb55d7d5db59e1548f6abce847dac6ea6,gx-no-cache=1647262290249 HTTP/1.1" 200 30
190.171.144.234 - - [14/Mar/2022:10:03:54 -0300] "GET /cormun/servlet/solicitudotadjuntos?0adc27b272af31c979d104193e5be88eb55d7d5db59e1548f6abce847dac6ea6,gx-no-cache=1647262290337 HTTP/1.1" 200 30
190.171.144.234 - - [14/Mar/2022:10:03:54 -0300] "POST /cormun/servlet/solicitudotadjuntos?4585f58f6b4eb4c5ce53297e0d4251d8,INS,2022,18138,,1, HTTP/1.1" 200 116
190.171.144.234 - - [14/Mar/2022:10:03:54 -0300] "GET /cormun/servlet/hpexe_return? HTTP/1.1" 200 1035
190.171.144.234 - - [14/Mar/2022:10:03:55 -0300] "GET /cormun/servlet/trsolicitudadjuntos?2022,18138, HTTP/1.1" 200 9805
190.171.144.234 - - [14/Mar/2022:10:03:56 -0300] "GET /cormun/servlet/trsolicitudadjuntos?2022,18138, HTTP/1.1" 200 9803
190.171.142.50 - - [14/Mar/2022:10:03:58 -0300] "GET /cormun/servlet/solicitudotadjuntos?1dba29b9dee03da9361fe0f119a1560d25a80b6863e2df1fd12372c011336a17,gx-no-cache=1647261119922 HTTP/1.1" 200 30
190.171.142.50 - - [14/Mar/2022:10:03:58 -0300] "GET /cormun/servlet/solicitudotadjuntos?1dba29b9dee03da9361fe0f119a1560d25a80b6863e2df1fd12372c011336a17,gx-no-cache=1647261119935 HTTP/1.1" 200 30
190.171.142.50 - - [14/Mar/2022:10:03:59 -0300] "POST /cormun/servlet/solicitudotadjuntos?bad7778b9885d65a1bb8885b5803bcc8,INS,2022,18139,,1, HTTP/1.1" 200 116
190.171.142.50 - - [14/Mar/2022:10:03:59 -0300] "GET /cormun/servlet/hpexe_return? HTTP/1.1" 200 1024
190.171.142.50 - - [14/Mar/2022:10:03:59 -0300] "GET /cormun/servlet/trsolicitudadjuntos?2022,18139, HTTP/1.1" 200 9751
190.171.142.50 - - [14/Mar/2022:10:04:00 -0300] "GET /cormun/servlet/trsolicitudadjuntos?2022,18139, HTTP/1.1" 200 9748
190.171.144.234 - - [14/Mar/2022:10:04:02 -0300] "GET /cormun/servlet/solicitudotadjuntos?INS,2022,18138,,1, HTTP/1.1" 200 6046
190.171.144.234 - - [14/Mar/2022:10:04:02 -0300] "GET /cormun/static/about:blank HTTP/1.1" 404 1011
190.171.144.234 - - [14/Mar/2022:10:04:02 -0300] "GET /cormun/servlet/solicitudotadjuntos?INS,2022,18138,,1, HTTP/1.1" 200 6039
190.171.144.234 - - [14/Mar/2022:10:04:03 -0300] "GET /cormun/servlet/solicitudotadjuntos?0adc27b272af31c979d104193e5be88edd58d871b486c125b9776fe47c36e7129c03918b7a6cdc8f3ff56e5cbe9188c3,gx-no-cache=1647262299454 HTTP/1.1" 200 30
190.171.144.234 - - [14/Mar/2022:10:04:03 -0300] "POST /cormun/servlet/solicitudotadjuntos?4585f58f6b4eb4c5ce53297e0d4251d8,INS,2022,18138,,1,,gx-no-cache=1647262299477 HTTP/1.1" 200 3906
190.171.142.50 - - [14/Mar/2022:10:04:03 -0300] "GET /cormun/servlet/solicitudotadjuntos?INS,2022,18139,,1, HTTP/1.1" 200 5994
190.171.142.50 - - [14/Mar/2022:10:04:03 -0300] "GET /cormun/static/about:blank HTTP/1.1" 404 1011
190.171.142.50 - - [14/Mar/2022:10:04:03 -0300] "GET /cormun/servlet/solicitudotadjuntos?INS,2022,18139,,1, HTTP/1.1" 200 5987
190.171.142.50 - - [14/Mar/2022:10:04:04 -0300] "GET /cormun/servlet/solicitudotadjuntos?1dba29b9dee03da9361fe0f119a1560d06ab06a039b672682660e22a97cdad3ba2de26900fe876b1240bae528f00c511,gx-no-cache=1647261125330 HTTP/1.1" 200 30
190.171.142.50 - - [14/Mar/2022:10:04:04 -0300] "POST /cormun/servlet/solicitudotadjuntos?bad7778b9885d65a1bb8885b5803bcc8,INS,2022,18139,,1,,gx-no-cache=1647261125351 HTTP/1.1" 200 3900
190.171.142.50 - - [14/Mar/2022:10:04:07 -0300] "POST /cormun/servlet/solicitudotadjuntos?gx-no-cache=1647261128915 HTTP/1.1" 200 26
190.171.144.234 - - [14/Mar/2022:10:04:07 -0300] "POST /cormun/servlet/solicitudotadjuntos?gx-no-cache=1647262304210 HTTP/1.1" 200 26
190.171.142.50 - - [14/Mar/2022:10:04:16 -0300] "GET /cormun/servlet/solicitudotadjuntos?1dba29b9dee03da9361fe0f119a1560d25a80b6863e2df1fd12372c011336a17,gx-no-cache=1647261137275 HTTP/1.1" 200 30
190.171.142.50 - - [14/Mar/2022:10:04:16 -0300] "GET /cormun/servlet/solicitudotadjuntos?1dba29b9dee03da9361fe0f119a1560d25a80b6863e2df1fd12372c011336a17,gx-no-cache=1647261137288 HTTP/1.1" 200 30
190.171.142.50 - - [14/Mar/2022:10:04:16 -0300] "POST /cormun/servlet/solicitudotadjuntos?bad7778b9885d65a1bb8885b5803bcc8,INS,2022,18139,,1, HTTP/1.1" 200 116
190.171.142.50 - - [14/Mar/2022:10:04:16 -0300] "GET /cormun/servlet/hpexe_return? HTTP/1.1" 200 1024
190.171.142.50 - - [14/Mar/2022:10:04:16 -0300] "GET /cormun/servlet/trsolicitudadjuntos?2022,18139, HTTP/1.1" 200 9908
190.171.142.50 - - [14/Mar/2022:10:04:17 -0300] "GET /cormun/servlet/trsolicitudadjuntos?2022,18139, HTTP/1.1" 200 9904
190.171.141.122 - - [14/Mar/2022:10:04:19 -0300] "GET /cormun/servlet/trsolicitudot? HTTP/1.1" 200 15852
190.171.141.122 - - [14/Mar/2022:10:04:19 -0300] "GET /cormun/servlet/trsolicitudot? HTTP/1.1" 200 15849
190.171.144.234 - - [14/Mar/2022:10:04:20 -0300] "GET /cormun/servlet/solicitudotadjuntos?0adc27b272af31c979d104193e5be88eb55d7d5db59e1548f6abce847dac6ea6,gx-no-cache=1647262316524 HTTP/1.1" 200 30
190.171.144.234 - - [14/Mar/2022:10:04:20 -0300] "GET /cormun/servlet/solicitudotadjuntos?0adc27b272af31c979d104193e5be88eb55d7d5db59e1548f6abce847dac6ea6,gx-no-cache=1647262316546 HTTP/1.1" 200 30
190.171.144.234 - - [14/Mar/2022:10:04:20 -0300] "POST /cormun/servlet/solicitudotadjuntos?4585f58f6b4eb4c5ce53297e0d4251d8,INS,2022,18138,,1, HTTP/1.1" 200 116
190.171.144.234 - - [14/Mar/2022:10:04:20 -0300] "GET /cormun/servlet/hpexe_return? HTTP/1.1" 200 1035
190.171.144.234 - - [14/Mar/2022:10:04:21 -0300] "GET /cormun/servlet/trsolicitudadjuntos?2022,18138, HTTP/1.1" 200 9962
190.171.144.234 - - [14/Mar/2022:10:04:22 -0300] "GET /cormun/servlet/trsolicitudadjuntos?2022,18138, HTTP/1.1" 200 9962
181.212.42.153 - - [14/Mar/2022:10:04:38 -0300] "GET /cormun/servlet/solicitudot?5a60f940536ae6112d227cb2e5c8f7869740626c2f5e272f58a2ac86a306776679e047cb4ad3573a671a3171d0aa6396c916a62d4086c62b17b67a5840eb596f0c70ebeffe007812c731f44797bf3e40890ddc88321df38870a3593b389e52e9a02f2b4d21811727cc29b09b55a46f32,gx-no-cache=1647262672724 HTTP/1.1" 200 110
181.212.42.153 - - [14/Mar/2022:10:04:42 -0300] "POST /cormun/servlet/solicitudot?gx-no-cache=1647262676668 HTTP/1.1" 200 59
181.212.42.153 - - [14/Mar/2022:10:04:47 -0300] "GET /cormun/servlet/solicitudot?5a60f940536ae6112d227cb2e5c8f786a6b8e8bf186a5736d6e533f3c118501c6757d8235b6ffe3aacb380817d27e50c2075c13ffb7c446813d9cdfbbb67b738906b09039345b222e67eb46af393b263ac91bf22df99a8373d6d8327db3d6febd37c44f71b4cf33539cdba4cea875a33,gx-no-cache=1647262681782 HTTP/1.1" 200 29
181.212.42.153 - - [14/Mar/2022:10:04:48 -0300] "GET /cormun/static/menuarrow.gif HTTP/1.1" 404 1015
181.212.42.153 - - [14/Mar/2022:10:04:50 -0300] "GET /cormun/servlet/solicitudot?5a60f940536ae6112d227cb2e5c8f786da8259a8e0b37d4d9db3672777a32893cb69eb96e783e0c3fc03b8792f90b4a5,gx-no-cache=1647262684560 HTTP/1.1" 200 30
190.171.144.234 - - [14/Mar/2022:10:04:51 -0300] "GET /cormun/servlet/trsolicitudot? HTTP/1.1" 200 8643
190.171.144.234 - - [14/Mar/2022:10:04:51 -0300] "GET /cormun/servlet/trsolicitudot? HTTP/1.1" 200 8635
181.212.42.153 - - [14/Mar/2022:10:04:55 -0300] "POST /cormun/servlet/solicitudot?gx-no-cache=1647262689083 HTTP/1.1" 200 30
190.171.144.234 - - [14/Mar/2022:10:04:58 -0300] "POST /cormun/servlet/trsolicitudot?4585f58f6b4eb4c5ce53297e0d4251d8,,gx-no-cache=1647262354134 HTTP/1.1" 200 4590
190.171.144.234 - - [14/Mar/2022:10:04:58 -0300] "GET /cormun/static/Shared/jqueryui/images/ui-bg_highlight-soft_100_c6c2c8_1x100.png HTTP/1.1" 404 1117
190.171.144.234 - - [14/Mar/2022:10:04:58 -0300] "GET /cormun/static/Shared/jqueryui/images/ui-icons_82798d_256x240.png HTTP/1.1" 404 1089
190.171.144.234 - - [14/Mar/2022:10:04:58 -0300] "GET /cormun/static/Shared/jqueryui/images/ui-bg_flat_55_fafafa_40x100.png HTTP/1.1" 404 1097
190.171.144.234 - - [14/Mar/2022:10:04:58 -0300] "GET /cormun/static/Shared/jqueryui/images/ui-icons_8d78a5_256x240.png HTTP/1.1" 404 1089
190.171.144.234 - - [14/Mar/2022:10:04:58 -0300] "POST /cormun/servlet/trsolicitudot?4585f58f6b4eb4c5ce53297e0d4251d8,,gx-no-cache=1647262354329 HTTP/1.1" 200 4354
181.212.42.153 - - [14/Mar/2022:10:05:03 -0300] "POST /cormun/servlet/solicitudot?gx-no-cache=1647262697674 HTTP/1.1" 200 30
190.171.144.234 - - [14/Mar/2022:10:05:11 -0300] "GET /cormun/servlet/hlogin HTTP/1.1" 200 1734
190.171.144.234 - - [14/Mar/2022:10:05:16 -0300] "POST /cormun/servlet/hlogin?4585f58f6b4eb4c5ce53297e0d4251d8,gx-no-cache=1647262372874 HTTP/1.1" 200 90
190.171.144.234 - - [14/Mar/2022:10:05:16 -0300] "GET /cormun/servlet/hpexe_link HTTP/1.1" 200 966
190.171.144.234 - - [14/Mar/2022:10:05:17 -0300] "GET /cormun/servlet/trsolicitudot? HTTP/1.1" 200 7217
190.171.144.234 - - [14/Mar/2022:10:05:17 -0300] "GET /cormun/servlet/trsolicitudot? HTTP/1.1" 200 7215
190.171.144.234 - - [14/Mar/2022:10:05:31 -0300] "GET /cormun/servlet/hlogin HTTP/1.1" 200 1734
181.212.42.153 - - [14/Mar/2022:10:05:31 -0300] "POST /cormun/servlet/solicitudot?e873adf88a3930433f32e0f7fb6f0d62,INS,0,0,false,,gx-no-cache=1647262725052 HTTP/1.1" 200 93
181.212.42.153 - - [14/Mar/2022:10:05:31 -0300] "GET /cormun/servlet/hpexe_return? HTTP/1.1" 200 1008
181.212.42.153 - - [14/Mar/2022:10:05:31 -0300] "GET /cormun/servlet/trsolicitudot HTTP/1.1" 200 15847
181.212.42.153 - - [14/Mar/2022:10:05:32 -0300] "GET /cormun/servlet/trsolicitudot HTTP/1.1" 200 15842
181.212.42.153 - - [14/Mar/2022:10:05:34 -0300] "POST /cormun/servlet/trsolicitudot?e873adf88a3930433f32e0f7fb6f0d62,gx-no-cache=1647262728427 HTTP/1.1" 200 107
181.212.42.153 - - [14/Mar/2022:10:05:34 -0300] "GET /cormun/servlet/trsolicitudadjuntos?2022,18141, HTTP/1.1" 200 6066
181.212.42.153 - - [14/Mar/2022:10:05:34 -0300] "GET /cormun/servlet/trsolicitudadjuntos?2022,18141, HTTP/1.1" 200 6066
181.212.42.153 - - [14/Mar/2022:10:05:36 -0300] "GET /cormun/servlet/solicitudotadjuntos?INS,2022,18141,,1, HTTP/1.1" 200 6010
181.212.42.153 - - [14/Mar/2022:10:05:36 -0300] "GET /cormun/static/about:blank HTTP/1.1" 404 1011
181.212.42.153 - - [14/Mar/2022:10:05:36 -0300] "GET /cormun/servlet/solicitudotadjuntos?INS,2022,18141,,1, HTTP/1.1" 200 6003
181.212.42.153 - - [14/Mar/2022:10:05:37 -0300] "GET /cormun/servlet/solicitudotadjuntos?5a60f940536ae6112d227cb2e5c8f786b68a981140e8a63c75aa241dbe19e31a47ba2fa640f754482f7d7c9c0d918959,gx-no-cache=1647262731140 HTTP/1.1" 200 30
181.212.42.153 - - [14/Mar/2022:10:05:37 -0300] "POST /cormun/servlet/solicitudotadjuntos?e873adf88a3930433f32e0f7fb6f0d62,INS,2022,18141,,1,,gx-no-cache=1647262731219 HTTP/1.1" 200 3895
181.212.42.153 - - [14/Mar/2022:10:05:39 -0300] "POST /cormun/servlet/solicitudotadjuntos?gx-no-cache=1647262733114 HTTP/1.1" 200 26
190.171.144.234 - - [14/Mar/2022:10:05:41 -0300] "POST /cormun/servlet/hlogin?4585f58f6b4eb4c5ce53297e0d4251d8,gx-no-cache=1647262397600 HTTP/1.1" 200 432
190.171.144.234 - - [14/Mar/2022:10:05:47 -0300] "POST /cormun/servlet/hlogin?4585f58f6b4eb4c5ce53297e0d4251d8,gx-no-cache=1647262403872 HTTP/1.1" 200 90
190.171.144.234 - - [14/Mar/2022:10:05:47 -0300] "GET /cormun/servlet/hpexe_link HTTP/1.1" 200 959
190.171.144.234 - - [14/Mar/2022:10:05:47 -0300] "GET /cormun/servlet/hhome HTTP/1.1" 200 4118
181.212.42.153 - - [14/Mar/2022:10:05:48 -0300] "GET /cormun/servlet/solicitudotadjuntos?5a60f940536ae6112d227cb2e5c8f786a88975a48b1dce05e9a15f6f54bc195b,gx-no-cache=1647262742079 HTTP/1.1" 200 30
181.212.42.153 - - [14/Mar/2022:10:05:48 -0300] "GET /cormun/servlet/solicitudotadjuntos?5a60f940536ae6112d227cb2e5c8f786a88975a48b1dce05e9a15f6f54bc195b,gx-no-cache=1647262742091 HTTP/1.1" 200 30
181.212.42.153 - - [14/Mar/2022:10:05:48 -0300] "POST /cormun/servlet/solicitudotadjuntos?e873adf88a3930433f32e0f7fb6f0d62,INS,2022,18141,,1, HTTP/1.1" 200 116
190.171.144.234 - - [14/Mar/2022:10:05:48 -0300] "GET /cormun/servlet/hhome HTTP/1.1" 200 4114
181.212.42.153 - - [14/Mar/2022:10:05:48 -0300] "GET /cormun/servlet/hpexe_return? HTTP/1.1" 200 1026
181.212.42.153 - - [14/Mar/2022:10:05:48 -0300] "GET /cormun/servlet/trsolicitudadjuntos?2022,18141, HTTP/1.1" 200 8840
181.212.42.153 - - [14/Mar/2022:10:05:48 -0300] "GET /cormun/servlet/trsolicitudadjuntos?2022,18141, HTTP/1.1" 200 8835
181.212.42.153 - - [14/Mar/2022:10:05:50 -0300] "GET /cormun/servlet/solicitudotadjuntos?INS,2022,18141,,1, HTTP/1.1" 200 6010
181.212.42.153 - - [14/Mar/2022:10:05:50 -0300] "GET /cormun/static/about:blank HTTP/1.1" 404 1011
181.212.42.153 - - [14/Mar/2022:10:05:50 -0300] "GET /cormun/servlet/solicitudotadjuntos?INS,2022,18141,,1, HTTP/1.1" 200 6003
181.212.42.153 - - [14/Mar/2022:10:05:51 -0300] "GET /cormun/servlet/solicitudotadjuntos?5a60f940536ae6112d227cb2e5c8f786b68a981140e8a63c75aa241dbe19e31a47ba2fa640f754482f7d7c9c0d918959,gx-no-cache=1647262745121 HTTP/1.1" 200 30
181.212.42.153 - - [14/Mar/2022:10:05:51 -0300] "POST /cormun/servlet/solicitudotadjuntos?e873adf88a3930433f32e0f7fb6f0d62,INS,2022,18141,,1,,gx-no-cache=1647262745144 HTTP/1.1" 200 3895
181.212.42.153 - - [14/Mar/2022:10:05:52 -0300] "POST /cormun/servlet/solicitudotadjuntos?gx-no-cache=1647262746818 HTTP/1.1" 200 26
181.212.42.153 - - [14/Mar/2022:10:05:58 -0300] "GET /cormun/servlet/solicitudotadjuntos?5a60f940536ae6112d227cb2e5c8f786a88975a48b1dce05e9a15f6f54bc195b,gx-no-cache=1647262752642 HTTP/1.1" 200 30
181.212.42.153 - - [14/Mar/2022:10:05:58 -0300] "GET /cormun/servlet/solicitudotadjuntos?5a60f940536ae6112d227cb2e5c8f786a88975a48b1dce05e9a15f6f54bc195b,gx-no-cache=1647262752708 HTTP/1.1" 200 30
181.212.42.153 - - [14/Mar/2022:10:05:59 -0300] "POST /cormun/servlet/solicitudotadjuntos?e873adf88a3930433f32e0f7fb6f0d62,INS,2022,18141,,1, HTTP/1.1" 200 116
181.212.42.153 - - [14/Mar/2022:10:05:59 -0300] "GET /cormun/servlet/hpexe_return? HTTP/1.1" 200 1026
181.212.42.153 - - [14/Mar/2022:10:05:59 -0300] "GET /cormun/servlet/trsolicitudadjuntos?2022,18141, HTTP/1.1" 200 9071
181.212.42.153 - - [14/Mar/2022:10:05:59 -0300] "GET /cormun/servlet/trsolicitudadjuntos?2022,18141, HTTP/1.1" 200 9071
181.212.42.153 - - [14/Mar/2022:10:06:01 -0300] "GET /cormun/servlet/solicitudotadjuntos?INS,2022,18141,,1, HTTP/1.1" 200 6010
181.212.42.153 - - [14/Mar/2022:10:06:01 -0300] "GET /cormun/static/about:blank HTTP/1.1" 404 1011
181.212.42.153 - - [14/Mar/2022:10:06:01 -0300] "GET /cormun/servlet/solicitudotadjuntos?INS,2022,18141,,1, HTTP/1.1" 200 6003
181.212.42.153 - - [14/Mar/2022:10:06:02 -0300] "GET /cormun/servlet/solicitudotadjuntos?5a60f940536ae6112d227cb2e5c8f786b68a981140e8a63c75aa241dbe19e31a47ba2fa640f754482f7d7c9c0d918959,gx-no-cache=1647262756141 HTTP/1.1" 200 30
181.212.42.153 - - [14/Mar/2022:10:06:02 -0300] "POST /cormun/servlet/solicitudotadjuntos?e873adf88a3930433f32e0f7fb6f0d62,INS,2022,18141,,1,,gx-no-cache=1647262756169 HTTP/1.1" 200 3895
181.212.42.153 - - [14/Mar/2022:10:06:03 -0300] "POST /cormun/servlet/solicitudotadjuntos?gx-no-cache=1647262757698 HTTP/1.1" 200 26
181.212.42.153 - - [14/Mar/2022:10:06:11 -0300] "GET /cormun/servlet/solicitudotadjuntos?5a60f940536ae6112d227cb2e5c8f786a88975a48b1dce05e9a15f6f54bc195b,gx-no-cache=1647262764990 HTTP/1.1" 200 30
181.212.42.153 - - [14/Mar/2022:10:06:11 -0300] "GET /cormun/servlet/solicitudotadjuntos?5a60f940536ae6112d227cb2e5c8f786a88975a48b1dce05e9a15f6f54bc195b,gx-no-cache=1647262765003 HTTP/1.1" 200 30
181.212.42.153 - - [14/Mar/2022:10:06:11 -0300] "POST /cormun/servlet/solicitudotadjuntos?e873adf88a3930433f32e0f7fb6f0d62,INS,2022,18141,,1, HTTP/1.1" 200 116
181.212.42.153 - - [14/Mar/2022:10:06:11 -0300] "GET /cormun/servlet/hpexe_return? HTTP/1.1" 200 1026
181.212.42.153 - - [14/Mar/2022:10:06:11 -0300] "GET /cormun/servlet/trsolicitudadjuntos?2022,18141, HTTP/1.1" 200 9249
181.212.42.153 - - [14/Mar/2022:10:06:11 -0300] "GET /cormun/servlet/trsolicitudadjuntos?2022,18141, HTTP/1.1" 200 9253
181.212.42.153 - - [14/Mar/2022:10:06:13 -0300] "GET /cormun/servlet/solicitudotadjuntos?INS,2022,18141,,1, HTTP/1.1" 200 6009
181.212.42.153 - - [14/Mar/2022:10:06:13 -0300] "GET /cormun/static/about:blank HTTP/1.1" 404 1011
181.212.42.153 - - [14/Mar/2022:10:06:13 -0300] "GET /cormun/servlet/solicitudotadjuntos?INS,2022,18141,,1, HTTP/1.1" 200 6003
181.212.42.153 - - [14/Mar/2022:10:06:14 -0300] "GET /cormun/servlet/solicitudotadjuntos?5a60f940536ae6112d227cb2e5c8f786b68a981140e8a63c75aa241dbe19e31a47ba2fa640f754482f7d7c9c0d918959,gx-no-cache=1647262768091 HTTP/1.1" 200 30
181.212.42.153 - - [14/Mar/2022:10:06:14 -0300] "POST /cormun/servlet/solicitudotadjuntos?e873adf88a3930433f32e0f7fb6f0d62,INS,2022,18141,,1,,gx-no-cache=1647262768113 HTTP/1.1" 200 3894
