201.186.225.189 - - [14/Mar/2022:14:02:13 -0300] "GET /cormun/servlet/solicitudot?UPD,2022,18140,false, HTTP/1.1" 200 16764
201.186.225.189 - - [14/Mar/2022:14:02:14 -0300] "GET /cormun/servlet/solicitudot?UPD,2022,18140,false, HTTP/1.1" 200 16774
201.186.225.189 - - [14/Mar/2022:14:02:14 -0300] "POST /cormun/servlet/solicitudot?gx-no-cache=1647276590055 HTTP/1.1" 200 3925
201.186.225.189 - - [14/Mar/2022:14:02:15 -0300] "POST /cormun/servlet/solicitudot?a03dcc6f7c8ae356b4576ca957cace8c,UPD,2022,18140,false,,gx-no-cache=1647276590442 HTTP/1.1" 200 12873
201.186.225.189 - - [14/Mar/2022:14:02:15 -0300] "GET /cormun/servlet/solicitudot?6271dba7c4f4d15e65b3e77808ea6e72f627858fd26f5cf136270ea83dbc84060a063c3c2d5e91e86ae0dfcd30783fce,gx-no-cache=1647276590738 HTTP/1.1" 200 30
201.186.225.189 - - [14/Mar/2022:14:02:15 -0300] "GET /cormun/servlet/solicitudot?6271dba7c4f4d15e65b3e77808ea6e72623890ad061d82b1be54cb029e979d228add7355b6b704ed775f3af7af0fa42346748125cf43b3219a343e7c5a9a94ce,gx-no-cache=1647276590797 HTTP/1.1" 200 30
201.186.225.189 - - [14/Mar/2022:14:02:15 -0300] "GET /cormun/servlet/solicitudot?6271dba7c4f4d15e65b3e77808ea6e728196278993f89f581f97e767171445df8c29af8fc26c0942e057580117abb7f02e151e57aac3801717bc23e49eb738f22a92a73055cc376e9d4430804d979564ecd580bdc52df5a50709a36432a62015,gx-no-cache=1647276590834 HTTP/1.1" 200 70
201.186.225.189 - - [14/Mar/2022:14:02:15 -0300] "POST /cormun/servlet/solicitudot?gx-no-cache=1647276590875 HTTP/1.1" 200 256
201.186.225.189 - - [14/Mar/2022:14:02:15 -0300] "GET /cormun/servlet/solicitudot?6271dba7c4f4d15e65b3e77808ea6e72af5cf465c28b2f170ab46934e19c28fa8f453f2766611d57300c9b0d19ff64a1ad4c33b746a3f14dbe9e15c7b3b98f1ad78f5adbd10a349acaae471c28ed9d96808f288ba58be6b594963380dcae27b378f40fd8aff30cfa200610e82d60bd6624278b556f0030b409ad5e39bd91abe394d2f0474b818c5a83a19c92d3aff9b5be1cb14f32786d38085f828199669f61cbcbbc931d6f558886385eb07e1626f452bfe2ec2ba9affec35c0808a6692079f446df6af445697a06d095609e3eaacb270eab130863197c2b9f3cd1618a40b5889556ffefcce718bdaec893c66b6244fc3eb18d3ee3216d4a525a390bd602190b47933ea916f0eec9dc7e0eb104b9923d818f17d101cbbc4ee99373699d5f11bc695e72d3a8439addb0b0f34a151037d4873c4737434759fe5937ed495487554c7a6718b4342db839e42d51098d5bf6d35a68338002d2e5eae80c420ca2a89192321dc6e1c777cdc3f70728fed7222ea0948838f5ec0b823fb6e4c974214bf9,gx-no-cache=1647276590941 HTTP/1.1" 200 30
201.186.225.189 - - [14/Mar/2022:14:02:15 -0300] "POST /cormun/servlet/solicitudot?gx-no-cache=1647276590982 HTTP/1.1" 200 30
201.186.225.189 - - [14/Mar/2022:14:02:15 -0300] "POST /cormun/servlet/solicitudot?gx-no-cache=1647276591026 HTTP/1.1" 200 1454
201.186.225.189 - - [14/Mar/2022:14:02:15 -0300] "POST /cormun/servlet/solicitudot?gx-no-cache=1647276591078 HTTP/1.1" 200 41
201.186.225.189 - - [14/Mar/2022:14:02:17 -0300] "GET /cormun/servlet/prbanco?,MD,,gxPopupLevel%3D0%3B HTTP/1.1" 200 6651
190.171.141.122 - - [14/Mar/2022:14:02:22 -0300] "POST /cormun/servlet/solicitudot?gx-no-cache=1647276598470 HTTP/1.1" 200 1455
201.186.225.189 - - [14/Mar/2022:14:02:25 -0300] "GET /cormun/servlet/solicitudot?6271dba7c4f4d15e65b3e77808ea6e72388451650178faea0fc50b4a062f62af8c29af8fc26c0942e057580117abb7f0d8f873f7eba4045b1795fb7ded0bf443f5fb217c88d3bf4beb00cd7d1ec55c94a155f7a0954472330e81dbc3d7c6c701,gx-no-cache=1647276601184 HTTP/1.1" 200 45
190.171.141.122 - - [14/Mar/2022:14:02:28 -0300] "GET /cormun/servlet/prfichaempleado?,MD,,gxPopupLevel%3D0%3B HTTP/1.1" 200 9279
201.186.225.189 - - [14/Mar/2022:14:02:36 -0300] "POST /cormun/servlet/solicitudot?gx-no-cache=1647276611712 HTTP/1.1" 200 256
201.186.225.189 - - [14/Mar/2022:14:02:36 -0300] "GET /cormun/servlet/solicitudot?6271dba7c4f4d15e65b3e77808ea6e72af5cf465c28b2f170ab46934e19c28fa8f453f2766611d57300c9b0d19ff64a1ad4c33b746a3f14dbe9e15c7b3b98f1ad78f5adbd10a349acaae471c28ed9d96808f288ba58be6b594963380dcae27b378f40fd8aff30cfa200610e82d60bd6624278b556f0030b409ad5e39bd91abe394d2f0474b818c5a83a19c92d3aff9b5be1cb14f32786d38085f828199669f61cbcbbc931d6f558886385eb07e1626f452bfe2ec2ba9affec35c0808a6692079f446df6af445697a06d095609e3eaacb270eab130863197c2b9f3cd1618a40b5889556ffefcce718bdaec893c66b6244fc3eb18d3ee3216d4a525a390bd602190b47933ea916f0eec9dc7e0eb104b9923d818f17d101cbbc4ee99373699d5f11bc695e72d3a8439addb0b0f34a151037d4873c4737434759fe5937ed495487554c7a6718b4342db839e42d51098d5bf6d35a68338002d2e5eae80c420ca2a89192321dc6e1c777cdc3f70728fed7222ea0948838f5ec0b823fb6e4c974214bf9,gx-no-cache=1647276611753 HTTP/1.1" 200 30
201.186.225.189 - - [14/Mar/2022:14:02:36 -0300] "POST /cormun/servlet/solicitudot?gx-no-cache=1647276611800 HTTP/1.1" 200 30
201.186.225.189 - - [14/Mar/2022:14:02:36 -0300] "POST /cormun/servlet/solicitudot?gx-no-cache=1647276611829 HTTP/1.1" 200 1454
201.186.225.189 - - [14/Mar/2022:14:02:36 -0300] "POST /cormun/servlet/solicitudot?gx-no-cache=1647276611876 HTTP/1.1" 200 41
201.186.225.189 - - [14/Mar/2022:14:02:36 -0300] "GET /cormun/servlet/solicitudot?6271dba7c4f4d15e65b3e77808ea6e729bad559a66aefa14837ffc629bf8dfb6d32d86fb4d9d1cd42649b879004c8b84cc4dc76306632a160be064c255bf584c04ccbf95efe4a3c655e398eea409f3a3d7b886e7e4e619e6742fb81236e995be12fe4366c3022b6e4081509fc9213d9e,gx-no-cache=1647276611915 HTTP/1.1" 200 110
201.186.225.189 - - [14/Mar/2022:14:02:36 -0300] "POST /cormun/servlet/solicitudot?gx-no-cache=1647276611955 HTTP/1.1" 200 97
201.186.225.189 - - [14/Mar/2022:14:02:36 -0300] "GET /cormun/servlet/solicitudot?6271dba7c4f4d15e65b3e77808ea6e72f61d57813b22630c959af805cc956ac89552889ccb8e836fea9113bdddcf0402cf83be5f1396a572417f2d77b26d3c27453b0081d68ebc746a935d0ae5f21872a1b5aab7f2c3dc0444d7e0a268060677a9c2c3cd75b0f3074eb911f696e5f80e2fcf82eeff3c007674a0b7c56dc42c2fcfa5b5fe5b40f4f2d0e8c5bb38043d676b9e4096de2087023d37e0d8b7f8ef748c56e4bfde646cca64900acb1c7ce2f90f9d74af6665b360c55c27044f7b4f78c591c001f8746d7da377a00475fdcb2e,gx-no-cache=1647276612007 HTTP/1.1" 200 29
201.186.225.189 - - [14/Mar/2022:14:02:36 -0300] "GET /cormun/servlet/solicitudot?6271dba7c4f4d15e65b3e77808ea6e72da81fabfd3efe5a17871c9a71d12cb574d9400b6f1a2fa2f3de988a532643c41,gx-no-cache=1647276612045 HTTP/1.1" 200 30
201.186.225.189 - - [14/Mar/2022:14:02:36 -0300] "POST /cormun/servlet/solicitudot?gx-no-cache=1647276612071 HTTP/1.1" 200 30
201.186.225.189 - - [14/Mar/2022:14:02:37 -0300] "POST /cormun/servlet/solicitudot?a03dcc6f7c8ae356b4576ca957cace8c,UPD,2022,18140,false,,gx-no-cache=1647276612174 HTTP/1.1" 200 93
201.186.225.189 - - [14/Mar/2022:14:02:37 -0300] "GET /cormun/servlet/hpexe_return? HTTP/1.1" 200 1016
201.186.225.189 - - [14/Mar/2022:14:02:37 -0300] "GET /cormun/servlet/trsolicitudot HTTP/1.1" 200 10255
201.186.225.189 - - [14/Mar/2022:14:02:37 -0300] "GET /cormun/servlet/trsolicitudot HTTP/1.1" 200 10251
201.186.225.189 - - [14/Mar/2022:14:02:43 -0300] "POST /cormun/servlet/trsolicitudot?a03dcc6f7c8ae356b4576ca957cace8c,gx-no-cache=1647276619194 HTTP/1.1" 200 112
201.186.225.189 - - [14/Mar/2022:14:02:44 -0300] "GET /cormun/servlet/solicitudot?UPD,2022,18137,false, HTTP/1.1" 200 16807
201.186.225.189 - - [14/Mar/2022:14:02:44 -0300] "GET /cormun/servlet/solicitudot?UPD,2022,18137,false, HTTP/1.1" 200 16818
201.186.225.189 - - [14/Mar/2022:14:02:45 -0300] "POST /cormun/servlet/solicitudot?gx-no-cache=1647276620295 HTTP/1.1" 200 3952
201.186.225.189 - - [14/Mar/2022:14:02:45 -0300] "POST /cormun/servlet/solicitudot?a03dcc6f7c8ae356b4576ca957cace8c,UPD,2022,18137,false,,gx-no-cache=1647276620581 HTTP/1.1" 200 12877
201.186.225.189 - - [14/Mar/2022:14:02:45 -0300] "GET /cormun/servlet/solicitudot?6271dba7c4f4d15e65b3e77808ea6e7269ea6cedea061b8b3f209bfe05313a8c46748125cf43b3219a343e7c5a9a94ce,gx-no-cache=1647276621177 HTTP/1.1" 200 30
201.186.225.189 - - [14/Mar/2022:14:02:45 -0300] "GET /cormun/servlet/solicitudot?6271dba7c4f4d15e65b3e77808ea6e72740bf47ffb9aca8c15b78111eb0368138f96fbf3ba63e5fab1512632cb7b0b22155424a7ff42328b0a046fbc4e3e191f,gx-no-cache=1647276621247 HTTP/1.1" 200 30
201.186.225.189 - - [14/Mar/2022:14:02:45 -0300] "GET /cormun/servlet/solicitudot?6271dba7c4f4d15e65b3e77808ea6e7221e6c488363a150334e5d8aeb1713c59054de27572abb2a587dd1d33fbd814abef8f50023790d11c7833ff5473196c9236c171bb7c00799133ec5e65b8280d72,gx-no-cache=1647276621274 HTTP/1.1" 200 60
201.186.225.189 - - [14/Mar/2022:14:02:45 -0300] "POST /cormun/servlet/solicitudot?gx-no-cache=1647276621315 HTTP/1.1" 200 297
201.186.225.189 - - [14/Mar/2022:14:02:45 -0300] "GET /cormun/servlet/solicitudot?6271dba7c4f4d15e65b3e77808ea6e72af5cf465c28b2f170ab46934e19c28fab3a65662ecff681d33e73f6bd53804e6ad4c33b746a3f14dbe9e15c7b3b98f1ad78f5adbd10a349acaae471c28ed9d96808f288ba58be6b594963380dcae27b378f40fd8aff30cfa200610e82d60bd6624278b556f0030b409ad5e39bd91abe394d2f0474b818c5a83a19c92d3aff9b5be1cb14f32786d38085f828199669f61cbcbbc931d6f558886385eb07e1626f452bfe2ec2ba9affec35c0808a6692079f446df6af445697a06d095609e3eaacb270eab130863197c2b9f3cd1618a40b5889556ffefcce718bdaec893c66b6244681717506a73aa453e31b9bd1cbb3f8c0b47933ea916f0eec9dc7e0eb104b992a3dc2a3009f02e9d12c0d97643164b314368e7ade48158138662a317306c97462bc7600d319a72c6a5d9993302a221b49b39e69a44c99e7e73a397ba2f5a2425277be2edc12cce8c3afeb3c95b77f9e140a2ca408e8a9c2a76ca58865bfd0aa765fc8a853c22f3da2453d3f417925358a155c04472733201f3da37b3489ffa60,gx-no-cache=1647276621359 HTTP/1.1" 200 30
201.186.225.189 - - [14/Mar/2022:14:02:45 -0300] "POST /cormun/servlet/solicitudot?gx-no-cache=1647276621406 HTTP/1.1" 200 30
201.186.225.189 - - [14/Mar/2022:14:02:45 -0300] "POST /cormun/servlet/solicitudot?gx-no-cache=1647276621477 HTTP/1.1" 200 1454
201.186.225.189 - - [14/Mar/2022:14:02:46 -0300] "POST /cormun/servlet/solicitudot?gx-no-cache=1647276621529 HTTP/1.1" 200 41
201.186.225.189 - - [14/Mar/2022:14:02:51 -0300] "GET /cormun/servlet/solicitudot?6271dba7c4f4d15e65b3e77808ea6e729bad559a66aefa14837ffc629bf8dfb6d32d86fb4d9d1cd42649b879004c8b84cc4dc76306632a160be064c255bf584c04ccbf95efe4a3c655e398eea409f3a3d7b886e7e4e619e6742fb81236e995be12fe4366c3022b6e4081509fc9213d9e,gx-no-cache=1647276626799 HTTP/1.1" 200 110
201.186.225.189 - - [14/Mar/2022:14:02:51 -0300] "POST /cormun/servlet/solicitudot?gx-no-cache=1647276626872 HTTP/1.1" 200 96
201.186.225.189 - - [14/Mar/2022:14:02:51 -0300] "GET /cormun/servlet/solicitudot?6271dba7c4f4d15e65b3e77808ea6e72f61d57813b22630c959af805cc956ac89552889ccb8e836fea9113bdddcf0402cf83be5f1396a572417f2d77b26d3c273051508a7530658c7ee7093f135e34e956507b034ee98386a5134a014e0a3a79d52a47b8d66fcef227bc4f33dcc2c779,gx-no-cache=1647276626929 HTTP/1.1" 200 29
201.186.225.189 - - [14/Mar/2022:14:02:51 -0300] "GET /cormun/servlet/solicitudot?6271dba7c4f4d15e65b3e77808ea6e72da81fabfd3efe5a17871c9a71d12cb574d9400b6f1a2fa2f3de988a532643c41,gx-no-cache=1647276626985 HTTP/1.1" 200 30
201.186.225.189 - - [14/Mar/2022:14:02:51 -0300] "POST /cormun/servlet/solicitudot?gx-no-cache=1647276627016 HTTP/1.1" 200 30
201.186.225.189 - - [14/Mar/2022:14:02:52 -0300] "POST /cormun/servlet/solicitudot?a03dcc6f7c8ae356b4576ca957cace8c,UPD,2022,18137,false,,gx-no-cache=1647276627089 HTTP/1.1" 200 93
201.186.225.189 - - [14/Mar/2022:14:02:52 -0300] "GET /cormun/servlet/hpexe_return? HTTP/1.1" 200 1016
201.186.225.189 - - [14/Mar/2022:14:02:52 -0300] "GET /cormun/servlet/trsolicitudot HTTP/1.1" 200 10255
201.186.225.189 - - [14/Mar/2022:14:02:52 -0300] "GET /cormun/servlet/trsolicitudot HTTP/1.1" 200 10251
201.186.225.189 - - [14/Mar/2022:14:02:56 -0300] "GET /cormun/servlet/solicitudot?INS,0,0,false, HTTP/1.1" 200 16069
201.186.225.189 - - [14/Mar/2022:14:02:56 -0300] "GET /cormun/servlet/solicitudot?INS,0,0,false, HTTP/1.1" 200 16076
190.171.141.122 - - [14/Mar/2022:14:02:57 -0300] "POST /cormun/servlet/prfichaempleado?4ba956b87475c4e8244c0109041db94c,,MD,,gxPopupLevel%3D0%3B,gx-no-cache=1647276633534 HTTP/1.1" 200 3418
190.171.141.122 - - [14/Mar/2022:14:03:07 -0300] "POST /cormun/servlet/prfichaempleado?4ba956b87475c4e8244c0109041db94c,,MD,,gxPopupLevel%3D0%3B,gx-no-cache=1647276642975 HTTP/1.1" 200 3418
201.186.225.189 - - [14/Mar/2022:14:03:25 -0300] "POST /cormun/servlet/solicitudot?gx-no-cache=1647276660939 HTTP/1.1" 200 3858
201.186.225.189 - - [14/Mar/2022:14:03:26 -0300] "POST /cormun/servlet/solicitudot?a03dcc6f7c8ae356b4576ca957cace8c,INS,0,0,false,,gx-no-cache=1647276661236 HTTP/1.1" 200 12673
201.186.225.189 - - [14/Mar/2022:14:03:28 -0300] "GET /cormun/servlet/solicitudot?6271dba7c4f4d15e65b3e77808ea6e72cfb3e0f9a615ddd88876679859b5dcba86a89fcfe82fdfde3aed36fdbbca1432,gx-no-cache=1647276664265 HTTP/1.1" 200 30
186.67.172.234 - - [14/Mar/2022:14:04:32 -0300] "POST /cormun/servlet/licenciaspermisos?450a1d5d84245de894d3b593b0fc3050,DSP,11398567,L,20220311000000,,gx-no-cache=1647276727821 HTTP/1.1" 200 93
186.67.172.234 - - [14/Mar/2022:14:04:32 -0300] "GET /cormun/servlet/hpexe_return? HTTP/1.1" 200 1028
186.67.172.234 - - [14/Mar/2022:14:04:32 -0300] "GET /cormun/servlet/trlicencias HTTP/1.1" 200 10662
186.67.172.234 - - [14/Mar/2022:14:04:32 -0300] "GET /cormun/servlet/trlicencias HTTP/1.1" 200 10657
186.67.172.234 - - [14/Mar/2022:14:04:37 -0300] "GET /cormun/servlet/trsolicitudot? HTTP/1.1" 200 7589
186.67.172.234 - - [14/Mar/2022:14:04:37 -0300] "GET /cormun/servlet/trsolicitudot? HTTP/1.1" 200 7589
186.67.172.234 - - [14/Mar/2022:14:04:39 -0300] "GET /cormun/servlet/solicitudot?INS,0,0,false, HTTP/1.1" 200 16080
186.67.172.234 - - [14/Mar/2022:14:04:39 -0300] "GET /cormun/servlet/solicitudot?INS,0,0,false, HTTP/1.1" 200 16088
201.186.225.189 - - [14/Mar/2022:14:04:49 -0300] "GET /cormun/servlet/prbanco?,MD,,gxPopupLevel%3D0%3B HTTP/1.1" 200 6644
186.67.172.234 - - [14/Mar/2022:14:04:49 -0300] "POST /cormun/servlet/solicitudot?gx-no-cache=1647276745315 HTTP/1.1" 200 3850
186.67.172.234 - - [14/Mar/2022:14:04:50 -0300] "POST /cormun/servlet/solicitudot?450a1d5d84245de894d3b593b0fc3050,INS,0,0,false,,gx-no-cache=1647276745547 HTTP/1.1" 200 12664
201.186.225.189 - - [14/Mar/2022:14:04:52 -0300] "GET /cormun/servlet/solicitudot?6271dba7c4f4d15e65b3e77808ea6e7270d96f016fd758ac9f61f3245ea259dc77a961f3990d3140a0e644cfd70c965f18f177654a69f1e9d51f4b32e67dd195,gx-no-cache=1647276748376 HTTP/1.1" 200 30
201.186.225.189 - - [14/Mar/2022:14:04:54 -0300] "GET /cormun/servlet/solicitudot?6271dba7c4f4d15e65b3e77808ea6e72fbc6ce4fd062f8cf238c954d74ab4a50,gx-no-cache=1647276750089 HTTP/1.1" 200 53
186.67.172.234 - - [14/Mar/2022:14:04:56 -0300] "GET /cormun/servlet/solicitudot?8c6b95acf572d2f2fa861dc78dd1c1076258e3328c38bd0e5246692c27250fb977194b54cc3bf33d58f49cbad4e46475,gx-no-cache=1647276752454 HTTP/1.1" 200 30
201.186.225.189 - - [14/Mar/2022:14:05:32 -0300] "POST /cormun/servlet/solicitudot?gx-no-cache=1647276788361 HTTP/1.1" 200 297
201.186.225.189 - - [14/Mar/2022:14:05:32 -0300] "GET /cormun/servlet/solicitudot?6271dba7c4f4d15e65b3e77808ea6e72af5cf465c28b2f170ab46934e19c28fab3a65662ecff681d33e73f6bd53804e6ad4c33b746a3f14dbe9e15c7b3b98f1ad78f5adbd10a349acaae471c28ed9d96808f288ba58be6b594963380dcae27b378f40fd8aff30cfa200610e82d60bd6624278b556f0030b409ad5e39bd91abe394d2f0474b818c5a83a19c92d3aff9b5be1cb14f32786d38085f828199669f61cbcbbc931d6f558886385eb07e1626f452bfe2ec2ba9affec35c0808a6692079f446df6af445697a06d095609e3eaacb270eab130863197c2b9f3cd1618a40b5889556ffefcce718bdaec893c66b6244681717506a73aa453e31b9bd1cbb3f8c0b47933ea916f0eec9dc7e0eb104b992a3dc2a3009f02e9d12c0d97643164b314368e7ade48158138662a317306c97462bc7600d319a72c6a5d9993302a221b49b39e69a44c99e7e73a397ba2f5a2425277be2edc12cce8c3afeb3c95b77f9e140a2ca408e8a9c2a76ca58865bfd0aa7f030f56b405a79619d8cfd5cb6cd055ba155c04472733201f3da37b3489ffa60,gx-no-cache=1647276788404 HTTP/1.1" 200 30
201.186.225.189 - - [14/Mar/2022:14:05:32 -0300] "POST /cormun/servlet/solicitudot?gx-no-cache=1647276788437 HTTP/1.1" 200 30
201.186.225.189 - - [14/Mar/2022:14:05:32 -0300] "POST /cormun/servlet/solicitudot?gx-no-cache=1647276788465 HTTP/1.1" 200 1453
201.186.225.189 - - [14/Mar/2022:14:05:33 -0300] "POST /cormun/servlet/solicitudot?gx-no-cache=1647276788523 HTTP/1.1" 200 38
186.67.172.234 - - [14/Mar/2022:14:05:49 -0300] "GET /cormun/servlet/prbanco?,MD,,gxPopupLevel%3D0%3B HTTP/1.1" 200 6671
190.171.141.122 - - [14/Mar/2022:14:06:15 -0300] "GET /cormun/servlet/prfichaempleado?,MD,,gxPopupLevel%3D0%3B HTTP/1.1" 200 9279
190.171.141.122 - - [14/Mar/2022:14:06:23 -0300] "POST /cormun/servlet/prfichaempleado?4ba956b87475c4e8244c0109041db94c,,MD,,gxPopupLevel%3D0%3B,gx-no-cache=1647276838355 HTTP/1.1" 200 6358
190.171.141.122 - - [14/Mar/2022:14:06:23 -0300] "GET /cormun/static/Resources/PXToolsGridNext.gif HTTP/1.1" 200 369
190.171.141.122 - - [14/Mar/2022:14:06:23 -0300] "GET /cormun/static/Resources/PXToolsGridLast.gif HTTP/1.1" 200 370
186.67.172.234 - - [14/Mar/2022:14:06:27 -0300] "GET /cormun/servlet/solicitudot?8c6b95acf572d2f2fa861dc78dd1c1073f1e63530cb4c21465ac39f777d707b61a0f1595aff599c0a1662e14187205c7,gx-no-cache=1647276843051 HTTP/1.1" 200 30
190.171.141.122 - - [14/Mar/2022:14:06:37 -0300] "POST /cormun/servlet/prfichaempleado?4ba956b87475c4e8244c0109041db94c,,MD,,gxPopupLevel%3D0%3B,gx-no-cache=1647276852868 HTTP/1.1" 200 3418
186.67.172.234 - - [14/Mar/2022:14:06:53 -0300] "GET /cormun/servlet/solicitudot?8c6b95acf572d2f2fa861dc78dd1c107611221b6fdc1c7f7af7f165c156c9b6a,gx-no-cache=1647276868868 HTTP/1.1" 200 53
190.171.141.122 - - [14/Mar/2022:14:06:54 -0300] "POST /cormun/servlet/prfichaempleado?4ba956b87475c4e8244c0109041db94c,,MD,,gxPopupLevel%3D0%3B,gx-no-cache=1647276870429 HTTP/1.1" 200 3418
201.186.225.189 - - [14/Mar/2022:14:06:56 -0300] "GET /cormun/servlet/solicitudot?6271dba7c4f4d15e65b3e77808ea6e729bad559a66aefa14837ffc629bf8dfb6d32d86fb4d9d1cd42649b879004c8b84cc4dc76306632a160be064c255bf584c04ccbf95efe4a3c655e398eea409f3a3d7b886e7e4e619e6742fb81236e995be12fe4366c3022b6e4081509fc9213d9e,gx-no-cache=1647276871585 HTTP/1.1" 200 110
201.186.225.189 - - [14/Mar/2022:14:06:56 -0300] "POST /cormun/servlet/solicitudot?gx-no-cache=1647276871647 HTTP/1.1" 200 72
139.162.207.84 - - [14/Mar/2022:14:06:58 -0300] "GET / HTTP/1.1" 200 11217
186.67.172.234 - - [14/Mar/2022:14:07:05 -0300] "POST /cormun/servlet/solicitudot?gx-no-cache=1647276881105 HTTP/1.1" 200 240
186.67.172.234 - - [14/Mar/2022:14:07:07 -0300] "GET /cormun/servlet/solicitudot?8c6b95acf572d2f2fa861dc78dd1c107f1a0ed2ca5b0f31218b0ff117876a518d0cbd35401c41ed75d1c593ba502800775af1b9bc2a756b6566d98049e1fa9ad0efaaaa0def030b3b46c73a6f3de4201e0c90872d27eb453a7acd6360d0d8a21584ee862d1087875f65b3e5fc32137c0c1200b3f68e252ad6909ae40e64d61cd5d7143b76ebd280e9901a71ea3360dea7e5264cb55d9050b1a73e15dde5421d49864f0b9d656987da374105c4b44dffa9c787cdaddb6da8986ea84a25e6888dbdedcf6e91f924c5eaa797c263b1e168321de3a82882c77f9aad439c464220c17cca2926f5b29830e7a678042162af8726edc65d80923a231f929278f0cdbfebc32dacbf0f783217feba0975b5a10f77431f4563cca0f9c0c5ef4be67a17dad6e67a8c391c4d6779e747514976324cacc560b33daad185a7cbdd8e159e0aad04df355df9255d43779eaae553bd87e1d040f196787256b5e4ccf437860e2674b20bbc5dcb129f1e5534490e8cc3ef5d79fcccdc822577b0c4c79da8e2701ff104c,gx-no-cache=1647276882829 HTTP/1.1" 200 30
190.171.141.122 - - [14/Mar/2022:14:07:08 -0300] "GET /cormun/servlet/prfichaempleado?,MD,,gxPopupLevel%3D0%3B HTTP/1.1" 200 9279
186.67.172.234 - - [14/Mar/2022:14:07:08 -0300] "POST /cormun/servlet/solicitudot?gx-no-cache=1647276884368 HTTP/1.1" 200 30
186.67.172.234 - - [14/Mar/2022:14:07:16 -0300] "GET /cormun/servlet/prlicenciaspermisos?11398567,L,,MD,,gxPopupLevel%3D0%3B HTTP/1.1" 200 5814
186.67.172.234 - - [14/Mar/2022:14:07:16 -0300] "GET /cormun/static/gxcfg.js?2020121559567 HTTP/1.1" 200 953
186.67.172.234 - - [14/Mar/2022:14:07:16 -0300] "GET /cormun/static/prlicenciaspermisos.js?2020121559821 HTTP/1.1" 200 13379
201.186.225.189 - - [14/Mar/2022:14:07:17 -0300] "POST /cormun/servlet/solicitudot?gx-no-cache=1647276893207 HTTP/1.1" 200 30
201.186.225.189 - - [14/Mar/2022:14:07:21 -0300] "GET /cormun/servlet/prcontratosol?17476718,,,,,MD,,gxPopupLevel%3D0%3B HTTP/1.1" 200 8489
190.171.141.122 - - [14/Mar/2022:14:07:23 -0300] "POST /cormun/servlet/prfichaempleado?4ba956b87475c4e8244c0109041db94c,,MD,,gxPopupLevel%3D0%3B,gx-no-cache=1647276898535 HTTP/1.1" 200 6358
201.186.225.189 - - [14/Mar/2022:14:07:28 -0300] "POST /cormun/servlet/solicitudot?gx-no-cache=1647276904176 HTTP/1.1" 200 1453
201.186.225.189 - - [14/Mar/2022:14:07:28 -0300] "POST /cormun/servlet/solicitudot?gx-no-cache=1647276904229 HTTP/1.1" 200 38
201.186.225.189 - - [14/Mar/2022:14:07:28 -0300] "GET /cormun/servlet/solicitudot?6271dba7c4f4d15e65b3e77808ea6e729bad559a66aefa14837ffc629bf8dfb6d32d86fb4d9d1cd42649b879004c8b84cc4dc76306632a160be064c255bf584c04ccbf95efe4a3c655e398eea409f3a3d7b886e7e4e619e6742fb81236e995be12fe4366c3022b6e4081509fc9213d9e,gx-no-cache=1647276904255 HTTP/1.1" 200 110
201.186.225.189 - - [14/Mar/2022:14:07:28 -0300] "POST /cormun/servlet/solicitudot?gx-no-cache=1647276904284 HTTP/1.1" 200 67
201.186.225.189 - - [14/Mar/2022:14:07:28 -0300] "GET /cormun/servlet/solicitudot?6271dba7c4f4d15e65b3e77808ea6e727701f04d335c45020a1c2ae870be59be629f4c9a7587ba6185a17eb950ec8757de581ce936a460b05b7612d8d3633d53fd2e310fc6a698f54e0c5608b008289cf9d50edced1efa0a719c58f24c144dae20aaef190471e416230b4262fb44a69e,gx-no-cache=1647276904322 HTTP/1.1" 200 29
201.186.225.189 - - [14/Mar/2022:14:07:28 -0300] "GET /cormun/servlet/solicitudot?6271dba7c4f4d15e65b3e77808ea6e72c0182dfe252cc4942bbe1390d6961c88,gx-no-cache=1647276904351 HTTP/1.1" 200 30
201.186.225.189 - - [14/Mar/2022:14:07:30 -0300] "GET /cormun/servlet/prsolicitudot?17476718,,,,,MD,,gxPopupLevel%3D0%3B HTTP/1.1" 200 6164
190.171.141.122 - - [14/Mar/2022:14:07:36 -0300] "POST /cormun/servlet/prfichaempleado?4ba956b87475c4e8244c0109041db94c,,MD,,gxPopupLevel%3D0%3B,gx-no-cache=1647276912788 HTTP/1.1" 200 3419
186.67.172.234 - - [14/Mar/2022:14:07:37 -0300] "POST /cormun/servlet/solicitudot?gx-no-cache=1647276912839 HTTP/1.1" 200 1455
201.186.225.189 - - [14/Mar/2022:14:07:38 -0300] "GET /cormun/servlet/prpersonalsolicitud?17476718,,,,,MD,,gxPopupLevel%3D0%3B HTTP/1.1" 200 5725
201.186.225.189 - - [14/Mar/2022:14:07:44 -0300] "GET /cormun/servlet/prcontratosol?17476718,,,,,MD,,gxPopupLevel%3D0%3B HTTP/1.1" 200 8489
190.171.141.122 - - [14/Mar/2022:14:07:44 -0300] "POST /cormun/servlet/prfichaempleado?4ba956b87475c4e8244c0109041db94c,,MD,,gxPopupLevel%3D0%3B,gx-no-cache=1647276920813 HTTP/1.1" 200 3419
186.67.172.234 - - [14/Mar/2022:14:07:57 -0300] "POST /cormun/servlet/solicitudot?gx-no-cache=1647276933083 HTTP/1.1" 200 41
190.171.141.122 - - [14/Mar/2022:14:07:59 -0300] "GET /cormun/servlet/prfichaempleado?,MD,,gxPopupLevel%3D0%3B HTTP/1.1" 200 9279
181.212.42.153 - - [14/Mar/2022:14:08:02 -0300] "GET /cormun/servlet/trlicencias? HTTP/1.1" 200 11608
181.212.42.153 - - [14/Mar/2022:14:08:02 -0300] "GET /cormun/servlet/hlogin HTTP/1.1" 200 1748
181.212.42.153 - - [14/Mar/2022:14:08:03 -0300] "GET /cormun/servlet/trlicencias? HTTP/1.1" 200 11606
201.186.225.189 - - [14/Mar/2022:14:08:04 -0300] "POST /cormun/servlet/solicitudot?gx-no-cache=1647276940041 HTTP/1.1" 200 1453
201.186.225.189 - - [14/Mar/2022:14:08:04 -0300] "POST /cormun/servlet/solicitudot?gx-no-cache=1647276940122 HTTP/1.1" 200 38
201.186.225.189 - - [14/Mar/2022:14:08:04 -0300] "GET /cormun/servlet/solicitudot?6271dba7c4f4d15e65b3e77808ea6e729bad559a66aefa14837ffc629bf8dfb6d32d86fb4d9d1cd42649b879004c8b84cc4dc76306632a160be064c255bf584c04ccbf95efe4a3c655e398eea409f3a3d7b886e7e4e619e6742fb81236e995be12fe4366c3022b6e4081509fc9213d9e,gx-no-cache=1647276940199 HTTP/1.1" 200 110
201.186.225.189 - - [14/Mar/2022:14:08:04 -0300] "POST /cormun/servlet/solicitudot?gx-no-cache=1647276940258 HTTP/1.1" 200 67
201.186.225.189 - - [14/Mar/2022:14:08:04 -0300] "GET /cormun/servlet/solicitudot?6271dba7c4f4d15e65b3e77808ea6e72e945dc98d82e0d868375ebe5d2c3eb33ae1a5f775f2421503b64ccce3c2c1ac4,gx-no-cache=1647276940353 HTTP/1.1" 200 134
201.186.225.189 - - [14/Mar/2022:14:08:04 -0300] "GET /cormun/static/Shared/jqueryui/images/ui-bg_highlight-soft_100_c6c2c8_1x100.png HTTP/1.1" 404 1117
201.186.225.189 - - [14/Mar/2022:14:08:04 -0300] "GET /cormun/static/Shared/jqueryui/images/ui-icons_82798d_256x240.png HTTP/1.1" 404 1089
201.186.225.189 - - [14/Mar/2022:14:08:04 -0300] "GET /cormun/static/Shared/jqueryui/images/ui-bg_flat_55_994d53_40x100.png HTTP/1.1" 404 1097
201.186.225.189 - - [14/Mar/2022:14:08:04 -0300] "GET /cormun/static/Shared/jqueryui/images/ui-icons_ebccce_256x240.png HTTP/1.1" 404 1089
186.67.172.234 - - [14/Mar/2022:14:08:04 -0300] "GET /cormun/servlet/solicitudot?8c6b95acf572d2f2fa861dc78dd1c1070d8bbbd31cbfff67e796521c363848e605f524e3671392f1677c9a3a54221cb158eff93252d875d17bd620b1e1d5216a8e3b678e692d7ef9e8bb11fd71b0809cd2ab269960f82bfe01229b7a5a356ca50be2eb4fd719f1397ed47eeae882aadf,gx-no-cache=1647276940552 HTTP/1.1" 200 110
186.67.172.234 - - [14/Mar/2022:14:08:05 -0300] "POST /cormun/servlet/solicitudot?gx-no-cache=1647276940584 HTTP/1.1" 200 79
186.67.172.234 - - [14/Mar/2022:14:08:09 -0300] "GET /cormun/servlet/solicitudot?8c6b95acf572d2f2fa861dc78dd1c107e8d7eaeeb588adf2c4b428614a22ccf6dd04a0f8f68dad9bc2b65e649bf50736c296a630e3821c52823c3139495db48ce6a6e22566c0500f599982626d636f080815f844f2534e2d8b93e77244e56c71a38d119a4c1a05944efd20cf2f6a1d22,gx-no-cache=1647276944732 HTTP/1.1" 200 29
181.212.42.153 - - [14/Mar/2022:14:08:09 -0300] "POST /cormun/servlet/hlogin?ddbaff4de01070f0da44931b7233098b,gx-no-cache=1647277283094 HTTP/1.1" 200 90
181.212.42.153 - - [14/Mar/2022:14:08:09 -0300] "GET /cormun/servlet/hpexe_link HTTP/1.1" 200 962
181.212.42.153 - - [14/Mar/2022:14:08:09 -0300] "GET /cormun/servlet/trlicencias HTTP/1.1" 200 11758
181.212.42.153 - - [14/Mar/2022:14:08:09 -0300] "GET /cormun/servlet/trlicencias HTTP/1.1" 200 11756
186.67.172.234 - - [14/Mar/2022:14:08:10 -0300] "GET /cormun/static/menuarrow.gif HTTP/1.1" 404 1015
186.67.172.234 - - [14/Mar/2022:14:08:15 -0300] "GET /cormun/servlet/solicitudot?8c6b95acf572d2f2fa861dc78dd1c107f9fb484e8f4070db26b94d936d2977189a4be4a003b03a8f53e7207377a1b840,gx-no-cache=1647276951100 HTTP/1.1" 200 30
186.67.172.234 - - [14/Mar/2022:14:08:15 -0300] "POST /cormun/servlet/solicitudot?gx-no-cache=1647276951157 HTTP/1.1" 200 34
201.186.225.189 - - [14/Mar/2022:14:08:15 -0300] "POST /cormun/servlet/solicitudot?gx-no-cache=1647276951135 HTTP/1.1" 200 1453
201.186.225.189 - - [14/Mar/2022:14:08:15 -0300] "POST /cormun/servlet/solicitudot?gx-no-cache=1647276951176 HTTP/1.1" 200 41
201.186.225.189 - - [14/Mar/2022:14:08:15 -0300] "GET /cormun/servlet/solicitudot?6271dba7c4f4d15e65b3e77808ea6e729bad559a66aefa14837ffc629bf8dfb6d32d86fb4d9d1cd42649b879004c8b84cc4dc76306632a160be064c255bf584c04ccbf95efe4a3c655e398eea409f3a3d7b886e7e4e619e6742fb81236e995be12fe4366c3022b6e4081509fc9213d9e,gx-no-cache=1647276951206 HTTP/1.1" 200 110
201.186.225.189 - - [14/Mar/2022:14:08:15 -0300] "POST /cormun/servlet/solicitudot?gx-no-cache=1647276951254 HTTP/1.1" 200 67
201.186.225.189 - - [14/Mar/2022:14:08:15 -0300] "GET /cormun/static/menuarrow.gif HTTP/1.1" 404 1015
201.186.225.189 - - [14/Mar/2022:14:08:23 -0300] "POST /cormun/servlet/solicitudot?gx-no-cache=1647276958721 HTTP/1.1" 200 1453
201.186.225.189 - - [14/Mar/2022:14:08:23 -0300] "POST /cormun/servlet/solicitudot?gx-no-cache=1647276958768 HTTP/1.1" 200 41
201.186.225.189 - - [14/Mar/2022:14:08:23 -0300] "GET /cormun/servlet/solicitudot?6271dba7c4f4d15e65b3e77808ea6e729bad559a66aefa14837ffc629bf8dfb6d32d86fb4d9d1cd42649b879004c8b84cc4dc76306632a160be064c255bf584c04ccbf95efe4a3c655e398eea409f3a3d7b886e7e4e619e6742fb81236e995be12fe4366c3022b6e4081509fc9213d9e,gx-no-cache=1647276958794 HTTP/1.1" 200 110
201.186.225.189 - - [14/Mar/2022:14:08:23 -0300] "POST /cormun/servlet/solicitudot?gx-no-cache=1647276958829 HTTP/1.1" 200 67
186.67.172.234 - - [14/Mar/2022:14:08:24 -0300] "POST /cormun/servlet/solicitudot?450a1d5d84245de894d3b593b0fc3050,INS,0,0,false,,gx-no-cache=1647276959851 HTTP/1.1" 200 93
186.67.172.234 - - [14/Mar/2022:14:08:24 -0300] "GET /cormun/servlet/hpexe_return? HTTP/1.1" 200 1008
190.171.141.122 - - [14/Mar/2022:14:08:25 -0300] "POST /cormun/servlet/prfichaempleado?4ba956b87475c4e8244c0109041db94c,,MD,,gxPopupLevel%3D0%3B,gx-no-cache=1647276960879 HTTP/1.1" 200 3419
186.67.172.234 - - [14/Mar/2022:14:08:25 -0300] "GET /cormun/servlet/trsolicitudot HTTP/1.1" 200 8994
186.67.172.234 - - [14/Mar/2022:14:08:25 -0300] "GET /cormun/servlet/trsolicitudot HTTP/1.1" 200 8993
186.67.172.234 - - [14/Mar/2022:14:08:28 -0300] "POST /cormun/servlet/trsolicitudot?450a1d5d84245de894d3b593b0fc3050,gx-no-cache=1647276964157 HTTP/1.1" 200 107
186.67.172.234 - - [14/Mar/2022:14:08:28 -0300] "GET /cormun/servlet/trsolicitudadjuntos?2022,18154, HTTP/1.1" 200 6477
186.67.172.234 - - [14/Mar/2022:14:08:28 -0300] "GET /cormun/servlet/trsolicitudadjuntos?2022,18154, HTTP/1.1" 200 6477
186.67.172.234 - - [14/Mar/2022:14:08:41 -0300] "GET /cormun/servlet/solicitudotadjuntos?INS,2022,18154,,1, HTTP/1.1" 200 6412
186.67.172.234 - - [14/Mar/2022:14:08:42 -0300] "GET /cormun/static/about:blank HTTP/1.1" 404 1011
186.67.172.234 - - [14/Mar/2022:14:08:42 -0300] "GET /cormun/servlet/solicitudotadjuntos?INS,2022,18154,,1, HTTP/1.1" 200 6405
190.171.141.122 - - [14/Mar/2022:14:08:42 -0300] "GET /cormun/servlet/prfichaempleado?,MD,,gxPopupLevel%3D0%3B HTTP/1.1" 200 9279
186.67.172.234 - - [14/Mar/2022:14:08:42 -0300] "GET /cormun/servlet/solicitudotadjuntos?8c6b95acf572d2f2fa861dc78dd1c107e6f1e47d7f05bf5d7df9e5c3ffd4d955a7217e638bf3be0f1ee8b2c701cc966f,gx-no-cache=1647276978197 HTTP/1.1" 200 30
186.67.172.234 - - [14/Mar/2022:14:08:42 -0300] "POST /cormun/servlet/solicitudotadjuntos?450a1d5d84245de894d3b593b0fc3050,INS,2022,18154,,1,,gx-no-cache=1647276978227 HTTP/1.1" 200 4149
186.67.172.234 - - [14/Mar/2022:14:08:44 -0300] "POST /cormun/servlet/solicitudotadjuntos?gx-no-cache=1647276980050 HTTP/1.1" 200 26
201.186.225.189 - - [14/Mar/2022:14:08:48 -0300] "GET /cormun/servlet/solicitudot?6271dba7c4f4d15e65b3e77808ea6e72da81fabfd3efe5a17871c9a71d12cb57ae1a5f775f2421503b64ccce3c2c1ac4,gx-no-cache=1647276983559 HTTP/1.1" 200 30
201.186.225.189 - - [14/Mar/2022:14:08:48 -0300] "POST /cormun/servlet/solicitudot?gx-no-cache=1647276983621 HTTP/1.1" 200 135
201.186.225.189 - - [14/Mar/2022:14:08:48 -0300] "POST /cormun/servlet/solicitudot?a03dcc6f7c8ae356b4576ca957cace8c,INS,0,0,false,,gx-no-cache=1647276983738 HTTP/1.1" 200 13140
190.171.141.122 - - [14/Mar/2022:14:08:51 -0300] "POST /cormun/servlet/prfichaempleado?4ba956b87475c4e8244c0109041db94c,,MD,,gxPopupLevel%3D0%3B,gx-no-cache=1647276987287 HTTP/1.1" 200 3419
190.171.142.26 - - [14/Mar/2022:14:08:58 -0300] "GET /cormun/servlet/hlogin HTTP/1.1" 200 1729
190.171.142.26 - - [14/Mar/2022:14:09:05 -0300] "POST /cormun/servlet/hlogin?ae0866340ecf00ac290de01184937235,gx-no-cache=1647277000614 HTTP/1.1" 200 90
190.171.142.26 - - [14/Mar/2022:14:09:05 -0300] "GET /cormun/servlet/hpexe_link HTTP/1.1" 200 954
190.171.142.26 - - [14/Mar/2022:14:09:05 -0300] "GET /cormun/servlet/hhome HTTP/1.1" 200 3973
190.171.142.26 - - [14/Mar/2022:14:09:06 -0300] "GET /cormun/servlet/hhome HTTP/1.1" 200 3970
190.171.142.26 - - [14/Mar/2022:14:09:09 -0300] "GET /cormun/servlet/trsolicitudot? HTTP/1.1" 200 7193
190.171.142.26 - - [14/Mar/2022:14:09:09 -0300] "GET /cormun/servlet/trsolicitudot? HTTP/1.1" 200 7193
190.171.142.26 - - [14/Mar/2022:14:09:14 -0300] "GET /cormun/servlet/solicitudot?INS,0,0,false, HTTP/1.1" 200 15705
190.171.142.26 - - [14/Mar/2022:14:09:15 -0300] "GET /cormun/servlet/solicitudot?INS,0,0,false, HTTP/1.1" 200 15712
190.171.141.122 - - [14/Mar/2022:14:09:23 -0300] "GET /cormun/servlet/prfichaempleado?,MD,,gxPopupLevel%3D0%3B HTTP/1.1" 200 9279
190.171.142.26 - - [14/Mar/2022:14:09:27 -0300] "POST /cormun/servlet/solicitudot?gx-no-cache=1647277022195 HTTP/1.1" 200 3858
190.171.142.26 - - [14/Mar/2022:14:09:27 -0300] "POST /cormun/servlet/solicitudot?ae0866340ecf00ac290de01184937235,INS,0,0,false,,gx-no-cache=1647277022532 HTTP/1.1" 200 12400
190.171.142.26 - - [14/Mar/2022:14:09:32 -0300] "GET /cormun/servlet/solicitudot?19b82e158ec09812c0518140c2185b91cb029479bf1550733186e7f1ac852ac56b3c4559e9a40d060fe9aec3bdd54817,gx-no-cache=1647277028199 HTTP/1.1" 200 30
190.171.141.122 - - [14/Mar/2022:14:09:38 -0300] "POST /cormun/servlet/prfichaempleado?4ba956b87475c4e8244c0109041db94c,,MD,,gxPopupLevel%3D0%3B,gx-no-cache=1647277034560 HTTP/1.1" 200 3419
190.171.141.122 - - [14/Mar/2022:14:09:47 -0300] "POST /cormun/servlet/solicitudot?gx-no-cache=1647277042852 HTTP/1.1" 200 1455
201.186.225.189 - - [14/Mar/2022:14:10:09 -0300] "POST /cormun/servlet/solicitudot?gx-no-cache=1647277064551 HTTP/1.1" 200 30
201.186.225.189 - - [14/Mar/2022:14:10:19 -0300] "POST /cormun/servlet/solicitudot?gx-no-cache=1647277075161 HTTP/1.1" 200 1453
201.186.225.189 - - [14/Mar/2022:14:10:19 -0300] "POST /cormun/servlet/solicitudot?gx-no-cache=1647277075230 HTTP/1.1" 200 41
201.186.225.189 - - [14/Mar/2022:14:10:19 -0300] "GET /cormun/servlet/solicitudot?6271dba7c4f4d15e65b3e77808ea6e729bad559a66aefa14837ffc629bf8dfb6d32d86fb4d9d1cd42649b879004c8b84cc4dc76306632a160be064c255bf584c04ccbf95efe4a3c655e398eea409f3a3d7b886e7e4e619e6742fb81236e995be12fe4366c3022b6e4081509fc9213d9e,gx-no-cache=1647277075279 HTTP/1.1" 200 110
201.186.225.189 - - [14/Mar/2022:14:10:19 -0300] "POST /cormun/servlet/solicitudot?gx-no-cache=1647277075316 HTTP/1.1" 200 67
201.186.225.189 - - [14/Mar/2022:14:10:19 -0300] "POST /cormun/servlet/solicitudot?gx-no-cache=1647277075368 HTTP/1.1" 200 32
201.186.225.189 - - [14/Mar/2022:14:10:20 -0300] "POST /cormun/servlet/solicitudot?a03dcc6f7c8ae356b4576ca957cace8c,INS,0,0,false,,gx-no-cache=1647277075403 HTTP/1.1" 200 93
201.186.225.189 - - [14/Mar/2022:14:10:20 -0300] "GET /cormun/servlet/hpexe_return? HTTP/1.1" 200 1010
201.186.225.189 - - [14/Mar/2022:14:10:20 -0300] "GET /cormun/servlet/trsolicitudot HTTP/1.1" 200 10716
201.186.225.189 - - [14/Mar/2022:14:10:21 -0300] "GET /cormun/servlet/trsolicitudot HTTP/1.1" 200 10712
201.186.225.189 - - [14/Mar/2022:14:10:52 -0300] "POST /cormun/servlet/trsolicitudot?a03dcc6f7c8ae356b4576ca957cace8c,gx-no-cache=1647277108139 HTTP/1.1" 200 7381
201.186.225.189 - - [14/Mar/2022:14:10:52 -0300] "GET /cormun/static/Shared/jqueryui/images/ui-bg_highlight-soft_100_c6c2c8_1x100.png HTTP/1.1" 404 1117
201.186.225.189 - - [14/Mar/2022:14:10:53 -0300] "GET /cormun/static/Shared/jqueryui/images/ui-icons_82798d_256x240.png HTTP/1.1" 404 1089
201.186.225.189 - - [14/Mar/2022:14:10:53 -0300] "GET /cormun/static/Shared/jqueryui/images/ui-bg_flat_55_fafafa_40x100.png HTTP/1.1" 404 1097
201.186.225.189 - - [14/Mar/2022:14:10:53 -0300] "GET /cormun/static/Shared/jqueryui/images/ui-icons_8d78a5_256x240.png HTTP/1.1" 404 1089
201.186.225.189 - - [14/Mar/2022:14:10:53 -0300] "POST /cormun/servlet/trsolicitudot?a03dcc6f7c8ae356b4576ca957cace8c,gx-no-cache=1647277108537 HTTP/1.1" 200 7325
186.67.172.234 - - [14/Mar/2022:14:10:53 -0300] "GET /cormun/servlet/solicitudotadjuntos?8c6b95acf572d2f2fa861dc78dd1c1074da2861702beba2ee524858e44f183cb,gx-no-cache=1647277109545 HTTP/1.1" 200 30
186.67.172.234 - - [14/Mar/2022:14:10:54 -0300] "GET /cormun/servlet/solicitudotadjuntos?8c6b95acf572d2f2fa861dc78dd1c1074da2861702beba2ee524858e44f183cb,gx-no-cache=1647277109589 HTTP/1.1" 200 30
186.67.172.234 - - [14/Mar/2022:14:10:54 -0300] "POST /cormun/servlet/solicitudotadjuntos?450a1d5d84245de894d3b593b0fc3050,INS,2022,18154,,1, HTTP/1.1" 200 116
186.67.172.234 - - [14/Mar/2022:14:10:54 -0300] "GET /cormun/servlet/hpexe_return? HTTP/1.1" 200 1027
186.67.172.234 - - [14/Mar/2022:14:10:54 -0300] "GET /cormun/servlet/trsolicitudadjuntos?2022,18154, HTTP/1.1" 200 9310
186.67.172.234 - - [14/Mar/2022:14:10:54 -0300] "GET /cormun/servlet/trsolicitudadjuntos?2022,18154, HTTP/1.1" 200 9309
201.186.225.189 - - [14/Mar/2022:14:10:55 -0300] "POST /cormun/servlet/trsolicitudot?a03dcc6f7c8ae356b4576ca957cace8c,gx-no-cache=1647277110831 HTTP/1.1" 200 6978
201.186.225.189 - - [14/Mar/2022:14:10:55 -0300] "POST /cormun/servlet/trsolicitudot?a03dcc6f7c8ae356b4576ca957cace8c,gx-no-cache=1647277111161 HTTP/1.1" 200 6922
186.67.172.234 - - [14/Mar/2022:14:10:56 -0300] "GET /cormun/servlet/solicitudotadjuntos?INS,2022,18154,,1, HTTP/1.1" 200 6412
186.67.172.234 - - [14/Mar/2022:14:10:56 -0300] "GET /cormun/static/about:blank HTTP/1.1" 404 1011
186.67.172.234 - - [14/Mar/2022:14:10:56 -0300] "GET /cormun/servlet/solicitudotadjuntos?INS,2022,18154,,1, HTTP/1.1" 200 6405
186.67.172.234 - - [14/Mar/2022:14:10:57 -0300] "GET /cormun/servlet/solicitudotadjuntos?8c6b95acf572d2f2fa861dc78dd1c107e6f1e47d7f05bf5d7df9e5c3ffd4d955a7217e638bf3be0f1ee8b2c701cc966f,gx-no-cache=1647277112594 HTTP/1.1" 200 30
186.67.172.234 - - [14/Mar/2022:14:10:57 -0300] "POST /cormun/servlet/solicitudotadjuntos?450a1d5d84245de894d3b593b0fc3050,INS,2022,18154,,1,,gx-no-cache=1647277112634 HTTP/1.1" 200 4149
201.186.225.189 - - [14/Mar/2022:14:10:57 -0300] "POST /cormun/servlet/trsolicitudot?a03dcc6f7c8ae356b4576ca957cace8c,gx-no-cache=1647277112487 HTTP/1.1" 200 6480
201.186.225.189 - - [14/Mar/2022:14:10:57 -0300] "POST /cormun/servlet/trsolicitudot?a03dcc6f7c8ae356b4576ca957cace8c,gx-no-cache=1647277112750 HTTP/1.1" 200 6421
201.186.225.189 - - [14/Mar/2022:14:10:58 -0300] "POST /cormun/servlet/trsolicitudot?a03dcc6f7c8ae356b4576ca957cace8c,gx-no-cache=1647277113807 HTTP/1.1" 200 6069
201.186.225.189 - - [14/Mar/2022:14:10:58 -0300] "POST /cormun/servlet/trsolicitudot?a03dcc6f7c8ae356b4576ca957cace8c,gx-no-cache=1647277114030 HTTP/1.1" 200 6009
201.186.225.189 - - [14/Mar/2022:14:10:59 -0300] "POST /cormun/servlet/trsolicitudot?a03dcc6f7c8ae356b4576ca957cace8c,gx-no-cache=1647277115175 HTTP/1.1" 200 4862
201.186.225.189 - - [14/Mar/2022:14:10:59 -0300] "POST /cormun/servlet/trsolicitudot?a03dcc6f7c8ae356b4576ca957cace8c,gx-no-cache=1647277115349 HTTP/1.1" 200 4613
186.67.172.234 - - [14/Mar/2022:14:11:00 -0300] "POST /cormun/servlet/solicitudotadjuntos?gx-no-cache=1647277115984 HTTP/1.1" 200 26
201.186.225.189 - - [14/Mar/2022:14:11:03 -0300] "GET /cormun/servlet/trautorizarsolicitud? HTTP/1.1" 200 10594
201.186.225.189 - - [14/Mar/2022:14:11:03 -0300] "GET /cormun/servlet/trautorizarsolicitud? HTTP/1.1" 200 10594
186.67.172.234 - - [14/Mar/2022:14:11:04 -0300] "GET /cormun/servlet/solicitudotadjuntos?8c6b95acf572d2f2fa861dc78dd1c1074da2861702beba2ee524858e44f183cb,gx-no-cache=1647277120328 HTTP/1.1" 200 30
186.67.172.234 - - [14/Mar/2022:14:11:04 -0300] "GET /cormun/servlet/solicitudotadjuntos?8c6b95acf572d2f2fa861dc78dd1c1074da2861702beba2ee524858e44f183cb,gx-no-cache=1647277120354 HTTP/1.1" 200 30
186.67.172.234 - - [14/Mar/2022:14:11:04 -0300] "POST /cormun/servlet/solicitudotadjuntos?450a1d5d84245de894d3b593b0fc3050,INS,2022,18154,,1, HTTP/1.1" 200 116
186.67.172.234 - - [14/Mar/2022:14:11:04 -0300] "GET /cormun/servlet/hpexe_return? HTTP/1.1" 200 1027
186.67.172.234 - - [14/Mar/2022:14:11:05 -0300] "GET /cormun/servlet/trsolicitudadjuntos?2022,18154, HTTP/1.1" 200 9560
186.67.172.234 - - [14/Mar/2022:14:11:05 -0300] "GET /cormun/servlet/trsolicitudadjuntos?2022,18154, HTTP/1.1" 200 9561
186.67.172.234 - - [14/Mar/2022:14:11:07 -0300] "GET /cormun/servlet/solicitudotadjuntos?INS,2022,18154,,1, HTTP/1.1" 200 6412
186.67.172.234 - - [14/Mar/2022:14:11:07 -0300] "GET /cormun/static/about:blank HTTP/1.1" 404 1011
186.67.172.234 - - [14/Mar/2022:14:11:07 -0300] "GET /cormun/servlet/solicitudotadjuntos?INS,2022,18154,,1, HTTP/1.1" 200 6405
201.186.225.189 - - [14/Mar/2022:14:11:07 -0300] "POST /cormun/servlet/trautorizarsolicitud?a03dcc6f7c8ae356b4576ca957cace8c,,gx-no-cache=1647277122738 HTTP/1.1" 200 7300
201.186.225.189 - - [14/Mar/2022:14:11:07 -0300] "GET /cormun/static/Shared/jqueryui/images/ui-bg_highlight-soft_100_c6c2c8_1x100.png HTTP/1.1" 404 1117
201.186.225.189 - - [14/Mar/2022:14:11:07 -0300] "GET /cormun/static/Shared/jqueryui/images/ui-icons_82798d_256x240.png HTTP/1.1" 404 1089
190.171.142.26 - - [14/Mar/2022:14:11:07 -0300] "GET /cormun/servlet/solicitudot?19b82e158ec09812c0518140c2185b91966135835e66c9ceea0a47a2bab7b5dd8f6b7cb0ea6f1f46c2349a00b67fd39543245cf48f4e10cd24d83402804c0bb9,gx-no-cache=1647277122912 HTTP/1.1" 200 30
201.186.225.189 - - [14/Mar/2022:14:11:07 -0300] "GET /cormun/static/Shared/jqueryui/images/ui-bg_flat_55_fafafa_40x100.png HTTP/1.1" 404 1097
201.186.225.189 - - [14/Mar/2022:14:11:07 -0300] "GET /cormun/static/Shared/jqueryui/images/ui-icons_8d78a5_256x240.png HTTP/1.1" 404 1089
190.171.142.26 - - [14/Mar/2022:14:11:07 -0300] "GET /cormun/servlet/solicitudot?19b82e158ec09812c0518140c2185b9130ba78ad8bcc78a5f8637ff76d074407,gx-no-cache=1647277122993 HTTP/1.1" 200 29
190.171.142.26 - - [14/Mar/2022:14:11:07 -0300] "POST /cormun/servlet/solicitudot?gx-no-cache=1647277123060 HTTP/1.1" 200 297
190.171.142.26 - - [14/Mar/2022:14:11:07 -0300] "GET /cormun/servlet/solicitudot?19b82e158ec09812c0518140c2185b91edbb0d315626ba713998ab4a3c79ab8d3e4713087a782fda341bf6bd074bc8528eaeba24d85785bf6fbf0f077e6f67e3e097092803711c0bc3cb43635feee94231071c974a486716e110dfc20176d4a1b347620b2f48e2da5a5c9b5ffa878dfd6d6cc5b2e734f3efab9c11af14ba77e4c344d3cf4759d1e0d85582ca48e7bdf130c6610c6e9511194128b197ed875c807b3d0073d96a19daee73c68b335118ceb66730cea531a44bf5328526ce8a478724483d064d4b0e0bfe9499d0689e6864feae90c68186d5e7ce0f3b6840f1e3a8dc65c941b00d3ac49c40a3f56702138fa9594539f1facf892ba45cd5d8235b8bd55ffd4f5f676770602fb2665b3c1cf5146ead53628660ebc00a8bd8db484e43e0b2b635f6b07f34c2f8f723cec291e739886ed6006efec2373e3e5976b1f626ef1794d4d3ba0931980afc91575ef4f9a2ecf2cba27492238d12d27ac8e0e4fa06d6f06979db7107e0e52ea030827b1e0ba3f5d42ee1ecda0f64c52a03814529f2e625472721673801236ab7b92ffae7,gx-no-cache=1647277123110 HTTP/1.1" 200 30
186.67.172.234 - - [14/Mar/2022:14:11:07 -0300] "GET /cormun/servlet/solicitudotadjuntos?8c6b95acf572d2f2fa861dc78dd1c107e6f1e47d7f05bf5d7df9e5c3ffd4d955a7217e638bf3be0f1ee8b2c701cc966f,gx-no-cache=1647277123383 HTTP/1.1" 200 30
201.186.225.189 - - [14/Mar/2022:14:11:07 -0300] "POST /cormun/servlet/trautorizarsolicitud?a03dcc6f7c8ae356b4576ca957cace8c,,gx-no-cache=1647277123100 HTTP/1.1" 200 7244
186.67.172.234 - - [14/Mar/2022:14:11:07 -0300] "POST /cormun/servlet/solicitudotadjuntos?450a1d5d84245de894d3b593b0fc3050,INS,2022,18154,,1,,gx-no-cache=1647277123416 HTTP/1.1" 200 4149
201.186.225.189 - - [14/Mar/2022:14:11:09 -0300] "POST /cormun/servlet/trautorizarsolicitud?a03dcc6f7c8ae356b4576ca957cace8c,,gx-no-cache=1647277124559 HTTP/1.1" 200 6899
201.186.225.189 - - [14/Mar/2022:14:11:09 -0300] "POST /cormun/servlet/trautorizarsolicitud?a03dcc6f7c8ae356b4576ca957cace8c,,gx-no-cache=1647277124853 HTTP/1.1" 200 6845
186.67.172.234 - - [14/Mar/2022:14:11:10 -0300] "POST /cormun/servlet/solicitudotadjuntos?gx-no-cache=1647277125727 HTTP/1.1" 200 26
201.186.225.189 - - [14/Mar/2022:14:11:10 -0300] "POST /cormun/servlet/trautorizarsolicitud?a03dcc6f7c8ae356b4576ca957cace8c,,gx-no-cache=1647277126167 HTTP/1.1" 200 6403
201.186.225.189 - - [14/Mar/2022:14:11:11 -0300] "POST /cormun/servlet/trautorizarsolicitud?a03dcc6f7c8ae356b4576ca957cace8c,,gx-no-cache=1647277126504 HTTP/1.1" 200 6347
201.186.225.189 - - [14/Mar/2022:14:11:12 -0300] "POST /cormun/servlet/trautorizarsolicitud?a03dcc6f7c8ae356b4576ca957cace8c,,gx-no-cache=1647277127630 HTTP/1.1" 200 5987
201.186.225.189 - - [14/Mar/2022:14:11:12 -0300] "POST /cormun/servlet/trautorizarsolicitud?a03dcc6f7c8ae356b4576ca957cace8c,,gx-no-cache=1647277127888 HTTP/1.1" 200 5932
190.171.142.26 - - [14/Mar/2022:14:11:13 -0300] "POST /cormun/servlet/solicitudot?gx-no-cache=1647277128693 HTTP/1.1" 200 30
201.186.225.189 - - [14/Mar/2022:14:11:14 -0300] "POST /cormun/servlet/trautorizarsolicitud?a03dcc6f7c8ae356b4576ca957cace8c,,gx-no-cache=1647277129463 HTTP/1.1" 200 4788
201.186.225.189 - - [14/Mar/2022:14:11:14 -0300] "POST /cormun/servlet/trautorizarsolicitud?a03dcc6f7c8ae356b4576ca957cace8c,,gx-no-cache=1647277129658 HTTP/1.1" 200 4541
186.67.172.234 - - [14/Mar/2022:14:11:15 -0300] "GET /cormun/servlet/solicitudotadjuntos?8c6b95acf572d2f2fa861dc78dd1c1074da2861702beba2ee524858e44f183cb,gx-no-cache=1647277130752 HTTP/1.1" 200 30
186.67.172.234 - - [14/Mar/2022:14:11:15 -0300] "GET /cormun/servlet/solicitudotadjuntos?8c6b95acf572d2f2fa861dc78dd1c1074da2861702beba2ee524858e44f183cb,gx-no-cache=1647277130782 HTTP/1.1" 200 30
186.67.172.234 - - [14/Mar/2022:14:11:15 -0300] "POST /cormun/servlet/solicitudotadjuntos?450a1d5d84245de894d3b593b0fc3050,INS,2022,18154,,1, HTTP/1.1" 200 116
186.67.172.234 - - [14/Mar/2022:14:11:15 -0300] "GET /cormun/servlet/hpexe_return? HTTP/1.1" 200 1027
186.67.172.234 - - [14/Mar/2022:14:11:16 -0300] "GET /cormun/servlet/trsolicitudadjuntos?2022,18154, HTTP/1.1" 200 9796
186.67.172.234 - - [14/Mar/2022:14:11:16 -0300] "GET /cormun/servlet/trsolicitudadjuntos?2022,18154, HTTP/1.1" 200 9793
190.171.142.26 - - [14/Mar/2022:14:11:16 -0300] "POST /cormun/servlet/solicitudot?gx-no-cache=1647277131941 HTTP/1.1" 200 1454
190.171.142.26 - - [14/Mar/2022:14:11:16 -0300] "POST /cormun/servlet/solicitudot?gx-no-cache=1647277132072 HTTP/1.1" 200 38
186.67.172.234 - - [14/Mar/2022:14:11:17 -0300] "GET /cormun/servlet/solicitudotadjuntos?INS,2022,18154,,1, HTTP/1.1" 200 6412
186.67.172.234 - - [14/Mar/2022:14:11:17 -0300] "GET /cormun/static/about:blank HTTP/1.1" 404 1011
186.67.172.234 - - [14/Mar/2022:14:11:17 -0300] "GET /cormun/servlet/solicitudotadjuntos?INS,2022,18154,,1, HTTP/1.1" 200 6405
186.67.172.234 - - [14/Mar/2022:14:11:18 -0300] "GET /cormun/servlet/solicitudotadjuntos?8c6b95acf572d2f2fa861dc78dd1c107e6f1e47d7f05bf5d7df9e5c3ffd4d955a7217e638bf3be0f1ee8b2c701cc966f,gx-no-cache=1647277133961 HTTP/1.1" 200 30
186.67.172.234 - - [14/Mar/2022:14:11:18 -0300] "POST /cormun/servlet/solicitudotadjuntos?450a1d5d84245de894d3b593b0fc3050,INS,2022,18154,,1,,gx-no-cache=1647277134006 HTTP/1.1" 200 4149
186.67.172.234 - - [14/Mar/2022:14:11:21 -0300] "POST /cormun/servlet/solicitudotadjuntos?gx-no-cache=1647277136919 HTTP/1.1" 200 26
186.67.172.234 - - [14/Mar/2022:14:11:28 -0300] "GET /cormun/servlet/solicitudotadjuntos?8c6b95acf572d2f2fa861dc78dd1c1074da2861702beba2ee524858e44f183cb,gx-no-cache=1647277144361 HTTP/1.1" 200 30
186.67.172.234 - - [14/Mar/2022:14:11:28 -0300] "GET /cormun/servlet/solicitudotadjuntos?8c6b95acf572d2f2fa861dc78dd1c1074da2861702beba2ee524858e44f183cb,gx-no-cache=1647277144380 HTTP/1.1" 200 30
186.67.172.234 - - [14/Mar/2022:14:11:28 -0300] "POST /cormun/servlet/solicitudotadjuntos?450a1d5d84245de894d3b593b0fc3050,INS,2022,18154,,1, HTTP/1.1" 200 116
186.67.172.234 - - [14/Mar/2022:14:11:28 -0300] "GET /cormun/servlet/hpexe_return? HTTP/1.1" 200 1027
186.67.172.234 - - [14/Mar/2022:14:11:29 -0300] "GET /cormun/servlet/trsolicitudadjuntos?2022,18154, HTTP/1.1" 200 10031
186.67.172.234 - - [14/Mar/2022:14:11:29 -0300] "GET /cormun/servlet/trsolicitudadjuntos?2022,18154, HTTP/1.1" 200 10030
186.67.172.234 - - [14/Mar/2022:14:11:31 -0300] "GET /cormun/servlet/solicitudotadjuntos?INS,2022,18154,,1, HTTP/1.1" 200 6412
186.67.172.234 - - [14/Mar/2022:14:11:31 -0300] "GET /cormun/static/about:blank HTTP/1.1" 404 1011
186.67.172.234 - - [14/Mar/2022:14:11:31 -0300] "GET /cormun/servlet/solicitudotadjuntos?INS,2022,18154,,1, HTTP/1.1" 200 6405
186.67.172.234 - - [14/Mar/2022:14:11:32 -0300] "GET /cormun/servlet/solicitudotadjuntos?8c6b95acf572d2f2fa861dc78dd1c107e6f1e47d7f05bf5d7df9e5c3ffd4d955a7217e638bf3be0f1ee8b2c701cc966f,gx-no-cache=1647277147811 HTTP/1.1" 200 30
186.67.172.234 - - [14/Mar/2022:14:11:32 -0300] "POST /cormun/servlet/solicitudotadjuntos?450a1d5d84245de894d3b593b0fc3050,INS,2022,18154,,1,,gx-no-cache=1647277147851 HTTP/1.1" 200 4149
186.67.172.234 - - [14/Mar/2022:14:11:35 -0300] "POST /cormun/servlet/solicitudotadjuntos?gx-no-cache=1647277150751 HTTP/1.1" 200 26
186.67.172.234 - - [14/Mar/2022:14:11:39 -0300] "GET /cormun/servlet/solicitudotadjuntos?8c6b95acf572d2f2fa861dc78dd1c1074da2861702beba2ee524858e44f183cb,gx-no-cache=1647277155392 HTTP/1.1" 200 30
186.67.172.234 - - [14/Mar/2022:14:11:39 -0300] "GET /cormun/servlet/solicitudotadjuntos?8c6b95acf572d2f2fa861dc78dd1c1074da2861702beba2ee524858e44f183cb,gx-no-cache=1647277155418 HTTP/1.1" 200 30
186.67.172.234 - - [14/Mar/2022:14:11:39 -0300] "POST /cormun/servlet/solicitudotadjuntos?450a1d5d84245de894d3b593b0fc3050,INS,2022,18154,,1, HTTP/1.1" 200 116
186.67.172.234 - - [14/Mar/2022:14:11:39 -0300] "GET /cormun/servlet/hpexe_return? HTTP/1.1" 200 1027
186.67.172.234 - - [14/Mar/2022:14:11:40 -0300] "GET /cormun/servlet/trsolicitudadjuntos?2022,18154, HTTP/1.1" 200 10304
186.67.172.234 - - [14/Mar/2022:14:11:40 -0300] "GET /cormun/servlet/trsolicitudadjuntos?2022,18154, HTTP/1.1" 200 10301
186.67.172.234 - - [14/Mar/2022:14:11:42 -0300] "GET /cormun/servlet/solicitudotadjuntos?INS,2022,18154,,1, HTTP/1.1" 200 6412
186.67.172.234 - - [14/Mar/2022:14:11:43 -0300] "GET /cormun/static/about:blank HTTP/1.1" 404 1011
186.67.172.234 - - [14/Mar/2022:14:11:43 -0300] "GET /cormun/servlet/solicitudotadjuntos?INS,2022,18154,,1, HTTP/1.1" 200 6405
186.67.172.234 - - [14/Mar/2022:14:11:43 -0300] "GET /cormun/servlet/solicitudotadjuntos?8c6b95acf572d2f2fa861dc78dd1c107e6f1e47d7f05bf5d7df9e5c3ffd4d955a7217e638bf3be0f1ee8b2c701cc966f,gx-no-cache=1647277159213 HTTP/1.1" 200 30
186.67.172.234 - - [14/Mar/2022:14:11:43 -0300] "POST /cormun/servlet/solicitudotadjuntos?450a1d5d84245de894d3b593b0fc3050,INS,2022,18154,,1,,gx-no-cache=1647277159248 HTTP/1.1" 200 4149
186.67.172.234 - - [14/Mar/2022:14:11:46 -0300] "POST /cormun/servlet/solicitudotadjuntos?gx-no-cache=1647277161880 HTTP/1.1" 200 26
186.67.172.234 - - [14/Mar/2022:14:11:51 -0300] "GET /cormun/servlet/solicitudotadjuntos?8c6b95acf572d2f2fa861dc78dd1c1074da2861702beba2ee524858e44f183cb,gx-no-cache=1647277166656 HTTP/1.1" 200 30
186.67.172.234 - - [14/Mar/2022:14:11:51 -0300] "GET /cormun/servlet/solicitudotadjuntos?8c6b95acf572d2f2fa861dc78dd1c1074da2861702beba2ee524858e44f183cb,gx-no-cache=1647277166672 HTTP/1.1" 200 30
186.67.172.234 - - [14/Mar/2022:14:11:51 -0300] "POST /cormun/servlet/solicitudotadjuntos?450a1d5d84245de894d3b593b0fc3050,INS,2022,18154,,1, HTTP/1.1" 200 116
