190.171.149.74 - - [14/Mar/2022:16:40:35 -0300] "POST /cormun/servlet/solicitudot?f576310e78f61d9b683bdbbe6d4296c0,UPD,2022,18160,false,,gx-no-cache=1647289806049 HTTP/1.1" 200 12552
190.171.149.74 - - [14/Mar/2022:16:40:35 -0300] "GET /cormun/servlet/solicitudot?983a4bab6bd49de2e38c37b4d2d86b8190508021a23cf60e76ee1adb9159de23587549309ef4a51e315da5f3c8710e28,gx-no-cache=1647289806256 HTTP/1.1" 200 30
190.171.149.74 - - [14/Mar/2022:16:40:35 -0300] "GET /cormun/servlet/solicitudot?983a4bab6bd49de2e38c37b4d2d86b81471da28d15f5e1f6d1e34c2b38463846391e8c5ef791fc9ba9b778b6a139ecfd5b3fd4f872b55442198b9ca35983ab70,gx-no-cache=1647289806289 HTTP/1.1" 200 30
190.171.149.74 - - [14/Mar/2022:16:40:35 -0300] "GET /cormun/servlet/solicitudot?983a4bab6bd49de2e38c37b4d2d86b81e6414fe42bdc5309bd505da0de66cb3cbe81bc12d5a342f7ee30c4566203f246a0f7c799d75bdabce9492283e742053e,gx-no-cache=1647289806312 HTTP/1.1" 200 51
190.171.149.74 - - [14/Mar/2022:16:40:35 -0300] "POST /cormun/servlet/solicitudot?gx-no-cache=1647289806342 HTTP/1.1" 200 254
190.171.149.74 - - [14/Mar/2022:16:40:35 -0300] "GET /cormun/servlet/solicitudot?983a4bab6bd49de2e38c37b4d2d86b810cb0a97506ca4da06355822722f34e1ef0fd76e931af866493dc4afa5f3ab96e5ff5f0378ef8b6bd8637b4d82c8a2b278d71e7ef0e9b996a2e38202fe74f881e1e78630969377b62e4f8f079ab4c6a96d97ae9c43013d85dc4ec1a850b268c986857d5d066402ec18f8610897c582d3cfb099fe62605bba65b73ca059e41bc9dd9997c9d73f9f85eab4d7f60f034778e69210fee228901c1d9f74b109fbb9895cdb8180856cd63c21d20d030137dc3153041f7180ce0d1e3d9c76839c45d54d58bd56fc606afbaa271102d1c2dc7fb4079e6861c31fe095850900338875b493fc9001bbfd04580f147c4f508a01c75c3d000f7b7acf968c9267d9eae39802c7c9d1f5f3bec1a9d45db371a24cad12cd15f6feb4888b5d757c2f569a3f422bc78fa91f0afb2bb8284c853aad797f35f596eb769d3797775b1a6538bde31ae9b39b3a2487356cb0ba7b9ad4f4038cdce9b3cb2c39d601ca535c84698e4c22e1fc85732de7939ef5ab42a3fd1d7ed010218,gx-no-cache=1647289806381 HTTP/1.1" 200 30
190.171.149.74 - - [14/Mar/2022:16:40:35 -0300] "POST /cormun/servlet/solicitudot?gx-no-cache=1647289806422 HTTP/1.1" 200 30
190.171.149.74 - - [14/Mar/2022:16:40:35 -0300] "POST /cormun/servlet/solicitudot?gx-no-cache=1647289806469 HTTP/1.1" 200 1454
190.171.149.74 - - [14/Mar/2022:16:40:35 -0300] "POST /cormun/servlet/solicitudot?gx-no-cache=1647289806513 HTTP/1.1" 200 41
190.171.143.98 - - [14/Mar/2022:16:40:37 -0300] "GET /cormun/servlet/trlicenciaspermisosadjuntos?16856630,20220314000000,L, HTTP/1.1" 200 6623
190.171.143.98 - - [14/Mar/2022:16:40:37 -0300] "GET /cormun/servlet/trlicenciaspermisosadjuntos?16856630,20220314000000,L, HTTP/1.1" 200 6624
190.171.143.98 - - [14/Mar/2022:16:40:39 -0300] "GET /cormun/servlet/licenciaspermisosadjuntos?INS,16856630,L,20220314000000,, HTTP/1.1" 200 5914
190.171.143.98 - - [14/Mar/2022:16:40:39 -0300] "GET /cormun/static/about:blank HTTP/1.1" 404 1011
190.171.143.98 - - [14/Mar/2022:16:40:39 -0300] "GET /cormun/servlet/licenciaspermisosadjuntos?INS,16856630,L,20220314000000,, HTTP/1.1" 200 5904
190.171.149.74 - - [14/Mar/2022:16:40:49 -0300] "GET /cormun/servlet/solicitudot?983a4bab6bd49de2e38c37b4d2d86b818a3d0303e2baf38771c47cbd234ba840e90b84a6d4ae2f5967096981a38327a3350a0dfe854031779e9aa26c1ff77a7aaf04aacb22ac987ae9e06de4f7286be7c6e98fd27ad6fc23396bb7df5a99dcf6c79a8f9f7ac85ef32ea291d02622ed86,gx-no-cache=1647289819792 HTTP/1.1" 200 110
190.171.143.98 - - [14/Mar/2022:16:40:49 -0300] "POST /cormun/servlet/licenciaspermisosadjuntos?03f3ee36dfe05c3f5912d805404fa68a,INS,16856630,L,20220314000000,, HTTP/1.1" 200 116
190.171.149.74 - - [14/Mar/2022:16:40:49 -0300] "POST /cormun/servlet/solicitudot?gx-no-cache=1647289819877 HTTP/1.1" 200 109
190.171.143.98 - - [14/Mar/2022:16:40:49 -0300] "GET /cormun/servlet/hpexe_return? HTTP/1.1" 200 1042
190.171.149.74 - - [14/Mar/2022:16:40:49 -0300] "GET /cormun/servlet/solicitudot?983a4bab6bd49de2e38c37b4d2d86b819577da742997993be56db31982bf3ec654875a71170ad17257a528cce6cdd65a1846fc9e1aa60f39d2698c9b9c6b0547ddddaa34ff81dd25afdadb64a1888ce086814129b219c172d116ad98c1d416bdf0283570b9bb18a7020be55a199c13d7805f1d52c02ad8d10a396d2fe6141137bd1e085feab38c63535bf2034eb3854a4f5aa6db00c4e5760d00a7e25d42ba11,gx-no-cache=1647289819934 HTTP/1.1" 200 29
190.171.149.74 - - [14/Mar/2022:16:40:49 -0300] "GET /cormun/servlet/solicitudot?983a4bab6bd49de2e38c37b4d2d86b8147997aa42457b0760766c1e71506540f7ab3142e620d9ae524aa74d8d59ac8d2,gx-no-cache=1647289819980 HTTP/1.1" 200 30
190.171.149.74 - - [14/Mar/2022:16:40:49 -0300] "POST /cormun/servlet/solicitudot?gx-no-cache=1647289820030 HTTP/1.1" 200 30
190.171.143.98 - - [14/Mar/2022:16:40:49 -0300] "GET /cormun/servlet/trlicenciaspermisosadjuntos?16856630,20220314000000,L, HTTP/1.1" 200 7136
190.171.149.74 - - [14/Mar/2022:16:40:49 -0300] "POST /cormun/servlet/solicitudot?f576310e78f61d9b683bdbbe6d4296c0,UPD,2022,18160,false,,gx-no-cache=1647289820090 HTTP/1.1" 200 93
190.171.149.74 - - [14/Mar/2022:16:40:49 -0300] "GET /cormun/servlet/hpexe_return? HTTP/1.1" 200 1020
190.171.143.98 - - [14/Mar/2022:16:40:49 -0300] "GET /cormun/servlet/trlicenciaspermisosadjuntos?16856630,20220314000000,L, HTTP/1.1" 200 7132
190.171.149.74 - - [14/Mar/2022:16:40:49 -0300] "GET /cormun/servlet/trsolicitudot HTTP/1.1" 200 8486
190.171.149.74 - - [14/Mar/2022:16:40:50 -0300] "GET /cormun/servlet/trsolicitudot HTTP/1.1" 200 8482
190.171.143.98 - - [14/Mar/2022:16:40:52 -0300] "POST /cormun/servlet/trlicenciaspermisosadjuntos?03f3ee36dfe05c3f5912d805404fa68a,16856630,20220314000000,L,,gx-no-cache=1647286107880 HTTP/1.1" 200 90
190.171.143.98 - - [14/Mar/2022:16:40:52 -0300] "GET /cormun/servlet/hpexe_link HTTP/1.1" 200 1007
190.171.143.98 - - [14/Mar/2022:16:40:53 -0300] "GET /cormun/servlet/trlicencias?gx-no-cache=1647286046054 HTTP/1.1" 200 9828
190.171.143.98 - - [14/Mar/2022:16:40:53 -0300] "GET /cormun/servlet/trlicencias?gx-no-cache=1647286046054 HTTP/1.1" 200 9847
190.171.143.98 - - [14/Mar/2022:16:41:13 -0300] "POST /cormun/servlet/trlicencias?03f3ee36dfe05c3f5912d805404fa68a,gx-no-cache=1647286046054,gx-no-cache=1647286128014 HTTP/1.1" 200 7195
190.171.143.98 - - [14/Mar/2022:16:41:13 -0300] "GET /cormun/static/Shared/jqueryui/images/ui-bg_highlight-soft_100_c6c2c8_1x100.png HTTP/1.1" 404 1117
190.171.143.98 - - [14/Mar/2022:16:41:13 -0300] "GET /cormun/static/Shared/jqueryui/images/ui-icons_82798d_256x240.png HTTP/1.1" 404 1089
190.171.143.98 - - [14/Mar/2022:16:41:13 -0300] "GET /cormun/static/Shared/jqueryui/images/ui-bg_flat_55_fafafa_40x100.png HTTP/1.1" 404 1097
190.171.143.98 - - [14/Mar/2022:16:41:13 -0300] "GET /cormun/static/Shared/jqueryui/images/ui-icons_8d78a5_256x240.png HTTP/1.1" 404 1089
190.171.149.74 - - [14/Mar/2022:16:41:29 -0300] "POST /cormun/servlet/trsolicitudot?f576310e78f61d9b683bdbbe6d4296c0,gx-no-cache=1647289859479 HTTP/1.1" 200 4301
190.171.149.74 - - [14/Mar/2022:16:41:29 -0300] "GET /cormun/static/Shared/jqueryui/images/ui-bg_highlight-soft_100_c6c2c8_1x100.png HTTP/1.1" 404 1117
190.171.149.74 - - [14/Mar/2022:16:41:29 -0300] "GET /cormun/static/Shared/jqueryui/images/ui-icons_82798d_256x240.png HTTP/1.1" 404 1089
190.171.149.74 - - [14/Mar/2022:16:41:29 -0300] "GET /cormun/static/Shared/jqueryui/images/ui-bg_flat_55_fafafa_40x100.png HTTP/1.1" 404 1097
190.171.149.74 - - [14/Mar/2022:16:41:29 -0300] "GET /cormun/static/Shared/jqueryui/images/ui-icons_8d78a5_256x240.png HTTP/1.1" 404 1089
190.171.149.74 - - [14/Mar/2022:16:41:29 -0300] "POST /cormun/servlet/trsolicitudot?f576310e78f61d9b683bdbbe6d4296c0,gx-no-cache=1647289859788 HTTP/1.1" 200 4075
190.171.149.74 - - [14/Mar/2022:16:41:44 -0300] "GET /cormun/servlet/hlogin HTTP/1.1" 200 1747
190.171.149.74 - - [14/Mar/2022:16:41:52 -0300] "POST /cormun/servlet/hlogin?f576310e78f61d9b683bdbbe6d4296c0,gx-no-cache=1647289882515 HTTP/1.1" 200 90
190.171.149.74 - - [14/Mar/2022:16:41:52 -0300] "GET /cormun/servlet/hpexe_link HTTP/1.1" 200 957
190.171.149.74 - - [14/Mar/2022:16:41:52 -0300] "GET /cormun/servlet/hhome HTTP/1.1" 200 4235
190.171.149.74 - - [14/Mar/2022:16:41:52 -0300] "GET /cormun/servlet/hhome HTTP/1.1" 200 4231
190.171.149.74 - - [14/Mar/2022:16:41:56 -0300] "GET /cormun/servlet/trautorizarsolicitud? HTTP/1.1" 200 8741
190.171.149.74 - - [14/Mar/2022:16:41:56 -0300] "GET /cormun/servlet/trautorizarsolicitud? HTTP/1.1" 200 8737
190.171.149.74 - - [14/Mar/2022:16:42:25 -0300] "POST /cormun/servlet/trautorizarsolicitud?f576310e78f61d9b683bdbbe6d4296c0,,gx-no-cache=1647289915640 HTTP/1.1" 200 4767
190.171.149.74 - - [14/Mar/2022:16:42:25 -0300] "GET /cormun/static/Shared/jqueryui/images/ui-bg_highlight-soft_100_c6c2c8_1x100.png HTTP/1.1" 404 1117
190.171.149.74 - - [14/Mar/2022:16:42:25 -0300] "GET /cormun/static/Shared/jqueryui/images/ui-bg_flat_55_fafafa_40x100.png HTTP/1.1" 404 1097
190.171.149.74 - - [14/Mar/2022:16:42:25 -0300] "GET /cormun/static/Shared/jqueryui/images/ui-icons_8d78a5_256x240.png HTTP/1.1" 404 1089
190.171.149.74 - - [14/Mar/2022:16:42:25 -0300] "GET /cormun/static/Shared/jqueryui/images/ui-icons_82798d_256x240.png HTTP/1.1" 404 1089
190.171.149.74 - - [14/Mar/2022:16:42:25 -0300] "POST /cormun/servlet/trautorizarsolicitud?f576310e78f61d9b683bdbbe6d4296c0,,gx-no-cache=1647289915869 HTTP/1.1" 200 4539
190.171.153.26 - - [14/Mar/2022:16:46:22 -0300] "GET /cormun/servlet/prbanco?,MD,,gxPopupLevel%3D0%3B HTTP/1.1" 200 6503
190.171.153.26 - - [14/Mar/2022:16:46:51 -0300] "GET /cormun/servlet/solicitudot?1928d7905897945ec59ebc9d2989021b93a8664d320e9dc143e2df7557067e23,gx-no-cache=1647286466922 HTTP/1.1" 200 70
190.171.153.26 - - [14/Mar/2022:16:47:14 -0300] "POST /cormun/servlet/solicitudot?gx-no-cache=1647286489145 HTTP/1.1" 200 255
190.171.153.26 - - [14/Mar/2022:16:47:16 -0300] "GET /cormun/servlet/solicitudot?1928d7905897945ec59ebc9d2989021b55deacfb252a089837cb0c8c3c6f197fa8ff2e43bfef642f2bb6c871492e6e4ce16c06b5e9a30ca125f24f05e4923d999b036d3b944200f787bee787cf568596c27488d4b2f9b1566dad5ba513331dd122243cfec7fef2ab31922b6d4cb6b91cd0bcf695e5639a7c97f71edb42c3535265550d46e4b8346c590f0af363b5698c75749d66b4305a56ba1d32989caace5159c97989074da495c08e0cab8feae7691cae6ee83b044e8836fea44d785b822a00ad34f078224563b6368382b1e4b8a3ccbfcf599a672a7634b0a888abeb936d9a1757a3ac59cdf25983d5a640495bcfb08b6b47713519b3eb91e5eb92745aac531433b349e565920216b088872add47bb0bcc6ca2db2cf844be7eed91ff56bd3717b09eb53b3721e505ca21ea384d6ad3f714fba8ccc10589ad8cb650c1b84adc17e4a2402d36ac05f6788df2dffc097117e58ac6f5965d249293af01d51e7ef41ec64e28e35d573f3329192543d9620e358a38000e9894e58580b4539353da,gx-no-cache=1647286491478 HTTP/1.1" 200 30
190.171.153.26 - - [14/Mar/2022:16:47:21 -0300] "POST /cormun/servlet/solicitudot?gx-no-cache=1647286496697 HTTP/1.1" 200 30
190.171.153.26 - - [14/Mar/2022:16:47:23 -0300] "POST /cormun/servlet/solicitudot?gx-no-cache=1647286498892 HTTP/1.1" 200 1452
190.171.153.26 - - [14/Mar/2022:16:47:23 -0300] "POST /cormun/servlet/solicitudot?gx-no-cache=1647286499006 HTTP/1.1" 200 38
190.171.153.26 - - [14/Mar/2022:16:48:18 -0300] "GET /cormun/servlet/solicitudot?1928d7905897945ec59ebc9d2989021b16fe1eaf657d1b3d8a72240dc4209ed16f5d90aaa9ded0c01cba526fdf5a873c32999d9a0e1aee880dbd80d9c764666860ce7901f946fa7aeccf7128da706ef2d4b2b564ff7d68d74273aa490abee599429e779e230a6553e5abed552a89ade9,gx-no-cache=1647286553458 HTTP/1.1" 200 110
190.171.153.26 - - [14/Mar/2022:16:48:54 -0300] "POST /cormun/servlet/solicitudot?gx-no-cache=1647286589504 HTTP/1.1" 200 97
190.171.153.26 - - [14/Mar/2022:16:49:09 -0300] "GET /cormun/servlet/solicitudot?1928d7905897945ec59ebc9d2989021bc0be443e6ecfeee3556eeeafb1bd9e6aa999f613ee2b35c62af5dd1e2378d96023e42f460cc19b81381d4905f972c2b04970f0fcc5fbf1be00a36e549b0bb07ec9a4f3fe0329c5e822cdb9c66ecba9a5e02f76d33c0ae4f8796d47823877c5fb,gx-no-cache=1647286604485 HTTP/1.1" 200 29
190.171.153.26 - - [14/Mar/2022:16:49:12 -0300] "GET /cormun/servlet/solicitudot?1928d7905897945ec59ebc9d2989021b0d872508d3ac1174008bce014cff51d6bc1d3f4e8a21de7404b0982b34b9131d,gx-no-cache=1647286607816 HTTP/1.1" 200 30
190.171.153.26 - - [14/Mar/2022:16:49:29 -0300] "POST /cormun/servlet/solicitudot?gx-no-cache=1647286624437 HTTP/1.1" 200 30
200.54.107.2 - - [14/Mar/2022:16:50:16 -0300] "GET /cormun/servlet/hlogin HTTP/1.1" 200 1728
200.54.107.2 - - [14/Mar/2022:16:50:17 -0300] "GET /cormun/servlet/hlogin HTTP/1.1" 200 1738
190.171.153.26 - - [14/Mar/2022:16:50:18 -0300] "GET /cormun/servlet/solicitudot?1928d7905897945ec59ebc9d2989021b55deacfb252a089837cb0c8c3c6f197fa8ff2e43bfef642f2bb6c871492e6e4ce16c06b5e9a30ca125f24f05e4923d999b036d3b944200f787bee787cf568596c27488d4b2f9b1566dad5ba513331dd122243cfec7fef2ab31922b6d4cb6b91cd0bcf695e5639a7c97f71edb42c3535265550d46e4b8346c590f0af363b5698c75749d66b4305a56ba1d32989caace5159c97989074da495c08e0cab8feae7691cae6ee83b044e8836fea44d785b822a00ad34f078224563b6368382b1e4b8a3ccbfcf599a672a7634b0a888abeb936d9a1757a3ac59cdf25983d5a640495bcfb08b6b47713519b3eb91e5eb92745aac531433b349e565920216b088872add47bb0bcc6ca2db2cf844be7eed91ff56bd3717b09eb53b3721e505ca21ea384d6ad3f714fba8ccc10589ad8cb650c1b84adc17e4a2402d36ac05f6788df2dffc097117e58ac6f5965d249293af01d51e7ef41ec64e28e35d573f3329192543d962951013aa354c435e0ed6829c4819054d,gx-no-cache=1647286673095 HTTP/1.1" 200 30
190.171.153.26 - - [14/Mar/2022:16:50:18 -0300] "POST /cormun/servlet/solicitudot?gx-no-cache=1647286673147 HTTP/1.1" 200 30
190.171.153.26 - - [14/Mar/2022:16:50:18 -0300] "POST /cormun/servlet/solicitudot?gx-no-cache=1647286673215 HTTP/1.1" 200 1455
190.171.153.26 - - [14/Mar/2022:16:50:18 -0300] "POST /cormun/servlet/solicitudot?gx-no-cache=1647286673306 HTTP/1.1" 200 41
190.171.153.26 - - [14/Mar/2022:16:50:18 -0300] "GET /cormun/servlet/solicitudot?1928d7905897945ec59ebc9d2989021b16fe1eaf657d1b3d8a72240dc4209ed16f5d90aaa9ded0c01cba526fdf5a873c32999d9a0e1aee880dbd80d9c764666860ce7901f946fa7aeccf7128da706ef2d4b2b564ff7d68d74273aa490abee599429e779e230a6553e5abed552a89ade9,gx-no-cache=1647286673365 HTTP/1.1" 200 110
190.171.153.26 - - [14/Mar/2022:16:50:18 -0300] "POST /cormun/servlet/solicitudot?gx-no-cache=1647286673394 HTTP/1.1" 200 97
190.171.153.26 - - [14/Mar/2022:16:50:18 -0300] "GET /cormun/servlet/solicitudot?1928d7905897945ec59ebc9d2989021b0d872508d3ac1174008bce014cff51d6bc1d3f4e8a21de7404b0982b34b9131d,gx-no-cache=1647286673431 HTTP/1.1" 200 30
190.171.153.26 - - [14/Mar/2022:16:50:18 -0300] "POST /cormun/servlet/solicitudot?gx-no-cache=1647286673459 HTTP/1.1" 200 30
190.171.153.26 - - [14/Mar/2022:16:50:18 -0300] "POST /cormun/servlet/solicitudot?9a2235b4a77e5b338145bb4d5e0eb9e8,INS,0,0,false,,gx-no-cache=1647286673495 HTTP/1.1" 200 93
190.171.153.26 - - [14/Mar/2022:16:50:18 -0300] "GET /cormun/servlet/hpexe_return? HTTP/1.1" 200 1013
190.171.153.26 - - [14/Mar/2022:16:50:18 -0300] "GET /cormun/servlet/trsolicitudot? HTTP/1.1" 200 8569
186.67.172.234 - - [14/Mar/2022:16:50:18 -0300] "POST /cormun/servlet/solicitudot?81e538050eb11eb73faedf9ddd235aae,UPD,2022,18157,false,,gx-no-cache=1647286675213 HTTP/1.1" 440 972
186.67.172.234 - - [14/Mar/2022:16:50:21 -0300] "GET /cormun/servlet/solicitudot?UPD,2022,18157,false, HTTP/1.1" 200 15427
186.67.172.234 - - [14/Mar/2022:16:50:21 -0300] "GET /cormun/servlet/hlogin HTTP/1.1" 200 1753
186.67.172.234 - - [14/Mar/2022:16:50:21 -0300] "GET /cormun/servlet/solicitudot?UPD,2022,18157,false, HTTP/1.1" 200 15427
190.171.153.26 - - [14/Mar/2022:16:50:27 -0300] "POST /cormun/servlet/trsolicitudot?9a2235b4a77e5b338145bb4d5e0eb9e8,,gx-no-cache=1647286682080 HTTP/1.1" 200 107
190.171.153.26 - - [14/Mar/2022:16:50:27 -0300] "GET /cormun/servlet/trsolicitudadjuntos?2022,18161, HTTP/1.1" 200 6057
200.54.107.2 - - [14/Mar/2022:16:50:27 -0300] "POST /cormun/servlet/hlogin?7093dea38ba1bee08520d05507fa9411,gx-no-cache=1647286682735 HTTP/1.1" 200 90
200.54.107.2 - - [14/Mar/2022:16:50:27 -0300] "GET /cormun/servlet/hpexe_link HTTP/1.1" 200 956
200.54.107.2 - - [14/Mar/2022:16:50:27 -0300] "GET /cormun/servlet/hhome HTTP/1.1" 200 4351
200.54.107.2 - - [14/Mar/2022:16:50:28 -0300] "GET /cormun/servlet/hhome HTTP/1.1" 200 4347
190.171.153.26 - - [14/Mar/2022:16:50:29 -0300] "GET /cormun/servlet/solicitudotadjuntos?INS,2022,18161,,1, HTTP/1.1" 200 6001
190.171.153.26 - - [14/Mar/2022:16:50:29 -0300] "GET /cormun/static/about:blank HTTP/1.1" 404 1011
190.171.153.26 - - [14/Mar/2022:16:50:30 -0300] "GET /cormun/servlet/solicitudotadjuntos?1928d7905897945ec59ebc9d2989021bc516922ba4a5279fbeadf068f4caca6a5de5f33cae141df796bfde2f54dafd8d,gx-no-cache=1647286685429 HTTP/1.1" 200 30
190.171.153.26 - - [14/Mar/2022:16:50:30 -0300] "POST /cormun/servlet/solicitudotadjuntos?9a2235b4a77e5b338145bb4d5e0eb9e8,INS,2022,18161,,1,,gx-no-cache=1647286685459 HTTP/1.1" 200 3907
200.54.107.2 - - [14/Mar/2022:16:50:31 -0300] "GET /cormun/servlet/trsolicitudot? HTTP/1.1" 200 8973
200.54.107.2 - - [14/Mar/2022:16:50:32 -0300] "GET /cormun/servlet/trsolicitudot? HTTP/1.1" 200 8971
190.171.153.26 - - [14/Mar/2022:16:50:34 -0300] "POST /cormun/servlet/solicitudotadjuntos?gx-no-cache=1647286689605 HTTP/1.1" 200 26
186.67.172.234 - - [14/Mar/2022:16:50:34 -0300] "POST /cormun/servlet/hlogin?d01aefd3e22576dc10b9512cbcd8822c,gx-no-cache=1647286691162 HTTP/1.1" 200 90
186.67.172.234 - - [14/Mar/2022:16:50:34 -0300] "GET /cormun/servlet/hpexe_link HTTP/1.1" 200 969
186.67.172.234 - - [14/Mar/2022:16:50:35 -0300] "GET /cormun/servlet/solicitudot?UPD,2022,18157,false, HTTP/1.1" 200 16550
186.67.172.234 - - [14/Mar/2022:16:50:35 -0300] "GET /cormun/servlet/solicitudot?UPD,2022,18157,false, HTTP/1.1" 200 16562
186.67.172.234 - - [14/Mar/2022:16:50:35 -0300] "POST /cormun/servlet/solicitudot?gx-no-cache=1647286692165 HTTP/1.1" 200 3922
186.67.172.234 - - [14/Mar/2022:16:50:36 -0300] "POST /cormun/servlet/solicitudot?d01aefd3e22576dc10b9512cbcd8822c,UPD,2022,18157,false,,gx-no-cache=1647286692295 HTTP/1.1" 200 12556
186.67.172.234 - - [14/Mar/2022:16:50:36 -0300] "GET /cormun/servlet/solicitudot?14b487317f3941affd3f52d23a0cfa2be6589aebf930d012ced1ac57950900d456ef8c9c624c50d7db4ad559952ae6ac,gx-no-cache=1647286692446 HTTP/1.1" 200 30
186.67.172.234 - - [14/Mar/2022:16:50:36 -0300] "GET /cormun/servlet/solicitudot?14b487317f3941affd3f52d23a0cfa2b3a7c224ccbfb75318a16a5c6d43571c588442f5476f4e3686ad401254283ce0d4e5c7418566f3ed89d3606e08a2869e8,gx-no-cache=1647286692469 HTTP/1.1" 200 30
186.67.172.234 - - [14/Mar/2022:16:50:36 -0300] "GET /cormun/servlet/solicitudot?14b487317f3941affd3f52d23a0cfa2b29f14b3db8bba1a0eca1e7aa69b58632dd43a54bfb7269b05de0ab294b82fc509ed6dcb8f165915fadadeb433d460514348235cb481ad368ed17dd4faa92eba5aa6f83eb2e8b417a7215e1448c28dcba,gx-no-cache=1647286692488 HTTP/1.1" 200 70
186.67.172.234 - - [14/Mar/2022:16:50:36 -0300] "POST /cormun/servlet/solicitudot?gx-no-cache=1647286692509 HTTP/1.1" 200 257
186.67.172.234 - - [14/Mar/2022:16:50:36 -0300] "GET /cormun/servlet/solicitudot?14b487317f3941affd3f52d23a0cfa2b8310872e1dad840c884b7cf66b72a7ef7f4a4c74cc587bfb7d16135de58ee2c6330b7cf2bed4e8dd8123a54a05205a49a9e573225e33848e1fc9c30136fdf81219e2f49f3b302c996247947f509c0424359188502b87c5a98f304490035f295b0184d5a13520d3afed2c5567c5b1306ea4972cfc9e44fbed29a6411511c64de0ab9abd8871434f4fb09d1ef363193cf100de7d84ac27246d6cc8fdf77cf995648c2f2dfa5f593ef3e5e1187e3bb815885f19f93fbf017d9cb1b45b71c4196f74260804eea761fa63e9cf9ccb048aaa505175a5cc684fc79356f6010e2d046f2079f1bcf3c8f963ab0c5df9cfae46f2c468e856a05eaf19767aebe3efc606bd67a5098ff1f7efe29edb4ace7dfc9ad469511c343519696670b8f29417843cce3c1a6c538b408a76f0e04b7249163eaf01ec57bcadf56302ad41e951f77a12bddc5810e44c2e576fc9a1b30f80556d4e4345af4a9f9bbad45c8a6b3174f27dfa3ca6da290946281f207105446adfecac4f,gx-no-cache=1647286692546 HTTP/1.1" 200 30
186.67.172.234 - - [14/Mar/2022:16:50:36 -0300] "POST /cormun/servlet/solicitudot?gx-no-cache=1647286692570 HTTP/1.1" 200 30
186.67.172.234 - - [14/Mar/2022:16:50:36 -0300] "POST /cormun/servlet/solicitudot?gx-no-cache=1647286692592 HTTP/1.1" 200 1454
186.67.172.234 - - [14/Mar/2022:16:50:36 -0300] "POST /cormun/servlet/solicitudot?gx-no-cache=1647286692621 HTTP/1.1" 200 41
200.54.107.2 - - [14/Mar/2022:16:50:38 -0300] "GET /cormun/servlet/solicitudot?INS,0,0,false, HTTP/1.1" 200 16084
200.54.107.2 - - [14/Mar/2022:16:50:38 -0300] "GET /cormun/servlet/solicitudot?INS,0,0,false, HTTP/1.1" 200 16091
186.67.172.234 - - [14/Mar/2022:16:50:42 -0300] "POST /cormun/servlet/solicitudot?d01aefd3e22576dc10b9512cbcd8822c,UPD,2022,18157,false,,gx-no-cache=1647286698919 HTTP/1.1" 200 93
186.67.172.234 - - [14/Mar/2022:16:50:42 -0300] "GET /cormun/servlet/hpexe_return? HTTP/1.1" 200 1012
186.67.172.234 - - [14/Mar/2022:16:50:42 -0300] "GET /cormun/servlet/hhome HTTP/1.1" 200 4369
186.67.172.234 - - [14/Mar/2022:16:50:42 -0300] "GET /cormun/static/gxcfg.js?20201215495537 HTTP/1.1" 200 953
186.67.172.234 - - [14/Mar/2022:16:50:42 -0300] "GET /cormun/static/hhome.js?20201215495544 HTTP/1.1" 200 777
186.67.172.234 - - [14/Mar/2022:16:50:42 -0300] "GET /cormun/servlet/hhome HTTP/1.1" 200 4364
186.67.172.234 - - [14/Mar/2022:16:50:50 -0300] "GET /cormun/servlet/trsolicitudot? HTTP/1.1" 200 8977
186.67.172.234 - - [14/Mar/2022:16:50:50 -0300] "GET /cormun/servlet/trsolicitudot? HTTP/1.1" 200 8975
200.54.107.2 - - [14/Mar/2022:16:50:52 -0300] "POST /cormun/servlet/solicitudot?gx-no-cache=1647286707925 HTTP/1.1" 200 3850
200.54.107.2 - - [14/Mar/2022:16:50:52 -0300] "POST /cormun/servlet/solicitudot?7093dea38ba1bee08520d05507fa9411,INS,0,0,false,,gx-no-cache=1647286708082 HTTP/1.1" 200 12676
186.67.172.234 - - [14/Mar/2022:16:50:53 -0300] "POST /cormun/servlet/trsolicitudot?d01aefd3e22576dc10b9512cbcd8822c,,gx-no-cache=1647286710059 HTTP/1.1" 200 112
186.67.172.234 - - [14/Mar/2022:16:50:53 -0300] "GET /cormun/servlet/solicitudot?UPD,2022,18157,false, HTTP/1.1" 200 16721
186.67.172.234 - - [14/Mar/2022:16:50:54 -0300] "GET /cormun/servlet/solicitudot?UPD,2022,18157,false, HTTP/1.1" 200 16732
186.67.172.234 - - [14/Mar/2022:16:50:54 -0300] "POST /cormun/servlet/solicitudot?gx-no-cache=1647286710946 HTTP/1.1" 200 3922
186.67.172.234 - - [14/Mar/2022:16:50:54 -0300] "POST /cormun/servlet/solicitudot?d01aefd3e22576dc10b9512cbcd8822c,UPD,2022,18157,false,,gx-no-cache=1647286711055 HTTP/1.1" 200 12818
186.67.172.234 - - [14/Mar/2022:16:50:54 -0300] "GET /cormun/servlet/solicitudot?14b487317f3941affd3f52d23a0cfa2be6589aebf930d012ced1ac57950900d456ef8c9c624c50d7db4ad559952ae6ac,gx-no-cache=1647286711205 HTTP/1.1" 200 30
186.67.172.234 - - [14/Mar/2022:16:50:54 -0300] "GET /cormun/servlet/solicitudot?14b487317f3941affd3f52d23a0cfa2b3a7c224ccbfb75318a16a5c6d43571c588442f5476f4e3686ad401254283ce0d4e5c7418566f3ed89d3606e08a2869e8,gx-no-cache=1647286711226 HTTP/1.1" 200 30
186.67.172.234 - - [14/Mar/2022:16:50:54 -0300] "GET /cormun/servlet/solicitudot?14b487317f3941affd3f52d23a0cfa2b29f14b3db8bba1a0eca1e7aa69b58632dd43a54bfb7269b05de0ab294b82fc509ed6dcb8f165915fadadeb433d460514348235cb481ad368ed17dd4faa92eba5aa6f83eb2e8b417a7215e1448c28dcba,gx-no-cache=1647286711243 HTTP/1.1" 200 70
186.67.172.234 - - [14/Mar/2022:16:50:54 -0300] "POST /cormun/servlet/solicitudot?gx-no-cache=1647286711263 HTTP/1.1" 200 257
186.67.172.234 - - [14/Mar/2022:16:50:54 -0300] "GET /cormun/servlet/solicitudot?14b487317f3941affd3f52d23a0cfa2b8310872e1dad840c884b7cf66b72a7ef7f4a4c74cc587bfb7d16135de58ee2c6330b7cf2bed4e8dd8123a54a05205a49a9e573225e33848e1fc9c30136fdf81219e2f49f3b302c996247947f509c0424359188502b87c5a98f304490035f295b0184d5a13520d3afed2c5567c5b1306ea4972cfc9e44fbed29a6411511c64de0ab9abd8871434f4fb09d1ef363193cf100de7d84ac27246d6cc8fdf77cf995648c2f2dfa5f593ef3e5e1187e3bb815885f19f93fbf017d9cb1b45b71c4196f74260804eea761fa63e9cf9ccb048aaa505175a5cc684fc79356f6010e2d046f2079f1bcf3c8f963ab0c5df9cfae46f2c468e856a05eaf19767aebe3efc606bd67a5098ff1f7efe29edb4ace7dfc9ad469511c343519696670b8f29417843cce3c1a6c538b408a76f0e04b7249163eaf01ec57bcadf56302ad41e951f77a12bddc5810e44c2e576fc9a1b30f80556d4e4345af4a9f9bbad45c8a6b3174f27dfa3ca6da290946281f207105446adfecac4f,gx-no-cache=1647286711286 HTTP/1.1" 200 30
186.67.172.234 - - [14/Mar/2022:16:50:54 -0300] "POST /cormun/servlet/solicitudot?gx-no-cache=1647286711305 HTTP/1.1" 200 30
186.67.172.234 - - [14/Mar/2022:16:50:54 -0300] "POST /cormun/servlet/solicitudot?gx-no-cache=1647286711327 HTTP/1.1" 200 1454
186.67.172.234 - - [14/Mar/2022:16:50:55 -0300] "POST /cormun/servlet/solicitudot?gx-no-cache=1647286711357 HTTP/1.1" 200 41
200.54.107.2 - - [14/Mar/2022:16:50:56 -0300] "GET /cormun/servlet/solicitudot?202e8832cd13ea8f36cc791cd3e886daa417ff4d463b87a1c318682550f2d8351f0b7045ce64462095713379f75f0a3e,gx-no-cache=1647286711658 HTTP/1.1" 200 30
190.171.153.26 - - [14/Mar/2022:16:50:57 -0300] "GET /cormun/servlet/solicitudotadjuntos?1928d7905897945ec59ebc9d2989021bb22a0952ccdf17756c90c80f5829e0f8,gx-no-cache=1647286712888 HTTP/1.1" 200 30
190.171.153.26 - - [14/Mar/2022:16:50:57 -0300] "GET /cormun/servlet/solicitudotadjuntos?1928d7905897945ec59ebc9d2989021bb22a0952ccdf17756c90c80f5829e0f8,gx-no-cache=1647286712933 HTTP/1.1" 200 30
190.171.153.26 - - [14/Mar/2022:16:50:57 -0300] "POST /cormun/servlet/solicitudotadjuntos?9a2235b4a77e5b338145bb4d5e0eb9e8,INS,2022,18161,,1, HTTP/1.1" 200 116
190.171.153.26 - - [14/Mar/2022:16:50:58 -0300] "GET /cormun/servlet/hpexe_return? HTTP/1.1" 200 1031
190.171.153.26 - - [14/Mar/2022:16:50:58 -0300] "GET /cormun/servlet/trsolicitudadjuntos?2022,18161, HTTP/1.1" 200 8845
186.67.172.234 - - [14/Mar/2022:16:50:58 -0300] "POST /cormun/servlet/solicitudot?d01aefd3e22576dc10b9512cbcd8822c,UPD,2022,18157,false,,gx-no-cache=1647286715171 HTTP/1.1" 200 93
186.67.172.234 - - [14/Mar/2022:16:50:58 -0300] "GET /cormun/servlet/hpexe_return? HTTP/1.1" 200 1012
186.67.172.234 - - [14/Mar/2022:16:50:59 -0300] "GET /cormun/servlet/trsolicitudot HTTP/1.1" 200 8981
186.67.172.234 - - [14/Mar/2022:16:50:59 -0300] "GET /cormun/servlet/trsolicitudot HTTP/1.1" 200 8975
190.171.153.26 - - [14/Mar/2022:16:51:00 -0300] "GET /cormun/servlet/solicitudotadjuntos?INS,2022,18161,,1, HTTP/1.1" 200 6001
190.171.153.26 - - [14/Mar/2022:16:51:00 -0300] "GET /cormun/static/about:blank HTTP/1.1" 404 1011
190.171.153.26 - - [14/Mar/2022:16:51:01 -0300] "GET /cormun/servlet/solicitudotadjuntos?1928d7905897945ec59ebc9d2989021bc516922ba4a5279fbeadf068f4caca6a5de5f33cae141df796bfde2f54dafd8d,gx-no-cache=1647286716271 HTTP/1.1" 200 30
190.171.153.26 - - [14/Mar/2022:16:51:01 -0300] "POST /cormun/servlet/solicitudotadjuntos?9a2235b4a77e5b338145bb4d5e0eb9e8,INS,2022,18161,,1,,gx-no-cache=1647286716298 HTTP/1.1" 200 3907
190.171.153.26 - - [14/Mar/2022:16:51:06 -0300] "POST /cormun/servlet/solicitudotadjuntos?gx-no-cache=1647286721156 HTTP/1.1" 200 26
186.67.172.234 - - [14/Mar/2022:16:51:06 -0300] "POST /cormun/servlet/trsolicitudot?d01aefd3e22576dc10b9512cbcd8822c,gx-no-cache=1647286722972 HTTP/1.1" 200 4805
186.67.172.234 - - [14/Mar/2022:16:51:06 -0300] "POST /cormun/servlet/trsolicitudot?d01aefd3e22576dc10b9512cbcd8822c,gx-no-cache=1647286723117 HTTP/1.1" 200 4609
190.171.141.106 - - [14/Mar/2022:16:51:08 -0300] "GET /cormun/servlet/trlicencias? HTTP/1.1" 200 11592
190.171.141.106 - - [14/Mar/2022:16:51:08 -0300] "GET /cormun/static/gxui/gxui-all.css?120300 HTTP/1.1" 200 2179
190.171.141.106 - - [14/Mar/2022:16:51:08 -0300] "GET /cormun/static/calendar-system.css?85620 HTTP/1.1" 200 5572
190.171.141.106 - - [14/Mar/2022:16:51:08 -0300] "GET /cormun/static/scaMessage/css/jquery.pnotify.default.css?1816380 HTTP/1.1" 200 1707
190.171.141.106 - - [14/Mar/2022:16:51:08 -0300] "GET /cormun/static/SmoothNavMenu/resources/ddsmoothmenu.css?1112540 HTTP/1.1" 200 2223
190.171.141.106 - - [14/Mar/2022:16:51:08 -0300] "GET /cormun/static/SmoothNavMenu/resources/ddsmoothmenu-v.css?1112540 HTTP/1.1" 200 1188
190.171.141.106 - - [14/Mar/2022:16:51:08 -0300] "GET /cormun/static/Shared/jqueryui/jquery-ui.min.css?1345370 HTTP/1.1" 200 30288
190.171.141.106 - - [14/Mar/2022:16:51:08 -0300] "GET /cormun/static/gxtimezone.js?85251 HTTP/1.1" 200 5781
190.171.141.106 - - [14/Mar/2022:16:51:08 -0300] "GET /cormun/static/Resources/Spanish/PXTools.css?14345360 HTTP/1.1" 200 100853
190.171.141.106 - - [14/Mar/2022:16:51:08 -0300] "GET /cormun/static/gxcfg.js?2020121613995 HTTP/1.1" 200 953
190.171.141.106 - - [14/Mar/2022:16:51:08 -0300] "GET /cormun/static/calendar.js?85251 HTTP/1.1" 200 26246
190.171.141.106 - - [14/Mar/2022:16:51:08 -0300] "GET /cormun/static/calendar-setup.js?85251 HTTP/1.1" 200 2588
190.171.141.106 - - [14/Mar/2022:16:51:08 -0300] "GET /cormun/static/calendar-es.js?85251 HTTP/1.1" 200 1901
190.171.141.106 - - [14/Mar/2022:16:51:08 -0300] "GET /cormun/static/PXToolsJavascripts/pexe_autoreload.js HTTP/1.1" 200 1762
190.171.141.106 - - [14/Mar/2022:16:51:08 -0300] "GET /cormun/static/gxgral.js?85251 HTTP/1.1" 200 384558
190.171.141.106 - - [14/Mar/2022:16:51:08 -0300] "GET /cormun/static/RunJS/RunJS.js HTTP/1.1" 200 288
190.171.141.106 - - [14/Mar/2022:16:51:08 -0300] "GET /cormun/static/PXToolsJavascripts/pexe_cookies.js HTTP/1.1" 200 792
190.171.141.106 - - [14/Mar/2022:16:51:08 -0300] "GET /cormun/static/gxui/gxui-all.js HTTP/1.1" 200 107772
190.171.141.106 - - [14/Mar/2022:16:51:08 -0300] "GET /cormun/static/PXToolsJavascripts/pexe_windows.js HTTP/1.1" 200 15207
190.171.141.106 - - [14/Mar/2022:16:51:08 -0300] "GET /cormun/static/PXToolsJavascripts/pexe_grid.js HTTP/1.1" 200 7559
190.171.141.106 - - [14/Mar/2022:16:51:08 -0300] "GET /cormun/static/PXToolsJavascripts/pexe_griddivfix.js HTTP/1.1" 200 6644
190.171.141.106 - - [14/Mar/2022:16:51:08 -0300] "GET /cormun/static/PXToolsJavascripts/pexe_link.js HTTP/1.1" 200 5671
190.171.141.106 - - [14/Mar/2022:16:51:08 -0300] "GET /cormun/static/PXToolsJavascripts/pexe_menudivfix.js HTTP/1.1" 200 333
190.171.141.106 - - [14/Mar/2022:16:51:08 -0300] "GET /cormun/static/PXToolsJavascripts/pexe_menus.js HTTP/1.1" 200 1286
190.171.141.106 - - [14/Mar/2022:16:51:08 -0300] "GET /cormun/static/PXToolsJavascripts/pexe_layers.js HTTP/1.1" 200 4114
190.171.141.106 - - [14/Mar/2022:16:51:08 -0300] "GET /cormun/static/PXToolsJavascripts/pexe_oav.js HTTP/1.1" 200 645
190.171.141.106 - - [14/Mar/2022:16:51:08 -0300] "GET /cormun/static/PXToolsJavascripts/pexe_oavdivfix.js HTTP/1.1" 200 639
190.171.141.106 - - [14/Mar/2022:16:51:08 -0300] "GET /cormun/static/PXToolsJavascripts/pexe_picture.js HTTP/1.1" 200 689
190.171.141.106 - - [14/Mar/2022:16:51:08 -0300] "GET /cormun/static/PXToolsJavascripts/pexe_popup.js HTTP/1.1" 200 13458
190.171.141.106 - - [14/Mar/2022:16:51:08 -0300] "GET /cormun/static/PXToolsJavascripts/pexe_scrolldiv.js HTTP/1.1" 200 4138
190.171.141.106 - - [14/Mar/2022:16:51:08 -0300] "GET /cormun/static/PXToolsJavascripts/pexe_tabdivfix.js HTTP/1.1" 200 876
190.171.141.106 - - [14/Mar/2022:16:51:08 -0300] "GET /cormun/static/PXToolsJavascripts/pexe_tabs.js HTTP/1.1" 200 3748
190.171.141.106 - - [14/Mar/2022:16:51:08 -0300] "GET /cormun/static/PXToolsJavascripts/pexe_upload.js HTTP/1.1" 200 1423
190.171.141.106 - - [14/Mar/2022:16:51:08 -0300] "GET /cormun/static/PXToolsJavascripts/PXToolsJavascriptsRender.js HTTP/1.1" 200 367
190.171.141.106 - - [14/Mar/2022:16:51:08 -0300] "GET /cormun/static/Shared/ext/resources/css/ext-all.css?215870 HTTP/1.1" 200 416045
190.171.141.106 - - [14/Mar/2022:16:51:08 -0300] "GET /cormun/static/Shared/ext/locale/ext-lang-en.js HTTP/1.1" 200 10940
190.171.141.106 - - [14/Mar/2022:16:51:08 -0300] "GET /cormun/static/messages.spa.js?85251 HTTP/1.1" 200 30736
190.171.141.106 - - [14/Mar/2022:16:51:08 -0300] "GET /cormun/static/gxdec.js?85251 HTTP/1.1" 200 19579
190.171.141.106 - - [14/Mar/2022:16:51:08 -0300] "GET /cormun/static/trlicencias.js?202012162481 HTTP/1.1" 200 41883
190.171.141.106 - - [14/Mar/2022:16:51:08 -0300] "GET /cormun/static/hwchdr01.js?20201214473739 HTTP/1.1" 200 996
190.171.141.106 - - [14/Mar/2022:16:51:08 -0300] "GET /cormun/static/hpexe_recentlink.js?20201214471090 HTTP/1.1" 200 2144
190.171.141.106 - - [14/Mar/2022:16:51:08 -0300] "GET /cormun/static/hpexe_scripts.js?20201214471411 HTTP/1.1" 200 1544
190.171.141.106 - - [14/Mar/2022:16:51:08 -0300] "GET /cormun/static/hpexe_messagecontroller.js?201991422154126 HTTP/1.1" 200 870
190.171.141.106 - - [14/Mar/2022:16:51:08 -0300] "GET /cormun/static/hpexe_messagepopupcomponent.js?2020121447232 HTTP/1.1" 200 605
190.171.141.106 - - [14/Mar/2022:16:51:08 -0300] "GET /cormun/static/hpexe_messagegenexuscomponent.js?2020121447173 HTTP/1.1" 200 587
190.171.141.106 - - [14/Mar/2022:16:51:08 -0300] "GET /cormun/static/cmcontrolpreferences.js?20199141926336 HTTP/1.1" 200 1375
190.171.141.106 - - [14/Mar/2022:16:51:08 -0300] "GET /cormun/static/Shared/jquery/jquery-1.4.2.min.js HTTP/1.1" 200 72174
190.171.141.106 - - [14/Mar/2022:16:51:09 -0300] "GET /cormun/static/Shared/ext/ext-all.js HTTP/1.1" 200 1289687
186.67.172.234 - - [14/Mar/2022:16:51:09 -0300] "GET /cormun/servlet/solicitudot?INS,0,0,false, HTTP/1.1" 200 16077
190.171.141.106 - - [14/Mar/2022:16:51:09 -0300] "GET /cormun/static/Shared/jquery/jquery-1.10.2.min.js HTTP/1.1" 200 273199
190.171.141.106 - - [14/Mar/2022:16:51:09 -0300] "GET /cormun/static/SmoothNavMenu/resources/ddsmoothmenu.js HTTP/1.1" 200 12712
190.171.141.106 - - [14/Mar/2022:16:51:09 -0300] "GET /cormun/static/Shared/jqueryui/jquery-ui.min.js HTTP/1.1" 200 240427
190.171.141.106 - - [14/Mar/2022:16:51:09 -0300] "GET /cormun/static/SmoothNavMenu/resources/SmoothNavMenuRender.js HTTP/1.1" 200 5951
190.171.141.106 - - [14/Mar/2022:16:51:09 -0300] "GET /cormun/static/scaMessage/scaMessageRender.js HTTP/1.1" 200 11977
190.171.141.106 - - [14/Mar/2022:16:51:09 -0300] "GET /cormun/static/hmpwkw03.js?20201215501896 HTTP/1.1" 200 3973
190.171.141.106 - - [14/Mar/2022:16:51:09 -0300] "GET /cormun/static/Resources/ImgHome.png HTTP/1.1" 200 1364
190.171.141.106 - - [14/Mar/2022:16:51:09 -0300] "GET /cormun/static/scaMessage/js/jquery.pnotify.min.js HTTP/1.1" 200 13038
190.171.141.106 - - [14/Mar/2022:16:51:09 -0300] "GET /cormun/static/Resources/Logo2019_Small.png HTTP/1.1" 200 10855
190.171.141.106 - - [14/Mar/2022:16:51:09 -0300] "GET /cormun/static/Resources/ImgLogin.png HTTP/1.1" 200 1432
190.171.141.106 - - [14/Mar/2022:16:51:09 -0300] "GET /cormun/static/Resources/Llave.png HTTP/1.1" 200 1395
190.171.141.106 - - [14/Mar/2022:16:51:09 -0300] "GET /cormun/static/Resources/PXTools/calendar.png HTTP/1.1" 200 1306
190.171.141.106 - - [14/Mar/2022:16:51:09 -0300] "GET /cormun/static/Resources/PXToolsDataSearch.png HTTP/1.1" 200 435
190.171.141.106 - - [14/Mar/2022:16:51:09 -0300] "GET /cormun/static/Resources/PXToolsGridFirstDisabled.gif HTTP/1.1" 200 100
190.171.141.106 - - [14/Mar/2022:16:51:09 -0300] "GET /cormun/static/Resources/PXToolsGridPreviousDisabled.gif HTTP/1.1" 200 90
190.171.141.106 - - [14/Mar/2022:16:51:09 -0300] "GET /cormun/static/Resources/PXToolsGridNextDisabled.gif HTTP/1.1" 200 90
190.171.141.106 - - [14/Mar/2022:16:51:09 -0300] "GET /cormun/static/Resources/PXToolsGridLastDisabled.gif HTTP/1.1" 200 98
190.171.141.106 - - [14/Mar/2022:16:51:09 -0300] "GET /cormun/static/Resources/PXToolsGridPage.gif HTTP/1.1" 200 725
190.171.141.106 - - [14/Mar/2022:16:51:09 -0300] "GET /cormun/static/Resources/PXToolsActionExcel.png HTTP/1.1" 200 727
190.171.141.106 - - [14/Mar/2022:16:51:09 -0300] "GET /cormun/static/Resources/PXToolsAddAllAction.png HTTP/1.1" 200 495
190.171.141.106 - - [14/Mar/2022:16:51:09 -0300] "GET /cormun/static/Resources/PXToolsDataTitle.png HTTP/1.1" 200 1173
186.67.172.234 - - [14/Mar/2022:16:51:09 -0300] "GET /cormun/servlet/solicitudot?INS,0,0,false, HTTP/1.1" 200 16084
190.171.141.106 - - [14/Mar/2022:16:51:09 -0300] "GET /cormun/static/Resources/indicator.gif HTTP/1.1" 200 1553
190.171.141.106 - - [14/Mar/2022:16:51:09 -0300] "GET /cormun/servlet/hlogin HTTP/1.1" 200 1743
190.171.141.106 - - [14/Mar/2022:16:51:09 -0300] "GET /cormun/servlet/trlicencias? HTTP/1.1" 200 11603
190.171.141.106 - - [14/Mar/2022:16:51:09 -0300] "GET /cormun/static/Resources/asc.gif HTTP/1.1" 200 67
190.171.141.106 - - [14/Mar/2022:16:51:09 -0300] "GET /cormun/static/Resources/desc.gif HTTP/1.1" 200 65
190.171.141.106 - - [14/Mar/2022:16:51:09 -0300] "GET /cormun//static/Resources/PXToolsActionDisabled.gif HTTP/1.1" 200 53
190.171.141.106 - - [14/Mar/2022:16:51:09 -0300] "GET /cormun//static/Resources/PXToolsGridDisplay.png HTTP/1.1" 200 525
190.171.141.106 - - [14/Mar/2022:16:51:09 -0300] "GET /cormun//static/Resources/PXToolsActionPrint.png HTTP/1.1" 200 404
190.171.141.106 - - [14/Mar/2022:16:51:09 -0300] "GET /cormun//static/Resources/PXToolsHeaderHelp.png HTTP/1.1" 200 1333
190.171.141.106 - - [14/Mar/2022:16:51:09 -0300] "GET /cormun//static/Resources/PXTools/ActionInsert.png HTTP/1.1" 200 1482
190.171.141.106 - - [14/Mar/2022:16:51:09 -0300] "GET /cormun//static/Resources/PXToolsHeaderFavorites.png HTTP/1.1" 200 1414
190.171.141.106 - - [14/Mar/2022:16:51:09 -0300] "GET /cormun/static/Shared/ext/resources/themes/images/default/panel/bg-headersPanel.png HTTP/1.1" 200 255
190.171.141.106 - - [14/Mar/2022:16:51:09 -0300] "GET /cormun/static/Shared/ext/resources/themes/images/default/tools/tool-sprites.gif HTTP/1.1" 200 5434
190.171.141.106 - - [14/Mar/2022:16:51:09 -0300] "GET /cormun/servlet/trlicencias? HTTP/1.1" 200 11603
190.171.141.106 - - [14/Mar/2022:16:51:09 -0300] "GET /cormun/static/gxcfg.js?201910216285969 HTTP/1.1" 200 953
190.171.141.106 - - [14/Mar/2022:16:51:09 -0300] "GET /cormun/static/hlogin.js?201910216285995 HTTP/1.1" 200 2136
190.171.141.106 - - [14/Mar/2022:16:51:09 -0300] "GET /cormun/static/Resources/Spanish/PXTools.css?2294816 HTTP/1.1" 200 100853
190.171.141.106 - - [14/Mar/2022:16:51:09 -0300] "GET /cormun/static/Resources/Logo2019_Grande.png HTTP/1.1" 200 31733
190.171.141.106 - - [14/Mar/2022:16:51:09 -0300] "GET /cormun/static/Resources/PXToolsButtonLeft.png HTTP/1.1" 200 1310
190.171.141.106 - - [14/Mar/2022:16:51:09 -0300] "GET /cormun/static/Resources/PXToolsLoginBackground.png HTTP/1.1" 200 1164
190.171.141.106 - - [14/Mar/2022:16:51:09 -0300] "GET /cormun/static/Resources/PXToolsLoginTop.png HTTP/1.1" 200 1337
190.171.141.106 - - [14/Mar/2022:16:51:09 -0300] "GET /cormun/static/Resources/PXToolsButtonBackground.png HTTP/1.1" 200 1176
190.171.141.106 - - [14/Mar/2022:16:51:09 -0300] "GET /cormun/static/Resources/PXToolsButtonRight.png HTTP/1.1" 200 1294
190.171.141.106 - - [14/Mar/2022:16:51:09 -0300] "GET /cormun/static/Resources/PXToolsLoginBottom.png HTTP/1.1" 200 1389
190.171.141.106 - - [14/Mar/2022:16:51:09 -0300] "GET /favicon.ico HTTP/1.1" 200 21630
190.171.153.26 - - [14/Mar/2022:16:51:17 -0300] "GET /cormun/servlet/solicitudotadjuntos?1928d7905897945ec59ebc9d2989021bb22a0952ccdf17756c90c80f5829e0f8,gx-no-cache=1647286732367 HTTP/1.1" 200 30
190.171.153.26 - - [14/Mar/2022:16:51:17 -0300] "GET /cormun/servlet/solicitudotadjuntos?1928d7905897945ec59ebc9d2989021bb22a0952ccdf17756c90c80f5829e0f8,gx-no-cache=1647286732392 HTTP/1.1" 200 30
190.171.153.26 - - [14/Mar/2022:16:51:17 -0300] "POST /cormun/servlet/solicitudotadjuntos?9a2235b4a77e5b338145bb4d5e0eb9e8,INS,2022,18161,,1, HTTP/1.1" 200 116
190.171.153.26 - - [14/Mar/2022:16:51:17 -0300] "GET /cormun/servlet/hpexe_return? HTTP/1.1" 200 1031
190.171.153.26 - - [14/Mar/2022:16:51:17 -0300] "GET /cormun/servlet/trsolicitudadjuntos?2022,18161, HTTP/1.1" 200 9087
190.171.141.106 - - [14/Mar/2022:16:51:19 -0300] "POST /cormun/servlet/hlogin?cbbcfe83bd87cfbafb74728582c00cab,gx-no-cache=1647286726277 HTTP/1.1" 200 90
190.171.141.106 - - [14/Mar/2022:16:51:19 -0300] "GET /cormun/servlet/hpexe_link HTTP/1.1" 200 958
190.171.141.106 - - [14/Mar/2022:16:51:19 -0300] "GET /cormun/static/gxcfg.js?201991422392958 HTTP/1.1" 200 953
190.171.141.106 - - [14/Mar/2022:16:51:19 -0300] "GET /cormun/static/hpexe_link.js?201991422392963 HTTP/1.1" 200 625
190.171.153.26 - - [14/Mar/2022:16:51:19 -0300] "GET /cormun/servlet/solicitudotadjuntos?INS,2022,18161,,1, HTTP/1.1" 200 6001
190.171.141.106 - - [14/Mar/2022:16:51:19 -0300] "GET /cormun/servlet/trlicencias HTTP/1.1" 200 9540
190.171.153.26 - - [14/Mar/2022:16:51:20 -0300] "GET /cormun/static/about:blank HTTP/1.1" 404 1011
190.171.141.106 - - [14/Mar/2022:16:51:20 -0300] "GET /cormun/static/SmoothNavMenu/resources/images/right.gif HTTP/1.1" 200 860
190.171.141.106 - - [14/Mar/2022:16:51:20 -0300] "GET /cormun/static/SmoothNavMenu/resources/images/down.gif HTTP/1.1" 200 854
190.171.141.106 - - [14/Mar/2022:16:51:20 -0300] "GET /cormun/servlet/trlicencias HTTP/1.1" 200 9538
190.171.153.26 - - [14/Mar/2022:16:51:20 -0300] "GET /cormun/servlet/solicitudotadjuntos?1928d7905897945ec59ebc9d2989021bc516922ba4a5279fbeadf068f4caca6a5de5f33cae141df796bfde2f54dafd8d,gx-no-cache=1647286735787 HTTP/1.1" 200 30
190.171.153.26 - - [14/Mar/2022:16:51:20 -0300] "POST /cormun/servlet/solicitudotadjuntos?9a2235b4a77e5b338145bb4d5e0eb9e8,INS,2022,18161,,1,,gx-no-cache=1647286735878 HTTP/1.1" 200 3907
186.67.172.234 - - [14/Mar/2022:16:51:25 -0300] "POST /cormun/servlet/solicitudot?gx-no-cache=1647286742110 HTTP/1.1" 200 3962
186.67.172.234 - - [14/Mar/2022:16:51:26 -0300] "POST /cormun/servlet/solicitudot?d01aefd3e22576dc10b9512cbcd8822c,INS,0,0,false,,gx-no-cache=1647286742283 HTTP/1.1" 200 12787
190.171.153.26 - - [14/Mar/2022:16:51:27 -0300] "POST /cormun/servlet/solicitudotadjuntos?gx-no-cache=1647286742805 HTTP/1.1" 200 26
186.67.172.234 - - [14/Mar/2022:16:51:32 -0300] "GET /cormun/servlet/solicitudot?14b487317f3941affd3f52d23a0cfa2be6589aebf930d012ced1ac57950900d453a4f93b0a55935bcd662ded2afe248b,gx-no-cache=1647286749050 HTTP/1.1" 200 30
186.67.172.234 - - [14/Mar/2022:16:51:32 -0300] "GET /cormun/servlet/solicitudot?14b487317f3941affd3f52d23a0cfa2b3a7c224ccbfb75318a16a5c6d43571c588442f5476f4e3686ad401254283ce0de41999451ee2e22c1faca1d3d2997de4,gx-no-cache=1647286749147 HTTP/1.1" 200 30
186.67.172.234 - - [14/Mar/2022:16:51:32 -0300] "GET /cormun/servlet/solicitudot?14b487317f3941affd3f52d23a0cfa2b5ff8b02a08c3ded107b2ec9f337cd451,gx-no-cache=1647286749202 HTTP/1.1" 200 53
186.67.172.234 - - [14/Mar/2022:16:51:34 -0300] "GET /cormun/servlet/prbanco?,MD,,gxPopupLevel%3D0%3B HTTP/1.1" 200 6668
190.171.153.26 - - [14/Mar/2022:16:51:38 -0300] "GET /cormun/servlet/solicitudotadjuntos?1928d7905897945ec59ebc9d2989021bb22a0952ccdf17756c90c80f5829e0f8,gx-no-cache=1647286753310 HTTP/1.1" 200 30
190.171.153.26 - - [14/Mar/2022:16:51:38 -0300] "GET /cormun/servlet/solicitudotadjuntos?1928d7905897945ec59ebc9d2989021bb22a0952ccdf17756c90c80f5829e0f8,gx-no-cache=1647286753334 HTTP/1.1" 200 30
190.171.153.26 - - [14/Mar/2022:16:51:38 -0300] "POST /cormun/servlet/solicitudotadjuntos?9a2235b4a77e5b338145bb4d5e0eb9e8,INS,2022,18161,,1, HTTP/1.1" 200 116
190.171.153.26 - - [14/Mar/2022:16:51:38 -0300] "GET /cormun/servlet/hpexe_return? HTTP/1.1" 200 1031
190.171.153.26 - - [14/Mar/2022:16:51:38 -0300] "GET /cormun/servlet/trsolicitudadjuntos?2022,18161, HTTP/1.1" 200 9270
186.67.172.234 - - [14/Mar/2022:16:51:40 -0300] "GET /cormun/servlet/solicitudot?14b487317f3941affd3f52d23a0cfa2b29f14b3db8bba1a0eca1e7aa69b586329cb20424e4d7247f1449e012d6f245041730c65849b34a13b0fa2d21269716d2,gx-no-cache=1647286757233 HTTP/1.1" 200 70
190.171.153.26 - - [14/Mar/2022:16:51:41 -0300] "GET /cormun/servlet/solicitudotadjuntos?INS,2022,18161,,1, HTTP/1.1" 200 6001
190.171.153.26 - - [14/Mar/2022:16:51:41 -0300] "GET /cormun/static/about:blank HTTP/1.1" 404 1011
190.171.153.26 - - [14/Mar/2022:16:51:42 -0300] "GET /cormun/servlet/solicitudotadjuntos?1928d7905897945ec59ebc9d2989021bc516922ba4a5279fbeadf068f4caca6a5de5f33cae141df796bfde2f54dafd8d,gx-no-cache=1647286757657 HTTP/1.1" 200 30
190.171.153.26 - - [14/Mar/2022:16:51:42 -0300] "POST /cormun/servlet/solicitudotadjuntos?9a2235b4a77e5b338145bb4d5e0eb9e8,INS,2022,18161,,1,,gx-no-cache=1647286757682 HTTP/1.1" 200 3907
190.171.153.26 - - [14/Mar/2022:16:51:46 -0300] "POST /cormun/servlet/solicitudotadjuntos?gx-no-cache=1647286761390 HTTP/1.1" 200 26
186.67.172.234 - - [14/Mar/2022:16:51:55 -0300] "POST /cormun/servlet/solicitudot?gx-no-cache=1647286771437 HTTP/1.1" 200 255
186.67.172.234 - - [14/Mar/2022:16:51:55 -0300] "GET /cormun/servlet/solicitudot?14b487317f3941affd3f52d23a0cfa2b8310872e1dad840c884b7cf66b72a7efba7ad97c3d8cb7c9bd0dd6fe78d5c2c8330b7cf2bed4e8dd8123a54a05205a49a9e573225e33848e1fc9c30136fdf81219e2f49f3b302c996247947f509c0424359188502b87c5a98f304490035f295b0184d5a13520d3afed2c5567c5b1306ea4972cfc9e44fbed29a6411511c64de0ab9abd8871434f4fb09d1ef363193cf100de7d84ac27246d6cc8fdf77cf995648c2f2dfa5f593ef3e5e1187e3bb815885f19f93fbf017d9cb1b45b71c4196f74260804eea761fa63e9cf9ccb048aaa505175a5cc684fc79356f6010e2d046f20c3d2b3c986484f21b8011a585d27748f68e856a05eaf19767aebe3efc606bd67a44ae6ec25fbd0a3f3579c5b95d98fa613c2d58d968d813862c8a4e9dd5ca6c3e8df096f014170c484bb4868682dde3d88a098f61e31c4ed0b365dd31f47573ce13d62380b57cf1813ccf7013a4a3efd5a54ef2d7b9798082bfe3ed94a112e32698b2bcfc5dbf297c80b69a7fd3dd524,gx-no-cache=1647286771464 HTTP/1.1" 200 30
186.67.172.234 - - [14/Mar/2022:16:51:56 -0300] "POST /cormun/servlet/solicitudot?gx-no-cache=1647286773273 HTTP/1.1" 200 30
190.171.153.26 - - [14/Mar/2022:16:51:57 -0300] "GET /cormun/servlet/solicitudotadjuntos?1928d7905897945ec59ebc9d2989021bb22a0952ccdf17756c90c80f5829e0f8,gx-no-cache=1647286772950 HTTP/1.1" 200 30
190.171.153.26 - - [14/Mar/2022:16:51:57 -0300] "GET /cormun/servlet/solicitudotadjuntos?1928d7905897945ec59ebc9d2989021bb22a0952ccdf17756c90c80f5829e0f8,gx-no-cache=1647286772972 HTTP/1.1" 200 30
190.171.153.26 - - [14/Mar/2022:16:51:57 -0300] "POST /cormun/servlet/solicitudotadjuntos?9a2235b4a77e5b338145bb4d5e0eb9e8,INS,2022,18161,,1, HTTP/1.1" 200 116
190.171.153.26 - - [14/Mar/2022:16:51:58 -0300] "GET /cormun/servlet/hpexe_return? HTTP/1.1" 200 1031
190.171.153.26 - - [14/Mar/2022:16:51:58 -0300] "GET /cormun/servlet/trsolicitudadjuntos?2022,18161, HTTP/1.1" 200 9522
186.67.172.234 - - [14/Mar/2022:16:51:58 -0300] "POST /cormun/servlet/solicitudot?gx-no-cache=1647286774724 HTTP/1.1" 200 1454
186.67.172.234 - - [14/Mar/2022:16:51:58 -0300] "POST /cormun/servlet/solicitudot?gx-no-cache=1647286774763 HTTP/1.1" 200 38
190.171.153.26 - - [14/Mar/2022:16:52:00 -0300] "GET /cormun/servlet/solicitudotadjuntos?INS,2022,18161,,1, HTTP/1.1" 200 6001
190.171.153.26 - - [14/Mar/2022:16:52:00 -0300] "GET /cormun/static/about:blank HTTP/1.1" 404 1011
190.171.153.26 - - [14/Mar/2022:16:52:01 -0300] "GET /cormun/servlet/solicitudotadjuntos?1928d7905897945ec59ebc9d2989021bc516922ba4a5279fbeadf068f4caca6a5de5f33cae141df796bfde2f54dafd8d,gx-no-cache=1647286776640 HTTP/1.1" 200 30
190.171.153.26 - - [14/Mar/2022:16:52:01 -0300] "POST /cormun/servlet/solicitudotadjuntos?9a2235b4a77e5b338145bb4d5e0eb9e8,INS,2022,18161,,1,,gx-no-cache=1647286776667 HTTP/1.1" 200 3907
190.171.153.26 - - [14/Mar/2022:16:52:06 -0300] "POST /cormun/servlet/solicitudotadjuntos?gx-no-cache=1647286781308 HTTP/1.1" 200 26
190.171.153.26 - - [14/Mar/2022:16:52:14 -0300] "GET /cormun/servlet/solicitudotadjuntos?1928d7905897945ec59ebc9d2989021bb22a0952ccdf17756c90c80f5829e0f8,gx-no-cache=1647286789399 HTTP/1.1" 200 30
190.171.153.26 - - [14/Mar/2022:16:52:14 -0300] "GET /cormun/servlet/solicitudotadjuntos?1928d7905897945ec59ebc9d2989021bb22a0952ccdf17756c90c80f5829e0f8,gx-no-cache=1647286789415 HTTP/1.1" 200 30
190.171.153.26 - - [14/Mar/2022:16:52:14 -0300] "POST /cormun/servlet/solicitudotadjuntos?9a2235b4a77e5b338145bb4d5e0eb9e8,INS,2022,18161,,1, HTTP/1.1" 200 116
190.171.153.26 - - [14/Mar/2022:16:52:14 -0300] "GET /cormun/servlet/hpexe_return? HTTP/1.1" 200 1031
190.171.153.26 - - [14/Mar/2022:16:52:15 -0300] "GET /cormun/servlet/trsolicitudadjuntos?2022,18161, HTTP/1.1" 200 9795
190.171.153.26 - - [14/Mar/2022:16:52:17 -0300] "GET /cormun/servlet/solicitudotadjuntos?INS,2022,18161,,1, HTTP/1.1" 200 6001
190.171.153.26 - - [14/Mar/2022:16:52:17 -0300] "GET /cormun/static/about:blank HTTP/1.1" 404 1011
190.171.153.26 - - [14/Mar/2022:16:52:18 -0300] "GET /cormun/servlet/solicitudotadjuntos?1928d7905897945ec59ebc9d2989021bc516922ba4a5279fbeadf068f4caca6a5de5f33cae141df796bfde2f54dafd8d,gx-no-cache=1647286793469 HTTP/1.1" 200 30
190.171.153.26 - - [14/Mar/2022:16:52:18 -0300] "POST /cormun/servlet/solicitudotadjuntos?9a2235b4a77e5b338145bb4d5e0eb9e8,INS,2022,18161,,1,,gx-no-cache=1647286793500 HTTP/1.1" 200 3907
190.171.153.26 - - [14/Mar/2022:16:52:21 -0300] "POST /cormun/servlet/solicitudotadjuntos?gx-no-cache=1647286797036 HTTP/1.1" 200 26
186.67.172.234 - - [14/Mar/2022:16:52:22 -0300] "GET /cormun/servlet/solicitudot?14b487317f3941affd3f52d23a0cfa2b075137d54fa12294f7ef6f523bac447d58a78c22e9debd80de54438bdc5a5e96a34f9615063ceedfc4ec3b9b2d71e26328c2f1b2ef9635de1460a2d51dd9c7daf5904caa068d4209abdff63f715daa169a3eb2c3c39a005ce926444e4402e0d9,gx-no-cache=1647286798804 HTTP/1.1" 200 110
190.171.153.26 - - [14/Mar/2022:16:52:29 -0300] "GET /cormun/servlet/solicitudotadjuntos?1928d7905897945ec59ebc9d2989021bb22a0952ccdf17756c90c80f5829e0f8,gx-no-cache=1647286804351 HTTP/1.1" 200 30
190.171.153.26 - - [14/Mar/2022:16:52:29 -0300] "GET /cormun/servlet/solicitudotadjuntos?1928d7905897945ec59ebc9d2989021bb22a0952ccdf17756c90c80f5829e0f8,gx-no-cache=1647286804369 HTTP/1.1" 200 30
190.171.153.26 - - [14/Mar/2022:16:52:29 -0300] "POST /cormun/servlet/solicitudotadjuntos?9a2235b4a77e5b338145bb4d5e0eb9e8,INS,2022,18161,,1, HTTP/1.1" 200 116
190.171.153.26 - - [14/Mar/2022:16:52:29 -0300] "GET /cormun/servlet/hpexe_return? HTTP/1.1" 200 1031
190.171.153.26 - - [14/Mar/2022:16:52:29 -0300] "GET /cormun/servlet/trsolicitudadjuntos?2022,18161, HTTP/1.1" 200 9966
200.54.107.2 - - [14/Mar/2022:16:52:30 -0300] "GET /cormun/servlet/solicitudot?202e8832cd13ea8f36cc791cd3e886daf74831c5dd115a2a62b8ea4f58fd4fe204b5a4d33bd2e6f08054f729408356471f0b7045ce64462095713379f75f0a3e,gx-no-cache=1647286806331 HTTP/1.1" 200 30
200.54.107.2 - - [14/Mar/2022:16:52:33 -0300] "GET /cormun/servlet/solicitudot?202e8832cd13ea8f36cc791cd3e886da0a3c883c11881ef7461484a73dba13b1,gx-no-cache=1647286808553 HTTP/1.1" 200 53
190.171.153.26 - - [14/Mar/2022:16:52:34 -0300] "GET /cormun/servlet/trsolicitudot? HTTP/1.1" 200 8572
186.67.172.234 - - [14/Mar/2022:16:52:38 -0300] "POST /cormun/servlet/solicitudot?gx-no-cache=1647286814836 HTTP/1.1" 200 97
