200.54.103.162 - - [14/Mar/2022:10:55:30 -0300] "GET /cormun/servlet/hpexe_link HTTP/1.1" 200 987
200.54.103.162 - - [14/Mar/2022:10:55:30 -0300] "GET /cormun/servlet/trlicencias HTTP/1.1" 200 11029
200.54.103.162 - - [14/Mar/2022:10:55:30 -0300] "GET /cormun/servlet/trlicencias HTTP/1.1" 200 11027
200.54.103.162 - - [14/Mar/2022:10:55:33 -0300] "GET /cormun/servlet/alicenciaprn?15807616,L,20220314000000,PU HTTP/1.1" 200 1535
190.171.143.98 - - [14/Mar/2022:10:55:38 -0300] "POST /cormun/servlet/solicitudot?gx-no-cache=1647265393751 HTTP/1.1" 200 3858
190.171.143.98 - - [14/Mar/2022:10:55:38 -0300] "POST /cormun/servlet/solicitudot?1a716d2ccc1cf6bb48fae1af14e8b741,INS,0,0,false,,gx-no-cache=1647265393922 HTTP/1.1" 200 12673
190.171.142.42 - - [14/Mar/2022:10:55:39 -0300] "POST /cormun/servlet/solicitudot?gx-no-cache=1647265395385 HTTP/1.1" 200 30
190.171.142.42 - - [14/Mar/2022:10:55:39 -0300] "POST /cormun/servlet/solicitudot?gx-no-cache=1647265395421 HTTP/1.1" 200 1453
190.171.142.42 - - [14/Mar/2022:10:55:40 -0300] "POST /cormun/servlet/solicitudot?gx-no-cache=1647265395461 HTTP/1.1" 200 38
190.171.143.98 - - [14/Mar/2022:10:55:45 -0300] "GET /cormun/servlet/prfichaempleado?,MD,,gxPopupLevel%3D0%3B HTTP/1.1" 200 9295
200.54.103.162 - - [14/Mar/2022:10:55:52 -0300] "POST /cormun/servlet/trlicencias?8e03b85ecec891654eb3aaa897884321,gx-no-cache=1647265407799 HTTP/1.1" 200 8353
200.54.103.162 - - [14/Mar/2022:10:55:53 -0300] "GET /cormun/static/Shared/jqueryui/images/ui-bg_highlight-soft_100_c6c2c8_1x100.png HTTP/1.1" 404 1117
200.54.103.162 - - [14/Mar/2022:10:55:53 -0300] "GET /cormun/static/Shared/jqueryui/images/ui-icons_8d78a5_256x240.png HTTP/1.1" 404 1089
200.54.103.162 - - [14/Mar/2022:10:55:53 -0300] "GET /cormun/static/Shared/jqueryui/images/ui-icons_82798d_256x240.png HTTP/1.1" 404 1089
200.54.103.162 - - [14/Mar/2022:10:55:53 -0300] "GET /cormun/static/Shared/jqueryui/images/ui-bg_flat_55_fafafa_40x100.png HTTP/1.1" 404 1097
190.171.143.98 - - [14/Mar/2022:10:55:56 -0300] "POST /cormun/servlet/prfichaempleado?1a716d2ccc1cf6bb48fae1af14e8b741,,MD,,gxPopupLevel%3D0%3B,gx-no-cache=1647265411666 HTTP/1.1" 200 3169
190.171.143.98 - - [14/Mar/2022:10:56:18 -0300] "POST /cormun/servlet/prfichaempleado?1a716d2ccc1cf6bb48fae1af14e8b741,,MD,,gxPopupLevel%3D0%3B,gx-no-cache=1647265432937 HTTP/1.1" 200 3169
190.171.143.98 - - [14/Mar/2022:10:56:25 -0300] "GET /cormun/servlet/prfichaempleado?,MD,,gxPopupLevel%3D0%3B HTTP/1.1" 200 9295
190.171.142.42 - - [14/Mar/2022:10:56:42 -0300] "GET /cormun/servlet/solicitudot?98dc43ce96a9bda828592bdbf368810d105b41896d9ae73181f60ec278ab5b56f2101e4d2eae65698ebb4c5557fb2b2a6c0f411694f69291e21804fb1a3cf701671e033afa990c7cc032f020d5d58c45ab8f815e37c87f713acf4cbdf6554fa2a577ef117fc4bebaa7261baae3533e2f,gx-no-cache=1647265457842 HTTP/1.1" 200 110
190.171.142.42 - - [14/Mar/2022:10:56:50 -0300] "POST /cormun/servlet/solicitudot?gx-no-cache=1647265466299 HTTP/1.1" 200 64
190.171.142.42 - - [14/Mar/2022:10:56:58 -0300] "GET /cormun/servlet/solicitudot?98dc43ce96a9bda828592bdbf368810d425545d1bae5a762a166704123803d193691249b3b768a9bc62a09716fa38066ef3e2ea8d4881bb0717b8ebb47802d3f2aece3bf8c5daf74431384c34857836e6b1d108eae372945b8d1a3cc414eff56e9b73cf56714ee2224de2bea81901a80,gx-no-cache=1647265474416 HTTP/1.1" 200 29
190.171.142.42 - - [14/Mar/2022:10:56:59 -0300] "GET /cormun/static/menuarrow.gif HTTP/1.1" 404 1015
190.171.142.42 - - [14/Mar/2022:10:57:12 -0300] "GET /cormun/servlet/solicitudot?98dc43ce96a9bda828592bdbf368810d7fd2998c282a70b75401ff9ff0b92d96bd50fd847a578d76b8d5bf66562616a7,gx-no-cache=1647265487409 HTTP/1.1" 200 30
190.171.141.90 - - [14/Mar/2022:10:57:15 -0300] "GET /cormun/servlet/trlicencias? HTTP/1.1" 200 11612
190.171.141.90 - - [14/Mar/2022:10:57:16 -0300] "GET /cormun/servlet/hlogin HTTP/1.1" 200 1746
190.171.141.90 - - [14/Mar/2022:10:57:16 -0300] "GET /cormun/servlet/trlicencias? HTTP/1.1" 200 11608
190.171.141.90 - - [14/Mar/2022:10:57:30 -0300] "POST /cormun/servlet/hlogin?10b36603311c7e437abc80a4fc0a58c7,gx-no-cache=1647265507882 HTTP/1.1" 200 90
190.171.141.90 - - [14/Mar/2022:10:57:30 -0300] "GET /cormun/servlet/hpexe_link HTTP/1.1" 200 959
190.171.141.90 - - [14/Mar/2022:10:57:30 -0300] "GET /cormun/servlet/trlicencias HTTP/1.1" 200 13445
190.171.141.90 - - [14/Mar/2022:10:57:31 -0300] "GET /cormun/servlet/trlicencias HTTP/1.1" 200 13443
190.171.141.90 - - [14/Mar/2022:10:57:33 -0300] "GET /cormun/servlet/trlicencias? HTTP/1.1" 200 13443
190.171.141.90 - - [14/Mar/2022:10:57:34 -0300] "GET /cormun/servlet/trlicencias? HTTP/1.1" 200 13443
190.171.142.42 - - [14/Mar/2022:10:57:40 -0300] "POST /cormun/servlet/solicitudot?gx-no-cache=1647265515899 HTTP/1.1" 200 30
190.171.142.42 - - [14/Mar/2022:10:59:23 -0300] "POST /cormun/servlet/solicitudot?1b60f9cd2fb84d9a4fc5446d65689e83,INS,0,0,false,,gx-no-cache=1647265618303 HTTP/1.1" 200 93
190.171.142.42 - - [14/Mar/2022:10:59:23 -0300] "GET /cormun/servlet/hpexe_return? HTTP/1.1" 200 1006
190.171.142.42 - - [14/Mar/2022:10:59:23 -0300] "GET /cormun/servlet/trsolicitudot HTTP/1.1" 200 8917
190.171.142.42 - - [14/Mar/2022:10:59:23 -0300] "GET /cormun/servlet/trsolicitudot HTTP/1.1" 200 8911
190.171.143.98 - - [14/Mar/2022:10:59:26 -0300] "GET /cormun/servlet/prfichaempleado?,MD,,gxPopupLevel%3D0%3B HTTP/1.1" 200 9295
190.171.142.42 - - [14/Mar/2022:10:59:33 -0300] "POST /cormun/servlet/trsolicitudot?1b60f9cd2fb84d9a4fc5446d65689e83,gx-no-cache=1647265629194 HTTP/1.1" 200 6285
190.171.142.42 - - [14/Mar/2022:10:59:34 -0300] "GET /cormun/static/Shared/jqueryui/images/ui-bg_highlight-soft_100_c6c2c8_1x100.png HTTP/1.1" 404 1117
190.171.142.42 - - [14/Mar/2022:10:59:34 -0300] "GET /cormun/static/Shared/jqueryui/images/ui-bg_flat_55_fafafa_40x100.png HTTP/1.1" 404 1097
190.171.142.42 - - [14/Mar/2022:10:59:34 -0300] "GET /cormun/static/Shared/jqueryui/images/ui-icons_8d78a5_256x240.png HTTP/1.1" 404 1089
190.171.142.42 - - [14/Mar/2022:10:59:34 -0300] "GET /cormun/static/Shared/jqueryui/images/ui-icons_82798d_256x240.png HTTP/1.1" 404 1089
190.171.143.98 - - [14/Mar/2022:10:59:42 -0300] "POST /cormun/servlet/prfichaempleado?1a716d2ccc1cf6bb48fae1af14e8b741,,MD,,gxPopupLevel%3D0%3B,gx-no-cache=1647265637936 HTTP/1.1" 200 3169
190.171.142.42 - - [14/Mar/2022:10:59:46 -0300] "POST /cormun/servlet/trsolicitudot?1b60f9cd2fb84d9a4fc5446d65689e83,gx-no-cache=1647265641970 HTTP/1.1" 200 6284
190.171.142.42 - - [14/Mar/2022:10:59:57 -0300] "POST /cormun/servlet/trsolicitudot?1b60f9cd2fb84d9a4fc5446d65689e83,gx-no-cache=1647265652889 HTTP/1.1" 200 6283
190.171.142.42 - - [14/Mar/2022:11:00:17 -0300] "POST /cormun/servlet/trsolicitudot?1b60f9cd2fb84d9a4fc5446d65689e83,gx-no-cache=1647265673144 HTTP/1.1" 200 6286
190.171.142.42 - - [14/Mar/2022:11:00:35 -0300] "POST /cormun/servlet/trsolicitudot?1b60f9cd2fb84d9a4fc5446d65689e83,gx-no-cache=1647265690546 HTTP/1.1" 200 6285
190.171.142.42 - - [14/Mar/2022:11:00:43 -0300] "POST /cormun/servlet/trsolicitudot?1b60f9cd2fb84d9a4fc5446d65689e83,gx-no-cache=1647265698872 HTTP/1.1" 200 6285
181.161.1.0 - - [14/Mar/2022:11:00:58 -0300] "GET /cormun/servlet/trlicencias? HTTP/1.1" 200 11605
181.161.1.0 - - [14/Mar/2022:11:00:58 -0300] "GET /cormun/servlet/hlogin HTTP/1.1" 200 1740
181.161.1.0 - - [14/Mar/2022:11:00:58 -0300] "GET /cormun/servlet/trlicencias? HTTP/1.1" 200 11605
181.161.1.0 - - [14/Mar/2022:11:00:58 -0300] "GET /cormun/servlet/trlicencias? HTTP/1.1" 200 11605
181.161.1.0 - - [14/Mar/2022:11:01:03 -0300] "POST /cormun/servlet/hlogin?9e1f3ffe26fd9859b8dda2b1e2614312,gx-no-cache=1647265720345 HTTP/1.1" 200 90
181.161.1.0 - - [14/Mar/2022:11:01:04 -0300] "GET /cormun/servlet/hpexe_link HTTP/1.1" 200 955
181.161.1.0 - - [14/Mar/2022:11:01:04 -0300] "GET /cormun/servlet/trlicencias HTTP/1.1" 200 9480
181.161.1.0 - - [14/Mar/2022:11:01:04 -0300] "GET /cormun/servlet/trlicencias HTTP/1.1" 200 9478
190.171.142.42 - - [14/Mar/2022:11:01:11 -0300] "GET /cormun/servlet/trsolicitudot? HTTP/1.1" 200 8911
190.171.142.42 - - [14/Mar/2022:11:01:12 -0300] "GET /cormun/servlet/trsolicitudot? HTTP/1.1" 200 8911
190.171.142.42 - - [14/Mar/2022:11:01:32 -0300] "POST /cormun/servlet/trsolicitudot?1b60f9cd2fb84d9a4fc5446d65689e83,,gx-no-cache=1647265747689 HTTP/1.1" 200 112
190.171.142.42 - - [14/Mar/2022:11:01:32 -0300] "GET /cormun/servlet/solicitudot?UPD,2022,18148,false, HTTP/1.1" 200 16688
190.171.142.42 - - [14/Mar/2022:11:01:32 -0300] "GET /cormun/servlet/solicitudot?UPD,2022,18148,false, HTTP/1.1" 200 16700
190.171.142.42 - - [14/Mar/2022:11:01:33 -0300] "POST /cormun/servlet/solicitudot?gx-no-cache=1647265748694 HTTP/1.1" 200 3940
190.171.142.42 - - [14/Mar/2022:11:01:33 -0300] "POST /cormun/servlet/solicitudot?1b60f9cd2fb84d9a4fc5446d65689e83,UPD,2022,18148,false,,gx-no-cache=1647265748829 HTTP/1.1" 200 12868
190.171.142.42 - - [14/Mar/2022:11:01:33 -0300] "GET /cormun/servlet/solicitudot?98dc43ce96a9bda828592bdbf368810d47076bd4b81e48ebf7a92fd41e109801586ff4e090360967443817fef3122b1c,gx-no-cache=1647265749005 HTTP/1.1" 200 30
190.171.142.42 - - [14/Mar/2022:11:01:33 -0300] "GET /cormun/servlet/solicitudot?98dc43ce96a9bda828592bdbf368810dfab92e5e6f840397286778591b1958af2d026d0e549d7fb30e67e9452c209fc920927734b55f0041a45c59a4c66988d5,gx-no-cache=1647265749037 HTTP/1.1" 200 30
190.171.142.42 - - [14/Mar/2022:11:01:33 -0300] "GET /cormun/servlet/solicitudot?98dc43ce96a9bda828592bdbf368810d10778dc45405ae54726de9150be4f99da2f775e3d88a0722fdff805e5db59eac725d1fc22dd3daaa665759263c245683,gx-no-cache=1647265749065 HTTP/1.1" 200 53
190.171.142.42 - - [14/Mar/2022:11:01:33 -0300] "POST /cormun/servlet/solicitudot?gx-no-cache=1647265749116 HTTP/1.1" 200 297
190.171.142.42 - - [14/Mar/2022:11:01:33 -0300] "GET /cormun/servlet/solicitudot?98dc43ce96a9bda828592bdbf368810da5b48c0d7eb7975fa2b01c87bd0c437c902cdb8107525bd5d672e19a7e8c637e7e4ce276ff8fa38e0e18d03ab4b9465746a1aaf771b2efc88252b01f7590ebd26e8d9f35f53c8c5d0574b32b9093d90c9d787344e965279db7f9d1002d1b36d2854f5dff8f970fc27d9029adda595a79ea6c2a90c7e2bd8b47f5ab1728b322fc596c8f20a2d26b5bc09c6345166e74d1deafc4a57171a0b29302526bd319ff7d60692798f4631b2435bf3f1ce67ccac57d6c8632ee9c76c3b3da195b522663c5a0551f352c6d42f2232d8d96fd81f08fe6261811db0a5489419737de158272f8914acbb1ae78ee22608596e84fcd08eea95a2b6c3295f105f0e92a2aecf3cb7156bf4883f65b0b10a8f7262cdab272698617fe4b527019cdd702f1d1460b065a8f369291491d11b26c289709cea83467ff96ef3e9d8d8427c08312b2bfe83049ea0842433262ecc667ed1643ba63fa1501f27114341940650190f931057b54aea4c1f749a931b7a6edec994c1843f9747f4871414fe14ad59a059a5427ed60d4,gx-no-cache=1647265749156 HTTP/1.1" 200 30
190.171.142.42 - - [14/Mar/2022:11:01:33 -0300] "POST /cormun/servlet/solicitudot?gx-no-cache=1647265749191 HTTP/1.1" 200 30
190.171.142.42 - - [14/Mar/2022:11:01:33 -0300] "POST /cormun/servlet/solicitudot?gx-no-cache=1647265749225 HTTP/1.1" 200 1453
190.171.142.42 - - [14/Mar/2022:11:01:33 -0300] "POST /cormun/servlet/solicitudot?gx-no-cache=1647265749268 HTTP/1.1" 200 41
190.171.142.42 - - [14/Mar/2022:11:01:45 -0300] "POST /cormun/servlet/solicitudot?gx-no-cache=1647265760490 HTTP/1.1" 200 30
190.171.141.90 - - [14/Mar/2022:11:01:45 -0300] "POST /cormun/servlet/trlicencias?10b36603311c7e437abc80a4fc0a58c7,,gx-no-cache=1647265763019 HTTP/1.1" 200 11131
190.171.142.42 - - [14/Mar/2022:11:01:47 -0300] "POST /cormun/servlet/solicitudot?gx-no-cache=1647265762711 HTTP/1.1" 200 1453
190.171.142.42 - - [14/Mar/2022:11:01:47 -0300] "POST /cormun/servlet/solicitudot?gx-no-cache=1647265762752 HTTP/1.1" 200 41
190.171.142.42 - - [14/Mar/2022:11:01:47 -0300] "GET /cormun/servlet/solicitudot?98dc43ce96a9bda828592bdbf368810d105b41896d9ae73181f60ec278ab5b56f2101e4d2eae65698ebb4c5557fb2b2a6c0f411694f69291e21804fb1a3cf701671e033afa990c7cc032f020d5d58c45ab8f815e37c87f713acf4cbdf6554fa2a577ef117fc4bebaa7261baae3533e2f,gx-no-cache=1647265762786 HTTP/1.1" 200 110
190.171.142.42 - - [14/Mar/2022:11:01:47 -0300] "POST /cormun/servlet/solicitudot?gx-no-cache=1647265762819 HTTP/1.1" 200 64
190.171.142.42 - - [14/Mar/2022:11:01:47 -0300] "GET /cormun/servlet/solicitudot?98dc43ce96a9bda828592bdbf368810d58859cf9a8ddb191ff3126fdbce5912dd1de057d7e91302a2f8f2b3c2ba29c0b7b13eceeef42a698db6a0b754c02cc3f6668abf3aad94be6e72f76ed71a59ebcc21f29d051c775a204baa4d7069baed10c59bf935fd8767d39cd8e62d9a4f7a8,gx-no-cache=1647265762860 HTTP/1.1" 200 29
190.171.142.42 - - [14/Mar/2022:11:01:47 -0300] "GET /cormun/servlet/solicitudot?98dc43ce96a9bda828592bdbf368810d7fd2998c282a70b75401ff9ff0b92d96bd50fd847a578d76b8d5bf66562616a7,gx-no-cache=1647265762892 HTTP/1.1" 200 30
190.171.142.42 - - [14/Mar/2022:11:01:47 -0300] "POST /cormun/servlet/solicitudot?gx-no-cache=1647265762926 HTTP/1.1" 200 30
190.171.142.42 - - [14/Mar/2022:11:01:47 -0300] "POST /cormun/servlet/solicitudot?1b60f9cd2fb84d9a4fc5446d65689e83,UPD,2022,18148,false,,gx-no-cache=1647265762964 HTTP/1.1" 200 93
190.171.142.42 - - [14/Mar/2022:11:01:47 -0300] "GET /cormun/servlet/hpexe_return? HTTP/1.1" 200 1012
190.171.142.42 - - [14/Mar/2022:11:01:47 -0300] "GET /cormun/servlet/trsolicitudot HTTP/1.1" 200 8874
190.171.142.42 - - [14/Mar/2022:11:01:48 -0300] "GET /cormun/servlet/trsolicitudot HTTP/1.1" 200 8870
190.171.142.42 - - [14/Mar/2022:11:01:59 -0300] "POST /cormun/servlet/trsolicitudot?1b60f9cd2fb84d9a4fc5446d65689e83,gx-no-cache=1647265775031 HTTP/1.1" 200 6063
190.171.142.42 - - [14/Mar/2022:11:01:59 -0300] "GET /cormun/static/Shared/jqueryui/images/ui-icons_82798d_256x240.png HTTP/1.1" 404 1089
190.171.142.42 - - [14/Mar/2022:11:01:59 -0300] "GET /cormun/static/Shared/jqueryui/images/ui-bg_highlight-soft_100_c6c2c8_1x100.png HTTP/1.1" 404 1117
190.171.142.42 - - [14/Mar/2022:11:01:59 -0300] "GET /cormun/static/Shared/jqueryui/images/ui-icons_8d78a5_256x240.png HTTP/1.1" 404 1089
190.171.142.42 - - [14/Mar/2022:11:01:59 -0300] "GET /cormun/static/Shared/jqueryui/images/ui-bg_flat_55_fafafa_40x100.png HTTP/1.1" 404 1097
190.171.142.42 - - [14/Mar/2022:11:01:59 -0300] "POST /cormun/servlet/trsolicitudot?1b60f9cd2fb84d9a4fc5446d65689e83,gx-no-cache=1647265775221 HTTP/1.1" 200 6009
190.171.142.42 - - [14/Mar/2022:11:02:10 -0300] "GET /cormun/servlet/trautorizarsolicitud? HTTP/1.1" 200 10431
190.171.142.42 - - [14/Mar/2022:11:02:10 -0300] "GET /cormun/servlet/trautorizarsolicitud? HTTP/1.1" 200 10431
190.171.142.42 - - [14/Mar/2022:11:02:22 -0300] "POST /cormun/servlet/trautorizarsolicitud?1b60f9cd2fb84d9a4fc5446d65689e83,,gx-no-cache=1647265797653 HTTP/1.1" 200 7710
190.171.142.42 - - [14/Mar/2022:11:02:22 -0300] "GET /cormun/static/Shared/jqueryui/images/ui-bg_highlight-soft_100_c6c2c8_1x100.png HTTP/1.1" 404 1117
190.171.142.42 - - [14/Mar/2022:11:02:22 -0300] "GET /cormun/static/Shared/jqueryui/images/ui-icons_82798d_256x240.png HTTP/1.1" 404 1089
190.171.142.42 - - [14/Mar/2022:11:02:22 -0300] "GET /cormun/static/Shared/jqueryui/images/ui-bg_flat_55_fafafa_40x100.png HTTP/1.1" 404 1097
190.171.142.42 - - [14/Mar/2022:11:02:22 -0300] "GET /cormun/static/Shared/jqueryui/images/ui-icons_8d78a5_256x240.png HTTP/1.1" 404 1089
190.171.142.42 - - [14/Mar/2022:11:02:22 -0300] "POST /cormun/servlet/trautorizarsolicitud?1b60f9cd2fb84d9a4fc5446d65689e83,,gx-no-cache=1647265797926 HTTP/1.1" 200 7655
190.171.143.98 - - [14/Mar/2022:11:02:27 -0300] "POST /cormun/servlet/prfichaempleado?1a716d2ccc1cf6bb48fae1af14e8b741,,MD,,gxPopupLevel%3D0%3B,gx-no-cache=1647265802383 HTTP/1.1" 200 3169
190.171.143.98 - - [14/Mar/2022:11:03:08 -0300] "POST /cormun/servlet/prfichaempleado?1a716d2ccc1cf6bb48fae1af14e8b741,,MD,,gxPopupLevel%3D0%3B,gx-no-cache=1647265843549 HTTP/1.1" 200 3169
190.171.143.98 - - [14/Mar/2022:11:03:08 -0300] "POST /cormun/servlet/prfichaempleado?1a716d2ccc1cf6bb48fae1af14e8b741,,MD,,gxPopupLevel%3D0%3B,gx-no-cache=1647265843761 HTTP/1.1" 200 3169
190.171.143.98 - - [14/Mar/2022:11:03:08 -0300] "POST /cormun/servlet/prfichaempleado?1a716d2ccc1cf6bb48fae1af14e8b741,,MD,,gxPopupLevel%3D0%3B,gx-no-cache=1647265843934 HTTP/1.1" 200 3169
190.171.143.98 - - [14/Mar/2022:11:03:08 -0300] "POST /cormun/servlet/prfichaempleado?1a716d2ccc1cf6bb48fae1af14e8b741,,MD,,gxPopupLevel%3D0%3B,gx-no-cache=1647265844105 HTTP/1.1" 200 3169
190.171.143.98 - - [14/Mar/2022:11:03:08 -0300] "POST /cormun/servlet/prfichaempleado?1a716d2ccc1cf6bb48fae1af14e8b741,,MD,,gxPopupLevel%3D0%3B,gx-no-cache=1647265844240 HTTP/1.1" 200 3169
190.171.143.98 - - [14/Mar/2022:11:03:11 -0300] "POST /cormun/servlet/solicitudot?gx-no-cache=1647265847212 HTTP/1.1" 200 3861
190.171.143.98 - - [14/Mar/2022:11:03:12 -0300] "POST /cormun/servlet/solicitudot?1a716d2ccc1cf6bb48fae1af14e8b741,INS,0,0,false,,gx-no-cache=1647265847416 HTTP/1.1" 200 12727
190.171.143.98 - - [14/Mar/2022:11:03:14 -0300] "GET /cormun/servlet/prfichaempleado?,MD,,gxPopupLevel%3D0%3B HTTP/1.1" 200 9295
190.171.143.98 - - [14/Mar/2022:11:03:32 -0300] "GET /cormun/servlet/hlogin HTTP/1.1" 200 1727
190.171.143.98 - - [14/Mar/2022:11:03:39 -0300] "POST /cormun/servlet/hlogin?1a716d2ccc1cf6bb48fae1af14e8b741,gx-no-cache=1647265875206 HTTP/1.1" 200 90
190.171.143.98 - - [14/Mar/2022:11:03:39 -0300] "GET /cormun/servlet/hpexe_link HTTP/1.1" 200 965
190.171.143.98 - - [14/Mar/2022:11:03:40 -0300] "GET /cormun/servlet/prfichaempleado?,MD, HTTP/1.1" 200 9289
190.171.142.42 - - [14/Mar/2022:11:03:45 -0300] "GET /cormun/servlet/trsolicitudot? HTTP/1.1" 200 8870
190.171.142.42 - - [14/Mar/2022:11:03:45 -0300] "GET /cormun/servlet/trsolicitudot? HTTP/1.1" 200 8870
190.171.143.98 - - [14/Mar/2022:11:03:48 -0300] "POST /cormun/servlet/prfichaempleado?1a716d2ccc1cf6bb48fae1af14e8b741,,MD,,gx-no-cache=1647265882872 HTTP/1.1" 200 6337
190.171.143.98 - - [14/Mar/2022:11:03:50 -0300] "POST /cormun/servlet/prfichaempleado?1a716d2ccc1cf6bb48fae1af14e8b741,,MD,,gx-no-cache=1647265884950 HTTP/1.1" 200 6337
190.171.142.42 - - [14/Mar/2022:11:03:53 -0300] "GET /cormun/servlet/solicitudot?INS,0,0,false, HTTP/1.1" 200 15962
190.171.142.42 - - [14/Mar/2022:11:03:53 -0300] "GET /cormun/servlet/solicitudot?INS,0,0,false, HTTP/1.1" 200 15969
190.171.143.98 - - [14/Mar/2022:11:03:55 -0300] "POST /cormun/servlet/acontrolpreferencessavestate?None,MCERDA,true HTTP/1.1" 200 35
190.171.143.98 - - [14/Mar/2022:11:03:57 -0300] "GET /cormun/servlet/hlogin HTTP/1.1" 200 1753
190.171.143.98 - - [14/Mar/2022:11:04:09 -0300] "POST /cormun/servlet/hlogin?1a716d2ccc1cf6bb48fae1af14e8b741,gx-no-cache=1647265904389 HTTP/1.1" 200 90
190.171.143.98 - - [14/Mar/2022:11:04:09 -0300] "GET /cormun/servlet/hpexe_link HTTP/1.1" 200 965
190.171.142.42 - - [14/Mar/2022:11:04:09 -0300] "POST /cormun/servlet/solicitudot?gx-no-cache=1647265904751 HTTP/1.1" 200 3940
190.171.142.42 - - [14/Mar/2022:11:04:09 -0300] "POST /cormun/servlet/solicitudot?1b60f9cd2fb84d9a4fc5446d65689e83,INS,0,0,false,,gx-no-cache=1647265904939 HTTP/1.1" 200 12772
190.171.143.98 - - [14/Mar/2022:11:04:09 -0300] "GET /cormun/servlet/prfichaempleado?,MD, HTTP/1.1" 200 9292
190.171.143.98 - - [14/Mar/2022:11:04:17 -0300] "POST /cormun/servlet/acontrolpreferencessavestate?None,MCERDA,true HTTP/1.1" 200 35
190.171.143.98 - - [14/Mar/2022:11:04:23 -0300] "POST /cormun/servlet/acontrolpreferencessavestate?None,MCERDA,true HTTP/1.1" 200 35
190.171.143.98 - - [14/Mar/2022:11:04:24 -0300] "GET /cormun/servlet/hlogin HTTP/1.1" 200 1753
190.171.142.42 - - [14/Mar/2022:11:04:36 -0300] "GET /cormun/servlet/solicitudot?98dc43ce96a9bda828592bdbf368810dee2367cb023041d785f4cca4a47600eeffdead7f39a7281e444f0a58da4012f1,gx-no-cache=1647265931959 HTTP/1.1" 200 30
190.171.142.42 - - [14/Mar/2022:11:04:36 -0300] "GET /cormun/servlet/solicitudot?98dc43ce96a9bda828592bdbf368810ddff2b9663c6026774aa2b41511af935bd074d65a00b25620a804a16a10dd1034,gx-no-cache=1647265932016 HTTP/1.1" 200 103
190.171.142.42 - - [14/Mar/2022:11:04:36 -0300] "GET /cormun/static/Shared/jqueryui/images/ui-bg_highlight-soft_100_c6c2c8_1x100.png HTTP/1.1" 404 1117
190.171.142.42 - - [14/Mar/2022:11:04:36 -0300] "GET /cormun/static/Shared/jqueryui/images/ui-icons_82798d_256x240.png HTTP/1.1" 404 1089
190.171.142.42 - - [14/Mar/2022:11:04:36 -0300] "GET /cormun/static/Shared/jqueryui/images/ui-bg_flat_55_994d53_40x100.png HTTP/1.1" 404 1097
190.171.142.42 - - [14/Mar/2022:11:04:36 -0300] "GET /cormun/static/Shared/jqueryui/images/ui-icons_ebccce_256x240.png HTTP/1.1" 404 1089
190.171.142.42 - - [14/Mar/2022:11:04:36 -0300] "GET /cormun/servlet/solicitudot?98dc43ce96a9bda828592bdbf368810d3cb4be75b95a4321a04b37e65e32566d,gx-no-cache=1647265932067 HTTP/1.1" 200 53
190.171.142.42 - - [14/Mar/2022:11:04:36 -0300] "POST /cormun/servlet/solicitudot?gx-no-cache=1647265932120 HTTP/1.1" 200 255
190.171.142.42 - - [14/Mar/2022:11:04:36 -0300] "GET /cormun/servlet/solicitudot?98dc43ce96a9bda828592bdbf368810da5b48c0d7eb7975fa2b01c87bd0c437cdbc3bf79df51eeaad2b65c8bdbba54357e4ce276ff8fa38e0e18d03ab4b9465746a1aaf771b2efc88252b01f7590ebd26e8d9f35f53c8c5d0574b32b9093d90c9d787344e965279db7f9d1002d1b36d2854f5dff8f970fc27d9029adda595a79ea6c2a90c7e2bd8b47f5ab1728b322fc596c8f20a2d26b5bc09c6345166e74d1deafc4a57171a0b29302526bd319ff7d60692798f4631b2435bf3f1ce67ccac57d6c8632ee9c76c3b3da195b522663c5a0551f352c6d42f2232d8d96fd81f08fe6261811db0a5489419737de158272f8db4d301432ef5b284ac2bfa8f947de43a95a2b6c3295f105f0e92a2aecf3cb71d745edb83a16261fca211074274c0abd37ebd9b0263ec7f4dd67d7ea202c282bbba8f536d6e5af87aa941abb6728cc85b45448ebf7aae332ab8237d8cfc3a965911b6267807d3ffd37e7403a83eeb2b9e2fc1fe64dc9ff4300ed13ff93a639e100ea0ee810010c4dff89dc5f9317e378,gx-no-cache=1647265932165 HTTP/1.1" 200 30
190.171.142.42 - - [14/Mar/2022:11:04:36 -0300] "POST /cormun/servlet/solicitudot?gx-no-cache=1647265932204 HTTP/1.1" 200 30
190.171.142.42 - - [14/Mar/2022:11:04:36 -0300] "POST /cormun/servlet/solicitudot?gx-no-cache=1647265932245 HTTP/1.1" 200 1454
190.171.142.42 - - [14/Mar/2022:11:04:36 -0300] "POST /cormun/servlet/solicitudot?gx-no-cache=1647265932292 HTTP/1.1" 200 38
190.171.142.42 - - [14/Mar/2022:11:04:37 -0300] "GET /cormun/servlet/solicitudot?98dc43ce96a9bda828592bdbf368810d105b41896d9ae73181f60ec278ab5b56f2101e4d2eae65698ebb4c5557fb2b2a6c0f411694f69291e21804fb1a3cf701671e033afa990c7cc032f020d5d58c45ab8f815e37c87f713acf4cbdf6554fa2a577ef117fc4bebaa7261baae3533e2f,gx-no-cache=1647265932440 HTTP/1.1" 200 110
190.171.142.42 - - [14/Mar/2022:11:04:37 -0300] "POST /cormun/servlet/solicitudot?gx-no-cache=1647265932499 HTTP/1.1" 200 64
190.171.143.98 - - [14/Mar/2022:11:05:36 -0300] "GET /cormun/servlet/hlogin HTTP/1.1" 200 1727
190.171.143.98 - - [14/Mar/2022:11:05:44 -0300] "POST /cormun/servlet/hlogin?1a716d2ccc1cf6bb48fae1af14e8b741,gx-no-cache=1647265999861 HTTP/1.1" 200 90
190.171.143.98 - - [14/Mar/2022:11:05:44 -0300] "GET /cormun/servlet/hpexe_link HTTP/1.1" 200 965
190.171.143.98 - - [14/Mar/2022:11:05:45 -0300] "GET /cormun/servlet/prfichaempleado?,MD, HTTP/1.1" 200 9289
190.171.143.98 - - [14/Mar/2022:11:05:54 -0300] "GET /cormun/servlet/hlogin HTTP/1.1" 200 1727
190.171.143.98 - - [14/Mar/2022:11:06:03 -0300] "POST /cormun/servlet/hlogin?1a716d2ccc1cf6bb48fae1af14e8b741,gx-no-cache=1647266018460 HTTP/1.1" 200 90
190.171.143.98 - - [14/Mar/2022:11:06:03 -0300] "GET /cormun/servlet/hpexe_link HTTP/1.1" 200 965
190.171.143.98 - - [14/Mar/2022:11:06:03 -0300] "GET /cormun/servlet/prfichaempleado?,MD, HTTP/1.1" 200 9289
190.171.143.98 - - [14/Mar/2022:11:06:10 -0300] "GET /cormun/servlet/hlogin HTTP/1.1" 200 1753
190.171.143.98 - - [14/Mar/2022:11:06:56 -0300] "GET /cormun/servlet/hlogin HTTP/1.1" 200 1727
190.171.143.98 - - [14/Mar/2022:11:07:04 -0300] "POST /cormun/servlet/hlogin?1a716d2ccc1cf6bb48fae1af14e8b741,gx-no-cache=1647266079892 HTTP/1.1" 200 90
190.171.143.98 - - [14/Mar/2022:11:07:04 -0300] "GET /cormun/servlet/hpexe_link HTTP/1.1" 200 965
190.171.143.98 - - [14/Mar/2022:11:07:05 -0300] "GET /cormun/servlet/prfichaempleado?,MD, HTTP/1.1" 200 9289
190.171.143.98 - - [14/Mar/2022:11:07:10 -0300] "POST /cormun/servlet/prfichaempleado?1a716d2ccc1cf6bb48fae1af14e8b741,,MD,,gx-no-cache=1647266084951 HTTP/1.1" 200 6337
190.171.143.98 - - [14/Mar/2022:11:07:16 -0300] "POST /cormun/servlet/prfichaempleado?1a716d2ccc1cf6bb48fae1af14e8b741,,MD,,gx-no-cache=1647266091639 HTTP/1.1" 200 6549
190.171.143.98 - - [14/Mar/2022:11:07:18 -0300] "POST /cormun/servlet/prfichaempleado?1a716d2ccc1cf6bb48fae1af14e8b741,,MD,,gx-no-cache=1647266093604 HTTP/1.1" 200 6549
190.171.143.98 - - [14/Mar/2022:11:07:50 -0300] "GET /cormun/servlet/hlogin HTTP/1.1" 200 1727
190.171.143.98 - - [14/Mar/2022:11:07:58 -0300] "POST /cormun/servlet/hlogin?1a716d2ccc1cf6bb48fae1af14e8b741,gx-no-cache=1647266133588 HTTP/1.1" 200 90
190.171.143.98 - - [14/Mar/2022:11:07:58 -0300] "GET /cormun/servlet/hpexe_link HTTP/1.1" 200 965
190.171.143.98 - - [14/Mar/2022:11:07:58 -0300] "GET /cormun/servlet/prfichaempleado?,MD, HTTP/1.1" 200 9289
190.171.143.98 - - [14/Mar/2022:11:08:03 -0300] "POST /cormun/servlet/prfichaempleado?1a716d2ccc1cf6bb48fae1af14e8b741,,MD,,gx-no-cache=1647266138342 HTTP/1.1" 200 6337
190.171.143.98 - - [14/Mar/2022:11:08:05 -0300] "POST /cormun/servlet/prfichaempleado?1a716d2ccc1cf6bb48fae1af14e8b741,,MD,,gx-no-cache=1647266139892 HTTP/1.1" 200 6337
190.171.143.98 - - [14/Mar/2022:11:08:06 -0300] "POST /cormun/servlet/prfichaempleado?1a716d2ccc1cf6bb48fae1af14e8b741,,MD,,gx-no-cache=1647266141452 HTTP/1.1" 200 6337
190.171.143.98 - - [14/Mar/2022:11:08:08 -0300] "POST /cormun/servlet/prfichaempleado?1a716d2ccc1cf6bb48fae1af14e8b741,,MD,,gx-no-cache=1647266143020 HTTP/1.1" 200 6354
190.171.143.98 - - [14/Mar/2022:11:08:08 -0300] "GET /cormun/static/Resources/PXToolsGridFirst.gif HTTP/1.1" 200 379
190.171.143.98 - - [14/Mar/2022:11:08:08 -0300] "GET /cormun/static/Resources/PXToolsGridPrevious.gif HTTP/1.1" 200 369
190.171.143.98 - - [14/Mar/2022:11:08:09 -0300] "POST /cormun/servlet/prfichaempleado?1a716d2ccc1cf6bb48fae1af14e8b741,,MD,,gx-no-cache=1647266143916 HTTP/1.1" 200 4031
190.171.143.98 - - [14/Mar/2022:11:08:10 -0300] "POST /cormun/servlet/prfichaempleado?1a716d2ccc1cf6bb48fae1af14e8b741,,MD,,gx-no-cache=1647266144860 HTTP/1.1" 200 6319
190.171.143.98 - - [14/Mar/2022:11:08:50 -0300] "POST /cormun/servlet/acontrolpreferencessavestate?None,MCERDA,true HTTP/1.1" 200 35
190.171.143.98 - - [14/Mar/2022:11:08:51 -0300] "GET /cormun/servlet/hlogin HTTP/1.1" 200 1753
190.171.142.42 - - [14/Mar/2022:11:09:06 -0300] "GET /cormun/servlet/solicitudot?98dc43ce96a9bda828592bdbf368810d339a02bb8d04e57c206d061057bf083dd0fbcae5c5c3a9ca2e03673102a6d4d2a4ff1978fa1ef01bfc4947fb2f16e425,gx-no-cache=1647266201742 HTTP/1.1" 200 30
190.171.142.42 - - [14/Mar/2022:11:09:06 -0300] "POST /cormun/servlet/solicitudot?gx-no-cache=1647266202383 HTTP/1.1" 200 255
190.171.142.42 - - [14/Mar/2022:11:09:07 -0300] "GET /cormun/servlet/solicitudot?98dc43ce96a9bda828592bdbf368810da5b48c0d7eb7975fa2b01c87bd0c437cdbc3bf79df51eeaad2b65c8bdbba54357e4ce276ff8fa38e0e18d03ab4b9465746a1aaf771b2efc88252b01f7590ebd26e8d9f35f53c8c5d0574b32b9093d90c9d787344e965279db7f9d1002d1b36d2854f5dff8f970fc27d9029adda595a79ea6c2a90c7e2bd8b47f5ab1728b322fc596c8f20a2d26b5bc09c6345166e74d1deafc4a57171a0b29302526bd319ff7d60692798f4631b2435bf3f1ce67ccac57d6c8632ee9c76c3b3da195b522663c5a0551f352c6d42f2232d8d96fd81f08fe6261811db0a5489419737de158272f8db4d301432ef5b284ac2bfa8f947de43a95a2b6c3295f105f0e92a2aecf3cb71d745edb83a16261fca211074274c0abd37ebd9b0263ec7f4dd67d7ea202c282bbba8f536d6e5af87aa941abb6728cc85b45448ebf7aae332ab8237d8cfc3a965911b6267807d3ffd37e7403a83eeb2b9e2fc1fe64dc9ff4300ed13ff93a639e1437ead63e52a65a236b9ce7e58a84639,gx-no-cache=1647266202429 HTTP/1.1" 200 30
190.171.142.42 - - [14/Mar/2022:11:09:07 -0300] "POST /cormun/servlet/solicitudot?gx-no-cache=1647266202463 HTTP/1.1" 200 30
190.171.143.98 - - [14/Mar/2022:11:09:12 -0300] "GET /cormun/servlet/hlogin HTTP/1.1" 200 1727
190.171.143.98 - - [14/Mar/2022:11:09:19 -0300] "POST /cormun/servlet/hlogin?1a716d2ccc1cf6bb48fae1af14e8b741,gx-no-cache=1647266214724 HTTP/1.1" 200 90
190.171.143.98 - - [14/Mar/2022:11:09:19 -0300] "GET /cormun/servlet/hpexe_link HTTP/1.1" 200 965
190.171.143.98 - - [14/Mar/2022:11:09:20 -0300] "GET /cormun/servlet/prfichaempleado?,MD, HTTP/1.1" 200 9289
190.171.142.42 - - [14/Mar/2022:11:09:32 -0300] "POST /cormun/servlet/solicitudot?gx-no-cache=1647266227742 HTTP/1.1" 200 1454
190.171.142.42 - - [14/Mar/2022:11:09:32 -0300] "POST /cormun/servlet/solicitudot?gx-no-cache=1647266227806 HTTP/1.1" 200 38
190.171.142.42 - - [14/Mar/2022:11:09:32 -0300] "GET /cormun/servlet/solicitudot?98dc43ce96a9bda828592bdbf368810d105b41896d9ae73181f60ec278ab5b56f2101e4d2eae65698ebb4c5557fb2b2a6c0f411694f69291e21804fb1a3cf701671e033afa990c7cc032f020d5d58c45ab8f815e37c87f713acf4cbdf6554fa2a577ef117fc4bebaa7261baae3533e2f,gx-no-cache=1647266227837 HTTP/1.1" 200 110
190.171.142.42 - - [14/Mar/2022:11:09:32 -0300] "POST /cormun/servlet/solicitudot?gx-no-cache=1647266227876 HTTP/1.1" 200 64
190.171.142.42 - - [14/Mar/2022:11:09:44 -0300] "GET /cormun/servlet/solicitudot?98dc43ce96a9bda828592bdbf368810d425545d1bae5a762a166704123803d193691249b3b768a9bc62a09716fa380663799df10fc3e7d6ff1b3a2427437d3bde1e484a46b45aa0d7bae0369dce911a4c40bde50545626a49147716527142890496ff1fd34a638cd29151f6d740c0f229acb809e1172516701cad1fb0dd406ef18cd7d93b240d0c2d029fe1a8e9d0ad78ea789bb3fa44cc80b11d0408d78a96e,gx-no-cache=1647266240347 HTTP/1.1" 200 29
190.171.142.42 - - [14/Mar/2022:11:09:44 -0300] "GET /cormun/static/menuarrow.gif HTTP/1.1" 404 1015
190.171.142.42 - - [14/Mar/2022:11:09:49 -0300] "GET /cormun/servlet/solicitudot?98dc43ce96a9bda828592bdbf368810d7fd2998c282a70b75401ff9ff0b92d96bd50fd847a578d76b8d5bf66562616a7,gx-no-cache=1647266245271 HTTP/1.1" 200 30
190.171.142.42 - - [14/Mar/2022:11:10:07 -0300] "POST /cormun/servlet/solicitudot?gx-no-cache=1647266262796 HTTP/1.1" 200 30
190.171.143.98 - - [14/Mar/2022:11:10:14 -0300] "GET /cormun/servlet/hlogin HTTP/1.1" 200 1727
190.171.143.98 - - [14/Mar/2022:11:10:23 -0300] "POST /cormun/servlet/hlogin?1a716d2ccc1cf6bb48fae1af14e8b741,gx-no-cache=1647266278508 HTTP/1.1" 200 90
190.171.143.98 - - [14/Mar/2022:11:10:23 -0300] "GET /cormun/servlet/hpexe_link HTTP/1.1" 200 965
190.171.143.98 - - [14/Mar/2022:11:10:23 -0300] "GET /cormun/servlet/prfichaempleado?,MD, HTTP/1.1" 200 9289
190.171.143.98 - - [14/Mar/2022:11:10:27 -0300] "GET /cormun/servlet/hlogin HTTP/1.1" 200 1727
190.171.142.42 - - [14/Mar/2022:11:10:31 -0300] "POST /cormun/servlet/solicitudot?1b60f9cd2fb84d9a4fc5446d65689e83,INS,0,0,false,,gx-no-cache=1647266286823 HTTP/1.1" 200 93
190.171.142.42 - - [14/Mar/2022:11:10:31 -0300] "GET /cormun/servlet/hpexe_return? HTTP/1.1" 200 1006
190.171.142.42 - - [14/Mar/2022:11:10:32 -0300] "GET /cormun/servlet/trsolicitudot HTTP/1.1" 200 8874
190.171.142.42 - - [14/Mar/2022:11:10:32 -0300] "GET /cormun/servlet/trsolicitudot HTTP/1.1" 200 8870
190.171.142.42 - - [14/Mar/2022:11:10:40 -0300] "GET /cormun/servlet/trautorizarsolicitud? HTTP/1.1" 200 10812
190.171.142.42 - - [14/Mar/2022:11:10:41 -0300] "GET /cormun/servlet/trautorizarsolicitud? HTTP/1.1" 200 10812
190.171.142.42 - - [14/Mar/2022:11:10:49 -0300] "POST /cormun/servlet/trautorizarsolicitud?1b60f9cd2fb84d9a4fc5446d65689e83,,gx-no-cache=1647266304837 HTTP/1.1" 200 8053
190.171.142.42 - - [14/Mar/2022:11:10:49 -0300] "GET /cormun/static/Shared/jqueryui/images/ui-bg_highlight-soft_100_c6c2c8_1x100.png HTTP/1.1" 404 1117
190.171.142.42 - - [14/Mar/2022:11:10:49 -0300] "GET /cormun/static/Shared/jqueryui/images/ui-icons_82798d_256x240.png HTTP/1.1" 404 1089
190.171.142.42 - - [14/Mar/2022:11:10:49 -0300] "GET /cormun/static/Shared/jqueryui/images/ui-bg_flat_55_fafafa_40x100.png HTTP/1.1" 404 1097
190.171.142.42 - - [14/Mar/2022:11:10:49 -0300] "GET /cormun/static/Shared/jqueryui/images/ui-icons_8d78a5_256x240.png HTTP/1.1" 404 1089
190.171.142.42 - - [14/Mar/2022:11:10:54 -0300] "POST /cormun/servlet/trautorizarsolicitud?1b60f9cd2fb84d9a4fc5446d65689e83,,gx-no-cache=1647266309564 HTTP/1.1" 200 8052
190.171.142.42 - - [14/Mar/2022:11:11:01 -0300] "GET /cormun/servlet/trsolicitudot? HTTP/1.1" 200 8870
190.171.142.42 - - [14/Mar/2022:11:11:01 -0300] "GET /cormun/servlet/trsolicitudot? HTTP/1.1" 200 8870
190.171.143.98 - - [14/Mar/2022:11:11:02 -0300] "POST /cormun/servlet/hlogin?1a716d2ccc1cf6bb48fae1af14e8b741,gx-no-cache=1647266317755 HTTP/1.1" 200 90
190.171.143.98 - - [14/Mar/2022:11:11:02 -0300] "GET /cormun/servlet/hpexe_link HTTP/1.1" 200 952
190.171.143.98 - - [14/Mar/2022:11:11:02 -0300] "GET /cormun/servlet/hhome HTTP/1.1" 200 3958
190.171.143.98 - - [14/Mar/2022:11:11:02 -0300] "GET /cormun/servlet/hhome HTTP/1.1" 200 3954
190.171.143.98 - - [14/Mar/2022:11:11:09 -0300] "GET /cormun/servlet/trsolicitudot? HTTP/1.1" 200 7175
190.171.143.98 - - [14/Mar/2022:11:11:10 -0300] "GET /cormun/servlet/trsolicitudot? HTTP/1.1" 200 7174
190.171.142.42 - - [14/Mar/2022:11:11:12 -0300] "POST /cormun/servlet/trsolicitudot?1b60f9cd2fb84d9a4fc5446d65689e83,,gx-no-cache=1647266327760 HTTP/1.1" 200 6011
190.171.143.98 - - [14/Mar/2022:11:11:13 -0300] "GET /cormun/servlet/solicitudot?INS,0,0,false, HTTP/1.1" 200 15685
190.171.143.98 - - [14/Mar/2022:11:11:13 -0300] "GET /cormun/servlet/solicitudot?INS,0,0,false, HTTP/1.1" 200 15693
190.171.142.42 - - [14/Mar/2022:11:11:18 -0300] "POST /cormun/servlet/trsolicitudot?1b60f9cd2fb84d9a4fc5446d65689e83,,gx-no-cache=1647266333834 HTTP/1.1" 200 90
190.171.142.42 - - [14/Mar/2022:11:11:18 -0300] "GET /cormun/servlet/hpexe_link HTTP/1.1" 200 962
190.171.142.42 - - [14/Mar/2022:11:11:18 -0300] "GET /cormun/servlet/trautorizarsolicitud? HTTP/1.1" 200 10813
190.171.142.42 - - [14/Mar/2022:11:11:19 -0300] "GET /cormun/servlet/trautorizarsolicitud? HTTP/1.1" 200 10812
190.171.142.42 - - [14/Mar/2022:11:11:24 -0300] "POST /cormun/servlet/trautorizarsolicitud?1b60f9cd2fb84d9a4fc5446d65689e83,,gx-no-cache=1647266339289 HTTP/1.1" 200 8051
190.171.142.42 - - [14/Mar/2022:11:11:24 -0300] "GET /cormun/static/Shared/jqueryui/images/ui-icons_82798d_256x240.png HTTP/1.1" 404 1089
190.171.142.42 - - [14/Mar/2022:11:11:24 -0300] "GET /cormun/static/Shared/jqueryui/images/ui-bg_highlight-soft_100_c6c2c8_1x100.png HTTP/1.1" 404 1117
190.171.142.42 - - [14/Mar/2022:11:11:24 -0300] "GET /cormun/static/Shared/jqueryui/images/ui-bg_flat_55_fafafa_40x100.png HTTP/1.1" 404 1097
190.171.142.42 - - [14/Mar/2022:11:11:24 -0300] "GET /cormun/static/Shared/jqueryui/images/ui-icons_8d78a5_256x240.png HTTP/1.1" 404 1089
190.171.142.42 - - [14/Mar/2022:11:11:28 -0300] "POST /cormun/servlet/trautorizarsolicitud?1b60f9cd2fb84d9a4fc5446d65689e83,,gx-no-cache=1647266344134 HTTP/1.1" 200 8052
190.171.143.98 - - [14/Mar/2022:11:11:34 -0300] "POST /cormun/servlet/solicitudot?gx-no-cache=1647266350133 HTTP/1.1" 200 3858
190.171.143.98 - - [14/Mar/2022:11:11:35 -0300] "POST /cormun/servlet/solicitudot?1a716d2ccc1cf6bb48fae1af14e8b741,INS,0,0,false,,gx-no-cache=1647266350320 HTTP/1.1" 200 12400
190.171.143.98 - - [14/Mar/2022:11:11:38 -0300] "GET /cormun/servlet/prfichaempleado?,MD,,gxPopupLevel%3D0%3B HTTP/1.1" 200 9246
190.171.143.98 - - [14/Mar/2022:11:11:47 -0300] "POST /cormun/servlet/prfichaempleado?1a716d2ccc1cf6bb48fae1af14e8b741,,MD,,gxPopupLevel%3D0%3B,gx-no-cache=1647266362885 HTTP/1.1" 200 3169
190.171.143.98 - - [14/Mar/2022:11:12:06 -0300] "GET /cormun/servlet/prfichaempleado?,MD,,gxPopupLevel%3D0%3B HTTP/1.1" 200 9246
190.171.143.98 - - [14/Mar/2022:11:12:10 -0300] "GET /cormun/servlet/solicitudot?0ac7d9d996c4ccfdaa1538efbf5b1ba7e0ac755f1bd2643df771d635076c3e52cc4b23edd05746de49cb9ad091d1736b,gx-no-cache=1647266386284 HTTP/1.1" 200 30
190.171.143.98 - - [14/Mar/2022:11:12:26 -0300] "GET /cormun/servlet/prfichaempleado?,MD,,gxPopupLevel%3D0%3B HTTP/1.1" 200 9246
186.67.172.234 - - [14/Mar/2022:11:12:37 -0300] "GET /cormun/servlet/hlogin HTTP/1.1" 200 1730
186.67.172.234 - - [14/Mar/2022:11:12:38 -0300] "GET /cormun/servlet/hlogin HTTP/1.1" 200 1740
190.171.143.98 - - [14/Mar/2022:11:12:39 -0300] "POST /cormun/servlet/prfichaempleado?1a716d2ccc1cf6bb48fae1af14e8b741,,MD,,gxPopupLevel%3D0%3B,gx-no-cache=1647266415204 HTTP/1.1" 200 3169
186.67.172.234 - - [14/Mar/2022:11:13:05 -0300] "POST /cormun/servlet/hlogin?fb93e8dc6901c3e2fdac59e0257eb2f3,gx-no-cache=1647266426090 HTTP/1.1" 200 90
186.67.172.234 - - [14/Mar/2022:11:13:05 -0300] "GET /cormun/servlet/hpexe_link HTTP/1.1" 200 954
186.67.172.234 - - [14/Mar/2022:11:13:06 -0300] "GET /cormun/servlet/hhome HTTP/1.1" 200 4374
190.171.143.98 - - [14/Mar/2022:11:13:06 -0300] "GET /cormun/servlet/prfichaempleado?,MD,,gxPopupLevel%3D0%3B HTTP/1.1" 200 9246
186.67.172.234 - - [14/Mar/2022:11:13:06 -0300] "GET /cormun/servlet/hhome HTTP/1.1" 200 4370
186.67.172.234 - - [14/Mar/2022:11:13:13 -0300] "GET /cormun/servlet/trlicencias? HTTP/1.1" 200 10538
186.67.172.234 - - [14/Mar/2022:11:13:14 -0300] "GET /cormun/servlet/trlicencias? HTTP/1.1" 200 10536
190.171.143.98 - - [14/Mar/2022:11:13:15 -0300] "POST /cormun/servlet/solicitudot?1a716d2ccc1cf6bb48fae1af14e8b741,INS,0,0,false,,gx-no-cache=1647266451021 HTTP/1.1" 200 93
190.171.143.98 - - [14/Mar/2022:11:13:15 -0300] "GET /cormun/servlet/hpexe_return? HTTP/1.1" 200 1011
190.171.143.98 - - [14/Mar/2022:11:13:15 -0300] "GET /cormun/servlet/trsolicitudot HTTP/1.1" 200 7178
190.171.143.98 - - [14/Mar/2022:11:13:16 -0300] "GET /cormun/servlet/trsolicitudot HTTP/1.1" 200 7174
190.171.143.98 - - [14/Mar/2022:11:13:20 -0300] "GET /cormun/servlet/solicitudot?INS,0,0,false, HTTP/1.1" 200 15685
190.171.143.98 - - [14/Mar/2022:11:13:20 -0300] "GET /cormun/servlet/solicitudot?INS,0,0,false, HTTP/1.1" 200 15692
190.171.143.98 - - [14/Mar/2022:11:13:29 -0300] "POST /cormun/servlet/solicitudot?gx-no-cache=1647266464701 HTTP/1.1" 200 3858
190.171.143.98 - - [14/Mar/2022:11:13:29 -0300] "POST /cormun/servlet/solicitudot?1a716d2ccc1cf6bb48fae1af14e8b741,INS,0,0,false,,gx-no-cache=1647266464849 HTTP/1.1" 200 12398
190.171.143.98 - - [14/Mar/2022:11:13:33 -0300] "GET /cormun/servlet/prfichaempleado?,MD,,gxPopupLevel%3D0%3B HTTP/1.1" 200 9246
190.171.142.42 - - [14/Mar/2022:11:13:44 -0300] "POST /cormun/servlet/trautorizarsolicitud?1b60f9cd2fb84d9a4fc5446d65689e83,,gx-no-cache=1647266479615 HTTP/1.1" 200 8039
190.171.142.42 - - [14/Mar/2022:11:13:45 -0300] "POST /cormun/servlet/trautorizarsolicitud?1b60f9cd2fb84d9a4fc5446d65689e83,,gx-no-cache=1647266481001 HTTP/1.1" 200 8038
190.171.142.42 - - [14/Mar/2022:11:13:45 -0300] "POST /cormun/servlet/trautorizarsolicitud?1b60f9cd2fb84d9a4fc5446d65689e83,,gx-no-cache=1647266481234 HTTP/1.1" 200 8039
190.171.142.42 - - [14/Mar/2022:11:13:46 -0300] "POST /cormun/servlet/trautorizarsolicitud?1b60f9cd2fb84d9a4fc5446d65689e83,,gx-no-cache=1647266481454 HTTP/1.1" 200 8038
190.171.143.98 - - [14/Mar/2022:11:13:50 -0300] "POST /cormun/servlet/prfichaempleado?1a716d2ccc1cf6bb48fae1af14e8b741,,MD,,gxPopupLevel%3D0%3B,gx-no-cache=1647266486182 HTTP/1.1" 200 3169
190.171.143.98 - - [14/Mar/2022:11:13:59 -0300] "GET /cormun/servlet/solicitudot?0ac7d9d996c4ccfdaa1538efbf5b1ba7e0ac755f1bd2643df771d635076c3e52cc4b23edd05746de49cb9ad091d1736b,gx-no-cache=1647266495060 HTTP/1.1" 200 30
190.171.143.98 - - [14/Mar/2022:11:15:15 -0300] "POST /cormun/servlet/solicitudot?1a716d2ccc1cf6bb48fae1af14e8b741,INS,0,0,false,,gx-no-cache=1647266570819 HTTP/1.1" 200 12730
190.171.143.98 - - [14/Mar/2022:11:15:15 -0300] "GET /cormun/static/Shared/jqueryui/images/ui-bg_highlight-soft_100_c6c2c8_1x100.png HTTP/1.1" 404 1117
190.171.143.98 - - [14/Mar/2022:11:15:15 -0300] "GET /cormun/static/Shared/jqueryui/images/ui-bg_flat_55_994d53_40x100.png HTTP/1.1" 404 1097
190.171.143.98 - - [14/Mar/2022:11:15:15 -0300] "GET /cormun/static/Shared/jqueryui/images/ui-icons_82798d_256x240.png HTTP/1.1" 404 1089
190.171.143.98 - - [14/Mar/2022:11:15:15 -0300] "GET /cormun/static/Shared/jqueryui/images/ui-icons_ebccce_256x240.png HTTP/1.1" 404 1089
190.171.142.42 - - [14/Mar/2022:11:15:37 -0300] "GET /cormun/servlet/trlicencias? HTTP/1.1" 200 9153
190.171.142.42 - - [14/Mar/2022:11:15:37 -0300] "GET /cormun/static/gxui/gxui-all.css?120300 HTTP/1.1" 200 2179
190.171.142.42 - - [14/Mar/2022:11:15:38 -0300] "GET /cormun/static/gxcfg.js?2020121613995 HTTP/1.1" 200 953
190.171.142.42 - - [14/Mar/2022:11:15:38 -0300] "GET /cormun/static/trlicencias.js?202012162481 HTTP/1.1" 200 41883
190.171.142.42 - - [14/Mar/2022:11:15:38 -0300] "GET /cormun/static/Shared/ext/resources/css/ext-all.css?215870 HTTP/1.1" 200 416045
190.171.142.42 - - [14/Mar/2022:11:15:38 -0300] "GET /cormun//static/Resources/PXToolsActionDisabled.gif HTTP/1.1" 200 53
190.171.142.42 - - [14/Mar/2022:11:15:38 -0300] "GET /cormun//static/Resources/PXToolsGridDisplay.png HTTP/1.1" 200 525
190.171.142.42 - - [14/Mar/2022:11:15:38 -0300] "GET /cormun//static/Resources/PXToolsActionPrint.png HTTP/1.1" 200 404
190.171.142.42 - - [14/Mar/2022:11:15:38 -0300] "GET /cormun//static/Resources/PXToolsHeaderFavorites.png HTTP/1.1" 200 1414
190.171.142.42 - - [14/Mar/2022:11:15:38 -0300] "GET /cormun//static/Resources/PXToolsHeaderHelp.png HTTP/1.1" 200 1333
190.171.142.42 - - [14/Mar/2022:11:15:38 -0300] "GET /cormun/servlet/trlicencias? HTTP/1.1" 200 9152
190.171.143.98 - - [14/Mar/2022:11:16:08 -0300] "GET /cormun/servlet/solicitudot?0ac7d9d996c4ccfdaa1538efbf5b1ba74239a50ecd6dd618cc14789175f098b1,gx-no-cache=1647266623516 HTTP/1.1" 200 94
190.171.143.98 - - [14/Mar/2022:11:16:08 -0300] "GET /cormun/servlet/solicitudot?0ac7d9d996c4ccfdaa1538efbf5b1ba7c50f471b978bd0a5108d832235d97298,gx-no-cache=1647266623579 HTTP/1.1" 200 29
190.171.143.98 - - [14/Mar/2022:11:16:08 -0300] "POST /cormun/servlet/solicitudot?gx-no-cache=1647266623612 HTTP/1.1" 200 297
190.171.143.98 - - [14/Mar/2022:11:16:08 -0300] "GET /cormun/servlet/solicitudot?0ac7d9d996c4ccfdaa1538efbf5b1ba71ade119aa574fb4a45f12d831ec63b5cdbdd4dc4aabcefe791b39705ac52495e3b179afd75f4d7df101531b95ccb4128eb76b78258a4cf469fd5be5e07382d87da567bdbdfb78cc47936c53ce3e8a0015e62325db26abfd2d9f42754f921ab42400f8c631146048b3854620a0c4644372b3100e048c297e30f4673a5bcc64e15ff60e25538dc1ad9ec013462f1716bbcb2f11495d748412392d6b7c792687bafbb199223bb2fffc0bda1e034dae41907a916ea23db040739f9612d31be8fd33aa2191092713372fcfdb31934ac515a3510f58dc7b1b4a5c0545d04ab5af5c93d241c958b5edc4c07c423eaa7ab70c94b2b1a3f1e50e4bb3ef7195be62b44ce8c0e7576d9a499a972bd0b767bdfb4635a6b39a93dce421cff6865d8563789836c38d9c024773d98fc828f67533784cf1f3e94d4da17a0f58f2dc9b4b3f57c8afa20ee3725f89aa97cd14def6ed7b5baa6af3d20b7666996981b60693bd106f9e4f34bc61360a3d929ee5928adfb405d4529b38da36292f08df1c1a7776519df86,gx-no-cache=1647266623642 HTTP/1.1" 200 30
190.171.143.98 - - [14/Mar/2022:11:16:08 -0300] "POST /cormun/servlet/solicitudot?gx-no-cache=1647266623668 HTTP/1.1" 200 30
190.171.143.98 - - [14/Mar/2022:11:16:08 -0300] "POST /cormun/servlet/solicitudot?gx-no-cache=1647266623702 HTTP/1.1" 200 1453
190.171.143.98 - - [14/Mar/2022:11:16:08 -0300] "POST /cormun/servlet/solicitudot?gx-no-cache=1647266623744 HTTP/1.1" 200 38
190.171.143.98 - - [14/Mar/2022:11:16:08 -0300] "GET /cormun/servlet/solicitudot?0ac7d9d996c4ccfdaa1538efbf5b1ba7dd40349bce260ff917bfc765dcb1039fd4212fa55b98b21e1a4613bc0941ef35ff3c8f40529e3e94a23894aa53093e36ccf0c44d2ef658c5280e0e5abe9f8346aead74ec8204dbdfbe48d75b78791da89d82477d467f4acd62d194637d795351,gx-no-cache=1647266623784 HTTP/1.1" 200 110
190.171.143.98 - - [14/Mar/2022:11:16:08 -0300] "POST /cormun/servlet/solicitudot?gx-no-cache=1647266623826 HTTP/1.1" 200 67
190.171.143.98 - - [14/Mar/2022:11:16:19 -0300] "POST /cormun/servlet/solicitudot?gx-no-cache=1647266635235 HTTP/1.1" 200 30
190.171.143.98 - - [14/Mar/2022:11:16:21 -0300] "POST /cormun/servlet/solicitudot?gx-no-cache=1647266636572 HTTP/1.1" 200 1453
190.171.143.98 - - [14/Mar/2022:11:16:21 -0300] "POST /cormun/servlet/solicitudot?gx-no-cache=1647266636600 HTTP/1.1" 200 38
190.171.143.98 - - [14/Mar/2022:11:16:21 -0300] "GET /cormun/servlet/solicitudot?0ac7d9d996c4ccfdaa1538efbf5b1ba7dd40349bce260ff917bfc765dcb1039fd4212fa55b98b21e1a4613bc0941ef35ff3c8f40529e3e94a23894aa53093e36ccf0c44d2ef658c5280e0e5abe9f8346aead74ec8204dbdfbe48d75b78791da89d82477d467f4acd62d194637d795351,gx-no-cache=1647266636618 HTTP/1.1" 200 110
190.171.143.98 - - [14/Mar/2022:11:16:21 -0300] "POST /cormun/servlet/solicitudot?gx-no-cache=1647266636647 HTTP/1.1" 200 67
190.171.143.98 - - [14/Mar/2022:11:16:21 -0300] "GET /cormun/servlet/solicitudot?0ac7d9d996c4ccfdaa1538efbf5b1ba7c64ebe02c415f085b03c1cb3fcfd78c9cc215ffe42181f446d0a9f2f98f2cb2c20c5bbca95bcbd1784477426745aab7c4df83a5ab152f3a2b46f948b1bdc4d3ade0cd13fd0368300df5c452f0d4c8fcda2a84544c0628cec68304fef493d6537,gx-no-cache=1647266636682 HTTP/1.1" 200 29
190.171.143.98 - - [14/Mar/2022:11:16:24 -0300] "GET /cormun/static/menuarrow.gif HTTP/1.1" 404 1015
190.171.143.98 - - [14/Mar/2022:11:16:25 -0300] "POST /cormun/servlet/solicitudot?gx-no-cache=1647266641358 HTTP/1.1" 200 30
190.171.143.98 - - [14/Mar/2022:11:16:25 -0300] "POST /cormun/servlet/solicitudot?gx-no-cache=1647266641409 HTTP/1.1" 200 1453
190.171.143.98 - - [14/Mar/2022:11:16:26 -0300] "POST /cormun/servlet/solicitudot?gx-no-cache=1647266641439 HTTP/1.1" 200 38
190.171.143.98 - - [14/Mar/2022:11:16:26 -0300] "GET /cormun/servlet/solicitudot?0ac7d9d996c4ccfdaa1538efbf5b1ba7dd40349bce260ff917bfc765dcb1039fd4212fa55b98b21e1a4613bc0941ef35ff3c8f40529e3e94a23894aa53093e36ccf0c44d2ef658c5280e0e5abe9f8346aead74ec8204dbdfbe48d75b78791da89d82477d467f4acd62d194637d795351,gx-no-cache=1647266641457 HTTP/1.1" 200 110
190.171.143.98 - - [14/Mar/2022:11:16:26 -0300] "POST /cormun/servlet/solicitudot?gx-no-cache=1647266641477 HTTP/1.1" 200 67
190.171.143.98 - - [14/Mar/2022:11:16:27 -0300] "GET /cormun/servlet/solicitudot?0ac7d9d996c4ccfdaa1538efbf5b1ba756c6eb56fcca6e801bbc12178d58d7bd7a645cf34f5f3d699aac955bdafd8546,gx-no-cache=1647266642511 HTTP/1.1" 200 30
190.171.143.98 - - [14/Mar/2022:11:16:35 -0300] "POST /cormun/servlet/solicitudot?gx-no-cache=1647266650983 HTTP/1.1" 200 30
190.171.143.98 - - [14/Mar/2022:11:17:41 -0300] "GET /cormun/servlet/solicitudot?0ac7d9d996c4ccfdaa1538efbf5b1ba7e4f5402ebc5cf06113dabbdcf244653267c902e0c5fa467df819806e04cd5d65f47aff39b85f6c70bfd54eebc7d46bdc,gx-no-cache=1647266716704 HTTP/1.1" 200 30
190.171.143.98 - - [14/Mar/2022:11:17:41 -0300] "GET /cormun/servlet/solicitudot?0ac7d9d996c4ccfdaa1538efbf5b1ba71ade119aa574fb4a45f12d831ec63b5cdbdd4dc4aabcefe791b39705ac52495e3b179afd75f4d7df101531b95ccb4128eb76b78258a4cf469fd5be5e07382d87da567bdbdfb78cc47936c53ce3e8a0015e62325db26abfd2d9f42754f921ab42400f8c631146048b3854620a0c4644372b3100e048c297e30f4673a5bcc64e15ff60e25538dc1ad9ec013462f1716bbcb2f11495d748412392d6b7c792687bafbb199223bb2fffc0bda1e034dae41907a916ea23db040739f9612d31be8fd33aa2191092713372fcfdb31934ac515a3510f58dc7b1b4a5c0545d04ab5af5c93d241c958b5edc4c07c423eaa7ab70c94b2b1a3f1e50e4bb3ef7195be62b44ce8c0e7576d9a499a972bd0b767bdfb4635a6b39a93dce421cff6865d8563789836c38d9c024773d98fc828f67533784cf1f3e94d4da17a0f58f2dc9b4b3f57c8afa20ee3725f89aa97cd14def6ed7b5baa6af3d20b7666996981b60693bd106f9e4f34bc61360a3d929ee5928adfb405d4529b38da36292f08df1c1a7776519df86,gx-no-cache=1647266716733 HTTP/1.1" 200 30
190.171.143.98 - - [14/Mar/2022:11:17:41 -0300] "POST /cormun/servlet/solicitudot?gx-no-cache=1647266716754 HTTP/1.1" 200 30
190.171.143.98 - - [14/Mar/2022:11:17:41 -0300] "POST /cormun/servlet/solicitudot?gx-no-cache=1647266716783 HTTP/1.1" 200 1453
190.171.143.98 - - [14/Mar/2022:11:17:41 -0300] "POST /cormun/servlet/solicitudot?gx-no-cache=1647266716813 HTTP/1.1" 200 41
190.171.143.98 - - [14/Mar/2022:11:17:41 -0300] "GET /cormun/servlet/solicitudot?0ac7d9d996c4ccfdaa1538efbf5b1ba7dd40349bce260ff917bfc765dcb1039fd4212fa55b98b21e1a4613bc0941ef35ff3c8f40529e3e94a23894aa53093e36ccf0c44d2ef658c5280e0e5abe9f8346aead74ec8204dbdfbe48d75b78791da89d82477d467f4acd62d194637d795351,gx-no-cache=1647266716839 HTTP/1.1" 200 110
190.171.143.98 - - [14/Mar/2022:11:17:41 -0300] "POST /cormun/servlet/solicitudot?gx-no-cache=1647266716881 HTTP/1.1" 200 67
190.171.143.98 - - [14/Mar/2022:11:17:41 -0300] "GET /cormun/servlet/solicitudot?0ac7d9d996c4ccfdaa1538efbf5b1ba756c6eb56fcca6e801bbc12178d58d7bd7a645cf34f5f3d699aac955bdafd8546,gx-no-cache=1647266716915 HTTP/1.1" 200 30
190.171.143.98 - - [14/Mar/2022:11:17:41 -0300] "POST /cormun/servlet/solicitudot?gx-no-cache=1647266716947 HTTP/1.1" 200 30
190.171.143.98 - - [14/Mar/2022:11:17:41 -0300] "POST /cormun/servlet/solicitudot?1a716d2ccc1cf6bb48fae1af14e8b741,INS,0,0,false,,gx-no-cache=1647266716985 HTTP/1.1" 200 12859
190.171.143.98 - - [14/Mar/2022:11:17:58 -0300] "POST /cormun/servlet/solicitudot?gx-no-cache=1647266733681 HTTP/1.1" 200 30
190.171.143.98 - - [14/Mar/2022:11:18:00 -0300] "GET /cormun/servlet/prcontratosol?15217183,,,,,MD,,gxPopupLevel%3D0%3B HTTP/1.1" 200 7780
190.171.143.98 - - [14/Mar/2022:11:19:20 -0300] "POST /cormun/servlet/solicitudot?gx-no-cache=1647266815546 HTTP/1.1" 200 1453
190.171.143.98 - - [14/Mar/2022:11:19:20 -0300] "POST /cormun/servlet/solicitudot?gx-no-cache=1647266815604 HTTP/1.1" 200 41
190.171.143.98 - - [14/Mar/2022:11:19:20 -0300] "GET /cormun/servlet/solicitudot?0ac7d9d996c4ccfdaa1538efbf5b1ba7dd40349bce260ff917bfc765dcb1039fd4212fa55b98b21e1a4613bc0941ef35ff3c8f40529e3e94a23894aa53093e36ccf0c44d2ef658c5280e0e5abe9f8346aead74ec8204dbdfbe48d75b78791da89d82477d467f4acd62d194637d795351,gx-no-cache=1647266815631 HTTP/1.1" 200 110
190.171.143.98 - - [14/Mar/2022:11:19:20 -0300] "POST /cormun/servlet/solicitudot?gx-no-cache=1647266815656 HTTP/1.1" 200 67
190.171.143.98 - - [14/Mar/2022:11:19:20 -0300] "GET /cormun/servlet/solicitudot?0ac7d9d996c4ccfdaa1538efbf5b1ba7a9f3d17f1f0d63cfbe8a5a6a9697be9898fe1e18d394ece8b0f9a6d782bcf7e9,gx-no-cache=1647266815695 HTTP/1.1" 200 134
190.171.143.98 - - [14/Mar/2022:11:19:36 -0300] "GET /cormun/servlet/solicitudot?0ac7d9d996c4ccfdaa1538efbf5b1ba756c6eb56fcca6e801bbc12178d58d7bd7a645cf34f5f3d699aac955bdafd8546,gx-no-cache=1647266831448 HTTP/1.1" 200 30
190.171.143.98 - - [14/Mar/2022:11:19:36 -0300] "POST /cormun/servlet/solicitudot?gx-no-cache=1647266831469 HTTP/1.1" 200 137
