190.171.141.82 - - [11/Mar/2022:09:10:24 -0300] "GET /cormun/servlet/solicitudot?ddf38754f70b811e8af294fca8796721a42a6e8049392eedfeb8ded3e2bb1821c7b70b659c804ccdbbfcf2f593271196,gx-no-cache=1646999878701 HTTP/1.1" 200 30
190.171.141.82 - - [11/Mar/2022:09:10:34 -0300] "POST /cormun/servlet/solicitudot?gx-no-cache=1646999888282 HTTP/1.1" 200 30
190.171.141.82 - - [11/Mar/2022:09:10:54 -0300] "POST /cormun/servlet/solicitudot?16f6c21f4c032ef9417bc82196d0c3c0,INS,0,0,false,,gx-no-cache=1646999908060 HTTP/1.1" 200 93
190.171.141.82 - - [11/Mar/2022:09:10:54 -0300] "GET /cormun/servlet/hpexe_return? HTTP/1.1" 200 1007
190.171.141.82 - - [11/Mar/2022:09:10:54 -0300] "GET /cormun/servlet/trsolicitudot HTTP/1.1" 200 8861
190.171.141.82 - - [11/Mar/2022:09:10:56 -0300] "GET /cormun/servlet/trsolicitudot HTTP/1.1" 200 8857
190.171.141.82 - - [11/Mar/2022:09:11:01 -0300] "GET /cormun/servlet/vesolicitudot?2022,18113,, HTTP/1.1" 200 8329
190.171.141.82 - - [11/Mar/2022:09:11:01 -0300] "GET /cormun/pexe_scrolldiv.js HTTP/1.1" 404 1009
190.171.141.82 - - [11/Mar/2022:09:11:01 -0300] "GET /cormun/static/tbsolicitudot01.js?20201214462316 HTTP/1.1" 200 30566
190.171.141.82 - - [11/Mar/2022:09:11:02 -0300] "GET /cormun/static/Resources/PXToolsTabUnselectedUnselected.png HTTP/1.1" 200 1470
190.171.141.82 - - [11/Mar/2022:09:11:02 -0300] "GET /cormun/servlet/vesolicitudot?2022,18113,, HTTP/1.1" 200 8329
190.171.141.82 - - [11/Mar/2022:09:11:04 -0300] "GET /cormun/servlet/vesolicitudot?2022,18113,,SolicitudOTAdjuntos HTTP/1.1" 200 7342
190.171.141.82 - - [11/Mar/2022:09:11:05 -0300] "GET /cormun/pexe_scrolldiv.js HTTP/1.1" 404 1009
190.171.141.82 - - [11/Mar/2022:09:11:06 -0300] "GET /cormun/servlet/vesolicitudot?2022,18113,,SolicitudOTAdjuntos HTTP/1.1" 200 7342
190.171.141.82 - - [11/Mar/2022:09:11:07 -0300] "POST /cormun/servlet/acontrolpreferencessavestate?None,CD-06,true HTTP/1.1" 200 35
190.171.141.82 - - [11/Mar/2022:09:11:08 -0300] "GET /cormun/servlet/solicitudotadjuntos?INS,2022,18113,,1, HTTP/1.1" 200 6013
190.171.141.82 - - [11/Mar/2022:09:11:09 -0300] "GET /cormun/static/about:blank HTTP/1.1" 404 1011
190.171.141.82 - - [11/Mar/2022:09:11:10 -0300] "GET /cormun/servlet/solicitudotadjuntos?INS,2022,18113,,1, HTTP/1.1" 200 6005
190.171.141.82 - - [11/Mar/2022:09:11:10 -0300] "GET /cormun/servlet/solicitudotadjuntos?ddf38754f70b811e8af294fca879672188266753dd90a4c24f901c3394f024298f335ca33ef6a8e0a64461dbf2cfb668,gx-no-cache=1646999924733 HTTP/1.1" 200 30
190.171.141.82 - - [11/Mar/2022:09:11:10 -0300] "POST /cormun/servlet/solicitudotadjuntos?16f6c21f4c032ef9417bc82196d0c3c0,INS,2022,18113,,1,,gx-no-cache=1646999924790 HTTP/1.1" 200 3910
190.171.141.82 - - [11/Mar/2022:09:11:13 -0300] "POST /cormun/servlet/solicitudotadjuntos?gx-no-cache=1646999927399 HTTP/1.1" 200 26
190.171.141.82 - - [11/Mar/2022:09:11:31 -0300] "GET /cormun/servlet/solicitudotadjuntos?ddf38754f70b811e8af294fca87967218a17fdf74e9e31d7ffd41d994449069b,gx-no-cache=1646999945961 HTTP/1.1" 200 30
190.171.141.82 - - [11/Mar/2022:09:11:31 -0300] "GET /cormun/servlet/solicitudotadjuntos?ddf38754f70b811e8af294fca87967218a17fdf74e9e31d7ffd41d994449069b,gx-no-cache=1646999946001 HTTP/1.1" 200 30
190.171.141.82 - - [11/Mar/2022:09:11:35 -0300] "POST /cormun/servlet/solicitudotadjuntos?16f6c21f4c032ef9417bc82196d0c3c0,INS,2022,18113,,1, HTTP/1.1" 200 116
190.171.141.82 - - [11/Mar/2022:09:11:35 -0300] "GET /cormun/servlet/hpexe_return? HTTP/1.1" 200 1032
190.171.141.82 - - [11/Mar/2022:09:11:36 -0300] "GET /cormun/servlet/vesolicitudot?2022,18113,,SolicitudOTAdjuntos HTTP/1.1" 200 10122
190.171.141.82 - - [11/Mar/2022:09:11:36 -0300] "GET /cormun/pexe_scrolldiv.js HTTP/1.1" 404 1009
190.171.141.82 - - [11/Mar/2022:09:11:38 -0300] "GET /cormun/servlet/vesolicitudot?2022,18113,,SolicitudOTAdjuntos HTTP/1.1" 200 10118
190.171.141.82 - - [11/Mar/2022:09:11:38 -0300] "POST /cormun/servlet/acontrolpreferencessavestate?None,CD-06,true HTTP/1.1" 200 35
190.171.141.82 - - [11/Mar/2022:09:11:40 -0300] "GET /cormun/servlet/solicitudotadjuntos?INS,2022,18113,,1, HTTP/1.1" 200 6013
190.171.141.82 - - [11/Mar/2022:09:11:42 -0300] "GET /cormun/static/about:blank HTTP/1.1" 404 1011
190.171.141.82 - - [11/Mar/2022:09:11:42 -0300] "GET /cormun/servlet/solicitudotadjuntos?INS,2022,18113,,1, HTTP/1.1" 200 6005
190.171.141.82 - - [11/Mar/2022:09:11:42 -0300] "GET /cormun/servlet/solicitudotadjuntos?ddf38754f70b811e8af294fca879672188266753dd90a4c24f901c3394f024298f335ca33ef6a8e0a64461dbf2cfb668,gx-no-cache=1646999956975 HTTP/1.1" 200 30
190.171.141.82 - - [11/Mar/2022:09:11:42 -0300] "POST /cormun/servlet/solicitudotadjuntos?16f6c21f4c032ef9417bc82196d0c3c0,INS,2022,18113,,1,,gx-no-cache=1646999957044 HTTP/1.1" 200 3910
190.171.141.82 - - [11/Mar/2022:09:11:47 -0300] "POST /cormun/servlet/solicitudotadjuntos?gx-no-cache=1646999962094 HTTP/1.1" 200 26
190.171.141.82 - - [11/Mar/2022:09:11:57 -0300] "GET /cormun/servlet/solicitudotadjuntos?ddf38754f70b811e8af294fca87967218a17fdf74e9e31d7ffd41d994449069b,gx-no-cache=1646999971666 HTTP/1.1" 200 30
190.171.141.82 - - [11/Mar/2022:09:11:57 -0300] "GET /cormun/servlet/solicitudotadjuntos?ddf38754f70b811e8af294fca87967218a17fdf74e9e31d7ffd41d994449069b,gx-no-cache=1646999971723 HTTP/1.1" 200 30
190.171.141.82 - - [11/Mar/2022:09:11:58 -0300] "POST /cormun/servlet/solicitudotadjuntos?16f6c21f4c032ef9417bc82196d0c3c0,INS,2022,18113,,1, HTTP/1.1" 200 116
190.171.141.82 - - [11/Mar/2022:09:11:58 -0300] "GET /cormun/servlet/hpexe_return? HTTP/1.1" 200 1032
190.171.141.82 - - [11/Mar/2022:09:11:59 -0300] "GET /cormun/servlet/vesolicitudot?2022,18113,,SolicitudOTAdjuntos HTTP/1.1" 200 10327
190.171.141.82 - - [11/Mar/2022:09:11:59 -0300] "GET /cormun/pexe_scrolldiv.js HTTP/1.1" 404 1009
190.171.141.82 - - [11/Mar/2022:09:12:01 -0300] "GET /cormun/servlet/vesolicitudot?2022,18113,,SolicitudOTAdjuntos HTTP/1.1" 200 10325
190.171.141.82 - - [11/Mar/2022:09:12:01 -0300] "POST /cormun/servlet/acontrolpreferencessavestate?None,CD-06,true HTTP/1.1" 200 35
190.171.141.82 - - [11/Mar/2022:09:12:03 -0300] "GET /cormun/servlet/solicitudotadjuntos?INS,2022,18113,,1, HTTP/1.1" 200 6013
190.171.141.82 - - [11/Mar/2022:09:12:05 -0300] "GET /cormun/static/about:blank HTTP/1.1" 404 1011
190.171.141.82 - - [11/Mar/2022:09:12:05 -0300] "GET /cormun/servlet/solicitudotadjuntos?INS,2022,18113,,1, HTTP/1.1" 200 6005
190.171.141.82 - - [11/Mar/2022:09:12:05 -0300] "GET /cormun/servlet/solicitudotadjuntos?ddf38754f70b811e8af294fca879672188266753dd90a4c24f901c3394f024298f335ca33ef6a8e0a64461dbf2cfb668,gx-no-cache=1646999980067 HTTP/1.1" 200 30
190.171.141.82 - - [11/Mar/2022:09:12:06 -0300] "POST /cormun/servlet/solicitudotadjuntos?16f6c21f4c032ef9417bc82196d0c3c0,INS,2022,18113,,1,,gx-no-cache=1646999980149 HTTP/1.1" 200 3910
190.171.141.82 - - [11/Mar/2022:09:12:11 -0300] "POST /cormun/servlet/solicitudotadjuntos?gx-no-cache=1646999985337 HTTP/1.1" 200 26
190.171.141.82 - - [11/Mar/2022:09:12:25 -0300] "GET /cormun/servlet/solicitudotadjuntos?ddf38754f70b811e8af294fca87967218a17fdf74e9e31d7ffd41d994449069b,gx-no-cache=1646999999275 HTTP/1.1" 200 30
190.171.141.82 - - [11/Mar/2022:09:12:25 -0300] "GET /cormun/servlet/solicitudotadjuntos?ddf38754f70b811e8af294fca87967218a17fdf74e9e31d7ffd41d994449069b,gx-no-cache=1646999999319 HTTP/1.1" 200 30
190.171.141.82 - - [11/Mar/2022:09:12:25 -0300] "POST /cormun/servlet/solicitudotadjuntos?16f6c21f4c032ef9417bc82196d0c3c0,INS,2022,18113,,1, HTTP/1.1" 200 116
190.171.141.82 - - [11/Mar/2022:09:12:25 -0300] "GET /cormun/servlet/hpexe_return? HTTP/1.1" 200 1032
190.171.141.82 - - [11/Mar/2022:09:12:26 -0300] "GET /cormun/servlet/vesolicitudot?2022,18113,,SolicitudOTAdjuntos HTTP/1.1" 200 10602
190.171.141.82 - - [11/Mar/2022:09:12:26 -0300] "GET /cormun/pexe_scrolldiv.js HTTP/1.1" 404 1009
190.171.141.82 - - [11/Mar/2022:09:12:28 -0300] "GET /cormun/servlet/vesolicitudot?2022,18113,,SolicitudOTAdjuntos HTTP/1.1" 200 10597
190.171.141.82 - - [11/Mar/2022:09:12:29 -0300] "POST /cormun/servlet/acontrolpreferencessavestate?None,CD-06,true HTTP/1.1" 200 35
190.171.141.82 - - [11/Mar/2022:09:12:31 -0300] "GET /cormun/servlet/solicitudotadjuntos?INS,2022,18113,,1, HTTP/1.1" 200 6013
190.171.141.82 - - [11/Mar/2022:09:12:32 -0300] "GET /cormun/static/about:blank HTTP/1.1" 404 1011
190.171.141.82 - - [11/Mar/2022:09:12:33 -0300] "GET /cormun/servlet/solicitudotadjuntos?INS,2022,18113,,1, HTTP/1.1" 200 6005
190.171.141.82 - - [11/Mar/2022:09:12:33 -0300] "GET /cormun/servlet/solicitudotadjuntos?ddf38754f70b811e8af294fca879672188266753dd90a4c24f901c3394f024298f335ca33ef6a8e0a64461dbf2cfb668,gx-no-cache=1647000007662 HTTP/1.1" 200 30
190.171.141.82 - - [11/Mar/2022:09:12:33 -0300] "POST /cormun/servlet/solicitudotadjuntos?16f6c21f4c032ef9417bc82196d0c3c0,INS,2022,18113,,1,,gx-no-cache=1647000007725 HTTP/1.1" 200 3910
190.171.141.82 - - [11/Mar/2022:09:12:39 -0300] "POST /cormun/servlet/solicitudotadjuntos?gx-no-cache=1647000013271 HTTP/1.1" 200 26
190.171.141.82 - - [11/Mar/2022:09:12:48 -0300] "GET /cormun/servlet/solicitudotadjuntos?ddf38754f70b811e8af294fca87967218a17fdf74e9e31d7ffd41d994449069b,gx-no-cache=1647000022398 HTTP/1.1" 200 30
190.171.141.82 - - [11/Mar/2022:09:12:48 -0300] "GET /cormun/servlet/solicitudotadjuntos?ddf38754f70b811e8af294fca87967218a17fdf74e9e31d7ffd41d994449069b,gx-no-cache=1647000022452 HTTP/1.1" 200 30
190.171.141.82 - - [11/Mar/2022:09:12:48 -0300] "POST /cormun/servlet/solicitudotadjuntos?16f6c21f4c032ef9417bc82196d0c3c0,INS,2022,18113,,1, HTTP/1.1" 200 116
190.171.141.82 - - [11/Mar/2022:09:12:48 -0300] "GET /cormun/servlet/hpexe_return? HTTP/1.1" 200 1032
190.171.141.82 - - [11/Mar/2022:09:12:49 -0300] "GET /cormun/servlet/vesolicitudot?2022,18113,,SolicitudOTAdjuntos HTTP/1.1" 200 10876
190.171.141.82 - - [11/Mar/2022:09:12:49 -0300] "GET /cormun/pexe_scrolldiv.js HTTP/1.1" 404 1009
190.171.141.82 - - [11/Mar/2022:09:12:51 -0300] "GET /cormun/servlet/vesolicitudot?2022,18113,,SolicitudOTAdjuntos HTTP/1.1" 200 10882
190.171.141.82 - - [11/Mar/2022:09:12:52 -0300] "POST /cormun/servlet/acontrolpreferencessavestate?None,CD-06,true HTTP/1.1" 200 35
190.171.141.82 - - [11/Mar/2022:09:12:54 -0300] "GET /cormun/servlet/solicitudotadjuntos?INS,2022,18113,,1, HTTP/1.1" 200 6013
190.171.141.82 - - [11/Mar/2022:09:12:55 -0300] "GET /cormun/static/about:blank HTTP/1.1" 404 1011
190.171.141.82 - - [11/Mar/2022:09:12:55 -0300] "GET /cormun/servlet/solicitudotadjuntos?INS,2022,18113,,1, HTTP/1.1" 200 6005
190.171.141.82 - - [11/Mar/2022:09:12:56 -0300] "GET /cormun/servlet/solicitudotadjuntos?ddf38754f70b811e8af294fca879672188266753dd90a4c24f901c3394f024298f335ca33ef6a8e0a64461dbf2cfb668,gx-no-cache=1647000030414 HTTP/1.1" 200 30
190.171.141.82 - - [11/Mar/2022:09:12:56 -0300] "POST /cormun/servlet/solicitudotadjuntos?16f6c21f4c032ef9417bc82196d0c3c0,INS,2022,18113,,1,,gx-no-cache=1647000030473 HTTP/1.1" 200 3910
190.171.141.82 - - [11/Mar/2022:09:13:01 -0300] "POST /cormun/servlet/solicitudotadjuntos?gx-no-cache=1647000035239 HTTP/1.1" 200 26
190.171.141.82 - - [11/Mar/2022:09:13:13 -0300] "GET /cormun/servlet/solicitudotadjuntos?ddf38754f70b811e8af294fca87967218a17fdf74e9e31d7ffd41d994449069b,gx-no-cache=1647000047254 HTTP/1.1" 200 30
190.171.141.82 - - [11/Mar/2022:09:13:13 -0300] "GET /cormun/servlet/solicitudotadjuntos?ddf38754f70b811e8af294fca87967218a17fdf74e9e31d7ffd41d994449069b,gx-no-cache=1647000047294 HTTP/1.1" 200 30
190.171.141.82 - - [11/Mar/2022:09:13:13 -0300] "POST /cormun/servlet/solicitudotadjuntos?16f6c21f4c032ef9417bc82196d0c3c0,INS,2022,18113,,1, HTTP/1.1" 200 116
190.171.141.82 - - [11/Mar/2022:09:13:13 -0300] "GET /cormun/servlet/hpexe_return? HTTP/1.1" 200 1032
190.171.141.82 - - [11/Mar/2022:09:13:14 -0300] "GET /cormun/servlet/vesolicitudot?2022,18113,,SolicitudOTAdjuntos HTTP/1.1" 200 11136
190.171.141.82 - - [11/Mar/2022:09:13:15 -0300] "GET /cormun/pexe_scrolldiv.js HTTP/1.1" 404 1009
190.171.141.82 - - [11/Mar/2022:09:13:17 -0300] "GET /cormun/servlet/vesolicitudot?2022,18113,,SolicitudOTAdjuntos HTTP/1.1" 200 11143
190.171.141.82 - - [11/Mar/2022:09:13:17 -0300] "POST /cormun/servlet/acontrolpreferencessavestate?None,CD-06,true HTTP/1.1" 200 35
190.171.141.82 - - [11/Mar/2022:09:13:18 -0300] "GET /cormun/servlet/solicitudotadjuntos?INS,2022,18113,,1, HTTP/1.1" 200 6012
190.171.141.82 - - [11/Mar/2022:09:13:20 -0300] "GET /cormun/static/about:blank HTTP/1.1" 404 1011
190.171.141.82 - - [11/Mar/2022:09:13:20 -0300] "GET /cormun/servlet/solicitudotadjuntos?INS,2022,18113,,1, HTTP/1.1" 200 6005
190.171.141.82 - - [11/Mar/2022:09:13:21 -0300] "GET /cormun/servlet/solicitudotadjuntos?ddf38754f70b811e8af294fca879672188266753dd90a4c24f901c3394f024298f335ca33ef6a8e0a64461dbf2cfb668,gx-no-cache=1647000055173 HTTP/1.1" 200 30
190.171.141.82 - - [11/Mar/2022:09:13:21 -0300] "POST /cormun/servlet/solicitudotadjuntos?16f6c21f4c032ef9417bc82196d0c3c0,INS,2022,18113,,1,,gx-no-cache=1647000055228 HTTP/1.1" 200 3910
190.171.141.82 - - [11/Mar/2022:09:13:24 -0300] "POST /cormun/servlet/solicitudotadjuntos?gx-no-cache=1647000058836 HTTP/1.1" 200 26
190.171.141.82 - - [11/Mar/2022:09:13:41 -0300] "GET /cormun/servlet/solicitudotadjuntos?ddf38754f70b811e8af294fca87967218a17fdf74e9e31d7ffd41d994449069b,gx-no-cache=1647000075382 HTTP/1.1" 200 30
190.171.141.82 - - [11/Mar/2022:09:13:41 -0300] "GET /cormun/servlet/solicitudotadjuntos?ddf38754f70b811e8af294fca87967218a17fdf74e9e31d7ffd41d994449069b,gx-no-cache=1647000075437 HTTP/1.1" 200 30
190.171.141.82 - - [11/Mar/2022:09:13:41 -0300] "POST /cormun/servlet/solicitudotadjuntos?16f6c21f4c032ef9417bc82196d0c3c0,INS,2022,18113,,1, HTTP/1.1" 200 116
190.171.141.82 - - [11/Mar/2022:09:13:41 -0300] "GET /cormun/servlet/hpexe_return? HTTP/1.1" 200 1032
190.171.141.82 - - [11/Mar/2022:09:13:42 -0300] "GET /cormun/servlet/vesolicitudot?2022,18113,,SolicitudOTAdjuntos HTTP/1.1" 200 11329
190.171.141.82 - - [11/Mar/2022:09:13:43 -0300] "GET /cormun/pexe_scrolldiv.js HTTP/1.1" 404 1009
190.171.141.82 - - [11/Mar/2022:09:13:45 -0300] "GET /cormun/servlet/vesolicitudot?2022,18113,,SolicitudOTAdjuntos HTTP/1.1" 200 11335
190.171.141.82 - - [11/Mar/2022:09:13:45 -0300] "POST /cormun/servlet/acontrolpreferencessavestate?None,CD-06,true HTTP/1.1" 200 35
190.171.141.82 - - [11/Mar/2022:09:13:54 -0300] "GET /cormun/servlet/trsolicitudot? HTTP/1.1" 200 8863
190.171.141.82 - - [11/Mar/2022:09:13:56 -0300] "GET /cormun/servlet/trsolicitudot? HTTP/1.1" 200 8857
190.171.141.82 - - [11/Mar/2022:09:14:07 -0300] "POST /cormun/servlet/trsolicitudot?16f6c21f4c032ef9417bc82196d0c3c0,,gx-no-cache=1647000101915 HTTP/1.1" 200 5773
190.171.141.82 - - [11/Mar/2022:09:14:08 -0300] "GET /cormun/static/Shared/jqueryui/images/ui-bg_highlight-soft_100_c6c2c8_1x100.png HTTP/1.1" 404 1117
190.171.141.82 - - [11/Mar/2022:09:14:08 -0300] "GET /cormun/static/Shared/jqueryui/images/ui-icons_82798d_256x240.png HTTP/1.1" 404 1089
190.171.141.82 - - [11/Mar/2022:09:14:08 -0300] "GET /cormun/static/Shared/jqueryui/images/ui-bg_flat_55_fafafa_40x100.png HTTP/1.1" 404 1097
190.171.141.82 - - [11/Mar/2022:09:14:08 -0300] "GET /cormun/static/Shared/jqueryui/images/ui-icons_8d78a5_256x240.png HTTP/1.1" 404 1089
190.171.141.82 - - [11/Mar/2022:09:14:08 -0300] "POST /cormun/servlet/trsolicitudot?16f6c21f4c032ef9417bc82196d0c3c0,,gx-no-cache=1647000102493 HTTP/1.1" 200 5717
190.171.141.82 - - [11/Mar/2022:09:14:11 -0300] "POST /cormun/servlet/trsolicitudot?16f6c21f4c032ef9417bc82196d0c3c0,,gx-no-cache=1647000105243 HTTP/1.1" 200 4565
190.171.141.82 - - [11/Mar/2022:09:14:11 -0300] "POST /cormun/servlet/trsolicitudot?16f6c21f4c032ef9417bc82196d0c3c0,,gx-no-cache=1647000105544 HTTP/1.1" 200 4344
190.171.141.82 - - [11/Mar/2022:09:17:44 -0300] "GET /cormun/servlet/hlogin HTTP/1.1" 200 1742
190.171.141.82 - - [11/Mar/2022:09:18:12 -0300] "POST /cormun/servlet/hlogin?16f6c21f4c032ef9417bc82196d0c3c0,gx-no-cache=1647000346337 HTTP/1.1" 200 450
190.171.141.82 - - [11/Mar/2022:09:18:26 -0300] "POST /cormun/servlet/hlogin?16f6c21f4c032ef9417bc82196d0c3c0,gx-no-cache=1647000361030 HTTP/1.1" 200 90
190.171.141.82 - - [11/Mar/2022:09:18:27 -0300] "GET /cormun/servlet/hpexe_link HTTP/1.1" 200 950
190.171.141.82 - - [11/Mar/2022:09:18:27 -0300] "GET /cormun/servlet/hhome HTTP/1.1" 200 4317
190.171.141.82 - - [11/Mar/2022:09:18:28 -0300] "GET /cormun/servlet/hhome HTTP/1.1" 200 4313
190.171.141.82 - - [11/Mar/2022:09:18:28 -0300] "GET /cormun/static/SmoothNavMenu/resources/images/right.gif HTTP/1.1" 200 860
190.171.141.82 - - [11/Mar/2022:09:18:32 -0300] "GET /cormun/servlet/trautorizarsolicitud? HTTP/1.1" 200 9103
190.171.141.82 - - [11/Mar/2022:09:18:33 -0300] "GET /cormun/static/gxcfg.js?201991422414522 HTTP/1.1" 200 953
190.171.141.82 - - [11/Mar/2022:09:18:33 -0300] "GET /cormun/static/trautorizarsolicitud.js?201991422415463 HTTP/1.1" 200 53910
190.171.141.82 - - [11/Mar/2022:09:18:34 -0300] "GET /cormun/servlet/trautorizarsolicitud? HTTP/1.1" 200 9102
190.171.141.82 - - [11/Mar/2022:09:18:38 -0300] "POST /cormun/servlet/trautorizarsolicitud?16f6c21f4c032ef9417bc82196d0c3c0,,gx-no-cache=1647000372285 HTTP/1.1" 200 6234
190.171.141.82 - - [11/Mar/2022:09:20:55 -0300] "POST /cormun/servlet/trautorizarsolicitud?16f6c21f4c032ef9417bc82196d0c3c0,,gx-no-cache=1647000509999 HTTP/1.1" 200 116
190.171.141.82 - - [11/Mar/2022:09:20:56 -0300] "GET /cormun/servlet/solicitudotlog?INS,2022,18114,0,ANU, HTTP/1.1" 200 6130
190.171.141.82 - - [11/Mar/2022:09:20:56 -0300] "GET /cormun/static/gxcfg.js?2020121572485 HTTP/1.1" 200 953
190.171.141.82 - - [11/Mar/2022:09:20:56 -0300] "GET /cormun/static/solicitudotlog.js?2020121572497 HTTP/1.1" 200 8934
190.171.141.82 - - [11/Mar/2022:09:20:57 -0300] "GET /cormun/servlet/solicitudotlog?INS,2022,18114,0,ANU, HTTP/1.1" 200 6130
190.171.141.82 - - [11/Mar/2022:09:20:58 -0300] "GET /cormun/servlet/solicitudotlog?ddf38754f70b811e8af294fca8796721d39e0e20e24c05ff8396abd3e3579abd658f3bf6cab4496e94c12f1fe262ac7e184f623c3e5cf25fa08f379877037bcff2f4cc786ca501f6a2db9a827a2c7dedaede8700dca05a76aa4411774b6d31f619f097fb9afe15ff1e738547770006823d599c5c4c0f6e71888d7809603a2ede40589148887166e36839d1a59eed5cf539cf10a39eafc708362157904462b5d2,gx-no-cache=1647000512336 HTTP/1.1" 200 94
190.171.141.82 - - [11/Mar/2022:09:21:13 -0300] "POST /cormun/servlet/solicitudotlog?16f6c21f4c032ef9417bc82196d0c3c0,INS,2022,18114,0,ANU,,gx-no-cache=1647000527526 HTTP/1.1" 200 93
190.171.141.82 - - [11/Mar/2022:09:21:13 -0300] "GET /cormun/servlet/hpexe_return? HTTP/1.1" 200 1027
190.171.141.82 - - [11/Mar/2022:09:21:14 -0300] "GET /cormun/servlet/trautorizarsolicitud? HTTP/1.1" 200 8812
190.171.141.82 - - [11/Mar/2022:09:21:16 -0300] "GET /cormun/servlet/trautorizarsolicitud? HTTP/1.1" 200 8808
190.171.141.82 - - [11/Mar/2022:09:21:18 -0300] "POST /cormun/servlet/trautorizarsolicitud?16f6c21f4c032ef9417bc82196d0c3c0,,gx-no-cache=1647000532325 HTTP/1.1" 200 5936
190.171.141.82 - - [11/Mar/2022:09:21:22 -0300] "POST /cormun/servlet/trautorizarsolicitud?16f6c21f4c032ef9417bc82196d0c3c0,,gx-no-cache=1647000536579 HTTP/1.1" 200 116
190.171.141.82 - - [11/Mar/2022:09:21:22 -0300] "GET /cormun/servlet/solicitudotlog?INS,2022,18113,0,ANU, HTTP/1.1" 200 6131
190.171.141.82 - - [11/Mar/2022:09:21:24 -0300] "GET /cormun/servlet/solicitudotlog?INS,2022,18113,0,ANU, HTTP/1.1" 200 6131
190.171.141.82 - - [11/Mar/2022:09:21:24 -0300] "GET /cormun/servlet/solicitudotlog?ddf38754f70b811e8af294fca879672188266753dd90a4c24f901c3394f02429658f3bf6cab4496e94c12f1fe262ac7e184f623c3e5cf25fa08f379877037bcff2f4cc786ca501f6a2db9a827a2c7dedaede8700dca05a76aa4411774b6d31f619f097fb9afe15ff1e738547770006823d599c5c4c0f6e71888d7809603a2ede40589148887166e36839d1a59eed5cf539cf10a39eafc708362157904462b5d2,gx-no-cache=1647000538831 HTTP/1.1" 200 94
201.186.225.189 - - [11/Mar/2022:09:21:33 -0300] "GET /cormun/servlet/hlogin HTTP/1.1" 200 1729
190.171.141.82 - - [11/Mar/2022:09:21:33 -0300] "POST /cormun/servlet/solicitudotlog?16f6c21f4c032ef9417bc82196d0c3c0,INS,2022,18113,0,ANU,,gx-no-cache=1647000547688 HTTP/1.1" 200 93
190.171.141.82 - - [11/Mar/2022:09:21:33 -0300] "GET /cormun/servlet/hpexe_return? HTTP/1.1" 200 1027
190.171.141.82 - - [11/Mar/2022:09:21:34 -0300] "GET /cormun/servlet/trautorizarsolicitud? HTTP/1.1" 200 7434
190.171.141.82 - - [11/Mar/2022:09:21:35 -0300] "GET /cormun/servlet/trautorizarsolicitud? HTTP/1.1" 200 7430
190.171.141.82 - - [11/Mar/2022:09:21:38 -0300] "GET /cormun/servlet/hlogin HTTP/1.1" 200 1746
201.186.225.189 - - [11/Mar/2022:09:21:42 -0300] "POST /cormun/servlet/hlogin?91cb8e8dbecc357ca6922f241c0c2cf8,gx-no-cache=1647000558736 HTTP/1.1" 200 90
201.186.225.189 - - [11/Mar/2022:09:21:42 -0300] "GET /cormun/servlet/hpexe_link HTTP/1.1" 200 954
201.186.225.189 - - [11/Mar/2022:09:21:42 -0300] "GET /cormun/servlet/hhome HTTP/1.1" 200 4349
201.186.225.189 - - [11/Mar/2022:09:21:42 -0300] "GET /cormun/servlet/hhome HTTP/1.1" 200 4346
201.186.225.189 - - [11/Mar/2022:09:21:46 -0300] "GET /cormun/servlet/trsolicitudot? HTTP/1.1" 200 7572
201.186.225.189 - - [11/Mar/2022:09:21:46 -0300] "GET /cormun/servlet/trsolicitudot? HTTP/1.1" 200 7570
190.171.142.26 - - [11/Mar/2022:09:21:46 -0300] "GET /cormun/servlet/hlogin HTTP/1.1" 200 1729
190.171.141.82 - - [11/Mar/2022:09:21:46 -0300] "POST /cormun/servlet/hlogin?16f6c21f4c032ef9417bc82196d0c3c0,gx-no-cache=1647000560946 HTTP/1.1" 200 90
190.171.141.82 - - [11/Mar/2022:09:21:46 -0300] "GET /cormun/servlet/hpexe_link HTTP/1.1" 200 950
190.171.141.82 - - [11/Mar/2022:09:21:47 -0300] "GET /cormun/servlet/hhome HTTP/1.1" 200 3951
190.171.141.82 - - [11/Mar/2022:09:21:48 -0300] "GET /cormun/servlet/hhome HTTP/1.1" 200 3947
190.171.142.26 - - [11/Mar/2022:09:21:53 -0300] "POST /cormun/servlet/hlogin?6d4012819d06f9f882ce2dca6cca22d6,gx-no-cache=1647000569662 HTTP/1.1" 200 90
190.171.142.26 - - [11/Mar/2022:09:21:53 -0300] "GET /cormun/servlet/hpexe_link HTTP/1.1" 200 956
190.171.142.26 - - [11/Mar/2022:09:21:53 -0300] "GET /cormun/servlet/hhome HTTP/1.1" 200 3975
190.171.141.82 - - [11/Mar/2022:09:21:53 -0300] "GET /cormun/servlet/trsolicitudot? HTTP/1.1" 200 7170
190.171.142.26 - - [11/Mar/2022:09:21:53 -0300] "GET /cormun/servlet/hhome HTTP/1.1" 200 3971
190.171.141.82 - - [11/Mar/2022:09:21:55 -0300] "GET /cormun/servlet/trsolicitudot? HTTP/1.1" 200 7169
201.186.225.189 - - [11/Mar/2022:09:21:57 -0300] "GET /cormun/servlet/solicitudot?INS,0,0,false, HTTP/1.1" 200 16069
201.186.225.189 - - [11/Mar/2022:09:21:57 -0300] "GET /cormun/static/gxcfg.js?20203414241232 HTTP/1.1" 200 953
201.186.225.189 - - [11/Mar/2022:09:21:57 -0300] "GET /cormun/static/Resources/prompt.gif HTTP/1.1" 200 902
201.186.225.189 - - [11/Mar/2022:09:21:57 -0300] "GET /cormun/static/solicitudot.js?20203414242792 HTTP/1.1" 200 74114
190.171.142.26 - - [11/Mar/2022:09:21:57 -0300] "GET /cormun/servlet/trsolicitudot? HTTP/1.1" 200 8608
201.186.225.189 - - [11/Mar/2022:09:21:57 -0300] "GET /cormun/servlet/solicitudot?INS,0,0,false, HTTP/1.1" 200 16076
190.171.142.26 - - [11/Mar/2022:09:21:57 -0300] "GET /cormun/servlet/trsolicitudot? HTTP/1.1" 200 8606
190.171.141.82 - - [11/Mar/2022:09:21:58 -0300] "POST /cormun/servlet/trsolicitudot?16f6c21f4c032ef9417bc82196d0c3c0,,gx-no-cache=1647000572331 HTTP/1.1" 200 4342
190.171.142.26 - - [11/Mar/2022:09:22:02 -0300] "POST /cormun/servlet/trsolicitudot?6d4012819d06f9f882ce2dca6cca22d6,,gx-no-cache=1647000578819 HTTP/1.1" 200 107
190.171.142.26 - - [11/Mar/2022:09:22:02 -0300] "GET /cormun/servlet/trsolicitudadjuntos?2022,18097, HTTP/1.1" 200 6083
190.171.142.26 - - [11/Mar/2022:09:22:02 -0300] "GET /cormun/static/gxcfg.js?20201215574222 HTTP/1.1" 200 953
190.171.142.26 - - [11/Mar/2022:09:22:02 -0300] "GET /cormun/static/trsolicitudadjuntos.js?20201215574932 HTTP/1.1" 200 17922
190.171.142.26 - - [11/Mar/2022:09:22:02 -0300] "GET /cormun/static/Resources/PXToolsGridNew.png HTTP/1.1" 200 427
190.171.142.26 - - [11/Mar/2022:09:22:02 -0300] "GET /cormun/servlet/trsolicitudadjuntos?2022,18097, HTTP/1.1" 200 6083
190.171.142.26 - - [11/Mar/2022:09:22:08 -0300] "GET /cormun/servlet/solicitudotadjuntos?INS,2022,18097,,2, HTTP/1.1" 200 6025
190.171.142.26 - - [11/Mar/2022:09:22:08 -0300] "GET /cormun/static/gxcfg.js?202012157947 HTTP/1.1" 200 953
190.171.142.26 - - [11/Mar/2022:09:22:08 -0300] "GET /cormun/static/solicitudotadjuntos.js?202012157966 HTTP/1.1" 200 11771
190.171.142.26 - - [11/Mar/2022:09:22:09 -0300] "GET /cormun/static/about:blank HTTP/1.1" 404 1011
190.171.142.26 - - [11/Mar/2022:09:22:09 -0300] "GET /cormun/servlet/solicitudotadjuntos?INS,2022,18097,,2, HTTP/1.1" 200 6018
190.171.142.26 - - [11/Mar/2022:09:22:09 -0300] "GET /cormun/servlet/solicitudotadjuntos?863964d80055540203faefda4897f861d41ef737941c628e7a827764c0479ecac57a95a5f31cb586b2a80d0f7ef10fe8,gx-no-cache=1647000586149 HTTP/1.1" 200 30
190.171.142.26 - - [11/Mar/2022:09:22:09 -0300] "POST /cormun/servlet/solicitudotadjuntos?6d4012819d06f9f882ce2dca6cca22d6,INS,2022,18097,,2,,gx-no-cache=1647000586203 HTTP/1.1" 200 4086
190.171.141.82 - - [11/Mar/2022:09:22:10 -0300] "POST /cormun/servlet/trsolicitudot?16f6c21f4c032ef9417bc82196d0c3c0,,gx-no-cache=1647000584422 HTTP/1.1" 200 8915
190.171.142.26 - - [11/Mar/2022:09:22:11 -0300] "POST /cormun/servlet/solicitudotadjuntos?6d4012819d06f9f882ce2dca6cca22d6,INS,2022,18097,,2,,gx-no-cache=1647000587814 HTTP/1.1" 200 93
190.171.142.26 - - [11/Mar/2022:09:22:11 -0300] "GET /cormun/servlet/hpexe_return? HTTP/1.1" 200 1030
190.171.142.26 - - [11/Mar/2022:09:22:11 -0300] "GET /cormun/servlet/trsolicitudadjuntos?2022,18097, HTTP/1.1" 200 6086
190.171.142.26 - - [11/Mar/2022:09:22:11 -0300] "GET /cormun/servlet/trsolicitudadjuntos?2022,18097, HTTP/1.1" 200 6083
190.171.142.26 - - [11/Mar/2022:09:22:13 -0300] "GET /cormun/servlet/solicitudotadjuntos?INS,2022,18097,,1, HTTP/1.1" 200 6026
190.171.142.26 - - [11/Mar/2022:09:22:14 -0300] "GET /cormun/static/about:blank HTTP/1.1" 404 1011
190.171.142.26 - - [11/Mar/2022:09:22:14 -0300] "GET /cormun/servlet/solicitudotadjuntos?INS,2022,18097,,1, HTTP/1.1" 200 6019
190.171.142.26 - - [11/Mar/2022:09:22:14 -0300] "GET /cormun/servlet/solicitudotadjuntos?863964d80055540203faefda4897f861d41ef737941c628e7a827764c0479ecac57a95a5f31cb586b2a80d0f7ef10fe8,gx-no-cache=1647000591299 HTTP/1.1" 200 30
190.171.142.26 - - [11/Mar/2022:09:22:14 -0300] "POST /cormun/servlet/solicitudotadjuntos?6d4012819d06f9f882ce2dca6cca22d6,INS,2022,18097,,1,,gx-no-cache=1647000591335 HTTP/1.1" 200 3877
190.171.142.26 - - [11/Mar/2022:09:22:21 -0300] "POST /cormun/servlet/solicitudotadjuntos?gx-no-cache=1647000597847 HTTP/1.1" 200 26
190.171.141.82 - - [11/Mar/2022:09:22:24 -0300] "POST /cormun/servlet/trsolicitudot?16f6c21f4c032ef9417bc82196d0c3c0,,gx-no-cache=1647000598518 HTTP/1.1" 200 8893
190.171.141.82 - - [11/Mar/2022:09:22:32 -0300] "POST /cormun/servlet/trsolicitudot?16f6c21f4c032ef9417bc82196d0c3c0,,gx-no-cache=1647000606853 HTTP/1.1" 200 8894
190.171.141.82 - - [11/Mar/2022:09:22:50 -0300] "POST /cormun/servlet/trsolicitudot?16f6c21f4c032ef9417bc82196d0c3c0,,gx-no-cache=1647000624868 HTTP/1.1" 200 8894
190.171.142.26 - - [11/Mar/2022:09:22:52 -0300] "GET /cormun/servlet/solicitudotadjuntos?863964d80055540203faefda4897f8610f98faba571c5480344806413f08c2f2,gx-no-cache=1647000629195 HTTP/1.1" 200 30
190.171.142.26 - - [11/Mar/2022:09:22:52 -0300] "GET /cormun/servlet/solicitudotadjuntos?863964d80055540203faefda4897f8610f98faba571c5480344806413f08c2f2,gx-no-cache=1647000629229 HTTP/1.1" 200 30
190.171.142.26 - - [11/Mar/2022:09:22:53 -0300] "POST /cormun/servlet/solicitudotadjuntos?6d4012819d06f9f882ce2dca6cca22d6,INS,2022,18097,,1, HTTP/1.1" 200 116
190.171.142.26 - - [11/Mar/2022:09:22:53 -0300] "GET /cormun/servlet/hpexe_return? HTTP/1.1" 200 1031
190.171.142.26 - - [11/Mar/2022:09:22:53 -0300] "GET /cormun/servlet/trsolicitudadjuntos?2022,18097, HTTP/1.1" 200 8855
190.171.142.26 - - [11/Mar/2022:09:22:53 -0300] "GET /cormun/servlet/trsolicitudadjuntos?2022,18097, HTTP/1.1" 200 8850
190.171.142.26 - - [11/Mar/2022:09:22:57 -0300] "GET /cormun/servlet/solicitudotadjuntos?INS,2022,18097,,1, HTTP/1.1" 200 6026
190.171.142.26 - - [11/Mar/2022:09:22:57 -0300] "GET /cormun/static/about:blank HTTP/1.1" 404 1011
190.171.142.26 - - [11/Mar/2022:09:22:57 -0300] "GET /cormun/servlet/solicitudotadjuntos?INS,2022,18097,,1, HTTP/1.1" 200 6019
190.171.142.26 - - [11/Mar/2022:09:22:57 -0300] "GET /cormun/servlet/solicitudotadjuntos?863964d80055540203faefda4897f861d41ef737941c628e7a827764c0479ecac57a95a5f31cb586b2a80d0f7ef10fe8,gx-no-cache=1647000634347 HTTP/1.1" 200 30
190.171.142.26 - - [11/Mar/2022:09:22:57 -0300] "POST /cormun/servlet/solicitudotadjuntos?6d4012819d06f9f882ce2dca6cca22d6,INS,2022,18097,,1,,gx-no-cache=1647000634383 HTTP/1.1" 200 3877
190.171.141.82 - - [11/Mar/2022:09:22:59 -0300] "POST /cormun/servlet/trsolicitudot?16f6c21f4c032ef9417bc82196d0c3c0,,gx-no-cache=1647000633778 HTTP/1.1" 200 8894
190.171.142.26 - - [11/Mar/2022:09:23:00 -0300] "POST /cormun/servlet/solicitudotadjuntos?gx-no-cache=1647000637104 HTTP/1.1" 200 26
190.171.141.82 - - [11/Mar/2022:09:23:03 -0300] "POST /cormun/servlet/trsolicitudot?16f6c21f4c032ef9417bc82196d0c3c0,,gx-no-cache=1647000637673 HTTP/1.1" 200 8894
190.171.142.26 - - [11/Mar/2022:09:23:07 -0300] "GET /cormun/servlet/solicitudotadjuntos?863964d80055540203faefda4897f8610f98faba571c5480344806413f08c2f2,gx-no-cache=1647000644302 HTTP/1.1" 200 30
190.171.142.26 - - [11/Mar/2022:09:23:07 -0300] "GET /cormun/servlet/solicitudotadjuntos?863964d80055540203faefda4897f8610f98faba571c5480344806413f08c2f2,gx-no-cache=1647000644356 HTTP/1.1" 200 30
190.171.142.26 - - [11/Mar/2022:09:23:08 -0300] "POST /cormun/servlet/solicitudotadjuntos?6d4012819d06f9f882ce2dca6cca22d6,INS,2022,18097,,1, HTTP/1.1" 200 116
190.171.142.26 - - [11/Mar/2022:09:23:08 -0300] "GET /cormun/servlet/hpexe_return? HTTP/1.1" 200 1031
190.171.142.26 - - [11/Mar/2022:09:23:08 -0300] "GET /cormun/servlet/trsolicitudadjuntos?2022,18097, HTTP/1.1" 200 9084
190.171.142.26 - - [11/Mar/2022:09:23:09 -0300] "GET /cormun/servlet/trsolicitudadjuntos?2022,18097, HTTP/1.1" 200 9081
190.171.142.26 - - [11/Mar/2022:09:23:11 -0300] "GET /cormun/servlet/solicitudotadjuntos?INS,2022,18097,,1, HTTP/1.1" 200 6027
190.171.142.26 - - [11/Mar/2022:09:23:11 -0300] "GET /cormun/static/about:blank HTTP/1.1" 404 1011
190.171.142.26 - - [11/Mar/2022:09:23:11 -0300] "GET /cormun/servlet/solicitudotadjuntos?INS,2022,18097,,1, HTTP/1.1" 200 6020
190.171.142.26 - - [11/Mar/2022:09:23:12 -0300] "GET /cormun/servlet/solicitudotadjuntos?863964d80055540203faefda4897f861d41ef737941c628e7a827764c0479ecac57a95a5f31cb586b2a80d0f7ef10fe8,gx-no-cache=1647000648582 HTTP/1.1" 200 30
190.171.142.26 - - [11/Mar/2022:09:23:12 -0300] "POST /cormun/servlet/solicitudotadjuntos?6d4012819d06f9f882ce2dca6cca22d6,INS,2022,18097,,1,,gx-no-cache=1647000648617 HTTP/1.1" 200 3878
190.171.141.82 - - [11/Mar/2022:09:23:12 -0300] "POST /cormun/servlet/trsolicitudot?16f6c21f4c032ef9417bc82196d0c3c0,,gx-no-cache=1647000646844 HTTP/1.1" 200 8894
190.171.142.26 - - [11/Mar/2022:09:23:15 -0300] "POST /cormun/servlet/solicitudotadjuntos?gx-no-cache=1647000651476 HTTP/1.1" 200 26
190.171.141.82 - - [11/Mar/2022:09:23:15 -0300] "POST /cormun/servlet/trsolicitudot?16f6c21f4c032ef9417bc82196d0c3c0,,gx-no-cache=1647000649366 HTTP/1.1" 200 8895
190.171.141.82 - - [11/Mar/2022:09:23:17 -0300] "POST /cormun/servlet/trsolicitudot?16f6c21f4c032ef9417bc82196d0c3c0,,gx-no-cache=1647000651893 HTTP/1.1" 200 8894
190.171.142.26 - - [11/Mar/2022:09:23:24 -0300] "GET /cormun/servlet/solicitudotadjuntos?863964d80055540203faefda4897f8610f98faba571c5480344806413f08c2f2,gx-no-cache=1647000660941 HTTP/1.1" 200 30
190.171.142.26 - - [11/Mar/2022:09:23:24 -0300] "GET /cormun/servlet/solicitudotadjuntos?863964d80055540203faefda4897f8610f98faba571c5480344806413f08c2f2,gx-no-cache=1647000660963 HTTP/1.1" 200 30
190.171.142.26 - - [11/Mar/2022:09:23:24 -0300] "POST /cormun/servlet/solicitudotadjuntos?6d4012819d06f9f882ce2dca6cca22d6,INS,2022,18097,,1, HTTP/1.1" 200 116
190.171.142.26 - - [11/Mar/2022:09:23:24 -0300] "GET /cormun/servlet/hpexe_return? HTTP/1.1" 200 1031
190.171.142.26 - - [11/Mar/2022:09:23:25 -0300] "GET /cormun/servlet/trsolicitudadjuntos?2022,18097, HTTP/1.1" 200 9238
190.171.142.26 - - [11/Mar/2022:09:23:25 -0300] "GET /cormun/servlet/trsolicitudadjuntos?2022,18097, HTTP/1.1" 200 9236
190.171.142.26 - - [11/Mar/2022:09:23:27 -0300] "GET /cormun/servlet/solicitudotadjuntos?INS,2022,18097,,1, HTTP/1.1" 200 6027
190.171.142.26 - - [11/Mar/2022:09:23:27 -0300] "GET /cormun/static/about:blank HTTP/1.1" 404 1011
190.171.142.26 - - [11/Mar/2022:09:23:28 -0300] "GET /cormun/servlet/solicitudotadjuntos?INS,2022,18097,,1, HTTP/1.1" 200 6020
190.171.142.26 - - [11/Mar/2022:09:23:28 -0300] "GET /cormun/servlet/solicitudotadjuntos?863964d80055540203faefda4897f861d41ef737941c628e7a827764c0479ecac57a95a5f31cb586b2a80d0f7ef10fe8,gx-no-cache=1647000664942 HTTP/1.1" 200 30
190.171.142.26 - - [11/Mar/2022:09:23:28 -0300] "POST /cormun/servlet/solicitudotadjuntos?6d4012819d06f9f882ce2dca6cca22d6,INS,2022,18097,,1,,gx-no-cache=1647000664973 HTTP/1.1" 200 3878
190.171.141.82 - - [11/Mar/2022:09:23:29 -0300] "POST /cormun/servlet/trsolicitudot?16f6c21f4c032ef9417bc82196d0c3c0,,gx-no-cache=1647000663629 HTTP/1.1" 200 8894
190.171.142.26 - - [11/Mar/2022:09:23:32 -0300] "POST /cormun/servlet/solicitudotadjuntos?gx-no-cache=1647000668951 HTTP/1.1" 200 26
190.171.142.26 - - [11/Mar/2022:09:23:38 -0300] "GET /cormun/servlet/solicitudotadjuntos?863964d80055540203faefda4897f8610f98faba571c5480344806413f08c2f2,gx-no-cache=1647000674522 HTTP/1.1" 200 30
190.171.142.26 - - [11/Mar/2022:09:23:38 -0300] "GET /cormun/servlet/solicitudotadjuntos?863964d80055540203faefda4897f8610f98faba571c5480344806413f08c2f2,gx-no-cache=1647000674628 HTTP/1.1" 200 30
190.171.142.26 - - [11/Mar/2022:09:23:38 -0300] "POST /cormun/servlet/solicitudotadjuntos?6d4012819d06f9f882ce2dca6cca22d6,INS,2022,18097,,1, HTTP/1.1" 200 116
190.171.142.26 - - [11/Mar/2022:09:23:38 -0300] "GET /cormun/servlet/hpexe_return? HTTP/1.1" 200 1031
190.171.142.26 - - [11/Mar/2022:09:23:38 -0300] "GET /cormun/servlet/trsolicitudadjuntos?2022,18097, HTTP/1.1" 200 9483
190.171.142.26 - - [11/Mar/2022:09:23:39 -0300] "GET /cormun/servlet/trsolicitudadjuntos?2022,18097, HTTP/1.1" 200 9482
190.171.142.26 - - [11/Mar/2022:09:23:41 -0300] "GET /cormun/servlet/solicitudotadjuntos?INS,2022,18097,,1, HTTP/1.1" 200 6027
190.171.142.26 - - [11/Mar/2022:09:23:41 -0300] "GET /cormun/static/about:blank HTTP/1.1" 404 1011
190.171.142.26 - - [11/Mar/2022:09:23:41 -0300] "GET /cormun/servlet/solicitudotadjuntos?INS,2022,18097,,1, HTTP/1.1" 200 6020
190.171.142.26 - - [11/Mar/2022:09:23:42 -0300] "GET /cormun/servlet/solicitudotadjuntos?863964d80055540203faefda4897f861d41ef737941c628e7a827764c0479ecac57a95a5f31cb586b2a80d0f7ef10fe8,gx-no-cache=1647000678838 HTTP/1.1" 200 30
190.171.142.26 - - [11/Mar/2022:09:23:42 -0300] "POST /cormun/servlet/solicitudotadjuntos?6d4012819d06f9f882ce2dca6cca22d6,INS,2022,18097,,1,,gx-no-cache=1647000678870 HTTP/1.1" 200 3878
190.171.141.82 - - [11/Mar/2022:09:23:44 -0300] "POST /cormun/servlet/trsolicitudot?16f6c21f4c032ef9417bc82196d0c3c0,,gx-no-cache=1647000678511 HTTP/1.1" 200 8894
190.171.142.26 - - [11/Mar/2022:09:23:46 -0300] "POST /cormun/servlet/solicitudotadjuntos?gx-no-cache=1647000683001 HTTP/1.1" 200 26
190.171.142.26 - - [11/Mar/2022:09:23:51 -0300] "GET /cormun/servlet/solicitudotadjuntos?863964d80055540203faefda4897f8610f98faba571c5480344806413f08c2f2,gx-no-cache=1647000688202 HTTP/1.1" 200 30
190.171.142.26 - - [11/Mar/2022:09:23:51 -0300] "GET /cormun/servlet/solicitudotadjuntos?863964d80055540203faefda4897f8610f98faba571c5480344806413f08c2f2,gx-no-cache=1647000688215 HTTP/1.1" 200 30
190.171.142.26 - - [11/Mar/2022:09:23:52 -0300] "POST /cormun/servlet/solicitudotadjuntos?6d4012819d06f9f882ce2dca6cca22d6,INS,2022,18097,,1, HTTP/1.1" 200 116
190.171.142.26 - - [11/Mar/2022:09:23:52 -0300] "GET /cormun/servlet/hpexe_return? HTTP/1.1" 200 1031
190.171.142.26 - - [11/Mar/2022:09:23:52 -0300] "GET /cormun/servlet/trsolicitudadjuntos?2022,18097, HTTP/1.1" 200 9772
190.171.142.26 - - [11/Mar/2022:09:23:53 -0300] "GET /cormun/servlet/trsolicitudadjuntos?2022,18097, HTTP/1.1" 200 9769
190.171.142.26 - - [11/Mar/2022:09:23:55 -0300] "GET /cormun/servlet/solicitudotadjuntos?INS,2022,18097,,1, HTTP/1.1" 200 6027
190.171.142.26 - - [11/Mar/2022:09:23:55 -0300] "GET /cormun/static/about:blank HTTP/1.1" 404 1011
190.171.142.26 - - [11/Mar/2022:09:23:55 -0300] "GET /cormun/servlet/solicitudotadjuntos?INS,2022,18097,,1, HTTP/1.1" 200 6020
190.171.142.26 - - [11/Mar/2022:09:23:56 -0300] "GET /cormun/servlet/solicitudotadjuntos?863964d80055540203faefda4897f861d41ef737941c628e7a827764c0479ecac57a95a5f31cb586b2a80d0f7ef10fe8,gx-no-cache=1647000692897 HTTP/1.1" 200 30
190.171.142.26 - - [11/Mar/2022:09:23:56 -0300] "POST /cormun/servlet/solicitudotadjuntos?6d4012819d06f9f882ce2dca6cca22d6,INS,2022,18097,,1,,gx-no-cache=1647000692940 HTTP/1.1" 200 3878
190.171.142.26 - - [11/Mar/2022:09:23:59 -0300] "POST /cormun/servlet/solicitudotadjuntos?gx-no-cache=1647000695945 HTTP/1.1" 200 26
190.171.141.82 - - [11/Mar/2022:09:24:00 -0300] "GET /cormun/servlet/solicitudot?INS,0,0,false, HTTP/1.1" 200 15675
190.171.141.82 - - [11/Mar/2022:09:24:02 -0300] "GET /cormun/servlet/solicitudot?INS,0,0,false, HTTP/1.1" 200 15683
190.171.142.26 - - [11/Mar/2022:09:24:06 -0300] "GET /cormun/servlet/solicitudotadjuntos?863964d80055540203faefda4897f8610f98faba571c5480344806413f08c2f2,gx-no-cache=1647000703217 HTTP/1.1" 200 30
190.171.142.26 - - [11/Mar/2022:09:24:06 -0300] "GET /cormun/servlet/solicitudotadjuntos?863964d80055540203faefda4897f8610f98faba571c5480344806413f08c2f2,gx-no-cache=1647000703239 HTTP/1.1" 200 30
190.171.142.26 - - [11/Mar/2022:09:24:07 -0300] "POST /cormun/servlet/solicitudotadjuntos?6d4012819d06f9f882ce2dca6cca22d6,INS,2022,18097,,1, HTTP/1.1" 200 116
190.171.142.26 - - [11/Mar/2022:09:24:07 -0300] "GET /cormun/servlet/hpexe_return? HTTP/1.1" 200 1031
190.171.142.26 - - [11/Mar/2022:09:24:07 -0300] "GET /cormun/servlet/trsolicitudadjuntos?2022,18097, HTTP/1.1" 200 9952
190.171.142.26 - - [11/Mar/2022:09:24:08 -0300] "GET /cormun/servlet/trsolicitudadjuntos?2022,18097, HTTP/1.1" 200 9949
190.171.142.26 - - [11/Mar/2022:09:24:12 -0300] "GET /cormun/servlet/trsolicitudot? HTTP/1.1" 200 8613
190.171.141.82 - - [11/Mar/2022:09:24:12 -0300] "POST /cormun/servlet/solicitudot?gx-no-cache=1647000706411 HTTP/1.1" 200 3858
190.171.141.82 - - [11/Mar/2022:09:24:12 -0300] "POST /cormun/servlet/solicitudot?16f6c21f4c032ef9417bc82196d0c3c0,INS,0,0,false,,gx-no-cache=1647000706662 HTTP/1.1" 200 12394
190.171.142.26 - - [11/Mar/2022:09:24:12 -0300] "GET /cormun/servlet/trsolicitudot? HTTP/1.1" 200 8606
190.171.141.82 - - [11/Mar/2022:09:24:15 -0300] "GET /cormun/servlet/solicitudot?ddf38754f70b811e8af294fca8796721e7c02cfd40bc5d51e2e8ecfb40941f28203f995cdcfba0efde519726a834a4cb,gx-no-cache=1647000709506 HTTP/1.1" 200 30
190.171.142.26 - - [11/Mar/2022:09:24:30 -0300] "POST /cormun/servlet/trsolicitudot?6d4012819d06f9f882ce2dca6cca22d6,,gx-no-cache=1647000726470 HTTP/1.1" 200 112
190.171.142.26 - - [11/Mar/2022:09:24:30 -0300] "GET /cormun/servlet/solicitudot?UPD,2022,18097,false, HTTP/1.1" 200 16282
190.171.142.26 - - [11/Mar/2022:09:24:31 -0300] "GET /cormun/servlet/solicitudot?UPD,2022,18097,false, HTTP/1.1" 200 16293
190.171.142.26 - - [11/Mar/2022:09:24:31 -0300] "POST /cormun/servlet/solicitudot?gx-no-cache=1647000727896 HTTP/1.1" 200 3931
190.171.142.26 - - [11/Mar/2022:09:24:31 -0300] "POST /cormun/servlet/solicitudot?6d4012819d06f9f882ce2dca6cca22d6,UPD,2022,18097,false,,gx-no-cache=1647000728060 HTTP/1.1" 200 12550
190.171.142.26 - - [11/Mar/2022:09:24:31 -0300] "GET /cormun/servlet/solicitudot?863964d80055540203faefda4897f86195f749fbdc009befe667bfddcdd81de6cc8f1c12e1ab5df6ab9e96c6e37efee2,gx-no-cache=1647000728316 HTTP/1.1" 200 30
190.171.142.26 - - [11/Mar/2022:09:24:31 -0300] "GET /cormun/servlet/solicitudot?863964d80055540203faefda4897f8610b64c5c0b0d75bdd3e5370825f891f5e94412881220d2673aca43a8106a9df7b8f9fcb6fc30249267f7461f68ff382a0,gx-no-cache=1647000728351 HTTP/1.1" 200 30
190.171.142.26 - - [11/Mar/2022:09:24:31 -0300] "GET /cormun/servlet/solicitudot?863964d80055540203faefda4897f861c08f990907480f22a713c0d66da0fb28,gx-no-cache=1647000728376 HTTP/1.1" 200 29
190.171.142.26 - - [11/Mar/2022:09:24:31 -0300] "POST /cormun/servlet/solicitudot?gx-no-cache=1647000728408 HTTP/1.1" 200 295
190.171.142.26 - - [11/Mar/2022:09:24:32 -0300] "GET /cormun/servlet/solicitudot?863964d80055540203faefda4897f86161c7fff1d030075711c3be151dc38a1c7f1e1cfb34c3d45d98848dcfd444cc6b4ffa8505b1b5f421b71ea4697e8331a09022d9e61d6d0395420cfa05c7a359732e2e5ff5979b00e383cc9eba037c577d8dc56315ffc755bf9e6a0b34521cc3e331d2b3fc55dd9e5e01dd06cdf9a0002b44e0b7efede09a90dad1643e23741eebee4efc94664baafcfdd77c1b53771b88f7f16066991f2d4ad028f55159f72d7b6728c052c46154a583e2299925408ea77c1165c9462ae5f501fb59de9f356206861acdd1e2eb461513d541ad1d8fc64967839848795d4bdf3bd8687465ab175f76dd5dedb3da9af4257dea74e1e25454555d23e88b88b9741041a27fb11728101522d0dff32c53df93a2c218869dec31860326c7cdf865d94d534fdf9298fb15ebe6cb5ac0d42b4bcaf2fbe4631c55efdfe7761f54ee592dea61ddd1f403570875e7c457a2538040730de53b11df26284764d485706ce5af2e01c45c003b1548fecd7b9dc696c15b04fa936bfdc9fe003f806e641f0dbb6f5bd1f5a4626d6baa,gx-no-cache=1647000728444 HTTP/1.1" 200 30
190.171.142.26 - - [11/Mar/2022:09:24:32 -0300] "POST /cormun/servlet/solicitudot?gx-no-cache=1647000728467 HTTP/1.1" 200 30
190.171.142.26 - - [11/Mar/2022:09:24:32 -0300] "POST /cormun/servlet/solicitudot?gx-no-cache=1647000728510 HTTP/1.1" 200 1457
190.171.142.26 - - [11/Mar/2022:09:24:32 -0300] "POST /cormun/servlet/solicitudot?gx-no-cache=1647000728614 HTTP/1.1" 200 41
190.171.142.26 - - [11/Mar/2022:09:24:37 -0300] "GET /cormun/servlet/solicitudot?863964d80055540203faefda4897f86183fd91fc18006950438b72f5dc34eaee243666c7460a5be841fadceb955b539bd6a1ac4497e84cf21a98a25f0c1ecbb6bc66d4b048d935de3cf1a6be9e91e4c1c37970562cce227a186b65f9a690ff39b8cc2d1db08b3ffafef21d1166ae0400,gx-no-cache=1647000733620 HTTP/1.1" 200 110
190.171.142.26 - - [11/Mar/2022:09:24:37 -0300] "POST /cormun/servlet/solicitudot?gx-no-cache=1647000733657 HTTP/1.1" 200 83
190.171.142.26 - - [11/Mar/2022:09:24:37 -0300] "GET /cormun/servlet/solicitudot?863964d80055540203faefda4897f86136271d9ebd5cb29a03957a0dd3452efe43d848edc110050901434eadc22c4f6e6eb4f65ae4b124c4b25bf86a2be8f8399ac983f255575b08353eeaae7db7315da7b23ef20af3d9a21f5fbf74ac31bbbe126fdd3e628bd0f17a4ee9d2ebbe598e,gx-no-cache=1647000733694 HTTP/1.1" 200 29
190.171.142.26 - - [11/Mar/2022:09:24:37 -0300] "GET /cormun/static/menuarrow.gif HTTP/1.1" 404 1015
190.171.142.26 - - [11/Mar/2022:09:24:39 -0300] "GET /cormun/servlet/solicitudot?863964d80055540203faefda4897f86183fd91fc18006950438b72f5dc34eaee243666c7460a5be841fadceb955b539bd6a1ac4497e84cf21a98a25f0c1ecbb6bc66d4b048d935de3cf1a6be9e91e4c1c37970562cce227a186b65f9a690ff39b8cc2d1db08b3ffafef21d1166ae0400,gx-no-cache=1647000735600 HTTP/1.1" 200 110
190.171.142.26 - - [11/Mar/2022:09:24:40 -0300] "GET /cormun/servlet/solicitudot?863964d80055540203faefda4897f86157994dccca089561a4512d3fa32adcbf7bc49131d22a08d8208e874b2e727093,gx-no-cache=1647000737365 HTTP/1.1" 200 30
190.171.142.26 - - [11/Mar/2022:09:24:40 -0300] "POST /cormun/servlet/solicitudot?gx-no-cache=1647000737394 HTTP/1.1" 200 34
190.171.142.26 - - [11/Mar/2022:09:24:41 -0300] "POST /cormun/servlet/solicitudot?6d4012819d06f9f882ce2dca6cca22d6,UPD,2022,18097,false,,gx-no-cache=1647000737419 HTTP/1.1" 200 93
190.171.142.26 - - [11/Mar/2022:09:24:41 -0300] "GET /cormun/servlet/hpexe_return? HTTP/1.1" 200 1018
190.171.142.26 - - [11/Mar/2022:09:24:41 -0300] "GET /cormun/servlet/trsolicitudot HTTP/1.1" 200 8617
190.171.142.26 - - [11/Mar/2022:09:24:42 -0300] "GET /cormun/servlet/trsolicitudot HTTP/1.1" 200 8613
138.68.246.18 - - [11/Mar/2022:09:24:43 -0300] "GET / HTTP/1.1" 200 11217
138.68.246.18 - - [11/Mar/2022:09:24:43 -0300] "GET /favicon.ico HTTP/1.1" 200 21630
190.171.142.26 - - [11/Mar/2022:09:24:49 -0300] "POST /cormun/servlet/trsolicitudot?6d4012819d06f9f882ce2dca6cca22d6,gx-no-cache=1647000745997 HTTP/1.1" 200 4592
190.171.142.26 - - [11/Mar/2022:09:24:50 -0300] "GET /cormun/static/Shared/jqueryui/images/ui-bg_highlight-soft_100_c6c2c8_1x100.png HTTP/1.1" 404 1117
190.171.142.26 - - [11/Mar/2022:09:24:50 -0300] "GET /cormun/static/Shared/jqueryui/images/ui-icons_82798d_256x240.png HTTP/1.1" 404 1089
190.171.142.26 - - [11/Mar/2022:09:24:50 -0300] "GET /cormun/static/Shared/jqueryui/images/ui-bg_flat_55_fafafa_40x100.png HTTP/1.1" 404 1097
190.171.142.26 - - [11/Mar/2022:09:24:50 -0300] "GET /cormun/static/Shared/jqueryui/images/ui-icons_8d78a5_256x240.png HTTP/1.1" 404 1089
201.186.225.189 - - [11/Mar/2022:09:24:50 -0300] "POST /cormun/servlet/solicitudot?gx-no-cache=1647000746333 HTTP/1.1" 200 3850
190.171.142.26 - - [11/Mar/2022:09:24:50 -0300] "POST /cormun/servlet/trsolicitudot?6d4012819d06f9f882ce2dca6cca22d6,gx-no-cache=1647000746453 HTTP/1.1" 200 4341
201.186.225.189 - - [11/Mar/2022:09:24:50 -0300] "POST /cormun/servlet/solicitudot?91cb8e8dbecc357ca6922f241c0c2cf8,INS,0,0,false,,gx-no-cache=1647000746631 HTTP/1.1" 200 12671
190.171.141.82 - - [11/Mar/2022:09:24:52 -0300] "GET /cormun/servlet/prbanco?,MD,,gxPopupLevel%3D0%3B HTTP/1.1" 200 6509
201.186.225.189 - - [11/Mar/2022:09:24:55 -0300] "GET /cormun/servlet/solicitudot?835224a8c5a1e73eb3d157acd5800bc3a2882b84e25ca32e400a3d359658e235ea135d9cdde16505000e80eb3b383d71,gx-no-cache=1647000751572 HTTP/1.1" 200 30
190.171.141.82 - - [11/Mar/2022:09:24:57 -0300] "GET /cormun/servlet/solicitudot?ddf38754f70b811e8af294fca8796721c7fc21ffbd7ff430dd17d7859cf5419946baf12f82c6c4bd1c8689f6faba08562cb95a5b69369c15ea70bcf0f719d73a,gx-no-cache=1647000751806 HTTP/1.1" 200 30
190.171.141.82 - - [11/Mar/2022:09:24:59 -0300] "GET /cormun/servlet/solicitudot?ddf38754f70b811e8af294fca8796721123a76cce030da00cec201f35ede204f,gx-no-cache=1647000753227 HTTP/1.1" 200 53
190.171.141.82 - - [11/Mar/2022:09:25:08 -0300] "POST /cormun/servlet/solicitudot?gx-no-cache=1647000762638 HTTP/1.1" 200 255
190.171.141.82 - - [11/Mar/2022:09:25:10 -0300] "GET /cormun/servlet/solicitudot?ddf38754f70b811e8af294fca879672170d2da74d09e80f459bf1f3632a49540d5e5b160ae4e44f18587741bb54efd8c8332758517eeeb45620e1b92a277a31a8f9dd9208a6741a1c8c15995a5f775c9a3cf8675e72321bd67beb55cecdf197091ddcd367309a4d8ad4ed35282acfad7308fabc0f7571fc033dfe6a3ab54cf572d10ae5a7ad3e84ec048fc3c55c3e46e1c0ab8ba5cc56b8d9b4153854c6fe3c6ee748b3582414bab85e6feb6037a9bdb5c9da96b98d8152ea804962783466e4854c0d8432308a64c6ed6613e00bf35a2e77a0d03c82c01e0906a37d873618ea088e5e0c53408649379086d1f577c79fa68fd90c1c8f0648ed770d51a94a3f49db0cc97f24bc80b36a80d9b9ef8b0550bf7b032a1239059a79401aa41aa08d32602defefc3ba60f1c27a0249a3c6b33d077a7cc983ba6e104e071d1619bd26207ce393eee9095c35e7df7ba2137bc097446f2c40c8e16c506f5e6a59a5cf60a38baad3f38af494a1f6433918273931a437877374bc23142da66410c2b94944fa8,gx-no-cache=1647000764880 HTTP/1.1" 200 30
190.171.141.82 - - [11/Mar/2022:09:25:14 -0300] "POST /cormun/servlet/solicitudot?gx-no-cache=1647000768274 HTTP/1.1" 200 30
190.171.141.82 - - [11/Mar/2022:09:25:15 -0300] "POST /cormun/servlet/solicitudot?gx-no-cache=1647000770107 HTTP/1.1" 200 1453
190.171.141.82 - - [11/Mar/2022:09:25:16 -0300] "POST /cormun/servlet/solicitudot?gx-no-cache=1647000770182 HTTP/1.1" 200 38
190.171.153.50 - - [11/Mar/2022:09:25:23 -0300] "POST /cormun/servlet/hlogin?86c89d11646604125524fb31ddd629af,gx-no-cache=1647001049782 HTTP/1.1" 440 972
190.171.141.82 - - [11/Mar/2022:09:25:23 -0300] "GET /cormun/servlet/solicitudot?ddf38754f70b811e8af294fca87967216433bf8311ab958e12708fa7b1793721df979174072bfccc0435e561cd9c4971ca13861fc714826f2ba3815999504e3d0851d66bb7d0f6069807234a1c4ce1dff5d9c4d477376e11e7ad7613d2864c9a6c4d6a8437afee67cb1775af328e6b94,gx-no-cache=1647000777829 HTTP/1.1" 200 110
190.171.141.82 - - [11/Mar/2022:09:25:23 -0300] "POST /cormun/servlet/solicitudot?gx-no-cache=1647000777891 HTTP/1.1" 200 97
190.171.141.82 - - [11/Mar/2022:09:25:27 -0300] "GET /cormun/servlet/solicitudot?ddf38754f70b811e8af294fca8796721107699159286a30eab0875a4b29c6755b46cc26df56a99169dcde578e7782e37be98207b3dd1db0ef9b760c63b8f1fd87808ee1ce45066e1cbbe5e3f408a111e5b6a9f48a4b4c5b8769a329d10e57a6655f80806ef64f5d2cfe93e5b30808c03,gx-no-cache=1647000781450 HTTP/1.1" 200 29
190.171.141.82 - - [11/Mar/2022:09:25:32 -0300] "GET /cormun/servlet/solicitudot?ddf38754f70b811e8af294fca8796721a42a6e8049392eedfeb8ded3e2bb1821c7b70b659c804ccdbbfcf2f593271196,gx-no-cache=1647000786516 HTTP/1.1" 200 30
190.171.141.82 - - [11/Mar/2022:09:25:41 -0300] "POST /cormun/servlet/solicitudot?gx-no-cache=1647000795420 HTTP/1.1" 200 30
190.171.141.82 - - [11/Mar/2022:09:25:47 -0300] "POST /cormun/servlet/solicitudot?16f6c21f4c032ef9417bc82196d0c3c0,INS,0,0,false,,gx-no-cache=1647000801507 HTTP/1.1" 200 93
190.171.141.82 - - [11/Mar/2022:09:25:47 -0300] "GET /cormun/servlet/hpexe_return? HTTP/1.1" 200 1007
190.171.141.82 - - [11/Mar/2022:09:25:48 -0300] "GET /cormun/servlet/trsolicitudot? HTTP/1.1" 200 12103
190.171.141.82 - - [11/Mar/2022:09:25:50 -0300] "GET /cormun/servlet/trsolicitudot? HTTP/1.1" 200 12098
190.171.142.26 - - [11/Mar/2022:09:25:50 -0300] "GET /cormun/servlet/hlogin HTTP/1.1" 200 1729
190.171.141.82 - - [11/Mar/2022:09:25:55 -0300] "POST /cormun/servlet/trsolicitudot?16f6c21f4c032ef9417bc82196d0c3c0,,gx-no-cache=1647000809722 HTTP/1.1" 200 9218
190.171.142.26 - - [11/Mar/2022:09:25:59 -0300] "POST /cormun/servlet/hlogin?6d4012819d06f9f882ce2dca6cca22d6,gx-no-cache=1647000815898 HTTP/1.1" 200 90
190.171.142.26 - - [11/Mar/2022:09:25:59 -0300] "GET /cormun/servlet/hpexe_link HTTP/1.1" 200 956
190.171.141.82 - - [11/Mar/2022:09:25:59 -0300] "GET /cormun/servlet/solicitudot?INS,0,0,false, HTTP/1.1" 200 15674
