200.83.224.3 - - [10/Mar/2022:09:04:58 -0300] "POST /cormun/servlet/solicitudot?gx-no-cache=1646913155221 HTTP/1.1" 200 97
200.83.224.3 - - [10/Mar/2022:09:05:04 -0300] "GET /cormun/servlet/solicitudot?c25f1be3dbb08df0cd439529838a2a50a0afc6664710110e590ff93c687bb9a3ea7faee445c5cabf6976cf6317a4d2bf40ef1537056553f3b9fbae59d89e5c7cd6057c642e68687aeec813e233ac1b772c3a40ee92d4555255387be12bc3a00730f7a4e8e9c1871c6de16c5bea8048f8e83789f937664e476b136ff135873626392456fad9b2ef70b574255d284eeadbd036acc53eb3f636bb27f510752d0f4b,gx-no-cache=1646913161093 HTTP/1.1" 200 30
190.171.153.50 - - [10/Mar/2022:09:05:43 -0300] "GET /cormun/servlet/trsolicitudot? HTTP/1.1" 200 7448
200.83.224.3 - - [10/Mar/2022:09:05:48 -0300] "POST /cormun/servlet/solicitudot?gx-no-cache=1646913204740 HTTP/1.1" 200 122
200.83.224.3 - - [10/Mar/2022:09:05:48 -0300] "GET /cormun/servlet/solicitudot?c25f1be3dbb08df0cd439529838a2a50f67197d5fc70e46aadf63d51932799d66a70213b5b5601ee7a25d85fed1b73ec19dd4860a2fb72aa95255f2d7a02c5a34cdd80911b33930b43cda672051e7d5343bdb7beba0703aaab4ae8204b579e478524f5070d0b34e558b40aeaa69498f0,gx-no-cache=1646913204890 HTTP/1.1" 200 110
200.83.224.3 - - [10/Mar/2022:09:05:48 -0300] "GET /cormun/servlet/solicitudot?c25f1be3dbb08df0cd439529838a2a50c6302b97602cbf68d4ca1a0e3210e31ddb511bbd1ed9052d09d88421dde85a1c,gx-no-cache=1646913204936 HTTP/1.1" 200 30
200.83.224.3 - - [10/Mar/2022:09:05:48 -0300] "POST /cormun/servlet/solicitudot?gx-no-cache=1646913204973 HTTP/1.1" 200 120
200.83.224.3 - - [10/Mar/2022:09:05:48 -0300] "POST /cormun/servlet/solicitudot?6336b8ae44c7bbfa466f148022bcc50a,UPD,2022,18075,false,,gx-no-cache=1646913205040 HTTP/1.1" 200 13101
190.171.153.50 - - [10/Mar/2022:09:05:49 -0300] "GET /cormun/servlet/trsolicitudot? HTTP/1.1" 200 7448
192.168.10.96 - - [10/Mar/2022:09:05:51 -0300] "POST /cormun/servlet/vesolicitudgral?ca72f232bfef2e05f327769886a580d9,2022,18075,,,gx-no-cache=1646913046751 HTTP/1.1" 200 90
192.168.10.96 - - [10/Mar/2022:09:05:51 -0300] "GET /cormun/servlet/hpexe_link HTTP/1.1" 200 969
192.168.10.96 - - [10/Mar/2022:09:05:51 -0300] "GET /cormun/servlet/trsolicitudgral? HTTP/1.1" 200 9649
192.168.10.96 - - [10/Mar/2022:09:05:51 -0300] "GET /cormun/servlet/trsolicitudgral? HTTP/1.1" 200 9648
190.171.143.106 - - [10/Mar/2022:09:05:51 -0300] "GET /cormun/servlet/prfichaempleado?,MD,,gxPopupLevel%3D0%3B HTTP/1.1" 200 9287
192.168.10.96 - - [10/Mar/2022:09:05:56 -0300] "GET /cormun/servlet/vesolicitudgral?2022,18075,, HTTP/1.1" 200 8357
192.168.10.96 - - [10/Mar/2022:09:05:56 -0300] "GET /cormun/pexe_scrolldiv.js HTTP/1.1" 404 1009
192.168.10.96 - - [10/Mar/2022:09:05:56 -0300] "GET /cormun/pexe_scrolldiv.js HTTP/1.1" 404 1009
192.168.10.96 - - [10/Mar/2022:09:05:56 -0300] "GET /cormun/servlet/vesolicitudgral?2022,18075,, HTTP/1.1" 200 8357
190.171.143.106 - - [10/Mar/2022:09:05:57 -0300] "POST /cormun/servlet/prfichaempleado?0c674e6fba52dcc9040b3104d4af5a4f,,MD,,gxPopupLevel%3D0%3B,gx-no-cache=1646913216945 HTTP/1.1" 200 3194
200.83.224.3 - - [10/Mar/2022:09:06:03 -0300] "POST /cormun/servlet/solicitudot?gx-no-cache=1646913219947 HTTP/1.1" 200 3929
200.83.224.3 - - [10/Mar/2022:09:06:03 -0300] "POST /cormun/servlet/solicitudot?6336b8ae44c7bbfa466f148022bcc50a,UPD,2022,18075,false,,gx-no-cache=1646913220112 HTTP/1.1" 200 12927
200.83.224.3 - - [10/Mar/2022:09:06:03 -0300] "GET /cormun/servlet/solicitudot?c25f1be3dbb08df0cd439529838a2a50d24c45a49a8e40450963abbba5be2551906e6b1562c5fac1631e6cf1270ea48d,gx-no-cache=1646913220331 HTTP/1.1" 200 30
200.83.224.3 - - [10/Mar/2022:09:06:03 -0300] "GET /cormun/servlet/solicitudot?c25f1be3dbb08df0cd439529838a2a508a836fe87ac48b5064c6f38cee8846f5bb1fbd0ba5906358dd206252b709a011755e1a7bfcd83326e08b8d00cc09a9dd844c5b07fe87baf62a9d37ccff601a7e,gx-no-cache=1646913220375 HTTP/1.1" 200 30
200.83.224.3 - - [10/Mar/2022:09:06:03 -0300] "GET /cormun/servlet/solicitudot?c25f1be3dbb08df0cd439529838a2a501c973b6d99a822c33c687b05e3f879c70267c3f1712e6e7682dd17706fa4effb90785cba6c94ec24bb98b9f132e466e8b92e572a4ecb33939182f48ab5ecfd2f9f89c1a0519362cc6575848a40b9fc2290785cba6c94ec24bb98b9f132e466e8138d8e9408107201d70c4096d0532bfa,gx-no-cache=1646913220420 HTTP/1.1" 200 45
200.83.224.3 - - [10/Mar/2022:09:06:03 -0300] "POST /cormun/servlet/solicitudot?gx-no-cache=1646913220461 HTTP/1.1" 200 240
200.83.224.3 - - [10/Mar/2022:09:06:04 -0300] "GET /cormun/servlet/solicitudot?c25f1be3dbb08df0cd439529838a2a5076515fc2c157fe6a49fbe3bee8b1bffc3c9a2ab3d1756be2a772210503c81b3e35b5c3600c7d4de48e0981d93579474eb2032f9ac61abf5c438f7c8265986a1f3a2804b800db2b8b7101097de6e7dfe3a26eb5901531db28cccc331d8d037324f9cd5650a1ad4f1c847f6fe54dc3f2e2a889b4b1fc0e5754fee5d5e322314b328d25d3153d4043faedb0c8af8786789b141c9c1533692ccdfc218ad8f38fe0224d667ced385b608efc5a2ae0ffd282836b23fd3fb6dee0180ce428f8d4efa3d2066fcd8dba9cfad73d18ea3bba06b9028591c76b4f744d56474fc5e2d1707e0ef4d118e3d134b08ca5c026c5130e888f78dd51656b47cec458f0c42a7b4759515f4c18aa0afac98aefe2c1fca2d3dbc81ec398e3df0915d86c7bd7891d7b2132cbfb73fff5227fb21a40eec8c68548e15984def658ba2ba1056d140964734efe1c837912c021b559eba84fb539d3ff1a882009b756e22a907800a94e18058f5b751192b22bbd5239feaa5896e1f5014f,gx-no-cache=1646913220503 HTTP/1.1" 200 30
200.83.224.3 - - [10/Mar/2022:09:06:04 -0300] "POST /cormun/servlet/solicitudot?gx-no-cache=1646913220551 HTTP/1.1" 200 30
200.83.224.3 - - [10/Mar/2022:09:06:13 -0300] "POST /cormun/servlet/solicitudot?gx-no-cache=1646913229928 HTTP/1.1" 200 1454
200.83.224.3 - - [10/Mar/2022:09:06:13 -0300] "POST /cormun/servlet/solicitudot?gx-no-cache=1646913230043 HTTP/1.1" 200 122
200.83.224.3 - - [10/Mar/2022:09:06:13 -0300] "GET /cormun/servlet/solicitudot?c25f1be3dbb08df0cd439529838a2a50f67197d5fc70e46aadf63d51932799d66a70213b5b5601ee7a25d85fed1b73ec19dd4860a2fb72aa95255f2d7a02c5a34cdd80911b33930b43cda672051e7d5343bdb7beba0703aaab4ae8204b579e478524f5070d0b34e558b40aeaa69498f0,gx-no-cache=1646913230107 HTTP/1.1" 200 110
200.83.224.3 - - [10/Mar/2022:09:06:13 -0300] "POST /cormun/servlet/solicitudot?gx-no-cache=1646913230153 HTTP/1.1" 200 97
200.83.224.3 - - [10/Mar/2022:09:06:13 -0300] "POST /cormun/servlet/solicitudot?gx-no-cache=1646913230192 HTTP/1.1" 200 120
200.83.224.3 - - [10/Mar/2022:09:06:13 -0300] "POST /cormun/servlet/solicitudot?6336b8ae44c7bbfa466f148022bcc50a,UPD,2022,18075,false,,gx-no-cache=1646913230229 HTTP/1.1" 200 13177
200.83.224.3 - - [10/Mar/2022:09:06:21 -0300] "POST /cormun/servlet/solicitudot?gx-no-cache=1646913237785 HTTP/1.1" 200 3929
200.83.224.3 - - [10/Mar/2022:09:06:21 -0300] "POST /cormun/servlet/solicitudot?6336b8ae44c7bbfa466f148022bcc50a,UPD,2022,18075,false,,gx-no-cache=1646913237914 HTTP/1.1" 200 13063
200.83.224.3 - - [10/Mar/2022:09:06:21 -0300] "GET /cormun/servlet/solicitudot?c25f1be3dbb08df0cd439529838a2a50d24c45a49a8e40450963abbba5be2551906e6b1562c5fac1631e6cf1270ea48d,gx-no-cache=1646913238127 HTTP/1.1" 200 30
200.83.224.3 - - [10/Mar/2022:09:06:21 -0300] "GET /cormun/servlet/solicitudot?c25f1be3dbb08df0cd439529838a2a508a836fe87ac48b5064c6f38cee8846f5bb1fbd0ba5906358dd206252b709a011755e1a7bfcd83326e08b8d00cc09a9dd844c5b07fe87baf62a9d37ccff601a7e,gx-no-cache=1646913238165 HTTP/1.1" 200 30
200.83.224.3 - - [10/Mar/2022:09:06:21 -0300] "GET /cormun/servlet/solicitudot?c25f1be3dbb08df0cd439529838a2a501c973b6d99a822c33c687b05e3f879c70267c3f1712e6e7682dd17706fa4effb90785cba6c94ec24bb98b9f132e466e8b92e572a4ecb33939182f48ab5ecfd2f9f89c1a0519362cc6575848a40b9fc2290785cba6c94ec24bb98b9f132e466e8138d8e9408107201d70c4096d0532bfa,gx-no-cache=1646913238222 HTTP/1.1" 200 45
200.83.224.3 - - [10/Mar/2022:09:06:21 -0300] "POST /cormun/servlet/solicitudot?gx-no-cache=1646913238271 HTTP/1.1" 200 240
200.83.224.3 - - [10/Mar/2022:09:06:21 -0300] "GET /cormun/servlet/solicitudot?c25f1be3dbb08df0cd439529838a2a5076515fc2c157fe6a49fbe3bee8b1bffc3c9a2ab3d1756be2a772210503c81b3e35b5c3600c7d4de48e0981d93579474eb2032f9ac61abf5c438f7c8265986a1f3a2804b800db2b8b7101097de6e7dfe3a26eb5901531db28cccc331d8d037324f9cd5650a1ad4f1c847f6fe54dc3f2e2a889b4b1fc0e5754fee5d5e322314b328d25d3153d4043faedb0c8af8786789b141c9c1533692ccdfc218ad8f38fe0224d667ced385b608efc5a2ae0ffd282836b23fd3fb6dee0180ce428f8d4efa3d2066fcd8dba9cfad73d18ea3bba06b9028591c76b4f744d56474fc5e2d1707e0ef4d118e3d134b08ca5c026c5130e888f78dd51656b47cec458f0c42a7b4759515f4c18aa0afac98aefe2c1fca2d3dbc81ec398e3df0915d86c7bd7891d7b2132cbfb73fff5227fb21a40eec8c68548e15984def658ba2ba1056d140964734efe1c837912c021b559eba84fb539d3ff1a882009b756e22a907800a94e18058f5b751192b22bbd5239feaa5896e1f5014f,gx-no-cache=1646913238322 HTTP/1.1" 200 30
200.83.224.3 - - [10/Mar/2022:09:06:21 -0300] "POST /cormun/servlet/solicitudot?gx-no-cache=1646913238358 HTTP/1.1" 200 30
200.83.224.3 - - [10/Mar/2022:09:06:21 -0300] "POST /cormun/servlet/solicitudot?gx-no-cache=1646913238394 HTTP/1.1" 200 1454
200.83.224.3 - - [10/Mar/2022:09:06:31 -0300] "GET /cormun/servlet/prlicenciaspermisos?8741933,L,,MD,,gxPopupLevel%3D0%3B HTTP/1.1" 200 7842
200.83.224.3 - - [10/Mar/2022:09:06:37 -0300] "POST /cormun/servlet/solicitudot?gx-no-cache=1646913253596 HTTP/1.1" 200 3929
200.83.224.3 - - [10/Mar/2022:09:06:37 -0300] "POST /cormun/servlet/solicitudot?6336b8ae44c7bbfa466f148022bcc50a,UPD,2022,18075,false,,gx-no-cache=1646913253737 HTTP/1.1" 200 13104
200.83.224.3 - - [10/Mar/2022:09:06:37 -0300] "GET /cormun/servlet/solicitudot?c25f1be3dbb08df0cd439529838a2a50d24c45a49a8e40450963abbba5be2551906e6b1562c5fac1631e6cf1270ea48d,gx-no-cache=1646913253958 HTTP/1.1" 200 30
200.83.224.3 - - [10/Mar/2022:09:06:37 -0300] "GET /cormun/servlet/solicitudot?c25f1be3dbb08df0cd439529838a2a508a836fe87ac48b5064c6f38cee8846f5bb1fbd0ba5906358dd206252b709a011755e1a7bfcd83326e08b8d00cc09a9dd844c5b07fe87baf62a9d37ccff601a7e,gx-no-cache=1646913254001 HTTP/1.1" 200 30
200.83.224.3 - - [10/Mar/2022:09:06:37 -0300] "GET /cormun/servlet/solicitudot?c25f1be3dbb08df0cd439529838a2a501c973b6d99a822c33c687b05e3f879c79a02a3e61511451db9eb0db443d2549e,gx-no-cache=1646913254034 HTTP/1.1" 200 45
200.83.224.3 - - [10/Mar/2022:09:06:37 -0300] "POST /cormun/servlet/solicitudot?gx-no-cache=1646913254120 HTTP/1.1" 200 240
200.83.224.3 - - [10/Mar/2022:09:06:37 -0300] "GET /cormun/servlet/solicitudot?c25f1be3dbb08df0cd439529838a2a5076515fc2c157fe6a49fbe3bee8b1bffc3c9a2ab3d1756be2a772210503c81b3e35b5c3600c7d4de48e0981d93579474eb2032f9ac61abf5c438f7c8265986a1f3a2804b800db2b8b7101097de6e7dfe3a26eb5901531db28cccc331d8d037324f9cd5650a1ad4f1c847f6fe54dc3f2e2a889b4b1fc0e5754fee5d5e322314b328d25d3153d4043faedb0c8af8786789b141c9c1533692ccdfc218ad8f38fe0224d667ced385b608efc5a2ae0ffd282836b23fd3fb6dee0180ce428f8d4efa3d2066fcd8dba9cfad73d18ea3bba06b9028591c76b4f744d56474fc5e2d1707e0ef4d118e3d134b08ca5c026c5130e888f78dd51656b47cec458f0c42a7b4759515f4c18aa0afac98aefe2c1fca2d3dbc81ec398e3df0915d86c7bd7891d7b2132cbfb73fff5227fb21a40eec8c68548e15984def658ba2ba1056d140964734efe1c837912c021b559eba84fb539d3ff1a882009b756e22a907800a94e18058f5b751192b22bbd5239feaa5896e1f5014f,gx-no-cache=1646913254161 HTTP/1.1" 200 30
200.83.224.3 - - [10/Mar/2022:09:06:37 -0300] "POST /cormun/servlet/solicitudot?gx-no-cache=1646913254196 HTTP/1.1" 200 30
200.83.224.3 - - [10/Mar/2022:09:06:37 -0300] "POST /cormun/servlet/solicitudot?gx-no-cache=1646913254231 HTTP/1.1" 200 1454
200.83.224.3 - - [10/Mar/2022:09:06:40 -0300] "POST /cormun/servlet/solicitudot?gx-no-cache=1646913257381 HTTP/1.1" 200 41
200.83.224.3 - - [10/Mar/2022:09:06:40 -0300] "GET /cormun/servlet/solicitudot?c25f1be3dbb08df0cd439529838a2a50f67197d5fc70e46aadf63d51932799d66a70213b5b5601ee7a25d85fed1b73ec19dd4860a2fb72aa95255f2d7a02c5a34cdd80911b33930b43cda672051e7d5343bdb7beba0703aaab4ae8204b579e478524f5070d0b34e558b40aeaa69498f0,gx-no-cache=1646913257423 HTTP/1.1" 200 110
200.83.224.3 - - [10/Mar/2022:09:06:41 -0300] "POST /cormun/servlet/solicitudot?gx-no-cache=1646913257468 HTTP/1.1" 200 97
200.83.224.3 - - [10/Mar/2022:09:06:41 -0300] "POST /cormun/servlet/solicitudot?gx-no-cache=1646913257529 HTTP/1.1" 200 34
200.83.224.3 - - [10/Mar/2022:09:06:41 -0300] "POST /cormun/servlet/solicitudot?6336b8ae44c7bbfa466f148022bcc50a,UPD,2022,18075,false,,gx-no-cache=1646913257570 HTTP/1.1" 200 93
200.83.224.3 - - [10/Mar/2022:09:06:41 -0300] "GET /cormun/servlet/hpexe_return? HTTP/1.1" 200 1014
200.83.224.3 - - [10/Mar/2022:09:06:41 -0300] "GET /cormun/servlet/trsolicitudot HTTP/1.1" 200 8915
200.83.224.3 - - [10/Mar/2022:09:06:42 -0300] "GET /cormun/servlet/trsolicitudot HTTP/1.1" 200 8911
192.168.10.96 - - [10/Mar/2022:09:06:46 -0300] "POST /cormun/servlet/vesolicitudgral?ca72f232bfef2e05f327769886a580d9,2022,18075,,,gx-no-cache=1646913102026 HTTP/1.1" 200 90
192.168.10.96 - - [10/Mar/2022:09:06:46 -0300] "GET /cormun/servlet/hpexe_link HTTP/1.1" 200 968
192.168.10.96 - - [10/Mar/2022:09:06:46 -0300] "GET /cormun/servlet/trsolicitudgral HTTP/1.1" 200 9659
192.168.10.96 - - [10/Mar/2022:09:06:46 -0300] "GET /cormun/servlet/trsolicitudgral HTTP/1.1" 200 9658
190.171.143.106 - - [10/Mar/2022:09:06:49 -0300] "GET /cormun/servlet/licenciaspermisos?5395ba4b22c7662291fa5b72755d01ce486d5b902b7dfd8e4af173cf96f38263acb5e2e4f3248556e7cd831a4864d5d81eb16b448887bc4aad8bc920e08eb325f045730265e354eecdbfe77bde1f8022c2fed00ae73ad42d911e468907e7b10a8889be1d0f816e8d65820aaaa77b8fe8f8056074ad63c2ebe96e1b6753f08c2e5e50505565e0fe07bb7ca74f20db7e2a620267a05abb50df674dbae7ff44bf664c43c440b797b63e63129cd85788434c345420f5c419c1d51f50a30d23fb1da98f90630568b1284a35b5e9a250a340cb8f1491030bad426037012fb2e35dee080c4bc6222f67feea262380c2e41502a5,gx-no-cache=1646913268711 HTTP/1.1" 200 58
190.171.143.106 - - [10/Mar/2022:09:06:49 -0300] "POST /cormun/servlet/licenciaspermisos?0c674e6fba52dcc9040b3104d4af5a4f,UPD,8224154,L,20220309000000,,gx-no-cache=1646913268739 HTTP/1.1" 200 93
190.171.143.106 - - [10/Mar/2022:09:06:49 -0300] "GET /cormun/servlet/hpexe_return? HTTP/1.1" 200 1026
190.171.143.106 - - [10/Mar/2022:09:06:49 -0300] "GET /cormun/static/gxcfg.js?201991422392976 HTTP/1.1" 200 953
190.171.143.106 - - [10/Mar/2022:09:06:49 -0300] "GET /cormun/static/hpexe_return.js?201991422392984 HTTP/1.1" 200 1633
190.171.143.106 - - [10/Mar/2022:09:06:49 -0300] "GET /cormun/servlet/trlicencias HTTP/1.1" 200 8878
190.171.143.106 - - [10/Mar/2022:09:06:50 -0300] "GET /cormun/servlet/trlicencias HTTP/1.1" 200 8875
190.171.153.50 - - [10/Mar/2022:09:07:03 -0300] "GET /cormun/servlet/solicitudot?INS,0,0,false, HTTP/1.1" 200 15951
200.83.224.3 - - [10/Mar/2022:09:07:03 -0300] "POST /cormun/servlet/trsolicitudot?6336b8ae44c7bbfa466f148022bcc50a,gx-no-cache=1646913279896 HTTP/1.1" 200 4836
200.83.224.3 - - [10/Mar/2022:09:07:03 -0300] "GET /cormun/static/Shared/jqueryui/images/ui-bg_highlight-soft_100_c6c2c8_1x100.png HTTP/1.1" 404 1117
200.83.224.3 - - [10/Mar/2022:09:07:03 -0300] "GET /cormun/static/Shared/jqueryui/images/ui-icons_82798d_256x240.png HTTP/1.1" 404 1089
200.83.224.3 - - [10/Mar/2022:09:07:03 -0300] "GET /cormun/static/Shared/jqueryui/images/ui-bg_flat_55_fafafa_40x100.png HTTP/1.1" 404 1097
200.83.224.3 - - [10/Mar/2022:09:07:03 -0300] "GET /cormun/static/Shared/jqueryui/images/ui-icons_8d78a5_256x240.png HTTP/1.1" 404 1089
190.171.153.50 - - [10/Mar/2022:09:07:04 -0300] "GET /cormun/servlet/solicitudot?INS,0,0,false, HTTP/1.1" 200 15957
200.83.224.3 - - [10/Mar/2022:09:07:04 -0300] "POST /cormun/servlet/trsolicitudot?6336b8ae44c7bbfa466f148022bcc50a,gx-no-cache=1646913280431 HTTP/1.1" 200 4604
192.168.10.96 - - [10/Mar/2022:09:07:09 -0300] "POST /cormun/servlet/trsolicitudgral?ca72f232bfef2e05f327769886a580d9,gx-no-cache=1646913124717 HTTP/1.1" 200 5250
190.171.153.50 - - [10/Mar/2022:09:07:15 -0300] "POST /cormun/servlet/solicitudot?gx-no-cache=1646913561828 HTTP/1.1" 200 3959
190.171.153.50 - - [10/Mar/2022:09:07:15 -0300] "POST /cormun/servlet/solicitudot?4c80d95b4da1fc0d99dfbbbf941edf4c,INS,0,0,false,,gx-no-cache=1646913562166 HTTP/1.1" 200 12793
190.171.153.50 - - [10/Mar/2022:09:07:16 -0300] "GET /cormun/servlet/solicitudot?8fb234e6904f5bb08db1320badd14413eac9b0787fc89b2615ccdd07e2bc365fb99fbdf5788d582797afb92ce0f24589,gx-no-cache=1646913562990 HTTP/1.1" 200 30
200.83.224.3 - - [10/Mar/2022:09:07:20 -0300] "GET /cormun/servlet/trautorizarsolicitud? HTTP/1.1" 200 8805
200.83.224.3 - - [10/Mar/2022:09:07:21 -0300] "GET /cormun/servlet/trautorizarsolicitud? HTTP/1.1" 200 8804
192.168.10.96 - - [10/Mar/2022:09:07:28 -0300] "GET /cormun/servlet/trautorizarot? HTTP/1.1" 200 8112
192.168.10.96 - - [10/Mar/2022:09:07:28 -0300] "GET /cormun/static/gxcfg.js?202012169508 HTTP/1.1" 200 953
192.168.10.96 - - [10/Mar/2022:09:07:29 -0300] "GET /cormun/static/trautorizarot.js?2020121695965 HTTP/1.1" 200 53844
192.168.10.96 - - [10/Mar/2022:09:07:29 -0300] "GET /cormun/servlet/trautorizarot? HTTP/1.1" 200 8112
192.168.10.96 - - [10/Mar/2022:09:07:30 -0300] "GET /cormun/servlet/trsolicitudgral? HTTP/1.1" 200 8277
192.168.10.96 - - [10/Mar/2022:09:07:30 -0300] "GET /cormun/servlet/trsolicitudgral? HTTP/1.1" 200 8276
192.168.10.96 - - [10/Mar/2022:09:07:38 -0300] "POST /cormun/servlet/trsolicitudgral?ca72f232bfef2e05f327769886a580d9,,gx-no-cache=1646913153673 HTTP/1.1" 200 5256
192.168.10.96 - - [10/Mar/2022:09:07:38 -0300] "POST /cormun/servlet/trsolicitudgral?ca72f232bfef2e05f327769886a580d9,,gx-no-cache=1646913153917 HTTP/1.1" 200 5256
192.168.10.96 - - [10/Mar/2022:09:07:38 -0300] "POST /cormun/servlet/trsolicitudgral?ca72f232bfef2e05f327769886a580d9,,gx-no-cache=1646913154116 HTTP/1.1" 200 5256
192.168.10.96 - - [10/Mar/2022:09:07:38 -0300] "POST /cormun/servlet/trsolicitudgral?ca72f232bfef2e05f327769886a580d9,,gx-no-cache=1646913154308 HTTP/1.1" 200 5256
192.168.10.96 - - [10/Mar/2022:09:07:39 -0300] "POST /cormun/servlet/trsolicitudgral?ca72f232bfef2e05f327769886a580d9,,gx-no-cache=1646913155164 HTTP/1.1" 200 5254
192.168.10.96 - - [10/Mar/2022:09:07:39 -0300] "POST /cormun/servlet/trsolicitudgral?ca72f232bfef2e05f327769886a580d9,,gx-no-cache=1646913155508 HTTP/1.1" 200 5255
192.168.10.96 - - [10/Mar/2022:09:07:40 -0300] "POST /cormun/servlet/trsolicitudgral?ca72f232bfef2e05f327769886a580d9,,gx-no-cache=1646913155837 HTTP/1.1" 200 5256
190.171.153.50 - - [10/Mar/2022:09:07:41 -0300] "GET /cormun/servlet/solicitudot?8fb234e6904f5bb08db1320badd144137e2645297151849b039a4f5a0859281e9119cf50f297be112e81bddc08477aaed2645dd6e430d2907b6e3a03c97ff395,gx-no-cache=1646913587548 HTTP/1.1" 200 30
190.171.153.50 - - [10/Mar/2022:09:07:41 -0300] "GET /cormun/servlet/solicitudot?8fb234e6904f5bb08db1320badd14413981a779560bb9f027d4e0a840d7ce648,gx-no-cache=1646913587597 HTTP/1.1" 200 53
190.171.153.50 - - [10/Mar/2022:09:07:41 -0300] "POST /cormun/servlet/solicitudot?gx-no-cache=1646913587620 HTTP/1.1" 200 255
190.171.153.50 - - [10/Mar/2022:09:07:41 -0300] "GET /cormun/servlet/solicitudot?8fb234e6904f5bb08db1320badd14413b72f95a8319e1107048f3df1c6d2a2ba221ccb89289fbe48e9c404ffd2c0d0e68169448d6dce2cce0b7ca9f7cef6939977f2edd9eefd9824522003231fc68357e2c413015419df1be0051cfc57580fd5524c648bbe7d673900894e7478a5eb78246cdc90e89558fe2c4c36ccbb120ece8c17f73bcae31a9b3c7b7103fcb9dac757e43a6b2e4ae7f526857691a6721627aa9f5f7ec347c506708a71e6422f0197b2b89ac8210f066596efb374c587c951b483d0fdd336918e2d4c89b35fc6f3fc6086880c3d0dd4a4597ee7796b98be1d5c4f08b0208d6d67ebd9cfaf11fdd397507de73b579f62296a6d4a933208983ee6a1f94a1df4bf04ef59f0af88b5207816d5d140762ed78312e10b349bb44580f9df569a60b7e1f663efa32703bb58d394b7ad53b1b20657e1c572e5621a3c317e8f1784988aac5093a19bcc5a21db63135d6afe93bf37379b758f7bc54b04ff88193eb395018f52abd571e589878342560b66f886e5748360d1574ec018256b,gx-no-cache=1646913587650 HTTP/1.1" 200 30
190.171.153.50 - - [10/Mar/2022:09:07:44 -0300] "POST /cormun/servlet/solicitudot?gx-no-cache=1646913591011 HTTP/1.1" 200 30
200.83.224.3 - - [10/Mar/2022:09:07:47 -0300] "POST /cormun/servlet/trautorizarsolicitud?6336b8ae44c7bbfa466f148022bcc50a,,gx-no-cache=1646913323619 HTTP/1.1" 200 4766
200.83.224.3 - - [10/Mar/2022:09:07:47 -0300] "GET /cormun/static/Shared/jqueryui/images/ui-bg_highlight-soft_100_c6c2c8_1x100.png HTTP/1.1" 404 1117
200.83.224.3 - - [10/Mar/2022:09:07:47 -0300] "GET /cormun/static/Shared/jqueryui/images/ui-bg_flat_55_fafafa_40x100.png HTTP/1.1" 404 1097
200.83.224.3 - - [10/Mar/2022:09:07:47 -0300] "GET /cormun/static/Shared/jqueryui/images/ui-icons_8d78a5_256x240.png HTTP/1.1" 404 1089
200.83.224.3 - - [10/Mar/2022:09:07:47 -0300] "GET /cormun/static/Shared/jqueryui/images/ui-icons_82798d_256x240.png HTTP/1.1" 404 1089
200.83.224.3 - - [10/Mar/2022:09:07:47 -0300] "POST /cormun/servlet/trautorizarsolicitud?6336b8ae44c7bbfa466f148022bcc50a,,gx-no-cache=1646913323862 HTTP/1.1" 200 4538
190.171.153.50 - - [10/Mar/2022:09:07:48 -0300] "POST /cormun/servlet/solicitudot?gx-no-cache=1646913594772 HTTP/1.1" 200 1454
190.171.153.50 - - [10/Mar/2022:09:07:48 -0300] "POST /cormun/servlet/solicitudot?gx-no-cache=1646913594808 HTTP/1.1" 200 38
190.171.153.50 - - [10/Mar/2022:09:07:48 -0300] "GET /cormun/servlet/solicitudot?8fb234e6904f5bb08db1320badd1441342e38d7d7003a619aa313410363d5f339f12b13e557feaf964728ebe36aef67c16b6df9bc3ab72fd71254eb24b99d3bda16287c92cb635dbc62ad578e56e3ed3a6f23801870e2783182fb060c5206e719365e1c6a79a924072006579011c0b29,gx-no-cache=1646913594837 HTTP/1.1" 200 110
192.168.10.96 - - [10/Mar/2022:09:07:48 -0300] "POST /cormun/servlet/trsolicitudgral?ca72f232bfef2e05f327769886a580d9,,gx-no-cache=1646913164270 HTTP/1.1" 200 5254
192.168.10.96 - - [10/Mar/2022:09:07:49 -0300] "POST /cormun/servlet/trsolicitudgral?ca72f232bfef2e05f327769886a580d9,,gx-no-cache=1646913164996 HTTP/1.1" 200 5254
192.168.10.96 - - [10/Mar/2022:09:07:49 -0300] "POST /cormun/servlet/trsolicitudgral?ca72f232bfef2e05f327769886a580d9,,gx-no-cache=1646913165179 HTTP/1.1" 200 5254
192.168.10.96 - - [10/Mar/2022:09:07:53 -0300] "POST /cormun/servlet/trsolicitudgral?ca72f232bfef2e05f327769886a580d9,,gx-no-cache=1646913168804 HTTP/1.1" 200 6630
192.168.10.96 - - [10/Mar/2022:09:07:53 -0300] "POST /cormun/servlet/trsolicitudgral?ca72f232bfef2e05f327769886a580d9,,gx-no-cache=1646913168994 HTTP/1.1" 200 6630
192.168.10.96 - - [10/Mar/2022:09:07:53 -0300] "POST /cormun/servlet/trsolicitudgral?ca72f232bfef2e05f327769886a580d9,,gx-no-cache=1646913169220 HTTP/1.1" 200 6629
192.168.10.96 - - [10/Mar/2022:09:07:54 -0300] "POST /cormun/servlet/trsolicitudgral?ca72f232bfef2e05f327769886a580d9,,gx-no-cache=1646913170467 HTTP/1.1" 200 6630
200.83.224.3 - - [10/Mar/2022:09:08:15 -0300] "GET /cormun/servlet/trsolicitudot? HTTP/1.1" 200 7523
200.83.224.3 - - [10/Mar/2022:09:08:16 -0300] "GET /cormun/servlet/trsolicitudot? HTTP/1.1" 200 7523
200.83.224.3 - - [10/Mar/2022:09:08:20 -0300] "GET /cormun/servlet/solicitudot?INS,0,0,false, HTTP/1.1" 200 16027
200.83.224.3 - - [10/Mar/2022:09:08:22 -0300] "GET /cormun/servlet/solicitudot?INS,0,0,false, HTTP/1.1" 200 16035
200.83.224.3 - - [10/Mar/2022:09:08:23 -0300] "POST /cormun/servlet/solicitudot?gx-no-cache=1646913359898 HTTP/1.1" 200 3908
200.83.224.3 - - [10/Mar/2022:09:08:23 -0300] "GET /cormun/static/Shared/jqueryui/images/ui-bg_highlight-soft_100_c6c2c8_1x100.png HTTP/1.1" 404 1117
200.83.224.3 - - [10/Mar/2022:09:08:23 -0300] "GET /cormun/static/Shared/jqueryui/images/ui-icons_82798d_256x240.png HTTP/1.1" 404 1089
200.83.224.3 - - [10/Mar/2022:09:08:23 -0300] "GET /cormun/static/Shared/jqueryui/images/ui-icons_ebccce_256x240.png HTTP/1.1" 404 1089
200.83.224.3 - - [10/Mar/2022:09:08:23 -0300] "GET /cormun/static/Shared/jqueryui/images/ui-bg_flat_55_994d53_40x100.png HTTP/1.1" 404 1097
200.83.224.3 - - [10/Mar/2022:09:08:23 -0300] "GET /cormun/servlet/solicitudot?c25f1be3dbb08df0cd439529838a2a50f3cb4f47426a9fa5f0243692b4117473,gx-no-cache=1646913360011 HTTP/1.1" 200 111
200.83.224.3 - - [10/Mar/2022:09:08:58 -0300] "POST /cormun/servlet/solicitudot?gx-no-cache=1646913395124 HTTP/1.1" 200 3882
200.83.224.3 - - [10/Mar/2022:09:08:58 -0300] "POST /cormun/servlet/solicitudot?6336b8ae44c7bbfa466f148022bcc50a,INS,0,0,false,,gx-no-cache=1646913395318 HTTP/1.1" 200 12697
200.83.224.3 - - [10/Mar/2022:09:09:02 -0300] "GET /cormun/servlet/solicitudot?c25f1be3dbb08df0cd439529838a2a501a3e50eee540eb39f890d01af94d4ffed07790382b5f592b7a8ba27384db43ec,gx-no-cache=1646913399361 HTTP/1.1" 200 30
190.171.153.50 - - [10/Mar/2022:09:09:07 -0300] "POST /cormun/servlet/solicitudot?gx-no-cache=1646913674005 HTTP/1.1" 200 110
190.171.153.50 - - [10/Mar/2022:09:09:23 -0300] "GET /cormun/servlet/solicitudot?8fb234e6904f5bb08db1320badd14413468a8f823dfad0a6a2a23de80c183cc46beea53ba056950e494aacb7c80c4c219a139bfc832f847cba7ad7fd9e2ed85eb2f7de7b8872426e7459c404010ca21334ac59b3c2b1537d574f8ae406f52b22aab3f6b325e82a8118fa710936f46f7ced0689c91df57b1279f1980fbeb0b82ec0df9779de321a5734b942b82cade13f02502c6d444b56fce6157f6645b455b0,gx-no-cache=1646913689764 HTTP/1.1" 200 29
190.171.153.50 - - [10/Mar/2022:09:09:25 -0300] "GET /cormun/static/menuarrow.gif HTTP/1.1" 404 1015
190.171.153.50 - - [10/Mar/2022:09:09:30 -0300] "GET /cormun/servlet/solicitudot?8fb234e6904f5bb08db1320badd144139fde1bc234b52591afdb19aaa7cec78b19a501afc1551efe6469bc13b0d0a8e9,gx-no-cache=1646913696768 HTTP/1.1" 200 30
190.171.149.74 - - [10/Mar/2022:09:09:33 -0300] "GET /cormun/servlet/hlogin HTTP/1.1" 200 1728
190.171.153.50 - - [10/Mar/2022:09:09:39 -0300] "POST /cormun/servlet/solicitudot?gx-no-cache=1646913705541 HTTP/1.1" 200 30
190.171.149.74 - - [10/Mar/2022:09:09:39 -0300] "POST /cormun/servlet/hlogin?b7d4ec9da46d861a70c3cb74e111b3d5,gx-no-cache=1646917150221 HTTP/1.1" 200 90
190.171.149.74 - - [10/Mar/2022:09:09:39 -0300] "GET /cormun/servlet/hpexe_link HTTP/1.1" 200 958
190.171.149.74 - - [10/Mar/2022:09:09:39 -0300] "GET /cormun/servlet/trlicencias HTTP/1.1" 200 10256
190.171.149.74 - - [10/Mar/2022:09:09:39 -0300] "GET /cormun/servlet/trlicencias HTTP/1.1" 200 10254
190.171.153.50 - - [10/Mar/2022:09:09:41 -0300] "POST /cormun/servlet/solicitudot?4c80d95b4da1fc0d99dfbbbf941edf4c,INS,0,0,false,,gx-no-cache=1646913707744 HTTP/1.1" 200 93
190.171.153.50 - - [10/Mar/2022:09:09:42 -0300] "GET /cormun/servlet/hpexe_return? HTTP/1.1" 200 1014
190.171.153.50 - - [10/Mar/2022:09:09:42 -0300] "GET /cormun/servlet/trsolicitudot HTTP/1.1" 200 8847
190.171.153.50 - - [10/Mar/2022:09:09:42 -0300] "GET /cormun/servlet/trsolicitudot HTTP/1.1" 200 8843
190.171.149.74 - - [10/Mar/2022:09:09:44 -0300] "GET /cormun/servlet/trsolicitudot? HTTP/1.1" 200 8643
190.171.149.74 - - [10/Mar/2022:09:09:44 -0300] "GET /cormun/servlet/trsolicitudot? HTTP/1.1" 200 8643
200.83.224.3 - - [10/Mar/2022:09:09:45 -0300] "GET /cormun/servlet/prbanco?,MD,,gxPopupLevel%3D0%3B HTTP/1.1" 200 6598
190.171.153.50 - - [10/Mar/2022:09:09:49 -0300] "POST /cormun/servlet/trsolicitudot?4c80d95b4da1fc0d99dfbbbf941edf4c,gx-no-cache=1646913715534 HTTP/1.1" 200 107
190.171.153.50 - - [10/Mar/2022:09:09:49 -0300] "GET /cormun/servlet/trsolicitudadjuntos?2022,18076, HTTP/1.1" 200 6326
190.171.153.50 - - [10/Mar/2022:09:09:49 -0300] "GET /cormun/servlet/trsolicitudadjuntos?2022,18076, HTTP/1.1" 200 6326
200.83.224.3 - - [10/Mar/2022:09:09:49 -0300] "GET /cormun/servlet/solicitudot?c25f1be3dbb08df0cd439529838a2a506dc428892b78d58e17702a8e1380151939876c18ab665bdcb03e41cff998f460362d3fb3c0fed1c5cbad9c8b77256bfd,gx-no-cache=1646913446409 HTTP/1.1" 200 30
190.171.149.74 - - [10/Mar/2022:09:09:50 -0300] "GET /cormun/servlet/solicitudot?INS,0,0,false, HTTP/1.1" 200 15705
200.83.224.3 - - [10/Mar/2022:09:09:50 -0300] "GET /cormun/servlet/solicitudot?c25f1be3dbb08df0cd439529838a2a50556a01c38fa364d0ad753f375333d4ec,gx-no-cache=1646913447389 HTTP/1.1" 200 53
190.171.149.74 - - [10/Mar/2022:09:09:51 -0300] "GET /cormun/servlet/solicitudot?INS,0,0,false, HTTP/1.1" 200 15712
190.171.153.50 - - [10/Mar/2022:09:09:53 -0300] "GET /cormun/servlet/solicitudotadjuntos?INS,2022,18076,,1, HTTP/1.1" 200 6272
190.171.153.50 - - [10/Mar/2022:09:09:54 -0300] "GET /cormun/static/about:blank HTTP/1.1" 404 1011
190.171.153.50 - - [10/Mar/2022:09:09:54 -0300] "GET /cormun/servlet/solicitudotadjuntos?INS,2022,18076,,1, HTTP/1.1" 200 6265
190.171.153.50 - - [10/Mar/2022:09:09:54 -0300] "GET /cormun/servlet/solicitudotadjuntos?8fb234e6904f5bb08db1320badd1441300718e3a547fa83f0d1af6f0121dc9eb3db5683797957d83494ba542e646968e,gx-no-cache=1646913721272 HTTP/1.1" 200 30
190.171.153.50 - - [10/Mar/2022:09:09:54 -0300] "POST /cormun/servlet/solicitudotadjuntos?4c80d95b4da1fc0d99dfbbbf941edf4c,INS,2022,18076,,1,,gx-no-cache=1646913721316 HTTP/1.1" 200 4196
190.171.153.50 - - [10/Mar/2022:09:09:59 -0300] "POST /cormun/servlet/solicitudotadjuntos?gx-no-cache=1646913725931 HTTP/1.1" 200 26
200.83.224.3 - - [10/Mar/2022:09:10:07 -0300] "POST /cormun/servlet/solicitudot?gx-no-cache=1646913464308 HTTP/1.1" 200 297
200.83.224.3 - - [10/Mar/2022:09:10:07 -0300] "GET /cormun/servlet/solicitudot?c25f1be3dbb08df0cd439529838a2a5076515fc2c157fe6a49fbe3bee8b1bffcb53fae84eac0a6ba8fafa723b6715f5835b5c3600c7d4de48e0981d93579474eb2032f9ac61abf5c438f7c8265986a1f3a2804b800db2b8b7101097de6e7dfe3a26eb5901531db28cccc331d8d037324f9cd5650a1ad4f1c847f6fe54dc3f2e2a889b4b1fc0e5754fee5d5e322314b328d25d3153d4043faedb0c8af8786789b141c9c1533692ccdfc218ad8f38fe0224d667ced385b608efc5a2ae0ffd282836b23fd3fb6dee0180ce428f8d4efa3d2066fcd8dba9cfad73d18ea3bba06b9028591c76b4f744d56474fc5e2d1707e0e48631a1bee9b1cd64ad898680069382a78dd51656b47cec458f0c42a7b4759515f4c18aa0afac98aefe2c1fca2d3dbc81ec398e3df0915d86c7bd7891d7b2132cbfb73fff5227fb21a40eec8c68548e1899340599292ac0017d081191040cc76225d9f6142f96e82b986a3bcd78d598d5fd5ddbd7259960ad9c1910a1cf2f081a2a0a043d5ff1748faaec4b76b728473a5c9ae9e1001f533a73d6446f21a6ddf,gx-no-cache=1646913464360 HTTP/1.1" 200 30
190.171.153.50 - - [10/Mar/2022:09:10:16 -0300] "GET /cormun/servlet/solicitudotadjuntos?8fb234e6904f5bb08db1320badd144138ac39245682fb7b1678b1bd7f383f313,gx-no-cache=1646913742748 HTTP/1.1" 200 30
190.171.153.50 - - [10/Mar/2022:09:10:16 -0300] "GET /cormun/servlet/solicitudotadjuntos?8fb234e6904f5bb08db1320badd144138ac39245682fb7b1678b1bd7f383f313,gx-no-cache=1646913742767 HTTP/1.1" 200 30
200.83.224.3 - - [10/Mar/2022:09:10:16 -0300] "POST /cormun/servlet/solicitudot?gx-no-cache=1646913472727 HTTP/1.1" 200 30
190.171.153.50 - - [10/Mar/2022:09:10:16 -0300] "POST /cormun/servlet/solicitudotadjuntos?4c80d95b4da1fc0d99dfbbbf941edf4c,INS,2022,18076,,1, HTTP/1.1" 200 116
190.171.153.50 - - [10/Mar/2022:09:10:16 -0300] "GET /cormun/servlet/hpexe_return? HTTP/1.1" 200 1031
190.171.153.50 - - [10/Mar/2022:09:10:17 -0300] "GET /cormun/servlet/trsolicitudadjuntos?2022,18076, HTTP/1.1" 200 9107
190.171.153.50 - - [10/Mar/2022:09:10:17 -0300] "GET /cormun/servlet/trsolicitudadjuntos?2022,18076, HTTP/1.1" 200 9105
200.83.224.3 - - [10/Mar/2022:09:10:17 -0300] "POST /cormun/servlet/solicitudot?gx-no-cache=1646913474277 HTTP/1.1" 200 1453
200.83.224.3 - - [10/Mar/2022:09:10:17 -0300] "POST /cormun/servlet/solicitudot?gx-no-cache=1646913474334 HTTP/1.1" 200 38
190.171.153.50 - - [10/Mar/2022:09:10:23 -0300] "GET /cormun/servlet/solicitudotadjuntos?INS,2022,18076,,1, HTTP/1.1" 200 6271
190.171.153.50 - - [10/Mar/2022:09:10:24 -0300] "GET /cormun/static/about:blank HTTP/1.1" 404 1011
190.171.153.50 - - [10/Mar/2022:09:10:24 -0300] "GET /cormun/servlet/solicitudotadjuntos?INS,2022,18076,,1, HTTP/1.1" 200 6264
190.171.153.50 - - [10/Mar/2022:09:10:24 -0300] "GET /cormun/servlet/solicitudotadjuntos?8fb234e6904f5bb08db1320badd1441300718e3a547fa83f0d1af6f0121dc9eb3db5683797957d83494ba542e646968e,gx-no-cache=1646913751262 HTTP/1.1" 200 30
190.171.153.50 - - [10/Mar/2022:09:10:24 -0300] "POST /cormun/servlet/solicitudotadjuntos?4c80d95b4da1fc0d99dfbbbf941edf4c,INS,2022,18076,,1,,gx-no-cache=1646913751280 HTTP/1.1" 200 4195
190.171.153.50 - - [10/Mar/2022:09:10:29 -0300] "POST /cormun/servlet/solicitudotadjuntos?gx-no-cache=1646913756188 HTTP/1.1" 200 26
200.83.224.3 - - [10/Mar/2022:09:10:30 -0300] "GET /cormun/servlet/solicitudot?c25f1be3dbb08df0cd439529838a2a50f67197d5fc70e46aadf63d51932799d66a70213b5b5601ee7a25d85fed1b73ec19dd4860a2fb72aa95255f2d7a02c5a34cdd80911b33930b43cda672051e7d5343bdb7beba0703aaab4ae8204b579e478524f5070d0b34e558b40aeaa69498f0,gx-no-cache=1646913486807 HTTP/1.1" 200 110
200.83.224.3 - - [10/Mar/2022:09:10:30 -0300] "POST /cormun/servlet/solicitudot?gx-no-cache=1646913486858 HTTP/1.1" 200 79
200.83.224.3 - - [10/Mar/2022:09:10:35 -0300] "GET /cormun/servlet/solicitudot?c25f1be3dbb08df0cd439529838a2a50a9d9d32da84b21d9e520155070f5304bbd8cd708f5965ae611bccaafa59243ceab9d4593d00a6be91801cdd0801160725049a7ca4aae7a58365c96d0f687436b6c3ce762960fc9bb3df6a6ae5697936fa29ab20cba646d3b33007f645b62fdfc,gx-no-cache=1646913491519 HTTP/1.1" 200 29
200.83.224.3 - - [10/Mar/2022:09:10:35 -0300] "GET /cormun/static/menuarrow.gif HTTP/1.1" 404 1015
200.83.224.3 - - [10/Mar/2022:09:10:39 -0300] "GET /cormun/servlet/solicitudot?c25f1be3dbb08df0cd439529838a2a50c6302b97602cbf68d4ca1a0e3210e31db6beca763e1d0d5143ac46b04ef6d7b2,gx-no-cache=1646913496225 HTTP/1.1" 200 30
190.171.153.50 - - [10/Mar/2022:09:10:40 -0300] "GET /cormun/servlet/solicitudotadjuntos?8fb234e6904f5bb08db1320badd144138ac39245682fb7b1678b1bd7f383f313,gx-no-cache=1646913766651 HTTP/1.1" 200 30
190.171.153.50 - - [10/Mar/2022:09:10:40 -0300] "GET /cormun/servlet/solicitudotadjuntos?8fb234e6904f5bb08db1320badd144138ac39245682fb7b1678b1bd7f383f313,gx-no-cache=1646913766714 HTTP/1.1" 200 30
190.171.153.50 - - [10/Mar/2022:09:10:41 -0300] "POST /cormun/servlet/solicitudotadjuntos?4c80d95b4da1fc0d99dfbbbf941edf4c,INS,2022,18076,,1, HTTP/1.1" 200 116
190.171.153.50 - - [10/Mar/2022:09:10:41 -0300] "GET /cormun/servlet/hpexe_return? HTTP/1.1" 200 1031
190.171.153.50 - - [10/Mar/2022:09:10:41 -0300] "GET /cormun/servlet/trsolicitudadjuntos?2022,18076, HTTP/1.1" 200 9324
190.171.153.50 - - [10/Mar/2022:09:10:42 -0300] "GET /cormun/servlet/trsolicitudadjuntos?2022,18076, HTTP/1.1" 200 9322
190.171.149.74 - - [10/Mar/2022:09:10:45 -0300] "POST /cormun/servlet/solicitudot?gx-no-cache=1646917216173 HTTP/1.1" 200 3850
190.171.149.74 - - [10/Mar/2022:09:10:45 -0300] "POST /cormun/servlet/solicitudot?b7d4ec9da46d861a70c3cb74e111b3d5,INS,0,0,false,,gx-no-cache=1646917216347 HTTP/1.1" 200 12391
190.171.153.50 - - [10/Mar/2022:09:10:45 -0300] "GET /cormun/servlet/solicitudotadjuntos?INS,2022,18076,,1, HTTP/1.1" 200 6271
190.171.153.50 - - [10/Mar/2022:09:10:46 -0300] "GET /cormun/static/about:blank HTTP/1.1" 404 1011
190.171.153.50 - - [10/Mar/2022:09:10:46 -0300] "GET /cormun/servlet/solicitudotadjuntos?INS,2022,18076,,1, HTTP/1.1" 200 6264
190.171.153.50 - - [10/Mar/2022:09:10:46 -0300] "GET /cormun/servlet/solicitudotadjuntos?8fb234e6904f5bb08db1320badd1441300718e3a547fa83f0d1af6f0121dc9eb3db5683797957d83494ba542e646968e,gx-no-cache=1646913773393 HTTP/1.1" 200 30
190.171.153.50 - - [10/Mar/2022:09:10:46 -0300] "POST /cormun/servlet/solicitudotadjuntos?4c80d95b4da1fc0d99dfbbbf941edf4c,INS,2022,18076,,1,,gx-no-cache=1646913773419 HTTP/1.1" 200 4195
190.171.153.50 - - [10/Mar/2022:09:10:49 -0300] "POST /cormun/servlet/solicitudotadjuntos?gx-no-cache=1646913775963 HTTP/1.1" 200 26
190.171.153.50 - - [10/Mar/2022:09:10:59 -0300] "GET /cormun/servlet/solicitudotadjuntos?8fb234e6904f5bb08db1320badd144138ac39245682fb7b1678b1bd7f383f313,gx-no-cache=1646913786194 HTTP/1.1" 200 30
190.171.153.50 - - [10/Mar/2022:09:10:59 -0300] "GET /cormun/servlet/solicitudotadjuntos?8fb234e6904f5bb08db1320badd144138ac39245682fb7b1678b1bd7f383f313,gx-no-cache=1646913786212 HTTP/1.1" 200 30
190.171.153.50 - - [10/Mar/2022:09:11:00 -0300] "POST /cormun/servlet/solicitudotadjuntos?4c80d95b4da1fc0d99dfbbbf941edf4c,INS,2022,18076,,1, HTTP/1.1" 200 116
190.171.153.50 - - [10/Mar/2022:09:11:00 -0300] "GET /cormun/servlet/hpexe_return? HTTP/1.1" 200 1031
190.171.153.50 - - [10/Mar/2022:09:11:00 -0300] "GET /cormun/servlet/trsolicitudadjuntos?2022,18076, HTTP/1.1" 200 9537
190.171.153.50 - - [10/Mar/2022:09:11:00 -0300] "GET /cormun/servlet/trsolicitudadjuntos?2022,18076, HTTP/1.1" 200 9532
190.171.153.50 - - [10/Mar/2022:09:11:03 -0300] "GET /cormun/servlet/solicitudotadjuntos?INS,2022,18076,,1, HTTP/1.1" 200 6271
190.171.153.50 - - [10/Mar/2022:09:11:04 -0300] "GET /cormun/static/about:blank HTTP/1.1" 404 1011
190.171.153.50 - - [10/Mar/2022:09:11:04 -0300] "GET /cormun/servlet/solicitudotadjuntos?INS,2022,18076,,1, HTTP/1.1" 200 6264
190.171.153.50 - - [10/Mar/2022:09:11:04 -0300] "GET /cormun/servlet/solicitudotadjuntos?8fb234e6904f5bb08db1320badd1441300718e3a547fa83f0d1af6f0121dc9eb3db5683797957d83494ba542e646968e,gx-no-cache=1646913791225 HTTP/1.1" 200 30
190.171.153.50 - - [10/Mar/2022:09:11:04 -0300] "POST /cormun/servlet/solicitudotadjuntos?4c80d95b4da1fc0d99dfbbbf941edf4c,INS,2022,18076,,1,,gx-no-cache=1646913791303 HTTP/1.1" 200 4195
190.171.153.50 - - [10/Mar/2022:09:11:07 -0300] "POST /cormun/servlet/solicitudotadjuntos?gx-no-cache=1646913794443 HTTP/1.1" 200 26
190.171.153.50 - - [10/Mar/2022:09:11:15 -0300] "GET /cormun/servlet/solicitudotadjuntos?8fb234e6904f5bb08db1320badd144138ac39245682fb7b1678b1bd7f383f313,gx-no-cache=1646913802506 HTTP/1.1" 200 30
190.171.153.50 - - [10/Mar/2022:09:11:15 -0300] "GET /cormun/servlet/solicitudotadjuntos?8fb234e6904f5bb08db1320badd144138ac39245682fb7b1678b1bd7f383f313,gx-no-cache=1646913802523 HTTP/1.1" 200 30
190.171.153.50 - - [10/Mar/2022:09:11:16 -0300] "POST /cormun/servlet/solicitudotadjuntos?4c80d95b4da1fc0d99dfbbbf941edf4c,INS,2022,18076,,1, HTTP/1.1" 200 116
190.171.153.50 - - [10/Mar/2022:09:11:16 -0300] "GET /cormun/servlet/hpexe_return? HTTP/1.1" 200 1031
190.171.153.50 - - [10/Mar/2022:09:11:16 -0300] "GET /cormun/servlet/trsolicitudadjuntos?2022,18076, HTTP/1.1" 200 9753
190.171.153.50 - - [10/Mar/2022:09:11:17 -0300] "GET /cormun/servlet/trsolicitudadjuntos?2022,18076, HTTP/1.1" 200 9749
190.171.153.50 - - [10/Mar/2022:09:11:19 -0300] "GET /cormun/servlet/solicitudotadjuntos?INS,2022,18076,,1, HTTP/1.1" 200 6271
190.171.153.50 - - [10/Mar/2022:09:11:20 -0300] "GET /cormun/static/about:blank HTTP/1.1" 404 1011
190.171.153.50 - - [10/Mar/2022:09:11:20 -0300] "GET /cormun/servlet/solicitudotadjuntos?INS,2022,18076,,1, HTTP/1.1" 200 6264
190.171.153.50 - - [10/Mar/2022:09:11:20 -0300] "GET /cormun/servlet/solicitudotadjuntos?8fb234e6904f5bb08db1320badd1441300718e3a547fa83f0d1af6f0121dc9eb3db5683797957d83494ba542e646968e,gx-no-cache=1646913807092 HTTP/1.1" 200 30
190.171.153.50 - - [10/Mar/2022:09:11:20 -0300] "POST /cormun/servlet/solicitudotadjuntos?4c80d95b4da1fc0d99dfbbbf941edf4c,INS,2022,18076,,1,,gx-no-cache=1646913807113 HTTP/1.1" 200 4195
190.171.149.74 - - [10/Mar/2022:09:11:20 -0300] "POST /cormun/servlet/solicitudot?gx-no-cache=1646917251655 HTTP/1.1" 200 3850
190.171.149.74 - - [10/Mar/2022:09:11:20 -0300] "POST /cormun/servlet/solicitudot?b7d4ec9da46d861a70c3cb74e111b3d5,INS,0,0,false,,gx-no-cache=1646917251817 HTTP/1.1" 200 12443
190.171.153.50 - - [10/Mar/2022:09:11:22 -0300] "POST /cormun/servlet/solicitudotadjuntos?gx-no-cache=1646913809219 HTTP/1.1" 200 26
190.171.149.74 - - [10/Mar/2022:09:11:23 -0300] "GET /cormun/servlet/solicitudot?e36581482f204b38d7074c077880d042406b021e27118ca9dac5190d8ae84b9dcdaab511e69ed4716c0535bd8b8d9e64,gx-no-cache=1646917254938 HTTP/1.1" 200 30
190.171.153.50 - - [10/Mar/2022:09:11:37 -0300] "GET /cormun/servlet/solicitudotadjuntos?8fb234e6904f5bb08db1320badd144138ac39245682fb7b1678b1bd7f383f313,gx-no-cache=1646913823706 HTTP/1.1" 200 30
190.171.153.50 - - [10/Mar/2022:09:11:37 -0300] "GET /cormun/servlet/solicitudotadjuntos?8fb234e6904f5bb08db1320badd144138ac39245682fb7b1678b1bd7f383f313,gx-no-cache=1646913823724 HTTP/1.1" 200 30
190.171.153.50 - - [10/Mar/2022:09:11:37 -0300] "POST /cormun/servlet/solicitudotadjuntos?4c80d95b4da1fc0d99dfbbbf941edf4c,INS,2022,18076,,1, HTTP/1.1" 200 116
190.171.153.50 - - [10/Mar/2022:09:11:37 -0300] "GET /cormun/servlet/hpexe_return? HTTP/1.1" 200 1031
190.171.153.50 - - [10/Mar/2022:09:11:37 -0300] "GET /cormun/servlet/trsolicitudadjuntos?2022,18076, HTTP/1.1" 200 10016
190.171.153.50 - - [10/Mar/2022:09:11:38 -0300] "GET /cormun/servlet/trsolicitudadjuntos?2022,18076, HTTP/1.1" 200 10011
200.83.224.3 - - [10/Mar/2022:09:11:43 -0300] "POST /cormun/servlet/solicitudot?gx-no-cache=1646913560280 HTTP/1.1" 200 30
190.171.153.50 - - [10/Mar/2022:09:11:58 -0300] "GET /cormun/servlet/trautorizarsolicitud? HTTP/1.1" 200 9828
192.168.10.96 - - [10/Mar/2022:09:11:59 -0300] "POST /cormun/servlet/trsolicitudgral?ca72f232bfef2e05f327769886a580d9,,gx-no-cache=1646913414817 HTTP/1.1" 200 5254
192.168.10.96 - - [10/Mar/2022:09:11:59 -0300] "POST /cormun/servlet/trsolicitudgral?ca72f232bfef2e05f327769886a580d9,,gx-no-cache=1646913414998 HTTP/1.1" 200 5255
192.168.10.96 - - [10/Mar/2022:09:11:59 -0300] "POST /cormun/servlet/trsolicitudgral?ca72f232bfef2e05f327769886a580d9,,gx-no-cache=1646913415231 HTTP/1.1" 200 5254
192.168.10.96 - - [10/Mar/2022:09:11:59 -0300] "POST /cormun/servlet/trsolicitudgral?ca72f232bfef2e05f327769886a580d9,,gx-no-cache=1646913415457 HTTP/1.1" 200 5254
190.171.153.50 - - [10/Mar/2022:09:12:00 -0300] "GET /cormun/servlet/trautorizarsolicitud? HTTP/1.1" 200 9818
192.168.10.96 - - [10/Mar/2022:09:12:00 -0300] "POST /cormun/servlet/trsolicitudgral?ca72f232bfef2e05f327769886a580d9,,gx-no-cache=1646913415728 HTTP/1.1" 200 5255
192.168.10.96 - - [10/Mar/2022:09:12:02 -0300] "POST /cormun/servlet/trsolicitudgral?ca72f232bfef2e05f327769886a580d9,,gx-no-cache=1646913418128 HTTP/1.1" 200 5254
192.168.10.96 - - [10/Mar/2022:09:12:02 -0300] "POST /cormun/servlet/trsolicitudgral?ca72f232bfef2e05f327769886a580d9,,gx-no-cache=1646913418335 HTTP/1.1" 200 5254
192.168.10.96 - - [10/Mar/2022:09:12:02 -0300] "POST /cormun/servlet/trsolicitudgral?ca72f232bfef2e05f327769886a580d9,,gx-no-cache=1646913418560 HTTP/1.1" 200 5254
192.168.10.96 - - [10/Mar/2022:09:12:03 -0300] "POST /cormun/servlet/trsolicitudgral?ca72f232bfef2e05f327769886a580d9,,gx-no-cache=1646913418848 HTTP/1.1" 200 5255
190.171.143.106 - - [10/Mar/2022:09:12:03 -0300] "GET /cormun/servlet/alicenciaprn?8224154,L,20220309000000,PU HTTP/1.1" 200 1604
192.168.10.96 - - [10/Mar/2022:09:12:03 -0300] "POST /cormun/servlet/trsolicitudgral?ca72f232bfef2e05f327769886a580d9,,gx-no-cache=1646913419055 HTTP/1.1" 200 5254
190.171.143.82 - - [10/Mar/2022:09:12:03 -0300] "GET /cormun/servlet/hlogin HTTP/1.1" 200 1722
190.171.153.50 - - [10/Mar/2022:09:12:04 -0300] "GET /cormun/servlet/trsolicitudot? HTTP/1.1" 200 8844
190.171.153.50 - - [10/Mar/2022:09:12:04 -0300] "GET /cormun/servlet/trsolicitudot? HTTP/1.1" 200 8843
190.171.143.82 - - [10/Mar/2022:09:12:09 -0300] "POST /cormun/servlet/hlogin?f05f833307a11221bb049420070e30e5,gx-no-cache=1646913584418 HTTP/1.1" 200 90
190.171.143.82 - - [10/Mar/2022:09:12:09 -0300] "GET /cormun/servlet/hpexe_link HTTP/1.1" 200 946
190.171.143.82 - - [10/Mar/2022:09:12:09 -0300] "GET /cormun/servlet/hhome HTTP/1.1" 200 4351
190.171.153.50 - - [10/Mar/2022:09:12:10 -0300] "POST /cormun/servlet/trsolicitudot?4c80d95b4da1fc0d99dfbbbf941edf4c,,gx-no-cache=1646913856811 HTTP/1.1" 200 4858
190.171.153.50 - - [10/Mar/2022:09:12:10 -0300] "GET /cormun/static/Shared/jqueryui/images/ui-icons_82798d_256x240.png HTTP/1.1" 404 1089
190.171.153.50 - - [10/Mar/2022:09:12:10 -0300] "GET /cormun/static/Shared/jqueryui/images/ui-bg_highlight-soft_100_c6c2c8_1x100.png HTTP/1.1" 404 1117
190.171.153.50 - - [10/Mar/2022:09:12:11 -0300] "GET /cormun/static/Shared/jqueryui/images/ui-icons_8d78a5_256x240.png HTTP/1.1" 404 1089
190.171.153.50 - - [10/Mar/2022:09:12:11 -0300] "GET /cormun/static/Shared/jqueryui/images/ui-bg_flat_55_fafafa_40x100.png HTTP/1.1" 404 1097
190.171.153.50 - - [10/Mar/2022:09:12:12 -0300] "POST /cormun/servlet/trsolicitudot?4c80d95b4da1fc0d99dfbbbf941edf4c,,gx-no-cache=1646913858751 HTTP/1.1" 200 4628
190.171.143.82 - - [10/Mar/2022:09:12:12 -0300] "GET /cormun/servlet/hhome HTTP/1.1" 200 4347
190.171.153.50 - - [10/Mar/2022:09:12:18 -0300] "GET /cormun/servlet/solicitudot?INS,0,0,false, HTTP/1.1" 200 15951
190.171.153.50 - - [10/Mar/2022:09:12:19 -0300] "GET /cormun/servlet/solicitudot?INS,0,0,false, HTTP/1.1" 200 15959
190.171.143.82 - - [10/Mar/2022:09:12:22 -0300] "GET /cormun/servlet/trlicencias? HTTP/1.1" 200 8696
190.171.143.82 - - [10/Mar/2022:09:12:25 -0300] "GET /cormun/servlet/trlicencias? HTTP/1.1" 200 8694
190.171.143.82 - - [10/Mar/2022:09:12:25 -0300] "GET /cormun/static/Resources/asc.gif HTTP/1.1" 200 67
190.171.153.50 - - [10/Mar/2022:09:12:29 -0300] "POST /cormun/servlet/solicitudot?gx-no-cache=1646913876391 HTTP/1.1" 200 3959
190.171.153.50 - - [10/Mar/2022:09:12:30 -0300] "POST /cormun/servlet/solicitudot?4c80d95b4da1fc0d99dfbbbf941edf4c,INS,0,0,false,,gx-no-cache=1646913876535 HTTP/1.1" 200 12792
190.171.153.50 - - [10/Mar/2022:09:12:30 -0300] "GET /cormun/servlet/solicitudot?8fb234e6904f5bb08db1320badd14413eac9b0787fc89b2615ccdd07e2bc365fb99fbdf5788d582797afb92ce0f24589,gx-no-cache=1646913876725 HTTP/1.1" 200 30
190.171.153.50 - - [10/Mar/2022:09:12:42 -0300] "GET /cormun/servlet/solicitudot?8fb234e6904f5bb08db1320badd144137e2645297151849b039a4f5a0859281e9119cf50f297be112e81bddc08477aaed2645dd6e430d2907b6e3a03c97ff395,gx-no-cache=1646913888549 HTTP/1.1" 200 30
190.171.153.50 - - [10/Mar/2022:09:12:42 -0300] "GET /cormun/servlet/solicitudot?8fb234e6904f5bb08db1320badd14413981a779560bb9f027d4e0a840d7ce648,gx-no-cache=1646913888603 HTTP/1.1" 200 53
190.171.153.50 - - [10/Mar/2022:09:12:42 -0300] "POST /cormun/servlet/solicitudot?gx-no-cache=1646913888661 HTTP/1.1" 200 255
190.171.153.50 - - [10/Mar/2022:09:12:42 -0300] "GET /cormun/servlet/solicitudot?8fb234e6904f5bb08db1320badd14413b72f95a8319e1107048f3df1c6d2a2ba221ccb89289fbe48e9c404ffd2c0d0e68169448d6dce2cce0b7ca9f7cef6939977f2edd9eefd9824522003231fc68357e2c413015419df1be0051cfc57580fd5524c648bbe7d673900894e7478a5eb78246cdc90e89558fe2c4c36ccbb120ece8c17f73bcae31a9b3c7b7103fcb9dac757e43a6b2e4ae7f526857691a6721627aa9f5f7ec347c506708a71e6422f0197b2b89ac8210f066596efb374c587c951b483d0fdd336918e2d4c89b35fc6f3fc6086880c3d0dd4a4597ee7796b98be1d5c4f08b0208d6d67ebd9cfaf11fdd397507de73b579f62296a6d4a933208983ee6a1f94a1df4bf04ef59f0af88b5207816d5d140762ed78312e10b349bb44580f9df569a60b7e1f663efa32703bb58d394b7ad53b1b20657e1c572e5621a3c317e8f1784988aac5093a19bcc5a21db63135d6afe93bf37379b758f7bc54b04ff88193eb395018f52abd571e589878342560b66f886e5748360d1574ec018256b,gx-no-cache=1646913888693 HTTP/1.1" 200 30
190.171.153.50 - - [10/Mar/2022:09:12:44 -0300] "POST /cormun/servlet/solicitudot?gx-no-cache=1646913890971 HTTP/1.1" 200 30
190.171.153.50 - - [10/Mar/2022:09:12:46 -0300] "POST /cormun/servlet/solicitudot?gx-no-cache=1646913892804 HTTP/1.1" 200 1454
190.171.153.50 - - [10/Mar/2022:09:12:46 -0300] "POST /cormun/servlet/solicitudot?gx-no-cache=1646913892870 HTTP/1.1" 200 38
190.171.153.50 - - [10/Mar/2022:09:12:46 -0300] "GET /cormun/servlet/solicitudot?8fb234e6904f5bb08db1320badd1441342e38d7d7003a619aa313410363d5f339f12b13e557feaf964728ebe36aef67c16b6df9bc3ab72fd71254eb24b99d3bda16287c92cb635dbc62ad578e56e3ed3a6f23801870e2783182fb060c5206e719365e1c6a79a924072006579011c0b29,gx-no-cache=1646913892907 HTTP/1.1" 200 110
190.171.153.50 - - [10/Mar/2022:09:12:52 -0300] "POST /cormun/servlet/solicitudot?gx-no-cache=1646913898532 HTTP/1.1" 200 97
190.171.149.74 - - [10/Mar/2022:09:13:31 -0300] "GET /cormun/servlet/solicitudot?e36581482f204b38d7074c077880d042c27d492cd1f8e5c546387c596bbb2a54,gx-no-cache=1646917382069 HTTP/1.1" 200 94
190.171.149.74 - - [10/Mar/2022:09:13:31 -0300] "GET /cormun/static/Shared/jqueryui/images/ui-icons_82798d_256x240.png HTTP/1.1" 404 1089
190.171.149.74 - - [10/Mar/2022:09:13:31 -0300] "GET /cormun/static/Shared/jqueryui/images/ui-bg_flat_55_994d53_40x100.png HTTP/1.1" 404 1097
190.171.149.74 - - [10/Mar/2022:09:13:31 -0300] "GET /cormun/static/Shared/jqueryui/images/ui-icons_ebccce_256x240.png HTTP/1.1" 404 1089
190.171.149.74 - - [10/Mar/2022:09:13:31 -0300] "GET /cormun/servlet/solicitudot?e36581482f204b38d7074c077880d042c25bc13f51a76534d7e817936b18564d,gx-no-cache=1646917382108 HTTP/1.1" 200 29
190.171.149.74 - - [10/Mar/2022:09:13:31 -0300] "POST /cormun/servlet/solicitudot?gx-no-cache=1646917382128 HTTP/1.1" 200 297
190.171.149.74 - - [10/Mar/2022:09:13:31 -0300] "GET /cormun/servlet/solicitudot?e36581482f204b38d7074c077880d042065a5ab079fbb33a01bb2046a49c08f0c8903b09939fcd325704015b2f29ab2460d5dcbf1393d569fddce0beca8a0a5b43f183630b00ad4d85195fde2174dc462eb5ab472e3e17c250475edda4ded979a4eda92d1557ae9a06a9807edb16922849c4a78b846f3a4eef5a7a25c3cd48e07ae33f37f4606debe0f0de0497da9366c6857648946c08bb7a6d6caaea7b82b7a58eb420821c63f7e4f75ddbeb4e36926155f639a05fcff99ccce90657346f0bec8cb35541e9ec0b6c5e9255aa04a82b3b3e64d7a8947936d5dfc70bbfc701ff5f3ade15ce987ebaf0d4682cdcc628584534e6b9febead9717faa2bd02da1001bb3c7389f2b5c31d265d948408f4890de00d914b0ae9966070887bdc94b4a41af59c9758ee93887fba19d0f3d98e54f965935c56622e17d7c5efdcd7b409498cbd63d09c61cdcdc9b7a4f79c897beffb9dcd17cba35d6bbc86a1a26ef67a02b0aed0e9a9532d820595453183ffa47bff1298ac5d359fb7eba279e781aa1b3c430427de8db5b1e8acf631afd08100f8dc,gx-no-cache=1646917382152 HTTP/1.1" 200 30
190.171.149.74 - - [10/Mar/2022:09:13:31 -0300] "POST /cormun/servlet/solicitudot?gx-no-cache=1646917382171 HTTP/1.1" 200 30
190.171.149.74 - - [10/Mar/2022:09:13:31 -0300] "GET /cormun/static/Shared/jqueryui/images/ui-bg_highlight-soft_100_c6c2c8_1x100.png HTTP/1.1" 404 1117
190.171.149.74 - - [10/Mar/2022:09:13:31 -0300] "POST /cormun/servlet/solicitudot?gx-no-cache=1646917382199 HTTP/1.1" 200 1452
190.171.149.74 - - [10/Mar/2022:09:13:31 -0300] "POST /cormun/servlet/solicitudot?gx-no-cache=1646917382234 HTTP/1.1" 200 38
190.171.149.74 - - [10/Mar/2022:09:13:31 -0300] "GET /cormun/servlet/solicitudot?e36581482f204b38d7074c077880d0422f4543fba448004ac36b793e35feff2e420b6933e7114f6596d281998d15b63efefe20cac20da2b588cf1320771a58bb07e8ed1de082393fd3c53adf06cf0f4c8fe2175b523965a924751cd04c563ae7669ff6eac59df79ef83ca750d995e298,gx-no-cache=1646917382263 HTTP/1.1" 200 110
190.171.149.74 - - [10/Mar/2022:09:13:31 -0300] "POST /cormun/servlet/solicitudot?gx-no-cache=1646917382284 HTTP/1.1" 200 64
