190.171.149.74 - - [10/Mar/2022:09:31:50 -0300] "GET /cormun/servlet/hpexe_return? HTTP/1.1" 200 1028
190.171.149.74 - - [10/Mar/2022:09:31:51 -0300] "GET /cormun/servlet/trsolicitudadjuntos?2022,18079, HTTP/1.1" 200 9541
190.171.149.74 - - [10/Mar/2022:09:31:51 -0300] "GET /cormun/servlet/trsolicitudadjuntos?2022,18079, HTTP/1.1" 200 9538
190.171.149.74 - - [10/Mar/2022:09:31:53 -0300] "GET /cormun/servlet/solicitudotadjuntos?INS,2022,18079,,1, HTTP/1.1" 200 6033
190.171.149.74 - - [10/Mar/2022:09:31:54 -0300] "GET /cormun/static/about:blank HTTP/1.1" 404 1011
190.171.149.74 - - [10/Mar/2022:09:31:54 -0300] "GET /cormun/servlet/solicitudotadjuntos?INS,2022,18079,,1, HTTP/1.1" 200 6026
190.171.149.74 - - [10/Mar/2022:09:31:54 -0300] "GET /cormun/servlet/solicitudotadjuntos?e36581482f204b38d7074c077880d0426d5f9b05b997b6478b909c5eff8c86864dc0ed760a1026ddd613e665a5e989f1,gx-no-cache=1646918485499 HTTP/1.1" 200 30
190.171.149.74 - - [10/Mar/2022:09:31:54 -0300] "POST /cormun/servlet/solicitudotadjuntos?b7d4ec9da46d861a70c3cb74e111b3d5,INS,2022,18079,,1,,gx-no-cache=1646918485524 HTTP/1.1" 200 3903
190.171.149.74 - - [10/Mar/2022:09:31:57 -0300] "POST /cormun/servlet/solicitudotadjuntos?gx-no-cache=1646918488097 HTTP/1.1" 200 26
190.171.149.74 - - [10/Mar/2022:09:32:03 -0300] "GET /cormun/servlet/solicitudotadjuntos?e36581482f204b38d7074c077880d042820ef2ace8d51ca0cc027eaab9278993,gx-no-cache=1646918494475 HTTP/1.1" 200 30
190.171.149.74 - - [10/Mar/2022:09:32:03 -0300] "GET /cormun/servlet/solicitudotadjuntos?e36581482f204b38d7074c077880d042820ef2ace8d51ca0cc027eaab9278993,gx-no-cache=1646918494487 HTTP/1.1" 200 30
190.171.149.74 - - [10/Mar/2022:09:32:03 -0300] "POST /cormun/servlet/solicitudotadjuntos?b7d4ec9da46d861a70c3cb74e111b3d5,INS,2022,18079,,1, HTTP/1.1" 200 116
190.171.149.74 - - [10/Mar/2022:09:32:03 -0300] "GET /cormun/servlet/hpexe_return? HTTP/1.1" 200 1028
190.171.149.74 - - [10/Mar/2022:09:32:03 -0300] "GET /cormun/servlet/trsolicitudadjuntos?2022,18079, HTTP/1.1" 200 9814
190.171.149.74 - - [10/Mar/2022:09:32:04 -0300] "GET /cormun/servlet/trsolicitudadjuntos?2022,18079, HTTP/1.1" 200 9810
190.171.149.74 - - [10/Mar/2022:09:32:06 -0300] "GET /cormun/servlet/solicitudotadjuntos?INS,2022,18079,,1, HTTP/1.1" 200 6032
190.171.149.74 - - [10/Mar/2022:09:32:06 -0300] "GET /cormun/static/about:blank HTTP/1.1" 404 1011
190.171.149.74 - - [10/Mar/2022:09:32:06 -0300] "GET /cormun/servlet/solicitudotadjuntos?INS,2022,18079,,1, HTTP/1.1" 200 6025
190.171.149.74 - - [10/Mar/2022:09:32:06 -0300] "GET /cormun/servlet/solicitudotadjuntos?e36581482f204b38d7074c077880d0426d5f9b05b997b6478b909c5eff8c86864dc0ed760a1026ddd613e665a5e989f1,gx-no-cache=1646918497734 HTTP/1.1" 200 30
190.171.149.74 - - [10/Mar/2022:09:32:06 -0300] "POST /cormun/servlet/solicitudotadjuntos?b7d4ec9da46d861a70c3cb74e111b3d5,INS,2022,18079,,1,,gx-no-cache=1646918497769 HTTP/1.1" 200 3902
190.171.149.74 - - [10/Mar/2022:09:32:09 -0300] "POST /cormun/servlet/solicitudotadjuntos?gx-no-cache=1646918500323 HTTP/1.1" 200 26
190.171.149.74 - - [10/Mar/2022:09:32:17 -0300] "GET /cormun/servlet/solicitudotadjuntos?e36581482f204b38d7074c077880d042820ef2ace8d51ca0cc027eaab9278993,gx-no-cache=1646918508137 HTTP/1.1" 200 30
190.171.149.74 - - [10/Mar/2022:09:32:17 -0300] "GET /cormun/servlet/solicitudotadjuntos?e36581482f204b38d7074c077880d042820ef2ace8d51ca0cc027eaab9278993,gx-no-cache=1646918508148 HTTP/1.1" 200 30
190.171.149.74 - - [10/Mar/2022:09:32:17 -0300] "POST /cormun/servlet/solicitudotadjuntos?b7d4ec9da46d861a70c3cb74e111b3d5,INS,2022,18079,,1, HTTP/1.1" 200 116
190.171.149.74 - - [10/Mar/2022:09:32:17 -0300] "GET /cormun/servlet/hpexe_return? HTTP/1.1" 200 1028
190.171.149.74 - - [10/Mar/2022:09:32:17 -0300] "GET /cormun/servlet/trsolicitudadjuntos?2022,18079, HTTP/1.1" 200 9989
190.171.149.74 - - [10/Mar/2022:09:32:18 -0300] "GET /cormun/servlet/trsolicitudadjuntos?2022,18079, HTTP/1.1" 200 9983
190.171.149.74 - - [10/Mar/2022:09:32:25 -0300] "GET /cormun/servlet/solicitudotadjuntos?INS,2022,18079,,2, HTTP/1.1" 200 6029
190.171.149.74 - - [10/Mar/2022:09:32:26 -0300] "GET /cormun/static/about:blank HTTP/1.1" 404 1011
190.171.149.74 - - [10/Mar/2022:09:32:26 -0300] "GET /cormun/servlet/solicitudotadjuntos?INS,2022,18079,,2, HTTP/1.1" 200 6023
190.171.149.74 - - [10/Mar/2022:09:32:26 -0300] "GET /cormun/servlet/solicitudotadjuntos?e36581482f204b38d7074c077880d0426d5f9b05b997b6478b909c5eff8c86864dc0ed760a1026ddd613e665a5e989f1,gx-no-cache=1646918517532 HTTP/1.1" 200 30
190.171.149.74 - - [10/Mar/2022:09:32:26 -0300] "POST /cormun/servlet/solicitudotadjuntos?b7d4ec9da46d861a70c3cb74e111b3d5,INS,2022,18079,,2,,gx-no-cache=1646918517604 HTTP/1.1" 200 4048
190.171.149.74 - - [10/Mar/2022:09:32:31 -0300] "POST /cormun/servlet/solicitudotadjuntos?gx-no-cache=1646918522023 HTTP/1.1" 200 26
190.171.149.74 - - [10/Mar/2022:09:32:40 -0300] "GET /cormun/servlet/solicitudotadjuntos?e36581482f204b38d7074c077880d042820ef2ace8d51ca0cc027eaab9278993,gx-no-cache=1646918531705 HTTP/1.1" 200 30
190.171.149.74 - - [10/Mar/2022:09:32:40 -0300] "GET /cormun/servlet/solicitudotadjuntos?e36581482f204b38d7074c077880d042820ef2ace8d51ca0cc027eaab9278993,gx-no-cache=1646918531774 HTTP/1.1" 200 30
190.171.149.74 - - [10/Mar/2022:09:32:41 -0300] "POST /cormun/servlet/solicitudotadjuntos?b7d4ec9da46d861a70c3cb74e111b3d5,INS,2022,18079,,2, HTTP/1.1" 200 116
190.171.149.74 - - [10/Mar/2022:09:32:41 -0300] "GET /cormun/servlet/hpexe_return? HTTP/1.1" 200 1028
190.171.149.74 - - [10/Mar/2022:09:32:41 -0300] "GET /cormun/servlet/trsolicitudadjuntos?2022,18079, HTTP/1.1" 200 10130
190.171.149.74 - - [10/Mar/2022:09:32:41 -0300] "GET /cormun/servlet/trsolicitudadjuntos?2022,18079, HTTP/1.1" 200 10128
190.171.149.74 - - [10/Mar/2022:09:32:54 -0300] "GET /cormun/servlet/trsolicitudot? HTTP/1.1" 200 9177
190.171.149.74 - - [10/Mar/2022:09:32:55 -0300] "GET /cormun/servlet/trsolicitudot? HTTP/1.1" 200 9170
181.212.43.89 - - [10/Mar/2022:09:33:05 -0300] "GET /cormun/servlet/trlicencias HTTP/1.1" 200 12207
181.212.43.89 - - [10/Mar/2022:09:33:06 -0300] "GET /cormun/servlet/hlogin HTTP/1.1" 200 1745
181.212.43.89 - - [10/Mar/2022:09:33:06 -0300] "GET /cormun/servlet/trlicencias HTTP/1.1" 200 12205
190.171.149.74 - - [10/Mar/2022:09:33:06 -0300] "GET /cormun/servlet/solicitudot?INS,0,0,false, HTTP/1.1" 200 15706
190.171.149.74 - - [10/Mar/2022:09:33:07 -0300] "GET /cormun/servlet/solicitudot?INS,0,0,false, HTTP/1.1" 200 15713
181.212.43.89 - - [10/Mar/2022:09:33:15 -0300] "POST /cormun/servlet/hlogin?18d3d8b0ca428da4a4dec6a7f609df5a,gx-no-cache=1646914852025 HTTP/1.1" 200 449
190.171.149.74 - - [10/Mar/2022:09:33:19 -0300] "POST /cormun/servlet/solicitudot?gx-no-cache=1646918570691 HTTP/1.1" 200 3954
190.171.149.74 - - [10/Mar/2022:09:33:20 -0300] "POST /cormun/servlet/solicitudot?b7d4ec9da46d861a70c3cb74e111b3d5,INS,0,0,false,,gx-no-cache=1646918570860 HTTP/1.1" 200 12493
181.212.43.89 - - [10/Mar/2022:09:33:21 -0300] "POST /cormun/servlet/hlogin?18d3d8b0ca428da4a4dec6a7f609df5a,gx-no-cache=1646914858141 HTTP/1.1" 200 90
181.212.43.89 - - [10/Mar/2022:09:33:21 -0300] "GET /cormun/servlet/hpexe_link HTTP/1.1" 200 958
181.212.43.89 - - [10/Mar/2022:09:33:21 -0300] "GET /cormun/servlet/trlicencias HTTP/1.1" 200 9757
181.212.43.89 - - [10/Mar/2022:09:33:21 -0300] "GET /cormun/servlet/trlicencias HTTP/1.1" 200 9755
190.171.149.74 - - [10/Mar/2022:09:33:29 -0300] "POST /cormun/servlet/solicitudot?gx-no-cache=1646918580563 HTTP/1.1" 200 3931
190.171.149.74 - - [10/Mar/2022:09:33:29 -0300] "POST /cormun/servlet/solicitudot?b7d4ec9da46d861a70c3cb74e111b3d5,INS,0,0,false,,gx-no-cache=1646918580714 HTTP/1.1" 200 12519
190.171.149.74 - - [10/Mar/2022:09:33:34 -0300] "GET /cormun/servlet/solicitudot?e36581482f204b38d7074c077880d042406b021e27118ca9dac5190d8ae84b9dcdaab511e69ed4716c0535bd8b8d9e64,gx-no-cache=1646918585393 HTTP/1.1" 200 30
190.171.149.74 - - [10/Mar/2022:09:33:38 -0300] "POST /cormun/servlet/solicitudot?b7d4ec9da46d861a70c3cb74e111b3d5,INS,0,0,false,,gx-no-cache=1646918589000 HTTP/1.1" 200 93
190.171.149.74 - - [10/Mar/2022:09:33:38 -0300] "GET /cormun/servlet/hpexe_return? HTTP/1.1" 200 1011
190.171.149.74 - - [10/Mar/2022:09:33:38 -0300] "GET /cormun/servlet/trsolicitudot HTTP/1.1" 200 9174
190.171.149.74 - - [10/Mar/2022:09:33:38 -0300] "GET /cormun/servlet/trsolicitudot HTTP/1.1" 200 9170
190.171.142.50 - - [10/Mar/2022:09:36:28 -0300] "GET /cormun/servlet/hlogin HTTP/1.1" 200 1724
190.171.142.50 - - [10/Mar/2022:09:36:28 -0300] "GET /cormun/servlet/hlogin HTTP/1.1" 200 1734
190.171.142.50 - - [10/Mar/2022:09:36:34 -0300] "POST /cormun/servlet/hlogin?98656cdaaf25da7d8dc6b1acf55b73b8,gx-no-cache=1646913881707 HTTP/1.1" 200 90
190.171.142.50 - - [10/Mar/2022:09:36:35 -0300] "GET /cormun/servlet/hpexe_link HTTP/1.1" 200 950
190.171.142.50 - - [10/Mar/2022:09:36:35 -0300] "GET /cormun/servlet/hhome HTTP/1.1" 200 3942
190.171.142.50 - - [10/Mar/2022:09:36:35 -0300] "GET /cormun/servlet/hhome HTTP/1.1" 200 3938
190.171.143.98 - - [10/Mar/2022:09:36:39 -0300] "GET /cormun/servlet/hlogin HTTP/1.1" 200 1727
190.171.142.50 - - [10/Mar/2022:09:36:39 -0300] "GET /cormun/servlet/trlicencias? HTTP/1.1" 200 10967
190.171.142.50 - - [10/Mar/2022:09:36:39 -0300] "GET /cormun/servlet/trlicencias? HTTP/1.1" 200 10965
190.171.143.98 - - [10/Mar/2022:09:36:48 -0300] "POST /cormun/servlet/hlogin?fef0c8fe53fc3d2191e9d382e07c7521,gx-no-cache=1646915064909 HTTP/1.1" 200 90
190.171.143.98 - - [10/Mar/2022:09:36:48 -0300] "GET /cormun/servlet/hpexe_link HTTP/1.1" 200 953
190.171.143.98 - - [10/Mar/2022:09:36:48 -0300] "GET /cormun/servlet/hhome HTTP/1.1" 200 4272
190.171.143.98 - - [10/Mar/2022:09:36:48 -0300] "GET /cormun/servlet/hhome HTTP/1.1" 200 4268
190.171.142.42 - - [10/Mar/2022:09:36:51 -0300] "GET /cormun/servlet/hlogin HTTP/1.1" 200 1727
190.171.142.42 - - [10/Mar/2022:09:37:00 -0300] "POST /cormun/servlet/hlogin?68aa9243caf5502384c71ed83f03dd53,gx-no-cache=1646915076796 HTTP/1.1" 200 427
190.171.142.42 - - [10/Mar/2022:09:37:17 -0300] "POST /cormun/servlet/hlogin?68aa9243caf5502384c71ed83f03dd53,gx-no-cache=1646915093585 HTTP/1.1" 200 90
190.171.142.42 - - [10/Mar/2022:09:37:17 -0300] "GET /cormun/servlet/hpexe_link HTTP/1.1" 200 954
190.171.142.42 - - [10/Mar/2022:09:37:17 -0300] "GET /cormun/servlet/hhome HTTP/1.1" 200 4243
190.171.142.42 - - [10/Mar/2022:09:37:18 -0300] "GET /cormun/servlet/hhome HTTP/1.1" 200 4241
190.171.142.42 - - [10/Mar/2022:09:37:21 -0300] "GET /cormun/servlet/trlicencias? HTTP/1.1" 200 9161
190.171.142.42 - - [10/Mar/2022:09:37:21 -0300] "GET /cormun/servlet/trlicencias? HTTP/1.1" 200 9159
200.54.107.2 - - [10/Mar/2022:09:38:17 -0300] "GET /cormun/servlet/solicitudot?aee2a4acec3b535e77101c0e5978ec5527108a219e3d6a25aa1bf190e4d48a64a971800e97069070cfa22e55cdb6a6d0b9976305c2dc82888c70810ee273e9ab,gx-no-cache=1646915154100 HTTP/1.1" 200 30
200.54.107.2 - - [10/Mar/2022:09:38:19 -0300] "GET /cormun/servlet/solicitudot?aee2a4acec3b535e77101c0e5978ec55af237883581c64f2c18fec875e927341,gx-no-cache=1646915156591 HTTP/1.1" 200 53
200.54.107.2 - - [10/Mar/2022:09:38:32 -0300] "POST /cormun/servlet/solicitudot?gx-no-cache=1646915169501 HTTP/1.1" 200 297
200.54.107.2 - - [10/Mar/2022:09:38:32 -0300] "GET /cormun/servlet/solicitudot?aee2a4acec3b535e77101c0e5978ec554436da4ee08aa749562c91257a71e9807f5d8dd31b5357a7589727c97c5b1b41dab9372bfa6a661718c8efb3c5defd6e78dd2f0162d0e81ad9a6950951037bfcd893de189869c311e240c2edcc417c6a6b2cf5aabe7a439ad2e67b038c13e692c6a74eecaef6f3b1dfb03248700f9a234b86c14b9eb488f59bcdc4ded0b2d24206ce8d613e9780f19c33a8c449824ae353d7166e2ad9dd2b449cb559065803e7062a0d5dbd2981c33f3df567113d969848e58ac0b3b20961e6e32b1232df5e18bd84cc42e54fd45e0dcabd0227c78eb68d7b1249b24c124c2e0589eab2a995a87295293dcb4730de68c61ce2f50c5b7e27f536250e9f7206497800bf715e5719fb67670c0f495a9128af1a9649a613a17831ce39f61aba0806c68ba00da151e2274cfe2dfcb6feae8eabfeb9115837af0691c9e6e652b0f2689bacce16f3693ddf52013e6938cbe75663b164f0a31ee507da5dbd484173325b36ee641ef706342321ae5c3b14faccf22a04efbed3e35e78b1ff57eb6b9753c50450778bbbdac3,gx-no-cache=1646915169558 HTTP/1.1" 200 30
200.54.107.2 - - [10/Mar/2022:09:38:34 -0300] "POST /cormun/servlet/solicitudot?gx-no-cache=1646915171665 HTTP/1.1" 200 30
200.54.107.2 - - [10/Mar/2022:09:38:36 -0300] "POST /cormun/servlet/solicitudot?gx-no-cache=1646915173088 HTTP/1.1" 200 1452
200.54.107.2 - - [10/Mar/2022:09:38:36 -0300] "POST /cormun/servlet/solicitudot?gx-no-cache=1646915173129 HTTP/1.1" 200 38
190.171.143.98 - - [10/Mar/2022:09:38:42 -0300] "GET /cormun/servlet/trsolicitudot? HTTP/1.1" 200 7492
190.171.143.98 - - [10/Mar/2022:09:38:42 -0300] "GET /cormun/servlet/trsolicitudot? HTTP/1.1" 200 7492
190.171.143.98 - - [10/Mar/2022:09:38:54 -0300] "POST /cormun/servlet/trsolicitudot?fef0c8fe53fc3d2191e9d382e07c7521,,gx-no-cache=1646915191528 HTTP/1.1" 200 4629
190.171.143.98 - - [10/Mar/2022:09:38:57 -0300] "GET /cormun/servlet/solicitudot?INS,0,0,false, HTTP/1.1" 200 15991
190.171.143.98 - - [10/Mar/2022:09:38:57 -0300] "GET /cormun/servlet/solicitudot?INS,0,0,false, HTTP/1.1" 200 15999
190.171.142.42 - - [10/Mar/2022:09:38:59 -0300] "GET /cormun/servlet/trpermisosgoce? HTTP/1.1" 200 7167
190.171.142.42 - - [10/Mar/2022:09:38:59 -0300] "GET /cormun/static/gxcfg.js?2020121631564 HTTP/1.1" 200 953
190.171.142.42 - - [10/Mar/2022:09:38:59 -0300] "GET /cormun/static/trpermisosgoce.js?2020121633681 HTTP/1.1" 200 35904
190.171.142.42 - - [10/Mar/2022:09:38:59 -0300] "GET /cormun/servlet/trpermisosgoce? HTTP/1.1" 200 7167
190.171.143.98 - - [10/Mar/2022:09:39:14 -0300] "GET /cormun/servlet/prfichaempleado?,MD,,gxPopupLevel%3D0%3B HTTP/1.1" 200 9297
190.171.142.42 - - [10/Mar/2022:09:39:16 -0300] "GET /cormun/servlet/permisogoce?INS,0,,, HTTP/1.1" 200 7134
190.171.142.42 - - [10/Mar/2022:09:39:17 -0300] "GET /cormun/static/gxcfg.js?20201215124560 HTTP/1.1" 200 953
190.171.142.42 - - [10/Mar/2022:09:39:17 -0300] "GET /cormun/static/Resources/prompt.gif HTTP/1.1" 200 902
190.171.142.42 - - [10/Mar/2022:09:39:17 -0300] "GET /cormun/static/permisogoce.js?20201215124939 HTTP/1.1" 200 27919
190.171.142.42 - - [10/Mar/2022:09:39:17 -0300] "GET /cormun/servlet/permisogoce?INS,0,,, HTTP/1.1" 200 7132
190.171.143.98 - - [10/Mar/2022:09:39:27 -0300] "POST /cormun/servlet/prfichaempleado?fef0c8fe53fc3d2191e9d382e07c7521,,MD,,gxPopupLevel%3D0%3B,gx-no-cache=1646915224332 HTTP/1.1" 200 3171
190.171.143.98 - - [10/Mar/2022:09:39:34 -0300] "POST /cormun/servlet/prfichaempleado?fef0c8fe53fc3d2191e9d382e07c7521,,MD,,gxPopupLevel%3D0%3B,gx-no-cache=1646915231499 HTTP/1.1" 200 3171
190.171.143.98 - - [10/Mar/2022:09:39:43 -0300] "POST /cormun/servlet/solicitudot?gx-no-cache=1646915239735 HTTP/1.1" 200 3858
190.171.143.98 - - [10/Mar/2022:09:39:43 -0300] "POST /cormun/servlet/solicitudot?fef0c8fe53fc3d2191e9d382e07c7521,INS,0,0,false,,gx-no-cache=1646915240021 HTTP/1.1" 200 12671
190.171.143.98 - - [10/Mar/2022:09:39:48 -0300] "GET /cormun/servlet/solicitudot?16cff53f41cb4dd123e7b43cdb4cf3bf761df8c2f99e550c28d7cbb0fa0b5fea53124ad05a5c00b8440d09acdd88dc94,gx-no-cache=1646915244960 HTTP/1.1" 200 30
190.171.143.98 - - [10/Mar/2022:09:39:59 -0300] "GET /cormun/servlet/prfichaempleado?,MD,,gxPopupLevel%3D0%3B HTTP/1.1" 200 9297
190.171.143.98 - - [10/Mar/2022:09:40:13 -0300] "POST /cormun/servlet/prfichaempleado?fef0c8fe53fc3d2191e9d382e07c7521,,MD,,gxPopupLevel%3D0%3B,gx-no-cache=1646915270707 HTTP/1.1" 200 3171
190.171.143.98 - - [10/Mar/2022:09:40:15 -0300] "POST /cormun/servlet/prfichaempleado?fef0c8fe53fc3d2191e9d382e07c7521,,MD,,gxPopupLevel%3D0%3B,gx-no-cache=1646915272314 HTTP/1.1" 200 3171
190.171.143.98 - - [10/Mar/2022:09:40:15 -0300] "POST /cormun/servlet/prfichaempleado?fef0c8fe53fc3d2191e9d382e07c7521,,MD,,gxPopupLevel%3D0%3B,gx-no-cache=1646915272521 HTTP/1.1" 200 3171
190.171.143.98 - - [10/Mar/2022:09:40:17 -0300] "POST /cormun/servlet/prfichaempleado?fef0c8fe53fc3d2191e9d382e07c7521,,MD,,gxPopupLevel%3D0%3B,gx-no-cache=1646915274115 HTTP/1.1" 200 3171
190.171.143.98 - - [10/Mar/2022:09:40:17 -0300] "POST /cormun/servlet/prfichaempleado?fef0c8fe53fc3d2191e9d382e07c7521,,MD,,gxPopupLevel%3D0%3B,gx-no-cache=1646915274305 HTTP/1.1" 200 3171
190.171.143.98 - - [10/Mar/2022:09:40:49 -0300] "GET /cormun/servlet/prfichaempleado?,MD,,gxPopupLevel%3D0%3B HTTP/1.1" 200 9297
190.171.143.98 - - [10/Mar/2022:09:41:08 -0300] "POST /cormun/servlet/prfichaempleado?fef0c8fe53fc3d2191e9d382e07c7521,,MD,,gxPopupLevel%3D0%3B,gx-no-cache=1646915325595 HTTP/1.1" 200 3171
190.171.143.98 - - [10/Mar/2022:09:41:13 -0300] "POST /cormun/servlet/prfichaempleado?fef0c8fe53fc3d2191e9d382e07c7521,,MD,,gxPopupLevel%3D0%3B,gx-no-cache=1646915329930 HTTP/1.1" 200 3171
190.171.143.98 - - [10/Mar/2022:09:41:13 -0300] "POST /cormun/servlet/prfichaempleado?fef0c8fe53fc3d2191e9d382e07c7521,,MD,,gxPopupLevel%3D0%3B,gx-no-cache=1646915330129 HTTP/1.1" 200 3171
190.171.143.98 - - [10/Mar/2022:09:41:13 -0300] "POST /cormun/servlet/prfichaempleado?fef0c8fe53fc3d2191e9d382e07c7521,,MD,,gxPopupLevel%3D0%3B,gx-no-cache=1646915330419 HTTP/1.1" 200 3171
190.171.143.98 - - [10/Mar/2022:09:41:18 -0300] "POST /cormun/servlet/prfichaempleado?fef0c8fe53fc3d2191e9d382e07c7521,,MD,,gxPopupLevel%3D0%3B,gx-no-cache=1646915335545 HTTP/1.1" 200 3171
190.171.143.98 - - [10/Mar/2022:09:41:18 -0300] "POST /cormun/servlet/prfichaempleado?fef0c8fe53fc3d2191e9d382e07c7521,,MD,,gxPopupLevel%3D0%3B,gx-no-cache=1646915335785 HTTP/1.1" 200 3171
190.171.143.98 - - [10/Mar/2022:09:41:19 -0300] "POST /cormun/servlet/prfichaempleado?fef0c8fe53fc3d2191e9d382e07c7521,,MD,,gxPopupLevel%3D0%3B,gx-no-cache=1646915336793 HTTP/1.1" 200 3171
190.171.143.98 - - [10/Mar/2022:09:41:20 -0300] "POST /cormun/servlet/prfichaempleado?fef0c8fe53fc3d2191e9d382e07c7521,,MD,,gxPopupLevel%3D0%3B,gx-no-cache=1646915337000 HTTP/1.1" 200 3171
190.171.143.98 - - [10/Mar/2022:09:41:20 -0300] "POST /cormun/servlet/prfichaempleado?fef0c8fe53fc3d2191e9d382e07c7521,,MD,,gxPopupLevel%3D0%3B,gx-no-cache=1646915337297 HTTP/1.1" 200 3171
190.171.143.98 - - [10/Mar/2022:09:41:25 -0300] "POST /cormun/servlet/solicitudot?gx-no-cache=1646915342408 HTTP/1.1" 200 3858
190.171.143.98 - - [10/Mar/2022:09:41:25 -0300] "POST /cormun/servlet/solicitudot?fef0c8fe53fc3d2191e9d382e07c7521,INS,0,0,false,,gx-no-cache=1646915342592 HTTP/1.1" 200 12725
200.54.107.2 - - [10/Mar/2022:09:42:09 -0300] "GET /cormun/servlet/solicitudot?aee2a4acec3b535e77101c0e5978ec557bdeb2b6fcc97aad664c589c872378448e38a525ba2c2efae8156d09aa3b53747a263b3a8624aa8809a79bcfd2c5c688dd28a4ec2ec07fc2477029c61e8744feabf00d27b2ddd8602ef510b7be87dc0f4f55306d184b85c67207431a257e149a,gx-no-cache=1646915386290 HTTP/1.1" 200 110
190.171.143.98 - - [10/Mar/2022:09:42:27 -0300] "GET /cormun/servlet/trsolicitudot? HTTP/1.1" 200 7492
190.171.143.98 - - [10/Mar/2022:09:42:28 -0300] "GET /cormun/servlet/trsolicitudot? HTTP/1.1" 200 7492
190.171.143.98 - - [10/Mar/2022:09:42:32 -0300] "GET /cormun/servlet/solicitudot?INS,0,0,false, HTTP/1.1" 200 15992
190.171.143.98 - - [10/Mar/2022:09:42:32 -0300] "GET /cormun/servlet/solicitudot?INS,0,0,false, HTTP/1.1" 200 15999
190.171.143.98 - - [10/Mar/2022:09:42:45 -0300] "POST /cormun/servlet/solicitudot?gx-no-cache=1646915421723 HTTP/1.1" 200 3858
190.171.143.98 - - [10/Mar/2022:09:42:45 -0300] "POST /cormun/servlet/solicitudot?fef0c8fe53fc3d2191e9d382e07c7521,INS,0,0,false,,gx-no-cache=1646915422008 HTTP/1.1" 200 12672
190.171.149.74 - - [10/Mar/2022:09:42:47 -0300] "GET /cormun/servlet/solicitudot?INS,0,0,false, HTTP/1.1" 200 15705
190.171.149.74 - - [10/Mar/2022:09:42:47 -0300] "GET /cormun/servlet/solicitudot?INS,0,0,false, HTTP/1.1" 200 15713
190.171.143.98 - - [10/Mar/2022:09:42:52 -0300] "GET /cormun/servlet/prfichaempleado?,MD,,gxPopupLevel%3D0%3B HTTP/1.1" 200 9297
190.171.143.98 - - [10/Mar/2022:09:42:58 -0300] "POST /cormun/servlet/prfichaempleado?fef0c8fe53fc3d2191e9d382e07c7521,,MD,,gxPopupLevel%3D0%3B,gx-no-cache=1646915434890 HTTP/1.1" 200 3171
190.171.143.98 - - [10/Mar/2022:09:43:00 -0300] "POST /cormun/servlet/prfichaempleado?fef0c8fe53fc3d2191e9d382e07c7521,,MD,,gxPopupLevel%3D0%3B,gx-no-cache=1646915437049 HTTP/1.1" 200 3171
190.171.143.98 - - [10/Mar/2022:09:43:00 -0300] "POST /cormun/servlet/prfichaempleado?fef0c8fe53fc3d2191e9d382e07c7521,,MD,,gxPopupLevel%3D0%3B,gx-no-cache=1646915437256 HTTP/1.1" 200 3171
190.171.143.98 - - [10/Mar/2022:09:43:00 -0300] "POST /cormun/servlet/prfichaempleado?fef0c8fe53fc3d2191e9d382e07c7521,,MD,,gxPopupLevel%3D0%3B,gx-no-cache=1646915437426 HTTP/1.1" 200 3171
190.171.143.98 - - [10/Mar/2022:09:43:00 -0300] "POST /cormun/servlet/prfichaempleado?fef0c8fe53fc3d2191e9d382e07c7521,,MD,,gxPopupLevel%3D0%3B,gx-no-cache=1646915437570 HTTP/1.1" 200 3171
190.171.143.98 - - [10/Mar/2022:09:43:00 -0300] "POST /cormun/servlet/prfichaempleado?fef0c8fe53fc3d2191e9d382e07c7521,,MD,,gxPopupLevel%3D0%3B,gx-no-cache=1646915437856 HTTP/1.1" 200 3171
190.171.143.98 - - [10/Mar/2022:09:43:01 -0300] "POST /cormun/servlet/prfichaempleado?fef0c8fe53fc3d2191e9d382e07c7521,,MD,,gxPopupLevel%3D0%3B,gx-no-cache=1646915438130 HTTP/1.1" 200 3171
190.171.143.98 - - [10/Mar/2022:09:43:01 -0300] "POST /cormun/servlet/prfichaempleado?fef0c8fe53fc3d2191e9d382e07c7521,,MD,,gxPopupLevel%3D0%3B,gx-no-cache=1646915438282 HTTP/1.1" 200 3171
207.46.13.157 - - [10/Mar/2022:09:43:03 -0300] "GET /cormun/servlet/solicitudot?INS,0,0,_escaped_fragment_%3D HTTP/1.1" 200 14649
190.171.149.74 - - [10/Mar/2022:09:43:06 -0300] "POST /cormun/servlet/solicitudot?gx-no-cache=1646919157184 HTTP/1.1" 200 3850
190.171.149.74 - - [10/Mar/2022:09:43:06 -0300] "POST /cormun/servlet/solicitudot?b7d4ec9da46d861a70c3cb74e111b3d5,INS,0,0,false,,gx-no-cache=1646919157375 HTTP/1.1" 200 12389
190.171.143.98 - - [10/Mar/2022:09:43:06 -0300] "GET /cormun/servlet/solicitudot?16cff53f41cb4dd123e7b43cdb4cf3bf761df8c2f99e550c28d7cbb0fa0b5fea53124ad05a5c00b8440d09acdd88dc94,gx-no-cache=1646915443603 HTTP/1.1" 200 30
190.171.149.74 - - [10/Mar/2022:09:43:08 -0300] "GET /cormun/servlet/solicitudot?e36581482f204b38d7074c077880d042406b021e27118ca9dac5190d8ae84b9dcdaab511e69ed4716c0535bd8b8d9e64,gx-no-cache=1646919159325 HTTP/1.1" 200 30
207.46.13.157 - - [10/Mar/2022:09:43:20 -0300] "GET /cormun/static/hpexe_messagegenexuscomponent.js?2020121447173 HTTP/1.1" 200 587
190.171.143.98 - - [10/Mar/2022:09:43:20 -0300] "GET /cormun/servlet/prfichaempleado?,MD,,gxPopupLevel%3D0%3B HTTP/1.1" 200 9297
207.46.13.32 - - [10/Mar/2022:09:43:26 -0300] "GET /cormun/static/solicitudot.js?20203414242792 HTTP/1.1" 200 74114
190.171.143.98 - - [10/Mar/2022:09:43:37 -0300] "GET /cormun/servlet/prfichaempleado?,MD,,gxPopupLevel%3D0%3B HTTP/1.1" 200 9297
200.54.107.2 - - [10/Mar/2022:09:44:05 -0300] "POST /cormun/servlet/solicitudot?gx-no-cache=1646915502765 HTTP/1.1" 200 79
200.54.107.2 - - [10/Mar/2022:09:44:12 -0300] "GET /cormun/servlet/solicitudot?aee2a4acec3b535e77101c0e5978ec55b983dec0c37f2ba44a331586d1c2532a18b36e35f59a3039e37bd86e03672d5686efa5b9eef35c2011352948b30711d8ae1b5d192da74d538bc41befa3d2723f855cd57ac9636b78753e8467d20e11fb71179fc18eec15ac4b0edd9e394c53d3,gx-no-cache=1646915509545 HTTP/1.1" 200 29
200.54.107.2 - - [10/Mar/2022:09:44:12 -0300] "GET /cormun/static/menuarrow.gif HTTP/1.1" 404 1015
190.171.143.98 - - [10/Mar/2022:09:44:18 -0300] "GET /cormun/servlet/prfichaempleado?,MD,,gxPopupLevel%3D0%3B HTTP/1.1" 200 9297
190.171.143.98 - - [10/Mar/2022:09:44:26 -0300] "POST /cormun/servlet/prfichaempleado?fef0c8fe53fc3d2191e9d382e07c7521,,MD,,gxPopupLevel%3D0%3B,gx-no-cache=1646915523250 HTTP/1.1" 200 3171
190.171.152.242 - - [10/Mar/2022:09:44:42 -0300] "GET /cormun/servlet/hlogin HTTP/1.1" 200 1724
190.171.152.242 - - [10/Mar/2022:09:44:52 -0300] "POST /cormun/servlet/hlogin?34d15dc8c9a892612d34d51e63b225e0,gx-no-cache=1646915548140 HTTP/1.1" 200 90
190.171.152.242 - - [10/Mar/2022:09:44:52 -0300] "GET /cormun/servlet/hpexe_link HTTP/1.1" 200 951
190.171.152.242 - - [10/Mar/2022:09:44:52 -0300] "GET /cormun/servlet/hhome HTTP/1.1" 200 3995
190.171.152.242 - - [10/Mar/2022:09:44:53 -0300] "GET /cormun/servlet/hhome HTTP/1.1" 200 3992
190.171.152.242 - - [10/Mar/2022:09:44:59 -0300] "GET /cormun/servlet/trsolicitudot? HTTP/1.1" 200 7219
190.171.152.242 - - [10/Mar/2022:09:45:00 -0300] "GET /cormun/servlet/trsolicitudot? HTTP/1.1" 200 7219
190.171.143.98 - - [10/Mar/2022:09:45:05 -0300] "POST /cormun/servlet/solicitudot?fef0c8fe53fc3d2191e9d382e07c7521,INS,0,0,false,,gx-no-cache=1646915561857 HTTP/1.1" 200 90
190.171.143.98 - - [10/Mar/2022:09:45:05 -0300] "GET /cormun/servlet/hpexe_link HTTP/1.1" 200 965
190.171.143.98 - - [10/Mar/2022:09:45:05 -0300] "GET /cormun/servlet/trsolicitudot HTTP/1.1" 200 7493
190.171.143.98 - - [10/Mar/2022:09:45:05 -0300] "GET /cormun/servlet/trsolicitudot HTTP/1.1" 200 7492
190.171.152.242 - - [10/Mar/2022:09:45:21 -0300] "GET /cormun/servlet/solicitudot?INS,0,0,false, HTTP/1.1" 200 15713
190.171.152.242 - - [10/Mar/2022:09:45:22 -0300] "GET /cormun/servlet/solicitudot?INS,0,0,false, HTTP/1.1" 200 15721
190.171.143.98 - - [10/Mar/2022:09:45:22 -0300] "GET /cormun/servlet/solicitudot?INS,0,0,false, HTTP/1.1" 200 15991
190.171.143.98 - - [10/Mar/2022:09:45:23 -0300] "GET /cormun/servlet/solicitudot?INS,0,0,false, HTTP/1.1" 200 15998
190.171.152.242 - - [10/Mar/2022:09:45:37 -0300] "POST /cormun/servlet/solicitudot?gx-no-cache=1646915592864 HTTP/1.1" 200 3955
190.171.152.242 - - [10/Mar/2022:09:45:37 -0300] "POST /cormun/servlet/solicitudot?34d15dc8c9a892612d34d51e63b225e0,INS,0,0,false,,gx-no-cache=1646915593186 HTTP/1.1" 200 12514
190.171.152.242 - - [10/Mar/2022:09:45:40 -0300] "GET /cormun/servlet/solicitudot?97f58e084f65d05623bf4f5deaa3d154348a06e2f09450d30d9cdeb80a2dd8101753b0373a2d337579275d2eb1378740,gx-no-cache=1646915596967 HTTP/1.1" 200 30
190.171.152.242 - - [10/Mar/2022:09:45:40 -0300] "GET /cormun/servlet/solicitudot?97f58e084f65d05623bf4f5deaa3d154b6c899ba53a0f08797aca82e03468353845f51397fb2bb3beeba3d380be9b010b57ae0075ea542c4b5bbd47c22183d48,gx-no-cache=1646915597023 HTTP/1.1" 200 30
190.171.152.242 - - [10/Mar/2022:09:45:40 -0300] "GET /cormun/servlet/solicitudot?97f58e084f65d05623bf4f5deaa3d154bceb5d7f4621eab0bb25f0c9f181d1dd,gx-no-cache=1646915597044 HTTP/1.1" 200 51
190.171.152.242 - - [10/Mar/2022:09:45:41 -0300] "POST /cormun/servlet/solicitudot?gx-no-cache=1646915597076 HTTP/1.1" 200 255
190.171.152.242 - - [10/Mar/2022:09:45:41 -0300] "GET /cormun/servlet/solicitudot?97f58e084f65d05623bf4f5deaa3d154367ea1aea6487f6c3ebe09655df4c4a6e3678906aef07dfb5d3dfe1949ed1811a97159132d873f229787707aabb8ae1fce1253d3cf2fa5d38765bf13e0bb670edcf77bd7088f3a5c84f3885510fa67778bb749167f0466924aa7f51b5b91b3273833208840fbf214981cc9b47bac9f7b8c36c635a346631d8203854deaf07feb0dd54e5c34d3daf0009576fbbcb3892f5ebed201b654f4a7603c0bd8760fc9c9351845241f1f37b4462635ec0d18573c38e2b0310b5c30cb925fa541c92fdb697d95ccac679624fa567041b277e6eba01ab46b35067995a04be643f5bf8e905589698ec00d3ea6e4470e971774b1099d05f1616c38ed04cbc2cb64c1b10a71df1af8214e2c20616c35fc611e56dd852812295ab18b4d22dd58d49ca912ed46771f899bfb8907118fbcfd82996141d89adf736d4cee6592c0590bd3791e7f5c4cb670a78c692b37117bd5343939dfdda99e7ad1460f8bc4aeece168613b59dadc5cae963f465901ee93d581d2c7e7bc2e,gx-no-cache=1646915597127 HTTP/1.1" 200 30
190.171.143.98 - - [10/Mar/2022:09:45:41 -0300] "POST /cormun/servlet/solicitudot?gx-no-cache=1646915598384 HTTP/1.1" 200 3858
190.171.143.98 - - [10/Mar/2022:09:45:41 -0300] "POST /cormun/servlet/solicitudot?fef0c8fe53fc3d2191e9d382e07c7521,INS,0,0,false,,gx-no-cache=1646915598592 HTTP/1.1" 200 12669
190.171.152.242 - - [10/Mar/2022:09:45:42 -0300] "POST /cormun/servlet/solicitudot?gx-no-cache=1646915598677 HTTP/1.1" 200 30
190.171.152.242 - - [10/Mar/2022:09:45:44 -0300] "POST /cormun/servlet/solicitudot?gx-no-cache=1646915601038 HTTP/1.1" 200 1454
190.171.152.242 - - [10/Mar/2022:09:45:45 -0300] "POST /cormun/servlet/solicitudot?gx-no-cache=1646915601072 HTTP/1.1" 200 38
190.171.152.242 - - [10/Mar/2022:09:45:45 -0300] "GET /cormun/servlet/solicitudot?97f58e084f65d05623bf4f5deaa3d1546f25beefc86f86222ba03743344f911b623c8cbd25ae7328c71279016263d7a25c170df135f70f708174e3c5bf0d19d81a9a4acc1d3cb597b38b0b687e3f8e7480ae28d5cbe0d94276325e36ea247585b37d99d1ed700bad841dd62f2269e96d,gx-no-cache=1646915601102 HTTP/1.1" 200 110
190.171.143.98 - - [10/Mar/2022:09:45:48 -0300] "GET /cormun/servlet/prfichaempleado?,MD,,gxPopupLevel%3D0%3B HTTP/1.1" 200 9297
190.171.153.50 - - [10/Mar/2022:09:45:56 -0300] "GET /cormun/servlet/hlogin HTTP/1.1" 200 1754
190.171.143.98 - - [10/Mar/2022:09:46:05 -0300] "POST /cormun/servlet/prfichaempleado?fef0c8fe53fc3d2191e9d382e07c7521,,MD,,gxPopupLevel%3D0%3B,gx-no-cache=1646915622379 HTTP/1.1" 200 3171
190.171.143.98 - - [10/Mar/2022:09:46:07 -0300] "POST /cormun/servlet/prfichaempleado?fef0c8fe53fc3d2191e9d382e07c7521,,MD,,gxPopupLevel%3D0%3B,gx-no-cache=1646915624376 HTTP/1.1" 200 3173
190.171.143.98 - - [10/Mar/2022:09:46:08 -0300] "POST /cormun/servlet/prfichaempleado?fef0c8fe53fc3d2191e9d382e07c7521,,MD,,gxPopupLevel%3D0%3B,gx-no-cache=1646915625328 HTTP/1.1" 200 3173
190.171.143.98 - - [10/Mar/2022:09:46:09 -0300] "POST /cormun/servlet/prfichaempleado?fef0c8fe53fc3d2191e9d382e07c7521,,MD,,gxPopupLevel%3D0%3B,gx-no-cache=1646915626640 HTTP/1.1" 200 3173
190.171.143.98 - - [10/Mar/2022:09:46:10 -0300] "POST /cormun/servlet/prfichaempleado?fef0c8fe53fc3d2191e9d382e07c7521,,MD,,gxPopupLevel%3D0%3B,gx-no-cache=1646915627439 HTTP/1.1" 200 3173
190.171.143.98 - - [10/Mar/2022:09:46:14 -0300] "POST /cormun/servlet/prfichaempleado?fef0c8fe53fc3d2191e9d382e07c7521,,MD,,gxPopupLevel%3D0%3B,gx-no-cache=1646915631103 HTTP/1.1" 200 3171
190.171.143.98 - - [10/Mar/2022:09:46:15 -0300] "POST /cormun/servlet/prfichaempleado?fef0c8fe53fc3d2191e9d382e07c7521,,MD,,gxPopupLevel%3D0%3B,gx-no-cache=1646915632807 HTTP/1.1" 200 3171
190.171.143.98 - - [10/Mar/2022:09:46:16 -0300] "POST /cormun/servlet/prfichaempleado?fef0c8fe53fc3d2191e9d382e07c7521,,MD,,gxPopupLevel%3D0%3B,gx-no-cache=1646915633010 HTTP/1.1" 200 3171
190.171.143.98 - - [10/Mar/2022:09:46:22 -0300] "POST /cormun/servlet/prfichaempleado?fef0c8fe53fc3d2191e9d382e07c7521,,MD,,gxPopupLevel%3D0%3B,gx-no-cache=1646915638984 HTTP/1.1" 200 3173
190.171.143.98 - - [10/Mar/2022:09:46:27 -0300] "POST /cormun/servlet/prfichaempleado?fef0c8fe53fc3d2191e9d382e07c7521,,MD,,gxPopupLevel%3D0%3B,gx-no-cache=1646915644376 HTTP/1.1" 200 3173
190.171.143.98 - - [10/Mar/2022:09:46:27 -0300] "POST /cormun/servlet/prfichaempleado?fef0c8fe53fc3d2191e9d382e07c7521,,MD,,gxPopupLevel%3D0%3B,gx-no-cache=1646915644591 HTTP/1.1" 200 3173
190.171.143.98 - - [10/Mar/2022:09:46:28 -0300] "POST /cormun/servlet/prfichaempleado?fef0c8fe53fc3d2191e9d382e07c7521,,MD,,gxPopupLevel%3D0%3B,gx-no-cache=1646915645104 HTTP/1.1" 200 3173
190.171.152.242 - - [10/Mar/2022:09:46:28 -0300] "POST /cormun/servlet/solicitudot?gx-no-cache=1646915644891 HTTP/1.1" 200 97
190.171.143.98 - - [10/Mar/2022:09:46:29 -0300] "POST /cormun/servlet/prfichaempleado?fef0c8fe53fc3d2191e9d382e07c7521,,MD,,gxPopupLevel%3D0%3B,gx-no-cache=1646915646543 HTTP/1.1" 200 3173
190.171.152.242 - - [10/Mar/2022:09:46:32 -0300] "GET /cormun/servlet/solicitudot?97f58e084f65d05623bf4f5deaa3d154bbd3eeaf1aed4109dae68489640233bbfa86a0f0fa6f55cd76ef59813afea1cb1909b92610b8bcda74823e21789d9ba144c8f06955852ec42aed9b78f8e214e5e16794a52b9984621a36bff1ccf9eb01f9454ffd4776acf05a81f91b9c9d0a5e5c227da0432da50544a748999f81f4001b5bd6c87fb79eab80e44ce5a4233f071dacd46960fb8fe7d26aa577d040a030,gx-no-cache=1646915648421 HTTP/1.1" 200 29
190.171.152.242 - - [10/Mar/2022:09:46:32 -0300] "GET /cormun/static/menuarrow.gif HTTP/1.1" 404 1015
190.171.143.98 - - [10/Mar/2022:09:46:34 -0300] "POST /cormun/servlet/prfichaempleado?fef0c8fe53fc3d2191e9d382e07c7521,,MD,,gxPopupLevel%3D0%3B,gx-no-cache=1646915651655 HTTP/1.1" 200 3171
190.171.152.242 - - [10/Mar/2022:09:46:40 -0300] "GET /cormun/servlet/solicitudot?97f58e084f65d05623bf4f5deaa3d154dad9aa84148fc71e5fd1c0cfd900903fcef45eb954a903d9f2ddc23c8315cd72,gx-no-cache=1646915656218 HTTP/1.1" 200 30
190.171.143.98 - - [10/Mar/2022:09:47:11 -0300] "POST /cormun/servlet/solicitudot?gx-no-cache=1646915688154 HTTP/1.1" 200 3852
190.171.143.98 - - [10/Mar/2022:09:47:11 -0300] "POST /cormun/servlet/solicitudot?fef0c8fe53fc3d2191e9d382e07c7521,INS,0,0,false,,gx-no-cache=1646915688335 HTTP/1.1" 200 12720
190.171.152.242 - - [10/Mar/2022:09:47:18 -0300] "POST /cormun/servlet/solicitudot?gx-no-cache=1646915694328 HTTP/1.1" 200 30
190.171.152.242 - - [10/Mar/2022:09:47:24 -0300] "POST /cormun/servlet/solicitudot?34d15dc8c9a892612d34d51e63b225e0,INS,0,0,false,,gx-no-cache=1646915699640 HTTP/1.1" 200 93
190.171.152.242 - - [10/Mar/2022:09:47:24 -0300] "GET /cormun/servlet/hpexe_return? HTTP/1.1" 200 1009
190.171.152.242 - - [10/Mar/2022:09:47:24 -0300] "GET /cormun/servlet/trsolicitudot HTTP/1.1" 200 8625
190.171.152.242 - - [10/Mar/2022:09:47:25 -0300] "GET /cormun/servlet/trsolicitudot HTTP/1.1" 200 8623
190.171.152.242 - - [10/Mar/2022:09:47:27 -0300] "POST /cormun/servlet/trsolicitudot?34d15dc8c9a892612d34d51e63b225e0,gx-no-cache=1646915703241 HTTP/1.1" 200 4566
190.171.152.242 - - [10/Mar/2022:09:47:27 -0300] "GET /cormun/static/Shared/jqueryui/images/ui-icons_82798d_256x240.png HTTP/1.1" 404 1089
190.171.152.242 - - [10/Mar/2022:09:47:27 -0300] "GET /cormun/static/Shared/jqueryui/images/ui-bg_highlight-soft_100_c6c2c8_1x100.png HTTP/1.1" 404 1117
190.171.152.242 - - [10/Mar/2022:09:47:27 -0300] "GET /cormun/static/Shared/jqueryui/images/ui-icons_8d78a5_256x240.png HTTP/1.1" 404 1089
190.171.152.242 - - [10/Mar/2022:09:47:27 -0300] "GET /cormun/static/Shared/jqueryui/images/ui-bg_flat_55_fafafa_40x100.png HTTP/1.1" 404 1097
190.171.152.242 - - [10/Mar/2022:09:47:27 -0300] "POST /cormun/servlet/trsolicitudot?34d15dc8c9a892612d34d51e63b225e0,gx-no-cache=1646915703544 HTTP/1.1" 200 4337
190.171.143.98 - - [10/Mar/2022:09:47:27 -0300] "GET /cormun/servlet/solicitudot?16cff53f41cb4dd123e7b43cdb4cf3bf4e3b70e30d626c3b288a42c0551b0dfe6b4669aa3f0c7a21e1ad351275ef7321,gx-no-cache=1646915704761 HTTP/1.1" 200 111
190.171.143.98 - - [10/Mar/2022:09:47:27 -0300] "GET /cormun/static/Shared/jqueryui/images/ui-bg_highlight-soft_100_c6c2c8_1x100.png HTTP/1.1" 404 1117
190.171.143.98 - - [10/Mar/2022:09:47:27 -0300] "GET /cormun/static/Shared/jqueryui/images/ui-icons_82798d_256x240.png HTTP/1.1" 404 1089
190.171.143.98 - - [10/Mar/2022:09:47:27 -0300] "GET /cormun/static/Shared/jqueryui/images/ui-icons_ebccce_256x240.png HTTP/1.1" 404 1089
190.171.143.98 - - [10/Mar/2022:09:47:28 -0300] "GET /cormun/static/Shared/jqueryui/images/ui-bg_flat_55_994d53_40x100.png HTTP/1.1" 404 1097
190.171.149.74 - - [10/Mar/2022:09:47:40 -0300] "GET /cormun/servlet/prbanco?,MD,,gxPopupLevel%3D0%3B HTTP/1.1" 200 6543
190.171.152.242 - - [10/Mar/2022:09:47:41 -0300] "GET /cormun/servlet/hlogin HTTP/1.1" 200 1740
190.171.152.242 - - [10/Mar/2022:09:47:46 -0300] "POST /cormun/servlet/hlogin?34d15dc8c9a892612d34d51e63b225e0,gx-no-cache=1646915722027 HTTP/1.1" 200 90
190.171.152.242 - - [10/Mar/2022:09:47:46 -0300] "GET /cormun/servlet/hpexe_link HTTP/1.1" 200 951
190.171.152.242 - - [10/Mar/2022:09:47:46 -0300] "GET /cormun/servlet/hhome HTTP/1.1" 200 4090
190.171.152.242 - - [10/Mar/2022:09:47:46 -0300] "GET /cormun/servlet/hhome HTTP/1.1" 200 4087
190.171.152.242 - - [10/Mar/2022:09:47:49 -0300] "GET /cormun/servlet/trautorizarsolicitud? HTTP/1.1" 200 8584
190.171.152.242 - - [10/Mar/2022:09:47:50 -0300] "GET /cormun/servlet/trautorizarsolicitud? HTTP/1.1" 200 8583
190.171.152.242 - - [10/Mar/2022:09:47:54 -0300] "POST /cormun/servlet/trautorizarsolicitud?34d15dc8c9a892612d34d51e63b225e0,,gx-no-cache=1646915730502 HTTP/1.1" 200 4762
190.171.152.242 - - [10/Mar/2022:09:47:54 -0300] "GET /cormun/static/Shared/jqueryui/images/ui-bg_highlight-soft_100_c6c2c8_1x100.png HTTP/1.1" 404 1117
190.171.152.242 - - [10/Mar/2022:09:47:54 -0300] "GET /cormun/static/Shared/jqueryui/images/ui-icons_82798d_256x240.png HTTP/1.1" 404 1089
190.171.152.242 - - [10/Mar/2022:09:47:54 -0300] "GET /cormun/static/Shared/jqueryui/images/ui-bg_flat_55_fafafa_40x100.png HTTP/1.1" 404 1097
190.171.152.242 - - [10/Mar/2022:09:47:54 -0300] "GET /cormun/static/Shared/jqueryui/images/ui-icons_8d78a5_256x240.png HTTP/1.1" 404 1089
190.171.152.242 - - [10/Mar/2022:09:47:54 -0300] "POST /cormun/servlet/trautorizarsolicitud?34d15dc8c9a892612d34d51e63b225e0,,gx-no-cache=1646915730737 HTTP/1.1" 200 4532
190.171.152.242 - - [10/Mar/2022:09:48:14 -0300] "GET /cormun/servlet/hlogin HTTP/1.1" 200 1746
190.171.143.98 - - [10/Mar/2022:09:48:18 -0300] "GET /cormun/servlet/solicitudot?16cff53f41cb4dd123e7b43cdb4cf3bf4e3b70e30d626c3b288a42c0551b0dfe6b4669aa3f0c7a21e1ad351275ef7321,gx-no-cache=1646915755543 HTTP/1.1" 200 111
190.171.143.98 - - [10/Mar/2022:09:48:37 -0300] "GET /cormun/servlet/prfichaempleado?,MD,,gxPopupLevel%3D0%3B HTTP/1.1" 200 9297
190.171.143.98 - - [10/Mar/2022:09:48:43 -0300] "POST /cormun/servlet/prfichaempleado?fef0c8fe53fc3d2191e9d382e07c7521,,MD,,gxPopupLevel%3D0%3B,gx-no-cache=1646915780312 HTTP/1.1" 200 3171
190.171.149.74 - - [10/Mar/2022:09:48:44 -0300] "GET /cormun/servlet/solicitudot?e36581482f204b38d7074c077880d042f20556493ed5a5bb8889ef7a1dadfd1f6ef92311224145da191419695ed9a3eb9e38a9e87eb2bd8689942983546948fc,gx-no-cache=1646919495332 HTTP/1.1" 200 30
190.171.149.74 - - [10/Mar/2022:09:48:57 -0300] "GET /cormun/servlet/solicitudot?e36581482f204b38d7074c077880d0429f3a3301bfdb9cba13a0dc47f2672f8f,gx-no-cache=1646919508435 HTTP/1.1" 200 59
190.171.143.98 - - [10/Mar/2022:09:48:57 -0300] "POST /cormun/servlet/solicitudot?gx-no-cache=1646915794637 HTTP/1.1" 200 3858
190.171.143.98 - - [10/Mar/2022:09:48:58 -0300] "POST /cormun/servlet/solicitudot?fef0c8fe53fc3d2191e9d382e07c7521,INS,0,0,false,,gx-no-cache=1646915794840 HTTP/1.1" 200 12772
190.171.143.98 - - [10/Mar/2022:09:48:58 -0300] "GET /cormun/servlet/solicitudot?16cff53f41cb4dd123e7b43cdb4cf3bf761df8c2f99e550c28d7cbb0fa0b5fea53124ad05a5c00b8440d09acdd88dc94,gx-no-cache=1646915795077 HTTP/1.1" 200 30
190.171.143.98 - - [10/Mar/2022:09:49:04 -0300] "GET /cormun/servlet/trlicencias? HTTP/1.1" 200 9530
190.171.143.98 - - [10/Mar/2022:09:49:04 -0300] "GET /cormun/servlet/trlicencias? HTTP/1.1" 200 9519
190.171.143.98 - - [10/Mar/2022:09:49:26 -0300] "GET /cormun/servlet/trsolicitudot? HTTP/1.1" 200 7492
190.171.143.98 - - [10/Mar/2022:09:49:26 -0300] "GET /cormun/servlet/trsolicitudot? HTTP/1.1" 200 7492
190.171.142.42 - - [10/Mar/2022:09:49:29 -0300] "GET /cormun/servlet/trfichaempleado? HTTP/1.1" 200 11129
190.171.142.42 - - [10/Mar/2022:09:49:35 -0300] "GET /cormun/servlet/trfichaempleado? HTTP/1.1" 200 11129
190.171.149.74 - - [10/Mar/2022:09:49:48 -0300] "POST /cormun/servlet/solicitudot?gx-no-cache=1646919559304 HTTP/1.1" 200 240
190.171.143.98 - - [10/Mar/2022:09:49:48 -0300] "POST /cormun/servlet/trsolicitudot?fef0c8fe53fc3d2191e9d382e07c7521,,gx-no-cache=1646915845609 HTTP/1.1" 200 4655
190.171.149.74 - - [10/Mar/2022:09:49:50 -0300] "GET /cormun/servlet/solicitudot?e36581482f204b38d7074c077880d042065a5ab079fbb33a01bb2046a49c08f0d67cd42c9b0a761f0c351f73f2c0cf2160d5dcbf1393d569fddce0beca8a0a5b43f183630b00ad4d85195fde2174dc462eb5ab472e3e17c250475edda4ded979a4eda92d1557ae9a06a9807edb16922849c4a78b846f3a4eef5a7a25c3cd48e07ae33f37f4606debe0f0de0497da9366c6857648946c08bb7a6d6caaea7b82b7a58eb420821c63f7e4f75ddbeb4e36926155f639a05fcff99ccce90657346f0bec8cb35541e9ec0b6c5e9255aa04a82b3b3e64d7a8947936d5dfc70bbfc701ff5f3ade15ce987ebaf0d4682cdcc6285862b7de664a3edc7778f485f4e25e6653bb3c7389f2b5c31d265d948408f4890de00d914b0ae9966070887bdc94b4a41af59c9758ee93887fba19d0f3d98e54f965935c56622e17d7c5efdcd7b409498ca091aa9b6524fddf81386756f7453dfe16e314b65ee278808b3d1e30817405b7995e8fc3fc33bce9e34d6990e93f6f393aa46e18018a93b1d417af716f1025b0,gx-no-cache=1646919560990 HTTP/1.1" 200 30
190.171.143.98 - - [10/Mar/2022:09:49:50 -0300] "POST /cormun/servlet/trsolicitudot?fef0c8fe53fc3d2191e9d382e07c7521,,gx-no-cache=1646915847021 HTTP/1.1" 200 4654
190.171.143.98 - - [10/Mar/2022:09:49:52 -0300] "POST /cormun/servlet/trsolicitudot?fef0c8fe53fc3d2191e9d382e07c7521,,gx-no-cache=1646915849581 HTTP/1.1" 200 4654
190.171.143.98 - - [10/Mar/2022:09:49:54 -0300] "POST /cormun/servlet/trsolicitudot?fef0c8fe53fc3d2191e9d382e07c7521,,gx-no-cache=1646915850877 HTTP/1.1" 200 4655
190.171.143.98 - - [10/Mar/2022:09:49:54 -0300] "POST /cormun/servlet/trsolicitudot?fef0c8fe53fc3d2191e9d382e07c7521,,gx-no-cache=1646915851046 HTTP/1.1" 200 4654
190.171.143.98 - - [10/Mar/2022:09:49:55 -0300] "GET /cormun/servlet/solicitudot?INS,0,0,false, HTTP/1.1" 200 15992
190.171.143.98 - - [10/Mar/2022:09:49:56 -0300] "GET /cormun/servlet/solicitudot?INS,0,0,false, HTTP/1.1" 200 15999
190.171.142.42 - - [10/Mar/2022:09:49:59 -0300] "GET /cormun/servlet/trfichaempleado? HTTP/1.1" 200 11129
190.171.149.74 - - [10/Mar/2022:09:49:59 -0300] "POST /cormun/servlet/solicitudot?gx-no-cache=1646919570324 HTTP/1.1" 200 30
190.171.143.98 - - [10/Mar/2022:09:50:05 -0300] "GET /cormun/servlet/prfichaempleado?,MD,,gxPopupLevel%3D0%3B HTTP/1.1" 200 9297
200.54.107.2 - - [10/Mar/2022:09:50:08 -0300] "GET /cormun/servlet/solicitudot?aee2a4acec3b535e77101c0e5978ec559b92119fb423cda290def5745d49b5f520cd92c906c4d50e99ea3caedd81beec,gx-no-cache=1646915865337 HTTP/1.1" 200 30
190.171.143.98 - - [10/Mar/2022:09:50:12 -0300] "POST /cormun/servlet/prfichaempleado?fef0c8fe53fc3d2191e9d382e07c7521,,MD,,gxPopupLevel%3D0%3B,gx-no-cache=1646915869816 HTTP/1.1" 200 3171
190.171.143.98 - - [10/Mar/2022:09:50:14 -0300] "POST /cormun/servlet/prfichaempleado?fef0c8fe53fc3d2191e9d382e07c7521,,MD,,gxPopupLevel%3D0%3B,gx-no-cache=1646915871662 HTTP/1.1" 200 3171
190.171.143.98 - - [10/Mar/2022:09:50:15 -0300] "POST /cormun/servlet/prfichaempleado?fef0c8fe53fc3d2191e9d382e07c7521,,MD,,gxPopupLevel%3D0%3B,gx-no-cache=1646915871855 HTTP/1.1" 200 3171
190.171.149.74 - - [10/Mar/2022:09:50:15 -0300] "POST /cormun/servlet/solicitudot?gx-no-cache=1646919586113 HTTP/1.1" 200 1456
190.171.143.98 - - [10/Mar/2022:09:50:15 -0300] "POST /cormun/servlet/prfichaempleado?fef0c8fe53fc3d2191e9d382e07c7521,,MD,,gxPopupLevel%3D0%3B,gx-no-cache=1646915872176 HTTP/1.1" 200 3171
190.171.143.98 - - [10/Mar/2022:09:50:15 -0300] "POST /cormun/servlet/prfichaempleado?fef0c8fe53fc3d2191e9d382e07c7521,,MD,,gxPopupLevel%3D0%3B,gx-no-cache=1646915872549 HTTP/1.1" 200 3171
190.171.143.98 - - [10/Mar/2022:09:50:16 -0300] "POST /cormun/servlet/prfichaempleado?fef0c8fe53fc3d2191e9d382e07c7521,,MD,,gxPopupLevel%3D0%3B,gx-no-cache=1646915872837 HTTP/1.1" 200 3171
190.171.143.98 - - [10/Mar/2022:09:50:16 -0300] "POST /cormun/servlet/prfichaempleado?fef0c8fe53fc3d2191e9d382e07c7521,,MD,,gxPopupLevel%3D0%3B,gx-no-cache=1646915873046 HTTP/1.1" 200 3171
190.171.149.74 - - [10/Mar/2022:09:50:18 -0300] "GET /cormun/servlet/prlicenciaspermisos?7650750,L,,MD,,gxPopupLevel%3D0%3B HTTP/1.1" 200 7630
190.171.143.98 - - [10/Mar/2022:09:50:22 -0300] "POST /cormun/servlet/solicitudot?gx-no-cache=1646915879523 HTTP/1.1" 200 3858
190.171.143.98 - - [10/Mar/2022:09:50:22 -0300] "POST /cormun/servlet/solicitudot?fef0c8fe53fc3d2191e9d382e07c7521,INS,0,0,false,,gx-no-cache=1646915879654 HTTP/1.1" 200 12671
190.171.149.74 - - [10/Mar/2022:09:50:23 -0300] "POST /cormun/servlet/solicitudot?gx-no-cache=1646919594274 HTTP/1.1" 200 41
190.171.143.98 - - [10/Mar/2022:09:50:25 -0300] "GET /cormun/servlet/solicitudot?16cff53f41cb4dd123e7b43cdb4cf3bf761df8c2f99e550c28d7cbb0fa0b5fea53124ad05a5c00b8440d09acdd88dc94,gx-no-cache=1646915882606 HTTP/1.1" 200 30
200.54.107.2 - - [10/Mar/2022:09:50:29 -0300] "POST /cormun/servlet/solicitudot?gx-no-cache=1646915886045 HTTP/1.1" 200 30
190.171.149.74 - - [10/Mar/2022:09:50:40 -0300] "GET /cormun/servlet/solicitudot?e36581482f204b38d7074c077880d0422f4543fba448004ac36b793e35feff2e420b6933e7114f6596d281998d15b63efefe20cac20da2b588cf1320771a58bb07e8ed1de082393fd3c53adf06cf0f4c8fe2175b523965a924751cd04c563ae7669ff6eac59df79ef83ca750d995e298,gx-no-cache=1646919611374 HTTP/1.1" 200 110
190.171.149.74 - - [10/Mar/2022:09:50:40 -0300] "POST /cormun/servlet/solicitudot?gx-no-cache=1646919611410 HTTP/1.1" 200 97
200.54.107.2 - - [10/Mar/2022:09:50:52 -0300] "POST /cormun/servlet/solicitudot?b2ea46c9081cbf731ba50018142209e9,INS,0,0,false,,gx-no-cache=1646915909291 HTTP/1.1" 200 93
200.54.107.2 - - [10/Mar/2022:09:50:53 -0300] "GET /cormun/servlet/hpexe_return? HTTP/1.1" 200 1013
200.54.107.2 - - [10/Mar/2022:09:50:53 -0300] "GET /cormun/servlet/trsolicitudot HTTP/1.1" 200 8982
200.54.107.2 - - [10/Mar/2022:09:50:54 -0300] "GET /cormun/servlet/trsolicitudot HTTP/1.1" 200 8976
190.171.143.98 - - [10/Mar/2022:09:50:54 -0300] "GET /cormun/servlet/prfichaempleado?,MD,,gxPopupLevel%3D0%3B HTTP/1.1" 200 9297
190.171.149.74 - - [10/Mar/2022:09:51:00 -0300] "POST /cormun/servlet/solicitudot?gx-no-cache=1646919631910 HTTP/1.1" 200 72
190.171.143.98 - - [10/Mar/2022:09:51:12 -0300] "GET /cormun/servlet/prfichaempleado?,MD,,gxPopupLevel%3D0%3B HTTP/1.1" 200 9297
190.171.143.98 - - [10/Mar/2022:09:51:18 -0300] "POST /cormun/servlet/prfichaempleado?fef0c8fe53fc3d2191e9d382e07c7521,,MD,,gxPopupLevel%3D0%3B,gx-no-cache=1646915935408 HTTP/1.1" 200 3171
190.171.149.74 - - [10/Mar/2022:09:52:00 -0300] "GET /cormun/servlet/solicitudot?e36581482f204b38d7074c077880d04278c78d0e45508aa89140bccdba96040e68a0ac7ce298aa31f8b7196055d4e455d8604092eec0bed12b76e7008464287b4b8da422c2baa95963eaa23953da14ea019dbdbc7bfb1d317f7d69fb38c685acffe271b8c6b8cb4857cbf9fd6dc1434a,gx-no-cache=1646919691155 HTTP/1.1" 200 29
190.171.149.74 - - [10/Mar/2022:09:52:00 -0300] "GET /cormun/static/menuarrow.gif HTTP/1.1" 404 1015
190.171.143.98 - - [10/Mar/2022:09:52:03 -0300] "POST /cormun/servlet/solicitudot?gx-no-cache=1646915979796 HTTP/1.1" 200 3873
190.171.143.98 - - [10/Mar/2022:09:52:03 -0300] "POST /cormun/servlet/solicitudot?fef0c8fe53fc3d2191e9d382e07c7521,INS,0,0,false,,gx-no-cache=1646915979986 HTTP/1.1" 200 12744
190.171.149.74 - - [10/Mar/2022:09:52:05 -0300] "GET /cormun/servlet/solicitudot?e36581482f204b38d7074c077880d04214af6dd815642aa9fc0eb13778a3ca04f43c7cfba8dd7b51e7fa62755ab1f55a,gx-no-cache=1646919696014 HTTP/1.1" 200 30
190.171.149.74 - - [10/Mar/2022:09:52:05 -0300] "POST /cormun/servlet/solicitudot?gx-no-cache=1646919696054 HTTP/1.1" 200 34
190.171.149.74 - - [10/Mar/2022:09:52:07 -0300] "POST /cormun/servlet/solicitudot?b7d4ec9da46d861a70c3cb74e111b3d5,INS,0,0,false,,gx-no-cache=1646919698379 HTTP/1.1" 200 93
190.171.149.74 - - [10/Mar/2022:09:52:07 -0300] "GET /cormun/servlet/hpexe_return? HTTP/1.1" 200 1011
190.171.143.98 - - [10/Mar/2022:09:52:07 -0300] "GET /cormun/servlet/solicitudot?16cff53f41cb4dd123e7b43cdb4cf3bf8fcf972c1bf263f60a1f668f84d0eb3c54ebb8f88dde64894ee46df4920d56a4,gx-no-cache=1646915984726 HTTP/1.1" 200 111
190.171.143.98 - - [10/Mar/2022:09:52:07 -0300] "GET /cormun/static/Shared/jqueryui/images/ui-bg_highlight-soft_100_c6c2c8_1x100.png HTTP/1.1" 404 1117
190.171.143.98 - - [10/Mar/2022:09:52:07 -0300] "GET /cormun/static/Shared/jqueryui/images/ui-bg_flat_55_994d53_40x100.png HTTP/1.1" 404 1097
190.171.143.98 - - [10/Mar/2022:09:52:07 -0300] "GET /cormun/static/Shared/jqueryui/images/ui-icons_82798d_256x240.png HTTP/1.1" 404 1089
190.171.143.98 - - [10/Mar/2022:09:52:07 -0300] "GET /cormun/static/Shared/jqueryui/images/ui-icons_ebccce_256x240.png HTTP/1.1" 404 1089
190.171.149.74 - - [10/Mar/2022:09:52:07 -0300] "GET /cormun/servlet/trsolicitudot HTTP/1.1" 200 9452
190.171.149.74 - - [10/Mar/2022:09:52:08 -0300] "GET /cormun/servlet/trsolicitudot HTTP/1.1" 200 9448
190.171.149.74 - - [10/Mar/2022:09:52:13 -0300] "POST /cormun/servlet/trsolicitudot?b7d4ec9da46d861a70c3cb74e111b3d5,gx-no-cache=1646919704199 HTTP/1.1" 200 107
190.171.149.74 - - [10/Mar/2022:09:52:13 -0300] "GET /cormun/servlet/trsolicitudadjuntos?2022,18083, HTTP/1.1" 200 6089
190.171.149.74 - - [10/Mar/2022:09:52:13 -0300] "GET /cormun/servlet/trsolicitudadjuntos?2022,18083, HTTP/1.1" 200 6089
190.171.149.74 - - [10/Mar/2022:09:52:15 -0300] "GET /cormun/servlet/solicitudotadjuntos?INS,2022,18083,,1, HTTP/1.1" 200 6032
190.171.149.74 - - [10/Mar/2022:09:52:15 -0300] "GET /cormun/static/about:blank HTTP/1.1" 404 1011
190.171.149.74 - - [10/Mar/2022:09:52:16 -0300] "GET /cormun/servlet/solicitudotadjuntos?INS,2022,18083,,1, HTTP/1.1" 200 6025
190.171.149.74 - - [10/Mar/2022:09:52:16 -0300] "GET /cormun/servlet/solicitudotadjuntos?e36581482f204b38d7074c077880d042c3f90e9048759b4a9e35c5732bbdc2774dc0ed760a1026ddd613e665a5e989f1,gx-no-cache=1646919707473 HTTP/1.1" 200 30
190.171.149.74 - - [10/Mar/2022:09:52:16 -0300] "POST /cormun/servlet/solicitudotadjuntos?b7d4ec9da46d861a70c3cb74e111b3d5,INS,2022,18083,,1,,gx-no-cache=1646919707502 HTTP/1.1" 200 3903
190.171.149.74 - - [10/Mar/2022:09:52:21 -0300] "POST /cormun/servlet/solicitudotadjuntos?gx-no-cache=1646919712142 HTTP/1.1" 200 26
190.171.149.74 - - [10/Mar/2022:09:52:29 -0300] "GET /cormun/servlet/solicitudotadjuntos?e36581482f204b38d7074c077880d042820ef2ace8d51ca0cc027eaab9278993,gx-no-cache=1646919720159 HTTP/1.1" 200 30
190.171.149.74 - - [10/Mar/2022:09:52:29 -0300] "GET /cormun/servlet/solicitudotadjuntos?e36581482f204b38d7074c077880d042820ef2ace8d51ca0cc027eaab9278993,gx-no-cache=1646919720171 HTTP/1.1" 200 30
190.171.149.74 - - [10/Mar/2022:09:52:29 -0300] "POST /cormun/servlet/solicitudotadjuntos?b7d4ec9da46d861a70c3cb74e111b3d5,INS,2022,18083,,1, HTTP/1.1" 200 116
190.171.149.74 - - [10/Mar/2022:09:52:29 -0300] "GET /cormun/servlet/hpexe_return? HTTP/1.1" 200 1028
190.171.149.74 - - [10/Mar/2022:09:52:29 -0300] "GET /cormun/servlet/trsolicitudadjuntos?2022,18083, HTTP/1.1" 200 8851
190.171.149.74 - - [10/Mar/2022:09:52:29 -0300] "GET /cormun/servlet/trsolicitudadjuntos?2022,18083, HTTP/1.1" 200 8847
190.171.149.74 - - [10/Mar/2022:09:52:32 -0300] "GET /cormun/servlet/solicitudotadjuntos?INS,2022,18083,,1, HTTP/1.1" 200 6032
190.171.149.74 - - [10/Mar/2022:09:52:32 -0300] "GET /cormun/static/about:blank HTTP/1.1" 404 1011
