190.171.149.74 - - [10/Mar/2022:10:50:55 -0300] "GET /cormun/servlet/trsolicitudadjuntos?2022,18086, HTTP/1.1" 200 10183
181.212.43.89 - - [10/Mar/2022:10:51:21 -0300] "GET /cormun/servlet/solicitudot?b6278c528a8ae9e0670a5ca0812b77dfe416044a3cf393c8fea6fec6db86247696d7652a7770996e4e9fb85b1f6e5ee6d45448ab047ef7b997bebabb24bd57f6d32b6d5f6cd3a8a9176ef42606dcbf446c123c3487d6053e8aeff4c6aec12b896aff25fb0b87dfab105f11ca2cd0ab91,gx-no-cache=1646919537545 HTTP/1.1" 200 110
181.212.43.89 - - [10/Mar/2022:10:51:32 -0300] "POST /cormun/servlet/solicitudot?gx-no-cache=1646919547839 HTTP/1.1" 200 97
190.171.149.74 - - [10/Mar/2022:10:51:37 -0300] "GET /cormun/servlet/trsolicitudot? HTTP/1.1" 200 8951
190.171.149.74 - - [10/Mar/2022:10:51:38 -0300] "GET /cormun/servlet/trsolicitudot? HTTP/1.1" 200 8944
181.212.43.89 - - [10/Mar/2022:10:51:45 -0300] "GET /cormun/servlet/solicitudot?b6278c528a8ae9e0670a5ca0812b77df5583b5c97e55235c1583e7c414e087de754157c1eae5d5784b83169cd0914b911c4dcd0b7ade74106217f214f3acec1ed88d94fca3158cb2271cdfcc5d297fa7eadc3247ae29d488a7180bc989066f999c5f42b903fc10478ed09efc6a5cf0ab,gx-no-cache=1646919561140 HTTP/1.1" 200 29
181.212.43.89 - - [10/Mar/2022:10:51:45 -0300] "GET /cormun/static/menuarrow.gif HTTP/1.1" 404 1015
181.212.43.89 - - [10/Mar/2022:10:51:48 -0300] "GET /cormun/servlet/solicitudot?b6278c528a8ae9e0670a5ca0812b77df86d49b09348d20822ec9f641363e0e1d3f53049b1649894c0e8d37eb84d35bc9,gx-no-cache=1646919564194 HTTP/1.1" 200 30
181.212.43.89 - - [10/Mar/2022:10:51:54 -0300] "POST /cormun/servlet/solicitudot?gx-no-cache=1646919569744 HTTP/1.1" 200 30
190.171.149.74 - - [10/Mar/2022:10:51:56 -0300] "GET /cormun/servlet/solicitudot?INS,0,0,false, HTTP/1.1" 200 15705
190.171.149.74 - - [10/Mar/2022:10:51:56 -0300] "GET /cormun/servlet/solicitudot?INS,0,0,false, HTTP/1.1" 200 15712
181.212.43.89 - - [10/Mar/2022:10:51:57 -0300] "POST /cormun/servlet/solicitudot?a54076bf7c2a524da8a391a7c575285e,INS,0,0,false,,gx-no-cache=1646919572625 HTTP/1.1" 200 93
181.212.43.89 - - [10/Mar/2022:10:51:57 -0300] "GET /cormun/servlet/hpexe_return? HTTP/1.1" 200 1010
181.212.43.89 - - [10/Mar/2022:10:51:57 -0300] "GET /cormun/servlet/trsolicitudot HTTP/1.1" 200 9073
181.212.43.89 - - [10/Mar/2022:10:51:58 -0300] "GET /cormun/servlet/trsolicitudot HTTP/1.1" 200 9069
181.212.43.89 - - [10/Mar/2022:10:52:03 -0300] "POST /cormun/servlet/trsolicitudot?a54076bf7c2a524da8a391a7c575285e,gx-no-cache=1646919579057 HTTP/1.1" 200 112
181.212.43.89 - - [10/Mar/2022:10:52:03 -0300] "GET /cormun/servlet/solicitudot?UPD,2022,18040,false, HTTP/1.1" 200 16284
181.212.43.89 - - [10/Mar/2022:10:52:04 -0300] "GET /cormun/servlet/solicitudot?UPD,2022,18040,false, HTTP/1.1" 200 16295
181.212.43.89 - - [10/Mar/2022:10:52:04 -0300] "POST /cormun/servlet/solicitudot?gx-no-cache=1646919580391 HTTP/1.1" 200 3924
181.212.43.89 - - [10/Mar/2022:10:52:04 -0300] "POST /cormun/servlet/solicitudot?a54076bf7c2a524da8a391a7c575285e,UPD,2022,18040,false,,gx-no-cache=1646919580541 HTTP/1.1" 200 12558
181.212.43.89 - - [10/Mar/2022:10:52:05 -0300] "GET /cormun/servlet/solicitudot?b6278c528a8ae9e0670a5ca0812b77dfc1ddd1e27cc508ea7b7f5e561354b8855625ae02ac80f66c0af25fe60f99a413,gx-no-cache=1646919580754 HTTP/1.1" 200 30
181.212.43.89 - - [10/Mar/2022:10:52:05 -0300] "GET /cormun/servlet/solicitudot?b6278c528a8ae9e0670a5ca0812b77df492fdc1233054c6ba918c69e1fb2462ca8a52162215507913dc377d9fa02a0488f6149418aa7ba90f20b5695d551e0d6,gx-no-cache=1646919580788 HTTP/1.1" 200 30
181.212.43.89 - - [10/Mar/2022:10:52:05 -0300] "GET /cormun/servlet/solicitudot?b6278c528a8ae9e0670a5ca0812b77dfbf2d250b399dcc78b7800750848ad82848815d022734011505d31fa90e0706d75ef676eb2f785a4d4ea5554228f2f2ce,gx-no-cache=1646919580812 HTTP/1.1" 200 53
181.212.43.89 - - [10/Mar/2022:10:52:05 -0300] "POST /cormun/servlet/solicitudot?gx-no-cache=1646919580841 HTTP/1.1" 200 254
181.212.43.89 - - [10/Mar/2022:10:52:05 -0300] "GET /cormun/servlet/solicitudot?b6278c528a8ae9e0670a5ca0812b77df4053d7d8b33432099ec0f3ec41c8eb1fd0e87d1ff5bddbbf8e4acf3aa95a03e5322b2ef1b5749a9fb2fe05c0777d1a6c6e2bf6413721ca04b4e3496bf2892f046c84fbf078206cd1ac0ec4f820d57305b1e5dbc34ecc89374d3c2624569d541f5b35959eb494a164ae858494b305e937ca33dff16b3baf0a3b5003cbb6a24468802ceac4bfeed1819f330323da7074a068411987ab9d9566aef59c680f1d6e5ec22908c77ee4a90ca43c7bf69c979441c47a4362e385dc4e4c2391d2fe277c2cb17aa94bd58161c60f7166fe9aeb842dd480440966dd4a4a39fec85cfb5ef4fc0046a8db12e5c663ad7152e97b533c916500f9b3b1e252ea3551b3b5267d2c1272ff9a60df7a592ccc6c0103df31d6e61a28e03bb3d7bd49e983427247a2e8c5ebef28fc2ca678327416b16c1261d2bd1a7106add9c035e71e2880610b24365c793fdb78ca203f5573bc171229d7c7f08622c0541ca86cbdd5ed09b1811a3630213b351144272a294ba68ff89239c2a0,gx-no-cache=1646919580869 HTTP/1.1" 200 30
181.212.43.89 - - [10/Mar/2022:10:52:05 -0300] "POST /cormun/servlet/solicitudot?gx-no-cache=1646919580894 HTTP/1.1" 200 30
181.212.43.89 - - [10/Mar/2022:10:52:05 -0300] "POST /cormun/servlet/solicitudot?gx-no-cache=1646919580924 HTTP/1.1" 200 1454
181.212.43.89 - - [10/Mar/2022:10:52:05 -0300] "POST /cormun/servlet/solicitudot?gx-no-cache=1646919580959 HTTP/1.1" 200 41
190.171.149.74 - - [10/Mar/2022:10:52:06 -0300] "POST /cormun/servlet/solicitudot?gx-no-cache=1646923296895 HTTP/1.1" 200 3964
190.171.149.74 - - [10/Mar/2022:10:52:06 -0300] "POST /cormun/servlet/solicitudot?b7d4ec9da46d861a70c3cb74e111b3d5,INS,0,0,false,,gx-no-cache=1646923297056 HTTP/1.1" 200 12491
190.171.149.74 - - [10/Mar/2022:10:52:09 -0300] "GET /cormun/servlet/solicitudot?e36581482f204b38d7074c077880d04263a223578cf34bf239e786ea751d7088cdaab511e69ed4716c0535bd8b8d9e64,gx-no-cache=1646923300757 HTTP/1.1" 200 30
181.212.43.89 - - [10/Mar/2022:10:52:13 -0300] "POST /cormun/servlet/solicitudot?a54076bf7c2a524da8a391a7c575285e,UPD,2022,18040,false,,gx-no-cache=1646919589663 HTTP/1.1" 200 93
181.212.43.89 - - [10/Mar/2022:10:52:14 -0300] "GET /cormun/servlet/hpexe_return? HTTP/1.1" 200 1017
181.212.43.89 - - [10/Mar/2022:10:52:14 -0300] "GET /cormun/servlet/trsolicitudot HTTP/1.1" 200 9073
181.212.43.89 - - [10/Mar/2022:10:52:14 -0300] "GET /cormun/servlet/trsolicitudot HTTP/1.1" 200 9069
181.212.43.89 - - [10/Mar/2022:10:52:18 -0300] "POST /cormun/servlet/trsolicitudot?a54076bf7c2a524da8a391a7c575285e,gx-no-cache=1646919594129 HTTP/1.1" 200 112
181.212.43.89 - - [10/Mar/2022:10:52:18 -0300] "GET /cormun/servlet/solicitudot?UPD,2022,18087,false, HTTP/1.1" 200 16243
181.212.43.89 - - [10/Mar/2022:10:52:19 -0300] "GET /cormun/servlet/solicitudot?UPD,2022,18087,false, HTTP/1.1" 200 16254
181.212.43.89 - - [10/Mar/2022:10:52:19 -0300] "POST /cormun/servlet/solicitudot?gx-no-cache=1646919595507 HTTP/1.1" 200 3922
181.212.43.89 - - [10/Mar/2022:10:52:20 -0300] "POST /cormun/servlet/solicitudot?a54076bf7c2a524da8a391a7c575285e,UPD,2022,18087,false,,gx-no-cache=1646919595646 HTTP/1.1" 200 12533
190.171.149.74 - - [10/Mar/2022:10:52:20 -0300] "GET /cormun/servlet/prbanco?,MD,,gxPopupLevel%3D0%3B HTTP/1.1" 200 6543
181.212.43.89 - - [10/Mar/2022:10:52:20 -0300] "GET /cormun/servlet/solicitudot?b6278c528a8ae9e0670a5ca0812b77dfadde705bd45a741dbee48031a39e1c865625ae02ac80f66c0af25fe60f99a413,gx-no-cache=1646919595853 HTTP/1.1" 200 30
181.212.43.89 - - [10/Mar/2022:10:52:20 -0300] "GET /cormun/servlet/solicitudot?b6278c528a8ae9e0670a5ca0812b77dfa4414493e4baeb432adb9869851d56f2fad3411be2977c118a9dd654fff9848b,gx-no-cache=1646919595885 HTTP/1.1" 200 30
181.212.43.89 - - [10/Mar/2022:10:52:20 -0300] "GET /cormun/servlet/solicitudot?b6278c528a8ae9e0670a5ca0812b77dfbf2d250b399dcc78b7800750848ad82848815d022734011505d31fa90e0706d75ef676eb2f785a4d4ea5554228f2f2ce,gx-no-cache=1646919595908 HTTP/1.1" 200 53
181.212.43.89 - - [10/Mar/2022:10:52:20 -0300] "POST /cormun/servlet/solicitudot?gx-no-cache=1646919595935 HTTP/1.1" 200 254
181.212.43.89 - - [10/Mar/2022:10:52:20 -0300] "GET /cormun/servlet/solicitudot?b6278c528a8ae9e0670a5ca0812b77df4053d7d8b33432099ec0f3ec41c8eb1fd0e87d1ff5bddbbf8e4acf3aa95a03e5322b2ef1b5749a9fb2fe05c0777d1a6c6e2bf6413721ca04b4e3496bf2892f046c84fbf078206cd1ac0ec4f820d57305b1e5dbc34ecc89374d3c2624569d541f5b35959eb494a164ae858494b305e937ca33dff16b3baf0a3b5003cbb6a24468802ceac4bfeed1819f330323da7074a068411987ab9d9566aef59c680f1d6e5ec22908c77ee4a90ca43c7bf69c979441c47a4362e385dc4e4c2391d2fe277c2cb17aa94bd58161c60f7166fe9aeb842dd480440966dd4a4a39fec85cfb5ef4fc0046a8db12e5c663ad7152e97b533c916500f9b3b1e252ea3551b3b5267d2c1272ff9a60df7a592ccc6c0103df31d6e61a28e03bb3d7bd49e983427247a2e8c5ebef28fc2ca678327416b16c1261d2bd1a7106add9c035e71e2880610b24365c793fdb78ca203f5573bc171229d7c7f08622c0541ca86cbdd5ed09b1811a3630213b351144272a294ba68ff89239c2a0,gx-no-cache=1646919595964 HTTP/1.1" 200 30
181.212.43.89 - - [10/Mar/2022:10:52:20 -0300] "POST /cormun/servlet/solicitudot?gx-no-cache=1646919595988 HTTP/1.1" 200 30
181.212.43.89 - - [10/Mar/2022:10:52:20 -0300] "POST /cormun/servlet/solicitudot?gx-no-cache=1646919596019 HTTP/1.1" 200 1453
181.212.43.89 - - [10/Mar/2022:10:52:20 -0300] "POST /cormun/servlet/solicitudot?gx-no-cache=1646919596059 HTTP/1.1" 200 41
181.212.43.89 - - [10/Mar/2022:10:52:23 -0300] "GET /cormun/servlet/solicitudot?b6278c528a8ae9e0670a5ca0812b77dfe416044a3cf393c8fea6fec6db86247696d7652a7770996e4e9fb85b1f6e5ee6d45448ab047ef7b997bebabb24bd57f6d32b6d5f6cd3a8a9176ef42606dcbf446c123c3487d6053e8aeff4c6aec12b896aff25fb0b87dfab105f11ca2cd0ab91,gx-no-cache=1646919598951 HTTP/1.1" 200 110
181.212.43.89 - - [10/Mar/2022:10:52:23 -0300] "POST /cormun/servlet/solicitudot?gx-no-cache=1646919598990 HTTP/1.1" 200 64
181.212.43.89 - - [10/Mar/2022:10:52:25 -0300] "GET /cormun/servlet/solicitudot?b6278c528a8ae9e0670a5ca0812b77df6f841c87b80ff23b41c26c42c6e97a6957f9f4b4e612f3e141b43355fc2f892880f13295eecd51522761d2d6c927903ec545e0a425b5c672909978234ead4ca39512814893150b9a524603106b8dfc34dfd73501589b99032f1aab2eb2088f2f146430ce49fcc2902412edc5edd8d5d72336927d55940a628d55b91f30a64740f6c1ad6321086f772653e36cb894885972f1afe80d30ee4b72c6d262c6e9800124b564611e39e1a023586b896ffe20d0aa29b3a29b7ae1573724310ed559ee6f,gx-no-cache=1646919600818 HTTP/1.1" 200 30
181.212.43.89 - - [10/Mar/2022:10:52:49 -0300] "POST /cormun/servlet/solicitudot?gx-no-cache=1646919625390 HTTP/1.1" 200 97
181.212.43.89 - - [10/Mar/2022:10:52:59 -0300] "GET /cormun/servlet/solicitudot?b6278c528a8ae9e0670a5ca0812b77df86d49b09348d20822ec9f641363e0e1d3f53049b1649894c0e8d37eb84d35bc9,gx-no-cache=1646919635071 HTTP/1.1" 200 30
181.212.43.89 - - [10/Mar/2022:10:52:59 -0300] "POST /cormun/servlet/solicitudot?gx-no-cache=1646919635104 HTTP/1.1" 200 30
181.212.43.89 - - [10/Mar/2022:10:52:59 -0300] "POST /cormun/servlet/solicitudot?a54076bf7c2a524da8a391a7c575285e,UPD,2022,18087,false,,gx-no-cache=1646919635134 HTTP/1.1" 200 93
181.212.43.89 - - [10/Mar/2022:10:52:59 -0300] "GET /cormun/servlet/hpexe_return? HTTP/1.1" 200 1017
181.212.43.89 - - [10/Mar/2022:10:52:59 -0300] "GET /cormun/servlet/trsolicitudot HTTP/1.1" 200 9061
181.212.43.89 - - [10/Mar/2022:10:53:00 -0300] "GET /cormun/servlet/trsolicitudot HTTP/1.1" 200 9057
190.171.149.74 - - [10/Mar/2022:10:54:57 -0300] "GET /cormun/servlet/solicitudot?e36581482f204b38d7074c077880d0426ba40f51eab9623b0f38dcfd0a5935466312414c308f13187fde40239f2e0ca70427de8db5b1e8acf631afd08100f8dc,gx-no-cache=1646923468767 HTTP/1.1" 200 30
190.171.149.74 - - [10/Mar/2022:10:55:47 -0300] "GET /cormun/servlet/solicitudot?e36581482f204b38d7074c077880d042d677bcc98fafb91eb8c1a4d19b9ae25e,gx-no-cache=1646923518685 HTTP/1.1" 200 57
181.212.42.153 - - [10/Mar/2022:10:55:55 -0300] "GET /cormun/servlet/trsolicitudot? HTTP/1.1" 200 6332
181.212.42.153 - - [10/Mar/2022:10:55:55 -0300] "GET /cormun/servlet/hlogin HTTP/1.1" 200 1747
181.212.42.153 - - [10/Mar/2022:10:55:55 -0300] "GET /cormun/servlet/trsolicitudot? HTTP/1.1" 200 6330
190.171.149.74 - - [10/Mar/2022:10:56:02 -0300] "POST /cormun/servlet/solicitudot?gx-no-cache=1646923533489 HTTP/1.1" 200 240
190.171.149.74 - - [10/Mar/2022:10:56:02 -0300] "GET /cormun/servlet/solicitudot?e36581482f204b38d7074c077880d042065a5ab079fbb33a01bb2046a49c08f0d67cd42c9b0a761f0c351f73f2c0cf2160d5dcbf1393d569fddce0beca8a0a5b43f183630b00ad4d85195fde2174dc462eb5ab472e3e17c250475edda4ded979a4eda92d1557ae9a06a9807edb16922849c4a78b846f3a4eef5a7a25c3cd48e07ae33f37f4606debe0f0de0497da9366c6857648946c08bb7a6d6caaea7b82b7a58eb420821c63f7e4f75ddbeb4e36926155f639a05fcff99ccce90657346f0bec8cb35541e9ec0b6c5e9255aa04a82b3b3e64d7a8947936d5dfc70bbfc701ff5f3ade15ce987ebaf0d4682cdcc6285862b7de664a3edc7778f485f4e25e6653bb3c7389f2b5c31d265d948408f4890de00d914b0ae9966070887bdc94b4a41af59c9758ee93887fba19d0f3d98e54f965935c56622e17d7c5efdcd7b409498ca091aa9b6524fddf81386756f7453dfe16e314b65ee278808b3d1e30817405b7995e8fc3fc33bce9e34d6990e93f6f393aa46e18018a93b1d417af716f1025b0,gx-no-cache=1646923533541 HTTP/1.1" 200 30
181.212.42.153 - - [10/Mar/2022:10:56:03 -0300] "POST /cormun/servlet/hlogin?4b48f468f98607ac49716172cf8b848b,gx-no-cache=1646920151720 HTTP/1.1" 200 90
181.212.42.153 - - [10/Mar/2022:10:56:03 -0300] "GET /cormun/servlet/hpexe_link HTTP/1.1" 200 962
181.212.42.153 - - [10/Mar/2022:10:56:03 -0300] "GET /cormun/servlet/trsolicitudot HTTP/1.1" 200 7015
181.212.42.153 - - [10/Mar/2022:10:56:03 -0300] "GET /cormun/servlet/trsolicitudot HTTP/1.1" 200 7013
190.171.149.74 - - [10/Mar/2022:10:56:04 -0300] "POST /cormun/servlet/solicitudot?gx-no-cache=1646923535238 HTTP/1.1" 200 30
181.212.42.153 - - [10/Mar/2022:10:56:07 -0300] "GET /cormun/servlet/solicitudot?INS,0,0,false, HTTP/1.1" 200 15690
181.212.42.153 - - [10/Mar/2022:10:56:07 -0300] "GET /cormun/servlet/solicitudot?INS,0,0,false, HTTP/1.1" 200 15697
181.212.42.153 - - [10/Mar/2022:10:56:15 -0300] "POST /cormun/servlet/solicitudot?gx-no-cache=1646920163909 HTTP/1.1" 200 3850
181.212.42.153 - - [10/Mar/2022:10:56:15 -0300] "POST /cormun/servlet/solicitudot?4b48f468f98607ac49716172cf8b848b,INS,0,0,false,,gx-no-cache=1646920164046 HTTP/1.1" 200 12393
190.171.149.74 - - [10/Mar/2022:10:56:15 -0300] "POST /cormun/servlet/solicitudot?gx-no-cache=1646923546686 HTTP/1.1" 200 1455
181.212.42.153 - - [10/Mar/2022:10:56:16 -0300] "GET /cormun/servlet/solicitudot?652416580c7c794d6802c617b1da624b77608042415057dc62f5452cd0e44e68b2243bfb4d53ad46a82ce9f0055e4da4,gx-no-cache=1646920165025 HTTP/1.1" 200 30
190.171.149.74 - - [10/Mar/2022:10:56:18 -0300] "GET /cormun/servlet/prlicenciaspermisos?15774663,L,,MD,,gxPopupLevel%3D0%3B HTTP/1.1" 200 6136
190.171.149.74 - - [10/Mar/2022:10:56:26 -0300] "POST /cormun/servlet/solicitudot?gx-no-cache=1646923557208 HTTP/1.1" 200 41
190.171.149.74 - - [10/Mar/2022:10:56:26 -0300] "GET /cormun/servlet/solicitudot?e36581482f204b38d7074c077880d0422f4543fba448004ac36b793e35feff2e420b6933e7114f6596d281998d15b63efefe20cac20da2b588cf1320771a58bb07e8ed1de082393fd3c53adf06cf0f4c8fe2175b523965a924751cd04c563ae7669ff6eac59df79ef83ca750d995e298,gx-no-cache=1646923557252 HTTP/1.1" 200 110
190.171.149.74 - - [10/Mar/2022:10:56:26 -0300] "POST /cormun/servlet/solicitudot?gx-no-cache=1646923557306 HTTP/1.1" 200 97
190.171.141.114 - - [10/Mar/2022:10:56:30 -0300] "GET /cormun/servlet/hhome HTTP/1.1" 200 3333
190.171.141.114 - - [10/Mar/2022:10:56:30 -0300] "GET /cormun/static/gxcfg.js?20201215495537 HTTP/1.1" 200 953
190.171.141.114 - - [10/Mar/2022:10:56:30 -0300] "GET /cormun/static/hhome.js?20201215495544 HTTP/1.1" 200 777
190.171.141.114 - - [10/Mar/2022:10:56:31 -0300] "GET /cormun/servlet/hlogin HTTP/1.1" 200 1739
190.171.141.114 - - [10/Mar/2022:10:56:31 -0300] "GET /cormun/servlet/hhome HTTP/1.1" 200 3331
190.171.141.114 - - [10/Mar/2022:10:56:31 -0300] "GET /cormun/static/gxcfg.js?201910216285969 HTTP/1.1" 200 953
190.171.141.114 - - [10/Mar/2022:10:56:31 -0300] "GET /cormun/static/hlogin.js?201910216285995 HTTP/1.1" 200 2136
190.171.141.114 - - [10/Mar/2022:10:56:31 -0300] "GET /cormun/static/Resources/Logo2019_Grande.png HTTP/1.1" 200 31733
190.171.141.114 - - [10/Mar/2022:10:56:31 -0300] "GET /cormun/static/Resources/PXToolsLoginTop.png HTTP/1.1" 200 1337
190.171.141.114 - - [10/Mar/2022:10:56:31 -0300] "GET /cormun/static/Resources/PXToolsLoginBottom.png HTTP/1.1" 200 1389
190.171.141.114 - - [10/Mar/2022:10:56:31 -0300] "GET /cormun/static/Resources/PXToolsLoginBackground.png HTTP/1.1" 200 1164
190.171.149.74 - - [10/Mar/2022:10:56:43 -0300] "POST /cormun/servlet/solicitudot?gx-no-cache=1646923574397 HTTP/1.1" 200 72
190.171.149.74 - - [10/Mar/2022:10:56:50 -0300] "GET /cormun/servlet/solicitudot?e36581482f204b38d7074c077880d04278c78d0e45508aa89140bccdba96040e68a0ac7ce298aa31f8b7196055d4e455120869e4356ee5720af7056a4bf783b13621e506179db1e91e85f00355909e8f8770b1555972c05162fe5b0a57312c55bae982a59367e59edcf8da863466efdb11b8f8577e601b43eaf58af797566b44f9b9bcbb4792c54ecf4858e8c1781fbe77498d20b062f5ec2a92b4636bbb05d4,gx-no-cache=1646923581760 HTTP/1.1" 200 29
190.171.149.74 - - [10/Mar/2022:10:56:50 -0300] "GET /cormun/static/menuarrow.gif HTTP/1.1" 404 1015
190.171.149.74 - - [10/Mar/2022:10:56:53 -0300] "GET /cormun/servlet/solicitudot?e36581482f204b38d7074c077880d04214af6dd815642aa9fc0eb13778a3ca04f43c7cfba8dd7b51e7fa62755ab1f55a,gx-no-cache=1646923584735 HTTP/1.1" 200 30
190.171.149.74 - - [10/Mar/2022:10:56:53 -0300] "POST /cormun/servlet/solicitudot?gx-no-cache=1646923584767 HTTP/1.1" 200 34
190.171.149.74 - - [10/Mar/2022:10:56:56 -0300] "POST /cormun/servlet/solicitudot?b7d4ec9da46d861a70c3cb74e111b3d5,INS,0,0,false,,gx-no-cache=1646923587150 HTTP/1.1" 200 93
190.171.149.74 - - [10/Mar/2022:10:56:56 -0300] "GET /cormun/servlet/hpexe_return? HTTP/1.1" 200 1011
190.171.149.74 - - [10/Mar/2022:10:56:56 -0300] "GET /cormun/servlet/trsolicitudot HTTP/1.1" 200 9215
190.171.149.74 - - [10/Mar/2022:10:56:57 -0300] "GET /cormun/servlet/trsolicitudot HTTP/1.1" 200 9211
190.171.149.74 - - [10/Mar/2022:10:57:02 -0300] "POST /cormun/servlet/trsolicitudot?b7d4ec9da46d861a70c3cb74e111b3d5,gx-no-cache=1646923593300 HTTP/1.1" 200 106
190.171.149.74 - - [10/Mar/2022:10:57:02 -0300] "GET /cormun/servlet/trsolicitudadjuntos?2022,18088, HTTP/1.1" 200 6089
190.171.149.74 - - [10/Mar/2022:10:57:02 -0300] "GET /cormun/servlet/trsolicitudadjuntos?2022,18088, HTTP/1.1" 200 6089
190.171.149.74 - - [10/Mar/2022:10:57:04 -0300] "GET /cormun/servlet/solicitudotadjuntos?INS,2022,18088,,1, HTTP/1.1" 200 6034
190.171.149.74 - - [10/Mar/2022:10:57:04 -0300] "GET /cormun/static/about:blank HTTP/1.1" 404 1011
190.171.149.74 - - [10/Mar/2022:10:57:04 -0300] "GET /cormun/servlet/solicitudotadjuntos?INS,2022,18088,,1, HTTP/1.1" 200 6027
190.171.149.74 - - [10/Mar/2022:10:57:05 -0300] "GET /cormun/servlet/solicitudotadjuntos?e36581482f204b38d7074c077880d0421c6c33186956ff4bd0dbfa6065b111974dc0ed760a1026ddd613e665a5e989f1,gx-no-cache=1646923596300 HTTP/1.1" 200 30
190.171.149.74 - - [10/Mar/2022:10:57:05 -0300] "POST /cormun/servlet/solicitudotadjuntos?b7d4ec9da46d861a70c3cb74e111b3d5,INS,2022,18088,,1,,gx-no-cache=1646923596328 HTTP/1.1" 200 3903
190.171.149.74 - - [10/Mar/2022:10:57:07 -0300] "POST /cormun/servlet/solicitudotadjuntos?gx-no-cache=1646923598462 HTTP/1.1" 200 26
190.171.149.74 - - [10/Mar/2022:10:57:14 -0300] "GET /cormun/servlet/solicitudotadjuntos?e36581482f204b38d7074c077880d042820ef2ace8d51ca0cc027eaab9278993,gx-no-cache=1646923605593 HTTP/1.1" 200 30
190.171.149.74 - - [10/Mar/2022:10:57:14 -0300] "GET /cormun/servlet/solicitudotadjuntos?e36581482f204b38d7074c077880d042820ef2ace8d51ca0cc027eaab9278993,gx-no-cache=1646923605604 HTTP/1.1" 200 30
190.171.149.74 - - [10/Mar/2022:10:57:14 -0300] "POST /cormun/servlet/solicitudotadjuntos?b7d4ec9da46d861a70c3cb74e111b3d5,INS,2022,18088,,1, HTTP/1.1" 200 116
190.171.149.74 - - [10/Mar/2022:10:57:15 -0300] "GET /cormun/servlet/hpexe_return? HTTP/1.1" 200 1028
190.171.149.74 - - [10/Mar/2022:10:57:15 -0300] "GET /cormun/servlet/trsolicitudadjuntos?2022,18088, HTTP/1.1" 200 8850
190.171.149.74 - - [10/Mar/2022:10:57:15 -0300] "GET /cormun/servlet/trsolicitudadjuntos?2022,18088, HTTP/1.1" 200 8846
190.171.149.74 - - [10/Mar/2022:10:57:17 -0300] "GET /cormun/servlet/solicitudotadjuntos?INS,2022,18088,,1, HTTP/1.1" 200 6034
190.171.149.74 - - [10/Mar/2022:10:57:17 -0300] "GET /cormun/static/about:blank HTTP/1.1" 404 1011
190.171.149.74 - - [10/Mar/2022:10:57:17 -0300] "GET /cormun/servlet/solicitudotadjuntos?INS,2022,18088,,1, HTTP/1.1" 200 6027
190.171.149.74 - - [10/Mar/2022:10:57:18 -0300] "GET /cormun/servlet/solicitudotadjuntos?e36581482f204b38d7074c077880d0421c6c33186956ff4bd0dbfa6065b111974dc0ed760a1026ddd613e665a5e989f1,gx-no-cache=1646923609118 HTTP/1.1" 200 30
190.171.149.74 - - [10/Mar/2022:10:57:18 -0300] "POST /cormun/servlet/solicitudotadjuntos?b7d4ec9da46d861a70c3cb74e111b3d5,INS,2022,18088,,1,,gx-no-cache=1646923609217 HTTP/1.1" 200 3903
190.171.149.74 - - [10/Mar/2022:10:57:20 -0300] "POST /cormun/servlet/solicitudotadjuntos?gx-no-cache=1646923610986 HTTP/1.1" 200 26
190.171.149.74 - - [10/Mar/2022:10:57:28 -0300] "GET /cormun/servlet/solicitudotadjuntos?e36581482f204b38d7074c077880d042820ef2ace8d51ca0cc027eaab9278993,gx-no-cache=1646923619371 HTTP/1.1" 200 30
190.171.149.74 - - [10/Mar/2022:10:57:28 -0300] "GET /cormun/servlet/solicitudotadjuntos?e36581482f204b38d7074c077880d042820ef2ace8d51ca0cc027eaab9278993,gx-no-cache=1646923619382 HTTP/1.1" 200 30
190.171.149.74 - - [10/Mar/2022:10:57:28 -0300] "POST /cormun/servlet/solicitudotadjuntos?b7d4ec9da46d861a70c3cb74e111b3d5,INS,2022,18088,,1, HTTP/1.1" 200 116
190.171.149.74 - - [10/Mar/2022:10:57:28 -0300] "GET /cormun/servlet/hpexe_return? HTTP/1.1" 200 1028
190.171.149.74 - - [10/Mar/2022:10:57:28 -0300] "GET /cormun/servlet/trsolicitudadjuntos?2022,18088, HTTP/1.1" 200 9070
190.171.149.74 - - [10/Mar/2022:10:57:29 -0300] "GET /cormun/servlet/trsolicitudadjuntos?2022,18088, HTTP/1.1" 200 9069
190.171.149.74 - - [10/Mar/2022:10:57:30 -0300] "GET /cormun/servlet/solicitudotadjuntos?INS,2022,18088,,1, HTTP/1.1" 200 6034
190.171.149.74 - - [10/Mar/2022:10:57:30 -0300] "GET /cormun/static/about:blank HTTP/1.1" 404 1011
190.171.149.74 - - [10/Mar/2022:10:57:30 -0300] "GET /cormun/servlet/solicitudotadjuntos?INS,2022,18088,,1, HTTP/1.1" 200 6027
190.171.149.74 - - [10/Mar/2022:10:57:31 -0300] "GET /cormun/servlet/solicitudotadjuntos?e36581482f204b38d7074c077880d0421c6c33186956ff4bd0dbfa6065b111974dc0ed760a1026ddd613e665a5e989f1,gx-no-cache=1646923622325 HTTP/1.1" 200 30
190.171.149.74 - - [10/Mar/2022:10:57:31 -0300] "POST /cormun/servlet/solicitudotadjuntos?b7d4ec9da46d861a70c3cb74e111b3d5,INS,2022,18088,,1,,gx-no-cache=1646923622358 HTTP/1.1" 200 3903
181.212.42.153 - - [10/Mar/2022:10:57:32 -0300] "GET /cormun/servlet/prbanco?,MD,,gxPopupLevel%3D0%3B HTTP/1.1" 200 6528
190.171.149.74 - - [10/Mar/2022:10:57:34 -0300] "POST /cormun/servlet/solicitudotadjuntos?gx-no-cache=1646923624918 HTTP/1.1" 200 26
181.212.42.153 - - [10/Mar/2022:10:57:35 -0300] "GET /cormun/servlet/solicitudot?652416580c7c794d6802c617b1da624b41e0178e4c627a16e5c1e1986d9f1deeb68256c2fe34379122c4ac6c7184746f,gx-no-cache=1646920243930 HTTP/1.1" 200 30
181.212.42.153 - - [10/Mar/2022:10:57:36 -0300] "GET /cormun/servlet/solicitudot?652416580c7c794d6802c617b1da624bf139e4bb0dfb305306e807190ed9cab2,gx-no-cache=1646920244981 HTTP/1.1" 200 53
190.171.149.74 - - [10/Mar/2022:10:57:42 -0300] "GET /cormun/servlet/solicitudotadjuntos?e36581482f204b38d7074c077880d042820ef2ace8d51ca0cc027eaab9278993,gx-no-cache=1646923633526 HTTP/1.1" 200 30
190.171.149.74 - - [10/Mar/2022:10:57:42 -0300] "GET /cormun/servlet/solicitudotadjuntos?e36581482f204b38d7074c077880d042820ef2ace8d51ca0cc027eaab9278993,gx-no-cache=1646923633537 HTTP/1.1" 200 30
190.171.149.74 - - [10/Mar/2022:10:57:42 -0300] "POST /cormun/servlet/solicitudotadjuntos?b7d4ec9da46d861a70c3cb74e111b3d5,INS,2022,18088,,1, HTTP/1.1" 200 116
190.171.149.74 - - [10/Mar/2022:10:57:42 -0300] "GET /cormun/servlet/hpexe_return? HTTP/1.1" 200 1028
190.171.149.74 - - [10/Mar/2022:10:57:42 -0300] "GET /cormun/servlet/trsolicitudadjuntos?2022,18088, HTTP/1.1" 200 9265
190.171.149.74 - - [10/Mar/2022:10:57:43 -0300] "GET /cormun/servlet/trsolicitudadjuntos?2022,18088, HTTP/1.1" 200 9264
190.171.149.74 - - [10/Mar/2022:10:57:45 -0300] "GET /cormun/servlet/solicitudotadjuntos?INS,2022,18088,,1, HTTP/1.1" 200 6034
190.171.149.74 - - [10/Mar/2022:10:57:45 -0300] "GET /cormun/static/about:blank HTTP/1.1" 404 1011
190.171.149.74 - - [10/Mar/2022:10:57:45 -0300] "GET /cormun/servlet/solicitudotadjuntos?INS,2022,18088,,1, HTTP/1.1" 200 6027
190.171.149.74 - - [10/Mar/2022:10:57:46 -0300] "GET /cormun/servlet/solicitudotadjuntos?e36581482f204b38d7074c077880d0421c6c33186956ff4bd0dbfa6065b111974dc0ed760a1026ddd613e665a5e989f1,gx-no-cache=1646923636941 HTTP/1.1" 200 30
190.171.149.74 - - [10/Mar/2022:10:57:46 -0300] "POST /cormun/servlet/solicitudotadjuntos?b7d4ec9da46d861a70c3cb74e111b3d5,INS,2022,18088,,1,,gx-no-cache=1646923636969 HTTP/1.1" 200 3903
190.171.149.74 - - [10/Mar/2022:10:57:48 -0300] "POST /cormun/servlet/solicitudotadjuntos?gx-no-cache=1646923639668 HTTP/1.1" 200 26
181.212.42.153 - - [10/Mar/2022:10:57:49 -0300] "POST /cormun/servlet/solicitudot?gx-no-cache=1646920257891 HTTP/1.1" 200 297
181.212.42.153 - - [10/Mar/2022:10:57:51 -0300] "GET /cormun/servlet/solicitudot?652416580c7c794d6802c617b1da624b637216070cd31714b05eda8fac89dd8ce9dfb7427d381777a5ac1657cb3a0a3624c6fc04a4cefda127ed433db16fa70d8e73bc3d77372613f2925ebb47cc43c89cb7108c7f629f8d27fa1abfcc8c8be4a7ab55b79feb9fa0774fdacce805439220620660dc6dbfe831744ca5d2bf20e6d844f16dee3ffae9a6476965dda2d2120cd444ea35cc13bde4fc9bb078b185d7780d1e0c11bade70af1bd52b68a25a46ddbd9e8ecd4d81800de1ba0fecbc812b2946c68bf048e4e4b7b41d830991c5030858ab3ff7a250e70531c97bf689e911d4a5881e2326a3827a1be8a6a67ffe2ea7836e716fdd528e391fc29de569460a136728404fab828ee4df02a8500aada4f7dc7502dda081c21635a3578d4c51ec6261b52d6bb781a6f2697fbcfc40c414e72ff7069e0a39795fb90d08b51185437ad36b40e9f59de96bf47bac37889adc1b8a73e91628a43eeae80b109d9c771de02a7635fbc701ff2c826859e2e339bb85e9785b85235903e3900ce4e7205db64637a85f6762dd57e751d0c536309437,gx-no-cache=1646920259562 HTTP/1.1" 200 30
190.171.149.74 - - [10/Mar/2022:10:58:01 -0300] "GET /cormun/servlet/solicitudotadjuntos?e36581482f204b38d7074c077880d042820ef2ace8d51ca0cc027eaab9278993,gx-no-cache=1646923652824 HTTP/1.1" 200 30
190.171.149.74 - - [10/Mar/2022:10:58:01 -0300] "GET /cormun/servlet/solicitudotadjuntos?e36581482f204b38d7074c077880d042820ef2ace8d51ca0cc027eaab9278993,gx-no-cache=1646923652835 HTTP/1.1" 200 30
190.171.149.74 - - [10/Mar/2022:10:58:01 -0300] "POST /cormun/servlet/solicitudotadjuntos?b7d4ec9da46d861a70c3cb74e111b3d5,INS,2022,18088,,1, HTTP/1.1" 200 116
190.171.149.74 - - [10/Mar/2022:10:58:02 -0300] "GET /cormun/servlet/hpexe_return? HTTP/1.1" 200 1028
190.171.149.74 - - [10/Mar/2022:10:58:02 -0300] "GET /cormun/servlet/trsolicitudadjuntos?2022,18088, HTTP/1.1" 200 9521
190.171.149.74 - - [10/Mar/2022:10:58:02 -0300] "GET /cormun/servlet/trsolicitudadjuntos?2022,18088, HTTP/1.1" 200 9518
190.171.149.74 - - [10/Mar/2022:10:58:05 -0300] "GET /cormun/servlet/solicitudotadjuntos?INS,2022,18088,,1, HTTP/1.1" 200 6034
190.171.149.74 - - [10/Mar/2022:10:58:05 -0300] "GET /cormun/static/about:blank HTTP/1.1" 404 1011
190.171.149.74 - - [10/Mar/2022:10:58:05 -0300] "GET /cormun/servlet/solicitudotadjuntos?INS,2022,18088,,1, HTTP/1.1" 200 6027
190.171.149.74 - - [10/Mar/2022:10:58:05 -0300] "GET /cormun/servlet/solicitudotadjuntos?e36581482f204b38d7074c077880d0421c6c33186956ff4bd0dbfa6065b111974dc0ed760a1026ddd613e665a5e989f1,gx-no-cache=1646923656719 HTTP/1.1" 200 30
190.171.149.74 - - [10/Mar/2022:10:58:05 -0300] "POST /cormun/servlet/solicitudotadjuntos?b7d4ec9da46d861a70c3cb74e111b3d5,INS,2022,18088,,1,,gx-no-cache=1646923656748 HTTP/1.1" 200 3904
190.171.149.74 - - [10/Mar/2022:10:58:08 -0300] "POST /cormun/servlet/solicitudotadjuntos?gx-no-cache=1646923658981 HTTP/1.1" 200 26
190.171.149.74 - - [10/Mar/2022:10:58:15 -0300] "GET /cormun/servlet/solicitudotadjuntos?e36581482f204b38d7074c077880d042820ef2ace8d51ca0cc027eaab9278993,gx-no-cache=1646923666369 HTTP/1.1" 200 30
190.171.149.74 - - [10/Mar/2022:10:58:15 -0300] "GET /cormun/servlet/solicitudotadjuntos?e36581482f204b38d7074c077880d042820ef2ace8d51ca0cc027eaab9278993,gx-no-cache=1646923666380 HTTP/1.1" 200 30
190.171.149.74 - - [10/Mar/2022:10:58:15 -0300] "POST /cormun/servlet/solicitudotadjuntos?b7d4ec9da46d861a70c3cb74e111b3d5,INS,2022,18088,,1, HTTP/1.1" 200 116
190.171.149.74 - - [10/Mar/2022:10:58:15 -0300] "GET /cormun/servlet/hpexe_return? HTTP/1.1" 200 1028
190.171.149.74 - - [10/Mar/2022:10:58:15 -0300] "GET /cormun/servlet/trsolicitudadjuntos?2022,18088, HTTP/1.1" 200 9871
190.171.149.74 - - [10/Mar/2022:10:58:16 -0300] "GET /cormun/servlet/trsolicitudadjuntos?2022,18088, HTTP/1.1" 200 9870
190.171.149.74 - - [10/Mar/2022:10:58:18 -0300] "GET /cormun/servlet/solicitudotadjuntos?INS,2022,18088,,1, HTTP/1.1" 200 6034
190.171.149.74 - - [10/Mar/2022:10:58:18 -0300] "GET /cormun/static/about:blank HTTP/1.1" 404 1011
190.171.149.74 - - [10/Mar/2022:10:58:18 -0300] "GET /cormun/servlet/solicitudotadjuntos?INS,2022,18088,,1, HTTP/1.1" 200 6027
190.171.149.74 - - [10/Mar/2022:10:58:19 -0300] "GET /cormun/servlet/solicitudotadjuntos?e36581482f204b38d7074c077880d0421c6c33186956ff4bd0dbfa6065b111974dc0ed760a1026ddd613e665a5e989f1,gx-no-cache=1646923669925 HTTP/1.1" 200 30
190.171.149.74 - - [10/Mar/2022:10:58:19 -0300] "POST /cormun/servlet/solicitudotadjuntos?b7d4ec9da46d861a70c3cb74e111b3d5,INS,2022,18088,,1,,gx-no-cache=1646923669961 HTTP/1.1" 200 3904
190.171.149.74 - - [10/Mar/2022:10:58:22 -0300] "POST /cormun/servlet/solicitudotadjuntos?gx-no-cache=1646923673125 HTTP/1.1" 200 26
190.171.149.74 - - [10/Mar/2022:10:58:31 -0300] "GET /cormun/servlet/solicitudotadjuntos?e36581482f204b38d7074c077880d042820ef2ace8d51ca0cc027eaab9278993,gx-no-cache=1646923682704 HTTP/1.1" 200 30
190.171.149.74 - - [10/Mar/2022:10:58:31 -0300] "GET /cormun/servlet/solicitudotadjuntos?e36581482f204b38d7074c077880d042820ef2ace8d51ca0cc027eaab9278993,gx-no-cache=1646923682716 HTTP/1.1" 200 30
190.171.149.74 - - [10/Mar/2022:10:58:32 -0300] "POST /cormun/servlet/solicitudotadjuntos?b7d4ec9da46d861a70c3cb74e111b3d5,INS,2022,18088,,1, HTTP/1.1" 200 116
190.171.149.74 - - [10/Mar/2022:10:58:32 -0300] "GET /cormun/servlet/hpexe_return? HTTP/1.1" 200 1028
190.171.149.74 - - [10/Mar/2022:10:58:32 -0300] "GET /cormun/servlet/trsolicitudadjuntos?2022,18088, HTTP/1.1" 200 10040
190.171.149.74 - - [10/Mar/2022:10:58:33 -0300] "GET /cormun/servlet/trsolicitudadjuntos?2022,18088, HTTP/1.1" 200 10040
190.171.149.74 - - [10/Mar/2022:10:58:35 -0300] "GET /cormun/servlet/solicitudotadjuntos?INS,2022,18088,,2, HTTP/1.1" 200 6031
190.171.149.74 - - [10/Mar/2022:10:58:35 -0300] "GET /cormun/static/about:blank HTTP/1.1" 404 1011
190.171.149.74 - - [10/Mar/2022:10:58:35 -0300] "GET /cormun/servlet/solicitudotadjuntos?INS,2022,18088,,2, HTTP/1.1" 200 6025
190.171.149.74 - - [10/Mar/2022:10:58:36 -0300] "GET /cormun/servlet/solicitudotadjuntos?e36581482f204b38d7074c077880d0421c6c33186956ff4bd0dbfa6065b111974dc0ed760a1026ddd613e665a5e989f1,gx-no-cache=1646923687127 HTTP/1.1" 200 30
190.171.149.74 - - [10/Mar/2022:10:58:36 -0300] "POST /cormun/servlet/solicitudotadjuntos?b7d4ec9da46d861a70c3cb74e111b3d5,INS,2022,18088,,2,,gx-no-cache=1646923687156 HTTP/1.1" 200 4049
181.212.42.153 - - [10/Mar/2022:10:58:39 -0300] "GET /cormun/servlet/solicitudot?652416580c7c794d6802c617b1da624b637216070cd31714b05eda8fac89dd8ce9dfb7427d381777a5ac1657cb3a0a3624c6fc04a4cefda127ed433db16fa70d8e73bc3d77372613f2925ebb47cc43c89cb7108c7f629f8d27fa1abfcc8c8be4a7ab55b79feb9fa0774fdacce805439220620660dc6dbfe831744ca5d2bf20e6d844f16dee3ffae9a6476965dda2d2120cd444ea35cc13bde4fc9bb078b185d7780d1e0c11bade70af1bd52b68a25a46ddbd9e8ecd4d81800de1ba0fecbc812b2946c68bf048e4e4b7b41d830991c5030858ab3ff7a250e70531c97bf689e911d4a5881e2326a3827a1be8a6a67ffe2e1a0d6e044ee2cc55b5664247e9d4a8eb136728404fab828ee4df02a8500aada4f7dc7502dda081c21635a3578d4c51ec6261b52d6bb781a6f2697fbcfc40c414e72ff7069e0a39795fb90d08b51185437ad36b40e9f59de96bf47bac37889adc1b8a73e91628a43eeae80b109d9c771de02a7635fbc701ff2c826859e2e339bb750f14c87b05cc49449802f18676ff894637a85f6762dd57e751d0c536309437,gx-no-cache=1646920308257 HTTP/1.1" 200 30
190.171.149.74 - - [10/Mar/2022:10:58:40 -0300] "POST /cormun/servlet/solicitudotadjuntos?gx-no-cache=1646923690963 HTTP/1.1" 200 26
181.212.42.153 - - [10/Mar/2022:10:58:42 -0300] "GET /cormun/servlet/solicitudot?652416580c7c794d6802c617b1da624b637216070cd31714b05eda8fac89dd8ce9dfb7427d381777a5ac1657cb3a0a3624c6fc04a4cefda127ed433db16fa70d8e73bc3d77372613f2925ebb47cc43c89cb7108c7f629f8d27fa1abfcc8c8be4a7ab55b79feb9fa0774fdacce805439220620660dc6dbfe831744ca5d2bf20e6d844f16dee3ffae9a6476965dda2d2120cd444ea35cc13bde4fc9bb078b185d7780d1e0c11bade70af1bd52b68a25a46ddbd9e8ecd4d81800de1ba0fecbc812b2946c68bf048e4e4b7b41d830991c5030858ab3ff7a250e70531c97bf689e911d4a5881e2326a3827a1be8a6a67ffe2ea7836e716fdd528e391fc29de569460a136728404fab828ee4df02a8500aada4f7dc7502dda081c21635a3578d4c51ec6261b52d6bb781a6f2697fbcfc40c414e72ff7069e0a39795fb90d08b51185437ad36b40e9f59de96bf47bac37889adc1b8a73e91628a43eeae80b109d9c771de02a7635fbc701ff2c826859e2e339bb750f14c87b05cc49449802f18676ff894637a85f6762dd57e751d0c536309437,gx-no-cache=1646920311298 HTTP/1.1" 200 30
181.212.42.153 - - [10/Mar/2022:10:58:46 -0300] "POST /cormun/servlet/solicitudot?gx-no-cache=1646920315215 HTTP/1.1" 200 30
190.171.149.74 - - [10/Mar/2022:10:58:47 -0300] "GET /cormun/servlet/solicitudotadjuntos?e36581482f204b38d7074c077880d042820ef2ace8d51ca0cc027eaab9278993,gx-no-cache=1646923698039 HTTP/1.1" 200 30
190.171.149.74 - - [10/Mar/2022:10:58:47 -0300] "GET /cormun/servlet/solicitudotadjuntos?e36581482f204b38d7074c077880d042820ef2ace8d51ca0cc027eaab9278993,gx-no-cache=1646923698050 HTTP/1.1" 200 30
190.171.149.74 - - [10/Mar/2022:10:58:47 -0300] "POST /cormun/servlet/solicitudotadjuntos?b7d4ec9da46d861a70c3cb74e111b3d5,INS,2022,18088,,2, HTTP/1.1" 200 116
190.171.149.74 - - [10/Mar/2022:10:58:47 -0300] "GET /cormun/servlet/hpexe_return? HTTP/1.1" 200 1028
190.171.149.74 - - [10/Mar/2022:10:58:47 -0300] "GET /cormun/servlet/trsolicitudadjuntos?2022,18088, HTTP/1.1" 200 10183
190.171.149.74 - - [10/Mar/2022:10:58:48 -0300] "GET /cormun/servlet/trsolicitudadjuntos?2022,18088, HTTP/1.1" 200 10181
181.212.42.153 - - [10/Mar/2022:10:58:50 -0300] "POST /cormun/servlet/solicitudot?gx-no-cache=1646920318752 HTTP/1.1" 200 1452
181.212.42.153 - - [10/Mar/2022:10:58:50 -0300] "POST /cormun/servlet/solicitudot?gx-no-cache=1646920318814 HTTP/1.1" 200 38
181.212.42.153 - - [10/Mar/2022:10:58:55 -0300] "GET /cormun/servlet/solicitudot?652416580c7c794d6802c617b1da624b3531b8734ccd9c2064425921be692a0f2d29641ae1adcd9684d8a916451589f2b4ab9d886cfd3e0d37b0f944f0119ae3c473df824926c06c2f5316b214e3bf0c99e08e5c4aa24abbef454f76ff6e8f7228f45cbae40654020d294873ec32dc3f,gx-no-cache=1646920324315 HTTP/1.1" 200 110
45.232.32.113 - - [10/Mar/2022:10:59:01 -0300] "GET /cormun/servlet/trsolicitudadjuntos?2021,17422, HTTP/1.1" 200 9147
181.212.42.153 - - [10/Mar/2022:10:59:03 -0300] "POST /cormun/servlet/solicitudot?gx-no-cache=1646920332351 HTTP/1.1" 200 59
190.171.149.74 - - [10/Mar/2022:10:59:11 -0300] "GET /cormun/servlet/trsolicitudot? HTTP/1.1" 200 9218
181.212.42.153 - - [10/Mar/2022:10:59:11 -0300] "GET /cormun/servlet/solicitudot?652416580c7c794d6802c617b1da624b3531b8734ccd9c2064425921be692a0f2d29641ae1adcd9684d8a916451589f2b4ab9d886cfd3e0d37b0f944f0119ae3c473df824926c06c2f5316b214e3bf0c99e08e5c4aa24abbef454f76ff6e8f7228f45cbae40654020d294873ec32dc3f,gx-no-cache=1646920340077 HTTP/1.1" 200 110
181.212.42.153 - - [10/Mar/2022:10:59:11 -0300] "GET /cormun/servlet/solicitudot?652416580c7c794d6802c617b1da624b431ecaacaa0a487c0df612cd157e373db425ed974d91a11379346f2549260132ea94b3ae8ade769892d04875374c6065ac5b387bd3426f97640514b6c5ee198864df9b11df43cf471ee393d5d634c13fb3de1bceafb145e882596ad63800af93,gx-no-cache=1646920340101 HTTP/1.1" 200 29
190.171.149.74 - - [10/Mar/2022:10:59:11 -0300] "GET /cormun/servlet/trsolicitudot? HTTP/1.1" 200 9211
181.212.42.153 - - [10/Mar/2022:10:59:25 -0300] "GET /cormun/static/menuarrow.gif HTTP/1.1" 404 1015
181.212.42.153 - - [10/Mar/2022:10:59:28 -0300] "GET /cormun/servlet/solicitudot?652416580c7c794d6802c617b1da624b718949ff47c72f8ced99d43c1b58015bfaebbbbf72452e71529493f920114dc1,gx-no-cache=1646920357200 HTTP/1.1" 200 30
181.212.42.153 - - [10/Mar/2022:10:59:34 -0300] "POST /cormun/servlet/solicitudot?gx-no-cache=1646920363425 HTTP/1.1" 200 30
181.212.42.153 - - [10/Mar/2022:10:59:48 -0300] "POST /cormun/servlet/solicitudot?4b48f468f98607ac49716172cf8b848b,INS,0,0,false,,gx-no-cache=1646920376616 HTTP/1.1" 200 93
181.212.42.153 - - [10/Mar/2022:10:59:48 -0300] "GET /cormun/servlet/hpexe_return? HTTP/1.1" 200 1013
181.212.42.153 - - [10/Mar/2022:10:59:48 -0300] "GET /cormun/servlet/trsolicitudot HTTP/1.1" 200 8452
190.171.149.74 - - [10/Mar/2022:10:59:48 -0300] "POST /cormun/servlet/trsolicitudot?b7d4ec9da46d861a70c3cb74e111b3d5,,gx-no-cache=1646923759299 HTTP/1.1" 200 6137
190.171.149.74 - - [10/Mar/2022:10:59:48 -0300] "GET /cormun/static/Shared/jqueryui/images/ui-bg_highlight-soft_100_c6c2c8_1x100.png HTTP/1.1" 404 1117
190.171.149.74 - - [10/Mar/2022:10:59:48 -0300] "GET /cormun/static/Shared/jqueryui/images/ui-icons_82798d_256x240.png HTTP/1.1" 404 1089
190.171.149.74 - - [10/Mar/2022:10:59:48 -0300] "GET /cormun/static/Shared/jqueryui/images/ui-icons_8d78a5_256x240.png HTTP/1.1" 404 1089
190.171.149.74 - - [10/Mar/2022:10:59:48 -0300] "GET /cormun/static/Shared/jqueryui/images/ui-bg_flat_55_fafafa_40x100.png HTTP/1.1" 404 1097
190.171.149.74 - - [10/Mar/2022:10:59:48 -0300] "POST /cormun/servlet/trsolicitudot?b7d4ec9da46d861a70c3cb74e111b3d5,,gx-no-cache=1646923759583 HTTP/1.1" 200 6081
181.212.42.153 - - [10/Mar/2022:10:59:48 -0300] "GET /cormun/servlet/trsolicitudot HTTP/1.1" 200 8448
181.212.42.153 - - [10/Mar/2022:10:59:50 -0300] "POST /cormun/servlet/trsolicitudot?4b48f468f98607ac49716172cf8b848b,gx-no-cache=1646920378934 HTTP/1.1" 200 5741
181.212.42.153 - - [10/Mar/2022:10:59:50 -0300] "GET /cormun/static/Shared/jqueryui/images/ui-icons_82798d_256x240.png HTTP/1.1" 404 1089
181.212.42.153 - - [10/Mar/2022:10:59:50 -0300] "GET /cormun/static/Shared/jqueryui/images/ui-bg_highlight-soft_100_c6c2c8_1x100.png HTTP/1.1" 404 1117
181.212.42.153 - - [10/Mar/2022:10:59:50 -0300] "GET /cormun/static/Shared/jqueryui/images/ui-icons_8d78a5_256x240.png HTTP/1.1" 404 1089
181.212.42.153 - - [10/Mar/2022:10:59:50 -0300] "GET /cormun/static/Shared/jqueryui/images/ui-bg_flat_55_fafafa_40x100.png HTTP/1.1" 404 1097
190.171.149.74 - - [10/Mar/2022:10:59:50 -0300] "POST /cormun/servlet/trsolicitudot?b7d4ec9da46d861a70c3cb74e111b3d5,,gx-no-cache=1646923761430 HTTP/1.1" 200 5843
190.171.149.74 - - [10/Mar/2022:10:59:50 -0300] "POST /cormun/servlet/trsolicitudot?b7d4ec9da46d861a70c3cb74e111b3d5,,gx-no-cache=1646923761688 HTTP/1.1" 200 5789
181.212.42.153 - - [10/Mar/2022:10:59:52 -0300] "POST /cormun/servlet/trsolicitudot?4b48f468f98607ac49716172cf8b848b,gx-no-cache=1646920380679 HTTP/1.1" 200 106
181.212.42.153 - - [10/Mar/2022:10:59:52 -0300] "GET /cormun/servlet/trsolicitudadjuntos?2022,18089, HTTP/1.1" 200 6074
190.171.149.74 - - [10/Mar/2022:10:59:52 -0300] "POST /cormun/servlet/trsolicitudot?b7d4ec9da46d861a70c3cb74e111b3d5,,gx-no-cache=1646923763360 HTTP/1.1" 200 4604
181.212.42.153 - - [10/Mar/2022:10:59:52 -0300] "GET /cormun/servlet/trsolicitudadjuntos?2022,18089, HTTP/1.1" 200 6074
190.171.149.74 - - [10/Mar/2022:10:59:53 -0300] "POST /cormun/servlet/trsolicitudot?b7d4ec9da46d861a70c3cb74e111b3d5,,gx-no-cache=1646923763570 HTTP/1.1" 200 4348
181.212.42.153 - - [10/Mar/2022:10:59:54 -0300] "GET /cormun/servlet/solicitudotadjuntos?INS,2022,18089,,1, HTTP/1.1" 200 6021
181.212.42.153 - - [10/Mar/2022:10:59:54 -0300] "GET /cormun/static/about:blank HTTP/1.1" 404 1011
181.212.42.153 - - [10/Mar/2022:10:59:54 -0300] "GET /cormun/servlet/solicitudotadjuntos?INS,2022,18089,,1, HTTP/1.1" 200 6014
181.212.42.153 - - [10/Mar/2022:10:59:54 -0300] "GET /cormun/servlet/solicitudotadjuntos?652416580c7c794d6802c617b1da624b4514172b1b1326c562569df63251e05069fad55f2248f0ccd4eafa3c407d090d,gx-no-cache=1646920383313 HTTP/1.1" 200 30
181.212.42.153 - - [10/Mar/2022:10:59:55 -0300] "POST /cormun/servlet/solicitudotadjuntos?4b48f468f98607ac49716172cf8b848b,INS,2022,18089,,1,,gx-no-cache=1646920383411 HTTP/1.1" 200 3871
181.212.42.153 - - [10/Mar/2022:10:59:56 -0300] "POST /cormun/servlet/solicitudotadjuntos?gx-no-cache=1646920385104 HTTP/1.1" 200 26
181.212.42.153 - - [10/Mar/2022:11:00:02 -0300] "GET /cormun/servlet/solicitudotadjuntos?652416580c7c794d6802c617b1da624bff608fff79995cbf70465e8d69fe00d1,gx-no-cache=1646920390553 HTTP/1.1" 200 30
181.212.42.153 - - [10/Mar/2022:11:00:02 -0300] "GET /cormun/servlet/solicitudotadjuntos?652416580c7c794d6802c617b1da624bff608fff79995cbf70465e8d69fe00d1,gx-no-cache=1646920390565 HTTP/1.1" 200 30
181.212.42.153 - - [10/Mar/2022:11:00:02 -0300] "POST /cormun/servlet/solicitudotadjuntos?4b48f468f98607ac49716172cf8b848b,INS,2022,18089,,1, HTTP/1.1" 200 116
181.212.42.153 - - [10/Mar/2022:11:00:02 -0300] "GET /cormun/servlet/hpexe_return? HTTP/1.1" 200 1032
181.212.42.153 - - [10/Mar/2022:11:00:02 -0300] "GET /cormun/servlet/trsolicitudadjuntos?2022,18089, HTTP/1.1" 200 8844
181.212.42.153 - - [10/Mar/2022:11:00:03 -0300] "GET /cormun/servlet/trsolicitudadjuntos?2022,18089, HTTP/1.1" 200 8841
181.212.42.153 - - [10/Mar/2022:11:00:04 -0300] "GET /cormun/servlet/solicitudotadjuntos?INS,2022,18089,,1, HTTP/1.1" 200 6021
181.212.42.153 - - [10/Mar/2022:11:00:04 -0300] "GET /cormun/static/about:blank HTTP/1.1" 404 1011
181.212.42.153 - - [10/Mar/2022:11:00:04 -0300] "GET /cormun/servlet/solicitudotadjuntos?INS,2022,18089,,1, HTTP/1.1" 200 6014
181.212.42.153 - - [10/Mar/2022:11:00:05 -0300] "GET /cormun/servlet/solicitudotadjuntos?652416580c7c794d6802c617b1da624b4514172b1b1326c562569df63251e05069fad55f2248f0ccd4eafa3c407d090d,gx-no-cache=1646920393864 HTTP/1.1" 200 30
181.212.42.153 - - [10/Mar/2022:11:00:05 -0300] "POST /cormun/servlet/solicitudotadjuntos?4b48f468f98607ac49716172cf8b848b,INS,2022,18089,,1,,gx-no-cache=1646920393957 HTTP/1.1" 200 3871
181.212.42.153 - - [10/Mar/2022:11:00:07 -0300] "POST /cormun/servlet/solicitudotadjuntos?gx-no-cache=1646920395897 HTTP/1.1" 200 26
181.212.42.153 - - [10/Mar/2022:11:00:12 -0300] "GET /cormun/servlet/solicitudotadjuntos?652416580c7c794d6802c617b1da624bff608fff79995cbf70465e8d69fe00d1,gx-no-cache=1646920401281 HTTP/1.1" 200 30
181.212.42.153 - - [10/Mar/2022:11:00:12 -0300] "GET /cormun/servlet/solicitudotadjuntos?652416580c7c794d6802c617b1da624bff608fff79995cbf70465e8d69fe00d1,gx-no-cache=1646920401292 HTTP/1.1" 200 30
181.212.42.153 - - [10/Mar/2022:11:00:12 -0300] "POST /cormun/servlet/solicitudotadjuntos?4b48f468f98607ac49716172cf8b848b,INS,2022,18089,,1, HTTP/1.1" 200 116
181.212.42.153 - - [10/Mar/2022:11:00:12 -0300] "GET /cormun/servlet/hpexe_return? HTTP/1.1" 200 1032
181.212.42.153 - - [10/Mar/2022:11:00:13 -0300] "GET /cormun/servlet/trsolicitudadjuntos?2022,18089, HTTP/1.1" 200 9083
181.212.42.153 - - [10/Mar/2022:11:00:13 -0300] "GET /cormun/servlet/trsolicitudadjuntos?2022,18089, HTTP/1.1" 200 9081
181.212.42.153 - - [10/Mar/2022:11:00:15 -0300] "GET /cormun/servlet/solicitudotadjuntos?INS,2022,18089,,1, HTTP/1.1" 200 6021
181.212.42.153 - - [10/Mar/2022:11:00:15 -0300] "GET /cormun/static/about:blank HTTP/1.1" 404 1011
181.212.42.153 - - [10/Mar/2022:11:00:15 -0300] "GET /cormun/servlet/solicitudotadjuntos?INS,2022,18089,,1, HTTP/1.1" 200 6014
181.212.42.153 - - [10/Mar/2022:11:00:15 -0300] "GET /cormun/servlet/solicitudotadjuntos?652416580c7c794d6802c617b1da624b4514172b1b1326c562569df63251e05069fad55f2248f0ccd4eafa3c407d090d,gx-no-cache=1646920404220 HTTP/1.1" 200 30
181.212.42.153 - - [10/Mar/2022:11:00:15 -0300] "POST /cormun/servlet/solicitudotadjuntos?4b48f468f98607ac49716172cf8b848b,INS,2022,18089,,1,,gx-no-cache=1646920404324 HTTP/1.1" 200 3871
181.212.42.153 - - [10/Mar/2022:11:00:17 -0300] "POST /cormun/servlet/solicitudotadjuntos?gx-no-cache=1646920405973 HTTP/1.1" 200 26
190.171.143.106 - - [10/Mar/2022:11:00:21 -0300] "GET /cormun/servlet/hlogin HTTP/1.1" 200 1726
181.212.42.153 - - [10/Mar/2022:11:00:22 -0300] "GET /cormun/servlet/solicitudotadjuntos?652416580c7c794d6802c617b1da624bff608fff79995cbf70465e8d69fe00d1,gx-no-cache=1646920410973 HTTP/1.1" 200 30
181.212.42.153 - - [10/Mar/2022:11:00:22 -0300] "GET /cormun/servlet/solicitudotadjuntos?652416580c7c794d6802c617b1da624bff608fff79995cbf70465e8d69fe00d1,gx-no-cache=1646920411064 HTTP/1.1" 200 30
181.212.42.153 - - [10/Mar/2022:11:00:22 -0300] "POST /cormun/servlet/solicitudotadjuntos?4b48f468f98607ac49716172cf8b848b,INS,2022,18089,,1, HTTP/1.1" 200 116
181.212.42.153 - - [10/Mar/2022:11:00:23 -0300] "GET /cormun/servlet/hpexe_return? HTTP/1.1" 200 1032
181.212.42.153 - - [10/Mar/2022:11:00:23 -0300] "GET /cormun/servlet/trsolicitudadjuntos?2022,18089, HTTP/1.1" 200 9247
181.212.42.153 - - [10/Mar/2022:11:00:23 -0300] "GET /cormun/servlet/trsolicitudadjuntos?2022,18089, HTTP/1.1" 200 9244
181.212.42.153 - - [10/Mar/2022:11:00:25 -0300] "GET /cormun/servlet/solicitudotadjuntos?INS,2022,18089,,1, HTTP/1.1" 200 6021
181.212.42.153 - - [10/Mar/2022:11:00:25 -0300] "GET /cormun/static/about:blank HTTP/1.1" 404 1011
181.212.42.153 - - [10/Mar/2022:11:00:25 -0300] "GET /cormun/servlet/solicitudotadjuntos?INS,2022,18089,,1, HTTP/1.1" 200 6014
181.212.42.153 - - [10/Mar/2022:11:00:26 -0300] "GET /cormun/servlet/solicitudotadjuntos?652416580c7c794d6802c617b1da624b4514172b1b1326c562569df63251e05069fad55f2248f0ccd4eafa3c407d090d,gx-no-cache=1646920414527 HTTP/1.1" 200 30
181.212.42.153 - - [10/Mar/2022:11:00:26 -0300] "POST /cormun/servlet/solicitudotadjuntos?4b48f468f98607ac49716172cf8b848b,INS,2022,18089,,1,,gx-no-cache=1646920414630 HTTP/1.1" 200 3871
181.212.42.153 - - [10/Mar/2022:11:00:27 -0300] "POST /cormun/servlet/solicitudotadjuntos?gx-no-cache=1646920416214 HTTP/1.1" 200 26
181.212.42.153 - - [10/Mar/2022:11:00:34 -0300] "GET /cormun/servlet/solicitudotadjuntos?652416580c7c794d6802c617b1da624bff608fff79995cbf70465e8d69fe00d1,gx-no-cache=1646920422893 HTTP/1.1" 200 30
181.212.42.153 - - [10/Mar/2022:11:00:34 -0300] "GET /cormun/servlet/solicitudotadjuntos?652416580c7c794d6802c617b1da624bff608fff79995cbf70465e8d69fe00d1,gx-no-cache=1646920422906 HTTP/1.1" 200 30
181.212.42.153 - - [10/Mar/2022:11:00:34 -0300] "POST /cormun/servlet/solicitudotadjuntos?4b48f468f98607ac49716172cf8b848b,INS,2022,18089,,1, HTTP/1.1" 200 116
181.212.42.153 - - [10/Mar/2022:11:00:34 -0300] "GET /cormun/servlet/hpexe_return? HTTP/1.1" 200 1032
181.212.42.153 - - [10/Mar/2022:11:00:34 -0300] "GET /cormun/servlet/trsolicitudadjuntos?2022,18089, HTTP/1.1" 200 9491
181.212.42.153 - - [10/Mar/2022:11:00:35 -0300] "GET /cormun/servlet/trsolicitudadjuntos?2022,18089, HTTP/1.1" 200 9489
181.212.42.153 - - [10/Mar/2022:11:00:36 -0300] "GET /cormun/servlet/solicitudotadjuntos?INS,2022,18089,,1, HTTP/1.1" 200 6021
181.212.42.153 - - [10/Mar/2022:11:00:36 -0300] "GET /cormun/static/about:blank HTTP/1.1" 404 1011
181.212.42.153 - - [10/Mar/2022:11:00:37 -0300] "GET /cormun/servlet/solicitudotadjuntos?INS,2022,18089,,1, HTTP/1.1" 200 6014
181.212.42.153 - - [10/Mar/2022:11:00:37 -0300] "GET /cormun/servlet/solicitudotadjuntos?652416580c7c794d6802c617b1da624b4514172b1b1326c562569df63251e05069fad55f2248f0ccd4eafa3c407d090d,gx-no-cache=1646920425987 HTTP/1.1" 200 30
181.212.42.153 - - [10/Mar/2022:11:00:37 -0300] "POST /cormun/servlet/solicitudotadjuntos?4b48f468f98607ac49716172cf8b848b,INS,2022,18089,,1,,gx-no-cache=1646920426002 HTTP/1.1" 200 3871
181.212.42.153 - - [10/Mar/2022:11:00:39 -0300] "POST /cormun/servlet/solicitudotadjuntos?gx-no-cache=1646920427549 HTTP/1.1" 200 26
190.171.143.106 - - [10/Mar/2022:11:00:39 -0300] "POST /cormun/servlet/hlogin?aae882278bfe0d5179f19cd3e848a2f6,gx-no-cache=1646920098672 HTTP/1.1" 200 90
190.171.143.106 - - [10/Mar/2022:11:00:39 -0300] "GET /cormun/servlet/hpexe_link HTTP/1.1" 200 954
190.171.143.106 - - [10/Mar/2022:11:00:39 -0300] "GET /cormun/servlet/hhome HTTP/1.1" 200 3974
190.171.143.106 - - [10/Mar/2022:11:00:39 -0300] "GET /cormun/servlet/hhome HTTP/1.1" 200 3970
181.212.42.153 - - [10/Mar/2022:11:00:46 -0300] "GET /cormun/servlet/solicitudotadjuntos?652416580c7c794d6802c617b1da624bff608fff79995cbf70465e8d69fe00d1,gx-no-cache=1646920435055 HTTP/1.1" 200 30
181.212.42.153 - - [10/Mar/2022:11:00:46 -0300] "GET /cormun/servlet/solicitudotadjuntos?652416580c7c794d6802c617b1da624bff608fff79995cbf70465e8d69fe00d1,gx-no-cache=1646920435066 HTTP/1.1" 200 30
181.212.42.153 - - [10/Mar/2022:11:00:46 -0300] "POST /cormun/servlet/solicitudotadjuntos?4b48f468f98607ac49716172cf8b848b,INS,2022,18089,,1, HTTP/1.1" 200 116
181.212.42.153 - - [10/Mar/2022:11:00:46 -0300] "GET /cormun/servlet/hpexe_return? HTTP/1.1" 200 1032
181.212.42.153 - - [10/Mar/2022:11:00:46 -0300] "GET /cormun/servlet/trsolicitudadjuntos?2022,18089, HTTP/1.1" 200 9773
181.212.42.153 - - [10/Mar/2022:11:00:47 -0300] "GET /cormun/servlet/trsolicitudadjuntos?2022,18089, HTTP/1.1" 200 9772
181.212.42.153 - - [10/Mar/2022:11:00:49 -0300] "GET /cormun/servlet/solicitudotadjuntos?INS,2022,18089,,1, HTTP/1.1" 200 6021
181.212.42.153 - - [10/Mar/2022:11:00:49 -0300] "GET /cormun/static/about:blank HTTP/1.1" 404 1011
181.212.42.153 - - [10/Mar/2022:11:00:49 -0300] "GET /cormun/servlet/solicitudotadjuntos?INS,2022,18089,,1, HTTP/1.1" 200 6014
181.212.42.153 - - [10/Mar/2022:11:00:49 -0300] "GET /cormun/servlet/solicitudotadjuntos?652416580c7c794d6802c617b1da624b4514172b1b1326c562569df63251e05069fad55f2248f0ccd4eafa3c407d090d,gx-no-cache=1646920438259 HTTP/1.1" 200 30
181.212.42.153 - - [10/Mar/2022:11:00:49 -0300] "POST /cormun/servlet/solicitudotadjuntos?4b48f468f98607ac49716172cf8b848b,INS,2022,18089,,1,,gx-no-cache=1646920438274 HTTP/1.1" 200 3871
