190.171.144.234 - - [09/Mar/2022:09:58:49 -0300] "GET /cormun/servlet/solicitudotadjuntos?1bcbfd75eeea058638070b4deeb91478c72488554792ff79461532601b9b16daece96460cd339824814b39a490997916,gx-no-cache=1646829986469 HTTP/1.1" 200 30
190.171.144.234 - - [09/Mar/2022:09:58:49 -0300] "POST /cormun/servlet/solicitudotadjuntos?428a6657e332defece416656175ff27c,INS,2022,17994,,1,,gx-no-cache=1646829986488 HTTP/1.1" 200 3898
190.95.1.185 - - [09/Mar/2022:09:58:50 -0300] "GET /cormun/servlet/solicitudot?8bd0f44315de60c84e081dc5b24261d27e6ec7543447bcf8cfa599a6f08cf1d999c3c43ab6a6d268c9403e1450a42c15e90fa5c4871bbf41c138a36ce8cc84dd18811893bc54d421eab3f065215006e310222af07d3f732e0c0c2e07b2dde83a12734a250c6ede300baffcb6f0c16f99,gx-no-cache=1646829987889 HTTP/1.1" 200 110
190.95.1.185 - - [09/Mar/2022:09:58:50 -0300] "POST /cormun/servlet/solicitudot?gx-no-cache=1646829987976 HTTP/1.1" 200 97
190.95.1.185 - - [09/Mar/2022:09:58:51 -0300] "GET /cormun/servlet/solicitudot?8bd0f44315de60c84e081dc5b24261d26e0c71030b2d939439c8009c2aeb766ba52a400156c2081952195c5b13b8ad1b6b6edfa7ba122c984ee0703610590585136fd02bf8f25f33624d9c50b2e451e6a944f5d3abd4dba73a987b908981c60efae617a7d0fa3cd26705864b53c2f95cef00d8e9b95eb6c70b3b19df4917afab1f276e8416b8b0b19d5cb8389ae0700b2aefb75e8cf5cada365c09ab2bb241ae,gx-no-cache=1646829988792 HTTP/1.1" 200 30
190.95.1.185 - - [09/Mar/2022:09:58:53 -0300] "GET /cormun/servlet/solicitudot?8bd0f44315de60c84e081dc5b24261d26c9cf1ab4adad25d15682401a0341fd243e001ef8bdabfd1e8d5c6beda48a0ba,gx-no-cache=1646829990328 HTTP/1.1" 200 30
190.95.1.185 - - [09/Mar/2022:09:58:53 -0300] "POST /cormun/servlet/solicitudot?gx-no-cache=1646829990350 HTTP/1.1" 200 33
190.95.1.185 - - [09/Mar/2022:09:58:53 -0300] "POST /cormun/servlet/solicitudot?24b62cbac37fa98dc20cc38913178ebd,UPD,2022,18038,false,,gx-no-cache=1646829990408 HTTP/1.1" 200 93
190.95.1.185 - - [09/Mar/2022:09:58:53 -0300] "GET /cormun/servlet/hpexe_return? HTTP/1.1" 200 1038
190.171.144.234 - - [09/Mar/2022:09:58:53 -0300] "POST /cormun/servlet/solicitudotadjuntos?gx-no-cache=1646829990245 HTTP/1.1" 200 26
190.95.1.185 - - [09/Mar/2022:09:58:53 -0300] "GET /cormun/servlet/trsolicitudot?gx-no-cache=1646829967079 HTTP/1.1" 200 9703
190.95.1.185 - - [09/Mar/2022:09:58:53 -0300] "GET /cormun/servlet/trsolicitudot?gx-no-cache=1646829967079 HTTP/1.1" 200 9719
190.95.1.185 - - [09/Mar/2022:09:59:01 -0300] "POST /cormun/servlet/trsolicitudot?24b62cbac37fa98dc20cc38913178ebd,gx-no-cache=1646829967079,gx-no-cache=1646829998968 HTTP/1.1" 200 113
190.95.1.185 - - [09/Mar/2022:09:59:01 -0300] "GET /cormun/servlet/solicitudot?UPD,2022,18037,false, HTTP/1.1" 200 16807
190.95.1.185 - - [09/Mar/2022:09:59:02 -0300] "GET /cormun/servlet/solicitudot?UPD,2022,18037,false, HTTP/1.1" 200 16796
190.95.1.185 - - [09/Mar/2022:09:59:02 -0300] "POST /cormun/servlet/solicitudot?gx-no-cache=1646829999874 HTTP/1.1" 200 3929
190.95.1.185 - - [09/Mar/2022:09:59:02 -0300] "POST /cormun/servlet/solicitudot?24b62cbac37fa98dc20cc38913178ebd,UPD,2022,18037,false,,gx-no-cache=1646830000024 HTTP/1.1" 200 12889
190.95.1.185 - - [09/Mar/2022:09:59:02 -0300] "GET /cormun/servlet/solicitudot?8bd0f44315de60c84e081dc5b24261d20894c265efddcf69a80ce34e050104e3693a7af9c49a3f1055e87360199cba45,gx-no-cache=1646830000240 HTTP/1.1" 200 30
190.95.1.185 - - [09/Mar/2022:09:59:03 -0300] "GET /cormun/servlet/solicitudot?8bd0f44315de60c84e081dc5b24261d2950d345a1528a5b92dbe03740979408134e50311c69c7a2a68e54b58a1bae2e4693a7af9c49a3f1055e87360199cba45,gx-no-cache=1646830000316 HTTP/1.1" 200 30
190.95.1.185 - - [09/Mar/2022:09:59:03 -0300] "GET /cormun/servlet/solicitudot?8bd0f44315de60c84e081dc5b24261d206f4b919e403bad734bd41fdead698dce56bad0cabd80e1ab2a26727a009b3adba6128397d3ec4060702148500f31d56d6a10d371a03087de28bc662823fced4a4d0d7003a06166a02dc52c41b05a2e7,gx-no-cache=1646830000400 HTTP/1.1" 200 70
190.95.1.185 - - [09/Mar/2022:09:59:03 -0300] "POST /cormun/servlet/solicitudot?gx-no-cache=1646830000466 HTTP/1.1" 200 254
190.95.1.185 - - [09/Mar/2022:09:59:03 -0300] "GET /cormun/servlet/solicitudot?8bd0f44315de60c84e081dc5b24261d24cdb3b774a77ef59bef046b527b855de68c805d509974d5476fdd28897137d79ff09da4524b9fec27970e498edf05d9d62888a2b7fc8c8f6650c86a1fae6356aebd3508f1e21e6be9ab625474e9d9ae94e6e47c14437434f8a0a6099be5e078158dafcc4ee43471787fc0359faaaa91f67bd8d15878301f75c1dc45e25b4c259ae8e8d43735c2182a6a58ead56d83f0b7adc8e7836298d103b4bdce0900584cb6a0c1dda1162646b02554f98e8f0026a342ebc451a0b20c00cc04f13af2777f7a70d73020dd22bda69aa47c8605f5f49eb2ed3598ed9db33bd967a5962d8a61e79876c0be3117f0a120b3879cdfad137843897d92e79bc5412f5465807be7e26162a1b1184a7a11e2acdff001f92453feffc95159e665a4a34f38184b98967e5bb9eebc38adae0e6f1c464a5728fa5236833a59d00c0ea3a3a5912ce1c958b7256617ba049a183cf3a2986a544855137cf21f3abb03b1eb1a04d8861bb4057c000615eedc0049bd5b1e199c796bfa168,gx-no-cache=1646830000490 HTTP/1.1" 200 30
190.95.1.185 - - [09/Mar/2022:09:59:03 -0300] "POST /cormun/servlet/solicitudot?gx-no-cache=1646830000511 HTTP/1.1" 200 30
190.95.1.185 - - [09/Mar/2022:09:59:03 -0300] "POST /cormun/servlet/solicitudot?gx-no-cache=1646830000538 HTTP/1.1" 200 1454
190.95.1.185 - - [09/Mar/2022:09:59:03 -0300] "POST /cormun/servlet/solicitudot?gx-no-cache=1646830000577 HTTP/1.1" 200 41
190.95.1.185 - - [09/Mar/2022:09:59:11 -0300] "GET /cormun/servlet/solicitudot?8bd0f44315de60c84e081dc5b24261d27e6ec7543447bcf8cfa599a6f08cf1d999c3c43ab6a6d268c9403e1450a42c15e90fa5c4871bbf41c138a36ce8cc84dd18811893bc54d421eab3f065215006e310222af07d3f732e0c0c2e07b2dde83a12734a250c6ede300baffcb6f0c16f99,gx-no-cache=1646830009251 HTTP/1.1" 200 110
190.95.1.185 - - [09/Mar/2022:09:59:26 -0300] "POST /cormun/servlet/solicitudot?gx-no-cache=1646830023914 HTTP/1.1" 200 79
190.95.1.185 - - [09/Mar/2022:09:59:29 -0300] "GET /cormun/servlet/solicitudot?8bd0f44315de60c84e081dc5b24261d2e5ea81a3656cb0638f474774da5e8e36a52a400156c2081952195c5b13b8ad1b6b6edfa7ba122c984ee0703610590585136fd02bf8f25f33624d9c50b2e451e6a944f5d3abd4dba73a987b908981c60efae617a7d0fa3cd26705864b53c2f95cef00d8e9b95eb6c70b3b19df4917afab1f276e8416b8b0b19d5cb8389ae0700b2aefb75e8cf5cada365c09ab2bb241ae,gx-no-cache=1646830026888 HTTP/1.1" 200 29
190.95.1.185 - - [09/Mar/2022:09:59:29 -0300] "GET /cormun/servlet/solicitudot?8bd0f44315de60c84e081dc5b24261d26c9cf1ab4adad25d15682401a0341fd243e001ef8bdabfd1e8d5c6beda48a0ba,gx-no-cache=1646830026908 HTTP/1.1" 200 30
190.95.1.185 - - [09/Mar/2022:09:59:29 -0300] "POST /cormun/servlet/solicitudot?gx-no-cache=1646830026930 HTTP/1.1" 200 30
190.95.1.185 - - [09/Mar/2022:09:59:29 -0300] "POST /cormun/servlet/solicitudot?24b62cbac37fa98dc20cc38913178ebd,UPD,2022,18037,false,,gx-no-cache=1646830026958 HTTP/1.1" 200 93
190.95.1.185 - - [09/Mar/2022:09:59:29 -0300] "GET /cormun/servlet/hpexe_return? HTTP/1.1" 200 1038
190.95.1.185 - - [09/Mar/2022:09:59:30 -0300] "GET /cormun/servlet/trsolicitudot?gx-no-cache=1646829967079 HTTP/1.1" 200 9720
190.95.1.185 - - [09/Mar/2022:09:59:30 -0300] "GET /cormun/servlet/trsolicitudot?gx-no-cache=1646829967079 HTTP/1.1" 200 9739
190.171.144.234 - - [09/Mar/2022:09:59:30 -0300] "GET /cormun/servlet/solicitudotadjuntos?1bcbfd75eeea058638070b4deeb91478458c76dc80418cf4c78b20c5864bcbfa,gx-no-cache=1646830027571 HTTP/1.1" 200 30
190.171.144.234 - - [09/Mar/2022:09:59:30 -0300] "GET /cormun/servlet/solicitudotadjuntos?1bcbfd75eeea058638070b4deeb91478458c76dc80418cf4c78b20c5864bcbfa,gx-no-cache=1646830027626 HTTP/1.1" 200 30
190.171.144.234 - - [09/Mar/2022:09:59:31 -0300] "POST /cormun/servlet/solicitudotadjuntos?428a6657e332defece416656175ff27c,INS,2022,17994,,1, HTTP/1.1" 200 116
190.171.144.234 - - [09/Mar/2022:09:59:31 -0300] "GET /cormun/servlet/hpexe_return? HTTP/1.1" 200 1027
190.171.144.234 - - [09/Mar/2022:09:59:32 -0300] "GET /cormun/servlet/trsolicitudadjuntos?2022,17994, HTTP/1.1" 200 9821
190.171.144.234 - - [09/Mar/2022:09:59:32 -0300] "GET /cormun/servlet/trsolicitudadjuntos?2022,17994, HTTP/1.1" 200 9814
190.171.144.234 - - [09/Mar/2022:09:59:34 -0300] "GET /cormun/servlet/solicitudotadjuntos?INS,2022,17994,,1, HTTP/1.1" 200 6037
190.171.144.234 - - [09/Mar/2022:09:59:34 -0300] "GET /cormun/static/about:blank HTTP/1.1" 404 1011
190.171.144.234 - - [09/Mar/2022:09:59:34 -0300] "GET /cormun/servlet/solicitudotadjuntos?INS,2022,17994,,1, HTTP/1.1" 200 6030
190.171.144.234 - - [09/Mar/2022:09:59:35 -0300] "GET /cormun/servlet/solicitudotadjuntos?1bcbfd75eeea058638070b4deeb91478c72488554792ff79461532601b9b16daece96460cd339824814b39a490997916,gx-no-cache=1646830032089 HTTP/1.1" 200 30
190.171.144.234 - - [09/Mar/2022:09:59:35 -0300] "POST /cormun/servlet/solicitudotadjuntos?428a6657e332defece416656175ff27c,INS,2022,17994,,1,,gx-no-cache=1646830032107 HTTP/1.1" 200 3897
190.95.1.185 - - [09/Mar/2022:09:59:36 -0300] "POST /cormun/servlet/trsolicitudot?24b62cbac37fa98dc20cc38913178ebd,gx-no-cache=1646829967079,gx-no-cache=1646830034264 HTTP/1.1" 200 112
190.95.1.185 - - [09/Mar/2022:09:59:37 -0300] "GET /cormun/servlet/solicitudot?UPD,2022,18038,false, HTTP/1.1" 200 16827
190.95.1.185 - - [09/Mar/2022:09:59:37 -0300] "GET /cormun/servlet/solicitudot?UPD,2022,18038,false, HTTP/1.1" 200 16816
190.171.152.242 - - [09/Mar/2022:09:59:37 -0300] "GET /cormun/static/Shared/jqueryui/images/ui-bg_highlight-soft_100_eae6ea_1x100.png HTTP/1.1" 404 1117
190.95.1.185 - - [09/Mar/2022:09:59:38 -0300] "POST /cormun/servlet/solicitudot?gx-no-cache=1646830035201 HTTP/1.1" 200 3929
190.95.1.185 - - [09/Mar/2022:09:59:38 -0300] "POST /cormun/servlet/solicitudot?24b62cbac37fa98dc20cc38913178ebd,UPD,2022,18038,false,,gx-no-cache=1646830035358 HTTP/1.1" 200 12903
190.95.1.185 - - [09/Mar/2022:09:59:38 -0300] "GET /cormun/servlet/solicitudot?8bd0f44315de60c84e081dc5b24261d20894c265efddcf69a80ce34e050104e3693a7af9c49a3f1055e87360199cba45,gx-no-cache=1646830035555 HTTP/1.1" 200 30
190.95.1.185 - - [09/Mar/2022:09:59:38 -0300] "GET /cormun/servlet/solicitudot?8bd0f44315de60c84e081dc5b24261d2950d345a1528a5b92dbe03740979408134e50311c69c7a2a68e54b58a1bae2e4693a7af9c49a3f1055e87360199cba45,gx-no-cache=1646830035578 HTTP/1.1" 200 30
190.95.1.185 - - [09/Mar/2022:09:59:38 -0300] "GET /cormun/servlet/solicitudot?8bd0f44315de60c84e081dc5b24261d206f4b919e403bad734bd41fdead698dce56bad0cabd80e1ab2a26727a009b3adba6128397d3ec4060702148500f31d56d6a10d371a03087de28bc662823fced4a4d0d7003a06166a02dc52c41b05a2e7,gx-no-cache=1646830035597 HTTP/1.1" 200 70
190.95.1.185 - - [09/Mar/2022:09:59:38 -0300] "POST /cormun/servlet/solicitudot?gx-no-cache=1646830035620 HTTP/1.1" 200 256
190.95.1.185 - - [09/Mar/2022:09:59:38 -0300] "GET /cormun/servlet/solicitudot?8bd0f44315de60c84e081dc5b24261d24cdb3b774a77ef59bef046b527b855de68c805d509974d5476fdd28897137d79ff09da4524b9fec27970e498edf05d9d62888a2b7fc8c8f6650c86a1fae6356aebd3508f1e21e6be9ab625474e9d9ae94e6e47c14437434f8a0a6099be5e078158dafcc4ee43471787fc0359faaaa91f67bd8d15878301f75c1dc45e25b4c259ae8e8d43735c2182a6a58ead56d83f0b7adc8e7836298d103b4bdce0900584cb6a0c1dda1162646b02554f98e8f0026a342ebc451a0b20c00cc04f13af2777f7a70d73020dd22bda69aa47c8605f5f49eb2ed3598ed9db33bd967a5962d8a61e79876c0be3117f0a120b3879cdfad137843897d92e79bc5412f5465807be7e26162a1b1184a7a11e2acdff001f92453feffc95159e665a4a34f38184b98967e5bb9eebc38adae0e6f1c464a5728fa5236833a59d00c0ea3a3a5912ce1c958b7256617ba049a183cf3a2986a544855137cf21f3abb03b1eb1a04d8861bb4057c000615eedc0049bd5b1e199c796bfa168,gx-no-cache=1646830035645 HTTP/1.1" 200 30
190.95.1.185 - - [09/Mar/2022:09:59:38 -0300] "POST /cormun/servlet/solicitudot?gx-no-cache=1646830035666 HTTP/1.1" 200 30
190.95.1.185 - - [09/Mar/2022:09:59:38 -0300] "POST /cormun/servlet/solicitudot?gx-no-cache=1646830035691 HTTP/1.1" 200 1454
190.95.1.185 - - [09/Mar/2022:09:59:38 -0300] "POST /cormun/servlet/solicitudot?gx-no-cache=1646830035728 HTTP/1.1" 200 41
190.171.152.242 - - [09/Mar/2022:09:59:38 -0300] "GET /cormun/servlet/hlogin HTTP/1.1" 200 1740
190.171.144.234 - - [09/Mar/2022:09:59:40 -0300] "POST /cormun/servlet/solicitudotadjuntos?gx-no-cache=1646830036891 HTTP/1.1" 200 26
190.95.1.185 - - [09/Mar/2022:09:59:45 -0300] "GET /cormun/servlet/solicitudot?8bd0f44315de60c84e081dc5b24261d27e6ec7543447bcf8cfa599a6f08cf1d999c3c43ab6a6d268c9403e1450a42c15e90fa5c4871bbf41c138a36ce8cc84dd18811893bc54d421eab3f065215006e310222af07d3f732e0c0c2e07b2dde83a12734a250c6ede300baffcb6f0c16f99,gx-no-cache=1646830043114 HTTP/1.1" 200 110
190.95.1.185 - - [09/Mar/2022:09:59:51 -0300] "POST /cormun/servlet/solicitudot?gx-no-cache=1646830048890 HTTP/1.1" 200 79
190.95.1.185 - - [09/Mar/2022:09:59:55 -0300] "GET /cormun/servlet/solicitudot?8bd0f44315de60c84e081dc5b24261d2e5ea81a3656cb0638f474774da5e8e36a52a400156c2081952195c5b13b8ad1b6b6edfa7ba122c984ee0703610590585136fd02bf8f25f33624d9c50b2e451e6a944f5d3abd4dba73a987b908981c60efae617a7d0fa3cd26705864b53c2f95cef00d8e9b95eb6c70b3b19df4917afab1f276e8416b8b0b19d5cb8389ae0700b2aefb75e8cf5cada365c09ab2bb241ae,gx-no-cache=1646830052496 HTTP/1.1" 200 29
190.95.1.185 - - [09/Mar/2022:09:59:55 -0300] "GET /cormun/servlet/solicitudot?8bd0f44315de60c84e081dc5b24261d26c9cf1ab4adad25d15682401a0341fd243e001ef8bdabfd1e8d5c6beda48a0ba,gx-no-cache=1646830052518 HTTP/1.1" 200 30
190.95.1.185 - - [09/Mar/2022:09:59:55 -0300] "POST /cormun/servlet/solicitudot?gx-no-cache=1646830052538 HTTP/1.1" 200 33
190.95.1.185 - - [09/Mar/2022:09:59:55 -0300] "POST /cormun/servlet/solicitudot?24b62cbac37fa98dc20cc38913178ebd,UPD,2022,18038,false,,gx-no-cache=1646830052595 HTTP/1.1" 200 93
190.95.1.185 - - [09/Mar/2022:09:59:55 -0300] "GET /cormun/servlet/hpexe_return? HTTP/1.1" 200 1038
190.95.1.185 - - [09/Mar/2022:09:59:55 -0300] "GET /cormun/servlet/trsolicitudot?gx-no-cache=1646829967079 HTTP/1.1" 200 9694
190.95.1.185 - - [09/Mar/2022:09:59:55 -0300] "GET /cormun/servlet/trsolicitudot?gx-no-cache=1646829967079 HTTP/1.1" 200 9713
190.171.144.234 - - [09/Mar/2022:10:00:05 -0300] "GET /cormun/servlet/solicitudotadjuntos?1bcbfd75eeea058638070b4deeb91478458c76dc80418cf4c78b20c5864bcbfa,gx-no-cache=1646830062535 HTTP/1.1" 200 30
190.171.144.234 - - [09/Mar/2022:10:00:05 -0300] "GET /cormun/servlet/solicitudotadjuntos?1bcbfd75eeea058638070b4deeb91478458c76dc80418cf4c78b20c5864bcbfa,gx-no-cache=1646830062610 HTTP/1.1" 200 30
190.171.144.234 - - [09/Mar/2022:10:00:06 -0300] "POST /cormun/servlet/solicitudotadjuntos?428a6657e332defece416656175ff27c,INS,2022,17994,,1, HTTP/1.1" 200 116
190.171.144.234 - - [09/Mar/2022:10:00:06 -0300] "GET /cormun/servlet/hpexe_return? HTTP/1.1" 200 1027
190.171.144.234 - - [09/Mar/2022:10:00:06 -0300] "GET /cormun/servlet/trsolicitudadjuntos?2022,17994, HTTP/1.1" 200 9974
190.171.144.234 - - [09/Mar/2022:10:00:07 -0300] "GET /cormun/servlet/trsolicitudadjuntos?2022,17994, HTTP/1.1" 200 9973
190.95.1.185 - - [09/Mar/2022:10:00:21 -0300] "POST /cormun/servlet/trsolicitudot?24b62cbac37fa98dc20cc38913178ebd,gx-no-cache=1646829967079,gx-no-cache=1646830078284 HTTP/1.1" 200 112
190.95.1.185 - - [09/Mar/2022:10:00:21 -0300] "GET /cormun/servlet/solicitudot?UPD,2022,18038,false, HTTP/1.1" 200 16806
190.95.1.185 - - [09/Mar/2022:10:00:21 -0300] "GET /cormun/servlet/solicitudot?UPD,2022,18038,false, HTTP/1.1" 200 16795
190.95.1.185 - - [09/Mar/2022:10:00:22 -0300] "POST /cormun/servlet/solicitudot?gx-no-cache=1646830079430 HTTP/1.1" 200 3929
190.95.1.185 - - [09/Mar/2022:10:00:22 -0300] "POST /cormun/servlet/solicitudot?24b62cbac37fa98dc20cc38913178ebd,UPD,2022,18038,false,,gx-no-cache=1646830079631 HTTP/1.1" 200 12884
190.95.1.185 - - [09/Mar/2022:10:00:22 -0300] "GET /cormun/servlet/solicitudot?8bd0f44315de60c84e081dc5b24261d20894c265efddcf69a80ce34e050104e3693a7af9c49a3f1055e87360199cba45,gx-no-cache=1646830079829 HTTP/1.1" 200 30
190.95.1.185 - - [09/Mar/2022:10:00:22 -0300] "GET /cormun/servlet/solicitudot?8bd0f44315de60c84e081dc5b24261d2950d345a1528a5b92dbe03740979408134e50311c69c7a2a68e54b58a1bae2e4693a7af9c49a3f1055e87360199cba45,gx-no-cache=1646830079851 HTTP/1.1" 200 30
190.95.1.185 - - [09/Mar/2022:10:00:22 -0300] "GET /cormun/servlet/solicitudot?8bd0f44315de60c84e081dc5b24261d206f4b919e403bad734bd41fdead698dce56bad0cabd80e1ab2a26727a009b3adba6128397d3ec4060702148500f31d56d6a10d371a03087de28bc662823fced4a4d0d7003a06166a02dc52c41b05a2e7,gx-no-cache=1646830079870 HTTP/1.1" 200 70
190.95.1.185 - - [09/Mar/2022:10:00:22 -0300] "POST /cormun/servlet/solicitudot?gx-no-cache=1646830079913 HTTP/1.1" 200 256
190.95.1.185 - - [09/Mar/2022:10:00:22 -0300] "GET /cormun/servlet/solicitudot?8bd0f44315de60c84e081dc5b24261d24cdb3b774a77ef59bef046b527b855de68c805d509974d5476fdd28897137d79ff09da4524b9fec27970e498edf05d9d62888a2b7fc8c8f6650c86a1fae6356aebd3508f1e21e6be9ab625474e9d9ae94e6e47c14437434f8a0a6099be5e078158dafcc4ee43471787fc0359faaaa91f67bd8d15878301f75c1dc45e25b4c259ae8e8d43735c2182a6a58ead56d83f0b7adc8e7836298d103b4bdce0900584cb6a0c1dda1162646b02554f98e8f0026a342ebc451a0b20c00cc04f13af2777f7a70d73020dd22bda69aa47c8605f5f49eb2ed3598ed9db33bd967a5962d8a61e79876c0be3117f0a120b3879cdfad137843897d92e79bc5412f5465807be7e26162a1b1184a7a11e2acdff001f92453feffc95159e665a4a34f38184b98967e5bb9eebc38adae0e6f1c464a5728fa5236833a59d00c0ea3a3a5912ce1c958b7256617ba049a183cf3a2986a544855137cf21f3abb03b1eb1a04d8861bb4057c000615eedc0049bd5b1e199c796bfa168,gx-no-cache=1646830079937 HTTP/1.1" 200 30
190.95.1.185 - - [09/Mar/2022:10:00:22 -0300] "POST /cormun/servlet/solicitudot?gx-no-cache=1646830079991 HTTP/1.1" 200 30
190.95.1.185 - - [09/Mar/2022:10:00:22 -0300] "POST /cormun/servlet/solicitudot?gx-no-cache=1646830080060 HTTP/1.1" 200 1454
190.95.1.185 - - [09/Mar/2022:10:00:22 -0300] "POST /cormun/servlet/solicitudot?gx-no-cache=1646830080148 HTTP/1.1" 200 41
190.95.1.185 - - [09/Mar/2022:10:00:27 -0300] "GET /cormun/servlet/solicitudot?8bd0f44315de60c84e081dc5b24261d27e6ec7543447bcf8cfa599a6f08cf1d999c3c43ab6a6d268c9403e1450a42c15e90fa5c4871bbf41c138a36ce8cc84dd18811893bc54d421eab3f065215006e310222af07d3f732e0c0c2e07b2dde83a12734a250c6ede300baffcb6f0c16f99,gx-no-cache=1646830084340 HTTP/1.1" 200 110
190.95.1.185 - - [09/Mar/2022:10:00:27 -0300] "POST /cormun/servlet/solicitudot?gx-no-cache=1646830084362 HTTP/1.1" 200 67
190.95.1.185 - - [09/Mar/2022:10:00:27 -0300] "GET /cormun/servlet/solicitudot?8bd0f44315de60c84e081dc5b24261d2e5ea81a3656cb0638f474774da5e8e36a52a400156c2081952195c5b13b8ad1b6b6edfa7ba122c984ee0703610590585136fd02bf8f25f33624d9c50b2e451e6a944f5d3abd4dba73a987b908981c60efae617a7d0fa3cd26705864b53c2f95cef00d8e9b95eb6c70b3b19df4917afab1f276e8416b8b0b19d5cb8389ae0700b2aefb75e8cf5cada365c09ab2bb241ae,gx-no-cache=1646830084392 HTTP/1.1" 200 29
190.95.1.185 - - [09/Mar/2022:10:00:27 -0300] "GET /cormun/servlet/solicitudot?8bd0f44315de60c84e081dc5b24261d26c9cf1ab4adad25d15682401a0341fd243e001ef8bdabfd1e8d5c6beda48a0ba,gx-no-cache=1646830084412 HTTP/1.1" 200 30
190.95.1.185 - - [09/Mar/2022:10:00:27 -0300] "POST /cormun/servlet/solicitudot?gx-no-cache=1646830084434 HTTP/1.1" 200 33
190.95.1.185 - - [09/Mar/2022:10:00:27 -0300] "POST /cormun/servlet/solicitudot?24b62cbac37fa98dc20cc38913178ebd,UPD,2022,18038,false,,gx-no-cache=1646830084498 HTTP/1.1" 200 93
190.95.1.185 - - [09/Mar/2022:10:00:27 -0300] "GET /cormun/servlet/hpexe_return? HTTP/1.1" 200 1038
190.95.1.185 - - [09/Mar/2022:10:00:27 -0300] "GET /cormun/servlet/trsolicitudot?gx-no-cache=1646829967079 HTTP/1.1" 200 9694
190.95.1.185 - - [09/Mar/2022:10:00:27 -0300] "GET /cormun/servlet/trsolicitudot?gx-no-cache=1646829967079 HTTP/1.1" 200 9713
190.95.1.185 - - [09/Mar/2022:10:00:30 -0300] "POST /cormun/servlet/trsolicitudot?24b62cbac37fa98dc20cc38913178ebd,gx-no-cache=1646829967079,gx-no-cache=1646830087971 HTTP/1.1" 200 113
190.95.1.185 - - [09/Mar/2022:10:00:30 -0300] "GET /cormun/servlet/solicitudot?UPD,2022,18037,false, HTTP/1.1" 200 16795
190.95.1.185 - - [09/Mar/2022:10:00:31 -0300] "GET /cormun/servlet/solicitudot?UPD,2022,18037,false, HTTP/1.1" 200 16784
190.95.1.185 - - [09/Mar/2022:10:00:31 -0300] "POST /cormun/servlet/solicitudot?gx-no-cache=1646830088850 HTTP/1.1" 200 3929
190.95.1.185 - - [09/Mar/2022:10:00:31 -0300] "POST /cormun/servlet/solicitudot?24b62cbac37fa98dc20cc38913178ebd,UPD,2022,18037,false,,gx-no-cache=1646830089011 HTTP/1.1" 200 12877
190.95.1.185 - - [09/Mar/2022:10:00:31 -0300] "GET /cormun/servlet/solicitudot?8bd0f44315de60c84e081dc5b24261d20894c265efddcf69a80ce34e050104e3693a7af9c49a3f1055e87360199cba45,gx-no-cache=1646830089193 HTTP/1.1" 200 30
190.95.1.185 - - [09/Mar/2022:10:00:31 -0300] "GET /cormun/servlet/solicitudot?8bd0f44315de60c84e081dc5b24261d2950d345a1528a5b92dbe03740979408134e50311c69c7a2a68e54b58a1bae2e4693a7af9c49a3f1055e87360199cba45,gx-no-cache=1646830089258 HTTP/1.1" 200 30
190.95.1.185 - - [09/Mar/2022:10:00:32 -0300] "GET /cormun/servlet/solicitudot?8bd0f44315de60c84e081dc5b24261d206f4b919e403bad734bd41fdead698dce56bad0cabd80e1ab2a26727a009b3adba6128397d3ec4060702148500f31d56d6a10d371a03087de28bc662823fced4a4d0d7003a06166a02dc52c41b05a2e7,gx-no-cache=1646830089327 HTTP/1.1" 200 70
190.95.1.185 - - [09/Mar/2022:10:00:32 -0300] "POST /cormun/servlet/solicitudot?gx-no-cache=1646830089399 HTTP/1.1" 200 254
190.95.1.185 - - [09/Mar/2022:10:00:32 -0300] "GET /cormun/servlet/solicitudot?8bd0f44315de60c84e081dc5b24261d24cdb3b774a77ef59bef046b527b855de68c805d509974d5476fdd28897137d79ff09da4524b9fec27970e498edf05d9d62888a2b7fc8c8f6650c86a1fae6356aebd3508f1e21e6be9ab625474e9d9ae94e6e47c14437434f8a0a6099be5e078158dafcc4ee43471787fc0359faaaa91f67bd8d15878301f75c1dc45e25b4c259ae8e8d43735c2182a6a58ead56d83f0b7adc8e7836298d103b4bdce0900584cb6a0c1dda1162646b02554f98e8f0026a342ebc451a0b20c00cc04f13af2777f7a70d73020dd22bda69aa47c8605f5f49eb2ed3598ed9db33bd967a5962d8a61e79876c0be3117f0a120b3879cdfad137843897d92e79bc5412f5465807be7e26162a1b1184a7a11e2acdff001f92453feffc95159e665a4a34f38184b98967e5bb9eebc38adae0e6f1c464a5728fa5236833a59d00c0ea3a3a5912ce1c958b7256617ba049a183cf3a2986a544855137cf21f3abb03b1eb1a04d8861bb4057c000615eedc0049bd5b1e199c796bfa168,gx-no-cache=1646830089483 HTTP/1.1" 200 30
190.95.1.185 - - [09/Mar/2022:10:00:32 -0300] "POST /cormun/servlet/solicitudot?gx-no-cache=1646830089561 HTTP/1.1" 200 30
190.95.1.185 - - [09/Mar/2022:10:00:32 -0300] "POST /cormun/servlet/solicitudot?gx-no-cache=1646830089644 HTTP/1.1" 200 1454
190.95.1.185 - - [09/Mar/2022:10:00:32 -0300] "POST /cormun/servlet/solicitudot?gx-no-cache=1646830089679 HTTP/1.1" 200 41
190.171.144.234 - - [09/Mar/2022:10:00:33 -0300] "GET /cormun/servlet/trsolicitudot? HTTP/1.1" 200 9913
190.171.144.234 - - [09/Mar/2022:10:00:33 -0300] "GET /cormun/servlet/trsolicitudot? HTTP/1.1" 200 9906
190.95.1.185 - - [09/Mar/2022:10:00:35 -0300] "GET /cormun/servlet/solicitudot?8bd0f44315de60c84e081dc5b24261d27e6ec7543447bcf8cfa599a6f08cf1d999c3c43ab6a6d268c9403e1450a42c15e90fa5c4871bbf41c138a36ce8cc84dd18811893bc54d421eab3f065215006e310222af07d3f732e0c0c2e07b2dde83a12734a250c6ede300baffcb6f0c16f99,gx-no-cache=1646830092484 HTTP/1.1" 200 110
190.95.1.185 - - [09/Mar/2022:10:00:35 -0300] "POST /cormun/servlet/solicitudot?gx-no-cache=1646830092545 HTTP/1.1" 200 79
190.95.1.185 - - [09/Mar/2022:10:00:35 -0300] "GET /cormun/servlet/solicitudot?8bd0f44315de60c84e081dc5b24261d2e5ea81a3656cb0638f474774da5e8e36a52a400156c2081952195c5b13b8ad1b6b6edfa7ba122c984ee0703610590585136fd02bf8f25f33624d9c50b2e451e6a944f5d3abd4dba73a987b908981c60efae617a7d0fa3cd26705864b53c2f95cef00d8e9b95eb6c70b3b19df4917afab1f276e8416b8b0b19d5cb8389ae0700b2aefb75e8cf5cada365c09ab2bb241ae,gx-no-cache=1646830092578 HTTP/1.1" 200 29
190.95.1.185 - - [09/Mar/2022:10:00:35 -0300] "GET /cormun/servlet/solicitudot?8bd0f44315de60c84e081dc5b24261d26c9cf1ab4adad25d15682401a0341fd243e001ef8bdabfd1e8d5c6beda48a0ba,gx-no-cache=1646830092600 HTTP/1.1" 200 30
190.95.1.185 - - [09/Mar/2022:10:00:35 -0300] "POST /cormun/servlet/solicitudot?gx-no-cache=1646830092626 HTTP/1.1" 200 30
190.95.1.185 - - [09/Mar/2022:10:00:35 -0300] "POST /cormun/servlet/solicitudot?24b62cbac37fa98dc20cc38913178ebd,UPD,2022,18037,false,,gx-no-cache=1646830092648 HTTP/1.1" 200 93
190.95.1.185 - - [09/Mar/2022:10:00:35 -0300] "GET /cormun/servlet/hpexe_return? HTTP/1.1" 200 1038
190.95.1.185 - - [09/Mar/2022:10:00:35 -0300] "GET /cormun/servlet/trsolicitudot?gx-no-cache=1646829967079 HTTP/1.1" 200 9694
190.95.1.185 - - [09/Mar/2022:10:00:35 -0300] "GET /cormun/servlet/trsolicitudot?gx-no-cache=1646829967079 HTTP/1.1" 200 9713
190.171.144.234 - - [09/Mar/2022:10:00:36 -0300] "POST /cormun/servlet/trsolicitudot?428a6657e332defece416656175ff27c,,gx-no-cache=1646830093446 HTTP/1.1" 200 6628
190.171.144.234 - - [09/Mar/2022:10:00:36 -0300] "GET /cormun/static/Shared/jqueryui/images/ui-bg_highlight-soft_100_c6c2c8_1x100.png HTTP/1.1" 404 1117
190.171.144.234 - - [09/Mar/2022:10:00:36 -0300] "GET /cormun/static/Shared/jqueryui/images/ui-bg_flat_55_fafafa_40x100.png HTTP/1.1" 404 1097
190.171.144.234 - - [09/Mar/2022:10:00:36 -0300] "GET /cormun/static/Shared/jqueryui/images/ui-icons_82798d_256x240.png HTTP/1.1" 404 1089
190.171.144.234 - - [09/Mar/2022:10:00:36 -0300] "GET /cormun/static/Shared/jqueryui/images/ui-icons_8d78a5_256x240.png HTTP/1.1" 404 1089
190.171.144.234 - - [09/Mar/2022:10:00:36 -0300] "POST /cormun/servlet/trsolicitudot?428a6657e332defece416656175ff27c,,gx-no-cache=1646830093654 HTTP/1.1" 200 6571
190.95.1.185 - - [09/Mar/2022:10:00:45 -0300] "POST /cormun/servlet/trsolicitudot?24b62cbac37fa98dc20cc38913178ebd,gx-no-cache=1646829967079,gx-no-cache=1646830102447 HTTP/1.1" 200 6296
190.95.1.185 - - [09/Mar/2022:10:00:45 -0300] "GET /cormun/static/Shared/jqueryui/images/ui-bg_highlight-soft_100_c6c2c8_1x100.png HTTP/1.1" 404 1117
190.95.1.185 - - [09/Mar/2022:10:00:45 -0300] "GET /cormun/static/Shared/jqueryui/images/ui-icons_82798d_256x240.png HTTP/1.1" 404 1089
190.95.1.185 - - [09/Mar/2022:10:00:45 -0300] "GET /cormun/static/Shared/jqueryui/images/ui-bg_flat_55_fafafa_40x100.png HTTP/1.1" 404 1097
190.95.1.185 - - [09/Mar/2022:10:00:45 -0300] "GET /cormun/static/Shared/jqueryui/images/ui-icons_8d78a5_256x240.png HTTP/1.1" 404 1089
190.95.1.185 - - [09/Mar/2022:10:00:45 -0300] "POST /cormun/servlet/trsolicitudot?24b62cbac37fa98dc20cc38913178ebd,gx-no-cache=1646829967079,gx-no-cache=1646830102622 HTTP/1.1" 200 6240
190.171.144.234 - - [09/Mar/2022:10:00:46 -0300] "POST /cormun/servlet/trsolicitudot?428a6657e332defece416656175ff27c,,gx-no-cache=1646830103502 HTTP/1.1" 200 107
190.171.144.234 - - [09/Mar/2022:10:00:46 -0300] "GET /cormun/servlet/trsolicitudadjuntos?2022,17993, HTTP/1.1" 200 6095
190.171.144.234 - - [09/Mar/2022:10:00:47 -0300] "GET /cormun/servlet/trsolicitudadjuntos?2022,17993, HTTP/1.1" 200 6095
190.95.1.185 - - [09/Mar/2022:10:00:50 -0300] "POST /cormun/servlet/trsolicitudot?24b62cbac37fa98dc20cc38913178ebd,gx-no-cache=1646829967079,gx-no-cache=1646830107848 HTTP/1.1" 200 5870
190.95.1.185 - - [09/Mar/2022:10:00:50 -0300] "POST /cormun/servlet/trsolicitudot?24b62cbac37fa98dc20cc38913178ebd,gx-no-cache=1646829967079,gx-no-cache=1646830108004 HTTP/1.1" 200 5814
190.171.144.234 - - [09/Mar/2022:10:00:50 -0300] "GET /cormun/servlet/solicitudotadjuntos?INS,2022,17993,,1, HTTP/1.1" 200 6036
190.171.144.234 - - [09/Mar/2022:10:00:51 -0300] "GET /cormun/static/about:blank HTTP/1.1" 404 1011
190.171.144.234 - - [09/Mar/2022:10:00:51 -0300] "GET /cormun/servlet/solicitudotadjuntos?INS,2022,17993,,1, HTTP/1.1" 200 6029
190.171.144.234 - - [09/Mar/2022:10:00:51 -0300] "GET /cormun/servlet/solicitudotadjuntos?1bcbfd75eeea058638070b4deeb914787254c8b9efa82cdfe5d8a43fe2899a5ae5a565da3c3101eaf1ac32686be68a38,gx-no-cache=1646830108660 HTTP/1.1" 200 30
190.171.144.234 - - [09/Mar/2022:10:00:51 -0300] "POST /cormun/servlet/solicitudotadjuntos?428a6657e332defece416656175ff27c,INS,2022,17993,,1,,gx-no-cache=1646830108690 HTTP/1.1" 200 3867
190.95.1.185 - - [09/Mar/2022:10:00:58 -0300] "POST /cormun/servlet/trsolicitudot?24b62cbac37fa98dc20cc38913178ebd,gx-no-cache=1646829967079,gx-no-cache=1646830115400 HTTP/1.1" 200 113
190.171.144.234 - - [09/Mar/2022:10:00:58 -0300] "POST /cormun/servlet/solicitudotadjuntos?gx-no-cache=1646830115007 HTTP/1.1" 200 26
190.95.1.185 - - [09/Mar/2022:10:00:58 -0300] "GET /cormun/servlet/solicitudot?UPD,2022,18034,false, HTTP/1.1" 200 16790
190.95.1.185 - - [09/Mar/2022:10:00:58 -0300] "GET /cormun/servlet/solicitudot?UPD,2022,18034,false, HTTP/1.1" 200 16778
190.95.1.185 - - [09/Mar/2022:10:00:59 -0300] "POST /cormun/servlet/solicitudot?gx-no-cache=1646830116375 HTTP/1.1" 200 3927
190.95.1.185 - - [09/Mar/2022:10:00:59 -0300] "POST /cormun/servlet/solicitudot?24b62cbac37fa98dc20cc38913178ebd,UPD,2022,18034,false,,gx-no-cache=1646830116661 HTTP/1.1" 200 12823
190.95.1.185 - - [09/Mar/2022:10:00:59 -0300] "GET /cormun/servlet/solicitudot?8bd0f44315de60c84e081dc5b24261d2b432175971ebde7dbad531ea899d98c0d5600ebbf31a405caa91a1abef01c1e6,gx-no-cache=1646830116902 HTTP/1.1" 200 30
190.95.1.185 - - [09/Mar/2022:10:00:59 -0300] "GET /cormun/servlet/solicitudot?8bd0f44315de60c84e081dc5b24261d222f555d4da13c31a0c98e873b31e4bfa58839ee7f74be0ca87402291bc87fc2e693a7af9c49a3f1055e87360199cba45,gx-no-cache=1646830116925 HTTP/1.1" 200 30
190.95.1.185 - - [09/Mar/2022:10:00:59 -0300] "GET /cormun/servlet/solicitudot?8bd0f44315de60c84e081dc5b24261d2859681c47bda9830dfebf0f01d3c3151326d5776665e6eb72dd66a1d6764285e984e7e3ff1386fc2125a3f1c93ffe219,gx-no-cache=1646830116945 HTTP/1.1" 200 53
190.95.1.185 - - [09/Mar/2022:10:00:59 -0300] "POST /cormun/servlet/solicitudot?gx-no-cache=1646830116968 HTTP/1.1" 200 238
190.95.1.185 - - [09/Mar/2022:10:00:59 -0300] "GET /cormun/servlet/solicitudot?8bd0f44315de60c84e081dc5b24261d24cdb3b774a77ef59bef046b527b855de651ccf4fdd90da1dd067238104bb2f6cff09da4524b9fec27970e498edf05d9d62888a2b7fc8c8f6650c86a1fae6356aebd3508f1e21e6be9ab625474e9d9ae94e6e47c14437434f8a0a6099be5e078158dafcc4ee43471787fc0359faaaa91f67bd8d15878301f75c1dc45e25b4c259ae8e8d43735c2182a6a58ead56d83f0b7adc8e7836298d103b4bdce0900584cb6a0c1dda1162646b02554f98e8f0026a342ebc451a0b20c00cc04f13af2777f7a70d73020dd22bda69aa47c8605f5f49eb2ed3598ed9db33bd967a5962d8a61e79876c0be3117f0a120b3879cdfad137843897d92e79bc5412f5465807be7e26a887dbcdce8d98ad431cbc7dd6000a3bea55733623a70143fdf9dcabf259fa9cee85a571cabe750ba4faa4c041a32907ec337c0c2b800754aaa1b9ae3c00b08c4677d43fdc1a18d98f75f6457737da6b40c400fb896fbe9804ad8fa26180a09a324865b423cf09e9fe1468b1b4bb5c66,gx-no-cache=1646830116996 HTTP/1.1" 200 30
190.95.1.185 - - [09/Mar/2022:10:00:59 -0300] "POST /cormun/servlet/solicitudot?gx-no-cache=1646830117019 HTTP/1.1" 200 30
190.95.1.185 - - [09/Mar/2022:10:00:59 -0300] "POST /cormun/servlet/solicitudot?gx-no-cache=1646830117050 HTTP/1.1" 200 1453
190.95.1.185 - - [09/Mar/2022:10:00:59 -0300] "POST /cormun/servlet/solicitudot?gx-no-cache=1646830117105 HTTP/1.1" 200 41
190.171.144.234 - - [09/Mar/2022:10:01:14 -0300] "GET /cormun/servlet/solicitudotadjuntos?1bcbfd75eeea058638070b4deeb91478458c76dc80418cf4c78b20c5864bcbfa,gx-no-cache=1646830130885 HTTP/1.1" 200 30
190.171.144.234 - - [09/Mar/2022:10:01:14 -0300] "GET /cormun/servlet/solicitudotadjuntos?1bcbfd75eeea058638070b4deeb91478458c76dc80418cf4c78b20c5864bcbfa,gx-no-cache=1646830130898 HTTP/1.1" 200 30
190.171.144.234 - - [09/Mar/2022:10:01:14 -0300] "POST /cormun/servlet/solicitudotadjuntos?428a6657e332defece416656175ff27c,INS,2022,17993,,1, HTTP/1.1" 200 116
190.171.144.234 - - [09/Mar/2022:10:01:14 -0300] "GET /cormun/servlet/hpexe_return? HTTP/1.1" 200 1028
190.171.144.234 - - [09/Mar/2022:10:01:14 -0300] "GET /cormun/servlet/trsolicitudadjuntos?2022,17993, HTTP/1.1" 200 8869
190.95.1.185 - - [09/Mar/2022:10:01:14 -0300] "GET /cormun/servlet/solicitudot?8bd0f44315de60c84e081dc5b24261d27e6ec7543447bcf8cfa599a6f08cf1d999c3c43ab6a6d268c9403e1450a42c15e90fa5c4871bbf41c138a36ce8cc84dd18811893bc54d421eab3f065215006e310222af07d3f732e0c0c2e07b2dde83a12734a250c6ede300baffcb6f0c16f99,gx-no-cache=1646830132212 HTTP/1.1" 200 110
190.95.1.185 - - [09/Mar/2022:10:01:14 -0300] "POST /cormun/servlet/solicitudot?gx-no-cache=1646830132233 HTTP/1.1" 200 67
190.95.1.185 - - [09/Mar/2022:10:01:14 -0300] "GET /cormun/servlet/solicitudot?8bd0f44315de60c84e081dc5b24261d2e5ea81a3656cb0638f474774da5e8e36a52a400156c2081952195c5b13b8ad1b6b6edfa7ba122c984ee0703610590585136fd02bf8f25f33624d9c50b2e451e6a944f5d3abd4dba73a987b908981c60efae617a7d0fa3cd26705864b53c2f95cef00d8e9b95eb6c70b3b19df4917afab1f276e8416b8b0b19d5cb8389ae0700b2aefb75e8cf5cada365c09ab2bb241ae,gx-no-cache=1646830132262 HTTP/1.1" 200 29
190.95.1.185 - - [09/Mar/2022:10:01:14 -0300] "GET /cormun/servlet/solicitudot?8bd0f44315de60c84e081dc5b24261d26c9cf1ab4adad25d15682401a0341fd243e001ef8bdabfd1e8d5c6beda48a0ba,gx-no-cache=1646830132282 HTTP/1.1" 200 30
190.95.1.185 - - [09/Mar/2022:10:01:14 -0300] "POST /cormun/servlet/solicitudot?gx-no-cache=1646830132305 HTTP/1.1" 200 30
190.171.144.234 - - [09/Mar/2022:10:01:15 -0300] "GET /cormun/servlet/trsolicitudadjuntos?2022,17993, HTTP/1.1" 200 8866
190.171.144.234 - - [09/Mar/2022:10:01:18 -0300] "GET /cormun/servlet/solicitudotadjuntos?INS,2022,17993,,1, HTTP/1.1" 200 6037
190.171.144.234 - - [09/Mar/2022:10:01:18 -0300] "GET /cormun/static/about:blank HTTP/1.1" 404 1011
190.171.144.234 - - [09/Mar/2022:10:01:18 -0300] "GET /cormun/servlet/solicitudotadjuntos?INS,2022,17993,,1, HTTP/1.1" 200 6031
190.171.144.234 - - [09/Mar/2022:10:01:19 -0300] "GET /cormun/servlet/solicitudotadjuntos?1bcbfd75eeea058638070b4deeb914787254c8b9efa82cdfe5d8a43fe2899a5ae5a565da3c3101eaf1ac32686be68a38,gx-no-cache=1646830136030 HTTP/1.1" 200 30
190.171.144.234 - - [09/Mar/2022:10:01:19 -0300] "POST /cormun/servlet/solicitudotadjuntos?428a6657e332defece416656175ff27c,INS,2022,17993,,1,,gx-no-cache=1646830136089 HTTP/1.1" 200 3868
190.171.144.234 - - [09/Mar/2022:10:01:24 -0300] "POST /cormun/servlet/solicitudotadjuntos?gx-no-cache=1646830141167 HTTP/1.1" 200 26
190.95.1.185 - - [09/Mar/2022:10:01:34 -0300] "POST /cormun/servlet/solicitudot?24b62cbac37fa98dc20cc38913178ebd,UPD,2022,18034,false,,gx-no-cache=1646830151570 HTTP/1.1" 200 93
190.95.1.185 - - [09/Mar/2022:10:01:34 -0300] "GET /cormun/servlet/hpexe_return? HTTP/1.1" 200 1038
190.95.1.185 - - [09/Mar/2022:10:01:34 -0300] "GET /cormun/servlet/trsolicitudot?gx-no-cache=1646829967079 HTTP/1.1" 200 8978
190.95.1.185 - - [09/Mar/2022:10:01:34 -0300] "GET /cormun/servlet/trsolicitudot?gx-no-cache=1646829967079 HTTP/1.1" 200 8997
190.95.1.185 - - [09/Mar/2022:10:01:38 -0300] "POST /cormun/servlet/trsolicitudot?24b62cbac37fa98dc20cc38913178ebd,gx-no-cache=1646829967079,gx-no-cache=1646830155318 HTTP/1.1" 200 107
190.95.1.185 - - [09/Mar/2022:10:01:38 -0300] "GET /cormun/servlet/trsolicitudadjuntos?2022,18034, HTTP/1.1" 200 10376
190.95.1.185 - - [09/Mar/2022:10:01:38 -0300] "GET /cormun/servlet/trsolicitudadjuntos?2022,18034, HTTP/1.1" 200 10359
190.171.144.234 - - [09/Mar/2022:10:01:45 -0300] "GET /cormun/servlet/solicitudotadjuntos?1bcbfd75eeea058638070b4deeb91478458c76dc80418cf4c78b20c5864bcbfa,gx-no-cache=1646830162363 HTTP/1.1" 200 30
190.171.144.234 - - [09/Mar/2022:10:01:45 -0300] "GET /cormun/servlet/solicitudotadjuntos?1bcbfd75eeea058638070b4deeb91478458c76dc80418cf4c78b20c5864bcbfa,gx-no-cache=1646830162384 HTTP/1.1" 200 30
190.171.144.234 - - [09/Mar/2022:10:01:46 -0300] "POST /cormun/servlet/solicitudotadjuntos?428a6657e332defece416656175ff27c,INS,2022,17993,,1, HTTP/1.1" 200 116
190.171.144.234 - - [09/Mar/2022:10:01:46 -0300] "GET /cormun/servlet/hpexe_return? HTTP/1.1" 200 1028
190.171.144.234 - - [09/Mar/2022:10:01:46 -0300] "GET /cormun/servlet/trsolicitudadjuntos?2022,17993, HTTP/1.1" 200 9097
190.171.144.234 - - [09/Mar/2022:10:01:47 -0300] "GET /cormun/servlet/trsolicitudadjuntos?2022,17993, HTTP/1.1" 200 9097
190.171.144.234 - - [09/Mar/2022:10:01:49 -0300] "GET /cormun/servlet/solicitudotadjuntos?INS,2022,17993,,1, HTTP/1.1" 200 6037
190.171.144.234 - - [09/Mar/2022:10:01:50 -0300] "GET /cormun/static/about:blank HTTP/1.1" 404 1011
190.171.144.234 - - [09/Mar/2022:10:01:50 -0300] "GET /cormun/servlet/solicitudotadjuntos?INS,2022,17993,,1, HTTP/1.1" 200 6031
190.171.144.234 - - [09/Mar/2022:10:01:50 -0300] "GET /cormun/servlet/solicitudotadjuntos?1bcbfd75eeea058638070b4deeb914787254c8b9efa82cdfe5d8a43fe2899a5ae5a565da3c3101eaf1ac32686be68a38,gx-no-cache=1646830167505 HTTP/1.1" 200 30
190.171.144.234 - - [09/Mar/2022:10:01:50 -0300] "POST /cormun/servlet/solicitudotadjuntos?428a6657e332defece416656175ff27c,INS,2022,17993,,1,,gx-no-cache=1646830167524 HTTP/1.1" 200 3868
190.171.144.234 - - [09/Mar/2022:10:01:55 -0300] "POST /cormun/servlet/solicitudotadjuntos?gx-no-cache=1646830172043 HTTP/1.1" 200 26
190.171.144.234 - - [09/Mar/2022:10:02:08 -0300] "GET /cormun/servlet/solicitudotadjuntos?1bcbfd75eeea058638070b4deeb91478458c76dc80418cf4c78b20c5864bcbfa,gx-no-cache=1646830185732 HTTP/1.1" 200 30
190.171.144.234 - - [09/Mar/2022:10:02:08 -0300] "GET /cormun/servlet/solicitudotadjuntos?1bcbfd75eeea058638070b4deeb91478458c76dc80418cf4c78b20c5864bcbfa,gx-no-cache=1646830185746 HTTP/1.1" 200 30
190.171.144.234 - - [09/Mar/2022:10:02:10 -0300] "POST /cormun/servlet/solicitudotadjuntos?428a6657e332defece416656175ff27c,INS,2022,17993,,1, HTTP/1.1" 200 116
190.171.144.234 - - [09/Mar/2022:10:02:10 -0300] "GET /cormun/servlet/hpexe_return? HTTP/1.1" 200 1028
190.171.144.234 - - [09/Mar/2022:10:02:10 -0300] "GET /cormun/servlet/trsolicitudadjuntos?2022,17993, HTTP/1.1" 200 9265
190.171.144.234 - - [09/Mar/2022:10:02:11 -0300] "GET /cormun/servlet/trsolicitudadjuntos?2022,17993, HTTP/1.1" 200 9261
190.171.144.234 - - [09/Mar/2022:10:02:14 -0300] "GET /cormun/servlet/solicitudotadjuntos?INS,2022,17993,,1, HTTP/1.1" 200 6037
190.171.144.234 - - [09/Mar/2022:10:02:14 -0300] "GET /cormun/static/about:blank HTTP/1.1" 404 1011
190.171.144.234 - - [09/Mar/2022:10:02:14 -0300] "GET /cormun/servlet/solicitudotadjuntos?INS,2022,17993,,1, HTTP/1.1" 200 6031
190.171.144.234 - - [09/Mar/2022:10:02:15 -0300] "GET /cormun/servlet/solicitudotadjuntos?1bcbfd75eeea058638070b4deeb914787254c8b9efa82cdfe5d8a43fe2899a5ae5a565da3c3101eaf1ac32686be68a38,gx-no-cache=1646830192037 HTTP/1.1" 200 30
190.171.144.234 - - [09/Mar/2022:10:02:15 -0300] "POST /cormun/servlet/solicitudotadjuntos?428a6657e332defece416656175ff27c,INS,2022,17993,,1,,gx-no-cache=1646830192057 HTTP/1.1" 200 3868
190.171.144.234 - - [09/Mar/2022:10:02:19 -0300] "POST /cormun/servlet/solicitudotadjuntos?gx-no-cache=1646830196746 HTTP/1.1" 200 26
190.171.144.234 - - [09/Mar/2022:10:02:28 -0300] "GET /cormun/servlet/solicitudotadjuntos?1bcbfd75eeea058638070b4deeb91478458c76dc80418cf4c78b20c5864bcbfa,gx-no-cache=1646830205637 HTTP/1.1" 200 30
190.171.144.234 - - [09/Mar/2022:10:02:28 -0300] "GET /cormun/servlet/solicitudotadjuntos?1bcbfd75eeea058638070b4deeb91478458c76dc80418cf4c78b20c5864bcbfa,gx-no-cache=1646830205668 HTTP/1.1" 200 30
190.171.144.234 - - [09/Mar/2022:10:02:29 -0300] "POST /cormun/servlet/solicitudotadjuntos?428a6657e332defece416656175ff27c,INS,2022,17993,,1, HTTP/1.1" 200 116
190.171.144.234 - - [09/Mar/2022:10:02:29 -0300] "GET /cormun/servlet/hpexe_return? HTTP/1.1" 200 1028
190.171.144.234 - - [09/Mar/2022:10:02:30 -0300] "GET /cormun/servlet/trsolicitudadjuntos?2022,17993, HTTP/1.1" 200 9516
190.171.144.234 - - [09/Mar/2022:10:02:31 -0300] "GET /cormun/servlet/trsolicitudadjuntos?2022,17993, HTTP/1.1" 200 9516
190.171.144.234 - - [09/Mar/2022:10:02:41 -0300] "GET /cormun/servlet/solicitudotadjuntos?INS,2022,17993,,1, HTTP/1.1" 200 6037
190.171.144.234 - - [09/Mar/2022:10:02:41 -0300] "GET /cormun/static/about:blank HTTP/1.1" 404 1011
190.171.144.234 - - [09/Mar/2022:10:02:41 -0300] "GET /cormun/servlet/solicitudotadjuntos?INS,2022,17993,,1, HTTP/1.1" 200 6031
190.171.144.234 - - [09/Mar/2022:10:02:42 -0300] "GET /cormun/servlet/solicitudotadjuntos?1bcbfd75eeea058638070b4deeb914787254c8b9efa82cdfe5d8a43fe2899a5ae5a565da3c3101eaf1ac32686be68a38,gx-no-cache=1646830218796 HTTP/1.1" 200 30
190.171.144.234 - - [09/Mar/2022:10:02:42 -0300] "POST /cormun/servlet/solicitudotadjuntos?428a6657e332defece416656175ff27c,INS,2022,17993,,1,,gx-no-cache=1646830218815 HTTP/1.1" 200 3868
190.171.144.234 - - [09/Mar/2022:10:02:46 -0300] "POST /cormun/servlet/solicitudotadjuntos?gx-no-cache=1646830223168 HTTP/1.1" 200 26
190.171.144.234 - - [09/Mar/2022:10:02:56 -0300] "GET /cormun/servlet/solicitudotadjuntos?1bcbfd75eeea058638070b4deeb91478458c76dc80418cf4c78b20c5864bcbfa,gx-no-cache=1646830232918 HTTP/1.1" 200 30
190.171.144.234 - - [09/Mar/2022:10:02:56 -0300] "GET /cormun/servlet/solicitudotadjuntos?1bcbfd75eeea058638070b4deeb91478458c76dc80418cf4c78b20c5864bcbfa,gx-no-cache=1646830232931 HTTP/1.1" 200 30
190.171.144.234 - - [09/Mar/2022:10:02:56 -0300] "POST /cormun/servlet/solicitudotadjuntos?428a6657e332defece416656175ff27c,INS,2022,17993,,1, HTTP/1.1" 200 116
190.171.144.234 - - [09/Mar/2022:10:02:56 -0300] "GET /cormun/servlet/hpexe_return? HTTP/1.1" 200 1028
190.171.144.234 - - [09/Mar/2022:10:02:57 -0300] "GET /cormun/servlet/trsolicitudadjuntos?2022,17993, HTTP/1.1" 200 9798
190.171.144.234 - - [09/Mar/2022:10:02:58 -0300] "GET /cormun/servlet/trsolicitudadjuntos?2022,17993, HTTP/1.1" 200 9795
190.171.144.234 - - [09/Mar/2022:10:03:01 -0300] "GET /cormun/servlet/solicitudotadjuntos?INS,2022,17993,,1, HTTP/1.1" 200 6037
190.171.144.234 - - [09/Mar/2022:10:03:01 -0300] "GET /cormun/static/about:blank HTTP/1.1" 404 1011
190.171.144.234 - - [09/Mar/2022:10:03:01 -0300] "GET /cormun/servlet/solicitudotadjuntos?INS,2022,17993,,1, HTTP/1.1" 200 6031
190.171.144.234 - - [09/Mar/2022:10:03:02 -0300] "GET /cormun/servlet/solicitudotadjuntos?1bcbfd75eeea058638070b4deeb914787254c8b9efa82cdfe5d8a43fe2899a5ae5a565da3c3101eaf1ac32686be68a38,gx-no-cache=1646830238989 HTTP/1.1" 200 30
190.171.144.234 - - [09/Mar/2022:10:03:02 -0300] "POST /cormun/servlet/solicitudotadjuntos?428a6657e332defece416656175ff27c,INS,2022,17993,,1,,gx-no-cache=1646830239008 HTTP/1.1" 200 3868
190.171.144.234 - - [09/Mar/2022:10:03:06 -0300] "POST /cormun/servlet/solicitudotadjuntos?gx-no-cache=1646830242762 HTTP/1.1" 200 26
190.171.144.234 - - [09/Mar/2022:10:03:43 -0300] "GET /cormun/servlet/solicitudotadjuntos?1bcbfd75eeea058638070b4deeb91478458c76dc80418cf4c78b20c5864bcbfa,gx-no-cache=1646830279430 HTTP/1.1" 200 30
190.171.144.234 - - [09/Mar/2022:10:03:44 -0300] "GET /cormun/servlet/solicitudotadjuntos?1bcbfd75eeea058638070b4deeb91478458c76dc80418cf4c78b20c5864bcbfa,gx-no-cache=1646830280237 HTTP/1.1" 200 30
190.171.144.234 - - [09/Mar/2022:10:04:01 -0300] "POST /cormun/servlet/solicitudotadjuntos?428a6657e332defece416656175ff27c,INS,2022,17993,,1, HTTP/1.1" 200 116
190.171.144.234 - - [09/Mar/2022:10:04:01 -0300] "GET /cormun/servlet/hpexe_return? HTTP/1.1" 200 1028
190.171.144.234 - - [09/Mar/2022:10:04:02 -0300] "GET /cormun/servlet/trsolicitudadjuntos?2022,17993, HTTP/1.1" 200 9956
190.171.144.234 - - [09/Mar/2022:10:04:03 -0300] "GET /cormun/servlet/trsolicitudadjuntos?2022,17993, HTTP/1.1" 200 9954
190.171.144.234 - - [09/Mar/2022:10:04:09 -0300] "GET /cormun/servlet/trsolicitudot? HTTP/1.1" 200 9437
190.171.144.234 - - [09/Mar/2022:10:04:09 -0300] "GET /cormun/servlet/trsolicitudot? HTTP/1.1" 200 9430
190.171.144.234 - - [09/Mar/2022:10:04:13 -0300] "POST /cormun/servlet/trsolicitudot?428a6657e332defece416656175ff27c,,gx-no-cache=1646830310332 HTTP/1.1" 200 6229
190.171.144.234 - - [09/Mar/2022:10:04:13 -0300] "GET /cormun/static/Shared/jqueryui/images/ui-bg_highlight-soft_100_c6c2c8_1x100.png HTTP/1.1" 404 1117
190.171.144.234 - - [09/Mar/2022:10:04:13 -0300] "GET /cormun/static/Shared/jqueryui/images/ui-icons_82798d_256x240.png HTTP/1.1" 404 1089
190.171.144.234 - - [09/Mar/2022:10:04:13 -0300] "GET /cormun/static/Shared/jqueryui/images/ui-icons_8d78a5_256x240.png HTTP/1.1" 404 1089
190.171.144.234 - - [09/Mar/2022:10:04:13 -0300] "GET /cormun/static/Shared/jqueryui/images/ui-bg_flat_55_fafafa_40x100.png HTTP/1.1" 404 1097
190.171.144.234 - - [09/Mar/2022:10:04:13 -0300] "POST /cormun/servlet/trsolicitudot?428a6657e332defece416656175ff27c,,gx-no-cache=1646830310526 HTTP/1.1" 200 6173
190.171.141.90 - - [09/Mar/2022:10:04:21 -0300] "GET /cormun/servlet/trsolicitudot? HTTP/1.1" 200 6329
190.171.141.90 - - [09/Mar/2022:10:04:22 -0300] "GET /cormun/servlet/hlogin HTTP/1.1" 200 1745
190.171.141.90 - - [09/Mar/2022:10:04:22 -0300] "GET /cormun/servlet/trsolicitudot? HTTP/1.1" 200 6328
190.171.141.90 - - [09/Mar/2022:10:04:29 -0300] "POST /cormun/servlet/hlogin?ae355c2d5e87c2dc842617fcf67615c8,gx-no-cache=1646830325821 HTTP/1.1" 200 449
190.171.141.90 - - [09/Mar/2022:10:04:40 -0300] "POST /cormun/servlet/hlogin?ae355c2d5e87c2dc842617fcf67615c8,gx-no-cache=1646830336501 HTTP/1.1" 200 90
190.171.141.90 - - [09/Mar/2022:10:04:40 -0300] "GET /cormun/servlet/hpexe_link HTTP/1.1" 200 960
190.171.141.90 - - [09/Mar/2022:10:04:40 -0300] "GET /cormun/servlet/trsolicitudot HTTP/1.1" 200 7021
190.171.141.90 - - [09/Mar/2022:10:04:41 -0300] "GET /cormun/servlet/trsolicitudot HTTP/1.1" 200 7018
190.171.141.90 - - [09/Mar/2022:10:04:44 -0300] "GET /cormun/servlet/trsolicitudot? HTTP/1.1" 200 7018
190.171.141.90 - - [09/Mar/2022:10:04:44 -0300] "GET /cormun/servlet/trsolicitudot? HTTP/1.1" 200 7018
190.171.141.90 - - [09/Mar/2022:10:04:46 -0300] "GET /cormun/servlet/solicitudot?INS,0,0,false, HTTP/1.1" 200 15700
190.171.141.90 - - [09/Mar/2022:10:04:47 -0300] "GET /cormun/servlet/solicitudot?INS,0,0,false, HTTP/1.1" 200 15708
190.171.141.90 - - [09/Mar/2022:10:04:49 -0300] "GET /cormun/servlet/prfichaempleado?,MD,,gxPopupLevel%3D0%3B HTTP/1.1" 200 9268
190.171.141.90 - - [09/Mar/2022:10:04:54 -0300] "POST /cormun/servlet/prfichaempleado?ae355c2d5e87c2dc842617fcf67615c8,,MD,,gxPopupLevel%3D0%3B,gx-no-cache=1646830350754 HTTP/1.1" 200 5090
190.171.141.90 - - [09/Mar/2022:10:05:03 -0300] "POST /cormun/servlet/solicitudot?gx-no-cache=1646830359775 HTTP/1.1" 200 3998
190.171.141.90 - - [09/Mar/2022:10:05:04 -0300] "POST /cormun/servlet/solicitudot?ae355c2d5e87c2dc842617fcf67615c8,INS,0,0,false,,gx-no-cache=1646830359975 HTTP/1.1" 200 12561
190.171.141.90 - - [09/Mar/2022:10:05:04 -0300] "GET /cormun/servlet/solicitudot?05eadcaa7ff96c965d8460decf15140a5ded584488aeda2ef8796863f49a48ad6fd3a50d64c6d47b253a83814f00f689,gx-no-cache=1646830360203 HTTP/1.1" 200 30
190.171.141.90 - - [09/Mar/2022:10:05:06 -0300] "GET /cormun/servlet/solicitudot?05eadcaa7ff96c965d8460decf15140a2b1fb49266244adedc899c958136fe9ee58c0be086a139919a0cd6801459c4447167273546a47c9b36f216f5cd593d7c,gx-no-cache=1646830362755 HTTP/1.1" 200 30
190.171.141.90 - - [09/Mar/2022:10:05:06 -0300] "GET /cormun/servlet/solicitudot?05eadcaa7ff96c965d8460decf15140ac90b7f20ccba8ea83593334c4a4c4d93,gx-no-cache=1646830362789 HTTP/1.1" 200 51
190.171.141.90 - - [09/Mar/2022:10:05:06 -0300] "POST /cormun/servlet/solicitudot?gx-no-cache=1646830362822 HTTP/1.1" 200 297
190.171.141.90 - - [09/Mar/2022:10:05:06 -0300] "GET /cormun/servlet/solicitudot?05eadcaa7ff96c965d8460decf15140af0a9ac9d824d5907d2dbeee4bd4e8d8cc096cd98c0020f08223f2ea73d426ed40935d72542e8fb9d0678245616e348c2a22b389b9484cc8318c5306d90a21e6aac99229ba488d4d802557850cffbd4bd8e83560dc292a66c04ada61c3566a56dc600ac4f7fe8ee181797a6678dbbdab50b1adfc3dc76c1f5981b777ec27e68afc78e161ea200d0308778f12f352fdd0b5b4e2abacd6286dca53c067c85a539eaaecbd37f10f1cfd2e74819079645e235dd9fbecb7dca3d0c38bc4f27ae7fc4654f80f1bd9d6dca4afd2360806f4eb84e90237022fff62b072ac9fa8a02112e11890a03acf1036e160b5a3b4815c849eb4fefef1dc8547de972c07e893379c5cd5f5b2e645550320d9d1dfb345d3f757fa6f0f4d84ad38b0b694a4d2fac28a072eb4510c4a63d4a2936a6aca8217a0b43b383b31acd3e84d3c83f9bc84193854a382769608dcd2f281deb07b2dee45efce642d0fa519e7d7451e8907d5a44a5f00312a63ee5754eb332b1b9eb1898e1e03ea31f1af2e34c543e31cca57ee7165c,gx-no-cache=1646830362855 HTTP/1.1" 200 30
190.171.144.234 - - [09/Mar/2022:10:05:09 -0300] "POST /cormun/servlet/trsolicitudot?428a6657e332defece416656175ff27c,,gx-no-cache=1646830365878 HTTP/1.1" 200 106
190.171.144.234 - - [09/Mar/2022:10:05:09 -0300] "GET /cormun/servlet/trsolicitudadjuntos?2022,17991, HTTP/1.1" 200 6096
190.171.144.234 - - [09/Mar/2022:10:05:09 -0300] "GET /cormun/servlet/trsolicitudadjuntos?2022,17991, HTTP/1.1" 200 6094
190.171.141.90 - - [09/Mar/2022:10:05:13 -0300] "POST /cormun/servlet/solicitudot?gx-no-cache=1646830369263 HTTP/1.1" 200 30
190.171.144.234 - - [09/Mar/2022:10:05:16 -0300] "GET /cormun/servlet/solicitudotadjuntos?INS,2022,17991,,1, HTTP/1.1" 200 6037
190.171.144.234 - - [09/Mar/2022:10:05:17 -0300] "GET /cormun/static/about:blank HTTP/1.1" 404 1011
190.171.144.234 - - [09/Mar/2022:10:05:17 -0300] "GET /cormun/servlet/solicitudotadjuntos?INS,2022,17991,,1, HTTP/1.1" 200 6031
190.171.144.234 - - [09/Mar/2022:10:05:17 -0300] "GET /cormun/servlet/solicitudotadjuntos?1bcbfd75eeea058638070b4deeb91478ff02270bcbaa9ab13384fa181dbe232ee5a565da3c3101eaf1ac32686be68a38,gx-no-cache=1646830374508 HTTP/1.1" 200 30
190.171.144.234 - - [09/Mar/2022:10:05:17 -0300] "POST /cormun/servlet/solicitudotadjuntos?428a6657e332defece416656175ff27c,INS,2022,17991,,1,,gx-no-cache=1646830374536 HTTP/1.1" 200 3869
190.171.141.90 - - [09/Mar/2022:10:05:18 -0300] "POST /cormun/servlet/solicitudot?gx-no-cache=1646830374786 HTTP/1.1" 200 1453
190.171.141.90 - - [09/Mar/2022:10:05:18 -0300] "POST /cormun/servlet/solicitudot?gx-no-cache=1646830374861 HTTP/1.1" 200 38
190.171.141.90 - - [09/Mar/2022:10:05:18 -0300] "GET /cormun/servlet/solicitudot?05eadcaa7ff96c965d8460decf15140a0f93bd0496cd235aa7f90b7c91c77be52a085c5267902283e0b75167616e410fd00d6428e1b4506d95b96a24daa90e1a218976ed1894617a140ae65628c7e79a7dc379cb3879fd650a278a296ee01a2c9e95bf9347079782e1a0701e8c25837e,gx-no-cache=1646830374906 HTTP/1.1" 200 110
190.171.144.234 - - [09/Mar/2022:10:05:20 -0300] "POST /cormun/servlet/solicitudotadjuntos?gx-no-cache=1646830377101 HTTP/1.1" 200 26
190.171.141.90 - - [09/Mar/2022:10:05:26 -0300] "POST /cormun/servlet/solicitudot?gx-no-cache=1646830382765 HTTP/1.1" 200 72
