190.171.143.106 - - [09/Mar/2022:13:02:51 -0300] "GET /cormun/servlet/solicitudotadjuntos?INS,2022,18058,,1, HTTP/1.1" 200 6032
190.95.1.185 - - [09/Mar/2022:13:02:51 -0300] "GET /cormun/servlet/trsolicitudadjuntos?2022,18057, HTTP/1.1" 200 9361
190.95.1.185 - - [09/Mar/2022:13:02:53 -0300] "GET /cormun/servlet/solicitudotadjuntos?INS,2022,18057,,1, HTTP/1.1" 200 6508
190.95.1.185 - - [09/Mar/2022:13:02:54 -0300] "GET /cormun/static/about:blank HTTP/1.1" 404 1011
190.95.1.185 - - [09/Mar/2022:13:02:54 -0300] "GET /cormun/servlet/solicitudotadjuntos?INS,2022,18057,,1, HTTP/1.1" 200 6501
186.67.172.234 - - [09/Mar/2022:13:02:54 -0300] "GET /cormun/servlet/trlicencias HTTP/1.1" 200 10676
190.95.1.185 - - [09/Mar/2022:13:02:54 -0300] "GET /cormun/servlet/solicitudotadjuntos?3555d07442f86e7d3327b4ef8bb3b21e3d86df5d532a250966735d998707488d74f331f70e14a613987880919ec7e61d,gx-no-cache=1646841031986 HTTP/1.1" 200 30
186.67.172.234 - - [09/Mar/2022:13:02:54 -0300] "GET /cormun/servlet/trlicencias HTTP/1.1" 200 10676
190.95.1.185 - - [09/Mar/2022:13:02:54 -0300] "POST /cormun/servlet/solicitudotadjuntos?c65b5ebec06a724bb5e3a63dbb6d7157,INS,2022,18057,,1,,gx-no-cache=1646841032004 HTTP/1.1" 200 4190
190.95.1.185 - - [09/Mar/2022:13:02:56 -0300] "POST /cormun/servlet/solicitudotadjuntos?gx-no-cache=1646841033750 HTTP/1.1" 200 26
190.171.143.106 - - [09/Mar/2022:13:02:57 -0300] "GET /cormun/servlet/solicitudotadjuntos?INS,2022,18058,,1, HTTP/1.1" 200 6032
190.171.143.106 - - [09/Mar/2022:13:02:58 -0300] "GET /cormun/static/about:blank HTTP/1.1" 404 1011
190.171.143.106 - - [09/Mar/2022:13:02:58 -0300] "GET /cormun/servlet/solicitudotadjuntos?INS,2022,18058,,1, HTTP/1.1" 200 6025
190.171.143.106 - - [09/Mar/2022:13:02:58 -0300] "GET /cormun/servlet/solicitudotadjuntos?46612b84a7833015a1474290e4340f478c9fd504d7f7d16a51bb500b4dacb0515978104ded30fc4ffeedac4d23ded5df,gx-no-cache=1646841034323 HTTP/1.1" 200 30
190.171.143.106 - - [09/Mar/2022:13:02:58 -0300] "POST /cormun/servlet/solicitudotadjuntos?d05247df6038bd32fac3cb5af02fed80,INS,2022,18058,,1,,gx-no-cache=1646841034375 HTTP/1.1" 200 3911
186.67.172.234 - - [09/Mar/2022:13:03:01 -0300] "GET /cormun/servlet/licenciaspermisos?DSP,11398567,L,20220208000000, HTTP/1.1" 200 7478
186.67.172.234 - - [09/Mar/2022:13:03:01 -0300] "GET /cormun/servlet/licenciaspermisos?DSP,11398567,L,20220208000000, HTTP/1.1" 200 7499
190.171.143.106 - - [09/Mar/2022:13:03:01 -0300] "POST /cormun/servlet/solicitudotadjuntos?gx-no-cache=1646841037072 HTTP/1.1" 200 26
186.67.172.234 - - [09/Mar/2022:13:03:05 -0300] "POST /cormun/servlet/licenciaspermisos?6d0aad339cdd90202dd576926f064d36,DSP,11398567,L,20220208000000,,gx-no-cache=1646841041215 HTTP/1.1" 200 93
186.67.172.234 - - [09/Mar/2022:13:03:05 -0300] "GET /cormun/servlet/hpexe_return? HTTP/1.1" 200 1032
186.67.172.234 - - [09/Mar/2022:13:03:05 -0300] "GET /cormun/servlet/trlicencias HTTP/1.1" 200 10681
186.67.172.234 - - [09/Mar/2022:13:03:05 -0300] "GET /cormun/servlet/trlicencias HTTP/1.1" 200 10676
190.95.1.185 - - [09/Mar/2022:13:03:07 -0300] "GET /cormun/servlet/solicitudotadjuntos?3555d07442f86e7d3327b4ef8bb3b21e24d2e24409a9be844202c10ee6d40907,gx-no-cache=1646841044623 HTTP/1.1" 200 30
190.95.1.185 - - [09/Mar/2022:13:03:07 -0300] "GET /cormun/servlet/solicitudotadjuntos?3555d07442f86e7d3327b4ef8bb3b21e24d2e24409a9be844202c10ee6d40907,gx-no-cache=1646841044636 HTTP/1.1" 200 30
190.95.1.185 - - [09/Mar/2022:13:03:07 -0300] "POST /cormun/servlet/solicitudotadjuntos?c65b5ebec06a724bb5e3a63dbb6d7157,INS,2022,18057,,1, HTTP/1.1" 200 116
190.95.1.185 - - [09/Mar/2022:13:03:07 -0300] "GET /cormun/servlet/hpexe_return? HTTP/1.1" 200 1026
190.95.1.185 - - [09/Mar/2022:13:03:07 -0300] "GET /cormun/servlet/trsolicitudadjuntos?2022,18057, HTTP/1.1" 200 9636
190.95.1.185 - - [09/Mar/2022:13:03:07 -0300] "GET /cormun/servlet/trsolicitudadjuntos?2022,18057, HTTP/1.1" 200 9632
186.67.172.234 - - [09/Mar/2022:13:03:10 -0300] "GET /cormun/servlet/licenciaspermisos?DSP,16253579,L,20220228000000, HTTP/1.1" 200 7480
190.95.1.185 - - [09/Mar/2022:13:03:10 -0300] "GET /cormun/servlet/solicitudotadjuntos?INS,2022,18057,,1, HTTP/1.1" 200 6509
190.95.1.185 - - [09/Mar/2022:13:03:10 -0300] "GET /cormun/static/about:blank HTTP/1.1" 404 1011
186.67.172.234 - - [09/Mar/2022:13:03:10 -0300] "GET /cormun/servlet/licenciaspermisos?DSP,16253579,L,20220228000000, HTTP/1.1" 200 7500
190.95.1.185 - - [09/Mar/2022:13:03:10 -0300] "GET /cormun/servlet/solicitudotadjuntos?INS,2022,18057,,1, HTTP/1.1" 200 6502
190.95.1.185 - - [09/Mar/2022:13:03:10 -0300] "GET /cormun/servlet/solicitudotadjuntos?3555d07442f86e7d3327b4ef8bb3b21e3d86df5d532a250966735d998707488d74f331f70e14a613987880919ec7e61d,gx-no-cache=1646841048076 HTTP/1.1" 200 30
190.95.1.185 - - [09/Mar/2022:13:03:10 -0300] "POST /cormun/servlet/solicitudotadjuntos?c65b5ebec06a724bb5e3a63dbb6d7157,INS,2022,18057,,1,,gx-no-cache=1646841048092 HTTP/1.1" 200 4192
186.67.172.234 - - [09/Mar/2022:13:03:13 -0300] "POST /cormun/servlet/licenciaspermisos?6d0aad339cdd90202dd576926f064d36,DSP,16253579,L,20220228000000,,gx-no-cache=1646841049238 HTTP/1.1" 200 93
186.67.172.234 - - [09/Mar/2022:13:03:13 -0300] "GET /cormun/servlet/hpexe_return? HTTP/1.1" 200 1032
186.67.172.234 - - [09/Mar/2022:13:03:13 -0300] "GET /cormun/servlet/trlicencias HTTP/1.1" 200 10681
186.67.172.234 - - [09/Mar/2022:13:03:13 -0300] "GET /cormun/servlet/trlicencias HTTP/1.1" 200 10676
190.95.1.185 - - [09/Mar/2022:13:03:14 -0300] "POST /cormun/servlet/solicitudotadjuntos?gx-no-cache=1646841051598 HTTP/1.1" 200 26
190.95.1.185 - - [09/Mar/2022:13:03:25 -0300] "GET /cormun/servlet/solicitudotadjuntos?3555d07442f86e7d3327b4ef8bb3b21e24d2e24409a9be844202c10ee6d40907,gx-no-cache=1646841063103 HTTP/1.1" 200 30
190.95.1.185 - - [09/Mar/2022:13:03:25 -0300] "GET /cormun/servlet/solicitudotadjuntos?3555d07442f86e7d3327b4ef8bb3b21e24d2e24409a9be844202c10ee6d40907,gx-no-cache=1646841063117 HTTP/1.1" 200 30
190.95.1.185 - - [09/Mar/2022:13:03:25 -0300] "POST /cormun/servlet/solicitudotadjuntos?c65b5ebec06a724bb5e3a63dbb6d7157,INS,2022,18057,,1, HTTP/1.1" 200 116
190.95.1.185 - - [09/Mar/2022:13:03:25 -0300] "GET /cormun/servlet/hpexe_return? HTTP/1.1" 200 1026
190.95.1.185 - - [09/Mar/2022:13:03:26 -0300] "GET /cormun/servlet/trsolicitudadjuntos?2022,18057, HTTP/1.1" 200 9868
186.67.172.234 - - [09/Mar/2022:13:03:26 -0300] "GET /cormun/servlet/trlicencias? HTTP/1.1" 200 10676
190.95.1.185 - - [09/Mar/2022:13:03:26 -0300] "GET /cormun/servlet/trsolicitudadjuntos?2022,18057, HTTP/1.1" 200 9867
186.67.172.234 - - [09/Mar/2022:13:03:26 -0300] "GET /cormun/servlet/trlicencias? HTTP/1.1" 200 10676
190.95.1.185 - - [09/Mar/2022:13:03:28 -0300] "GET /cormun/servlet/solicitudotadjuntos?INS,2022,18057,,1, HTTP/1.1" 200 6509
190.95.1.185 - - [09/Mar/2022:13:03:28 -0300] "GET /cormun/static/about:blank HTTP/1.1" 404 1011
190.95.1.185 - - [09/Mar/2022:13:03:28 -0300] "GET /cormun/servlet/solicitudotadjuntos?INS,2022,18057,,1, HTTP/1.1" 200 6502
190.95.1.185 - - [09/Mar/2022:13:03:29 -0300] "GET /cormun/servlet/solicitudotadjuntos?3555d07442f86e7d3327b4ef8bb3b21e3d86df5d532a250966735d998707488d74f331f70e14a613987880919ec7e61d,gx-no-cache=1646841066416 HTTP/1.1" 200 30
190.95.1.185 - - [09/Mar/2022:13:03:29 -0300] "POST /cormun/servlet/solicitudotadjuntos?c65b5ebec06a724bb5e3a63dbb6d7157,INS,2022,18057,,1,,gx-no-cache=1646841066431 HTTP/1.1" 200 4192
190.171.143.106 - - [09/Mar/2022:13:03:30 -0300] "GET /cormun/servlet/solicitudotadjuntos?46612b84a7833015a1474290e4340f476dd620470d7a5d096d739ed9ac3853b0,gx-no-cache=1646841050683 HTTP/1.1" 200 30
190.171.143.106 - - [09/Mar/2022:13:03:30 -0300] "GET /cormun/servlet/solicitudotadjuntos?46612b84a7833015a1474290e4340f476dd620470d7a5d096d739ed9ac3853b0,gx-no-cache=1646841065737 HTTP/1.1" 200 30
190.171.143.106 - - [09/Mar/2022:13:03:30 -0300] "POST /cormun/servlet/solicitudotadjuntos?d05247df6038bd32fac3cb5af02fed80,INS,2022,18058,,1, HTTP/1.1" 200 116
190.171.143.106 - - [09/Mar/2022:13:03:30 -0300] "GET /cormun/servlet/hpexe_return? HTTP/1.1" 200 1029
190.171.143.106 - - [09/Mar/2022:13:03:30 -0300] "GET /cormun/servlet/trsolicitudadjuntos?2022,18058, HTTP/1.1" 200 9111
186.67.172.234 - - [09/Mar/2022:13:03:30 -0300] "GET /cormun/servlet/trdiat? HTTP/1.1" 200 7267
186.67.172.234 - - [09/Mar/2022:13:03:30 -0300] "GET /cormun/static/gxcfg.js?20201216295890 HTTP/1.1" 200 953
186.67.172.234 - - [09/Mar/2022:13:03:31 -0300] "GET /cormun/static/trdiat.js?2020121630440 HTTP/1.1" 200 35345
186.67.172.234 - - [09/Mar/2022:13:03:31 -0300] "GET /cormun/servlet/trdiat? HTTP/1.1" 200 7266
190.171.143.106 - - [09/Mar/2022:13:03:31 -0300] "GET /cormun/servlet/trsolicitudadjuntos?2022,18058, HTTP/1.1" 200 9109
190.95.1.185 - - [09/Mar/2022:13:03:31 -0300] "POST /cormun/servlet/solicitudotadjuntos?gx-no-cache=1646841069326 HTTP/1.1" 200 26
186.67.172.234 - - [09/Mar/2022:13:03:33 -0300] "GET /cormun/servlet/accidentes?INS,0, HTTP/1.1" 200 7567
186.67.172.234 - - [09/Mar/2022:13:03:33 -0300] "GET /cormun/static/gxcfg.js?201991422391072 HTTP/1.1" 200 953
186.67.172.234 - - [09/Mar/2022:13:03:33 -0300] "GET /cormun/static/accidentes.js?201991422391097 HTTP/1.1" 200 26306
186.67.172.234 - - [09/Mar/2022:13:03:33 -0300] "GET /cormun/servlet/accidentes?INS,0, HTTP/1.1" 200 7573
190.95.1.185 - - [09/Mar/2022:13:03:44 -0300] "GET /cormun/servlet/solicitudotadjuntos?3555d07442f86e7d3327b4ef8bb3b21e24d2e24409a9be844202c10ee6d40907,gx-no-cache=1646841081888 HTTP/1.1" 200 30
190.95.1.185 - - [09/Mar/2022:13:03:44 -0300] "GET /cormun/servlet/solicitudotadjuntos?3555d07442f86e7d3327b4ef8bb3b21e24d2e24409a9be844202c10ee6d40907,gx-no-cache=1646841081901 HTTP/1.1" 200 30
190.95.1.185 - - [09/Mar/2022:13:03:44 -0300] "POST /cormun/servlet/solicitudotadjuntos?c65b5ebec06a724bb5e3a63dbb6d7157,INS,2022,18057,,1, HTTP/1.1" 200 116
190.95.1.185 - - [09/Mar/2022:13:03:44 -0300] "GET /cormun/servlet/hpexe_return? HTTP/1.1" 200 1026
190.95.1.185 - - [09/Mar/2022:13:03:44 -0300] "GET /cormun/servlet/trsolicitudadjuntos?2022,18057, HTTP/1.1" 200 10075
190.95.1.185 - - [09/Mar/2022:13:03:45 -0300] "GET /cormun/servlet/trsolicitudadjuntos?2022,18057, HTTP/1.1" 200 10073
190.171.143.106 - - [09/Mar/2022:13:03:47 -0300] "GET /cormun/servlet/solicitudotadjuntos?INS,2022,18058,,1, HTTP/1.1" 200 6031
190.171.143.106 - - [09/Mar/2022:13:03:47 -0300] "GET /cormun/static/about:blank HTTP/1.1" 404 1011
190.171.143.106 - - [09/Mar/2022:13:03:47 -0300] "GET /cormun/servlet/solicitudotadjuntos?INS,2022,18058,,1, HTTP/1.1" 200 6024
190.171.143.106 - - [09/Mar/2022:13:03:48 -0300] "GET /cormun/servlet/solicitudotadjuntos?46612b84a7833015a1474290e4340f478c9fd504d7f7d16a51bb500b4dacb0515978104ded30fc4ffeedac4d23ded5df,gx-no-cache=1646841084088 HTTP/1.1" 200 30
190.171.143.106 - - [09/Mar/2022:13:03:48 -0300] "POST /cormun/servlet/solicitudotadjuntos?d05247df6038bd32fac3cb5af02fed80,INS,2022,18058,,1,,gx-no-cache=1646841084112 HTTP/1.1" 200 3910
190.95.1.185 - - [09/Mar/2022:13:03:50 -0300] "GET /cormun/servlet/solicitudotadjuntos?INS,2022,18057,,1, HTTP/1.1" 200 6509
190.95.1.185 - - [09/Mar/2022:13:03:50 -0300] "GET /cormun/static/about:blank HTTP/1.1" 404 1011
190.95.1.185 - - [09/Mar/2022:13:03:50 -0300] "GET /cormun/servlet/solicitudotadjuntos?INS,2022,18057,,1, HTTP/1.1" 200 6502
190.171.143.106 - - [09/Mar/2022:13:03:50 -0300] "POST /cormun/servlet/solicitudotadjuntos?gx-no-cache=1646841086514 HTTP/1.1" 200 26
190.95.1.185 - - [09/Mar/2022:13:03:51 -0300] "GET /cormun/servlet/solicitudotadjuntos?3555d07442f86e7d3327b4ef8bb3b21e3d86df5d532a250966735d998707488d74f331f70e14a613987880919ec7e61d,gx-no-cache=1646841088485 HTTP/1.1" 200 30
190.95.1.185 - - [09/Mar/2022:13:03:51 -0300] "POST /cormun/servlet/solicitudotadjuntos?c65b5ebec06a724bb5e3a63dbb6d7157,INS,2022,18057,,1,,gx-no-cache=1646841088524 HTTP/1.1" 200 4192
190.95.1.185 - - [09/Mar/2022:13:03:53 -0300] "POST /cormun/servlet/solicitudotadjuntos?gx-no-cache=1646841090719 HTTP/1.1" 200 26
186.67.172.234 - - [09/Mar/2022:13:03:54 -0300] "GET /cormun/servlet/trbonoreemplazo? HTTP/1.1" 500 10
186.67.172.234 - - [09/Mar/2022:13:03:57 -0300] "GET /cormun/servlet/accidentes?INS,0, HTTP/1.1" 200 7567
186.67.172.234 - - [09/Mar/2022:13:03:57 -0300] "GET /cormun/servlet/accidentes?INS,0, HTTP/1.1" 200 7573
190.95.1.185 - - [09/Mar/2022:13:04:00 -0300] "GET /cormun/servlet/solicitudotadjuntos?3555d07442f86e7d3327b4ef8bb3b21e24d2e24409a9be844202c10ee6d40907,gx-no-cache=1646841097463 HTTP/1.1" 200 30
190.95.1.185 - - [09/Mar/2022:13:04:00 -0300] "GET /cormun/servlet/solicitudotadjuntos?3555d07442f86e7d3327b4ef8bb3b21e24d2e24409a9be844202c10ee6d40907,gx-no-cache=1646841097477 HTTP/1.1" 200 30
190.171.143.106 - - [09/Mar/2022:13:04:00 -0300] "GET /cormun/servlet/solicitudotadjuntos?46612b84a7833015a1474290e4340f476dd620470d7a5d096d739ed9ac3853b0,gx-no-cache=1646841095914 HTTP/1.1" 200 30
190.171.143.106 - - [09/Mar/2022:13:04:00 -0300] "GET /cormun/servlet/solicitudotadjuntos?46612b84a7833015a1474290e4340f476dd620470d7a5d096d739ed9ac3853b0,gx-no-cache=1646841095938 HTTP/1.1" 200 30
190.171.143.106 - - [09/Mar/2022:13:04:00 -0300] "POST /cormun/servlet/solicitudotadjuntos?d05247df6038bd32fac3cb5af02fed80,INS,2022,18058,,1, HTTP/1.1" 200 116
190.95.1.185 - - [09/Mar/2022:13:04:00 -0300] "POST /cormun/servlet/solicitudotadjuntos?c65b5ebec06a724bb5e3a63dbb6d7157,INS,2022,18057,,1, HTTP/1.1" 200 116
190.95.1.185 - - [09/Mar/2022:13:04:00 -0300] "GET /cormun/servlet/hpexe_return? HTTP/1.1" 200 1026
190.171.143.106 - - [09/Mar/2022:13:04:00 -0300] "GET /cormun/servlet/hpexe_return? HTTP/1.1" 200 1029
190.95.1.185 - - [09/Mar/2022:13:04:01 -0300] "GET /cormun/servlet/trsolicitudadjuntos?2022,18057, HTTP/1.1" 200 10339
190.171.143.106 - - [09/Mar/2022:13:04:01 -0300] "GET /cormun/servlet/trsolicitudadjuntos?2022,18058, HTTP/1.1" 200 9282
190.95.1.185 - - [09/Mar/2022:13:04:01 -0300] "GET /cormun/servlet/trsolicitudadjuntos?2022,18057, HTTP/1.1" 200 10339
190.171.143.106 - - [09/Mar/2022:13:04:01 -0300] "GET /cormun/servlet/trsolicitudadjuntos?2022,18058, HTTP/1.1" 200 9280
186.67.172.234 - - [09/Mar/2022:13:04:01 -0300] "GET /cormun/Manuales/ManualSolicitud.pdf HTTP/1.1" 200 850295
190.95.1.185 - - [09/Mar/2022:13:04:03 -0300] "GET /cormun/servlet/solicitudotadjuntos?INS,2022,18057,,1, HTTP/1.1" 200 6509
190.95.1.185 - - [09/Mar/2022:13:04:03 -0300] "GET /cormun/static/about:blank HTTP/1.1" 404 1011
190.95.1.185 - - [09/Mar/2022:13:04:03 -0300] "GET /cormun/servlet/solicitudotadjuntos?INS,2022,18057,,1, HTTP/1.1" 200 6502
190.95.1.185 - - [09/Mar/2022:13:04:04 -0300] "GET /cormun/servlet/solicitudotadjuntos?3555d07442f86e7d3327b4ef8bb3b21e3d86df5d532a250966735d998707488d74f331f70e14a613987880919ec7e61d,gx-no-cache=1646841101491 HTTP/1.1" 200 30
190.95.1.185 - - [09/Mar/2022:13:04:04 -0300] "POST /cormun/servlet/solicitudotadjuntos?c65b5ebec06a724bb5e3a63dbb6d7157,INS,2022,18057,,1,,gx-no-cache=1646841101516 HTTP/1.1" 200 4192
190.95.1.185 - - [09/Mar/2022:13:04:06 -0300] "POST /cormun/servlet/solicitudotadjuntos?gx-no-cache=1646841103855 HTTP/1.1" 200 26
190.171.143.106 - - [09/Mar/2022:13:04:07 -0300] "GET /cormun/servlet/solicitudotadjuntos?INS,2022,18058,,1, HTTP/1.1" 200 6032
190.171.143.106 - - [09/Mar/2022:13:04:08 -0300] "GET /cormun/static/about:blank HTTP/1.1" 404 1011
190.171.143.106 - - [09/Mar/2022:13:04:08 -0300] "GET /cormun/servlet/solicitudotadjuntos?INS,2022,18058,,1, HTTP/1.1" 200 6025
190.171.143.106 - - [09/Mar/2022:13:04:08 -0300] "GET /cormun/servlet/solicitudotadjuntos?46612b84a7833015a1474290e4340f478c9fd504d7f7d16a51bb500b4dacb0515978104ded30fc4ffeedac4d23ded5df,gx-no-cache=1646841104500 HTTP/1.1" 200 30
190.171.143.106 - - [09/Mar/2022:13:04:08 -0300] "POST /cormun/servlet/solicitudotadjuntos?d05247df6038bd32fac3cb5af02fed80,INS,2022,18058,,1,,gx-no-cache=1646841104522 HTTP/1.1" 200 3911
190.95.1.185 - - [09/Mar/2022:13:04:10 -0300] "GET /cormun/servlet/solicitudotadjuntos?3555d07442f86e7d3327b4ef8bb3b21e24d2e24409a9be844202c10ee6d40907,gx-no-cache=1646841108047 HTTP/1.1" 200 30
190.95.1.185 - - [09/Mar/2022:13:04:10 -0300] "GET /cormun/servlet/solicitudotadjuntos?3555d07442f86e7d3327b4ef8bb3b21e24d2e24409a9be844202c10ee6d40907,gx-no-cache=1646841108061 HTTP/1.1" 200 30
190.95.1.185 - - [09/Mar/2022:13:04:11 -0300] "POST /cormun/servlet/solicitudotadjuntos?c65b5ebec06a724bb5e3a63dbb6d7157,INS,2022,18057,,1, HTTP/1.1" 200 116
190.95.1.185 - - [09/Mar/2022:13:04:11 -0300] "GET /cormun/servlet/hpexe_return? HTTP/1.1" 200 1026
190.95.1.185 - - [09/Mar/2022:13:04:11 -0300] "GET /cormun/servlet/trsolicitudadjuntos?2022,18057, HTTP/1.1" 200 10515
190.171.143.106 - - [09/Mar/2022:13:04:11 -0300] "POST /cormun/servlet/solicitudotadjuntos?gx-no-cache=1646841107113 HTTP/1.1" 200 26
190.95.1.185 - - [09/Mar/2022:13:04:11 -0300] "GET /cormun/servlet/trsolicitudadjuntos?2022,18057, HTTP/1.1" 200 10512
190.95.1.185 - - [09/Mar/2022:13:04:16 -0300] "GET /cormun/servlet/trsolicitudot? HTTP/1.1" 200 9318
190.95.1.185 - - [09/Mar/2022:13:04:16 -0300] "GET /cormun/servlet/trsolicitudot? HTTP/1.1" 200 9311
190.171.143.106 - - [09/Mar/2022:13:04:37 -0300] "POST /cormun/servlet/solicitudotadjuntos?gx-no-cache=1646841107113 HTTP/1.1" 200 26
190.171.143.106 - - [09/Mar/2022:13:05:18 -0300] "POST /cormun/servlet/solicitudotadjuntos?gx-no-cache=1646841167021 HTTP/1.1" 200 26
190.171.153.50 - - [09/Mar/2022:13:05:22 -0300] "GET /cormun/servlet/hlogin HTTP/1.1" 200 1734
190.171.143.106 - - [09/Mar/2022:13:05:29 -0300] "GET /cormun/servlet/solicitudotadjuntos?46612b84a7833015a1474290e4340f476dd620470d7a5d096d739ed9ac3853b0,gx-no-cache=1646841184883 HTTP/1.1" 200 30
190.171.143.106 - - [09/Mar/2022:13:05:29 -0300] "GET /cormun/servlet/solicitudotadjuntos?46612b84a7833015a1474290e4340f476dd620470d7a5d096d739ed9ac3853b0,gx-no-cache=1646841184901 HTTP/1.1" 200 30
190.171.143.106 - - [09/Mar/2022:13:05:29 -0300] "POST /cormun/servlet/solicitudotadjuntos?d05247df6038bd32fac3cb5af02fed80,INS,2022,18058,,1, HTTP/1.1" 200 116
190.171.143.106 - - [09/Mar/2022:13:05:29 -0300] "GET /cormun/servlet/hpexe_return? HTTP/1.1" 200 1029
190.171.143.106 - - [09/Mar/2022:13:05:29 -0300] "GET /cormun/servlet/trsolicitudadjuntos?2022,18058, HTTP/1.1" 200 9540
190.171.143.106 - - [09/Mar/2022:13:05:30 -0300] "GET /cormun/servlet/trsolicitudadjuntos?2022,18058, HTTP/1.1" 200 9536
186.67.172.234 - - [09/Mar/2022:13:05:43 -0300] "GET /cormun/servlet/accidentes?INS,0, HTTP/1.1" 200 7566
186.67.172.234 - - [09/Mar/2022:13:05:43 -0300] "GET /cormun/servlet/accidentes?INS,0, HTTP/1.1" 200 7572
186.67.172.234 - - [09/Mar/2022:13:05:45 -0300] "GET /cormun/Manuales/ManualContratos.pdf HTTP/1.1" 200 629147
190.171.143.106 - - [09/Mar/2022:13:05:54 -0300] "GET /cormun/servlet/solicitudotadjuntos?INS,2022,18058,,1, HTTP/1.1" 200 6031
190.171.143.106 - - [09/Mar/2022:13:05:54 -0300] "GET /cormun/static/about:blank HTTP/1.1" 404 1011
190.171.143.106 - - [09/Mar/2022:13:05:54 -0300] "GET /cormun/servlet/solicitudotadjuntos?INS,2022,18058,,1, HTTP/1.1" 200 6025
190.171.143.106 - - [09/Mar/2022:13:05:55 -0300] "GET /cormun/servlet/solicitudotadjuntos?46612b84a7833015a1474290e4340f478c9fd504d7f7d16a51bb500b4dacb0515978104ded30fc4ffeedac4d23ded5df,gx-no-cache=1646841210763 HTTP/1.1" 200 30
190.171.143.106 - - [09/Mar/2022:13:05:55 -0300] "POST /cormun/servlet/solicitudotadjuntos?d05247df6038bd32fac3cb5af02fed80,INS,2022,18058,,1,,gx-no-cache=1646841210788 HTTP/1.1" 200 3912
190.171.141.122 - - [09/Mar/2022:13:05:55 -0300] "GET /cormun/servlet/trsolicitudot? HTTP/1.1" 200 15842
190.171.141.122 - - [09/Mar/2022:13:05:56 -0300] "GET /cormun/servlet/hhome HTTP/1.1" 200 4250
190.171.141.122 - - [09/Mar/2022:13:05:56 -0300] "GET /cormun/servlet/trsolicitudot? HTTP/1.1" 200 15769
190.171.141.122 - - [09/Mar/2022:13:05:56 -0300] "GET /cormun/servlet/hhome HTTP/1.1" 200 4248
190.171.143.106 - - [09/Mar/2022:13:05:57 -0300] "POST /cormun/servlet/solicitudotadjuntos?gx-no-cache=1646841213313 HTTP/1.1" 200 26
186.67.172.234 - - [09/Mar/2022:13:05:58 -0300] "GET /cormun/servlet/accidentes?INS,0, HTTP/1.1" 200 7566
186.67.172.234 - - [09/Mar/2022:13:05:59 -0300] "GET /cormun/servlet/accidentes?INS,0, HTTP/1.1" 200 7572
190.171.141.122 - - [09/Mar/2022:13:05:59 -0300] "GET /cormun/servlet/trsolicitudot? HTTP/1.1" 200 15842
190.171.141.122 - - [09/Mar/2022:13:06:00 -0300] "GET /cormun/servlet/trsolicitudot? HTTP/1.1" 200 15840
190.171.141.122 - - [09/Mar/2022:13:06:06 -0300] "GET /cormun/static/menuarrow.gif HTTP/1.1" 404 1015
190.171.143.106 - - [09/Mar/2022:13:06:28 -0300] "GET /cormun/servlet/solicitudotadjuntos?46612b84a7833015a1474290e4340f476dd620470d7a5d096d739ed9ac3853b0,gx-no-cache=1646841237522 HTTP/1.1" 200 30
190.171.143.106 - - [09/Mar/2022:13:06:28 -0300] "GET /cormun/servlet/solicitudotadjuntos?46612b84a7833015a1474290e4340f476dd620470d7a5d096d739ed9ac3853b0,gx-no-cache=1646841244564 HTTP/1.1" 200 30
186.67.172.234 - - [09/Mar/2022:13:06:31 -0300] "GET /cormun/servlet/trlicencias? HTTP/1.1" 200 10685
186.67.172.234 - - [09/Mar/2022:13:06:32 -0300] "GET /cormun/servlet/trlicencias? HTTP/1.1" 200 10676
190.171.143.106 - - [09/Mar/2022:13:06:43 -0300] "POST /cormun/servlet/solicitudotadjuntos?d05247df6038bd32fac3cb5af02fed80,INS,2022,18058,,1, HTTP/1.1" 200 116
190.171.143.106 - - [09/Mar/2022:13:06:43 -0300] "GET /cormun/servlet/hpexe_return? HTTP/1.1" 200 1029
190.171.143.106 - - [09/Mar/2022:13:06:44 -0300] "GET /cormun/servlet/trsolicitudadjuntos?2022,18058, HTTP/1.1" 200 9822
190.171.143.106 - - [09/Mar/2022:13:06:44 -0300] "GET /cormun/servlet/trsolicitudadjuntos?2022,18058, HTTP/1.1" 200 9819
190.171.143.106 - - [09/Mar/2022:13:06:49 -0300] "GET /cormun/servlet/solicitudotadjuntos?INS,2022,18058,,1, HTTP/1.1" 200 6032
190.171.141.122 - - [09/Mar/2022:13:06:52 -0300] "GET /cormun/servlet/solicitudot?INS,0,0,false, HTTP/1.1" 200 15974
190.171.141.122 - - [09/Mar/2022:13:06:52 -0300] "GET /cormun/servlet/solicitudot?INS,0,0,false, HTTP/1.1" 200 15981
190.171.143.106 - - [09/Mar/2022:13:06:56 -0300] "GET /cormun/static/about:blank HTTP/1.1" 404 1011
190.171.143.106 - - [09/Mar/2022:13:06:56 -0300] "GET /cormun/servlet/solicitudotadjuntos?INS,2022,18058,,1, HTTP/1.1" 200 6025
190.171.143.106 - - [09/Mar/2022:13:06:57 -0300] "GET /cormun/servlet/solicitudotadjuntos?46612b84a7833015a1474290e4340f478c9fd504d7f7d16a51bb500b4dacb0515978104ded30fc4ffeedac4d23ded5df,gx-no-cache=1646841272890 HTTP/1.1" 200 30
190.171.143.106 - - [09/Mar/2022:13:06:57 -0300] "POST /cormun/servlet/solicitudotadjuntos?d05247df6038bd32fac3cb5af02fed80,INS,2022,18058,,1,,gx-no-cache=1646841272923 HTTP/1.1" 200 3910
190.171.143.106 - - [09/Mar/2022:13:07:00 -0300] "POST /cormun/servlet/solicitudotadjuntos?gx-no-cache=1646841276402 HTTP/1.1" 200 26
190.171.141.106 - - [09/Mar/2022:13:07:13 -0300] "GET /cormun/servlet/hhome HTTP/1.1" 200 3318
190.171.141.106 - - [09/Mar/2022:13:07:15 -0300] "GET /cormun/servlet/hhome HTTP/1.1" 200 3327
190.171.141.106 - - [09/Mar/2022:13:07:15 -0300] "GET /cormun/servlet/hlogin HTTP/1.1" 200 1736
190.171.141.106 - - [09/Mar/2022:13:07:19 -0300] "POST /cormun/servlet/hlogin?1c828145a6a6be104de75c84866a6a56,gx-no-cache=1646841384608 HTTP/1.1" 200 90
190.171.141.106 - - [09/Mar/2022:13:07:19 -0300] "GET /cormun/servlet/hpexe_link HTTP/1.1" 200 948
190.171.141.106 - - [09/Mar/2022:13:07:20 -0300] "GET /cormun/servlet/hhome HTTP/1.1" 200 4225
190.171.141.106 - - [09/Mar/2022:13:07:20 -0300] "GET /cormun/servlet/hhome HTTP/1.1" 200 4221
190.171.141.106 - - [09/Mar/2022:13:07:24 -0300] "GET /cormun/servlet/trsolicitudot? HTTP/1.1" 200 7440
190.171.141.106 - - [09/Mar/2022:13:07:24 -0300] "GET /cormun/servlet/trsolicitudot? HTTP/1.1" 200 7439
190.171.141.106 - - [09/Mar/2022:13:07:29 -0300] "GET /cormun/servlet/solicitudot?INS,0,0,false, HTTP/1.1" 200 15945
190.171.141.106 - - [09/Mar/2022:13:07:30 -0300] "GET /cormun/servlet/solicitudot?INS,0,0,false, HTTP/1.1" 200 15952
186.67.172.234 - - [09/Mar/2022:13:07:47 -0300] "GET /cormun/servlet/trlicencias? HTTP/1.1" 200 10676
186.67.172.234 - - [09/Mar/2022:13:07:47 -0300] "GET /cormun/servlet/trlicencias? HTTP/1.1" 200 10676
190.171.143.106 - - [09/Mar/2022:13:07:51 -0300] "GET /cormun/servlet/solicitudotadjuntos?46612b84a7833015a1474290e4340f476dd620470d7a5d096d739ed9ac3853b0,gx-no-cache=1646841324776 HTTP/1.1" 200 30
190.171.143.106 - - [09/Mar/2022:13:07:51 -0300] "GET /cormun/servlet/solicitudotadjuntos?46612b84a7833015a1474290e4340f476dd620470d7a5d096d739ed9ac3853b0,gx-no-cache=1646841326797 HTTP/1.1" 200 30
190.171.143.106 - - [09/Mar/2022:13:07:51 -0300] "POST /cormun/servlet/solicitudotadjuntos?d05247df6038bd32fac3cb5af02fed80,INS,2022,18058,,1, HTTP/1.1" 200 116
190.171.143.106 - - [09/Mar/2022:13:07:51 -0300] "GET /cormun/servlet/hpexe_return? HTTP/1.1" 200 1029
190.171.143.106 - - [09/Mar/2022:13:07:51 -0300] "GET /cormun/servlet/trsolicitudadjuntos?2022,18058, HTTP/1.1" 200 9975
190.171.143.106 - - [09/Mar/2022:13:07:52 -0300] "GET /cormun/servlet/trsolicitudadjuntos?2022,18058, HTTP/1.1" 200 9974
190.171.143.106 - - [09/Mar/2022:13:08:17 -0300] "GET /cormun/servlet/trsolicitudot? HTTP/1.1" 200 8820
190.171.143.106 - - [09/Mar/2022:13:08:18 -0300] "GET /cormun/servlet/trsolicitudot? HTTP/1.1" 200 8813
190.171.143.106 - - [09/Mar/2022:13:08:29 -0300] "POST /cormun/servlet/trsolicitudot?d05247df6038bd32fac3cb5af02fed80,,gx-no-cache=1646841364070 HTTP/1.1" 200 5585
190.171.143.106 - - [09/Mar/2022:13:08:29 -0300] "POST /cormun/servlet/trsolicitudot?d05247df6038bd32fac3cb5af02fed80,,gx-no-cache=1646841365452 HTTP/1.1" 200 5530
190.171.143.106 - - [09/Mar/2022:13:08:32 -0300] "POST /cormun/servlet/trsolicitudot?d05247df6038bd32fac3cb5af02fed80,,gx-no-cache=1646841367868 HTTP/1.1" 200 107
190.171.143.106 - - [09/Mar/2022:13:08:40 -0300] "GET /cormun/servlet/trsolicitudadjuntos?2022,18055, HTTP/1.1" 200 6084
190.171.143.106 - - [09/Mar/2022:13:08:41 -0300] "GET /cormun/servlet/trsolicitudadjuntos?2022,18055, HTTP/1.1" 200 6084
190.171.143.106 - - [09/Mar/2022:13:08:44 -0300] "GET /cormun/servlet/solicitudotadjuntos?INS,2022,18055,,1, HTTP/1.1" 200 6031
190.171.143.106 - - [09/Mar/2022:13:08:45 -0300] "GET /cormun/static/about:blank HTTP/1.1" 404 1011
190.171.143.106 - - [09/Mar/2022:13:08:45 -0300] "GET /cormun/servlet/solicitudotadjuntos?INS,2022,18055,,1, HTTP/1.1" 200 6025
190.171.143.106 - - [09/Mar/2022:13:08:45 -0300] "GET /cormun/servlet/solicitudotadjuntos?46612b84a7833015a1474290e4340f4747f2f120a7eabdec531b4f1839f362055978104ded30fc4ffeedac4d23ded5df,gx-no-cache=1646841381591 HTTP/1.1" 200 30
190.171.143.106 - - [09/Mar/2022:13:08:46 -0300] "POST /cormun/servlet/solicitudotadjuntos?d05247df6038bd32fac3cb5af02fed80,INS,2022,18055,,1,,gx-no-cache=1646841381645 HTTP/1.1" 200 3911
190.171.143.106 - - [09/Mar/2022:13:08:49 -0300] "POST /cormun/servlet/solicitudotadjuntos?gx-no-cache=1646841385096 HTTP/1.1" 200 26
190.171.141.106 - - [09/Mar/2022:13:09:03 -0300] "POST /cormun/servlet/solicitudot?gx-no-cache=1646841488750 HTTP/1.1" 200 3850
190.171.141.106 - - [09/Mar/2022:13:09:04 -0300] "POST /cormun/servlet/solicitudot?1c828145a6a6be104de75c84866a6a56,INS,0,0,false,,gx-no-cache=1646841488994 HTTP/1.1" 200 12664
190.171.143.106 - - [09/Mar/2022:13:09:08 -0300] "GET /cormun/servlet/solicitudotadjuntos?46612b84a7833015a1474290e4340f476dd620470d7a5d096d739ed9ac3853b0,gx-no-cache=1646841396729 HTTP/1.1" 200 30
190.171.143.106 - - [09/Mar/2022:13:09:08 -0300] "GET /cormun/servlet/solicitudotadjuntos?46612b84a7833015a1474290e4340f476dd620470d7a5d096d739ed9ac3853b0,gx-no-cache=1646841403792 HTTP/1.1" 200 30
190.171.141.106 - - [09/Mar/2022:13:09:08 -0300] "GET /cormun/servlet/solicitudot?e238e50a22ef943e93f94acad0eb0b785133cbebd2afad755391ea9010202536b5df5430b3f3b45941a0ccd8f3807652,gx-no-cache=1646841493315 HTTP/1.1" 200 30
190.171.143.106 - - [09/Mar/2022:13:09:08 -0300] "POST /cormun/servlet/solicitudotadjuntos?d05247df6038bd32fac3cb5af02fed80,INS,2022,18055,,1, HTTP/1.1" 200 116
190.171.143.106 - - [09/Mar/2022:13:09:08 -0300] "GET /cormun/servlet/hpexe_return? HTTP/1.1" 200 1029
190.171.143.106 - - [09/Mar/2022:13:09:08 -0300] "GET /cormun/servlet/trsolicitudadjuntos?2022,18055, HTTP/1.1" 200 8863
190.171.143.106 - - [09/Mar/2022:13:09:09 -0300] "GET /cormun/servlet/trsolicitudadjuntos?2022,18055, HTTP/1.1" 200 8860
190.171.143.106 - - [09/Mar/2022:13:09:12 -0300] "GET /cormun/servlet/solicitudotadjuntos?INS,2022,18055,,1, HTTP/1.1" 200 6031
190.171.143.106 - - [09/Mar/2022:13:09:12 -0300] "GET /cormun/static/about:blank HTTP/1.1" 404 1011
190.171.143.106 - - [09/Mar/2022:13:09:12 -0300] "GET /cormun/servlet/solicitudotadjuntos?INS,2022,18055,,1, HTTP/1.1" 200 6025
190.171.143.106 - - [09/Mar/2022:13:09:20 -0300] "GET /cormun/servlet/solicitudotadjuntos?46612b84a7833015a1474290e4340f4747f2f120a7eabdec531b4f1839f362055978104ded30fc4ffeedac4d23ded5df,gx-no-cache=1646841408830 HTTP/1.1" 200 30
190.171.143.106 - - [09/Mar/2022:13:09:20 -0300] "POST /cormun/servlet/solicitudotadjuntos?d05247df6038bd32fac3cb5af02fed80,INS,2022,18055,,1,,gx-no-cache=1646841415900 HTTP/1.1" 200 3911
190.171.143.106 - - [09/Mar/2022:13:09:22 -0300] "POST /cormun/servlet/solicitudotadjuntos?gx-no-cache=1646841418465 HTTP/1.1" 200 26
190.171.143.106 - - [09/Mar/2022:13:09:31 -0300] "GET /cormun/servlet/solicitudotadjuntos?46612b84a7833015a1474290e4340f476dd620470d7a5d096d739ed9ac3853b0,gx-no-cache=1646841426746 HTTP/1.1" 200 30
190.171.143.106 - - [09/Mar/2022:13:09:31 -0300] "GET /cormun/servlet/solicitudotadjuntos?46612b84a7833015a1474290e4340f476dd620470d7a5d096d739ed9ac3853b0,gx-no-cache=1646841426770 HTTP/1.1" 200 30
190.171.143.106 - - [09/Mar/2022:13:09:31 -0300] "POST /cormun/servlet/solicitudotadjuntos?d05247df6038bd32fac3cb5af02fed80,INS,2022,18055,,1, HTTP/1.1" 200 116
190.171.143.106 - - [09/Mar/2022:13:09:31 -0300] "GET /cormun/servlet/hpexe_return? HTTP/1.1" 200 1029
190.171.143.106 - - [09/Mar/2022:13:09:31 -0300] "GET /cormun/servlet/trsolicitudadjuntos?2022,18055, HTTP/1.1" 200 9104
190.171.143.106 - - [09/Mar/2022:13:09:32 -0300] "GET /cormun/servlet/trsolicitudadjuntos?2022,18055, HTTP/1.1" 200 9101
190.171.143.106 - - [09/Mar/2022:13:09:34 -0300] "GET /cormun/servlet/solicitudotadjuntos?INS,2022,18055,,1, HTTP/1.1" 200 6031
190.171.143.106 - - [09/Mar/2022:13:09:34 -0300] "GET /cormun/static/about:blank HTTP/1.1" 404 1011
190.171.143.106 - - [09/Mar/2022:13:09:34 -0300] "GET /cormun/servlet/solicitudotadjuntos?INS,2022,18055,,1, HTTP/1.1" 200 6025
190.171.143.106 - - [09/Mar/2022:13:09:35 -0300] "GET /cormun/servlet/solicitudotadjuntos?46612b84a7833015a1474290e4340f4747f2f120a7eabdec531b4f1839f362055978104ded30fc4ffeedac4d23ded5df,gx-no-cache=1646841430738 HTTP/1.1" 200 30
190.171.143.106 - - [09/Mar/2022:13:09:35 -0300] "POST /cormun/servlet/solicitudotadjuntos?d05247df6038bd32fac3cb5af02fed80,INS,2022,18055,,1,,gx-no-cache=1646841430762 HTTP/1.1" 200 3911
190.171.143.106 - - [09/Mar/2022:13:09:38 -0300] "POST /cormun/servlet/solicitudotadjuntos?gx-no-cache=1646841433771 HTTP/1.1" 200 26
190.171.143.106 - - [09/Mar/2022:13:09:50 -0300] "GET /cormun/servlet/solicitudotadjuntos?46612b84a7833015a1474290e4340f476dd620470d7a5d096d739ed9ac3853b0,gx-no-cache=1646841444528 HTTP/1.1" 200 30
190.171.143.106 - - [09/Mar/2022:13:09:50 -0300] "GET /cormun/servlet/solicitudotadjuntos?46612b84a7833015a1474290e4340f476dd620470d7a5d096d739ed9ac3853b0,gx-no-cache=1646841446357 HTTP/1.1" 200 30
190.171.143.106 - - [09/Mar/2022:13:09:50 -0300] "POST /cormun/servlet/solicitudotadjuntos?d05247df6038bd32fac3cb5af02fed80,INS,2022,18055,,1, HTTP/1.1" 200 116
190.171.143.106 - - [09/Mar/2022:13:09:50 -0300] "GET /cormun/servlet/hpexe_return? HTTP/1.1" 200 1029
190.171.143.106 - - [09/Mar/2022:13:09:51 -0300] "GET /cormun/servlet/trsolicitudadjuntos?2022,18055, HTTP/1.1" 200 9273
190.171.143.106 - - [09/Mar/2022:13:09:51 -0300] "GET /cormun/servlet/trsolicitudadjuntos?2022,18055, HTTP/1.1" 200 9272
190.171.143.106 - - [09/Mar/2022:13:09:53 -0300] "GET /cormun/servlet/solicitudotadjuntos?INS,2022,18055,,1, HTTP/1.1" 200 6031
190.171.143.106 - - [09/Mar/2022:13:09:53 -0300] "GET /cormun/static/about:blank HTTP/1.1" 404 1011
190.171.143.106 - - [09/Mar/2022:13:09:53 -0300] "GET /cormun/servlet/solicitudotadjuntos?INS,2022,18055,,1, HTTP/1.1" 200 6025
190.171.143.106 - - [09/Mar/2022:13:09:54 -0300] "GET /cormun/servlet/solicitudotadjuntos?46612b84a7833015a1474290e4340f4747f2f120a7eabdec531b4f1839f362055978104ded30fc4ffeedac4d23ded5df,gx-no-cache=1646841449828 HTTP/1.1" 200 30
190.171.143.106 - - [09/Mar/2022:13:09:54 -0300] "POST /cormun/servlet/solicitudotadjuntos?d05247df6038bd32fac3cb5af02fed80,INS,2022,18055,,1,,gx-no-cache=1646841449883 HTTP/1.1" 200 3911
190.171.143.106 - - [09/Mar/2022:13:09:56 -0300] "POST /cormun/servlet/solicitudotadjuntos?gx-no-cache=1646841452417 HTTP/1.1" 200 26
190.171.143.106 - - [09/Mar/2022:13:10:08 -0300] "GET /cormun/servlet/solicitudotadjuntos?46612b84a7833015a1474290e4340f476dd620470d7a5d096d739ed9ac3853b0,gx-no-cache=1646841464289 HTTP/1.1" 200 30
190.171.143.106 - - [09/Mar/2022:13:10:08 -0300] "GET /cormun/servlet/solicitudotadjuntos?46612b84a7833015a1474290e4340f476dd620470d7a5d096d739ed9ac3853b0,gx-no-cache=1646841464313 HTTP/1.1" 200 30
190.171.143.106 - - [09/Mar/2022:13:10:08 -0300] "POST /cormun/servlet/solicitudotadjuntos?d05247df6038bd32fac3cb5af02fed80,INS,2022,18055,,1, HTTP/1.1" 200 116
190.171.143.106 - - [09/Mar/2022:13:10:08 -0300] "GET /cormun/servlet/hpexe_return? HTTP/1.1" 200 1029
190.171.143.106 - - [09/Mar/2022:13:10:09 -0300] "GET /cormun/servlet/trsolicitudadjuntos?2022,18055, HTTP/1.1" 200 9538
190.171.143.106 - - [09/Mar/2022:13:10:09 -0300] "GET /cormun/servlet/trsolicitudadjuntos?2022,18055, HTTP/1.1" 200 9536
190.171.143.106 - - [09/Mar/2022:13:10:11 -0300] "GET /cormun/servlet/solicitudotadjuntos?INS,2022,18055,,1, HTTP/1.1" 200 6029
190.171.143.106 - - [09/Mar/2022:13:10:12 -0300] "GET /cormun/static/about:blank HTTP/1.1" 404 1011
190.171.143.106 - - [09/Mar/2022:13:10:12 -0300] "GET /cormun/servlet/solicitudotadjuntos?INS,2022,18055,,1, HTTP/1.1" 200 6023
190.171.143.106 - - [09/Mar/2022:13:10:12 -0300] "GET /cormun/servlet/solicitudotadjuntos?46612b84a7833015a1474290e4340f4747f2f120a7eabdec531b4f1839f362055978104ded30fc4ffeedac4d23ded5df,gx-no-cache=1646841468187 HTTP/1.1" 200 30
190.171.143.106 - - [09/Mar/2022:13:10:12 -0300] "POST /cormun/servlet/solicitudotadjuntos?d05247df6038bd32fac3cb5af02fed80,INS,2022,18055,,1,,gx-no-cache=1646841468224 HTTP/1.1" 200 3910
190.171.143.106 - - [09/Mar/2022:13:10:21 -0300] "POST /cormun/servlet/solicitudotadjuntos?gx-no-cache=1646841474856 HTTP/1.1" 200 26
190.171.143.106 - - [09/Mar/2022:13:10:32 -0300] "GET /cormun/servlet/solicitudotadjuntos?46612b84a7833015a1474290e4340f476dd620470d7a5d096d739ed9ac3853b0,gx-no-cache=1646841488368 HTTP/1.1" 200 30
190.171.143.106 - - [09/Mar/2022:13:10:32 -0300] "GET /cormun/servlet/solicitudotadjuntos?46612b84a7833015a1474290e4340f476dd620470d7a5d096d739ed9ac3853b0,gx-no-cache=1646841488394 HTTP/1.1" 200 30
190.171.143.106 - - [09/Mar/2022:13:10:32 -0300] "POST /cormun/servlet/solicitudotadjuntos?d05247df6038bd32fac3cb5af02fed80,INS,2022,18055,,1, HTTP/1.1" 200 116
190.171.143.106 - - [09/Mar/2022:13:10:33 -0300] "GET /cormun/servlet/hpexe_return? HTTP/1.1" 200 1029
190.171.143.106 - - [09/Mar/2022:13:10:33 -0300] "GET /cormun/servlet/trsolicitudadjuntos?2022,18055, HTTP/1.1" 200 9803
190.171.143.106 - - [09/Mar/2022:13:10:34 -0300] "GET /cormun/servlet/trsolicitudadjuntos?2022,18055, HTTP/1.1" 200 9800
190.171.143.106 - - [09/Mar/2022:13:10:37 -0300] "GET /cormun/servlet/solicitudotadjuntos?INS,2022,18055,,1, HTTP/1.1" 200 6029
190.171.143.106 - - [09/Mar/2022:13:10:38 -0300] "GET /cormun/static/about:blank HTTP/1.1" 404 1011
190.171.143.106 - - [09/Mar/2022:13:10:38 -0300] "GET /cormun/servlet/solicitudotadjuntos?INS,2022,18055,,1, HTTP/1.1" 200 6023
190.171.143.106 - - [09/Mar/2022:13:10:38 -0300] "GET /cormun/servlet/solicitudotadjuntos?46612b84a7833015a1474290e4340f4747f2f120a7eabdec531b4f1839f362055978104ded30fc4ffeedac4d23ded5df,gx-no-cache=1646841494312 HTTP/1.1" 200 30
190.171.143.106 - - [09/Mar/2022:13:10:38 -0300] "POST /cormun/servlet/solicitudotadjuntos?d05247df6038bd32fac3cb5af02fed80,INS,2022,18055,,1,,gx-no-cache=1646841494335 HTTP/1.1" 200 3910
190.171.143.106 - - [09/Mar/2022:13:10:41 -0300] "POST /cormun/servlet/solicitudotadjuntos?gx-no-cache=1646841497312 HTTP/1.1" 200 26
190.171.143.106 - - [09/Mar/2022:13:10:55 -0300] "GET /cormun/servlet/solicitudotadjuntos?46612b84a7833015a1474290e4340f476dd620470d7a5d096d739ed9ac3853b0,gx-no-cache=1646841510536 HTTP/1.1" 200 30
190.171.143.106 - - [09/Mar/2022:13:10:55 -0300] "GET /cormun/servlet/solicitudotadjuntos?46612b84a7833015a1474290e4340f476dd620470d7a5d096d739ed9ac3853b0,gx-no-cache=1646841511571 HTTP/1.1" 200 30
190.171.143.106 - - [09/Mar/2022:13:10:56 -0300] "POST /cormun/servlet/solicitudotadjuntos?d05247df6038bd32fac3cb5af02fed80,INS,2022,18055,,1, HTTP/1.1" 200 116
190.171.143.106 - - [09/Mar/2022:13:10:56 -0300] "GET /cormun/servlet/hpexe_return? HTTP/1.1" 200 1029
190.171.143.106 - - [09/Mar/2022:13:10:56 -0300] "GET /cormun/servlet/trsolicitudadjuntos?2022,18055, HTTP/1.1" 200 9955
190.171.143.106 - - [09/Mar/2022:13:10:57 -0300] "GET /cormun/servlet/trsolicitudadjuntos?2022,18055, HTTP/1.1" 200 9953
190.171.143.106 - - [09/Mar/2022:13:11:02 -0300] "GET /cormun/servlet/trsolicitudot? HTTP/1.1" 200 8468
190.171.141.106 - - [09/Mar/2022:13:11:07 -0300] "GET /cormun/servlet/solicitudot?e238e50a22ef943e93f94acad0eb0b78afa576bc321146c3f1d5341b81293ac8c02ec2a3ffefd0bc1650fd429cfb595836e14abc05e0e7b5e7200483a91343cc,gx-no-cache=1646841612124 HTTP/1.1" 200 30
190.171.143.106 - - [09/Mar/2022:13:11:09 -0300] "GET /cormun/servlet/trsolicitudot? HTTP/1.1" 200 8468
190.171.143.106 - - [09/Mar/2022:13:11:10 -0300] "GET /cormun/servlet/trsolicitudot? HTTP/1.1" 200 8460
190.171.141.106 - - [09/Mar/2022:13:11:10 -0300] "GET /cormun/servlet/solicitudot?e238e50a22ef943e93f94acad0eb0b7858ae490cfbeb23af1d0cff394b6094ac,gx-no-cache=1646841615863 HTTP/1.1" 200 53
190.171.141.122 - - [09/Mar/2022:13:11:21 -0300] "POST /cormun/servlet/solicitudot?gx-no-cache=1646841536992 HTTP/1.1" 200 4036
190.171.141.122 - - [09/Mar/2022:13:11:21 -0300] "GET /cormun/static/Shared/jqueryui/images/ui-bg_highlight-soft_100_c6c2c8_1x100.png HTTP/1.1" 404 1117
190.171.141.122 - - [09/Mar/2022:13:11:21 -0300] "GET /cormun/static/Shared/jqueryui/images/ui-icons_82798d_256x240.png HTTP/1.1" 404 1089
190.171.141.122 - - [09/Mar/2022:13:11:21 -0300] "GET /cormun/static/Shared/jqueryui/images/ui-bg_flat_55_994d53_40x100.png HTTP/1.1" 404 1097
190.171.141.122 - - [09/Mar/2022:13:11:21 -0300] "GET /cormun/static/Shared/jqueryui/images/ui-icons_ebccce_256x240.png HTTP/1.1" 404 1089
190.171.143.106 - - [09/Mar/2022:13:11:27 -0300] "POST /cormun/servlet/trsolicitudot?d05247df6038bd32fac3cb5af02fed80,,gx-no-cache=1646841541789 HTTP/1.1" 200 4321
190.171.143.106 - - [09/Mar/2022:13:11:27 -0300] "POST /cormun/servlet/trsolicitudot?d05247df6038bd32fac3cb5af02fed80,,gx-no-cache=1646841543294 HTTP/1.1" 200 4091
190.171.143.98 - - [09/Mar/2022:13:12:02 -0300] "GET /cormun/servlet/hlogin HTTP/1.1" 200 1721
190.171.143.98 - - [09/Mar/2022:13:12:10 -0300] "POST /cormun/servlet/hlogin?704a8b4737b44ae33d2d0e1d04657656,gx-no-cache=1646841586533 HTTP/1.1" 200 90
190.171.143.98 - - [09/Mar/2022:13:12:10 -0300] "GET /cormun/servlet/hpexe_link HTTP/1.1" 200 946
190.171.143.98 - - [09/Mar/2022:13:12:10 -0300] "GET /cormun/servlet/hhome HTTP/1.1" 200 4266
190.171.143.98 - - [09/Mar/2022:13:12:11 -0300] "GET /cormun/servlet/hhome HTTP/1.1" 200 4262
190.171.141.122 - - [09/Mar/2022:13:12:30 -0300] "GET /cormun/servlet/trsolicitudot? HTTP/1.1" 200 15849
190.171.141.122 - - [09/Mar/2022:13:12:31 -0300] "GET /cormun/servlet/trsolicitudot? HTTP/1.1" 200 15840
190.171.141.122 - - [09/Mar/2022:13:12:45 -0300] "POST /cormun/servlet/trsolicitudot?bb1d22404fe3be185f92150d66f0d766,,gx-no-cache=1646841621594 HTTP/1.1" 200 112
190.171.141.122 - - [09/Mar/2022:13:12:45 -0300] "GET /cormun/servlet/solicitudot?UPD,2022,18015,false, HTTP/1.1" 200 16505
190.171.141.122 - - [09/Mar/2022:13:12:46 -0300] "GET /cormun/servlet/solicitudot?UPD,2022,18015,false, HTTP/1.1" 200 16515
190.171.141.122 - - [09/Mar/2022:13:12:46 -0300] "POST /cormun/servlet/solicitudot?gx-no-cache=1646841622859 HTTP/1.1" 200 3928
190.171.141.122 - - [09/Mar/2022:13:12:47 -0300] "POST /cormun/servlet/solicitudot?bb1d22404fe3be185f92150d66f0d766,UPD,2022,18015,false,,gx-no-cache=1646841623087 HTTP/1.1" 200 12796
190.171.141.122 - - [09/Mar/2022:13:12:47 -0300] "GET /cormun/servlet/solicitudot?2ba46c1fa3715744998dcd12c646025dc6592dc3ea16fe1dcf5be46c2902a66a599f5c9bda17efa22f157794ed7a2fc0,gx-no-cache=1646841623309 HTTP/1.1" 200 30
190.171.141.122 - - [09/Mar/2022:13:12:47 -0300] "GET /cormun/servlet/solicitudot?2ba46c1fa3715744998dcd12c646025d85f8feebdb0e799107bc793c371a6915dc66e7efc2babcf7725e1094df96f77a599f5c9bda17efa22f157794ed7a2fc0,gx-no-cache=1646841623334 HTTP/1.1" 200 30
190.171.141.122 - - [09/Mar/2022:13:12:47 -0300] "GET /cormun/servlet/solicitudot?2ba46c1fa3715744998dcd12c646025d44bd19733ab19aae32fcdbf18198886d88889ab80f97e4e9fe1c3b9fce020f7fd09e9bd405d6520d4ed5ee63ed1ecff5,gx-no-cache=1646841623359 HTTP/1.1" 200 53
190.171.141.122 - - [09/Mar/2022:13:12:47 -0300] "POST /cormun/servlet/solicitudot?gx-no-cache=1646841623391 HTTP/1.1" 200 297
190.171.141.122 - - [09/Mar/2022:13:12:47 -0300] "GET /cormun/servlet/solicitudot?2ba46c1fa3715744998dcd12c646025d9c58d017ea63cda7404228cecb3ec00bdc05729d7ddfd90c51ad2a147115525c1d954dee07a0c6f95f74663eb10347cee5d5976e13124130c520f28a430695498351343972bb12ee1d62448b9aab22289bd4c051564999785c52c13a58c37444313d06ce9dea9eef7960734da23a282aa34127e8f755b99bfcbc371efc1167cff314418d4165518da6f3ce7710662a176781fc590ff50ef4811f3a1945e2f597155bf8bbd536893689077db6a80980ca2bd6d793685955a473037d31ef2711bde2424dc1e502b103951222dec995864ba8b511e57d5b093520786692a0aa77eea27d3895f9310a88ab068c98d09826524fdb165e779bb04ebbdf1abd143cfec4e519790db3e207b060383ffd844d4c904c72cf8f27f292967f43d7a60dd913c7b7666448b4f126e71e4c0ba7b3ed786b2ec4eac0fc4f0c7221bfee749268a0693032bfc0cafa20e052c2e6d7f7b2d71caea59e9c5de5173a1b42fe753ada1258de70218efe6d248a45896c4a82348a375ce3950e5c2f6fb4946cfef9db4ebb02,gx-no-cache=1646841623422 HTTP/1.1" 200 30
190.171.141.122 - - [09/Mar/2022:13:12:47 -0300] "POST /cormun/servlet/solicitudot?gx-no-cache=1646841623465 HTTP/1.1" 200 30
190.171.141.122 - - [09/Mar/2022:13:12:47 -0300] "POST /cormun/servlet/solicitudot?gx-no-cache=1646841623528 HTTP/1.1" 200 1454
190.171.141.122 - - [09/Mar/2022:13:12:47 -0300] "POST /cormun/servlet/solicitudot?gx-no-cache=1646841623574 HTTP/1.1" 200 41
190.171.141.122 - - [09/Mar/2022:13:13:29 -0300] "GET /cormun/servlet/trsolicitudot? HTTP/1.1" 200 15849
190.171.141.122 - - [09/Mar/2022:13:13:30 -0300] "GET /cormun/servlet/trsolicitudot? HTTP/1.1" 200 15840
190.95.1.185 - - [09/Mar/2022:13:13:31 -0300] "POST /cormun/servlet/trsolicitudot?c65b5ebec06a724bb5e3a63dbb6d7157,,gx-no-cache=1646841667600 HTTP/1.1" 200 107
190.95.1.185 - - [09/Mar/2022:13:13:31 -0300] "GET /cormun/servlet/trsolicitudadjuntos?2022,18057, HTTP/1.1" 200 10508
190.95.1.185 - - [09/Mar/2022:13:13:32 -0300] "GET /cormun/servlet/trsolicitudadjuntos?2022,18057, HTTP/1.1" 200 10509
190.95.1.185 - - [09/Mar/2022:13:13:41 -0300] "GET /cormun/servlet/trsolicitudot? HTTP/1.1" 200 9318
190.95.1.185 - - [09/Mar/2022:13:13:41 -0300] "GET /cormun/servlet/trsolicitudot? HTTP/1.1" 200 9311
190.95.1.185 - - [09/Mar/2022:13:14:10 -0300] "POST /cormun/servlet/trsolicitudot?c65b5ebec06a724bb5e3a63dbb6d7157,,gx-no-cache=1646841707330 HTTP/1.1" 200 5880
190.95.1.185 - - [09/Mar/2022:13:14:10 -0300] "GET /cormun/static/Shared/jqueryui/images/ui-bg_highlight-soft_100_c6c2c8_1x100.png HTTP/1.1" 404 1117
190.95.1.185 - - [09/Mar/2022:13:14:10 -0300] "GET /cormun/static/Shared/jqueryui/images/ui-bg_flat_55_fafafa_40x100.png HTTP/1.1" 404 1097
190.95.1.185 - - [09/Mar/2022:13:14:10 -0300] "GET /cormun/static/Shared/jqueryui/images/ui-icons_82798d_256x240.png HTTP/1.1" 404 1089
190.95.1.185 - - [09/Mar/2022:13:14:10 -0300] "GET /cormun/static/Shared/jqueryui/images/ui-icons_8d78a5_256x240.png HTTP/1.1" 404 1089
190.95.1.185 - - [09/Mar/2022:13:14:10 -0300] "POST /cormun/servlet/trsolicitudot?c65b5ebec06a724bb5e3a63dbb6d7157,,gx-no-cache=1646841707519 HTTP/1.1" 200 5823
190.95.1.185 - - [09/Mar/2022:13:14:11 -0300] "POST /cormun/servlet/trsolicitudot?c65b5ebec06a724bb5e3a63dbb6d7157,,gx-no-cache=1646841709174 HTTP/1.1" 200 4600
190.95.1.185 - - [09/Mar/2022:13:14:12 -0300] "POST /cormun/servlet/trsolicitudot?c65b5ebec06a724bb5e3a63dbb6d7157,,gx-no-cache=1646841709330 HTTP/1.1" 200 4367
190.95.1.185 - - [09/Mar/2022:13:14:14 -0300] "GET /cormun/servlet/trautorizarsolicitud? HTTP/1.1" 200 9330
190.95.1.185 - - [09/Mar/2022:13:14:14 -0300] "GET /cormun/servlet/trautorizarsolicitud? HTTP/1.1" 200 9329
190.95.1.185 - - [09/Mar/2022:13:14:18 -0300] "POST /cormun/servlet/trautorizarsolicitud?c65b5ebec06a724bb5e3a63dbb6d7157,,gx-no-cache=1646841715954 HTTP/1.1" 200 6009
190.95.1.185 - - [09/Mar/2022:13:14:18 -0300] "POST /cormun/servlet/trautorizarsolicitud?c65b5ebec06a724bb5e3a63dbb6d7157,,gx-no-cache=1646841716195 HTTP/1.1" 200 5954
190.95.1.185 - - [09/Mar/2022:13:14:20 -0300] "POST /cormun/servlet/trautorizarsolicitud?c65b5ebec06a724bb5e3a63dbb6d7157,,gx-no-cache=1646841717382 HTTP/1.1" 200 4785
190.95.1.185 - - [09/Mar/2022:13:14:20 -0300] "POST /cormun/servlet/trautorizarsolicitud?c65b5ebec06a724bb5e3a63dbb6d7157,,gx-no-cache=1646841717534 HTTP/1.1" 200 4549
190.171.141.106 - - [09/Mar/2022:13:15:11 -0300] "POST /cormun/servlet/solicitudot?gx-no-cache=1646841856906 HTTP/1.1" 200 255
190.171.141.106 - - [09/Mar/2022:13:15:16 -0300] "GET /cormun/servlet/solicitudot?e238e50a22ef943e93f94acad0eb0b78f4206521b2251c2b6ae7ced3817d9a3dc9cbb4109dc4c27cadc870650722ff93bfa4ee81e1e880bc839f9498d9c98b169de9d6d39e251f665c85f931b6b71361c043c286df375a07f78ac7ac29af35fd81fad0f68d79c2baf797a23f8191510f3c0054220434859f7cf9f3ea2c993b176679de3be27ec51a852eea537f81cf7f70cf31b81304a53807af9c20de7d0fb298277affc303304822394b3805b91977471b18710a74ae76782a1850a7b2278017b1facd98a9ad9153ef867f25b5e1dcbab80cb52a2d9baa80021771fe2c0c1756f09928e219fa0346cf8a4ca87ad9e691d27ce402c93817f35e5b9a545f54fad2750ba6ed2751e3807237fbaf947cb2f6e8d537b32d79a766416e7cb7cadd0cea7f2f13ba904fb4135c133e93ad548acb2bf9eaa187f86e1ac5fc98b93558476cea66613ef9253b750eaa9512dc5d2222bc884a48ffae8bbca4be22779def462e9572a8e4b7b0c8fbb8baed826839d09cf502098cb896fe2790349d9c8da28b,gx-no-cache=1646841861226 HTTP/1.1" 200 30
186.67.172.234 - - [09/Mar/2022:13:15:20 -0300] "GET /cormun/servlet/trfichaempleado? HTTP/1.1" 200 14914
190.171.141.106 - - [09/Mar/2022:13:15:20 -0300] "POST /cormun/servlet/solicitudot?gx-no-cache=1646841865992 HTTP/1.1" 200 30
190.171.141.106 - - [09/Mar/2022:13:15:23 -0300] "POST /cormun/servlet/solicitudot?gx-no-cache=1646841868475 HTTP/1.1" 200 1452
190.171.141.106 - - [09/Mar/2022:13:15:23 -0300] "POST /cormun/servlet/solicitudot?gx-no-cache=1646841868522 HTTP/1.1" 200 38
186.67.172.234 - - [09/Mar/2022:13:15:42 -0300] "GET /cormun/servlet/trfichaempleado? HTTP/1.1" 200 14876
190.171.141.106 - - [09/Mar/2022:13:17:19 -0300] "GET /cormun/servlet/solicitudot?e238e50a22ef943e93f94acad0eb0b786acb5d9ba9a51cbc8fb3af02a03441040fcb820bf3db00a754d83e9d689ff897530e8fdbb350d3823df2ccfc358f649cedb6594ff21425c8ff2e894c460f345e767c1af0c9087555b0c11abbe137c79bb0fe88a3cd401a0b4c9ad09c87f3b6de,gx-no-cache=1646841984909 HTTP/1.1" 200 110
190.171.141.106 - - [09/Mar/2022:13:17:37 -0300] "POST /cormun/servlet/solicitudot?gx-no-cache=1646842002667 HTTP/1.1" 200 97
190.171.143.106 - - [09/Mar/2022:13:21:47 -0300] "GET /cormun/servlet/hlogin HTTP/1.1" 200 1727
190.171.143.106 - - [09/Mar/2022:13:21:51 -0300] "POST /cormun/servlet/hlogin?d05247df6038bd32fac3cb5af02fed80,gx-no-cache=1646842166922 HTTP/1.1" 200 90
190.171.143.106 - - [09/Mar/2022:13:21:57 -0300] "GET /cormun/servlet/hpexe_link HTTP/1.1" 200 961
190.171.143.106 - - [09/Mar/2022:13:21:57 -0300] "GET /cormun/servlet/trsolicitudot? HTTP/1.1" 200 7020
190.171.143.106 - - [09/Mar/2022:13:21:59 -0300] "GET /cormun/servlet/trsolicitudot? HTTP/1.1" 200 7021
190.171.143.106 - - [09/Mar/2022:13:22:02 -0300] "GET /cormun/servlet/trpermisosgoce? HTTP/1.1" 200 8044
190.171.143.106 - - [09/Mar/2022:13:22:12 -0300] "GET /cormun/servlet/trpermisosgoce? HTTP/1.1" 200 8044
190.171.143.106 - - [09/Mar/2022:13:22:12 -0300] "GET /cormun/servlet/trpermisosgoce? HTTP/1.1" 200 8044
190.171.143.106 - - [09/Mar/2022:13:22:15 -0300] "GET /cormun/servlet/apermisogoceprn?11891600,P,20220309081600,PU HTTP/1.1" 200 1654
190.171.143.98 - - [09/Mar/2022:13:26:14 -0300] "GET /cormun/servlet/trautorizarsolicitud? HTTP/1.1" 200 7377
190.171.143.98 - - [09/Mar/2022:13:26:14 -0300] "GET /cormun/servlet/trautorizarsolicitud? HTTP/1.1" 200 7376
37.0.8.109 - - [09/Mar/2022:13:26:17 -0300] "GET /config/getuser?index=0 HTTP/1.1" 404 989
190.171.143.98 - - [09/Mar/2022:13:26:18 -0300] "POST /cormun/servlet/trautorizarsolicitud?704a8b4737b44ae33d2d0e1d04657656,,gx-no-cache=1646842434234 HTTP/1.1" 200 4547
190.171.143.98 - - [09/Mar/2022:13:26:23 -0300] "GET /cormun/servlet/trreportecargahoraria? HTTP/1.1" 200 6849
190.171.143.98 - - [09/Mar/2022:13:26:24 -0300] "GET /cormun/servlet/trreportecargahoraria? HTTP/1.1" 200 6849
190.171.143.98 - - [09/Mar/2022:13:26:27 -0300] "POST /cormun/servlet/trreportecargahoraria?704a8b4737b44ae33d2d0e1d04657656,,gx-no-cache=1646842443287 HTTP/1.1" 200 111
190.171.143.98 - - [09/Mar/2022:13:26:27 -0300] "GET /cormun/ReporteCargaHoraria-5007.xls HTTP/1.1" 200 4096
190.171.143.98 - - [09/Mar/2022:13:26:34 -0300] "GET /cormun/servlet/trlicencias? HTTP/1.1" 200 9508
190.171.143.98 - - [09/Mar/2022:13:26:35 -0300] "GET /cormun/servlet/trlicencias? HTTP/1.1" 200 9507
