190.95.1.185 - - [09/Mar/2022:12:43:09 -0300] "GET /cormun/servlet/solicitudot?3555d07442f86e7d3327b4ef8bb3b21e8ec8cfd5cb4a10e4951b416558a67faa2fb7817bc246eeb3acd31ef6503b6c7f,gx-no-cache=1646839847055 HTTP/1.1" 200 30
190.95.1.185 - - [09/Mar/2022:12:43:16 -0300] "POST /cormun/servlet/solicitudot?gx-no-cache=1646839853940 HTTP/1.1" 200 33
190.95.1.185 - - [09/Mar/2022:12:43:21 -0300] "POST /cormun/servlet/solicitudot?c65b5ebec06a724bb5e3a63dbb6d7157,INS,0,0,false,,gx-no-cache=1646839858074 HTTP/1.1" 200 93
190.95.1.185 - - [09/Mar/2022:12:43:21 -0300] "GET /cormun/servlet/hpexe_return? HTTP/1.1" 200 1008
190.95.1.185 - - [09/Mar/2022:12:43:21 -0300] "GET /cormun/servlet/trsolicitudot HTTP/1.1" 200 9315
190.95.1.185 - - [09/Mar/2022:12:43:21 -0300] "GET /cormun/servlet/trsolicitudot HTTP/1.1" 200 9311
190.95.1.185 - - [09/Mar/2022:12:43:55 -0300] "POST /cormun/servlet/trsolicitudot?c65b5ebec06a724bb5e3a63dbb6d7157,gx-no-cache=1646839893284 HTTP/1.1" 200 107
190.95.1.185 - - [09/Mar/2022:12:43:56 -0300] "GET /cormun/servlet/trsolicitudadjuntos?2022,18057, HTTP/1.1" 200 6566
190.95.1.185 - - [09/Mar/2022:12:43:56 -0300] "GET /cormun/servlet/trsolicitudadjuntos?2022,18057, HTTP/1.1" 200 6566
190.95.1.185 - - [09/Mar/2022:12:43:58 -0300] "GET /cormun/servlet/solicitudotadjuntos?INS,2022,18057,,1, HTTP/1.1" 200 6509
190.95.1.185 - - [09/Mar/2022:12:43:58 -0300] "GET /cormun/static/about:blank HTTP/1.1" 404 1011
190.95.1.185 - - [09/Mar/2022:12:43:58 -0300] "GET /cormun/servlet/solicitudotadjuntos?INS,2022,18057,,1, HTTP/1.1" 200 6502
190.95.1.185 - - [09/Mar/2022:12:43:59 -0300] "GET /cormun/servlet/solicitudotadjuntos?3555d07442f86e7d3327b4ef8bb3b21e3d86df5d532a250966735d998707488d74f331f70e14a613987880919ec7e61d,gx-no-cache=1646839896613 HTTP/1.1" 200 30
190.95.1.185 - - [09/Mar/2022:12:43:59 -0300] "POST /cormun/servlet/solicitudotadjuntos?c65b5ebec06a724bb5e3a63dbb6d7157,INS,2022,18057,,1,,gx-no-cache=1646839896630 HTTP/1.1" 200 4192
190.95.1.185 - - [09/Mar/2022:12:44:01 -0300] "POST /cormun/servlet/solicitudotadjuntos?gx-no-cache=1646839899306 HTTP/1.1" 200 26
190.171.153.50 - - [09/Mar/2022:12:46:24 -0300] "POST /cormun/servlet/solicitudot?gx-no-cache=1646840310408 HTTP/1.1" 200 3930
190.171.153.50 - - [09/Mar/2022:12:46:24 -0300] "POST /cormun/servlet/solicitudot?f4675689eb526a362bcdf918e804a502,INS,0,0,false,,gx-no-cache=1646840310596 HTTP/1.1" 200 12833
190.171.153.50 - - [09/Mar/2022:12:46:25 -0300] "GET /cormun/servlet/solicitudot?836f19545dbb2bfede0e97578a130c5d5f5e8388affdc7adb717698c51f6dfa5f95fc0a748689bfee5584d4cdbbf273f,gx-no-cache=1646840311017 HTTP/1.1" 200 30
190.171.153.50 - - [09/Mar/2022:12:46:35 -0300] "POST /cormun/servlet/solicitudot?gx-no-cache=1646840320930 HTTP/1.1" 200 3991
190.171.153.50 - - [09/Mar/2022:12:46:35 -0300] "GET /cormun/static/Shared/jqueryui/images/ui-bg_highlight-soft_100_c6c2c8_1x100.png HTTP/1.1" 404 1117
190.171.153.50 - - [09/Mar/2022:12:46:35 -0300] "GET /cormun/static/Shared/jqueryui/images/ui-icons_82798d_256x240.png HTTP/1.1" 404 1089
190.171.153.50 - - [09/Mar/2022:12:46:35 -0300] "GET /cormun/static/Shared/jqueryui/images/ui-icons_ebccce_256x240.png HTTP/1.1" 404 1089
190.171.153.50 - - [09/Mar/2022:12:46:35 -0300] "GET /cormun/static/Shared/jqueryui/images/ui-bg_flat_55_994d53_40x100.png HTTP/1.1" 404 1097
190.171.153.50 - - [09/Mar/2022:12:46:39 -0300] "GET /cormun/servlet/trsolicitudot? HTTP/1.1" 200 7436
190.171.153.50 - - [09/Mar/2022:12:46:40 -0300] "GET /cormun/servlet/trsolicitudot? HTTP/1.1" 200 7435
190.171.153.50 - - [09/Mar/2022:12:46:42 -0300] "GET /cormun/servlet/solicitudot?INS,0,0,false, HTTP/1.1" 200 15940
190.171.153.50 - - [09/Mar/2022:12:46:42 -0300] "GET /cormun/servlet/solicitudot?INS,0,0,false, HTTP/1.1" 200 15948
190.171.153.50 - - [09/Mar/2022:12:46:50 -0300] "POST /cormun/servlet/solicitudot?gx-no-cache=1646840336330 HTTP/1.1" 200 3858
190.171.153.50 - - [09/Mar/2022:12:46:50 -0300] "POST /cormun/servlet/solicitudot?f4675689eb526a362bcdf918e804a502,INS,0,0,false,,gx-no-cache=1646840336478 HTTP/1.1" 200 12666
190.171.153.50 - - [09/Mar/2022:12:46:52 -0300] "GET /cormun/servlet/solicitudot?836f19545dbb2bfede0e97578a130c5d5f5e8388affdc7adb717698c51f6dfa5accae585cda8361e38fd5244e331342a,gx-no-cache=1646840338224 HTTP/1.1" 200 30
190.171.142.10 - - [09/Mar/2022:12:47:04 -0300] "GET /cormun/servlet/trsolicitudot? HTTP/1.1" 200 7200
190.171.142.10 - - [09/Mar/2022:12:47:06 -0300] "GET /cormun/servlet/trsolicitudot? HTTP/1.1" 200 7199
190.171.142.10 - - [09/Mar/2022:12:47:11 -0300] "GET /cormun/servlet/solicitudot?INS,0,0,false, HTTP/1.1" 200 15702
185.173.35.37 - - [09/Mar/2022:12:47:11 -0300] "GET / HTTP/1.1" 200 11217
190.171.142.10 - - [09/Mar/2022:12:47:13 -0300] "GET /cormun/servlet/solicitudot?INS,0,0,false, HTTP/1.1" 200 15710
190.171.142.10 - - [09/Mar/2022:12:47:41 -0300] "POST /cormun/servlet/solicitudot?gx-no-cache=1646840117652 HTTP/1.1" 200 3982
190.171.142.10 - - [09/Mar/2022:12:47:42 -0300] "POST /cormun/servlet/solicitudot?fa9a5d2d481bc0a1ff465cd098cb345a,INS,0,0,false,,gx-no-cache=1646840117967 HTTP/1.1" 200 12543
190.171.142.10 - - [09/Mar/2022:12:47:50 -0300] "GET /cormun/servlet/solicitudot?b77957a2b3e9acb5063b75207894133f49f193fa036612c46b88a8199ec9ad649f0b8dd7b94e7458070c67a506d91919,gx-no-cache=1646840126529 HTTP/1.1" 200 30
190.171.142.10 - - [09/Mar/2022:12:47:50 -0300] "GET /cormun/servlet/solicitudot?b77957a2b3e9acb5063b75207894133f4e56a9830baa722b2336c4b38c07c3eaac2463f2a42727167fff547882117cc68a0d96a0774d2e08bd553298554011b1,gx-no-cache=1646840126597 HTTP/1.1" 200 30
190.171.142.10 - - [09/Mar/2022:12:47:50 -0300] "GET /cormun/servlet/solicitudot?b77957a2b3e9acb5063b75207894133f61b16abb4c223cae18be5769a0a0518c,gx-no-cache=1646840126632 HTTP/1.1" 200 53
190.171.142.10 - - [09/Mar/2022:12:47:50 -0300] "POST /cormun/servlet/solicitudot?gx-no-cache=1646840126682 HTTP/1.1" 200 255
190.171.142.10 - - [09/Mar/2022:12:47:50 -0300] "GET /cormun/servlet/solicitudot?b77957a2b3e9acb5063b75207894133f06a510976531608c36c7b7ade559456827a60b72f3b3ad9ff49b283603bf2afccdfb0ffe2401f674ebaa6f5b1d57207e2b72805a5c36cd5377446ebd6c09f29f06d34e2208ab3dc87fd21a8efc9aee51961121378547509dd40f50b9b8ccd653b66e56b7fa294964b99e27aa857cd1cb35f3dbc0ec14b3c0e89700de61d6879abdd686c33fabcad90b2f7177d72c1654b8bd9c8b9aafb61fd72381ed17615adee5964d73910f1b1131f7165170c1e9d61f7ee3a712f436c9f67e18d2b4db915bea9b06842124a2365cc3dc10b6df0fa0e132432f3e17c52a5ba509d211f3ae235a3cf2863db963ab46ddebdaa857db8d78d9dfebd1160b87988b8872663bc806bc5d0b7af3e89f97d7405918812b5c6505178f3f0ffe9d715cfd7972fb27bec8c80112284637a1bb2cfa6576397242fed56057b84fd95cdb046f07d0e87479e129fe9d73710e843b3a47cf95c44d71608683b7fe629ba040cf92bf2ecdaa1a40f84fdf1a1fbe30e8907cfe6920a41813,gx-no-cache=1646840126744 HTTP/1.1" 200 30
190.171.142.10 - - [09/Mar/2022:12:47:52 -0300] "POST /cormun/servlet/solicitudot?gx-no-cache=1646840128803 HTTP/1.1" 200 30
190.171.142.10 - - [09/Mar/2022:12:47:58 -0300] "POST /cormun/servlet/solicitudot?gx-no-cache=1646840134681 HTTP/1.1" 200 1454
190.171.142.10 - - [09/Mar/2022:12:47:58 -0300] "POST /cormun/servlet/solicitudot?gx-no-cache=1646840134746 HTTP/1.1" 200 38
190.171.142.10 - - [09/Mar/2022:12:47:58 -0300] "GET /cormun/servlet/solicitudot?b77957a2b3e9acb5063b75207894133f84e1bd5667ae437a23d113579a5e1fc1597860bf3459416478283249de359b9e39b2ced97909903ced81801f7ead4b74dde22c331d0b080d938721321daadf1c037ae4738817eafe107f053576ac2f1e9783946c426a696caa822d6d1a04f2f0,gx-no-cache=1646840134786 HTTP/1.1" 200 110
190.171.153.50 - - [09/Mar/2022:12:48:32 -0300] "GET /cormun/servlet/prbanco?,MD,,gxPopupLevel%3D0%3B HTTP/1.1" 200 6496
190.171.153.50 - - [09/Mar/2022:12:48:35 -0300] "GET /cormun/servlet/solicitudot?836f19545dbb2bfede0e97578a130c5d7c8b835f926c75f56ef5319f964da9eb5ab2cb6cbf509d6419633e0657ec89753d12e3d8f67b1c7ed981ddb263b63763,gx-no-cache=1646840441421 HTTP/1.1" 200 30
190.171.153.50 - - [09/Mar/2022:12:48:36 -0300] "GET /cormun/servlet/solicitudot?836f19545dbb2bfede0e97578a130c5d0072481f721f5fefdf2138aaf3041eec,gx-no-cache=1646840442399 HTTP/1.1" 200 53
190.171.153.50 - - [09/Mar/2022:12:49:00 -0300] "POST /cormun/servlet/solicitudot?gx-no-cache=1646840466484 HTTP/1.1" 200 297
190.171.153.50 - - [09/Mar/2022:12:49:00 -0300] "GET /cormun/servlet/solicitudot?836f19545dbb2bfede0e97578a130c5d9251a636e8a64d4610c5c50d8cf59ecbfcf6cceec1699286edff798f2f326e92162adf2513051414a57b68d81cd9a2da26297857ede11d0be140abb554ee502e42d10422c9de59867c23c0050fecccb502ab32a5c3767d266da7948f07eb45e8c86e87d1ad388859bd3cfd38a69bab166eca226ae7076d44a0c06635929c53a3e535c3c359c6649e03a78294d904eb652e47c93a10fad729e73ff238db755e253ee82e3944e66b7edb9f96917e32fa4d27d9d677e423d5aab33a4ba0ec6169d50f62ab01dfc935ac6a2dd5d8d1911a210db88fdcefcfb9c0d86973f03f03fb9d3737bf841ebfaf04077aafcc18d9816f953d1def2d9b6eeeba489b363c507aad01d6b9618d8439b063927aac9ddbcc4582707bec1846858ebeb8cd607ebc47e436451ee9e9782befcdc14fd1ad5850cda9f044869e23914f6464f994b35c35a0ae76ddc59063f686b7a9f38cd8ac34d4a37deaef0845c2034c08b2dcdee9467c114888bceac2eceab7f65ce4418131588e7adaf683d4a5723a81a82c91fe2ace,gx-no-cache=1646840466546 HTTP/1.1" 200 30
190.171.153.50 - - [09/Mar/2022:12:49:08 -0300] "POST /cormun/servlet/solicitudot?gx-no-cache=1646840474224 HTTP/1.1" 200 30
190.171.153.50 - - [09/Mar/2022:12:49:10 -0300] "POST /cormun/servlet/solicitudot?gx-no-cache=1646840475965 HTTP/1.1" 200 1452
190.171.153.50 - - [09/Mar/2022:12:49:10 -0300] "POST /cormun/servlet/solicitudot?gx-no-cache=1646840476018 HTTP/1.1" 200 38
190.171.153.50 - - [09/Mar/2022:12:49:22 -0300] "GET /cormun/servlet/solicitudot?836f19545dbb2bfede0e97578a130c5d04749466b7ab17eec4b3e78f16d843a7bd4ce99f47f5bb3f9fc453309b0d9cf74c05a6b990bca4beb583d4fdae766b360ea2e64eb9a6d31f7eaa7051b6f4819f00583c332a04268432c36fcb9e2ee6b86dc6dd08367d70b9ac9f923669182074,gx-no-cache=1646840488844 HTTP/1.1" 200 110
190.171.153.50 - - [09/Mar/2022:12:49:34 -0300] "POST /cormun/servlet/solicitudot?gx-no-cache=1646840499997 HTTP/1.1" 200 110
190.171.153.50 - - [09/Mar/2022:12:49:41 -0300] "GET /cormun/servlet/solicitudot?836f19545dbb2bfede0e97578a130c5dd3375dd3b5aac75a781101614727e68849af69b6bd1ce0853c97fc2f584e12153fef9908c0a3ab834e6faf4cbffc804722bc9df0a15889b5c2af8f2f90138aa8a659c8a5b82907fcb2ac1f4a60360951930af9258ead55b4b864c680122a8aa6,gx-no-cache=1646840507262 HTTP/1.1" 200 29
190.171.153.50 - - [09/Mar/2022:12:49:41 -0300] "GET /cormun/static/menuarrow.gif HTTP/1.1" 404 1015
190.171.153.50 - - [09/Mar/2022:12:49:43 -0300] "GET /cormun/servlet/solicitudot?836f19545dbb2bfede0e97578a130c5da6719b205e9854971701e64b637887b918d2459424866086b7a2f1940cbc306e,gx-no-cache=1646840509844 HTTP/1.1" 200 30
190.171.141.122 - - [09/Mar/2022:12:49:46 -0300] "POST /cormun/servlet/solicitudot?bb1d22404fe3be185f92150d66f0d766,INS,0,0,false,,gx-no-cache=1646840242102 HTTP/1.1" 200 13057
190.171.153.50 - - [09/Mar/2022:12:49:51 -0300] "POST /cormun/servlet/solicitudot?gx-no-cache=1646840517572 HTTP/1.1" 200 30
190.171.153.50 - - [09/Mar/2022:12:49:57 -0300] "POST /cormun/servlet/solicitudot?f4675689eb526a362bcdf918e804a502,INS,0,0,false,,gx-no-cache=1646840522834 HTTP/1.1" 200 93
190.171.153.50 - - [09/Mar/2022:12:49:57 -0300] "GET /cormun/servlet/hpexe_return? HTTP/1.1" 200 1001
190.171.153.50 - - [09/Mar/2022:12:49:57 -0300] "GET /cormun/servlet/trsolicitudot HTTP/1.1" 200 8824
190.171.153.50 - - [09/Mar/2022:12:49:58 -0300] "GET /cormun/servlet/trsolicitudot HTTP/1.1" 200 8820
190.171.153.50 - - [09/Mar/2022:12:50:00 -0300] "POST /cormun/servlet/trsolicitudot?f4675689eb526a362bcdf918e804a502,gx-no-cache=1646840526690 HTTP/1.1" 200 107
190.171.153.50 - - [09/Mar/2022:12:50:00 -0300] "GET /cormun/servlet/trsolicitudadjuntos?2022,18061, HTTP/1.1" 200 6312
190.171.153.50 - - [09/Mar/2022:12:50:01 -0300] "GET /cormun/servlet/trsolicitudadjuntos?2022,18061, HTTP/1.1" 200 6312
190.171.153.50 - - [09/Mar/2022:12:50:04 -0300] "GET /cormun/servlet/solicitudotadjuntos?INS,2022,18061,,1, HTTP/1.1" 200 6257
190.171.153.50 - - [09/Mar/2022:12:50:04 -0300] "GET /cormun/static/about:blank HTTP/1.1" 404 1011
190.171.153.50 - - [09/Mar/2022:12:50:05 -0300] "GET /cormun/servlet/solicitudotadjuntos?INS,2022,18061,,1, HTTP/1.1" 200 6250
190.171.153.50 - - [09/Mar/2022:12:50:05 -0300] "GET /cormun/servlet/solicitudotadjuntos?836f19545dbb2bfede0e97578a130c5db6cd992d44e13281a5e30e8e7c298019d31e79b1398547b326e7812d783d1c49,gx-no-cache=1646840531360 HTTP/1.1" 200 30
190.171.153.50 - - [09/Mar/2022:12:50:05 -0300] "POST /cormun/servlet/solicitudotadjuntos?f4675689eb526a362bcdf918e804a502,INS,2022,18061,,1,,gx-no-cache=1646840531405 HTTP/1.1" 200 4146
190.171.153.50 - - [09/Mar/2022:12:50:07 -0300] "POST /cormun/servlet/solicitudotadjuntos?gx-no-cache=1646840533631 HTTP/1.1" 200 26
190.171.142.10 - - [09/Mar/2022:12:50:07 -0300] "POST /cormun/servlet/solicitudot?gx-no-cache=1646840263563 HTTP/1.1" 200 97
190.171.142.10 - - [09/Mar/2022:12:50:13 -0300] "GET /cormun/servlet/solicitudot?b77957a2b3e9acb5063b75207894133fe2832f68870930a2ca04d57a7c7389d14679aad43eecd12de61bc2adcc73ce6f30fa202639298bf157418e7649c2e41212cc181c2e7c9314ba745ecac2c0ff3c16a218675afd5411df3959ad27760f9834acf223f3aba964d4884da318fc4ac5104b079ecb6003010e5699d358b2e375aab118de94ba3701106ca7389b610a462642894b185272d8c88375375a885505,gx-no-cache=1646840269408 HTTP/1.1" 200 29
190.171.142.10 - - [09/Mar/2022:12:50:13 -0300] "GET /cormun/static/menuarrow.gif HTTP/1.1" 404 1015
190.171.142.10 - - [09/Mar/2022:12:50:19 -0300] "GET /cormun/servlet/solicitudot?b77957a2b3e9acb5063b75207894133f036a7d63d4190dbfdea0d6a10c38a596e32423a086b922f7dfc492dd99fc0612,gx-no-cache=1646840274913 HTTP/1.1" 200 30
190.171.153.50 - - [09/Mar/2022:12:50:20 -0300] "GET /cormun/servlet/solicitudotadjuntos?836f19545dbb2bfede0e97578a130c5d12e80aa91194d610a992b016b7f0d769,gx-no-cache=1646840546622 HTTP/1.1" 200 30
190.171.153.50 - - [09/Mar/2022:12:50:20 -0300] "GET /cormun/servlet/solicitudotadjuntos?836f19545dbb2bfede0e97578a130c5d12e80aa91194d610a992b016b7f0d769,gx-no-cache=1646840546633 HTTP/1.1" 200 30
190.171.153.50 - - [09/Mar/2022:12:50:21 -0300] "POST /cormun/servlet/solicitudotadjuntos?f4675689eb526a362bcdf918e804a502,INS,2022,18061,,1, HTTP/1.1" 200 116
190.171.153.50 - - [09/Mar/2022:12:50:21 -0300] "GET /cormun/servlet/hpexe_return? HTTP/1.1" 200 1019
190.171.141.122 - - [09/Mar/2022:12:50:21 -0300] "GET /cormun/servlet/trsolicitudot? HTTP/1.1" 200 15842
190.171.153.50 - - [09/Mar/2022:12:50:21 -0300] "GET /cormun/servlet/trsolicitudadjuntos?2022,18061, HTTP/1.1" 200 9108
190.171.153.50 - - [09/Mar/2022:12:50:21 -0300] "GET /cormun/servlet/trsolicitudadjuntos?2022,18061, HTTP/1.1" 200 9108
190.171.141.122 - - [09/Mar/2022:12:50:21 -0300] "GET /cormun/servlet/trsolicitudot? HTTP/1.1" 200 15840
190.171.153.50 - - [09/Mar/2022:12:50:24 -0300] "GET /cormun/servlet/solicitudotadjuntos?INS,2022,18061,,1, HTTP/1.1" 200 6257
190.171.153.50 - - [09/Mar/2022:12:50:25 -0300] "GET /cormun/static/about:blank HTTP/1.1" 404 1011
190.171.153.50 - - [09/Mar/2022:12:50:25 -0300] "GET /cormun/servlet/solicitudotadjuntos?INS,2022,18061,,1, HTTP/1.1" 200 6250
190.171.153.50 - - [09/Mar/2022:12:50:25 -0300] "GET /cormun/servlet/solicitudotadjuntos?836f19545dbb2bfede0e97578a130c5db6cd992d44e13281a5e30e8e7c298019d31e79b1398547b326e7812d783d1c49,gx-no-cache=1646840551324 HTTP/1.1" 200 30
190.171.153.50 - - [09/Mar/2022:12:50:25 -0300] "POST /cormun/servlet/solicitudotadjuntos?f4675689eb526a362bcdf918e804a502,INS,2022,18061,,1,,gx-no-cache=1646840551452 HTTP/1.1" 200 4146
190.171.141.122 - - [09/Mar/2022:12:50:26 -0300] "GET /cormun/servlet/solicitudot?INS,0,0,false, HTTP/1.1" 200 15973
190.171.141.122 - - [09/Mar/2022:12:50:26 -0300] "GET /cormun/servlet/solicitudot?INS,0,0,false, HTTP/1.1" 200 15981
190.171.153.50 - - [09/Mar/2022:12:50:29 -0300] "POST /cormun/servlet/solicitudotadjuntos?gx-no-cache=1646840554607 HTTP/1.1" 200 26
190.171.142.10 - - [09/Mar/2022:12:50:32 -0300] "POST /cormun/servlet/solicitudot?gx-no-cache=1646840288563 HTTP/1.1" 200 30
190.171.153.50 - - [09/Mar/2022:12:50:33 -0300] "GET /cormun/servlet/solicitudotadjuntos?836f19545dbb2bfede0e97578a130c5d12e80aa91194d610a992b016b7f0d769,gx-no-cache=1646840559655 HTTP/1.1" 200 30
190.171.153.50 - - [09/Mar/2022:12:50:33 -0300] "GET /cormun/servlet/solicitudotadjuntos?836f19545dbb2bfede0e97578a130c5d12e80aa91194d610a992b016b7f0d769,gx-no-cache=1646840559750 HTTP/1.1" 200 30
190.171.153.50 - - [09/Mar/2022:12:50:34 -0300] "POST /cormun/servlet/solicitudotadjuntos?f4675689eb526a362bcdf918e804a502,INS,2022,18061,,1, HTTP/1.1" 200 116
190.171.153.50 - - [09/Mar/2022:12:50:34 -0300] "GET /cormun/servlet/hpexe_return? HTTP/1.1" 200 1019
190.171.153.50 - - [09/Mar/2022:12:50:34 -0300] "GET /cormun/servlet/trsolicitudadjuntos?2022,18061, HTTP/1.1" 200 9325
190.171.153.50 - - [09/Mar/2022:12:50:35 -0300] "GET /cormun/servlet/trsolicitudadjuntos?2022,18061, HTTP/1.1" 200 9322
190.171.153.50 - - [09/Mar/2022:12:50:37 -0300] "GET /cormun/servlet/solicitudotadjuntos?INS,2022,18061,,1, HTTP/1.1" 200 6257
190.171.153.50 - - [09/Mar/2022:12:50:37 -0300] "GET /cormun/static/about:blank HTTP/1.1" 404 1011
190.171.153.50 - - [09/Mar/2022:12:50:37 -0300] "GET /cormun/servlet/solicitudotadjuntos?INS,2022,18061,,1, HTTP/1.1" 200 6250
190.171.153.50 - - [09/Mar/2022:12:50:38 -0300] "GET /cormun/servlet/solicitudotadjuntos?836f19545dbb2bfede0e97578a130c5db6cd992d44e13281a5e30e8e7c298019d31e79b1398547b326e7812d783d1c49,gx-no-cache=1646840564045 HTTP/1.1" 200 30
190.171.153.50 - - [09/Mar/2022:12:50:38 -0300] "POST /cormun/servlet/solicitudotadjuntos?f4675689eb526a362bcdf918e804a502,INS,2022,18061,,1,,gx-no-cache=1646840564140 HTTP/1.1" 200 4146
190.171.153.50 - - [09/Mar/2022:12:50:41 -0300] "POST /cormun/servlet/solicitudotadjuntos?gx-no-cache=1646840567537 HTTP/1.1" 200 26
190.171.142.10 - - [09/Mar/2022:12:50:48 -0300] "POST /cormun/servlet/solicitudot?fa9a5d2d481bc0a1ff465cd098cb345a,INS,0,0,false,,gx-no-cache=1646840304274 HTTP/1.1" 200 93
190.171.142.10 - - [09/Mar/2022:12:50:48 -0300] "GET /cormun/servlet/hpexe_return? HTTP/1.1" 200 1014
190.171.142.10 - - [09/Mar/2022:12:50:49 -0300] "GET /cormun/servlet/trsolicitudot HTTP/1.1" 200 8619
190.171.153.50 - - [09/Mar/2022:12:50:49 -0300] "GET /cormun/servlet/solicitudotadjuntos?836f19545dbb2bfede0e97578a130c5d12e80aa91194d610a992b016b7f0d769,gx-no-cache=1646840575375 HTTP/1.1" 200 30
190.171.153.50 - - [09/Mar/2022:12:50:49 -0300] "GET /cormun/servlet/solicitudotadjuntos?836f19545dbb2bfede0e97578a130c5d12e80aa91194d610a992b016b7f0d769,gx-no-cache=1646840575398 HTTP/1.1" 200 30
190.171.153.50 - - [09/Mar/2022:12:50:49 -0300] "POST /cormun/servlet/solicitudotadjuntos?f4675689eb526a362bcdf918e804a502,INS,2022,18061,,1, HTTP/1.1" 200 116
190.171.153.50 - - [09/Mar/2022:12:50:49 -0300] "GET /cormun/servlet/hpexe_return? HTTP/1.1" 200 1019
190.171.153.50 - - [09/Mar/2022:12:50:49 -0300] "GET /cormun/servlet/trsolicitudadjuntos?2022,18061, HTTP/1.1" 200 9534
190.171.153.50 - - [09/Mar/2022:12:50:50 -0300] "GET /cormun/servlet/trsolicitudadjuntos?2022,18061, HTTP/1.1" 200 9532
190.171.142.10 - - [09/Mar/2022:12:50:50 -0300] "GET /cormun/servlet/trsolicitudot HTTP/1.1" 200 8615
190.171.153.50 - - [09/Mar/2022:12:50:56 -0300] "GET /cormun/servlet/solicitudotadjuntos?INS,2022,18061,,1, HTTP/1.1" 200 6257
190.171.153.50 - - [09/Mar/2022:12:50:56 -0300] "GET /cormun/static/about:blank HTTP/1.1" 404 1011
190.171.153.50 - - [09/Mar/2022:12:50:56 -0300] "GET /cormun/servlet/solicitudotadjuntos?INS,2022,18061,,1, HTTP/1.1" 200 6250
190.171.153.50 - - [09/Mar/2022:12:50:57 -0300] "GET /cormun/servlet/solicitudotadjuntos?836f19545dbb2bfede0e97578a130c5db6cd992d44e13281a5e30e8e7c298019d31e79b1398547b326e7812d783d1c49,gx-no-cache=1646840582894 HTTP/1.1" 200 30
190.171.153.50 - - [09/Mar/2022:12:50:57 -0300] "POST /cormun/servlet/solicitudotadjuntos?f4675689eb526a362bcdf918e804a502,INS,2022,18061,,1,,gx-no-cache=1646840582933 HTTP/1.1" 200 4146
190.171.142.10 - - [09/Mar/2022:12:50:58 -0300] "GET /cormun/servlet/trsolicitudot? HTTP/1.1" 200 8615
190.171.153.50 - - [09/Mar/2022:12:50:59 -0300] "POST /cormun/servlet/solicitudotadjuntos?gx-no-cache=1646840585455 HTTP/1.1" 200 26
190.171.142.10 - - [09/Mar/2022:12:50:59 -0300] "GET /cormun/servlet/trsolicitudot? HTTP/1.1" 200 8615
190.171.153.50 - - [09/Mar/2022:12:51:01 -0300] "POST /cormun/servlet/solicitudotadjuntos?gx-no-cache=1646840587631 HTTP/1.1" 200 26
190.171.141.122 - - [09/Mar/2022:12:51:03 -0300] "POST /cormun/servlet/solicitudot?gx-no-cache=1646840319454 HTTP/1.1" 200 3934
190.171.141.122 - - [09/Mar/2022:12:51:03 -0300] "GET /cormun/static/Shared/jqueryui/images/ui-bg_highlight-soft_100_c6c2c8_1x100.png HTTP/1.1" 404 1117
190.171.141.122 - - [09/Mar/2022:12:51:03 -0300] "GET /cormun/static/Shared/jqueryui/images/ui-icons_82798d_256x240.png HTTP/1.1" 404 1089
190.171.141.122 - - [09/Mar/2022:12:51:03 -0300] "GET /cormun/static/Shared/jqueryui/images/ui-bg_flat_55_994d53_40x100.png HTTP/1.1" 404 1097
190.171.141.122 - - [09/Mar/2022:12:51:03 -0300] "GET /cormun/static/Shared/jqueryui/images/ui-icons_ebccce_256x240.png HTTP/1.1" 404 1089
190.171.153.50 - - [09/Mar/2022:12:51:06 -0300] "GET /cormun/servlet/solicitudotadjuntos?836f19545dbb2bfede0e97578a130c5d12e80aa91194d610a992b016b7f0d769,gx-no-cache=1646840592534 HTTP/1.1" 200 30
190.171.153.50 - - [09/Mar/2022:12:51:06 -0300] "GET /cormun/servlet/solicitudotadjuntos?836f19545dbb2bfede0e97578a130c5d12e80aa91194d610a992b016b7f0d769,gx-no-cache=1646840592546 HTTP/1.1" 200 30
190.171.153.50 - - [09/Mar/2022:12:51:07 -0300] "POST /cormun/servlet/solicitudotadjuntos?f4675689eb526a362bcdf918e804a502,INS,2022,18061,,1, HTTP/1.1" 200 116
190.171.153.50 - - [09/Mar/2022:12:51:07 -0300] "GET /cormun/servlet/hpexe_return? HTTP/1.1" 200 1019
190.171.153.50 - - [09/Mar/2022:12:51:07 -0300] "GET /cormun/servlet/trsolicitudadjuntos?2022,18061, HTTP/1.1" 200 9753
190.171.153.50 - - [09/Mar/2022:12:51:07 -0300] "GET /cormun/servlet/trsolicitudadjuntos?2022,18061, HTTP/1.1" 200 9752
190.171.141.122 - - [09/Mar/2022:12:51:10 -0300] "GET /cormun/servlet/solicitudot?2ba46c1fa3715744998dcd12c646025d93c35779d420af40e1d32314fbc8c62d5de5a7e9e57e5b459e8353edb76137e7,gx-no-cache=1646840326112 HTTP/1.1" 200 30
190.171.153.50 - - [09/Mar/2022:12:51:14 -0300] "GET /cormun/servlet/trsolicitudot? HTTP/1.1" 200 8830
190.171.153.50 - - [09/Mar/2022:12:51:14 -0300] "GET /cormun/servlet/trsolicitudot? HTTP/1.1" 200 8820
190.171.142.10 - - [09/Mar/2022:12:51:15 -0300] "POST /cormun/servlet/trsolicitudot?fa9a5d2d481bc0a1ff465cd098cb345a,,gx-no-cache=1646840331219 HTTP/1.1" 200 4575
190.171.142.10 - - [09/Mar/2022:12:51:15 -0300] "GET /cormun/static/Shared/jqueryui/images/ui-bg_highlight-soft_100_c6c2c8_1x100.png HTTP/1.1" 404 1117
190.171.142.10 - - [09/Mar/2022:12:51:15 -0300] "GET /cormun/static/Shared/jqueryui/images/ui-icons_82798d_256x240.png HTTP/1.1" 404 1089
190.171.142.10 - - [09/Mar/2022:12:51:15 -0300] "GET /cormun/static/Shared/jqueryui/images/ui-bg_flat_55_fafafa_40x100.png HTTP/1.1" 404 1097
190.171.142.10 - - [09/Mar/2022:12:51:15 -0300] "GET /cormun/static/Shared/jqueryui/images/ui-icons_8d78a5_256x240.png HTTP/1.1" 404 1089
190.171.142.10 - - [09/Mar/2022:12:51:15 -0300] "POST /cormun/servlet/trsolicitudot?fa9a5d2d481bc0a1ff465cd098cb345a,,gx-no-cache=1646840331561 HTTP/1.1" 200 4338
190.171.153.50 - - [09/Mar/2022:12:51:22 -0300] "POST /cormun/servlet/trsolicitudot?f4675689eb526a362bcdf918e804a502,,gx-no-cache=1646840607979 HTTP/1.1" 200 4859
190.171.153.50 - - [09/Mar/2022:12:51:22 -0300] "GET /cormun/static/Shared/jqueryui/images/ui-icons_82798d_256x240.png HTTP/1.1" 404 1089
190.171.153.50 - - [09/Mar/2022:12:51:22 -0300] "GET /cormun/static/Shared/jqueryui/images/ui-bg_highlight-soft_100_c6c2c8_1x100.png HTTP/1.1" 404 1117
190.171.153.50 - - [09/Mar/2022:12:51:22 -0300] "GET /cormun/static/Shared/jqueryui/images/ui-bg_flat_55_fafafa_40x100.png HTTP/1.1" 404 1097
190.171.153.50 - - [09/Mar/2022:12:51:22 -0300] "GET /cormun/static/Shared/jqueryui/images/ui-icons_8d78a5_256x240.png HTTP/1.1" 404 1089
190.171.153.50 - - [09/Mar/2022:12:51:22 -0300] "POST /cormun/servlet/trsolicitudot?f4675689eb526a362bcdf918e804a502,,gx-no-cache=1646840608168 HTTP/1.1" 200 4625
190.171.153.50 - - [09/Mar/2022:12:52:02 -0300] "GET /cormun/servlet/trcontratounov2? HTTP/1.1" 200 16796
190.171.153.50 - - [09/Mar/2022:12:52:02 -0300] "GET /cormun/static/gxcfg.js?2020121614367 HTTP/1.1" 200 953
190.171.153.50 - - [09/Mar/2022:12:52:03 -0300] "GET /cormun/static/Resources/PXToolsAddSelectedAction.png HTTP/1.1" 200 523
190.171.153.50 - - [09/Mar/2022:12:52:03 -0300] "GET /cormun/static/trcontratounov2.js?20201216143065 HTTP/1.1" 200 38486
190.171.153.50 - - [09/Mar/2022:12:52:03 -0300] "GET /cormun//static/Resources/PXToolsActionDisabled.gif HTTP/1.1" 200 53
190.171.153.50 - - [09/Mar/2022:12:52:03 -0300] "GET /cormun/servlet/trcontratounov2? HTTP/1.1" 200 16807
190.171.141.122 - - [09/Mar/2022:12:52:28 -0300] "GET /cormun/servlet/solicitudot?2ba46c1fa3715744998dcd12c646025d8901ca333fd4a8296c067d9c9e8d4c47,gx-no-cache=1646840404642 HTTP/1.1" 200 94
190.171.141.122 - - [09/Mar/2022:12:52:30 -0300] "GET /cormun/servlet/solicitudot?2ba46c1fa3715744998dcd12c646025dcd416e694ca137c1b53b4b068e8648b1,gx-no-cache=1646840406074 HTTP/1.1" 200 53
114.119.140.47 - - [09/Mar/2022:12:53:13 -0300] "GET /robots.txt HTTP/1.1" 404 981
190.171.141.122 - - [09/Mar/2022:12:54:47 -0300] "GET /cormun/servlet/solicitudot?2ba46c1fa3715744998dcd12c646025d0a4ddc616d59813fcffa1ac5067a0122a76b0794d69aefb2d69bc880d6c4446c5ce3950e5c2f6fb4946cfef9db4ebb02,gx-no-cache=1646840544007 HTTP/1.1" 200 30
190.171.141.122 - - [09/Mar/2022:12:55:00 -0300] "GET /cormun/servlet/solicitudot?2ba46c1fa3715744998dcd12c646025d096eeba3d20d8343a1f37a6f299e800af0c0df4cc4ba470dda887d4a00e7916d8cddacb0db7236201b08d17c615e4b3cda9fcb7c44468ed11d7e908bfd7c71ef656ae0dd7ea35bd550af2385f7760a163a039071642480dcfb34bf63752efcbcc49f080814dcef1d16e1545e10c3b270587c1ff148de352213c079b0cf34d6a2560f8c05e2d96f50cd255aebcd8524bae9c801cd02da6bf350a2a93fac9b4662a2f598a24b23bdadc020d34b0961baa7daa73449194f748adcf41f19fd9396747ddcd85c924bfa0bee21a473a748ba771d341e13a17cc58939d422c66b3666054d71af272a43e2ddde14ba27ffc67dfa1b29a31b87013215e9b960d18c5f099b466fb7eeab9895a1aac5d0a166e87d6e17e504812a514341be38ad53c69db1b04cf3968f87eb771d6b687aedbe34685a9cd1eb6ba694cebdab9fe03d632ae4d2,gx-no-cache=1646840556726 HTTP/1.1" 200 297
190.171.141.122 - - [09/Mar/2022:12:55:03 -0300] "GET /cormun/servlet/solicitudot?2ba46c1fa3715744998dcd12c646025d9c58d017ea63cda7404228cecb3ec00bdc05729d7ddfd90c51ad2a147115525c1d954dee07a0c6f95f74663eb10347cee5d5976e13124130c520f28a430695498351343972bb12ee1d62448b9aab22289bd4c051564999785c52c13a58c37444313d06ce9dea9eef7960734da23a282aa34127e8f755b99bfcbc371efc1167cff314418d4165518da6f3ce7710662a176781fc590ff50ef4811f3a1945e2f597155bf8bbd536893689077db6a80980ca2bd6d793685955a473037d31ef2711bde2424dc1e502b103951222dec995864ba8b511e57d5b093520786692a0aa77eea27d3895f9310a88ab068c98d09826524fdb165e779bb04ebbdf1abd143cfec4e519790db3e207b060383ffd844d4c904c72cf8f27f292967f43d7a60dd913c7b7666448b4f126e71e4c0ba7b3ed786b2ec4eac0fc4f0c7221bfee749268a0693032bfc0cafa20e052c2e6d7f7b2d71caea59e9c5de5173a1b42fe753ada125876359a2793205eb8975e5b9f00203d775ce3950e5c2f6fb4946cfef9db4ebb02,gx-no-cache=1646840559730 HTTP/1.1" 200 30
190.171.153.50 - - [09/Mar/2022:12:55:05 -0300] "GET /cormun/servlet/trlicencias? HTTP/1.1" 200 8608
190.171.153.50 - - [09/Mar/2022:12:55:05 -0300] "GET /cormun/static/gxcfg.js?2020121613995 HTTP/1.1" 200 953
190.171.153.50 - - [09/Mar/2022:12:55:05 -0300] "GET /cormun/static/trlicencias.js?202012162481 HTTP/1.1" 200 41883
190.171.153.50 - - [09/Mar/2022:12:55:05 -0300] "GET /cormun//static/Resources/PXToolsGridDisplay.png HTTP/1.1" 200 525
190.171.153.50 - - [09/Mar/2022:12:55:05 -0300] "GET /cormun//static/Resources/PXToolsHeaderHelp.png HTTP/1.1" 200 1333
190.171.153.50 - - [09/Mar/2022:12:55:05 -0300] "GET /cormun//static/Resources/PXToolsHeaderFavorites.png HTTP/1.1" 200 1414
190.171.153.50 - - [09/Mar/2022:12:55:05 -0300] "GET /cormun//static/Resources/PXToolsActionPrint.png HTTP/1.1" 200 404
190.171.153.50 - - [09/Mar/2022:12:55:05 -0300] "GET /cormun/servlet/trlicencias? HTTP/1.1" 200 8607
181.212.43.89 - - [09/Mar/2022:12:56:19 -0300] "GET /cormun/servlet/hlogin HTTP/1.1" 200 1724
181.212.43.89 - - [09/Mar/2022:12:56:20 -0300] "GET /cormun/servlet/hlogin HTTP/1.1" 200 1734
181.212.43.89 - - [09/Mar/2022:12:56:21 -0300] "GET /favicon.ico HTTP/1.1" 200 21630
181.212.43.89 - - [09/Mar/2022:12:56:31 -0300] "POST /cormun/servlet/hlogin?f9833964e7f03695cb5475f39ac60a71,gx-no-cache=1646840644804 HTTP/1.1" 200 90
181.212.43.89 - - [09/Mar/2022:12:56:31 -0300] "GET /cormun/servlet/hpexe_link HTTP/1.1" 200 950
181.212.43.89 - - [09/Mar/2022:12:56:32 -0300] "GET /cormun/servlet/hhome HTTP/1.1" 200 4004
181.212.43.89 - - [09/Mar/2022:12:56:33 -0300] "GET /cormun/servlet/hhome HTTP/1.1" 200 4000
181.212.43.89 - - [09/Mar/2022:12:56:36 -0300] "GET /cormun/servlet/trlicencias? HTTP/1.1" 200 9705
181.212.43.89 - - [09/Mar/2022:12:56:40 -0300] "GET /cormun/servlet/trlicencias? HTTP/1.1" 200 9703
190.171.143.106 - - [09/Mar/2022:12:56:59 -0300] "POST /cormun/servlet/trsolicitudot?2b03109ee7e3f7ed772368711aceb1ba,,gx-no-cache=1646840674310 HTTP/1.1" 440 972
190.171.143.106 - - [09/Mar/2022:12:57:02 -0300] "GET /cormun/servlet/trsolicitudot? HTTP/1.1" 200 6328
190.171.143.106 - - [09/Mar/2022:12:57:03 -0300] "GET /cormun/servlet/trsolicitudot? HTTP/1.1" 200 6328
190.171.143.106 - - [09/Mar/2022:12:57:04 -0300] "GET /cormun/servlet/hlogin HTTP/1.1" 200 1745
190.171.143.106 - - [09/Mar/2022:12:57:17 -0300] "POST /cormun/servlet/hlogin?d05247df6038bd32fac3cb5af02fed80,gx-no-cache=1646840686154 HTTP/1.1" 200 90
190.171.143.106 - - [09/Mar/2022:12:57:17 -0300] "GET /cormun/servlet/hpexe_link HTTP/1.1" 200 960
190.171.143.106 - - [09/Mar/2022:12:57:18 -0300] "GET /cormun/servlet/trsolicitudot HTTP/1.1" 200 8814
190.171.143.106 - - [09/Mar/2022:12:57:19 -0300] "GET /cormun/servlet/trsolicitudot HTTP/1.1" 200 8813
190.171.143.106 - - [09/Mar/2022:12:57:22 -0300] "POST /cormun/servlet/trsolicitudot?d05247df6038bd32fac3cb5af02fed80,gx-no-cache=1646840697690 HTTP/1.1" 200 107
190.171.143.106 - - [09/Mar/2022:12:57:22 -0300] "GET /cormun/servlet/trsolicitudadjuntos?2022,18058, HTTP/1.1" 200 6085
190.171.143.106 - - [09/Mar/2022:12:57:23 -0300] "GET /cormun/servlet/trsolicitudadjuntos?2022,18058, HTTP/1.1" 200 6085
190.171.143.106 - - [09/Mar/2022:12:57:26 -0300] "GET /cormun/servlet/solicitudotadjuntos?INS,2022,18058,,1, HTTP/1.1" 200 6031
190.171.143.106 - - [09/Mar/2022:12:57:45 -0300] "GET /cormun/servlet/solicitudotadjuntos?INS,2022,18058,,1, HTTP/1.1" 200 6013
190.171.143.106 - - [09/Mar/2022:12:57:47 -0300] "GET /cormun/static/gxcfg.js?202012157947 HTTP/1.1" 200 953
190.171.143.106 - - [09/Mar/2022:12:57:48 -0300] "GET /cormun/static/solicitudotadjuntos.js?202012157966 HTTP/1.1" 200 11771
190.171.143.106 - - [09/Mar/2022:12:57:48 -0300] "GET /cormun/static/about:blank HTTP/1.1" 404 1011
190.171.143.106 - - [09/Mar/2022:12:57:48 -0300] "GET /cormun/servlet/solicitudotadjuntos?INS,2022,18058,,1, HTTP/1.1" 200 6024
190.171.143.106 - - [09/Mar/2022:12:57:49 -0300] "GET /cormun/servlet/solicitudotadjuntos?46612b84a7833015a1474290e4340f478c9fd504d7f7d16a51bb500b4dacb0515978104ded30fc4ffeedac4d23ded5df,gx-no-cache=1646840725162 HTTP/1.1" 200 30
190.171.143.106 - - [09/Mar/2022:12:57:49 -0300] "POST /cormun/servlet/solicitudotadjuntos?d05247df6038bd32fac3cb5af02fed80,INS,2022,18058,,1,,gx-no-cache=1646840725224 HTTP/1.1" 200 3883
190.171.143.106 - - [09/Mar/2022:12:58:02 -0300] "GET /cormun/servlet/solicitudotadjuntos?INS,2022,18058,,1, HTTP/1.1" 200 6024
190.171.143.106 - - [09/Mar/2022:12:58:03 -0300] "GET /cormun/static/about:blank HTTP/1.1" 404 1011
190.171.143.106 - - [09/Mar/2022:12:58:03 -0300] "GET /cormun/servlet/solicitudotadjuntos?INS,2022,18058,,1, HTTP/1.1" 200 6024
190.171.143.106 - - [09/Mar/2022:12:58:03 -0300] "GET /cormun/servlet/solicitudotadjuntos?46612b84a7833015a1474290e4340f478c9fd504d7f7d16a51bb500b4dacb0515978104ded30fc4ffeedac4d23ded5df,gx-no-cache=1646840739634 HTTP/1.1" 200 30
190.171.143.106 - - [09/Mar/2022:12:58:04 -0300] "POST /cormun/servlet/solicitudotadjuntos?d05247df6038bd32fac3cb5af02fed80,INS,2022,18058,,1,,gx-no-cache=1646840739656 HTTP/1.1" 200 3913
190.171.143.106 - - [09/Mar/2022:12:58:05 -0300] "POST /cormun/servlet/solicitudotadjuntos?gx-no-cache=1646840741338 HTTP/1.1" 200 26
190.171.143.106 - - [09/Mar/2022:12:58:26 -0300] "GET /cormun/servlet/solicitudotadjuntos?46612b84a7833015a1474290e4340f476dd620470d7a5d096d739ed9ac3853b0,gx-no-cache=1646840754809 HTTP/1.1" 200 30
190.171.143.106 - - [09/Mar/2022:12:58:26 -0300] "GET /cormun/servlet/solicitudotadjuntos?46612b84a7833015a1474290e4340f476dd620470d7a5d096d739ed9ac3853b0,gx-no-cache=1646840761861 HTTP/1.1" 200 30
190.171.143.106 - - [09/Mar/2022:12:58:26 -0300] "POST /cormun/servlet/solicitudotadjuntos?d05247df6038bd32fac3cb5af02fed80,INS,2022,18058,,1, HTTP/1.1" 200 116
190.171.143.106 - - [09/Mar/2022:12:58:26 -0300] "GET /cormun/servlet/hpexe_return? HTTP/1.1" 200 1029
190.171.143.106 - - [09/Mar/2022:12:58:27 -0300] "GET /cormun/servlet/trsolicitudadjuntos?2022,18058, HTTP/1.1" 200 8861
190.171.143.106 - - [09/Mar/2022:12:58:28 -0300] "GET /cormun/servlet/trsolicitudadjuntos?2022,18058, HTTP/1.1" 200 8858
190.171.143.106 - - [09/Mar/2022:12:58:29 -0300] "GET /cormun/servlet/solicitudotadjuntos?INS,2022,18058,,1, HTTP/1.1" 200 6032
190.171.143.106 - - [09/Mar/2022:12:58:30 -0300] "GET /cormun/static/about:blank HTTP/1.1" 404 1011
190.171.143.106 - - [09/Mar/2022:12:58:30 -0300] "GET /cormun/servlet/solicitudotadjuntos?INS,2022,18058,,1, HTTP/1.1" 200 6025
190.171.143.106 - - [09/Mar/2022:12:58:30 -0300] "GET /cormun/servlet/solicitudotadjuntos?46612b84a7833015a1474290e4340f478c9fd504d7f7d16a51bb500b4dacb0515978104ded30fc4ffeedac4d23ded5df,gx-no-cache=1646840766617 HTTP/1.1" 200 30
190.171.143.106 - - [09/Mar/2022:12:58:31 -0300] "POST /cormun/servlet/solicitudotadjuntos?d05247df6038bd32fac3cb5af02fed80,INS,2022,18058,,1,,gx-no-cache=1646840766637 HTTP/1.1" 200 3911
190.171.143.106 - - [09/Mar/2022:12:58:48 -0300] "POST /cormun/servlet/solicitudotadjuntos?gx-no-cache=1646840768656 HTTP/1.1" 200 26
188.165.87.96 - - [09/Mar/2022:12:59:14 -0300] "GET /favicon.ico HTTP/1.1" 200 21630
190.171.143.106 - - [09/Mar/2022:12:59:31 -0300] "GET /cormun/servlet/solicitudotadjuntos?46612b84a7833015a1474290e4340f476dd620470d7a5d096d739ed9ac3853b0,gx-no-cache=1646840819726 HTTP/1.1" 200 30
190.171.143.106 - - [09/Mar/2022:12:59:31 -0300] "GET /cormun/servlet/solicitudotadjuntos?INS,2022,18058,,1, HTTP/1.1" 200 6025
190.171.143.106 - - [09/Mar/2022:12:59:31 -0300] "POST /cormun/servlet/solicitudotadjuntos?d05247df6038bd32fac3cb5af02fed80,INS,2022,18058,,1, HTTP/1.1" 200 6847
190.171.143.106 - - [09/Mar/2022:12:59:31 -0300] "GET /cormun/static/about:blank HTTP/1.1" 404 1011
190.171.143.106 - - [09/Mar/2022:12:59:32 -0300] "GET /cormun/servlet/solicitudotadjuntos?INS,2022,18058,,1, HTTP/1.1" 200 6025
190.171.143.106 - - [09/Mar/2022:12:59:32 -0300] "GET /cormun/servlet/solicitudotadjuntos?46612b84a7833015a1474290e4340f478c9fd504d7f7d16a51bb500b4dacb0515978104ded30fc4ffeedac4d23ded5df,gx-no-cache=1646840828164 HTTP/1.1" 200 30
190.171.143.106 - - [09/Mar/2022:12:59:32 -0300] "POST /cormun/servlet/solicitudotadjuntos?d05247df6038bd32fac3cb5af02fed80,INS,2022,18058,,1,,gx-no-cache=1646840828203 HTTP/1.1" 200 3914
190.171.143.106 - - [09/Mar/2022:12:59:36 -0300] "POST /cormun/servlet/solicitudotadjuntos?gx-no-cache=1646840832379 HTTP/1.1" 200 26
190.171.143.106 - - [09/Mar/2022:12:59:53 -0300] "POST /cormun/servlet/solicitudotadjuntos?gx-no-cache=1646840842148 HTTP/1.1" 200 26
190.171.143.106 - - [09/Mar/2022:13:00:07 -0300] "GET /cormun/servlet/solicitudotadjuntos?46612b84a7833015a1474290e4340f476dd620470d7a5d096d739ed9ac3853b0,gx-no-cache=1646840863017 HTTP/1.1" 200 30
190.171.143.106 - - [09/Mar/2022:13:00:07 -0300] "GET /cormun/servlet/solicitudotadjuntos?46612b84a7833015a1474290e4340f476dd620470d7a5d096d739ed9ac3853b0,gx-no-cache=1646840863040 HTTP/1.1" 200 30
190.171.143.106 - - [09/Mar/2022:13:00:07 -0300] "POST /cormun/servlet/solicitudotadjuntos?d05247df6038bd32fac3cb5af02fed80,INS,2022,18058,,1, HTTP/1.1" 200 116
190.171.143.106 - - [09/Mar/2022:13:00:07 -0300] "GET /cormun/servlet/hpexe_return? HTTP/1.1" 200 1029
190.171.143.106 - - [09/Mar/2022:13:00:08 -0300] "GET /cormun/servlet/trsolicitudadjuntos?2022,18058, HTTP/1.1" 200 9114
190.171.143.106 - - [09/Mar/2022:13:00:08 -0300] "GET /cormun/servlet/trsolicitudadjuntos?2022,18058, HTTP/1.1" 200 9113
190.171.141.122 - - [09/Mar/2022:13:00:25 -0300] "POST /cormun/servlet/solicitudot?gx-no-cache=1646840881205 HTTP/1.1" 200 30
190.171.141.122 - - [09/Mar/2022:13:00:29 -0300] "POST /cormun/servlet/solicitudot?gx-no-cache=1646840885997 HTTP/1.1" 200 1448
190.171.141.122 - - [09/Mar/2022:13:00:29 -0300] "POST /cormun/servlet/solicitudot?gx-no-cache=1646840886041 HTTP/1.1" 200 38
190.171.143.106 - - [09/Mar/2022:13:00:35 -0300] "GET /cormun/servlet/solicitudotadjuntos?DLT,2022,18058,CERTIF4,0, HTTP/1.1" 200 6035
190.171.143.106 - - [09/Mar/2022:13:00:36 -0300] "GET /cormun/PublicTempStorage/afiliacion_fonasa_carlos_miranda2006579.pdf HTTP/1.1" 200 151290
190.171.143.106 - - [09/Mar/2022:13:00:36 -0300] "GET /cormun/static/Shared/jqueryui/images/ui-bg_highlight-soft_100_c6c2c8_1x100.png HTTP/1.1" 404 1117
190.171.143.106 - - [09/Mar/2022:13:00:36 -0300] "GET /cormun/static/Shared/jqueryui/images/ui-icons_82798d_256x240.png HTTP/1.1" 404 1089
190.171.143.106 - - [09/Mar/2022:13:00:36 -0300] "GET /cormun/static/Shared/jqueryui/images/ui-icons_8d78a5_256x240.png HTTP/1.1" 404 1089
190.171.143.106 - - [09/Mar/2022:13:00:36 -0300] "GET /cormun/static/Shared/jqueryui/images/ui-bg_flat_55_fafafa_40x100.png HTTP/1.1" 404 1097
190.171.143.106 - - [09/Mar/2022:13:00:36 -0300] "GET /cormun/servlet/solicitudotadjuntos?DLT,2022,18058,CERTIF4,0, HTTP/1.1" 200 6027
190.171.141.122 - - [09/Mar/2022:13:00:39 -0300] "GET /cormun/servlet/solicitudot?2ba46c1fa3715744998dcd12c646025d6bc3028f082e9207816538497f7bbff72647fe340265aa0056ac996206d0a8953b61cd05314a860876d4a16c81becdd0eb179b55cd966a9aa6295923c0845f9a383435747e87e5e55fc1b4abb04b4d653297a038ae738cebc7fb70d68603f825,gx-no-cache=1646840895172 HTTP/1.1" 200 110
190.171.141.122 - - [09/Mar/2022:13:00:53 -0300] "POST /cormun/servlet/solicitudot?gx-no-cache=1646840909814 HTTP/1.1" 200 64
190.171.141.122 - - [09/Mar/2022:13:01:01 -0300] "GET /cormun/servlet/solicitudot?2ba46c1fa3715744998dcd12c646025da2b3c17cc0dbbc6e07ae751ec388cfb24d71af272a43e2ddde14ba27ffc67dfa1b29a31b87013215e9b960d18c5f099b193551ef9bebaad6fe8bb12a70fa2efc,gx-no-cache=1646840917921 HTTP/1.1" 200 29
190.171.141.122 - - [09/Mar/2022:13:01:01 -0300] "GET /cormun/static/menuarrow.gif HTTP/1.1" 404 1015
190.171.141.122 - - [09/Mar/2022:13:01:04 -0300] "GET /cormun/servlet/solicitudot?2ba46c1fa3715744998dcd12c646025d1286e51b510b68137ac87a6f3c920ccc68dadcdf16c01a3e786cc111c56f5d48,gx-no-cache=1646840920784 HTTP/1.1" 200 30
190.171.143.106 - - [09/Mar/2022:13:01:07 -0300] "GET /cormun/servlet/hlogin HTTP/1.1" 200 1727
190.171.141.122 - - [09/Mar/2022:13:01:15 -0300] "POST /cormun/servlet/solicitudot?gx-no-cache=1646840931810 HTTP/1.1" 200 30
190.171.141.122 - - [09/Mar/2022:13:01:15 -0300] "POST /cormun/servlet/solicitudot?bb1d22404fe3be185f92150d66f0d766,INS,0,0,false,,gx-no-cache=1646840931837 HTTP/1.1" 200 13029
186.67.172.234 - - [09/Mar/2022:13:01:31 -0300] "GET /cormun/servlet/trautorizarsolicitud? HTTP/1.1" 200 9761
186.67.172.234 - - [09/Mar/2022:13:01:32 -0300] "GET /cormun/servlet/trautorizarsolicitud? HTTP/1.1" 200 9761
186.67.172.234 - - [09/Mar/2022:13:01:42 -0300] "POST /cormun/servlet/trautorizarsolicitud?6d0aad339cdd90202dd576926f064d36,,gx-no-cache=1646840958712 HTTP/1.1" 200 6433
186.67.172.234 - - [09/Mar/2022:13:01:42 -0300] "GET /cormun/static/Shared/jqueryui/images/ui-bg_highlight-soft_100_c6c2c8_1x100.png HTTP/1.1" 404 1117
186.67.172.234 - - [09/Mar/2022:13:01:42 -0300] "GET /cormun/static/Shared/jqueryui/images/ui-icons_82798d_256x240.png HTTP/1.1" 404 1089
186.67.172.234 - - [09/Mar/2022:13:01:42 -0300] "GET /cormun/static/Shared/jqueryui/images/ui-bg_flat_55_fafafa_40x100.png HTTP/1.1" 404 1097
186.67.172.234 - - [09/Mar/2022:13:01:42 -0300] "GET /cormun/static/Shared/jqueryui/images/ui-icons_8d78a5_256x240.png HTTP/1.1" 404 1089
186.67.172.234 - - [09/Mar/2022:13:01:42 -0300] "POST /cormun/servlet/trautorizarsolicitud?6d0aad339cdd90202dd576926f064d36,,gx-no-cache=1646840958908 HTTP/1.1" 200 6378
186.67.172.234 - - [09/Mar/2022:13:01:43 -0300] "POST /cormun/servlet/trautorizarsolicitud?6d0aad339cdd90202dd576926f064d36,,gx-no-cache=1646840959644 HTTP/1.1" 200 6018
186.67.172.234 - - [09/Mar/2022:13:01:43 -0300] "POST /cormun/servlet/trautorizarsolicitud?6d0aad339cdd90202dd576926f064d36,,gx-no-cache=1646840959812 HTTP/1.1" 200 5961
190.171.143.106 - - [09/Mar/2022:13:01:43 -0300] "POST /cormun/servlet/hlogin?d05247df6038bd32fac3cb5af02fed80,gx-no-cache=1646840959414 HTTP/1.1" 200 90
190.171.143.106 - - [09/Mar/2022:13:01:43 -0300] "GET /cormun/servlet/hpexe_link HTTP/1.1" 200 988
190.171.143.106 - - [09/Mar/2022:13:01:44 -0300] "GET /cormun/servlet/solicitudotadjuntos?DLT,2022,18058,CERTIF4,0, HTTP/1.1" 200 6031
186.67.172.234 - - [09/Mar/2022:13:01:44 -0300] "POST /cormun/servlet/trautorizarsolicitud?6d0aad339cdd90202dd576926f064d36,,gx-no-cache=1646840960436 HTTP/1.1" 200 4783
186.67.172.234 - - [09/Mar/2022:13:01:44 -0300] "POST /cormun/servlet/trautorizarsolicitud?6d0aad339cdd90202dd576926f064d36,,gx-no-cache=1646840960571 HTTP/1.1" 200 4541
190.171.143.106 - - [09/Mar/2022:13:01:44 -0300] "GET /cormun/PublicTempStorage/afiliacion_fonasa_carlos_miranda7996590.pdf HTTP/1.1" 200 151290
190.171.143.106 - - [09/Mar/2022:13:01:45 -0300] "GET /cormun/static/Shared/jqueryui/images/ui-bg_highlight-soft_100_c6c2c8_1x100.png HTTP/1.1" 404 1117
190.171.143.106 - - [09/Mar/2022:13:01:45 -0300] "GET /cormun/static/Shared/jqueryui/images/ui-icons_82798d_256x240.png HTTP/1.1" 404 1089
190.171.143.106 - - [09/Mar/2022:13:01:45 -0300] "GET /cormun/static/Shared/jqueryui/images/ui-icons_8d78a5_256x240.png HTTP/1.1" 404 1089
190.171.143.106 - - [09/Mar/2022:13:01:45 -0300] "GET /cormun/static/Shared/jqueryui/images/ui-bg_flat_55_fafafa_40x100.png HTTP/1.1" 404 1097
190.171.143.106 - - [09/Mar/2022:13:01:45 -0300] "GET /cormun/servlet/solicitudotadjuntos?DLT,2022,18058,CERTIF4,0, HTTP/1.1" 200 6030
186.67.172.234 - - [09/Mar/2022:13:01:46 -0300] "GET /cormun/servlet/trsolicitudot? HTTP/1.1" 200 7598
186.67.172.234 - - [09/Mar/2022:13:01:46 -0300] "GET /cormun/servlet/trsolicitudot? HTTP/1.1" 200 7597
190.171.143.106 - - [09/Mar/2022:13:01:50 -0300] "GET /cormun/servlet/trsolicitudot? HTTP/1.1" 200 8832
190.171.143.106 - - [09/Mar/2022:13:01:51 -0300] "GET /cormun/servlet/trsolicitudot? HTTP/1.1" 200 8813
186.67.172.234 - - [09/Mar/2022:13:01:53 -0300] "GET /cormun/servlet/trlicencias? HTTP/1.1" 200 10677
186.67.172.234 - - [09/Mar/2022:13:01:54 -0300] "GET /cormun/servlet/trlicencias? HTTP/1.1" 200 10676
190.171.141.122 - - [09/Mar/2022:13:02:12 -0300] "POST /cormun/servlet/solicitudot?gx-no-cache=1646840988279 HTTP/1.1" 200 4025
190.171.141.122 - - [09/Mar/2022:13:02:12 -0300] "GET /cormun/servlet/solicitudot?2ba46c1fa3715744998dcd12c646025d9c58d017ea63cda7404228cecb3ec00bdc05729d7ddfd90c51ad2a147115525c1d954dee07a0c6f95f74663eb10347cee5d5976e13124130c520f28a430695498351343972bb12ee1d62448b9aab22289bd4c051564999785c52c13a58c37444313d06ce9dea9eef7960734da23a282aa34127e8f755b99bfcbc371efc1167cff314418d4165518da6f3ce7710662a176781fc590ff50ef4811f3a1945e2f597155bf8bbd536893689077db6a80980ca2bd6d793685955a473037d31ef2711bde2424dc1e502b103951222dec995864ba8b511e57d5b093520786692a0aa77eea27d3895f9310a88ab068c98d09826524fdb165e779bb04ebbdf1abd143cfec4e519790db3e207b060383ffd844d4c904c72cf8f27f292967f43d7a60dd913c7b7666448b4f126e71e4c0ba7b3ed786b2ec4eac0fc4f0c7221bfee749268a0693032bfc0cafa20e052c2e6d7f7b2d71caea59e9c5de5173a1b42fe753ada1258de70218efe6d248a45896c4a82348a375ce3950e5c2f6fb4946cfef9db4ebb02,gx-no-cache=1646840988441 HTTP/1.1" 200 30
190.171.141.122 - - [09/Mar/2022:13:02:12 -0300] "POST /cormun/servlet/solicitudot?gx-no-cache=1646840988473 HTTP/1.1" 200 30
190.171.141.122 - - [09/Mar/2022:13:02:12 -0300] "POST /cormun/servlet/solicitudot?gx-no-cache=1646840988506 HTTP/1.1" 200 1454
190.171.141.122 - - [09/Mar/2022:13:02:12 -0300] "POST /cormun/servlet/solicitudot?gx-no-cache=1646840988543 HTTP/1.1" 200 41
190.171.141.122 - - [09/Mar/2022:13:02:12 -0300] "GET /cormun/servlet/solicitudot?2ba46c1fa3715744998dcd12c646025d6bc3028f082e9207816538497f7bbff72647fe340265aa0056ac996206d0a8953b61cd05314a860876d4a16c81becdd0eb179b55cd966a9aa6295923c0845f9a383435747e87e5e55fc1b4abb04b4d653297a038ae738cebc7fb70d68603f825,gx-no-cache=1646840988569 HTTP/1.1" 200 110
190.171.141.122 - - [09/Mar/2022:13:02:12 -0300] "POST /cormun/servlet/solicitudot?gx-no-cache=1646840988596 HTTP/1.1" 200 64
190.171.141.122 - - [09/Mar/2022:13:02:12 -0300] "GET /cormun/servlet/solicitudot?2ba46c1fa3715744998dcd12c646025d1286e51b510b68137ac87a6f3c920ccc68dadcdf16c01a3e786cc111c56f5d48,gx-no-cache=1646840988622 HTTP/1.1" 200 30
190.171.141.122 - - [09/Mar/2022:13:02:12 -0300] "POST /cormun/servlet/solicitudot?gx-no-cache=1646840988650 HTTP/1.1" 200 30
190.171.141.122 - - [09/Mar/2022:13:02:12 -0300] "POST /cormun/servlet/solicitudot?bb1d22404fe3be185f92150d66f0d766,INS,0,0,false,,gx-no-cache=1646840988682 HTTP/1.1" 200 13082
186.67.172.234 - - [09/Mar/2022:13:02:28 -0300] "GET /cormun/servlet/licenciaspermisos?DSP,17461688,L,20220228000000, HTTP/1.1" 200 7521
186.67.172.234 - - [09/Mar/2022:13:02:28 -0300] "GET /cormun/servlet/licenciaspermisos?DSP,17461688,L,20220228000000, HTTP/1.1" 200 7540
186.67.172.234 - - [09/Mar/2022:13:02:32 -0300] "POST /cormun/servlet/licenciaspermisos?6d0aad339cdd90202dd576926f064d36,DSP,17461688,L,20220228000000,,gx-no-cache=1646841008680 HTTP/1.1" 200 93
186.67.172.234 - - [09/Mar/2022:13:02:32 -0300] "GET /cormun/servlet/hpexe_return? HTTP/1.1" 200 1032
186.67.172.234 - - [09/Mar/2022:13:02:32 -0300] "GET /cormun/servlet/trlicencias HTTP/1.1" 200 10681
186.67.172.234 - - [09/Mar/2022:13:02:32 -0300] "GET /cormun/servlet/trlicencias HTTP/1.1" 200 10676
186.67.172.234 - - [09/Mar/2022:13:02:36 -0300] "GET /cormun/servlet/licenciaspermisos?DSP,10409144,L,20220228000000, HTTP/1.1" 200 7524
186.67.172.234 - - [09/Mar/2022:13:02:36 -0300] "GET /cormun/servlet/licenciaspermisos?DSP,10409144,L,20220228000000, HTTP/1.1" 200 7542
190.171.143.106 - - [09/Mar/2022:13:02:38 -0300] "POST /cormun/servlet/trsolicitudot?d05247df6038bd32fac3cb5af02fed80,,gx-no-cache=1646841006558 HTTP/1.1" 200 107
190.171.143.106 - - [09/Mar/2022:13:02:38 -0300] "GET /cormun/servlet/trsolicitudadjuntos?2022,18058, HTTP/1.1" 200 9111
190.171.143.106 - - [09/Mar/2022:13:02:39 -0300] "GET /cormun/servlet/trsolicitudadjuntos?2022,18058, HTTP/1.1" 200 9112
190.171.143.106 - - [09/Mar/2022:13:02:42 -0300] "GET /cormun/servlet/solicitudotadjuntos?DLT,2022,18058,CERTIF4,0, HTTP/1.1" 200 6035
190.171.143.106 - - [09/Mar/2022:13:02:43 -0300] "GET /cormun/static/Shared/jqueryui/images/ui-bg_highlight-soft_100_c6c2c8_1x100.png HTTP/1.1" 404 1117
190.171.143.106 - - [09/Mar/2022:13:02:43 -0300] "GET /cormun/static/Shared/jqueryui/images/ui-icons_82798d_256x240.png HTTP/1.1" 404 1089
190.171.143.106 - - [09/Mar/2022:13:02:43 -0300] "GET /cormun/static/Shared/jqueryui/images/ui-bg_flat_55_fafafa_40x100.png HTTP/1.1" 404 1097
190.171.143.106 - - [09/Mar/2022:13:02:43 -0300] "GET /cormun/static/Shared/jqueryui/images/ui-icons_8d78a5_256x240.png HTTP/1.1" 404 1089
190.171.143.106 - - [09/Mar/2022:13:02:43 -0300] "GET /cormun/PublicTempStorage/afiliacion_fonasa_carlos_miranda8102705.pdf HTTP/1.1" 200 151290
190.171.143.106 - - [09/Mar/2022:13:02:43 -0300] "GET /cormun/servlet/solicitudotadjuntos?DLT,2022,18058,CERTIF4,0, HTTP/1.1" 200 6029
186.67.172.234 - - [09/Mar/2022:13:02:43 -0300] "GET /cormun/servlet/trlicencias HTTP/1.1" 200 10681
186.67.172.234 - - [09/Mar/2022:13:02:43 -0300] "GET /cormun/servlet/trlicencias HTTP/1.1" 200 10676
190.171.143.106 - - [09/Mar/2022:13:02:45 -0300] "POST /cormun/servlet/solicitudotadjuntos?d05247df6038bd32fac3cb5af02fed80,DLT,2022,18058,CERTIF4,0,,gx-no-cache=1646841021515 HTTP/1.1" 200 93
190.171.143.106 - - [09/Mar/2022:13:02:45 -0300] "GET /cormun/servlet/hpexe_return? HTTP/1.1" 200 1035
190.171.143.106 - - [09/Mar/2022:13:02:46 -0300] "GET /cormun/servlet/trsolicitudadjuntos?2022,18058, HTTP/1.1" 200 8862
190.171.143.106 - - [09/Mar/2022:13:02:47 -0300] "GET /cormun/servlet/trsolicitudadjuntos?2022,18058, HTTP/1.1" 200 8859
186.67.172.234 - - [09/Mar/2022:13:02:48 -0300] "GET /cormun/servlet/licenciaspermisos?DSP,11398567,L,20220208000000, HTTP/1.1" 200 7478
186.67.172.234 - - [09/Mar/2022:13:02:48 -0300] "GET /cormun/servlet/licenciaspermisos?DSP,11398567,L,20220208000000, HTTP/1.1" 200 7499
190.95.1.185 - - [09/Mar/2022:13:02:51 -0300] "GET /cormun/servlet/solicitudotadjuntos?3555d07442f86e7d3327b4ef8bb3b21e24d2e24409a9be844202c10ee6d40907,gx-no-cache=1646841028376 HTTP/1.1" 200 30
190.95.1.185 - - [09/Mar/2022:13:02:51 -0300] "GET /cormun/servlet/solicitudotadjuntos?3555d07442f86e7d3327b4ef8bb3b21e24d2e24409a9be844202c10ee6d40907,gx-no-cache=1646841028396 HTTP/1.1" 200 30
190.95.1.185 - - [09/Mar/2022:13:02:51 -0300] "POST /cormun/servlet/solicitudotadjuntos?c65b5ebec06a724bb5e3a63dbb6d7157,INS,2022,18057,,1, HTTP/1.1" 200 116
190.95.1.185 - - [09/Mar/2022:13:02:51 -0300] "GET /cormun/servlet/hpexe_return? HTTP/1.1" 200 1026
190.95.1.185 - - [09/Mar/2022:13:02:51 -0300] "GET /cormun/servlet/trsolicitudadjuntos?2022,18057, HTTP/1.1" 200 9362
