190.171.142.10 - - [09/Mar/2022:12:17:50 -0300] "POST /cormun/servlet/trsolicitudot?fa9a5d2d481bc0a1ff465cd098cb345a,gx-no-cache=1646837986922,gx-no-cache=1646838326534 HTTP/1.1" 200 4339
190.95.1.185 - - [09/Mar/2022:12:18:02 -0300] "GET /cormun/servlet/trsolicitudot? HTTP/1.1" 200 7518
190.95.1.185 - - [09/Mar/2022:12:18:03 -0300] "GET /cormun/servlet/trsolicitudot? HTTP/1.1" 200 7518
190.95.1.185 - - [09/Mar/2022:12:19:46 -0300] "GET /cormun/servlet/solicitudot?INS,0,0,false, HTTP/1.1" 200 16193
190.95.1.185 - - [09/Mar/2022:12:19:46 -0300] "GET /cormun/servlet/solicitudot?INS,0,0,false, HTTP/1.1" 200 16201
190.95.1.185 - - [09/Mar/2022:12:20:05 -0300] "POST /cormun/servlet/solicitudot?gx-no-cache=1646838462454 HTTP/1.1" 200 3973
190.95.1.185 - - [09/Mar/2022:12:20:05 -0300] "POST /cormun/servlet/solicitudot?c65b5ebec06a724bb5e3a63dbb6d7157,INS,0,0,false,,gx-no-cache=1646838462588 HTTP/1.1" 200 12803
190.95.1.185 - - [09/Mar/2022:12:20:10 -0300] "GET /cormun/servlet/solicitudot?3555d07442f86e7d3327b4ef8bb3b21e7ee9642e528faeab68beb3d27192ed9e7dd3da212d6dfc55654da70fa9165c82,gx-no-cache=1646838468086 HTTP/1.1" 200 30
190.95.1.185 - - [09/Mar/2022:12:20:36 -0300] "GET /cormun/servlet/solicitudot?3555d07442f86e7d3327b4ef8bb3b21ef0b4ef4c82770f0e1cd4cfbd9eaef0df81f05bde8d8cca8111dd46782552213ee569715384cb3cde28bad973026f594b,gx-no-cache=1646838493974 HTTP/1.1" 200 30
190.95.1.185 - - [09/Mar/2022:12:20:36 -0300] "GET /cormun/servlet/solicitudot?3555d07442f86e7d3327b4ef8bb3b21e5ffdf8a443af4f99c23689c55d864036,gx-no-cache=1646838494002 HTTP/1.1" 200 59
190.95.1.185 - - [09/Mar/2022:12:20:36 -0300] "POST /cormun/servlet/solicitudot?gx-no-cache=1646838494029 HTTP/1.1" 200 255
190.95.1.185 - - [09/Mar/2022:12:20:36 -0300] "GET /cormun/servlet/solicitudot?3555d07442f86e7d3327b4ef8bb3b21e382630ff4cc9360bff41143a01b19563ee84b20e58132d4f17134fc22cd444407f6f93f83dcf430da509b8784853ad44c54ad02f6436f2dd6a73795d528b273a25df4b92e5bffeca3367cacf69f7b08a985eef3a2d662a484a2eab213d79a3272af32b164bb1aa51407508d7404299e69290376661cd01056da01aa7e9f7e7958289294f1669508767aeab97349d831b91600eb715121102bc5182ed9aa08fa199dd25e2af1d09f5d7ce45cd3081c503d8c98b0b2543f427b0632e8f69502599441c821d031f42e22cb3e2258d9a306e2368276d32be79ff4371c3b92dd8aafada35ab1204ec26d0b89791d9a0fc5f9e3c5ea6b143fc3661969aa2b7e5a03f1e073fa51cecf6341c80dc935964db76515f06b78f220a695bce6188a03820a08338ae413c11209f7b4e92aa352f1933bfe4138eda86e7264c87dfe508ebf694a808f7baca7333c2e2a3284da8e28b261fa2cc4455a0f9fc788ac8fa4a2eecc21a08442f839c3136ff642351f02e91967e,gx-no-cache=1646838494057 HTTP/1.1" 200 30
190.95.1.185 - - [09/Mar/2022:12:20:38 -0300] "POST /cormun/servlet/solicitudot?gx-no-cache=1646838496235 HTTP/1.1" 200 30
190.95.1.185 - - [09/Mar/2022:12:20:42 -0300] "POST /cormun/servlet/solicitudot?gx-no-cache=1646838500318 HTTP/1.1" 200 1454
190.95.1.185 - - [09/Mar/2022:12:20:43 -0300] "POST /cormun/servlet/solicitudot?gx-no-cache=1646838500362 HTTP/1.1" 200 38
190.95.1.185 - - [09/Mar/2022:12:20:43 -0300] "GET /cormun/servlet/solicitudot?3555d07442f86e7d3327b4ef8bb3b21e5acfd2b794d07c2136c69e99dedc72e66e0cf91e622132acd1a89fbca54f88520fc01d440669edd20b3ffc26185586cc54518ce9c3a10c1740aaf0f79a9f480a56bc16d4be99a9956d0716028b95db9ffc03771395b061f2d2c9358d80bfb60f,gx-no-cache=1646838500383 HTTP/1.1" 200 110
190.95.1.185 - - [09/Mar/2022:12:21:01 -0300] "POST /cormun/servlet/solicitudot?gx-no-cache=1646838518903 HTTP/1.1" 200 97
190.95.1.185 - - [09/Mar/2022:12:21:09 -0300] "GET /cormun/servlet/solicitudot?3555d07442f86e7d3327b4ef8bb3b21e641ff850e1d8815a88ba46874178a2f03a21ae6e4a30d3c2a50f90b12bebf288797dbfa3bfa3eba61526eda6531ca83c3abc4e75e5a41253ab29b8bebbe56cbce1b243b4e34fa2a01fedc45e3325caf9cf16246342bd570e44b96384349644f69d8e776263511053d259a263a49c7ed58fef367b260af1c1a1785a7abc03911730561e83e5d9e900166be0dba1c82380,gx-no-cache=1646838526341 HTTP/1.1" 200 29
190.95.1.185 - - [09/Mar/2022:12:21:09 -0300] "GET /cormun/static/menuarrow.gif HTTP/1.1" 404 1015
190.95.1.185 - - [09/Mar/2022:12:21:11 -0300] "GET /cormun/servlet/solicitudot?3555d07442f86e7d3327b4ef8bb3b21e8ec8cfd5cb4a10e4951b416558a67faa2fb7817bc246eeb3acd31ef6503b6c7f,gx-no-cache=1646838529042 HTTP/1.1" 200 30
190.171.153.50 - - [09/Mar/2022:12:21:21 -0300] "GET /cormun/servlet/trsolicitudot? HTTP/1.1" 200 7436
190.171.153.50 - - [09/Mar/2022:12:21:22 -0300] "GET /cormun/servlet/trsolicitudot? HTTP/1.1" 200 7435
190.171.153.50 - - [09/Mar/2022:12:21:24 -0300] "GET /cormun/servlet/solicitudot?INS,0,0,false, HTTP/1.1" 200 15940
190.171.153.50 - - [09/Mar/2022:12:21:24 -0300] "GET /cormun/servlet/solicitudot?INS,0,0,false, HTTP/1.1" 200 15948
190.95.1.185 - - [09/Mar/2022:12:21:25 -0300] "POST /cormun/servlet/solicitudot?gx-no-cache=1646838542558 HTTP/1.1" 200 30
190.95.1.185 - - [09/Mar/2022:12:21:29 -0300] "POST /cormun/servlet/solicitudot?c65b5ebec06a724bb5e3a63dbb6d7157,INS,0,0,false,,gx-no-cache=1646838546519 HTTP/1.1" 200 93
190.95.1.185 - - [09/Mar/2022:12:21:29 -0300] "GET /cormun/servlet/hpexe_return? HTTP/1.1" 200 1008
190.95.1.185 - - [09/Mar/2022:12:21:29 -0300] "GET /cormun/servlet/trsolicitudot HTTP/1.1" 200 8982
190.95.1.185 - - [09/Mar/2022:12:21:29 -0300] "GET /cormun/servlet/trsolicitudot HTTP/1.1" 200 8979
190.171.152.114 - - [09/Mar/2022:12:23:01 -0300] "GET /cormun/servlet/solicitudot?1b47ae181f7bfdd82e9a6ce33dd7f89566bdcfb5d8744a749d1d4b36449c512d1c650e83b2badb876ab05ae32085eb0f061c8da76ebf91a4c30c6a479aab3bf8eaed4aced8f435a682ddafc0ddb43e77,gx-no-cache=1646838640526 HTTP/1.1" 440 972
190.171.152.114 - - [09/Mar/2022:12:23:04 -0300] "GET /cormun/servlet/solicitudot?INS,0,0,false, HTTP/1.1" 200 14871
190.171.152.114 - - [09/Mar/2022:12:23:04 -0300] "GET /cormun/servlet/hlogin HTTP/1.1" 200 1753
190.171.152.114 - - [09/Mar/2022:12:23:04 -0300] "GET /cormun/servlet/solicitudot?INS,0,0,false, HTTP/1.1" 200 14871
190.171.152.114 - - [09/Mar/2022:12:23:04 -0300] "GET /cormun/servlet/solicitudot?INS,0,0,false, HTTP/1.1" 200 14871
190.171.143.106 - - [09/Mar/2022:12:23:05 -0300] "POST /cormun/servlet/solicitudot?gx-no-cache=1646838633857 HTTP/1.1" 200 97
190.171.152.114 - - [09/Mar/2022:12:23:15 -0300] "POST /cormun/servlet/hlogin?ee385b009050c350ccbe46167d3d0302,gx-no-cache=1646838653855 HTTP/1.1" 200 90
190.171.152.114 - - [09/Mar/2022:12:23:15 -0300] "GET /cormun/servlet/hpexe_link HTTP/1.1" 200 968
190.171.152.114 - - [09/Mar/2022:12:23:15 -0300] "GET /cormun/servlet/solicitudot?INS,0,0,false, HTTP/1.1" 200 15857
190.171.152.114 - - [09/Mar/2022:12:23:15 -0300] "GET /cormun/servlet/solicitudot?INS,0,0,false, HTTP/1.1" 200 15864
190.171.143.106 - - [09/Mar/2022:12:23:16 -0300] "GET /cormun/servlet/solicitudot?cc62b95deb395bda7310b566cd2c107a6d56f74709417398504732d651eb404cf94734bce14fca3d5649b0a7a3de5f6bfbc810edf9c4ed7acc9dc2c9c33eec09bb08f6cfdb6d8e2edd523eda6133d3f514e7fd86d1c5cf913a58ae0b8d9a62b1ddfbbcbf6fcc51fc99293cd126f41ad8,gx-no-cache=1646838651511 HTTP/1.1" 200 29
190.171.143.106 - - [09/Mar/2022:12:23:17 -0300] "GET /cormun/static/menuarrow.gif HTTP/1.1" 404 1015
190.171.143.106 - - [09/Mar/2022:12:23:20 -0300] "GET /cormun/servlet/solicitudot?cc62b95deb395bda7310b566cd2c107ae859d45850e7b5f17fb5c4ad72303138259bee1396522c0cf955f7cb8bf960da,gx-no-cache=1646838655857 HTTP/1.1" 200 30
190.171.153.50 - - [09/Mar/2022:12:23:28 -0300] "GET /cormun/servlet/trautorizarsolicitud? HTTP/1.1" 200 9467
186.67.172.234 - - [09/Mar/2022:12:23:28 -0300] "GET /cormun/servlet/trlicencias? HTTP/1.1" 200 12179
186.67.172.234 - - [09/Mar/2022:12:23:28 -0300] "GET /cormun/servlet/trlicencias? HTTP/1.1" 200 12184
190.171.153.50 - - [09/Mar/2022:12:23:28 -0300] "GET /cormun/servlet/trautorizarsolicitud? HTTP/1.1" 200 9458
186.67.172.234 - - [09/Mar/2022:12:23:28 -0300] "GET /cormun/servlet/hlogin HTTP/1.1" 200 1745
186.67.172.234 - - [09/Mar/2022:12:23:28 -0300] "GET /cormun/servlet/trlicencias? HTTP/1.1" 200 12196
190.171.143.106 - - [09/Mar/2022:12:23:32 -0300] "POST /cormun/servlet/solicitudot?gx-no-cache=1646838664659 HTTP/1.1" 200 30
190.171.143.106 - - [09/Mar/2022:12:23:32 -0300] "POST /cormun/servlet/solicitudot?2b03109ee7e3f7ed772368711aceb1ba,INS,0,0,false,,gx-no-cache=1646838667929 HTTP/1.1" 200 93
190.171.143.106 - - [09/Mar/2022:12:23:33 -0300] "GET /cormun/servlet/hpexe_return? HTTP/1.1" 200 1008
190.171.143.106 - - [09/Mar/2022:12:23:34 -0300] "GET /cormun/servlet/trsolicitudot HTTP/1.1" 200 8947
186.67.172.234 - - [09/Mar/2022:12:23:36 -0300] "POST /cormun/servlet/hlogin?6d0aad339cdd90202dd576926f064d36,gx-no-cache=1646838672386 HTTP/1.1" 200 90
186.67.172.234 - - [09/Mar/2022:12:23:36 -0300] "GET /cormun/servlet/hpexe_link HTTP/1.1" 200 960
186.67.172.234 - - [09/Mar/2022:12:23:36 -0300] "GET /cormun/servlet/trlicencias HTTP/1.1" 200 10678
190.171.143.106 - - [09/Mar/2022:12:23:36 -0300] "GET /cormun/servlet/trsolicitudot HTTP/1.1" 200 8944
186.67.172.234 - - [09/Mar/2022:12:23:36 -0300] "GET /cormun/servlet/trlicencias HTTP/1.1" 200 10676
186.67.172.234 - - [09/Mar/2022:12:23:43 -0300] "GET /cormun/servlet/trpermisosgoce? HTTP/1.1" 200 7302
186.67.172.234 - - [09/Mar/2022:12:23:43 -0300] "GET /cormun/static/gxcfg.js?2020121631564 HTTP/1.1" 200 953
186.67.172.234 - - [09/Mar/2022:12:23:43 -0300] "GET /cormun/static/trpermisosgoce.js?2020121633681 HTTP/1.1" 200 35904
186.67.172.234 - - [09/Mar/2022:12:23:43 -0300] "GET /cormun/servlet/trpermisosgoce? HTTP/1.1" 200 7302
190.171.152.114 - - [09/Mar/2022:12:23:56 -0300] "POST /cormun/servlet/solicitudot?gx-no-cache=1646838695041 HTTP/1.1" 200 3858
190.171.152.114 - - [09/Mar/2022:12:23:56 -0300] "POST /cormun/servlet/solicitudot?ee385b009050c350ccbe46167d3d0302,INS,0,0,false,,gx-no-cache=1646838695175 HTTP/1.1" 200 12408
190.171.152.114 - - [09/Mar/2022:12:23:58 -0300] "GET /cormun/servlet/solicitudot?2197062b285b0a0670669bdcda53c3efcafe837fcb237f210f4c3ff7f9e157318e27ff6f352ea055f91b06d1b5cc890e,gx-no-cache=1646838696874 HTTP/1.1" 200 30
190.171.143.106 - - [09/Mar/2022:12:24:03 -0300] "GET /cormun/servlet/trsolicitudot? HTTP/1.1" 200 8944
190.171.143.106 - - [09/Mar/2022:12:24:04 -0300] "GET /cormun/servlet/trsolicitudot? HTTP/1.1" 200 8943
186.67.172.234 - - [09/Mar/2022:12:24:11 -0300] "GET /cormun/servlet/permisogoce?INS,0,,, HTTP/1.1" 200 7272
186.67.172.234 - - [09/Mar/2022:12:24:11 -0300] "GET /cormun/static/gxcfg.js?20201215124560 HTTP/1.1" 200 953
186.67.172.234 - - [09/Mar/2022:12:24:11 -0300] "GET /cormun/static/permisogoce.js?20201215124939 HTTP/1.1" 200 27919
186.67.172.234 - - [09/Mar/2022:12:24:11 -0300] "GET /cormun/servlet/permisogoce?INS,0,,, HTTP/1.1" 200 7272
186.67.172.234 - - [09/Mar/2022:12:24:19 -0300] "GET /cormun/servlet/permisogoce?6e1086cc9e3716b5bfbd5e419c450c90b90f45790854dd5bd5bea88b08f52c64fc7ff2acb355e38c1d7f09e753866c74a07658385c6f536f8250afb69f7c8d1a,gx-no-cache=1646838715766 HTTP/1.1" 200 80
186.67.172.234 - - [09/Mar/2022:12:24:22 -0300] "GET /cormun/static/menuarrow.gif HTTP/1.1" 404 1015
186.67.172.234 - - [09/Mar/2022:12:24:40 -0300] "GET /cormun/servlet/permisogoce?6e1086cc9e3716b5bfbd5e419c450c90686af98b46fd6493868e4919be2fbc0c708c2f8fa82d067a2af4f5e404813a052ef2883becf9a2ed0c0d51e1a5ab88d9,gx-no-cache=1646838736403 HTTP/1.1" 200 47
186.67.172.234 - - [09/Mar/2022:12:24:51 -0300] "POST /cormun/servlet/permisogoce?6d0aad339cdd90202dd576926f064d36,INS,0,,,,gx-no-cache=1646838747101 HTTP/1.1" 200 93
186.67.172.234 - - [09/Mar/2022:12:24:51 -0300] "GET /cormun/servlet/hpexe_return? HTTP/1.1" 200 1014
186.67.172.234 - - [09/Mar/2022:12:24:51 -0300] "GET /cormun/servlet/trpermisosgoce HTTP/1.1" 200 8182
186.67.172.234 - - [09/Mar/2022:12:24:51 -0300] "GET /cormun/servlet/trpermisosgoce HTTP/1.1" 200 8178
186.67.172.234 - - [09/Mar/2022:12:25:05 -0300] "POST /cormun/servlet/trpermisosgoce?6d0aad339cdd90202dd576926f064d36,gx-no-cache=1646838761930 HTTP/1.1" 200 5361
186.67.172.234 - - [09/Mar/2022:12:25:05 -0300] "GET /cormun/static/Shared/jqueryui/images/ui-bg_highlight-soft_100_c6c2c8_1x100.png HTTP/1.1" 404 1117
186.67.172.234 - - [09/Mar/2022:12:25:05 -0300] "GET /cormun/static/Shared/jqueryui/images/ui-icons_82798d_256x240.png HTTP/1.1" 404 1089
186.67.172.234 - - [09/Mar/2022:12:25:05 -0300] "GET /cormun/static/Shared/jqueryui/images/ui-icons_8d78a5_256x240.png HTTP/1.1" 404 1089
186.67.172.234 - - [09/Mar/2022:12:25:05 -0300] "GET /cormun/static/Shared/jqueryui/images/ui-bg_flat_55_fafafa_40x100.png HTTP/1.1" 404 1097
186.67.172.234 - - [09/Mar/2022:12:25:29 -0300] "GET /cormun/servlet/permisogoce?INS,0,,, HTTP/1.1" 200 7272
186.67.172.234 - - [09/Mar/2022:12:25:29 -0300] "GET /cormun/servlet/permisogoce?INS,0,,, HTTP/1.1" 200 7272
190.171.152.114 - - [09/Mar/2022:12:25:32 -0300] "GET /cormun/servlet/solicitudot?2197062b285b0a0670669bdcda53c3ef0682a8e0ea0d5dd5c981ce6da48d22b7538a85788230482394e2dffb12b29f32fa8b79b41fce18f34280db50feeff6e298d5b959e73cd56217d3e3ac185029dd,gx-no-cache=1646838791218 HTTP/1.1" 200 30
190.171.152.114 - - [09/Mar/2022:12:25:33 -0300] "GET /cormun/servlet/prbanco?,MD,,gxPopupLevel%3D0%3B HTTP/1.1" 200 6597
186.67.172.234 - - [09/Mar/2022:12:25:38 -0300] "GET /cormun/servlet/permisogoce?6e1086cc9e3716b5bfbd5e419c450c90ff1fa541b61514af8925ff6f09cc2880fc7ff2acb355e38c1d7f09e753866c74a07658385c6f536f8250afb69f7c8d1a,gx-no-cache=1646838794265 HTTP/1.1" 200 76
190.171.152.114 - - [09/Mar/2022:12:25:38 -0300] "GET /cormun/servlet/solicitudot?2197062b285b0a0670669bdcda53c3ef4367376087af42a792fad30c737cb474,gx-no-cache=1646838796849 HTTP/1.1" 200 53
192.168.10.96 - - [09/Mar/2022:12:25:38 -0300] "POST /cormun/servlet/trsolicitudgral?0bc9a3f7639c5498700101047b60858e,,gx-no-cache=1646838634381 HTTP/1.1" 440 972
192.168.10.96 - - [09/Mar/2022:12:25:39 -0300] "GET /cormun/servlet/trsolicitudgral? HTTP/1.1" 500 10
186.67.172.234 - - [09/Mar/2022:12:25:40 -0300] "GET /cormun/static/menuarrow.gif HTTP/1.1" 404 1015
192.168.10.96 - - [09/Mar/2022:12:25:41 -0300] "GET /cormun/servlet/hlogin HTTP/1.1" 200 1726
192.168.10.96 - - [09/Mar/2022:12:25:41 -0300] "GET /cormun/servlet/hlogin HTTP/1.1" 200 1736
190.171.141.122 - - [09/Mar/2022:12:25:43 -0300] "GET /cormun/servlet/hlogin HTTP/1.1" 200 1734
192.168.10.96 - - [09/Mar/2022:12:25:44 -0300] "POST /cormun/servlet/hlogin?621d3b95ed342261cc6d52303557bd7b,gx-no-cache=1646838639875 HTTP/1.1" 200 90
192.168.10.96 - - [09/Mar/2022:12:25:44 -0300] "GET /cormun/servlet/hpexe_link HTTP/1.1" 200 954
192.168.10.96 - - [09/Mar/2022:12:25:44 -0300] "GET /cormun/servlet/hhome HTTP/1.1" 200 3784
192.168.10.96 - - [09/Mar/2022:12:25:44 -0300] "GET /cormun/servlet/hhome HTTP/1.1" 200 3781
190.171.141.122 - - [09/Mar/2022:12:25:44 -0300] "GET /cormun/servlet/hlogin HTTP/1.1" 200 1734
192.168.10.96 - - [09/Mar/2022:12:25:46 -0300] "GET /cormun/servlet/trsolicitudgral? HTTP/1.1" 200 27682
186.67.172.234 - - [09/Mar/2022:12:25:47 -0300] "GET /cormun/servlet/permisogoce?6e1086cc9e3716b5bfbd5e419c450c90c81e4e32e98fdcf7a2b98a1eb8d505023fa466135159cbcbf667eff3eeef650e2ef2883becf9a2ed0c0d51e1a5ab88d9,gx-no-cache=1646838803381 HTTP/1.1" 200 47
192.168.10.96 - - [09/Mar/2022:12:25:48 -0300] "GET /cormun/servlet/trsolicitudgral? HTTP/1.1" 200 27681
186.67.172.234 - - [09/Mar/2022:12:25:50 -0300] "POST /cormun/servlet/permisogoce?6d0aad339cdd90202dd576926f064d36,INS,0,,,,gx-no-cache=1646838806429 HTTP/1.1" 200 93
186.67.172.234 - - [09/Mar/2022:12:25:50 -0300] "GET /cormun/servlet/hpexe_return? HTTP/1.1" 200 1036
186.67.172.234 - - [09/Mar/2022:12:25:50 -0300] "GET /cormun/servlet/trpermisosgoce?gx-no-cache=1646838761930 HTTP/1.1" 200 8470
186.67.172.234 - - [09/Mar/2022:12:25:51 -0300] "GET /cormun/servlet/trpermisosgoce?gx-no-cache=1646838761930 HTTP/1.1" 200 8487
192.168.10.96 - - [09/Mar/2022:12:25:53 -0300] "POST /cormun/servlet/trsolicitudgral?621d3b95ed342261cc6d52303557bd7b,,gx-no-cache=1646838649324 HTTP/1.1" 200 5253
192.168.10.96 - - [09/Mar/2022:12:25:54 -0300] "POST /cormun/servlet/trsolicitudgral?621d3b95ed342261cc6d52303557bd7b,,gx-no-cache=1646838650170 HTTP/1.1" 200 5253
192.168.10.96 - - [09/Mar/2022:12:25:54 -0300] "POST /cormun/servlet/trsolicitudgral?621d3b95ed342261cc6d52303557bd7b,,gx-no-cache=1646838650348 HTTP/1.1" 200 5253
192.168.10.96 - - [09/Mar/2022:12:25:54 -0300] "POST /cormun/servlet/trsolicitudgral?621d3b95ed342261cc6d52303557bd7b,,gx-no-cache=1646838650529 HTTP/1.1" 200 5253
192.168.10.96 - - [09/Mar/2022:12:25:54 -0300] "POST /cormun/servlet/trsolicitudgral?621d3b95ed342261cc6d52303557bd7b,,gx-no-cache=1646838650696 HTTP/1.1" 200 5253
192.168.10.96 - - [09/Mar/2022:12:25:55 -0300] "POST /cormun/servlet/trsolicitudgral?621d3b95ed342261cc6d52303557bd7b,,gx-no-cache=1646838650864 HTTP/1.1" 200 5253
192.168.10.96 - - [09/Mar/2022:12:25:55 -0300] "POST /cormun/servlet/trsolicitudgral?621d3b95ed342261cc6d52303557bd7b,,gx-no-cache=1646838651081 HTTP/1.1" 200 5253
192.168.10.96 - - [09/Mar/2022:12:25:55 -0300] "POST /cormun/servlet/trsolicitudgral?621d3b95ed342261cc6d52303557bd7b,,gx-no-cache=1646838651248 HTTP/1.1" 200 5253
192.168.10.96 - - [09/Mar/2022:12:25:58 -0300] "POST /cormun/servlet/trsolicitudgral?621d3b95ed342261cc6d52303557bd7b,,gx-no-cache=1646838654690 HTTP/1.1" 200 6964
186.67.172.234 - - [09/Mar/2022:12:26:04 -0300] "GET /cormun/servlet/trpermisosadjuntos?15105457,20220309121025,P, HTTP/1.1" 200 6716
186.67.172.234 - - [09/Mar/2022:12:26:04 -0300] "GET /cormun/static/gxcfg.js?2020121641683 HTTP/1.1" 200 953
186.67.172.234 - - [09/Mar/2022:12:26:04 -0300] "GET /cormun/static/trpermisosadjuntos.js?2020121642996 HTTP/1.1" 200 20158
186.67.172.234 - - [09/Mar/2022:12:26:04 -0300] "GET /cormun/servlet/trpermisosadjuntos?15105457,20220309121025,P, HTTP/1.1" 200 6696
186.67.172.234 - - [09/Mar/2022:12:26:07 -0300] "GET /cormun/servlet/permisosadjuntos?INS,15105457,P,20220309121025,, HTTP/1.1" 200 6023
186.67.172.234 - - [09/Mar/2022:12:26:07 -0300] "GET /cormun/static/gxcfg.js?20201215134212 HTTP/1.1" 200 953
186.67.172.234 - - [09/Mar/2022:12:26:07 -0300] "GET /cormun/static/about:blank HTTP/1.1" 404 1011
186.67.172.234 - - [09/Mar/2022:12:26:07 -0300] "GET /cormun/static/permisosadjuntos.js?20201215134285 HTTP/1.1" 200 8724
186.67.172.234 - - [09/Mar/2022:12:26:07 -0300] "GET /cormun/servlet/permisosadjuntos?INS,15105457,P,20220309121025,, HTTP/1.1" 200 6012
200.54.103.162 - - [09/Mar/2022:12:26:21 -0300] "GET /cormun/servlet/hlogin HTTP/1.1" 200 1733
186.67.172.234 - - [09/Mar/2022:12:26:23 -0300] "POST /cormun/servlet/permisosadjuntos?6d0aad339cdd90202dd576926f064d36,INS,15105457,P,20220309121025,, HTTP/1.1" 200 116
186.67.172.234 - - [09/Mar/2022:12:26:23 -0300] "GET /cormun/servlet/hpexe_return? HTTP/1.1" 200 1042
186.67.172.234 - - [09/Mar/2022:12:26:23 -0300] "GET /cormun/servlet/trpermisosadjuntos?15105457,20220309121025,P, HTTP/1.1" 200 7224
186.67.172.234 - - [09/Mar/2022:12:26:24 -0300] "GET /cormun/servlet/trpermisosadjuntos?15105457,20220309121025,P, HTTP/1.1" 200 7220
200.54.103.162 - - [09/Mar/2022:12:26:28 -0300] "POST /cormun/servlet/hlogin?178791f257ee7a2f4ca9decf981869e0,gx-no-cache=1646824465492 HTTP/1.1" 200 90
200.54.103.162 - - [09/Mar/2022:12:26:28 -0300] "GET /cormun/servlet/hpexe_link HTTP/1.1" 200 959
200.54.103.162 - - [09/Mar/2022:12:26:29 -0300] "GET /cormun/servlet/hhome HTTP/1.1" 200 4344
200.54.103.162 - - [09/Mar/2022:12:26:29 -0300] "GET /cormun/servlet/hhome HTTP/1.1" 200 4340
186.67.172.234 - - [09/Mar/2022:12:26:31 -0300] "POST /cormun/servlet/trpermisosadjuntos?6d0aad339cdd90202dd576926f064d36,15105457,20220309121025,P,,gx-no-cache=1646838847471 HTTP/1.1" 200 90
186.67.172.234 - - [09/Mar/2022:12:26:31 -0300] "GET /cormun/servlet/hpexe_link HTTP/1.1" 200 1010
186.67.172.234 - - [09/Mar/2022:12:26:31 -0300] "GET /cormun/servlet/trpermisosgoce?gx-no-cache=1646838761930 HTTP/1.1" 200 8466
186.67.172.234 - - [09/Mar/2022:12:26:31 -0300] "GET /cormun/servlet/trpermisosgoce?gx-no-cache=1646838761930 HTTP/1.1" 200 8487
200.54.103.162 - - [09/Mar/2022:12:26:32 -0300] "GET /cormun/servlet/trcontratounov2? HTTP/1.1" 200 18101
186.67.172.234 - - [09/Mar/2022:12:26:33 -0300] "GET /cormun/servlet/trpermisosadjuntos?11274330,20220309120907,P, HTTP/1.1" 200 6723
200.54.103.162 - - [09/Mar/2022:12:26:33 -0300] "GET /cormun/servlet/trcontratounov2? HTTP/1.1" 200 18114
186.67.172.234 - - [09/Mar/2022:12:26:34 -0300] "GET /cormun/servlet/trpermisosadjuntos?11274330,20220309120907,P, HTTP/1.1" 200 6701
186.67.172.234 - - [09/Mar/2022:12:26:35 -0300] "GET /cormun/servlet/permisosadjuntos?INS,11274330,P,20220309120907,, HTTP/1.1" 200 6030
186.67.172.234 - - [09/Mar/2022:12:26:35 -0300] "GET /cormun/static/about:blank HTTP/1.1" 404 1011
186.67.172.234 - - [09/Mar/2022:12:26:35 -0300] "GET /cormun/servlet/permisosadjuntos?INS,11274330,P,20220309120907,, HTTP/1.1" 200 6017
190.171.141.122 - - [09/Mar/2022:12:26:37 -0300] "GET /cormun/servlet/hlogin HTTP/1.1" 200 1723
190.171.141.122 - - [09/Mar/2022:12:26:38 -0300] "GET /cormun/servlet/hlogin HTTP/1.1" 200 1723
200.54.103.162 - - [09/Mar/2022:12:26:40 -0300] "POST /cormun/servlet/trcontratounov2?178791f257ee7a2f4ca9decf981869e0,,gx-no-cache=1646824476529 HTTP/1.1" 200 17441
186.67.172.234 - - [09/Mar/2022:12:26:41 -0300] "POST /cormun/servlet/permisosadjuntos?6d0aad339cdd90202dd576926f064d36,INS,11274330,P,20220309120907,, HTTP/1.1" 200 116
186.67.172.234 - - [09/Mar/2022:12:26:41 -0300] "GET /cormun/servlet/hpexe_return? HTTP/1.1" 200 1043
186.67.172.234 - - [09/Mar/2022:12:26:41 -0300] "GET /cormun/servlet/trpermisosadjuntos?11274330,20220309120907,P, HTTP/1.1" 200 7222
186.67.172.234 - - [09/Mar/2022:12:26:41 -0300] "GET /cormun/servlet/trpermisosadjuntos?11274330,20220309120907,P, HTTP/1.1" 200 7219
190.171.141.122 - - [09/Mar/2022:12:26:43 -0300] "POST /cormun/servlet/hlogin?bb1d22404fe3be185f92150d66f0d766,gx-no-cache=1646838859444 HTTP/1.1" 200 90
190.171.141.122 - - [09/Mar/2022:12:26:43 -0300] "GET /cormun/servlet/hpexe_link HTTP/1.1" 200 950
190.171.141.122 - - [09/Mar/2022:12:26:43 -0300] "GET /cormun/servlet/hhome HTTP/1.1" 200 4250
190.171.141.122 - - [09/Mar/2022:12:26:44 -0300] "GET /cormun/servlet/hhome HTTP/1.1" 200 4248
186.67.172.234 - - [09/Mar/2022:12:26:44 -0300] "POST /cormun/servlet/trpermisosadjuntos?6d0aad339cdd90202dd576926f064d36,11274330,20220309120907,P,,gx-no-cache=1646838860607 HTTP/1.1" 200 90
186.67.172.234 - - [09/Mar/2022:12:26:44 -0300] "GET /cormun/servlet/hpexe_link HTTP/1.1" 200 1011
186.67.172.234 - - [09/Mar/2022:12:26:44 -0300] "GET /cormun/servlet/trpermisosgoce?gx-no-cache=1646838761930 HTTP/1.1" 200 8466
186.67.172.234 - - [09/Mar/2022:12:26:44 -0300] "GET /cormun/servlet/trpermisosgoce?gx-no-cache=1646838761930 HTTP/1.1" 200 8487
186.67.172.234 - - [09/Mar/2022:12:26:47 -0300] "POST /cormun/servlet/trpermisosgoce?6d0aad339cdd90202dd576926f064d36,gx-no-cache=1646838761930,gx-no-cache=1646838863534 HTTP/1.1" 200 5637
186.67.172.234 - - [09/Mar/2022:12:26:47 -0300] "GET /cormun/static/Shared/jqueryui/images/ui-icons_82798d_256x240.png HTTP/1.1" 404 1089
186.67.172.234 - - [09/Mar/2022:12:26:47 -0300] "GET /cormun/static/Shared/jqueryui/images/ui-bg_highlight-soft_100_c6c2c8_1x100.png HTTP/1.1" 404 1117
186.67.172.234 - - [09/Mar/2022:12:26:47 -0300] "GET /cormun/static/Shared/jqueryui/images/ui-bg_flat_55_fafafa_40x100.png HTTP/1.1" 404 1097
186.67.172.234 - - [09/Mar/2022:12:26:47 -0300] "GET /cormun/static/Shared/jqueryui/images/ui-icons_8d78a5_256x240.png HTTP/1.1" 404 1089
186.67.172.234 - - [09/Mar/2022:12:26:49 -0300] "POST /cormun/servlet/trpermisosgoce?6d0aad339cdd90202dd576926f064d36,gx-no-cache=1646838761930,gx-no-cache=1646838865410 HTTP/1.1" 200 5635
186.67.172.234 - - [09/Mar/2022:12:26:52 -0300] "POST /cormun/servlet/trpermisosgoce?6d0aad339cdd90202dd576926f064d36,gx-no-cache=1646838761930,gx-no-cache=1646838868027 HTTP/1.1" 200 5607
190.171.152.114 - - [09/Mar/2022:12:27:08 -0300] "POST /cormun/servlet/solicitudot?gx-no-cache=1646838887070 HTTP/1.1" 200 255
190.171.152.114 - - [09/Mar/2022:12:27:10 -0300] "GET /cormun/servlet/solicitudot?2197062b285b0a0670669bdcda53c3ef4e101dfad1d785f53941a8a8913554652b77e34baa2c021314e73c6bf7c47e713b01a457eabbb60bbec94cfb04b2d4e9b9f8c002c74ad3ac61745f1cfeee8140265d361947698cf3b15697a3ef9d965741ccab170480a4f64969e3028d02f74a09395c12b99dc8d7eec011b3b00f55e117b2a445a9e7e45eab41f0d4da8fa45eb114a673e5b07a0243aa013071472a38c8f1216b81296ef8fb84534e5ed24ea10949bd625a370714cd1efc57eeb9a4186c47d78669762c04e064584fb1382d624f374849bab479c01601e0d22718144261af00620ddeeeaf27c9856619201bad051a953355ef7333f1ad7c9c5774518784cedc4b43a5f1c46c5d7c84cc4a61491da0a202ae16bc8f211a5c71a794cc180cafa733b836ed3ec8400fac643c217320c3367db85ff45ae5a2c165e7a8fcc42a32435b00793c355da4055524a90d47c1ee39f4c9b3be838ab703a5dea3c2af43ab7208c061ec29938b465640e456d20e0b52032333c8100f99db1805578c9a,gx-no-cache=1646838889016 HTTP/1.1" 200 30
190.171.141.122 - - [09/Mar/2022:12:27:10 -0300] "GET /cormun/servlet/trsolicitudot? HTTP/1.1" 200 15842
190.171.141.122 - - [09/Mar/2022:12:27:12 -0300] "GET /cormun/servlet/trsolicitudot? HTTP/1.1" 200 15840
186.67.172.234 - - [09/Mar/2022:12:27:12 -0300] "GET /cormun/servlet/trautorizarpermisogoce? HTTP/1.1" 200 8357
186.67.172.234 - - [09/Mar/2022:12:27:12 -0300] "GET /cormun/static/gxcfg.js?2020121645532 HTTP/1.1" 200 953
186.67.172.234 - - [09/Mar/2022:12:27:12 -0300] "GET /cormun/static/trautorizarpermisogoce.js?2020121651492 HTTP/1.1" 200 34948
186.67.172.234 - - [09/Mar/2022:12:27:12 -0300] "GET /cormun/servlet/trautorizarpermisogoce? HTTP/1.1" 200 8335
186.67.172.234 - - [09/Mar/2022:12:27:14 -0300] "POST /cormun/servlet/trautorizarpermisogoce?6d0aad339cdd90202dd576926f064d36,,gx-no-cache=1646838890822 HTTP/1.1" 200 5289
186.67.172.234 - - [09/Mar/2022:12:27:14 -0300] "GET /cormun/static/Shared/jqueryui/images/ui-bg_highlight-soft_100_c6c2c8_1x100.png HTTP/1.1" 404 1117
186.67.172.234 - - [09/Mar/2022:12:27:14 -0300] "GET /cormun/static/Shared/jqueryui/images/ui-icons_82798d_256x240.png HTTP/1.1" 404 1089
186.67.172.234 - - [09/Mar/2022:12:27:14 -0300] "GET /cormun/static/Shared/jqueryui/images/ui-bg_flat_55_fafafa_40x100.png HTTP/1.1" 404 1097
186.67.172.234 - - [09/Mar/2022:12:27:14 -0300] "GET /cormun/static/Shared/jqueryui/images/ui-icons_8d78a5_256x240.png HTTP/1.1" 404 1089
190.171.152.114 - - [09/Mar/2022:12:27:15 -0300] "POST /cormun/servlet/solicitudot?gx-no-cache=1646838894334 HTTP/1.1" 200 30
186.67.172.234 - - [09/Mar/2022:12:27:16 -0300] "POST /cormun/servlet/trautorizarpermisogoce?6d0aad339cdd90202dd576926f064d36,,gx-no-cache=1646838891922 HTTP/1.1" 200 4542
186.67.172.234 - - [09/Mar/2022:12:27:20 -0300] "GET /cormun/servlet/trpermisosgoce? HTTP/1.1" 200 8443
186.67.172.234 - - [09/Mar/2022:12:27:20 -0300] "GET /cormun/servlet/trpermisosgoce? HTTP/1.1" 200 8442
190.171.152.114 - - [09/Mar/2022:12:27:21 -0300] "GET /cormun/servlet/prcontratosol?16930172,,,,,MD,,gxPopupLevel%3D0%3B HTTP/1.1" 200 7873
190.171.152.114 - - [09/Mar/2022:12:27:32 -0300] "POST /cormun/servlet/solicitudot?gx-no-cache=1646838911483 HTTP/1.1" 200 1453
190.171.152.114 - - [09/Mar/2022:12:27:32 -0300] "POST /cormun/servlet/solicitudot?gx-no-cache=1646838911518 HTTP/1.1" 200 38
190.171.152.114 - - [09/Mar/2022:12:27:32 -0300] "GET /cormun/servlet/solicitudot?2197062b285b0a0670669bdcda53c3ef69e9a5d275065413cf8011b27abd47c395959c349bd5bf8086087b885b874125cc33fe3a849a3478b7ce1451252cd5846a64cdcf64d9e234e65c3cfb2d19e273b18e519ebdf1aec632b710346bb1a0c7241eae98b504f83492a3ed9c18224307,gx-no-cache=1646838911537 HTTP/1.1" 200 110
190.171.152.114 - - [09/Mar/2022:12:27:32 -0300] "POST /cormun/servlet/solicitudot?gx-no-cache=1646838911557 HTTP/1.1" 200 72
190.171.152.114 - - [09/Mar/2022:12:27:32 -0300] "GET /cormun/servlet/solicitudot?2197062b285b0a0670669bdcda53c3ef37fde4de901a5a2fd7fa43d9017fcffcaf883b9ac3d5bb29c0cd8662cf92a8231f3aa2fd49ef6539a3e4c95d93c9b28160664fd6c7fd61ffe49495913e8469042bc447256032924f3ed36c47c22f342be68de7f95af00e6f1708b87202744ad3,gx-no-cache=1646838911581 HTTP/1.1" 200 29
190.171.152.114 - - [09/Mar/2022:12:27:33 -0300] "GET /cormun/servlet/solicitudot?2197062b285b0a0670669bdcda53c3ef42ae8e2bfa4b1dbce9002f1691ec628d,gx-no-cache=1646838911597 HTTP/1.1" 200 30
190.171.152.114 - - [09/Mar/2022:12:27:42 -0300] "POST /cormun/servlet/solicitudot?gx-no-cache=1646838921244 HTTP/1.1" 200 1453
190.171.152.114 - - [09/Mar/2022:12:27:42 -0300] "POST /cormun/servlet/solicitudot?gx-no-cache=1646838921271 HTTP/1.1" 200 38
190.171.142.10 - - [09/Mar/2022:12:27:43 -0300] "GET /cormun/servlet/solicitudot?INS,0,0,false, HTTP/1.1" 200 15726
190.171.142.10 - - [09/Mar/2022:12:27:45 -0300] "GET /cormun/servlet/solicitudot?INS,0,0,false, HTTP/1.1" 200 15710
190.171.152.114 - - [09/Mar/2022:12:27:52 -0300] "GET /cormun/servlet/solicitudot?2197062b285b0a0670669bdcda53c3ef69e9a5d275065413cf8011b27abd47c395959c349bd5bf8086087b885b874125cc33fe3a849a3478b7ce1451252cd5846a64cdcf64d9e234e65c3cfb2d19e273b18e519ebdf1aec632b710346bb1a0c7241eae98b504f83492a3ed9c18224307,gx-no-cache=1646838930597 HTTP/1.1" 200 110
190.171.152.114 - - [09/Mar/2022:12:27:52 -0300] "POST /cormun/servlet/solicitudot?gx-no-cache=1646838930622 HTTP/1.1" 200 67
190.171.152.114 - - [09/Mar/2022:12:27:55 -0300] "GET /cormun/static/menuarrow.gif HTTP/1.1" 404 1015
190.171.152.114 - - [09/Mar/2022:12:28:31 -0300] "GET /cormun/servlet/solicitudot?2197062b285b0a0670669bdcda53c3efd325b4151eac337a73de753bb98ab486c7ff88dc2448aa8c4439494fef45914a,gx-no-cache=1646838970053 HTTP/1.1" 200 30
190.171.152.114 - - [09/Mar/2022:12:28:39 -0300] "POST /cormun/servlet/solicitudot?gx-no-cache=1646838977826 HTTP/1.1" 200 30
190.171.152.114 - - [09/Mar/2022:12:28:53 -0300] "POST /cormun/servlet/solicitudot?ee385b009050c350ccbe46167d3d0302,INS,0,0,false,,gx-no-cache=1646838991345 HTTP/1.1" 200 93
190.171.152.114 - - [09/Mar/2022:12:28:53 -0300] "GET /cormun/servlet/hpexe_return? HTTP/1.1" 200 1011
190.171.152.114 - - [09/Mar/2022:12:28:53 -0300] "GET /cormun/servlet/hhome HTTP/1.1" 200 4314
190.171.152.114 - - [09/Mar/2022:12:28:53 -0300] "GET /cormun/servlet/hhome HTTP/1.1" 200 4308
190.171.142.10 - - [09/Mar/2022:12:28:58 -0300] "POST /cormun/servlet/solicitudot?gx-no-cache=1646838994076 HTTP/1.1" 200 3982
190.171.142.10 - - [09/Mar/2022:12:28:58 -0300] "POST /cormun/servlet/solicitudot?fa9a5d2d481bc0a1ff465cd098cb345a,INS,0,0,false,,gx-no-cache=1646838994387 HTTP/1.1" 200 12566
190.171.142.10 - - [09/Mar/2022:12:29:24 -0300] "GET /cormun/servlet/solicitudot?b77957a2b3e9acb5063b75207894133f49f193fa036612c46b88a8199ec9ad649f0b8dd7b94e7458070c67a506d91919,gx-no-cache=1646839020241 HTTP/1.1" 200 30
190.171.142.10 - - [09/Mar/2022:12:29:24 -0300] "GET /cormun/servlet/solicitudot?b77957a2b3e9acb5063b75207894133f4e56a9830baa722b2336c4b38c07c3eaac2463f2a42727167fff547882117cc68a0d96a0774d2e08bd553298554011b1,gx-no-cache=1646839020312 HTTP/1.1" 200 30
190.171.142.10 - - [09/Mar/2022:12:29:24 -0300] "GET /cormun/servlet/solicitudot?b77957a2b3e9acb5063b75207894133f61b16abb4c223cae18be5769a0a0518c,gx-no-cache=1646839020348 HTTP/1.1" 200 53
190.171.142.10 - - [09/Mar/2022:12:29:24 -0300] "POST /cormun/servlet/solicitudot?gx-no-cache=1646839020402 HTTP/1.1" 200 255
190.171.142.10 - - [09/Mar/2022:12:29:24 -0300] "GET /cormun/servlet/solicitudot?b77957a2b3e9acb5063b75207894133f06a510976531608c36c7b7ade559456827a60b72f3b3ad9ff49b283603bf2afccdfb0ffe2401f674ebaa6f5b1d57207e2b72805a5c36cd5377446ebd6c09f29f06d34e2208ab3dc87fd21a8efc9aee51961121378547509dd40f50b9b8ccd653b66e56b7fa294964b99e27aa857cd1cb35f3dbc0ec14b3c0e89700de61d6879abdd686c33fabcad90b2f7177d72c1654b8bd9c8b9aafb61fd72381ed17615adee5964d73910f1b1131f7165170c1e9d61f7ee3a712f436c9f67e18d2b4db915bea9b06842124a2365cc3dc10b6df0fa0e132432f3e17c52a5ba509d211f3ae235a3cf2863db963ab46ddebdaa857db8d78d9dfebd1160b87988b8872663bc806bc5d0b7af3e89f97d7405918812b5c6505178f3f0ffe9d715cfd7972fb27bec8c80112284637a1bb2cfa6576397242fed56057b84fd95cdb046f07d0e87479e129fe9d73710e843b3a47cf95c44d71608683b7fe629ba040cf92bf2ecdaa1a40f84fdf1a1fbe30e8907cfe6920a41813,gx-no-cache=1646839020464 HTTP/1.1" 200 30
190.171.141.122 - - [09/Mar/2022:12:29:46 -0300] "GET /cormun/static/menuarrow.gif HTTP/1.1" 404 1015
190.171.153.50 - - [09/Mar/2022:12:30:00 -0300] "GET /cormun/servlet/trsolicitudot? HTTP/1.1" 200 7435
190.171.153.50 - - [09/Mar/2022:12:30:00 -0300] "GET /cormun/servlet/trsolicitudot? HTTP/1.1" 200 7435
190.171.153.50 - - [09/Mar/2022:12:30:03 -0300] "GET /cormun/servlet/solicitudot?INS,0,0,false, HTTP/1.1" 200 15940
190.171.153.50 - - [09/Mar/2022:12:30:03 -0300] "GET /cormun/servlet/solicitudot?INS,0,0,false, HTTP/1.1" 200 15948
190.171.152.114 - - [09/Mar/2022:12:30:09 -0300] "GET /cormun/servlet/trsolicitudot? HTTP/1.1" 200 9538
190.171.152.114 - - [09/Mar/2022:12:30:09 -0300] "GET /cormun/servlet/trsolicitudot? HTTP/1.1" 200 9535
190.171.152.114 - - [09/Mar/2022:12:30:23 -0300] "POST /cormun/servlet/trsolicitudot?ee385b009050c350ccbe46167d3d0302,,gx-no-cache=1646839081565 HTTP/1.1" 200 6072
190.171.152.114 - - [09/Mar/2022:12:30:23 -0300] "GET /cormun/static/Shared/jqueryui/images/ui-bg_highlight-soft_100_c6c2c8_1x100.png HTTP/1.1" 404 1117
190.171.152.114 - - [09/Mar/2022:12:30:23 -0300] "GET /cormun/static/Shared/jqueryui/images/ui-icons_82798d_256x240.png HTTP/1.1" 404 1089
190.171.152.114 - - [09/Mar/2022:12:30:23 -0300] "GET /cormun/static/Shared/jqueryui/images/ui-bg_flat_55_fafafa_40x100.png HTTP/1.1" 404 1097
190.171.152.114 - - [09/Mar/2022:12:30:23 -0300] "GET /cormun/static/Shared/jqueryui/images/ui-icons_8d78a5_256x240.png HTTP/1.1" 404 1089
190.171.152.114 - - [09/Mar/2022:12:30:23 -0300] "POST /cormun/servlet/trsolicitudot?ee385b009050c350ccbe46167d3d0302,,gx-no-cache=1646839081756 HTTP/1.1" 200 6015
190.171.141.122 - - [09/Mar/2022:12:30:25 -0300] "GET /cormun/servlet/solicitudot?INS,0,0,false, HTTP/1.1" 200 15974
190.171.141.122 - - [09/Mar/2022:12:30:26 -0300] "GET /cormun/servlet/solicitudot?INS,0,0,false, HTTP/1.1" 200 15981
190.171.152.114 - - [09/Mar/2022:12:30:27 -0300] "GET /cormun/servlet/trautorizarsolicitud? HTTP/1.1" 200 8853
190.171.152.114 - - [09/Mar/2022:12:30:27 -0300] "GET /cormun/servlet/trautorizarsolicitud? HTTP/1.1" 200 8853
190.171.152.114 - - [09/Mar/2022:12:30:31 -0300] "POST /cormun/servlet/trautorizarsolicitud?ee385b009050c350ccbe46167d3d0302,,gx-no-cache=1646839090274 HTTP/1.1" 200 4795
190.171.152.114 - - [09/Mar/2022:12:30:31 -0300] "GET /cormun/static/Shared/jqueryui/images/ui-bg_highlight-soft_100_c6c2c8_1x100.png HTTP/1.1" 404 1117
190.171.152.114 - - [09/Mar/2022:12:30:31 -0300] "GET /cormun/static/Shared/jqueryui/images/ui-icons_82798d_256x240.png HTTP/1.1" 404 1089
190.171.152.114 - - [09/Mar/2022:12:30:31 -0300] "GET /cormun/static/Shared/jqueryui/images/ui-bg_flat_55_fafafa_40x100.png HTTP/1.1" 404 1097
190.171.152.114 - - [09/Mar/2022:12:30:31 -0300] "GET /cormun/static/Shared/jqueryui/images/ui-icons_8d78a5_256x240.png HTTP/1.1" 404 1089
190.171.152.114 - - [09/Mar/2022:12:30:31 -0300] "POST /cormun/servlet/trautorizarsolicitud?ee385b009050c350ccbe46167d3d0302,,gx-no-cache=1646839090414 HTTP/1.1" 200 4544
190.171.142.10 - - [09/Mar/2022:12:30:32 -0300] "POST /cormun/servlet/solicitudot?gx-no-cache=1646839088148 HTTP/1.1" 200 3954
190.171.142.10 - - [09/Mar/2022:12:30:32 -0300] "POST /cormun/servlet/solicitudot?fa9a5d2d481bc0a1ff465cd098cb345a,INS,0,0,false,,gx-no-cache=1646839088362 HTTP/1.1" 200 12582
190.171.142.10 - - [09/Mar/2022:12:30:36 -0300] "GET /cormun/servlet/solicitudot?b77957a2b3e9acb5063b75207894133fa33fcb1d917607a3a216d89cdf34fbd0d8082e108faa5c617819b74595993b37,gx-no-cache=1646839092594 HTTP/1.1" 200 111
190.171.142.10 - - [09/Mar/2022:12:30:36 -0300] "GET /cormun/static/Shared/jqueryui/images/ui-bg_highlight-soft_100_c6c2c8_1x100.png HTTP/1.1" 404 1117
190.171.142.10 - - [09/Mar/2022:12:30:36 -0300] "GET /cormun/static/Shared/jqueryui/images/ui-icons_82798d_256x240.png HTTP/1.1" 404 1089
190.171.142.10 - - [09/Mar/2022:12:30:36 -0300] "GET /cormun/static/Shared/jqueryui/images/ui-bg_flat_55_994d53_40x100.png HTTP/1.1" 404 1097
190.171.142.10 - - [09/Mar/2022:12:30:36 -0300] "GET /cormun/static/Shared/jqueryui/images/ui-icons_ebccce_256x240.png HTTP/1.1" 404 1089
190.171.142.10 - - [09/Mar/2022:12:30:44 -0300] "GET /cormun/servlet/trsolicitudot? HTTP/1.1" 200 7200
190.171.142.10 - - [09/Mar/2022:12:30:46 -0300] "GET /cormun/servlet/trsolicitudot? HTTP/1.1" 200 7199
190.171.142.10 - - [09/Mar/2022:12:30:49 -0300] "GET /cormun/servlet/solicitudot?INS,0,0,false, HTTP/1.1" 200 15704
190.171.142.10 - - [09/Mar/2022:12:30:51 -0300] "GET /cormun/servlet/solicitudot?INS,0,0,false, HTTP/1.1" 200 15711
190.171.141.122 - - [09/Mar/2022:12:31:11 -0300] "POST /cormun/servlet/solicitudot?gx-no-cache=1646839127192 HTTP/1.1" 200 3934
190.171.141.122 - - [09/Mar/2022:12:31:11 -0300] "GET /cormun/static/Shared/jqueryui/images/ui-bg_highlight-soft_100_c6c2c8_1x100.png HTTP/1.1" 404 1117
190.171.141.122 - - [09/Mar/2022:12:31:11 -0300] "GET /cormun/static/Shared/jqueryui/images/ui-bg_flat_55_994d53_40x100.png HTTP/1.1" 404 1097
190.171.141.122 - - [09/Mar/2022:12:31:11 -0300] "GET /cormun/static/Shared/jqueryui/images/ui-icons_ebccce_256x240.png HTTP/1.1" 404 1089
190.171.141.122 - - [09/Mar/2022:12:31:11 -0300] "GET /cormun/static/Shared/jqueryui/images/ui-icons_82798d_256x240.png HTTP/1.1" 404 1089
190.171.142.10 - - [09/Mar/2022:12:31:13 -0300] "POST /cormun/servlet/solicitudot?gx-no-cache=1646839129333 HTTP/1.1" 200 3858
190.171.142.10 - - [09/Mar/2022:12:31:13 -0300] "POST /cormun/servlet/solicitudot?fa9a5d2d481bc0a1ff465cd098cb345a,INS,0,0,false,,gx-no-cache=1646839129616 HTTP/1.1" 200 12401
190.171.141.122 - - [09/Mar/2022:12:31:16 -0300] "GET /cormun/servlet/solicitudot?2ba46c1fa3715744998dcd12c646025d93c35779d420af40e1d32314fbc8c62d5de5a7e9e57e5b459e8353edb76137e7,gx-no-cache=1646839132528 HTTP/1.1" 200 30
190.171.142.10 - - [09/Mar/2022:12:31:29 -0300] "GET /cormun/servlet/solicitudot?b77957a2b3e9acb5063b75207894133f8bfd1af7c9ff46966bdf1595edcfab403263e203dae0a164b0fa5f96c401abe9,gx-no-cache=1646839145016 HTTP/1.1" 200 30
186.67.172.234 - - [09/Mar/2022:12:32:18 -0300] "GET /cormun/servlet/trlicencias? HTTP/1.1" 200 10677
186.67.172.234 - - [09/Mar/2022:12:32:19 -0300] "GET /cormun/servlet/trlicencias? HTTP/1.1" 200 10676
190.171.153.50 - - [09/Mar/2022:12:33:01 -0300] "POST /cormun/servlet/solicitudot?gx-no-cache=1646839507636 HTTP/1.1" 200 3959
190.171.153.50 - - [09/Mar/2022:12:33:02 -0300] "POST /cormun/servlet/solicitudot?f4675689eb526a362bcdf918e804a502,INS,0,0,false,,gx-no-cache=1646839507925 HTTP/1.1" 200 12779
190.171.153.50 - - [09/Mar/2022:12:33:03 -0300] "GET /cormun/servlet/solicitudot?836f19545dbb2bfede0e97578a130c5d42bcbbf19bceb46a780298e4049dde16accae585cda8361e38fd5244e331342a,gx-no-cache=1646839509090 HTTP/1.1" 200 30
190.171.141.122 - - [09/Mar/2022:12:35:01 -0300] "GET /cormun/servlet/solicitudot?2ba46c1fa3715744998dcd12c646025d8901ca333fd4a8296c067d9c9e8d4c47,gx-no-cache=1646839357882 HTTP/1.1" 200 94
190.171.141.122 - - [09/Mar/2022:12:35:03 -0300] "GET /cormun/servlet/solicitudot?2ba46c1fa3715744998dcd12c646025dcd416e694ca137c1b53b4b068e8648b1,gx-no-cache=1646839359668 HTTP/1.1" 200 53
190.171.141.122 - - [09/Mar/2022:12:35:48 -0300] "GET /cormun/servlet/solicitudot?2ba46c1fa3715744998dcd12c646025d0a4ddc616d59813fcffa1ac5067a0122a76b0794d69aefb2d69bc880d6c4446c5ce3950e5c2f6fb4946cfef9db4ebb02,gx-no-cache=1646839404994 HTTP/1.1" 200 30
190.171.141.122 - - [09/Mar/2022:12:35:48 -0300] "GET /cormun/servlet/solicitudot?2ba46c1fa3715744998dcd12c646025d096eeba3d20d8343a1f37a6f299e800af0c0df4cc4ba470dda887d4a00e7916d8cddacb0db7236201b08d17c615e4b3cda9fcb7c44468ed11d7e908bfd7c71ef656ae0dd7ea35bd550af2385f7760a163a039071642480dcfb34bf63752efcbcc49f080814dcef1d16e1545e10c3b270587c1ff148de352213c079b0cf34d6a2560f8c05e2d96f50cd255aebcd8524bae9c801cd02da6bf350a2a93fac9b4662a2f598a24b23bdadc020d34b0961baa7daa73449194f748adcf41f19fd9396747ddcd85c924bfa0bee21a473a748ba771d341e13a17cc58939d422c66b3666054d71af272a43e2ddde14ba27ffc67dfa1b29a31b87013215e9b960d18c5f099b466fb7eeab9895a1aac5d0a166e87d6e17e504812a514341be38ad53c69db1b04cf3968f87eb771d6b687aedbe34685a9cd1eb6ba694cebdab9fe03d632ae4d2,gx-no-cache=1646839405049 HTTP/1.1" 200 297
190.171.141.122 - - [09/Mar/2022:12:35:49 -0300] "GET /cormun/servlet/solicitudot?2ba46c1fa3715744998dcd12c646025d9c58d017ea63cda7404228cecb3ec00bdc05729d7ddfd90c51ad2a147115525c1d954dee07a0c6f95f74663eb10347cee5d5976e13124130c520f28a430695498351343972bb12ee1d62448b9aab22289bd4c051564999785c52c13a58c37444313d06ce9dea9eef7960734da23a282aa34127e8f755b99bfcbc371efc1167cff314418d4165518da6f3ce7710662a176781fc590ff50ef4811f3a1945e2f597155bf8bbd536893689077db6a80980ca2bd6d793685955a473037d31ef2711bde2424dc1e502b103951222dec995864ba8b511e57d5b093520786692a0aa77eea27d3895f9310a88ab068c98d09826524fdb165e779bb04ebbdf1abd143cfec4e519790db3e207b060383ffd844d4c904c72cf8f27f292967f43d7a60dd913c7b7666448b4f126e71e4c0ba7b3ed786b2ec4eac0fc4f0c7221bfee749268a0693032bfc0cafa20e052c2e6d7f7b2d71caea59e9c5de5173a1b42fe753ada125876359a2793205eb8975e5b9f00203d775ce3950e5c2f6fb4946cfef9db4ebb02,gx-no-cache=1646839405083 HTTP/1.1" 200 30
190.171.141.122 - - [09/Mar/2022:12:35:49 -0300] "POST /cormun/servlet/solicitudot?gx-no-cache=1646839405116 HTTP/1.1" 200 30
190.171.141.122 - - [09/Mar/2022:12:35:49 -0300] "POST /cormun/servlet/solicitudot?gx-no-cache=1646839405145 HTTP/1.1" 200 1448
190.171.141.122 - - [09/Mar/2022:12:35:49 -0300] "POST /cormun/servlet/solicitudot?gx-no-cache=1646839405177 HTTP/1.1" 200 38
190.171.141.122 - - [09/Mar/2022:12:36:09 -0300] "GET /cormun/servlet/solicitudot?2ba46c1fa3715744998dcd12c646025d6bc3028f082e9207816538497f7bbff72647fe340265aa0056ac996206d0a8953b61cd05314a860876d4a16c81becdd0eb179b55cd966a9aa6295923c0845f9a383435747e87e5e55fc1b4abb04b4d653297a038ae738cebc7fb70d68603f825,gx-no-cache=1646839425153 HTTP/1.1" 200 110
190.171.141.122 - - [09/Mar/2022:12:36:13 -0300] "POST /cormun/servlet/solicitudot?gx-no-cache=1646839429677 HTTP/1.1" 200 79
190.171.141.122 - - [09/Mar/2022:12:36:20 -0300] "GET /cormun/servlet/solicitudot?2ba46c1fa3715744998dcd12c646025da2b3c17cc0dbbc6e07ae751ec388cfb24d71af272a43e2ddde14ba27ffc67dfa1b29a31b87013215e9b960d18c5f099b193551ef9bebaad6fe8bb12a70fa2efc,gx-no-cache=1646839436737 HTTP/1.1" 200 29
190.171.141.122 - - [09/Mar/2022:12:36:20 -0300] "GET /cormun/static/menuarrow.gif HTTP/1.1" 404 1015
190.171.141.122 - - [09/Mar/2022:12:36:24 -0300] "GET /cormun/servlet/solicitudot?2ba46c1fa3715744998dcd12c646025d1286e51b510b68137ac87a6f3c920ccc68dadcdf16c01a3e786cc111c56f5d48,gx-no-cache=1646839440201 HTTP/1.1" 200 30
190.171.142.42 - - [09/Mar/2022:12:36:37 -0300] "GET /cormun/servlet/trfichaempleado? HTTP/1.1" 200 5324
190.171.142.42 - - [09/Mar/2022:12:36:37 -0300] "GET /cormun/static/gxcfg.js?201991420132062 HTTP/1.1" 200 953
190.171.142.42 - - [09/Mar/2022:12:36:37 -0300] "GET /cormun/static/trfichaempleado.js?201991420132430 HTTP/1.1" 200 22815
190.171.142.42 - - [09/Mar/2022:12:36:38 -0300] "GET /cormun/static/Resources/Spanish/PXTools.css?19172979 HTTP/1.1" 200 100853
190.171.142.42 - - [09/Mar/2022:12:36:38 -0300] "GET /cormun/servlet/hlogin HTTP/1.1" 200 1743
190.171.142.42 - - [09/Mar/2022:12:36:38 -0300] "GET /cormun/servlet/trfichaempleado? HTTP/1.1" 200 5321
190.171.153.50 - - [09/Mar/2022:12:37:00 -0300] "GET /cormun/servlet/solicitudot?836f19545dbb2bfede0e97578a130c5d127aefbb4e1e543b8c217b2bc517c64e6bdb9389872a9ffd2c9afcee889b79415f4a9b47ed957402180f9c09f29284ec,gx-no-cache=1646839745878 HTTP/1.1" 200 30
190.171.153.50 - - [09/Mar/2022:12:37:00 -0300] "GET /cormun/servlet/solicitudot?836f19545dbb2bfede0e97578a130c5d0072481f721f5fefdf2138aaf3041eec,gx-no-cache=1646839745960 HTTP/1.1" 200 53
190.171.153.50 - - [09/Mar/2022:12:37:00 -0300] "POST /cormun/servlet/solicitudot?gx-no-cache=1646839745982 HTTP/1.1" 200 255
190.171.153.50 - - [09/Mar/2022:12:37:00 -0300] "GET /cormun/servlet/solicitudot?836f19545dbb2bfede0e97578a130c5d9251a636e8a64d4610c5c50d8cf59ecbe33710bddf15ee4713d7779ebea32012162adf2513051414a57b68d81cd9a2da26297857ede11d0be140abb554ee502e42d10422c9de59867c23c0050fecccb502ab32a5c3767d266da7948f07eb45e8c86e87d1ad388859bd3cfd38a69bab166eca226ae7076d44a0c06635929c53a3e535c3c359c6649e03a78294d904eb652e47c93a10fad729e73ff238db755e253ee82e3944e66b7edb9f96917e32fa4d27d9d677e423d5aab33a4ba0ec6169d50f62ab01dfc935ac6a2dd5d8d1911a210db88fdcefcfb9c0d86973f03f03fb9d7139e7af84f9b5f6bd16e1c238b1b8f6953d1def2d9b6eeeba489b363c507aad393dab60133e47d1af4ff6972a133ec46910e4ae23f50324a93679a6f7d7ee6d9896b88d3f43eb6f524533a7868d9402d0eae3d77c8b185924a12ebe9df8b49dbfbbc24197eaedbfef7274ef2e92697074cdbd9390d4740fcff49247f2bc6c8e842cff19de4497544a9cbf1c5a24b601,gx-no-cache=1646839746008 HTTP/1.1" 200 30
190.171.153.50 - - [09/Mar/2022:12:37:01 -0300] "POST /cormun/servlet/solicitudot?gx-no-cache=1646839747528 HTTP/1.1" 200 30
190.171.141.122 - - [09/Mar/2022:12:37:15 -0300] "POST /cormun/servlet/solicitudot?gx-no-cache=1646839491659 HTTP/1.1" 200 30
190.171.153.50 - - [09/Mar/2022:12:37:16 -0300] "POST /cormun/servlet/solicitudot?gx-no-cache=1646839762092 HTTP/1.1" 200 1454
190.171.153.50 - - [09/Mar/2022:12:37:16 -0300] "POST /cormun/servlet/solicitudot?gx-no-cache=1646839762134 HTTP/1.1" 200 38
190.171.153.50 - - [09/Mar/2022:12:37:16 -0300] "GET /cormun/servlet/solicitudot?836f19545dbb2bfede0e97578a130c5d04749466b7ab17eec4b3e78f16d843a7bd4ce99f47f5bb3f9fc453309b0d9cf74c05a6b990bca4beb583d4fdae766b360ea2e64eb9a6d31f7eaa7051b6f4819f00583c332a04268432c36fcb9e2ee6b86dc6dd08367d70b9ac9f923669182074,gx-no-cache=1646839762165 HTTP/1.1" 200 110
190.171.153.50 - - [09/Mar/2022:12:37:26 -0300] "POST /cormun/servlet/solicitudot?gx-no-cache=1646839772744 HTTP/1.1" 200 110
190.171.153.50 - - [09/Mar/2022:12:37:30 -0300] "GET /cormun/servlet/solicitudot?836f19545dbb2bfede0e97578a130c5dd3375dd3b5aac75a781101614727e68849af69b6bd1ce0853c97fc2f584e12153fef9908c0a3ab834e6faf4cbffc8047bf9a115b1f50711819f9c657dd93495036a3adcc7938fe191fb3daeba8b6b69cd8789114f73dd46c7b9cb2fb3d5ed05ca824db1aa7d23610842a39c4a4ea77224545c9e6188bf50a457c198ab3477ed2ff2fe025d49fbd065332b95c59cb3388,gx-no-cache=1646839776681 HTTP/1.1" 200 29
190.171.153.50 - - [09/Mar/2022:12:37:33 -0300] "GET /cormun/static/menuarrow.gif HTTP/1.1" 404 1015
190.171.153.50 - - [09/Mar/2022:12:37:42 -0300] "GET /cormun/servlet/solicitudot?836f19545dbb2bfede0e97578a130c5da6719b205e9854971701e64b637887b918d2459424866086b7a2f1940cbc306e,gx-no-cache=1646839788774 HTTP/1.1" 200 30
190.95.1.185 - - [09/Mar/2022:12:38:34 -0300] "GET /cormun/servlet/solicitudot?INS,0,0,false, HTTP/1.1" 200 16193
190.95.1.185 - - [09/Mar/2022:12:38:34 -0300] "GET /cormun/servlet/solicitudot?INS,0,0,false, HTTP/1.1" 200 16201
190.95.1.185 - - [09/Mar/2022:12:38:58 -0300] "POST /cormun/servlet/solicitudot?gx-no-cache=1646839595981 HTTP/1.1" 200 3973
190.95.1.185 - - [09/Mar/2022:12:38:58 -0300] "POST /cormun/servlet/solicitudot?c65b5ebec06a724bb5e3a63dbb6d7157,INS,0,0,false,,gx-no-cache=1646839596118 HTTP/1.1" 200 12803
190.95.1.185 - - [09/Mar/2022:12:39:05 -0300] "GET /cormun/servlet/solicitudot?3555d07442f86e7d3327b4ef8bb3b21e7ee9642e528faeab68beb3d27192ed9e7dd3da212d6dfc55654da70fa9165c82,gx-no-cache=1646839602683 HTTP/1.1" 200 30
190.95.1.185 - - [09/Mar/2022:12:40:04 -0300] "GET /cormun/servlet/solicitudot?3555d07442f86e7d3327b4ef8bb3b21ef0b4ef4c82770f0e1cd4cfbd9eaef0df81f05bde8d8cca8111dd46782552213ee569715384cb3cde28bad973026f594b,gx-no-cache=1646839662028 HTTP/1.1" 200 30
190.95.1.185 - - [09/Mar/2022:12:40:04 -0300] "GET /cormun/servlet/solicitudot?3555d07442f86e7d3327b4ef8bb3b21e5ffdf8a443af4f99c23689c55d864036,gx-no-cache=1646839662054 HTTP/1.1" 200 59
190.95.1.185 - - [09/Mar/2022:12:40:04 -0300] "POST /cormun/servlet/solicitudot?gx-no-cache=1646839662078 HTTP/1.1" 200 255
190.95.1.185 - - [09/Mar/2022:12:40:04 -0300] "GET /cormun/servlet/solicitudot?3555d07442f86e7d3327b4ef8bb3b21e382630ff4cc9360bff41143a01b19563ee84b20e58132d4f17134fc22cd444407f6f93f83dcf430da509b8784853ad44c54ad02f6436f2dd6a73795d528b273a25df4b92e5bffeca3367cacf69f7b08a985eef3a2d662a484a2eab213d79a3272af32b164bb1aa51407508d7404299e69290376661cd01056da01aa7e9f7e7958289294f1669508767aeab97349d831b91600eb715121102bc5182ed9aa08fa199dd25e2af1d09f5d7ce45cd3081c503d8c98b0b2543f427b0632e8f69502599441c821d031f42e22cb3e2258d9a306e2368276d32be79ff4371c3b92dd8aafada35ab1204ec26d0b89791d9a0fc5f9e3c5ea6b143fc3661969aa2b7e5a03f1e073fa51cecf6341c80dc935964db76515f06b78f220a695bce6188a03820a08338ae413c11209f7b4e92aa352f1933bfe4138eda86e7264c87dfe508ebf694a808f7baca7333c2e2a3284da8e28b261fa2cc4455a0f9fc788ac8fa4a2eecc21a08442f839c3136ff642351f02e91967e,gx-no-cache=1646839662105 HTTP/1.1" 200 30
190.95.1.185 - - [09/Mar/2022:12:40:06 -0300] "POST /cormun/servlet/solicitudot?gx-no-cache=1646839664113 HTTP/1.1" 200 30
190.95.1.185 - - [09/Mar/2022:12:41:32 -0300] "POST /cormun/servlet/solicitudot?gx-no-cache=1646839749724 HTTP/1.1" 200 1454
190.95.1.185 - - [09/Mar/2022:12:41:32 -0300] "POST /cormun/servlet/solicitudot?gx-no-cache=1646839749772 HTTP/1.1" 200 38
190.95.1.185 - - [09/Mar/2022:12:41:32 -0300] "GET /cormun/servlet/solicitudot?3555d07442f86e7d3327b4ef8bb3b21e5acfd2b794d07c2136c69e99dedc72e66e0cf91e622132acd1a89fbca54f88520fc01d440669edd20b3ffc26185586cc54518ce9c3a10c1740aaf0f79a9f480a56bc16d4be99a9956d0716028b95db9ffc03771395b061f2d2c9358d80bfb60f,gx-no-cache=1646839749792 HTTP/1.1" 200 110
190.95.1.185 - - [09/Mar/2022:12:43:00 -0300] "POST /cormun/servlet/solicitudot?gx-no-cache=1646839837996 HTTP/1.1" 200 97
190.95.1.185 - - [09/Mar/2022:12:43:06 -0300] "GET /cormun/servlet/solicitudot?3555d07442f86e7d3327b4ef8bb3b21e641ff850e1d8815a88ba46874178a2f03a21ae6e4a30d3c2a50f90b12bebf288797dbfa3bfa3eba61526eda6531ca83c3abc4e75e5a41253ab29b8bebbe56cbce1b243b4e34fa2a01fedc45e3325caf9cf16246342bd570e44b96384349644f69d8e776263511053d259a263a49c7ed58fef367b260af1c1a1785a7abc03911730561e83e5d9e900166be0dba1c82380,gx-no-cache=1646839844057 HTTP/1.1" 200 29
190.95.1.185 - - [09/Mar/2022:12:43:06 -0300] "GET /cormun/static/menuarrow.gif HTTP/1.1" 404 1015
