190.171.141.90 - - [09/Mar/2022:10:05:30 -0300] "GET /cormun/servlet/solicitudot?05eadcaa7ff96c965d8460decf15140a050d60ccebfd17ab05587c1429c8010156c16f9698f2fc7b36eb46fd2696a5c7a7a9098117c7f16693f498a239e68d3a44393e40a27c0d6477cc8e3fab2dadeec0653e8a7a2e677fc7fc89f78f8ee1fa78710e060f02e791306205a2c9a5f776,gx-no-cache=1646830386735 HTTP/1.1" 200 29
190.171.141.90 - - [09/Mar/2022:10:05:30 -0300] "GET /cormun/static/menuarrow.gif HTTP/1.1" 404 1015
190.171.141.90 - - [09/Mar/2022:10:05:33 -0300] "GET /cormun/servlet/solicitudot?05eadcaa7ff96c965d8460decf15140a8c6f4834e7a955f63a46a1e15fda9eee3e99959e6efb9d68f6219838a3aadb37,gx-no-cache=1646830389678 HTTP/1.1" 200 30
190.171.141.90 - - [09/Mar/2022:10:05:42 -0300] "POST /cormun/servlet/solicitudot?gx-no-cache=1646830398605 HTTP/1.1" 200 30
190.171.144.234 - - [09/Mar/2022:10:05:43 -0300] "GET /cormun/servlet/solicitudotadjuntos?1bcbfd75eeea058638070b4deeb91478458c76dc80418cf4c78b20c5864bcbfa,gx-no-cache=1646830400033 HTTP/1.1" 200 30
190.171.144.234 - - [09/Mar/2022:10:05:43 -0300] "GET /cormun/servlet/solicitudotadjuntos?1bcbfd75eeea058638070b4deeb91478458c76dc80418cf4c78b20c5864bcbfa,gx-no-cache=1646830400052 HTTP/1.1" 200 30
190.171.144.234 - - [09/Mar/2022:10:05:43 -0300] "POST /cormun/servlet/solicitudotadjuntos?428a6657e332defece416656175ff27c,INS,2022,17991,,1, HTTP/1.1" 200 116
190.171.144.234 - - [09/Mar/2022:10:05:43 -0300] "GET /cormun/servlet/hpexe_return? HTTP/1.1" 200 1027
190.171.144.234 - - [09/Mar/2022:10:05:43 -0300] "GET /cormun/servlet/trsolicitudadjuntos?2022,17991, HTTP/1.1" 200 8866
190.171.144.234 - - [09/Mar/2022:10:05:44 -0300] "GET /cormun/servlet/trsolicitudadjuntos?2022,17991, HTTP/1.1" 200 8864
200.83.224.3 - - [09/Mar/2022:10:05:45 -0300] "GET /cormun/servlet/prbanco?,MD,,gxPopupLevel%3D0%3B HTTP/1.1" 200 6603
190.171.141.90 - - [09/Mar/2022:10:05:47 -0300] "POST /cormun/servlet/solicitudot?ae355c2d5e87c2dc842617fcf67615c8,INS,0,0,false,,gx-no-cache=1646830403071 HTTP/1.1" 200 93
190.171.141.90 - - [09/Mar/2022:10:05:47 -0300] "GET /cormun/servlet/hpexe_return? HTTP/1.1" 200 1011
190.171.141.90 - - [09/Mar/2022:10:05:47 -0300] "GET /cormun/servlet/trsolicitudot HTTP/1.1" 200 8490
190.171.141.90 - - [09/Mar/2022:10:05:48 -0300] "GET /cormun/servlet/trsolicitudot HTTP/1.1" 200 8486
190.171.141.90 - - [09/Mar/2022:10:05:50 -0300] "POST /cormun/servlet/trsolicitudot?ae355c2d5e87c2dc842617fcf67615c8,gx-no-cache=1646830406412 HTTP/1.1" 200 4315
190.171.141.90 - - [09/Mar/2022:10:05:50 -0300] "GET /cormun/static/Shared/jqueryui/images/ui-bg_highlight-soft_100_c6c2c8_1x100.png HTTP/1.1" 404 1117
190.171.141.90 - - [09/Mar/2022:10:05:50 -0300] "GET /cormun/static/Shared/jqueryui/images/ui-icons_82798d_256x240.png HTTP/1.1" 404 1089
190.171.141.90 - - [09/Mar/2022:10:05:50 -0300] "GET /cormun/static/Shared/jqueryui/images/ui-bg_flat_55_fafafa_40x100.png HTTP/1.1" 404 1097
190.171.141.90 - - [09/Mar/2022:10:05:50 -0300] "GET /cormun/static/Shared/jqueryui/images/ui-icons_8d78a5_256x240.png HTTP/1.1" 404 1089
190.171.141.90 - - [09/Mar/2022:10:05:50 -0300] "POST /cormun/servlet/trsolicitudot?ae355c2d5e87c2dc842617fcf67615c8,gx-no-cache=1646830406632 HTTP/1.1" 200 4066
200.83.224.3 - - [09/Mar/2022:10:05:54 -0300] "GET /cormun/servlet/solicitudot?92a2da8594f33812d335b913a39897a6f340f75112fe0c19b6ecb781f1406404,gx-no-cache=1646830411176 HTTP/1.1" 200 53
190.171.144.234 - - [09/Mar/2022:10:06:11 -0300] "GET /cormun/servlet/solicitudotadjuntos?INS,2022,17991,,1, HTTP/1.1" 200 6036
190.171.144.234 - - [09/Mar/2022:10:06:11 -0300] "GET /cormun/static/about:blank HTTP/1.1" 404 1011
190.171.144.234 - - [09/Mar/2022:10:06:11 -0300] "GET /cormun/servlet/solicitudotadjuntos?INS,2022,17991,,1, HTTP/1.1" 200 6030
190.171.144.234 - - [09/Mar/2022:10:06:12 -0300] "GET /cormun/servlet/solicitudotadjuntos?1bcbfd75eeea058638070b4deeb91478ff02270bcbaa9ab13384fa181dbe232ee5a565da3c3101eaf1ac32686be68a38,gx-no-cache=1646830429188 HTTP/1.1" 200 30
190.171.144.234 - - [09/Mar/2022:10:06:12 -0300] "POST /cormun/servlet/solicitudotadjuntos?428a6657e332defece416656175ff27c,INS,2022,17991,,1,,gx-no-cache=1646830429241 HTTP/1.1" 200 3868
190.171.144.234 - - [09/Mar/2022:10:06:16 -0300] "POST /cormun/servlet/solicitudotadjuntos?gx-no-cache=1646830433428 HTTP/1.1" 200 26
190.171.144.234 - - [09/Mar/2022:10:06:30 -0300] "GET /cormun/servlet/solicitudotadjuntos?1bcbfd75eeea058638070b4deeb91478458c76dc80418cf4c78b20c5864bcbfa,gx-no-cache=1646830447379 HTTP/1.1" 200 30
190.171.144.234 - - [09/Mar/2022:10:06:30 -0300] "GET /cormun/servlet/solicitudotadjuntos?1bcbfd75eeea058638070b4deeb91478458c76dc80418cf4c78b20c5864bcbfa,gx-no-cache=1646830447398 HTTP/1.1" 200 30
181.212.42.153 - - [09/Mar/2022:10:06:30 -0300] "GET /cormun/servlet/trsolicitudot? HTTP/1.1" 200 6328
190.171.144.234 - - [09/Mar/2022:10:06:31 -0300] "POST /cormun/servlet/solicitudotadjuntos?428a6657e332defece416656175ff27c,INS,2022,17991,,1, HTTP/1.1" 200 116
190.171.144.234 - - [09/Mar/2022:10:06:31 -0300] "GET /cormun/servlet/hpexe_return? HTTP/1.1" 200 1027
181.212.42.153 - - [09/Mar/2022:10:06:31 -0300] "GET /cormun/servlet/hlogin HTTP/1.1" 200 1744
181.212.42.153 - - [09/Mar/2022:10:06:31 -0300] "GET /cormun/servlet/trsolicitudot? HTTP/1.1" 200 6325
190.171.144.234 - - [09/Mar/2022:10:06:31 -0300] "GET /cormun/servlet/trsolicitudadjuntos?2022,17991, HTTP/1.1" 200 9099
190.171.144.234 - - [09/Mar/2022:10:06:31 -0300] "GET /cormun/servlet/trsolicitudadjuntos?2022,17991, HTTP/1.1" 200 9098
190.171.144.234 - - [09/Mar/2022:10:06:34 -0300] "GET /cormun/servlet/solicitudotadjuntos?INS,2022,17991,,1, HTTP/1.1" 200 6036
190.171.144.234 - - [09/Mar/2022:10:06:35 -0300] "GET /cormun/static/about:blank HTTP/1.1" 404 1011
190.171.144.234 - - [09/Mar/2022:10:06:35 -0300] "GET /cormun/servlet/solicitudotadjuntos?INS,2022,17991,,1, HTTP/1.1" 200 6030
190.171.144.234 - - [09/Mar/2022:10:06:35 -0300] "GET /cormun/servlet/solicitudotadjuntos?1bcbfd75eeea058638070b4deeb91478ff02270bcbaa9ab13384fa181dbe232ee5a565da3c3101eaf1ac32686be68a38,gx-no-cache=1646830452535 HTTP/1.1" 200 30
190.171.144.234 - - [09/Mar/2022:10:06:35 -0300] "POST /cormun/servlet/solicitudotadjuntos?428a6657e332defece416656175ff27c,INS,2022,17991,,1,,gx-no-cache=1646830452574 HTTP/1.1" 200 3868
181.212.42.153 - - [09/Mar/2022:10:06:36 -0300] "POST /cormun/servlet/hlogin?ccd0cbd75fd1016d1e10139d4e07499c,gx-no-cache=1646830783685 HTTP/1.1" 200 90
181.212.42.153 - - [09/Mar/2022:10:06:36 -0300] "GET /cormun/servlet/hpexe_link HTTP/1.1" 200 958
181.212.42.153 - - [09/Mar/2022:10:06:36 -0300] "GET /cormun/servlet/trsolicitudot HTTP/1.1" 200 7009
181.212.42.153 - - [09/Mar/2022:10:06:37 -0300] "GET /cormun/servlet/trsolicitudot HTTP/1.1" 200 7007
190.171.144.234 - - [09/Mar/2022:10:06:40 -0300] "POST /cormun/servlet/solicitudotadjuntos?gx-no-cache=1646830456764 HTTP/1.1" 200 26
181.212.42.153 - - [09/Mar/2022:10:06:42 -0300] "POST /cormun/servlet/trsolicitudot?ccd0cbd75fd1016d1e10139d4e07499c,gx-no-cache=1646830788970 HTTP/1.1" 200 8138
200.83.224.3 - - [09/Mar/2022:10:06:45 -0300] "POST /cormun/servlet/solicitudot?gx-no-cache=1646830462258 HTTP/1.1" 200 1453
200.83.224.3 - - [09/Mar/2022:10:06:45 -0300] "POST /cormun/servlet/solicitudot?gx-no-cache=1646830462331 HTTP/1.1" 200 38
190.171.144.234 - - [09/Mar/2022:10:06:49 -0300] "GET /cormun/servlet/solicitudotadjuntos?1bcbfd75eeea058638070b4deeb91478458c76dc80418cf4c78b20c5864bcbfa,gx-no-cache=1646830466593 HTTP/1.1" 200 30
190.171.144.234 - - [09/Mar/2022:10:06:49 -0300] "GET /cormun/servlet/solicitudotadjuntos?1bcbfd75eeea058638070b4deeb91478458c76dc80418cf4c78b20c5864bcbfa,gx-no-cache=1646830466615 HTTP/1.1" 200 30
190.171.144.234 - - [09/Mar/2022:10:06:50 -0300] "POST /cormun/servlet/solicitudotadjuntos?428a6657e332defece416656175ff27c,INS,2022,17991,,1, HTTP/1.1" 200 116
190.171.144.234 - - [09/Mar/2022:10:06:50 -0300] "GET /cormun/servlet/hpexe_return? HTTP/1.1" 200 1027
190.171.144.234 - - [09/Mar/2022:10:06:50 -0300] "GET /cormun/servlet/trsolicitudadjuntos?2022,17991, HTTP/1.1" 200 9262
190.171.144.234 - - [09/Mar/2022:10:06:51 -0300] "GET /cormun/servlet/trsolicitudadjuntos?2022,17991, HTTP/1.1" 200 9258
190.171.144.234 - - [09/Mar/2022:10:06:56 -0300] "GET /cormun/servlet/solicitudotadjuntos?INS,2022,17991,,1, HTTP/1.1" 200 6036
190.171.144.234 - - [09/Mar/2022:10:06:57 -0300] "GET /cormun/static/about:blank HTTP/1.1" 404 1011
190.171.144.234 - - [09/Mar/2022:10:06:57 -0300] "GET /cormun/servlet/solicitudotadjuntos?INS,2022,17991,,1, HTTP/1.1" 200 6030
190.171.144.234 - - [09/Mar/2022:10:06:57 -0300] "GET /cormun/servlet/solicitudotadjuntos?1bcbfd75eeea058638070b4deeb91478ff02270bcbaa9ab13384fa181dbe232ee5a565da3c3101eaf1ac32686be68a38,gx-no-cache=1646830474289 HTTP/1.1" 200 30
190.171.144.234 - - [09/Mar/2022:10:06:57 -0300] "POST /cormun/servlet/solicitudotadjuntos?428a6657e332defece416656175ff27c,INS,2022,17991,,1,,gx-no-cache=1646830474308 HTTP/1.1" 200 3868
181.212.42.153 - - [09/Mar/2022:10:07:00 -0300] "GET /cormun/servlet/trsolicitudot? HTTP/1.1" 200 11062
181.212.42.153 - - [09/Mar/2022:10:07:00 -0300] "GET /cormun/servlet/trsolicitudot? HTTP/1.1" 200 11062
190.171.144.234 - - [09/Mar/2022:10:07:01 -0300] "POST /cormun/servlet/solicitudotadjuntos?gx-no-cache=1646830478569 HTTP/1.1" 200 26
181.212.42.153 - - [09/Mar/2022:10:07:02 -0300] "GET /cormun/servlet/solicitudot?INS,0,0,false, HTTP/1.1" 200 15686
181.212.42.153 - - [09/Mar/2022:10:07:03 -0300] "GET /cormun/servlet/solicitudot?INS,0,0,false, HTTP/1.1" 200 15693
190.171.144.234 - - [09/Mar/2022:10:07:11 -0300] "GET /cormun/servlet/solicitudotadjuntos?1bcbfd75eeea058638070b4deeb91478458c76dc80418cf4c78b20c5864bcbfa,gx-no-cache=1646830487782 HTTP/1.1" 200 30
190.171.144.234 - - [09/Mar/2022:10:07:11 -0300] "GET /cormun/servlet/solicitudotadjuntos?1bcbfd75eeea058638070b4deeb91478458c76dc80418cf4c78b20c5864bcbfa,gx-no-cache=1646830487801 HTTP/1.1" 200 30
190.171.144.234 - - [09/Mar/2022:10:07:11 -0300] "POST /cormun/servlet/solicitudotadjuntos?428a6657e332defece416656175ff27c,INS,2022,17991,,1, HTTP/1.1" 200 116
190.171.144.234 - - [09/Mar/2022:10:07:11 -0300] "GET /cormun/servlet/hpexe_return? HTTP/1.1" 200 1027
190.171.144.234 - - [09/Mar/2022:10:07:11 -0300] "GET /cormun/servlet/trsolicitudadjuntos?2022,17991, HTTP/1.1" 200 9511
190.171.144.234 - - [09/Mar/2022:10:07:12 -0300] "GET /cormun/servlet/trsolicitudadjuntos?2022,17991, HTTP/1.1" 200 9507
181.212.42.153 - - [09/Mar/2022:10:07:15 -0300] "POST /cormun/servlet/solicitudot?gx-no-cache=1646830822856 HTTP/1.1" 200 3858
181.212.42.153 - - [09/Mar/2022:10:07:16 -0300] "POST /cormun/servlet/solicitudot?ccd0cbd75fd1016d1e10139d4e07499c,INS,0,0,false,,gx-no-cache=1646830823024 HTTP/1.1" 200 12395
181.212.42.153 - - [09/Mar/2022:10:07:17 -0300] "GET /cormun/servlet/solicitudot?ff1071a1183cfc6ed2f2713c790331c113c2b22bc8c1867f597681c7845048b997152e34ebe094a0965a5c6bd052a31c,gx-no-cache=1646830824366 HTTP/1.1" 200 30
190.171.144.234 - - [09/Mar/2022:10:07:29 -0300] "GET /cormun/servlet/solicitudotadjuntos?INS,2022,17991,,1, HTTP/1.1" 200 6037
190.171.144.234 - - [09/Mar/2022:10:07:29 -0300] "GET /cormun/static/about:blank HTTP/1.1" 404 1011
190.171.144.234 - - [09/Mar/2022:10:07:29 -0300] "GET /cormun/servlet/solicitudotadjuntos?INS,2022,17991,,1, HTTP/1.1" 200 6031
190.171.144.234 - - [09/Mar/2022:10:07:30 -0300] "GET /cormun/servlet/solicitudotadjuntos?1bcbfd75eeea058638070b4deeb91478ff02270bcbaa9ab13384fa181dbe232ee5a565da3c3101eaf1ac32686be68a38,gx-no-cache=1646830506998 HTTP/1.1" 200 30
190.171.144.234 - - [09/Mar/2022:10:07:30 -0300] "POST /cormun/servlet/solicitudotadjuntos?428a6657e332defece416656175ff27c,INS,2022,17991,,1,,gx-no-cache=1646830507061 HTTP/1.1" 200 3868
200.83.224.3 - - [09/Mar/2022:10:07:30 -0300] "GET /cormun/servlet/solicitudot?92a2da8594f33812d335b913a39897a63a3ca5c40c09038efb93dd1e0cad4512d821e8dfbc07ac3aaf74a7764a42442a78653454dccad7ecfc8fd4d946a579f947cc3a37176156912c99296606d4d38f81225e4413a3a5373ebf9367b0f35752144706158e26dbc9124a8f79be6cd744,gx-no-cache=1646830507735 HTTP/1.1" 200 110
200.83.224.3 - - [09/Mar/2022:10:07:30 -0300] "POST /cormun/servlet/solicitudot?gx-no-cache=1646830507974 HTTP/1.1" 200 97
190.171.144.234 - - [09/Mar/2022:10:07:34 -0300] "POST /cormun/servlet/solicitudotadjuntos?gx-no-cache=1646830511205 HTTP/1.1" 200 26
200.83.224.3 - - [09/Mar/2022:10:07:39 -0300] "GET /cormun/servlet/solicitudot?92a2da8594f33812d335b913a39897a6b0475885a6b6480178cf19d2182658c4abb9dcab1036ed358304ee9c296c11c1d0dd190357276d3f3b165abbef63f00afaaf3267b8630193cee9224e6670b94f3949a8de77ca0134cbba3fefef8dd672f130374e84fd125f7e84967df2ab7cce,gx-no-cache=1646830516068 HTTP/1.1" 200 29
200.83.224.3 - - [09/Mar/2022:10:07:41 -0300] "GET /cormun/static/menuarrow.gif HTTP/1.1" 404 1015
190.171.144.234 - - [09/Mar/2022:10:07:43 -0300] "GET /cormun/servlet/solicitudotadjuntos?1bcbfd75eeea058638070b4deeb91478458c76dc80418cf4c78b20c5864bcbfa,gx-no-cache=1646830520172 HTTP/1.1" 200 30
190.171.144.234 - - [09/Mar/2022:10:07:43 -0300] "GET /cormun/servlet/solicitudotadjuntos?1bcbfd75eeea058638070b4deeb91478458c76dc80418cf4c78b20c5864bcbfa,gx-no-cache=1646830520195 HTTP/1.1" 200 30
190.171.144.234 - - [09/Mar/2022:10:07:43 -0300] "POST /cormun/servlet/solicitudotadjuntos?428a6657e332defece416656175ff27c,INS,2022,17991,,1, HTTP/1.1" 200 116
190.171.144.234 - - [09/Mar/2022:10:07:43 -0300] "GET /cormun/servlet/hpexe_return? HTTP/1.1" 200 1027
190.171.144.234 - - [09/Mar/2022:10:07:44 -0300] "GET /cormun/servlet/trsolicitudadjuntos?2022,17991, HTTP/1.1" 200 9791
190.171.144.234 - - [09/Mar/2022:10:07:44 -0300] "GET /cormun/servlet/trsolicitudadjuntos?2022,17991, HTTP/1.1" 200 9790
200.83.224.3 - - [09/Mar/2022:10:07:45 -0300] "GET /cormun/servlet/solicitudot?92a2da8594f33812d335b913a39897a618ec461e503c3e25d70262ef4d966039f8e86708a9da626065bad1cdb97a0c89,gx-no-cache=1646830522382 HTTP/1.1" 200 30
200.83.224.3 - - [09/Mar/2022:10:07:57 -0300] "POST /cormun/servlet/solicitudot?gx-no-cache=1646830534287 HTTP/1.1" 200 30
190.171.144.234 - - [09/Mar/2022:10:07:58 -0300] "GET /cormun/servlet/solicitudotadjuntos?INS,2022,17991,,1, HTTP/1.1" 200 6037
190.171.144.234 - - [09/Mar/2022:10:07:59 -0300] "GET /cormun/static/about:blank HTTP/1.1" 404 1011
190.171.144.234 - - [09/Mar/2022:10:07:59 -0300] "GET /cormun/servlet/solicitudotadjuntos?INS,2022,17991,,1, HTTP/1.1" 200 6031
190.171.144.234 - - [09/Mar/2022:10:07:59 -0300] "GET /cormun/servlet/solicitudotadjuntos?1bcbfd75eeea058638070b4deeb91478ff02270bcbaa9ab13384fa181dbe232ee5a565da3c3101eaf1ac32686be68a38,gx-no-cache=1646830536530 HTTP/1.1" 200 30
190.171.144.234 - - [09/Mar/2022:10:07:59 -0300] "POST /cormun/servlet/solicitudotadjuntos?428a6657e332defece416656175ff27c,INS,2022,17991,,1,,gx-no-cache=1646830536558 HTTP/1.1" 200 3868
190.171.144.234 - - [09/Mar/2022:10:08:03 -0300] "POST /cormun/servlet/solicitudotadjuntos?gx-no-cache=1646830539994 HTTP/1.1" 200 26
190.171.144.234 - - [09/Mar/2022:10:08:11 -0300] "GET /cormun/servlet/solicitudotadjuntos?1bcbfd75eeea058638070b4deeb91478458c76dc80418cf4c78b20c5864bcbfa,gx-no-cache=1646830548631 HTTP/1.1" 200 30
190.171.144.234 - - [09/Mar/2022:10:08:11 -0300] "GET /cormun/servlet/solicitudotadjuntos?1bcbfd75eeea058638070b4deeb91478458c76dc80418cf4c78b20c5864bcbfa,gx-no-cache=1646830548644 HTTP/1.1" 200 30
190.171.144.234 - - [09/Mar/2022:10:08:12 -0300] "POST /cormun/servlet/solicitudotadjuntos?428a6657e332defece416656175ff27c,INS,2022,17991,,1, HTTP/1.1" 200 116
190.171.144.234 - - [09/Mar/2022:10:08:12 -0300] "GET /cormun/servlet/hpexe_return? HTTP/1.1" 200 1027
190.171.144.234 - - [09/Mar/2022:10:08:13 -0300] "GET /cormun/servlet/trsolicitudadjuntos?2022,17991, HTTP/1.1" 200 9949
190.171.144.234 - - [09/Mar/2022:10:08:14 -0300] "GET /cormun/servlet/trsolicitudadjuntos?2022,17991, HTTP/1.1" 200 9948
190.171.144.234 - - [09/Mar/2022:10:08:24 -0300] "GET /cormun/servlet/trsolicitudot? HTTP/1.1" 200 9049
190.171.144.234 - - [09/Mar/2022:10:08:25 -0300] "GET /cormun/servlet/trsolicitudot? HTTP/1.1" 200 9040
190.171.144.234 - - [09/Mar/2022:10:08:28 -0300] "POST /cormun/servlet/trsolicitudot?428a6657e332defece416656175ff27c,,gx-no-cache=1646830565451 HTTP/1.1" 200 5813
190.171.144.234 - - [09/Mar/2022:10:08:28 -0300] "GET /cormun/static/Shared/jqueryui/images/ui-bg_highlight-soft_100_c6c2c8_1x100.png HTTP/1.1" 404 1117
190.171.144.234 - - [09/Mar/2022:10:08:28 -0300] "GET /cormun/static/Shared/jqueryui/images/ui-bg_flat_55_fafafa_40x100.png HTTP/1.1" 404 1097
190.171.144.234 - - [09/Mar/2022:10:08:28 -0300] "GET /cormun/static/Shared/jqueryui/images/ui-icons_8d78a5_256x240.png HTTP/1.1" 404 1089
190.171.144.234 - - [09/Mar/2022:10:08:28 -0300] "GET /cormun/static/Shared/jqueryui/images/ui-icons_82798d_256x240.png HTTP/1.1" 404 1089
190.171.144.234 - - [09/Mar/2022:10:08:28 -0300] "POST /cormun/servlet/trsolicitudot?428a6657e332defece416656175ff27c,,gx-no-cache=1646830565641 HTTP/1.1" 200 5758
181.212.42.153 - - [09/Mar/2022:10:08:53 -0300] "GET /cormun/servlet/prbanco?,MD,,gxPopupLevel%3D0%3B HTTP/1.1" 200 6523
181.212.42.153 - - [09/Mar/2022:10:08:53 -0300] "GET /cormun/static/gxcfg.js?20201216131581 HTTP/1.1" 200 953
181.212.42.153 - - [09/Mar/2022:10:08:53 -0300] "GET /cormun/static/prbanco.js?20201216132311 HTTP/1.1" 200 10693
181.212.42.153 - - [09/Mar/2022:10:08:57 -0300] "GET /cormun/servlet/solicitudot?ff1071a1183cfc6ed2f2713c790331c13724ceea601db2d74d8238a7f1877060,gx-no-cache=1646830924310 HTTP/1.1" 200 94
181.212.42.153 - - [09/Mar/2022:10:08:57 -0300] "GET /cormun/static/Shared/jqueryui/images/ui-icons_82798d_256x240.png HTTP/1.1" 404 1089
181.212.42.153 - - [09/Mar/2022:10:08:57 -0300] "GET /cormun/static/Shared/jqueryui/images/ui-bg_highlight-soft_100_c6c2c8_1x100.png HTTP/1.1" 404 1117
181.212.42.153 - - [09/Mar/2022:10:08:57 -0300] "GET /cormun/static/Shared/jqueryui/images/ui-bg_flat_55_994d53_40x100.png HTTP/1.1" 404 1097
181.212.42.153 - - [09/Mar/2022:10:08:57 -0300] "GET /cormun/static/Shared/jqueryui/images/ui-icons_ebccce_256x240.png HTTP/1.1" 404 1089
181.212.42.153 - - [09/Mar/2022:10:08:59 -0300] "GET /cormun/servlet/solicitudot?ff1071a1183cfc6ed2f2713c790331c17d3c20f54f0720e8fa18567072b12170,gx-no-cache=1646830926415 HTTP/1.1" 200 53
190.171.144.234 - - [09/Mar/2022:10:09:06 -0300] "POST /cormun/servlet/trsolicitudot?428a6657e332defece416656175ff27c,,gx-no-cache=1646830603370 HTTP/1.1" 200 106
190.171.144.234 - - [09/Mar/2022:10:09:06 -0300] "GET /cormun/servlet/trsolicitudadjuntos?2022,17989, HTTP/1.1" 200 6096
190.171.144.234 - - [09/Mar/2022:10:09:07 -0300] "GET /cormun/servlet/trsolicitudadjuntos?2022,17989, HTTP/1.1" 200 6096
181.212.42.153 - - [09/Mar/2022:10:09:08 -0300] "POST /cormun/servlet/solicitudot?gx-no-cache=1646830935108 HTTP/1.1" 200 255
181.212.42.153 - - [09/Mar/2022:10:09:09 -0300] "GET /cormun/servlet/solicitudot?ff1071a1183cfc6ed2f2713c790331c14dcd595751a5c1ec009732284072de79fbc35b1948f49e3fb2e7f6cc144d0720c5605f6697f6fc892fe9dafa52bbd6103ef71aedfd02c0744d017f90433645a7553303a5300205c5865bd2b5e654560cdadc9d9591db540c85286eb1660f7d334ae79c9b47301db6c40aff00649b1cddde4813486c3a211364b093743f1197568a796beb6d80bc321348054aff0fe0a1cda49085c234a5b68004aa22a36ced34c4e3db9d5b6e10b27b19a03524e6de3e102f68586d1e8cb1431e764c4fc0438c5448746a372c2e4bbdf5f72ec70d15e05e2684b00ac9bcc07062837df4f9329b874053e2803ec296413f5bcccdbc61a4579a19ae1d2f0a9275be9fce3c95621b098e2524c63f41f96ebf90bfe50ab7edcaacd6cb3b7e2ab7afd550caf8d8ef2356a1b0081bd9c36b928c61b0a6446b6a0f28b34066abab20fbbac15d3dc104746f7c7dcd6101682813e7d08fb0c8d9a722c1cc239275ca3929fd681ea468274a5fe87ad419c37fab38965e62cbd1fdde,gx-no-cache=1646830936795 HTTP/1.1" 200 30
190.171.144.234 - - [09/Mar/2022:10:09:10 -0300] "GET /cormun/servlet/solicitudotadjuntos?INS,2022,17989,,1, HTTP/1.1" 200 6038
190.171.144.234 - - [09/Mar/2022:10:09:11 -0300] "GET /cormun/static/about:blank HTTP/1.1" 404 1011
190.171.144.234 - - [09/Mar/2022:10:09:11 -0300] "GET /cormun/servlet/solicitudotadjuntos?INS,2022,17989,,1, HTTP/1.1" 200 6032
190.171.144.234 - - [09/Mar/2022:10:09:11 -0300] "GET /cormun/servlet/solicitudotadjuntos?1bcbfd75eeea058638070b4deeb91478d6b94353742bfa0c198104d529aa0f92e5a565da3c3101eaf1ac32686be68a38,gx-no-cache=1646830608289 HTTP/1.1" 200 30
190.171.144.234 - - [09/Mar/2022:10:09:11 -0300] "POST /cormun/servlet/solicitudotadjuntos?428a6657e332defece416656175ff27c,INS,2022,17989,,1,,gx-no-cache=1646830608308 HTTP/1.1" 200 3869
181.212.42.153 - - [09/Mar/2022:10:09:12 -0300] "POST /cormun/servlet/solicitudot?gx-no-cache=1646830939260 HTTP/1.1" 200 30
181.212.42.153 - - [09/Mar/2022:10:09:13 -0300] "POST /cormun/servlet/solicitudot?gx-no-cache=1646830941048 HTTP/1.1" 200 1453
181.212.42.153 - - [09/Mar/2022:10:09:13 -0300] "POST /cormun/servlet/solicitudot?gx-no-cache=1646830941077 HTTP/1.1" 200 38
190.171.144.234 - - [09/Mar/2022:10:09:15 -0300] "POST /cormun/servlet/solicitudotadjuntos?gx-no-cache=1646830612216 HTTP/1.1" 200 26
190.171.144.234 - - [09/Mar/2022:10:09:30 -0300] "GET /cormun/servlet/solicitudotadjuntos?1bcbfd75eeea058638070b4deeb91478458c76dc80418cf4c78b20c5864bcbfa,gx-no-cache=1646830627490 HTTP/1.1" 200 30
190.171.144.234 - - [09/Mar/2022:10:09:30 -0300] "GET /cormun/servlet/solicitudotadjuntos?1bcbfd75eeea058638070b4deeb91478458c76dc80418cf4c78b20c5864bcbfa,gx-no-cache=1646830627509 HTTP/1.1" 200 30
190.171.144.234 - - [09/Mar/2022:10:09:30 -0300] "POST /cormun/servlet/solicitudotadjuntos?428a6657e332defece416656175ff27c,INS,2022,17989,,1, HTTP/1.1" 200 116
190.171.144.234 - - [09/Mar/2022:10:09:31 -0300] "GET /cormun/servlet/hpexe_return? HTTP/1.1" 200 1027
190.171.144.234 - - [09/Mar/2022:10:09:31 -0300] "GET /cormun/servlet/trsolicitudadjuntos?2022,17989, HTTP/1.1" 200 8879
190.171.144.234 - - [09/Mar/2022:10:09:31 -0300] "GET /cormun/servlet/trsolicitudadjuntos?2022,17989, HTTP/1.1" 200 8875
190.171.144.234 - - [09/Mar/2022:10:09:33 -0300] "GET /cormun/servlet/solicitudotadjuntos?INS,2022,17989,,1, HTTP/1.1" 200 6038
190.171.144.234 - - [09/Mar/2022:10:09:33 -0300] "GET /cormun/static/about:blank HTTP/1.1" 404 1011
190.171.144.234 - - [09/Mar/2022:10:09:33 -0300] "GET /cormun/servlet/solicitudotadjuntos?INS,2022,17989,,1, HTTP/1.1" 200 6032
190.171.144.234 - - [09/Mar/2022:10:09:34 -0300] "GET /cormun/servlet/solicitudotadjuntos?1bcbfd75eeea058638070b4deeb91478d6b94353742bfa0c198104d529aa0f92e5a565da3c3101eaf1ac32686be68a38,gx-no-cache=1646830631212 HTTP/1.1" 200 30
190.171.144.234 - - [09/Mar/2022:10:09:34 -0300] "POST /cormun/servlet/solicitudotadjuntos?428a6657e332defece416656175ff27c,INS,2022,17989,,1,,gx-no-cache=1646830631231 HTTP/1.1" 200 3869
181.212.42.153 - - [09/Mar/2022:10:09:35 -0300] "GET /cormun/servlet/solicitudot?ff1071a1183cfc6ed2f2713c790331c17f7f029e25f5108d5e37cdbcdfa4dea44623065937978232797f090df3df5df087d48fa03b1971fef272fc51d0f0ba90029adf53c6bd8030a50ab6abc097fade7309c79ec34d921958734c4e173ce88aa94d02bf55b31ed6339a240ee265fadc,gx-no-cache=1646830962714 HTTP/1.1" 200 110
190.171.144.234 - - [09/Mar/2022:10:09:38 -0300] "POST /cormun/servlet/solicitudotadjuntos?gx-no-cache=1646830634797 HTTP/1.1" 200 26
190.171.144.234 - - [09/Mar/2022:10:09:53 -0300] "GET /cormun/servlet/solicitudotadjuntos?1bcbfd75eeea058638070b4deeb91478458c76dc80418cf4c78b20c5864bcbfa,gx-no-cache=1646830650596 HTTP/1.1" 200 30
190.171.144.234 - - [09/Mar/2022:10:09:53 -0300] "GET /cormun/servlet/solicitudotadjuntos?1bcbfd75eeea058638070b4deeb91478458c76dc80418cf4c78b20c5864bcbfa,gx-no-cache=1646830650621 HTTP/1.1" 200 30
190.171.144.234 - - [09/Mar/2022:10:09:54 -0300] "POST /cormun/servlet/solicitudotadjuntos?428a6657e332defece416656175ff27c,INS,2022,17989,,1, HTTP/1.1" 200 116
190.171.144.234 - - [09/Mar/2022:10:09:54 -0300] "GET /cormun/servlet/hpexe_return? HTTP/1.1" 200 1027
190.171.144.234 - - [09/Mar/2022:10:09:54 -0300] "GET /cormun/servlet/trsolicitudadjuntos?2022,17989, HTTP/1.1" 200 9105
190.171.144.234 - - [09/Mar/2022:10:09:54 -0300] "GET /cormun/servlet/trsolicitudadjuntos?2022,17989, HTTP/1.1" 200 9103
190.171.144.234 - - [09/Mar/2022:10:09:58 -0300] "GET /cormun/servlet/solicitudotadjuntos?INS,2022,17989,,1, HTTP/1.1" 200 6038
190.171.144.234 - - [09/Mar/2022:10:09:58 -0300] "GET /cormun/static/about:blank HTTP/1.1" 404 1011
190.171.144.234 - - [09/Mar/2022:10:09:58 -0300] "GET /cormun/servlet/solicitudotadjuntos?INS,2022,17989,,1, HTTP/1.1" 200 6032
190.171.144.234 - - [09/Mar/2022:10:09:59 -0300] "GET /cormun/servlet/solicitudotadjuntos?1bcbfd75eeea058638070b4deeb91478d6b94353742bfa0c198104d529aa0f92e5a565da3c3101eaf1ac32686be68a38,gx-no-cache=1646830655924 HTTP/1.1" 200 30
190.171.144.234 - - [09/Mar/2022:10:09:59 -0300] "POST /cormun/servlet/solicitudotadjuntos?428a6657e332defece416656175ff27c,INS,2022,17989,,1,,gx-no-cache=1646830655941 HTTP/1.1" 200 3869
190.171.144.234 - - [09/Mar/2022:10:10:03 -0300] "POST /cormun/servlet/solicitudotadjuntos?gx-no-cache=1646830660619 HTTP/1.1" 200 26
190.171.142.42 - - [09/Mar/2022:10:10:17 -0300] "GET /cormun/servlet/hlogin HTTP/1.1" 200 1727
190.171.142.42 - - [09/Mar/2022:10:10:17 -0300] "GET /cormun/static/Resources/Spanish/PXTools.css?2294816 HTTP/1.1" 200 100853
190.171.142.42 - - [09/Mar/2022:10:10:17 -0300] "GET /cormun/servlet/hlogin HTTP/1.1" 200 1737
190.171.142.42 - - [09/Mar/2022:10:10:17 -0300] "GET /favicon.ico HTTP/1.1" 200 21630
190.171.144.234 - - [09/Mar/2022:10:10:25 -0300] "GET /cormun/servlet/solicitudotadjuntos?1bcbfd75eeea058638070b4deeb91478458c76dc80418cf4c78b20c5864bcbfa,gx-no-cache=1646830682289 HTTP/1.1" 200 30
190.171.144.234 - - [09/Mar/2022:10:10:25 -0300] "GET /cormun/servlet/solicitudotadjuntos?1bcbfd75eeea058638070b4deeb91478458c76dc80418cf4c78b20c5864bcbfa,gx-no-cache=1646830682309 HTTP/1.1" 200 30
190.171.144.234 - - [09/Mar/2022:10:10:25 -0300] "POST /cormun/servlet/solicitudotadjuntos?428a6657e332defece416656175ff27c,INS,2022,17989,,1, HTTP/1.1" 200 116
190.171.144.234 - - [09/Mar/2022:10:10:25 -0300] "GET /cormun/servlet/hpexe_return? HTTP/1.1" 200 1027
190.171.144.234 - - [09/Mar/2022:10:10:26 -0300] "GET /cormun/servlet/trsolicitudadjuntos?2022,17989, HTTP/1.1" 200 9271
190.171.144.234 - - [09/Mar/2022:10:10:26 -0300] "GET /cormun/servlet/trsolicitudadjuntos?2022,17989, HTTP/1.1" 200 9272
190.171.144.234 - - [09/Mar/2022:10:10:31 -0300] "GET /cormun/servlet/solicitudotadjuntos?INS,2022,17989,,1, HTTP/1.1" 200 6037
190.171.144.234 - - [09/Mar/2022:10:10:31 -0300] "GET /cormun/static/about:blank HTTP/1.1" 404 1011
190.171.144.234 - - [09/Mar/2022:10:10:31 -0300] "GET /cormun/servlet/solicitudotadjuntos?INS,2022,17989,,1, HTTP/1.1" 200 6031
190.171.144.234 - - [09/Mar/2022:10:10:31 -0300] "GET /cormun/servlet/solicitudotadjuntos?1bcbfd75eeea058638070b4deeb91478d6b94353742bfa0c198104d529aa0f92e5a565da3c3101eaf1ac32686be68a38,gx-no-cache=1646830688621 HTTP/1.1" 200 30
190.171.144.234 - - [09/Mar/2022:10:10:31 -0300] "POST /cormun/servlet/solicitudotadjuntos?428a6657e332defece416656175ff27c,INS,2022,17989,,1,,gx-no-cache=1646830688641 HTTP/1.1" 200 3868
190.171.144.234 - - [09/Mar/2022:10:10:37 -0300] "POST /cormun/servlet/solicitudotadjuntos?gx-no-cache=1646830694279 HTTP/1.1" 200 26
190.171.144.234 - - [09/Mar/2022:10:10:45 -0300] "GET /cormun/servlet/solicitudotadjuntos?1bcbfd75eeea058638070b4deeb91478458c76dc80418cf4c78b20c5864bcbfa,gx-no-cache=1646830702683 HTTP/1.1" 200 30
190.171.144.234 - - [09/Mar/2022:10:10:45 -0300] "GET /cormun/servlet/solicitudotadjuntos?1bcbfd75eeea058638070b4deeb91478458c76dc80418cf4c78b20c5864bcbfa,gx-no-cache=1646830702702 HTTP/1.1" 200 30
190.171.144.234 - - [09/Mar/2022:10:10:46 -0300] "POST /cormun/servlet/solicitudotadjuntos?428a6657e332defece416656175ff27c,INS,2022,17989,,1, HTTP/1.1" 200 116
190.171.144.234 - - [09/Mar/2022:10:10:46 -0300] "GET /cormun/servlet/hpexe_return? HTTP/1.1" 200 1027
190.171.144.234 - - [09/Mar/2022:10:10:46 -0300] "GET /cormun/servlet/trsolicitudadjuntos?2022,17989, HTTP/1.1" 200 9521
190.171.144.234 - - [09/Mar/2022:10:10:47 -0300] "GET /cormun/servlet/trsolicitudadjuntos?2022,17989, HTTP/1.1" 200 9521
190.171.144.234 - - [09/Mar/2022:10:10:50 -0300] "GET /cormun/servlet/solicitudotadjuntos?INS,2022,17989,,1, HTTP/1.1" 200 6037
190.171.144.234 - - [09/Mar/2022:10:10:51 -0300] "GET /cormun/static/about:blank HTTP/1.1" 404 1011
190.171.144.234 - - [09/Mar/2022:10:10:51 -0300] "GET /cormun/servlet/solicitudotadjuntos?INS,2022,17989,,1, HTTP/1.1" 200 6031
190.171.144.234 - - [09/Mar/2022:10:10:51 -0300] "GET /cormun/servlet/solicitudotadjuntos?1bcbfd75eeea058638070b4deeb91478d6b94353742bfa0c198104d529aa0f92e5a565da3c3101eaf1ac32686be68a38,gx-no-cache=1646830708412 HTTP/1.1" 200 30
190.171.144.234 - - [09/Mar/2022:10:10:51 -0300] "POST /cormun/servlet/solicitudotadjuntos?428a6657e332defece416656175ff27c,INS,2022,17989,,1,,gx-no-cache=1646830708431 HTTP/1.1" 200 3868
190.171.144.234 - - [09/Mar/2022:10:10:57 -0300] "POST /cormun/servlet/solicitudotadjuntos?gx-no-cache=1646830714225 HTTP/1.1" 200 26
190.171.144.234 - - [09/Mar/2022:10:11:06 -0300] "GET /cormun/servlet/solicitudotadjuntos?1bcbfd75eeea058638070b4deeb91478458c76dc80418cf4c78b20c5864bcbfa,gx-no-cache=1646830723031 HTTP/1.1" 200 30
190.171.144.234 - - [09/Mar/2022:10:11:06 -0300] "GET /cormun/servlet/solicitudotadjuntos?1bcbfd75eeea058638070b4deeb91478458c76dc80418cf4c78b20c5864bcbfa,gx-no-cache=1646830723082 HTTP/1.1" 200 30
190.171.144.234 - - [09/Mar/2022:10:11:06 -0300] "POST /cormun/servlet/solicitudotadjuntos?428a6657e332defece416656175ff27c,INS,2022,17989,,1, HTTP/1.1" 200 116
190.171.144.234 - - [09/Mar/2022:10:11:06 -0300] "GET /cormun/servlet/hpexe_return? HTTP/1.1" 200 1027
190.171.144.234 - - [09/Mar/2022:10:11:07 -0300] "GET /cormun/servlet/trsolicitudadjuntos?2022,17989, HTTP/1.1" 200 9808
190.171.144.234 - - [09/Mar/2022:10:11:08 -0300] "GET /cormun/servlet/trsolicitudadjuntos?2022,17989, HTTP/1.1" 200 9807
190.171.144.234 - - [09/Mar/2022:10:11:11 -0300] "GET /cormun/servlet/solicitudotadjuntos?INS,2022,17989,,1, HTTP/1.1" 200 6038
190.171.144.234 - - [09/Mar/2022:10:11:11 -0300] "GET /cormun/static/about:blank HTTP/1.1" 404 1011
190.171.144.234 - - [09/Mar/2022:10:11:11 -0300] "GET /cormun/servlet/solicitudotadjuntos?INS,2022,17989,,1, HTTP/1.1" 200 6032
190.171.144.234 - - [09/Mar/2022:10:11:11 -0300] "GET /cormun/servlet/solicitudotadjuntos?1bcbfd75eeea058638070b4deeb91478d6b94353742bfa0c198104d529aa0f92e5a565da3c3101eaf1ac32686be68a38,gx-no-cache=1646830728604 HTTP/1.1" 200 30
190.171.144.234 - - [09/Mar/2022:10:11:11 -0300] "POST /cormun/servlet/solicitudotadjuntos?428a6657e332defece416656175ff27c,INS,2022,17989,,1,,gx-no-cache=1646830728625 HTTP/1.1" 200 3869
190.171.144.234 - - [09/Mar/2022:10:11:15 -0300] "POST /cormun/servlet/solicitudotadjuntos?gx-no-cache=1646830732102 HTTP/1.1" 200 26
186.67.172.234 - - [09/Mar/2022:10:11:23 -0300] "GET /cormun/servlet/licenciaspermisos?INS,0,,, HTTP/1.1" 200 6776
186.67.172.234 - - [09/Mar/2022:10:11:23 -0300] "GET /cormun/static/gxcfg.js?202012153173 HTTP/1.1" 200 953
186.67.172.234 - - [09/Mar/2022:10:11:23 -0300] "GET /cormun/static/licenciaspermisos.js?2020121532136 HTTP/1.1" 200 38824
186.67.172.234 - - [09/Mar/2022:10:11:23 -0300] "GET /cormun/servlet/hlogin HTTP/1.1" 200 1750
186.67.172.234 - - [09/Mar/2022:10:11:24 -0300] "GET /cormun/servlet/licenciaspermisos?INS,0,,, HTTP/1.1" 200 6773
190.171.144.234 - - [09/Mar/2022:10:11:26 -0300] "GET /cormun/servlet/solicitudotadjuntos?1bcbfd75eeea058638070b4deeb91478458c76dc80418cf4c78b20c5864bcbfa,gx-no-cache=1646830743480 HTTP/1.1" 200 30
190.171.144.234 - - [09/Mar/2022:10:11:26 -0300] "GET /cormun/servlet/solicitudotadjuntos?1bcbfd75eeea058638070b4deeb91478458c76dc80418cf4c78b20c5864bcbfa,gx-no-cache=1646830743499 HTTP/1.1" 200 30
190.171.144.234 - - [09/Mar/2022:10:11:27 -0300] "POST /cormun/servlet/solicitudotadjuntos?428a6657e332defece416656175ff27c,INS,2022,17989,,1, HTTP/1.1" 200 116
190.171.144.234 - - [09/Mar/2022:10:11:27 -0300] "GET /cormun/servlet/hpexe_return? HTTP/1.1" 200 1027
190.171.144.234 - - [09/Mar/2022:10:11:27 -0300] "GET /cormun/servlet/trsolicitudadjuntos?2022,17989, HTTP/1.1" 200 9960
190.171.144.234 - - [09/Mar/2022:10:11:28 -0300] "GET /cormun/servlet/trsolicitudadjuntos?2022,17989, HTTP/1.1" 200 9958
186.67.172.234 - - [09/Mar/2022:10:11:34 -0300] "POST /cormun/servlet/hlogin?e62ef6f91c128ebe4098b2dc3f4bd3a3,gx-no-cache=1646830751064 HTTP/1.1" 200 90
186.67.172.234 - - [09/Mar/2022:10:11:34 -0300] "GET /cormun/servlet/hpexe_link HTTP/1.1" 200 965
186.67.172.234 - - [09/Mar/2022:10:11:35 -0300] "GET /cormun/servlet/licenciaspermisos?INS,0,,, HTTP/1.1" 200 7816
186.67.172.234 - - [09/Mar/2022:10:11:35 -0300] "GET /cormun/servlet/licenciaspermisos?INS,0,,, HTTP/1.1" 200 7823
186.67.172.234 - - [09/Mar/2022:10:11:38 -0300] "GET /cormun/servlet/trsolicitudot? HTTP/1.1" 200 7594
186.67.172.234 - - [09/Mar/2022:10:11:38 -0300] "GET /cormun/servlet/trsolicitudot? HTTP/1.1" 200 7586
190.171.144.234 - - [09/Mar/2022:10:11:39 -0300] "GET /cormun/servlet/trsolicitudot? HTTP/1.1" 200 8638
190.171.144.234 - - [09/Mar/2022:10:11:39 -0300] "GET /cormun/servlet/trsolicitudot? HTTP/1.1" 200 8631
186.67.172.234 - - [09/Mar/2022:10:11:40 -0300] "GET /cormun/servlet/solicitudot?INS,0,0,false, HTTP/1.1" 200 16077
186.67.172.234 - - [09/Mar/2022:10:11:41 -0300] "GET /cormun/servlet/solicitudot?INS,0,0,false, HTTP/1.1" 200 16085
190.171.144.234 - - [09/Mar/2022:10:11:45 -0300] "POST /cormun/servlet/trsolicitudot?428a6657e332defece416656175ff27c,,gx-no-cache=1646830762658 HTTP/1.1" 200 106
190.171.144.234 - - [09/Mar/2022:10:11:46 -0300] "GET /cormun/servlet/trsolicitudadjuntos?2022,17989, HTTP/1.1" 200 9955
190.171.144.234 - - [09/Mar/2022:10:11:47 -0300] "GET /cormun/servlet/trsolicitudadjuntos?2022,17989, HTTP/1.1" 200 9958
190.171.144.234 - - [09/Mar/2022:10:11:54 -0300] "GET /cormun/servlet/trsolicitudot? HTTP/1.1" 200 8638
190.171.144.234 - - [09/Mar/2022:10:11:55 -0300] "GET /cormun/servlet/trsolicitudot? HTTP/1.1" 200 8631
186.67.172.234 - - [09/Mar/2022:10:11:57 -0300] "POST /cormun/servlet/solicitudot?gx-no-cache=1646830773186 HTTP/1.1" 200 3858
186.67.172.234 - - [09/Mar/2022:10:11:57 -0300] "POST /cormun/servlet/solicitudot?e62ef6f91c128ebe4098b2dc3f4bd3a3,INS,0,0,false,,gx-no-cache=1646830773296 HTTP/1.1" 200 12666
190.171.144.234 - - [09/Mar/2022:10:11:57 -0300] "POST /cormun/servlet/trsolicitudot?428a6657e332defece416656175ff27c,,gx-no-cache=1646830774071 HTTP/1.1" 200 4604
190.171.144.234 - - [09/Mar/2022:10:11:57 -0300] "GET /cormun/static/Shared/jqueryui/images/ui-bg_highlight-soft_100_c6c2c8_1x100.png HTTP/1.1" 404 1117
190.171.144.234 - - [09/Mar/2022:10:11:57 -0300] "GET /cormun/static/Shared/jqueryui/images/ui-bg_flat_55_fafafa_40x100.png HTTP/1.1" 404 1097
190.171.144.234 - - [09/Mar/2022:10:11:57 -0300] "GET /cormun/static/Shared/jqueryui/images/ui-icons_8d78a5_256x240.png HTTP/1.1" 404 1089
190.171.144.234 - - [09/Mar/2022:10:11:57 -0300] "GET /cormun/static/Shared/jqueryui/images/ui-icons_82798d_256x240.png HTTP/1.1" 404 1089
190.171.144.234 - - [09/Mar/2022:10:11:57 -0300] "POST /cormun/servlet/trsolicitudot?428a6657e332defece416656175ff27c,,gx-no-cache=1646830774232 HTTP/1.1" 200 4348
186.67.172.234 - - [09/Mar/2022:10:11:59 -0300] "GET /cormun/servlet/solicitudot?a804a17716fbbefc323be8d4ff08fa118405c9233dd46484dfe4a40efebec7a97459516078646990ddfde3e192499ba7,gx-no-cache=1646830775636 HTTP/1.1" 200 30
200.83.224.3 - - [09/Mar/2022:10:12:30 -0300] "POST /cormun/servlet/solicitudot?b68f1bbc684e496cac7bfc8348cb8b2b,INS,0,0,false,,gx-no-cache=1646830807292 HTTP/1.1" 200 93
200.83.224.3 - - [09/Mar/2022:10:12:30 -0300] "GET /cormun/servlet/hpexe_return? HTTP/1.1" 200 1012
200.83.224.3 - - [09/Mar/2022:10:12:31 -0300] "GET /cormun/servlet/trsolicitudot HTTP/1.1" 200 8913
200.83.224.3 - - [09/Mar/2022:10:12:32 -0300] "GET /cormun//static/Resources/PXToolsActionView.png HTTP/1.1" 200 398
200.83.224.3 - - [09/Mar/2022:10:12:32 -0300] "GET /cormun//static/Resources/PXToolsRemoveAllAction.png HTTP/1.1" 200 487
200.83.224.3 - - [09/Mar/2022:10:12:32 -0300] "GET /cormun//static/Resources/PXToolsGridUpdate.png HTTP/1.1" 200 470
200.83.224.3 - - [09/Mar/2022:10:12:32 -0300] "GET /cormun//static/Resources/PXToolsGridDelete.png HTTP/1.1" 200 538
200.83.224.3 - - [09/Mar/2022:10:12:32 -0300] "GET /cormun/servlet/trsolicitudot HTTP/1.1" 200 8909
200.83.224.3 - - [09/Mar/2022:10:12:40 -0300] "POST /cormun/servlet/trsolicitudot?b68f1bbc684e496cac7bfc8348cb8b2b,gx-no-cache=1646830817600 HTTP/1.1" 200 107
200.83.224.3 - - [09/Mar/2022:10:12:40 -0300] "GET /cormun/servlet/trsolicitudadjuntos?2022,18046, HTTP/1.1" 200 6415
200.83.224.3 - - [09/Mar/2022:10:12:40 -0300] "GET /cormun/static/gxcfg.js?20201215574222 HTTP/1.1" 200 953
200.83.224.3 - - [09/Mar/2022:10:12:41 -0300] "GET /cormun/static/Resources/PXToolsGridNew.png HTTP/1.1" 200 427
200.83.224.3 - - [09/Mar/2022:10:12:41 -0300] "GET /cormun/static/trsolicitudadjuntos.js?20201215574932 HTTP/1.1" 200 17922
200.83.224.3 - - [09/Mar/2022:10:12:41 -0300] "GET /cormun/servlet/trsolicitudadjuntos?2022,18046, HTTP/1.1" 200 6414
200.83.224.3 - - [09/Mar/2022:10:12:46 -0300] "GET /cormun/servlet/trsolicitudot HTTP/1.1" 200 8913
200.83.224.3 - - [09/Mar/2022:10:12:49 -0300] "GET /cormun/servlet/trsolicitudot HTTP/1.1" 200 8909
186.67.172.234 - - [09/Mar/2022:10:12:57 -0300] "GET /cormun/servlet/prbanco?,MD,,gxPopupLevel%3D0%3B HTTP/1.1" 200 6668
186.67.172.234 - - [09/Mar/2022:10:13:01 -0300] "GET /cormun/servlet/solicitudot?a804a17716fbbefc323be8d4ff08fa115b5759909d4a04643e50dad8295735658d5828c59b4ed57b9e439a8069f61b2b72ed8476d78d894e6064de65a2fec22d,gx-no-cache=1646830837808 HTTP/1.1" 200 30
186.67.172.234 - - [09/Mar/2022:10:13:02 -0300] "GET /cormun/servlet/solicitudot?a804a17716fbbefc323be8d4ff08fa11164f95a2785de84908cc33dc580d7a92,gx-no-cache=1646830838836 HTTP/1.1" 200 70
186.67.172.234 - - [09/Mar/2022:10:13:13 -0300] "POST /cormun/servlet/solicitudot?gx-no-cache=1646830849896 HTTP/1.1" 200 255
186.67.172.234 - - [09/Mar/2022:10:13:17 -0300] "GET /cormun/servlet/solicitudot?a804a17716fbbefc323be8d4ff08fa11f02bbda4edc6904f960c409de0ca9ef448c5f87ee886dc53e694819138f4cf19f5444a41221e96567def4f21ab2a21c42bd73874132f43dbef2f1eab9bb7048c66cf9942b95913eb75bfd41539bf41ca6a03adb3d03563a18ecbc29fd80432af826a73a0bf93f7fd5e3d41fcb18096f1c2aa8137d6adc5b5fc02edb72b01c4513922a962ca22eea4b707ea90f0cea072433e27db2832d9f44fc40fc8dabd9be16941a7fe5438f5d63fbfc870869a45f1d9a50581ca10bb42468d37cb34f2f35d6ec41af049393168aa862678931d4e9a3e1af51359912c2f111ac41ab0238e51b3dc39ed20d69b7e02fcfa5aa80ca61e694b30ebb77ce02347b62aeb2cb2d0c6927217c02781a1ffcf4d4376ad06e2972d59c8cb41aa2cd2889a3bc67c7e95f263120a379c2ea3812b91a9e9e4ec5d32455d6e37a3f153e6c4a65c130a7accf40273b4f7af77f72f9f5f5eca5632747c76250b15c0014da2309788cb6c1b2c82c2c142708974856cbe5cb766e52803b9,gx-no-cache=1646830853466 HTTP/1.1" 200 30
186.67.172.234 - - [09/Mar/2022:10:13:19 -0300] "POST /cormun/servlet/solicitudot?gx-no-cache=1646830855496 HTTP/1.1" 200 30
186.67.172.234 - - [09/Mar/2022:10:13:37 -0300] "POST /cormun/servlet/solicitudot?gx-no-cache=1646830873270 HTTP/1.1" 200 1454
186.67.172.234 - - [09/Mar/2022:10:13:37 -0300] "POST /cormun/servlet/solicitudot?gx-no-cache=1646830873298 HTTP/1.1" 200 38
200.83.224.3 - - [09/Mar/2022:10:13:38 -0300] "POST /cormun/servlet/trsolicitudot?b68f1bbc684e496cac7bfc8348cb8b2b,gx-no-cache=1646830875231 HTTP/1.1" 200 107
200.83.224.3 - - [09/Mar/2022:10:13:38 -0300] "GET /cormun/servlet/trsolicitudadjuntos?2022,18046, HTTP/1.1" 200 6415
200.83.224.3 - - [09/Mar/2022:10:13:39 -0300] "GET /cormun/servlet/trsolicitudadjuntos?2022,18046, HTTP/1.1" 200 6414
190.171.142.10 - - [09/Mar/2022:10:13:45 -0300] "GET /cormun/servlet/hlogin HTTP/1.1" 200 1727
200.83.224.3 - - [09/Mar/2022:10:13:46 -0300] "GET /cormun/servlet/solicitudotadjuntos?INS,2022,18046,,1, HTTP/1.1" 200 6359
200.83.224.3 - - [09/Mar/2022:10:13:46 -0300] "GET /cormun/static/gxcfg.js?202012157947 HTTP/1.1" 200 953
200.83.224.3 - - [09/Mar/2022:10:13:47 -0300] "GET /cormun/static/solicitudotadjuntos.js?202012157966 HTTP/1.1" 200 11771
200.83.224.3 - - [09/Mar/2022:10:13:47 -0300] "GET /cormun/static/about:blank HTTP/1.1" 404 1011
200.83.224.3 - - [09/Mar/2022:10:13:47 -0300] "GET /cormun/servlet/solicitudotadjuntos?INS,2022,18046,,1, HTTP/1.1" 200 6352
200.83.224.3 - - [09/Mar/2022:10:13:48 -0300] "GET /cormun/servlet/solicitudotadjuntos?92a2da8594f33812d335b913a39897a6ca75c000a6460df78f9c863ad8d879d23eab199185c218d506bc1820c2f1e467,gx-no-cache=1646830885204 HTTP/1.1" 200 30
200.83.224.3 - - [09/Mar/2022:10:13:48 -0300] "POST /cormun/servlet/solicitudotadjuntos?b68f1bbc684e496cac7bfc8348cb8b2b,INS,2022,18046,,1,,gx-no-cache=1646830885244 HTTP/1.1" 200 4184
200.83.224.3 - - [09/Mar/2022:10:13:52 -0300] "POST /cormun/servlet/solicitudotadjuntos?gx-no-cache=1646830889576 HTTP/1.1" 200 26
190.171.142.10 - - [09/Mar/2022:10:13:54 -0300] "POST /cormun/servlet/hlogin?720fa99a8d8fd301df7b3463cee16885,gx-no-cache=1646830889977 HTTP/1.1" 200 90
190.171.142.10 - - [09/Mar/2022:10:13:54 -0300] "GET /cormun/servlet/hpexe_link HTTP/1.1" 200 956
190.171.142.10 - - [09/Mar/2022:10:13:54 -0300] "GET /cormun/servlet/hhome HTTP/1.1" 200 4079
190.171.142.10 - - [09/Mar/2022:10:13:55 -0300] "GET /cormun/servlet/hhome HTTP/1.1" 200 4076
200.83.224.3 - - [09/Mar/2022:10:14:10 -0300] "GET /cormun/servlet/solicitudotadjuntos?92a2da8594f33812d335b913a39897a60582c31d76229206dd13eacfc8e1cf81,gx-no-cache=1646830907765 HTTP/1.1" 200 30
200.83.224.3 - - [09/Mar/2022:10:14:10 -0300] "GET /cormun/servlet/solicitudotadjuntos?92a2da8594f33812d335b913a39897a60582c31d76229206dd13eacfc8e1cf81,gx-no-cache=1646830907797 HTTP/1.1" 200 30
186.67.172.234 - - [09/Mar/2022:10:14:11 -0300] "GET /cormun/servlet/solicitudot?a804a17716fbbefc323be8d4ff08fa1111bc948f6841bd9dc49bf93d035eb14d57c426fe9c4595f31c8f479a3d25a8652d280cfa1e565da74fc4923f09810c21758cbbc457d6af0347a44009f529ec4563cb906bd8a99258916e3aba55a8185199ca87b121c9b0724fc37a454296b5b4,gx-no-cache=1646830907280 HTTP/1.1" 200 110
186.67.172.234 - - [09/Mar/2022:10:14:11 -0300] "POST /cormun/servlet/solicitudot?gx-no-cache=1646830907305 HTTP/1.1" 200 97
200.83.224.3 - - [09/Mar/2022:10:14:11 -0300] "POST /cormun/servlet/solicitudotadjuntos?b68f1bbc684e496cac7bfc8348cb8b2b,INS,2022,18046,,1, HTTP/1.1" 200 116
200.83.224.3 - - [09/Mar/2022:10:14:11 -0300] "GET /cormun/servlet/hpexe_return? HTTP/1.1" 200 1030
200.83.224.3 - - [09/Mar/2022:10:14:12 -0300] "GET /cormun/servlet/trsolicitudadjuntos?2022,18046, HTTP/1.1" 200 9217
200.83.224.3 - - [09/Mar/2022:10:14:12 -0300] "GET /cormun/servlet/trsolicitudadjuntos?2022,18046, HTTP/1.1" 200 9216
186.67.172.234 - - [09/Mar/2022:10:14:17 -0300] "GET /cormun/servlet/solicitudot?a804a17716fbbefc323be8d4ff08fa118354f91cddeb23c6d2ccd1e4afc39f1d9fe42d7003a3d7dc772dc601c9e19570f61b4a598dfe7c3de424eb9cc1d6a887a4bcfd2c5ebe92819f2d9fd492aed2916be8c30ab9e5e91d4e91361ef1adc33f57f7783ccace9a04e98c07f4a25950b7,gx-no-cache=1646830913817 HTTP/1.1" 200 29
186.67.172.234 - - [09/Mar/2022:10:14:17 -0300] "GET /cormun/static/menuarrow.gif HTTP/1.1" 404 1015
186.67.172.234 - - [09/Mar/2022:10:14:19 -0300] "GET /cormun/servlet/solicitudot?a804a17716fbbefc323be8d4ff08fa11319b0b403701f90b2595a3446ffe831c9baf71c3a65a77203af473045ca3ad7c,gx-no-cache=1646830915999 HTTP/1.1" 200 30
200.83.224.3 - - [09/Mar/2022:10:14:23 -0300] "GET /cormun/servlet/solicitudotadjuntos?INS,2022,18046,,1, HTTP/1.1" 200 6360
200.83.224.3 - - [09/Mar/2022:10:14:24 -0300] "GET /cormun/static/about:blank HTTP/1.1" 404 1011
200.83.224.3 - - [09/Mar/2022:10:14:24 -0300] "GET /cormun/servlet/solicitudotadjuntos?INS,2022,18046,,1, HTTP/1.1" 200 6353
200.83.224.3 - - [09/Mar/2022:10:14:24 -0300] "GET /cormun/servlet/solicitudotadjuntos?92a2da8594f33812d335b913a39897a6ca75c000a6460df78f9c863ad8d879d23eab199185c218d506bc1820c2f1e467,gx-no-cache=1646830922027 HTTP/1.1" 200 30
200.83.224.3 - - [09/Mar/2022:10:14:25 -0300] "POST /cormun/servlet/solicitudotadjuntos?b68f1bbc684e496cac7bfc8348cb8b2b,INS,2022,18046,,1,,gx-no-cache=1646830922064 HTTP/1.1" 200 4186
200.83.224.3 - - [09/Mar/2022:10:14:29 -0300] "POST /cormun/servlet/solicitudotadjuntos?gx-no-cache=1646830926841 HTTP/1.1" 200 26
186.67.172.234 - - [09/Mar/2022:10:14:35 -0300] "POST /cormun/servlet/solicitudot?gx-no-cache=1646830931929 HTTP/1.1" 200 30
186.67.172.234 - - [09/Mar/2022:10:14:36 -0300] "POST /cormun/servlet/solicitudot?e62ef6f91c128ebe4098b2dc3f4bd3a3,INS,0,0,false,,gx-no-cache=1646830931954 HTTP/1.1" 200 93
186.67.172.234 - - [09/Mar/2022:10:14:36 -0300] "GET /cormun/servlet/hpexe_return? HTTP/1.1" 200 1005
186.67.172.234 - - [09/Mar/2022:10:14:36 -0300] "GET /cormun/servlet/trsolicitudot HTTP/1.1" 200 9010
186.67.172.234 - - [09/Mar/2022:10:14:36 -0300] "GET /cormun/servlet/trsolicitudot HTTP/1.1" 200 9006
186.67.172.234 - - [09/Mar/2022:10:14:48 -0300] "POST /cormun/servlet/trsolicitudot?e62ef6f91c128ebe4098b2dc3f4bd3a3,gx-no-cache=1646830944423 HTTP/1.1" 200 107
186.67.172.234 - - [09/Mar/2022:10:14:48 -0300] "GET /cormun/servlet/trsolicitudadjuntos?2022,18047, HTTP/1.1" 200 6472
186.67.172.234 - - [09/Mar/2022:10:14:48 -0300] "GET /cormun/servlet/trsolicitudadjuntos?2022,18047, HTTP/1.1" 200 6472
186.67.172.234 - - [09/Mar/2022:10:14:50 -0300] "GET /cormun/servlet/solicitudotadjuntos?INS,2022,18047,,1, HTTP/1.1" 200 6412
186.67.172.234 - - [09/Mar/2022:10:14:50 -0300] "GET /cormun/static/about:blank HTTP/1.1" 404 1011
186.67.172.234 - - [09/Mar/2022:10:14:50 -0300] "GET /cormun/servlet/solicitudotadjuntos?INS,2022,18047,,1, HTTP/1.1" 200 6405
186.67.172.234 - - [09/Mar/2022:10:14:50 -0300] "GET /cormun/servlet/solicitudotadjuntos?a804a17716fbbefc323be8d4ff08fa1188e233c2e4943f52494f715fcd58ef25b6719cc3c1a90ba0d4d5714f62f1b644,gx-no-cache=1646830946999 HTTP/1.1" 200 30
186.67.172.234 - - [09/Mar/2022:10:14:50 -0300] "POST /cormun/servlet/solicitudotadjuntos?e62ef6f91c128ebe4098b2dc3f4bd3a3,INS,2022,18047,,1,,gx-no-cache=1646830947058 HTTP/1.1" 200 4181
190.171.152.242 - - [09/Mar/2022:10:14:51 -0300] "GET /cormun/servlet/hlogin HTTP/1.1" 200 1721
190.171.152.242 - - [09/Mar/2022:10:14:51 -0300] "GET /cormun/servlet/hlogin HTTP/1.1" 200 1732
186.67.172.234 - - [09/Mar/2022:10:14:54 -0300] "POST /cormun/servlet/solicitudotadjuntos?gx-no-cache=1646830950273 HTTP/1.1" 200 26
190.171.152.242 - - [09/Mar/2022:10:14:55 -0300] "POST /cormun/servlet/hlogin?58a1866fbf839df1104ef3d7af68fe12,gx-no-cache=1646830952559 HTTP/1.1" 200 90
190.171.152.242 - - [09/Mar/2022:10:14:55 -0300] "GET /cormun/servlet/hpexe_link HTTP/1.1" 200 950
190.171.152.242 - - [09/Mar/2022:10:14:56 -0300] "GET /cormun/servlet/hhome HTTP/1.1" 200 3993
190.171.152.242 - - [09/Mar/2022:10:14:56 -0300] "GET /cormun/servlet/hhome HTTP/1.1" 200 3989
190.171.152.242 - - [09/Mar/2022:10:14:59 -0300] "GET /cormun/servlet/trsolicitudot? HTTP/1.1" 200 7216
190.171.152.242 - - [09/Mar/2022:10:14:59 -0300] "GET /cormun/servlet/trsolicitudot? HTTP/1.1" 200 7217
190.171.152.242 - - [09/Mar/2022:10:15:03 -0300] "GET /cormun/servlet/solicitudot?INS,0,0,false, HTTP/1.1" 200 15715
190.171.152.242 - - [09/Mar/2022:10:15:04 -0300] "GET /cormun/servlet/solicitudot?INS,0,0,false, HTTP/1.1" 200 15721
186.67.172.234 - - [09/Mar/2022:10:15:05 -0300] "GET /cormun/servlet/solicitudotadjuntos?a804a17716fbbefc323be8d4ff08fa11ff8040f7665fba6922cb4c2899fca84c,gx-no-cache=1646830962001 HTTP/1.1" 200 30
186.67.172.234 - - [09/Mar/2022:10:15:05 -0300] "GET /cormun/servlet/solicitudotadjuntos?a804a17716fbbefc323be8d4ff08fa11ff8040f7665fba6922cb4c2899fca84c,gx-no-cache=1646830962016 HTTP/1.1" 200 30
186.67.172.234 - - [09/Mar/2022:10:15:06 -0300] "POST /cormun/servlet/solicitudotadjuntos?e62ef6f91c128ebe4098b2dc3f4bd3a3,INS,2022,18047,,1, HTTP/1.1" 200 116
186.67.172.234 - - [09/Mar/2022:10:15:06 -0300] "GET /cormun/servlet/hpexe_return? HTTP/1.1" 200 1021
186.67.172.234 - - [09/Mar/2022:10:15:06 -0300] "GET /cormun/servlet/trsolicitudadjuntos?2022,18047, HTTP/1.1" 200 9266
186.67.172.234 - - [09/Mar/2022:10:15:06 -0300] "GET /cormun/servlet/trsolicitudadjuntos?2022,18047, HTTP/1.1" 200 9266
186.67.172.234 - - [09/Mar/2022:10:15:08 -0300] "GET /cormun/servlet/solicitudotadjuntos?INS,2022,18047,,1, HTTP/1.1" 200 6414
186.67.172.234 - - [09/Mar/2022:10:15:08 -0300] "GET /cormun/static/about:blank HTTP/1.1" 404 1011
186.67.172.234 - - [09/Mar/2022:10:15:08 -0300] "GET /cormun/servlet/solicitudotadjuntos?INS,2022,18047,,1, HTTP/1.1" 200 6407
186.67.172.234 - - [09/Mar/2022:10:15:09 -0300] "GET /cormun/servlet/solicitudotadjuntos?a804a17716fbbefc323be8d4ff08fa1188e233c2e4943f52494f715fcd58ef25b6719cc3c1a90ba0d4d5714f62f1b644,gx-no-cache=1646830965508 HTTP/1.1" 200 30
186.67.172.234 - - [09/Mar/2022:10:15:09 -0300] "POST /cormun/servlet/solicitudotadjuntos?e62ef6f91c128ebe4098b2dc3f4bd3a3,INS,2022,18047,,1,,gx-no-cache=1646830965526 HTTP/1.1" 200 4177
186.67.172.234 - - [09/Mar/2022:10:15:12 -0300] "POST /cormun/servlet/solicitudotadjuntos?gx-no-cache=1646830968648 HTTP/1.1" 200 26
190.171.152.242 - - [09/Mar/2022:10:15:14 -0300] "POST /cormun/servlet/solicitudot?gx-no-cache=1646830971587 HTTP/1.1" 200 3858
190.171.152.242 - - [09/Mar/2022:10:15:14 -0300] "POST /cormun/servlet/solicitudot?58a1866fbf839df1104ef3d7af68fe12,INS,0,0,false,,gx-no-cache=1646830971741 HTTP/1.1" 200 12399
190.171.152.242 - - [09/Mar/2022:10:15:16 -0300] "GET /cormun/servlet/solicitudot?aabeb606cbcfead39082105dacbe08dc33ca6cb83cb115519ddda3a2410edd0b8f37ac48a8b865d095daa80e3c566bd2,gx-no-cache=1646830973788 HTTP/1.1" 200 111
190.171.152.242 - - [09/Mar/2022:10:15:16 -0300] "GET /cormun/static/Shared/jqueryui/images/ui-bg_highlight-soft_100_c6c2c8_1x100.png HTTP/1.1" 404 1117
190.171.152.242 - - [09/Mar/2022:10:15:16 -0300] "GET /cormun/static/Shared/jqueryui/images/ui-icons_82798d_256x240.png HTTP/1.1" 404 1089
190.171.152.242 - - [09/Mar/2022:10:15:16 -0300] "GET /cormun/static/Shared/jqueryui/images/ui-bg_flat_55_994d53_40x100.png HTTP/1.1" 404 1097
