190.171.144.234 - - [09/Mar/2022:09:49:10 -0300] "GET /cormun/servlet/solicitudotadjuntos?INS,2022,18039,,1, HTTP/1.1" 200 6032
190.171.144.234 - - [09/Mar/2022:09:49:10 -0300] "GET /cormun/servlet/solicitudotadjuntos?1bcbfd75eeea058638070b4deeb914780a51a0ab60c606ee59466bc48b749636e5a565da3c3101eaf1ac32686be68a38,gx-no-cache=1646829407408 HTTP/1.1" 200 30
190.171.144.234 - - [09/Mar/2022:09:49:10 -0300] "POST /cormun/servlet/solicitudotadjuntos?428a6657e332defece416656175ff27c,INS,2022,18039,,1,,gx-no-cache=1646829407427 HTTP/1.1" 200 3870
190.171.144.234 - - [09/Mar/2022:09:49:25 -0300] "POST /cormun/servlet/solicitudotadjuntos?gx-no-cache=1646829422606 HTTP/1.1" 200 26
200.83.224.3 - - [09/Mar/2022:09:49:28 -0300] "GET /cormun/servlet/trsolicitudot? HTTP/1.1" 200 7528
200.83.224.3 - - [09/Mar/2022:09:49:29 -0300] "GET /cormun/servlet/trsolicitudot? HTTP/1.1" 200 7528
200.83.224.3 - - [09/Mar/2022:09:49:32 -0300] "GET /cormun/servlet/solicitudot?INS,0,0,false, HTTP/1.1" 200 16032
200.83.224.3 - - [09/Mar/2022:09:49:33 -0300] "GET /cormun/servlet/solicitudot?INS,0,0,false, HTTP/1.1" 200 16039
190.171.144.234 - - [09/Mar/2022:09:49:38 -0300] "GET /cormun/servlet/solicitudotadjuntos?1bcbfd75eeea058638070b4deeb91478458c76dc80418cf4c78b20c5864bcbfa,gx-no-cache=1646829435690 HTTP/1.1" 200 30
190.171.144.234 - - [09/Mar/2022:09:49:38 -0300] "GET /cormun/servlet/solicitudotadjuntos?1bcbfd75eeea058638070b4deeb91478458c76dc80418cf4c78b20c5864bcbfa,gx-no-cache=1646829435704 HTTP/1.1" 200 30
190.171.144.234 - - [09/Mar/2022:09:49:39 -0300] "POST /cormun/servlet/solicitudotadjuntos?428a6657e332defece416656175ff27c,INS,2022,18039,,1, HTTP/1.1" 200 116
190.171.144.234 - - [09/Mar/2022:09:49:39 -0300] "GET /cormun/servlet/hpexe_return? HTTP/1.1" 200 1028
190.171.144.234 - - [09/Mar/2022:09:49:39 -0300] "GET /cormun/servlet/trsolicitudadjuntos?2022,18039, HTTP/1.1" 200 9260
190.171.144.234 - - [09/Mar/2022:09:49:40 -0300] "GET /cormun/servlet/trsolicitudadjuntos?2022,18039, HTTP/1.1" 200 9259
190.171.144.234 - - [09/Mar/2022:09:49:44 -0300] "GET /cormun/servlet/solicitudotadjuntos?INS,2022,18039,,1, HTTP/1.1" 200 6039
190.171.144.234 - - [09/Mar/2022:09:49:44 -0300] "GET /cormun/static/about:blank HTTP/1.1" 404 1011
190.171.144.234 - - [09/Mar/2022:09:49:44 -0300] "GET /cormun/servlet/solicitudotadjuntos?INS,2022,18039,,1, HTTP/1.1" 200 6032
190.171.144.234 - - [09/Mar/2022:09:49:44 -0300] "GET /cormun/servlet/solicitudotadjuntos?1bcbfd75eeea058638070b4deeb914780a51a0ab60c606ee59466bc48b749636e5a565da3c3101eaf1ac32686be68a38,gx-no-cache=1646829441702 HTTP/1.1" 200 30
190.171.144.234 - - [09/Mar/2022:09:49:45 -0300] "POST /cormun/servlet/solicitudotadjuntos?428a6657e332defece416656175ff27c,INS,2022,18039,,1,,gx-no-cache=1646829441724 HTTP/1.1" 200 3870
190.171.144.234 - - [09/Mar/2022:09:49:50 -0300] "POST /cormun/servlet/solicitudotadjuntos?gx-no-cache=1646829447097 HTTP/1.1" 200 26
190.171.144.234 - - [09/Mar/2022:09:50:00 -0300] "GET /cormun/servlet/solicitudotadjuntos?1bcbfd75eeea058638070b4deeb91478458c76dc80418cf4c78b20c5864bcbfa,gx-no-cache=1646829456895 HTTP/1.1" 200 30
190.171.144.234 - - [09/Mar/2022:09:50:00 -0300] "GET /cormun/servlet/solicitudotadjuntos?1bcbfd75eeea058638070b4deeb91478458c76dc80418cf4c78b20c5864bcbfa,gx-no-cache=1646829456952 HTTP/1.1" 200 30
190.171.144.234 - - [09/Mar/2022:09:50:00 -0300] "POST /cormun/servlet/solicitudotadjuntos?428a6657e332defece416656175ff27c,INS,2022,18039,,1, HTTP/1.1" 200 116
190.171.144.234 - - [09/Mar/2022:09:50:00 -0300] "GET /cormun/servlet/hpexe_return? HTTP/1.1" 200 1028
190.171.144.234 - - [09/Mar/2022:09:50:01 -0300] "GET /cormun/servlet/trsolicitudadjuntos?2022,18039, HTTP/1.1" 200 9509
190.171.144.234 - - [09/Mar/2022:09:50:01 -0300] "GET /cormun/servlet/trsolicitudadjuntos?2022,18039, HTTP/1.1" 200 9507
190.171.144.234 - - [09/Mar/2022:09:50:04 -0300] "GET /cormun/servlet/solicitudotadjuntos?INS,2022,18039,,1, HTTP/1.1" 200 6037
190.171.144.234 - - [09/Mar/2022:09:50:04 -0300] "GET /cormun/static/about:blank HTTP/1.1" 404 1011
190.171.144.234 - - [09/Mar/2022:09:50:04 -0300] "GET /cormun/servlet/solicitudotadjuntos?INS,2022,18039,,1, HTTP/1.1" 200 6031
190.171.144.234 - - [09/Mar/2022:09:50:05 -0300] "GET /cormun/servlet/solicitudotadjuntos?1bcbfd75eeea058638070b4deeb914780a51a0ab60c606ee59466bc48b749636e5a565da3c3101eaf1ac32686be68a38,gx-no-cache=1646829461891 HTTP/1.1" 200 30
190.171.144.234 - - [09/Mar/2022:09:50:05 -0300] "POST /cormun/servlet/solicitudotadjuntos?428a6657e332defece416656175ff27c,INS,2022,18039,,1,,gx-no-cache=1646829461910 HTTP/1.1" 200 3869
190.171.144.234 - - [09/Mar/2022:09:50:10 -0300] "POST /cormun/servlet/solicitudotadjuntos?gx-no-cache=1646829467645 HTTP/1.1" 200 26
190.171.144.234 - - [09/Mar/2022:09:50:21 -0300] "GET /cormun/servlet/solicitudotadjuntos?1bcbfd75eeea058638070b4deeb91478458c76dc80418cf4c78b20c5864bcbfa,gx-no-cache=1646829478589 HTTP/1.1" 200 30
190.171.144.234 - - [09/Mar/2022:09:50:21 -0300] "GET /cormun/servlet/solicitudotadjuntos?1bcbfd75eeea058638070b4deeb91478458c76dc80418cf4c78b20c5864bcbfa,gx-no-cache=1646829478663 HTTP/1.1" 200 30
190.171.144.234 - - [09/Mar/2022:09:50:22 -0300] "POST /cormun/servlet/solicitudotadjuntos?428a6657e332defece416656175ff27c,INS,2022,18039,,1, HTTP/1.1" 200 116
190.171.144.234 - - [09/Mar/2022:09:50:22 -0300] "GET /cormun/servlet/hpexe_return? HTTP/1.1" 200 1028
190.171.144.234 - - [09/Mar/2022:09:50:23 -0300] "GET /cormun/servlet/trsolicitudadjuntos?2022,18039, HTTP/1.1" 200 9791
190.171.144.234 - - [09/Mar/2022:09:50:23 -0300] "GET /cormun/servlet/trsolicitudadjuntos?2022,18039, HTTP/1.1" 200 9791
190.171.144.234 - - [09/Mar/2022:09:50:25 -0300] "GET /cormun/servlet/solicitudotadjuntos?INS,2022,18039,,1, HTTP/1.1" 200 6037
190.171.144.234 - - [09/Mar/2022:09:50:26 -0300] "GET /cormun/static/about:blank HTTP/1.1" 404 1011
190.171.144.234 - - [09/Mar/2022:09:50:26 -0300] "GET /cormun/servlet/solicitudotadjuntos?INS,2022,18039,,1, HTTP/1.1" 200 6031
190.171.144.234 - - [09/Mar/2022:09:50:26 -0300] "GET /cormun/servlet/solicitudotadjuntos?1bcbfd75eeea058638070b4deeb914780a51a0ab60c606ee59466bc48b749636e5a565da3c3101eaf1ac32686be68a38,gx-no-cache=1646829483449 HTTP/1.1" 200 30
190.171.144.234 - - [09/Mar/2022:09:50:26 -0300] "POST /cormun/servlet/solicitudotadjuntos?428a6657e332defece416656175ff27c,INS,2022,18039,,1,,gx-no-cache=1646829483474 HTTP/1.1" 200 3869
190.171.144.234 - - [09/Mar/2022:09:50:30 -0300] "POST /cormun/servlet/solicitudotadjuntos?gx-no-cache=1646829487381 HTTP/1.1" 200 26
200.83.224.3 - - [09/Mar/2022:09:50:31 -0300] "POST /cormun/servlet/solicitudot?gx-no-cache=1646829488825 HTTP/1.1" 200 3858
200.83.224.3 - - [09/Mar/2022:09:50:32 -0300] "POST /cormun/servlet/solicitudot?b68f1bbc684e496cac7bfc8348cb8b2b,INS,0,0,false,,gx-no-cache=1646829489069 HTTP/1.1" 200 12676
200.83.224.3 - - [09/Mar/2022:09:50:35 -0300] "GET /cormun/servlet/solicitudot?92a2da8594f33812d335b913a39897a6a45f130cb107ae03905728921a0cfd3be810cc273313c1ac4a8e775c1c59a653,gx-no-cache=1646829492426 HTTP/1.1" 200 30
190.171.144.234 - - [09/Mar/2022:09:50:42 -0300] "GET /cormun/servlet/solicitudotadjuntos?1bcbfd75eeea058638070b4deeb91478458c76dc80418cf4c78b20c5864bcbfa,gx-no-cache=1646829499037 HTTP/1.1" 200 30
190.171.144.234 - - [09/Mar/2022:09:50:42 -0300] "GET /cormun/servlet/solicitudotadjuntos?1bcbfd75eeea058638070b4deeb91478458c76dc80418cf4c78b20c5864bcbfa,gx-no-cache=1646829499125 HTTP/1.1" 200 30
190.171.144.234 - - [09/Mar/2022:09:50:43 -0300] "POST /cormun/servlet/solicitudotadjuntos?428a6657e332defece416656175ff27c,INS,2022,18039,,1, HTTP/1.1" 200 116
190.171.144.234 - - [09/Mar/2022:09:50:43 -0300] "GET /cormun/servlet/hpexe_return? HTTP/1.1" 200 1028
190.171.144.234 - - [09/Mar/2022:09:50:43 -0300] "GET /cormun/servlet/trsolicitudadjuntos?2022,18039, HTTP/1.1" 200 9960
190.171.144.234 - - [09/Mar/2022:09:50:44 -0300] "GET /cormun/servlet/trsolicitudadjuntos?2022,18039, HTTP/1.1" 200 9959
190.171.144.234 - - [09/Mar/2022:09:50:56 -0300] "GET /cormun/servlet/trsolicitudot? HTTP/1.1" 200 10665
190.171.144.234 - - [09/Mar/2022:09:50:56 -0300] "GET /cormun/servlet/trsolicitudot? HTTP/1.1" 200 10658
190.171.144.234 - - [09/Mar/2022:09:51:01 -0300] "POST /cormun/servlet/trsolicitudot?428a6657e332defece416656175ff27c,,gx-no-cache=1646829517966 HTTP/1.1" 200 7520
190.171.144.234 - - [09/Mar/2022:09:51:01 -0300] "GET /cormun/static/Shared/jqueryui/images/ui-bg_highlight-soft_100_c6c2c8_1x100.png HTTP/1.1" 404 1117
190.171.144.234 - - [09/Mar/2022:09:51:01 -0300] "GET /cormun/static/Shared/jqueryui/images/ui-icons_82798d_256x240.png HTTP/1.1" 404 1089
190.171.144.234 - - [09/Mar/2022:09:51:01 -0300] "GET /cormun/static/Shared/jqueryui/images/ui-bg_flat_55_fafafa_40x100.png HTTP/1.1" 404 1097
190.171.144.234 - - [09/Mar/2022:09:51:01 -0300] "GET /cormun/static/Shared/jqueryui/images/ui-icons_8d78a5_256x240.png HTTP/1.1" 404 1089
190.171.144.234 - - [09/Mar/2022:09:51:01 -0300] "POST /cormun/servlet/trsolicitudot?428a6657e332defece416656175ff27c,,gx-no-cache=1646829518215 HTTP/1.1" 200 7465
190.171.144.234 - - [09/Mar/2022:09:51:34 -0300] "POST /cormun/servlet/trsolicitudot?428a6657e332defece416656175ff27c,,gx-no-cache=1646829550776 HTTP/1.1" 200 107
190.171.144.234 - - [09/Mar/2022:09:51:34 -0300] "GET /cormun/servlet/trsolicitudadjuntos?2022,17995, HTTP/1.1" 200 6096
190.171.144.234 - - [09/Mar/2022:09:51:34 -0300] "GET /cormun/servlet/trsolicitudadjuntos?2022,17995, HTTP/1.1" 200 6096
190.171.144.234 - - [09/Mar/2022:09:51:38 -0300] "GET /cormun/servlet/solicitudotadjuntos?INS,2022,17995,,1, HTTP/1.1" 200 6037
190.171.144.234 - - [09/Mar/2022:09:51:38 -0300] "GET /cormun/static/about:blank HTTP/1.1" 404 1011
190.171.144.234 - - [09/Mar/2022:09:51:38 -0300] "GET /cormun/servlet/solicitudotadjuntos?INS,2022,17995,,1, HTTP/1.1" 200 6030
190.171.144.234 - - [09/Mar/2022:09:51:39 -0300] "GET /cormun/servlet/solicitudotadjuntos?1bcbfd75eeea058638070b4deeb91478b99693a309587086dd753599822d120cece96460cd339824814b39a490997916,gx-no-cache=1646829555982 HTTP/1.1" 200 30
190.171.144.234 - - [09/Mar/2022:09:51:39 -0300] "POST /cormun/servlet/solicitudotadjuntos?428a6657e332defece416656175ff27c,INS,2022,17995,,1,,gx-no-cache=1646829556002 HTTP/1.1" 200 3900
190.171.144.234 - - [09/Mar/2022:09:51:54 -0300] "POST /cormun/servlet/solicitudotadjuntos?gx-no-cache=1646829571102 HTTP/1.1" 200 26
200.83.224.3 - - [09/Mar/2022:09:52:11 -0300] "GET /cormun/servlet/prbanco?,MD,,gxPopupLevel%3D0%3B HTTP/1.1" 200 6603
190.171.144.234 - - [09/Mar/2022:09:52:13 -0300] "GET /cormun/servlet/solicitudotadjuntos?1bcbfd75eeea058638070b4deeb91478458c76dc80418cf4c78b20c5864bcbfa,gx-no-cache=1646829590665 HTTP/1.1" 200 30
190.171.144.234 - - [09/Mar/2022:09:52:13 -0300] "GET /cormun/servlet/solicitudotadjuntos?1bcbfd75eeea058638070b4deeb91478458c76dc80418cf4c78b20c5864bcbfa,gx-no-cache=1646829590679 HTTP/1.1" 200 30
190.171.144.234 - - [09/Mar/2022:09:52:14 -0300] "POST /cormun/servlet/solicitudotadjuntos?428a6657e332defece416656175ff27c,INS,2022,17995,,1, HTTP/1.1" 200 116
190.171.144.234 - - [09/Mar/2022:09:52:14 -0300] "GET /cormun/servlet/hpexe_return? HTTP/1.1" 200 1028
190.171.144.234 - - [09/Mar/2022:09:52:14 -0300] "GET /cormun/servlet/trsolicitudadjuntos?2022,17995, HTTP/1.1" 200 8867
190.171.144.234 - - [09/Mar/2022:09:52:15 -0300] "GET /cormun/servlet/trsolicitudadjuntos?2022,17995, HTTP/1.1" 200 8862
190.171.144.234 - - [09/Mar/2022:09:52:19 -0300] "GET /cormun/servlet/solicitudotadjuntos?INS,2022,17995,,1, HTTP/1.1" 200 6037
190.171.144.234 - - [09/Mar/2022:09:52:19 -0300] "GET /cormun/static/about:blank HTTP/1.1" 404 1011
190.171.144.234 - - [09/Mar/2022:09:52:19 -0300] "GET /cormun/servlet/solicitudotadjuntos?INS,2022,17995,,1, HTTP/1.1" 200 6030
190.171.144.234 - - [09/Mar/2022:09:52:19 -0300] "GET /cormun/servlet/solicitudotadjuntos?1bcbfd75eeea058638070b4deeb91478b99693a309587086dd753599822d120cece96460cd339824814b39a490997916,gx-no-cache=1646829596661 HTTP/1.1" 200 30
190.171.144.234 - - [09/Mar/2022:09:52:19 -0300] "POST /cormun/servlet/solicitudotadjuntos?428a6657e332defece416656175ff27c,INS,2022,17995,,1,,gx-no-cache=1646829596687 HTTP/1.1" 200 3899
190.171.144.234 - - [09/Mar/2022:09:52:30 -0300] "POST /cormun/servlet/solicitudotadjuntos?gx-no-cache=1646829606827 HTTP/1.1" 200 26
190.171.144.234 - - [09/Mar/2022:09:52:39 -0300] "GET /cormun/servlet/solicitudotadjuntos?1bcbfd75eeea058638070b4deeb91478458c76dc80418cf4c78b20c5864bcbfa,gx-no-cache=1646829616708 HTTP/1.1" 200 30
190.171.144.234 - - [09/Mar/2022:09:52:39 -0300] "GET /cormun/servlet/solicitudotadjuntos?1bcbfd75eeea058638070b4deeb91478458c76dc80418cf4c78b20c5864bcbfa,gx-no-cache=1646829616723 HTTP/1.1" 200 30
190.171.144.234 - - [09/Mar/2022:09:52:40 -0300] "POST /cormun/servlet/solicitudotadjuntos?428a6657e332defece416656175ff27c,INS,2022,17995,,1, HTTP/1.1" 200 116
190.171.144.234 - - [09/Mar/2022:09:52:40 -0300] "GET /cormun/servlet/hpexe_return? HTTP/1.1" 200 1028
190.171.144.234 - - [09/Mar/2022:09:52:40 -0300] "GET /cormun/servlet/trsolicitudadjuntos?2022,17995, HTTP/1.1" 200 9092
190.171.144.234 - - [09/Mar/2022:09:52:40 -0300] "GET /cormun/servlet/trsolicitudadjuntos?2022,17995, HTTP/1.1" 200 9093
190.171.144.234 - - [09/Mar/2022:09:52:43 -0300] "GET /cormun/servlet/solicitudotadjuntos?INS,2022,17995,,1, HTTP/1.1" 200 6037
190.171.144.234 - - [09/Mar/2022:09:52:43 -0300] "GET /cormun/static/about:blank HTTP/1.1" 404 1011
190.171.144.234 - - [09/Mar/2022:09:52:43 -0300] "GET /cormun/servlet/solicitudotadjuntos?INS,2022,17995,,1, HTTP/1.1" 200 6030
190.171.144.234 - - [09/Mar/2022:09:52:44 -0300] "GET /cormun/servlet/solicitudotadjuntos?1bcbfd75eeea058638070b4deeb91478b99693a309587086dd753599822d120cece96460cd339824814b39a490997916,gx-no-cache=1646829620821 HTTP/1.1" 200 30
190.171.144.234 - - [09/Mar/2022:09:52:44 -0300] "POST /cormun/servlet/solicitudotadjuntos?428a6657e332defece416656175ff27c,INS,2022,17995,,1,,gx-no-cache=1646829620876 HTTP/1.1" 200 3899
190.171.144.234 - - [09/Mar/2022:09:52:49 -0300] "POST /cormun/servlet/solicitudotadjuntos?gx-no-cache=1646829625763 HTTP/1.1" 200 26
190.171.144.234 - - [09/Mar/2022:09:52:58 -0300] "GET /cormun/servlet/solicitudotadjuntos?1bcbfd75eeea058638070b4deeb91478458c76dc80418cf4c78b20c5864bcbfa,gx-no-cache=1646829635745 HTTP/1.1" 200 30
190.171.144.234 - - [09/Mar/2022:09:52:59 -0300] "GET /cormun/servlet/solicitudotadjuntos?1bcbfd75eeea058638070b4deeb91478458c76dc80418cf4c78b20c5864bcbfa,gx-no-cache=1646829635758 HTTP/1.1" 200 30
190.171.144.234 - - [09/Mar/2022:09:52:59 -0300] "POST /cormun/servlet/solicitudotadjuntos?428a6657e332defece416656175ff27c,INS,2022,17995,,1, HTTP/1.1" 200 116
190.171.144.234 - - [09/Mar/2022:09:52:59 -0300] "GET /cormun/servlet/hpexe_return? HTTP/1.1" 200 1028
190.171.144.234 - - [09/Mar/2022:09:52:59 -0300] "GET /cormun/servlet/trsolicitudadjuntos?2022,17995, HTTP/1.1" 200 9258
190.171.144.234 - - [09/Mar/2022:09:52:59 -0300] "GET /cormun/servlet/trsolicitudadjuntos?2022,17995, HTTP/1.1" 200 9257
190.171.144.234 - - [09/Mar/2022:09:53:02 -0300] "GET /cormun/servlet/solicitudotadjuntos?INS,2022,17995,,1, HTTP/1.1" 200 6037
190.171.144.234 - - [09/Mar/2022:09:53:02 -0300] "GET /cormun/static/about:blank HTTP/1.1" 404 1011
190.171.144.234 - - [09/Mar/2022:09:53:02 -0300] "GET /cormun/servlet/solicitudotadjuntos?INS,2022,17995,,1, HTTP/1.1" 200 6030
190.171.144.234 - - [09/Mar/2022:09:53:03 -0300] "GET /cormun/servlet/solicitudotadjuntos?1bcbfd75eeea058638070b4deeb91478b99693a309587086dd753599822d120cece96460cd339824814b39a490997916,gx-no-cache=1646829639900 HTTP/1.1" 200 30
190.171.144.234 - - [09/Mar/2022:09:53:03 -0300] "POST /cormun/servlet/solicitudotadjuntos?428a6657e332defece416656175ff27c,INS,2022,17995,,1,,gx-no-cache=1646829639968 HTTP/1.1" 200 3899
190.171.144.234 - - [09/Mar/2022:09:53:08 -0300] "POST /cormun/servlet/solicitudotadjuntos?gx-no-cache=1646829645666 HTTP/1.1" 200 26
190.171.144.234 - - [09/Mar/2022:09:53:16 -0300] "GET /cormun/servlet/solicitudotadjuntos?1bcbfd75eeea058638070b4deeb91478458c76dc80418cf4c78b20c5864bcbfa,gx-no-cache=1646829653428 HTTP/1.1" 200 30
190.171.144.234 - - [09/Mar/2022:09:53:16 -0300] "GET /cormun/servlet/solicitudotadjuntos?1bcbfd75eeea058638070b4deeb91478458c76dc80418cf4c78b20c5864bcbfa,gx-no-cache=1646829653517 HTTP/1.1" 200 30
190.171.144.234 - - [09/Mar/2022:09:53:17 -0300] "POST /cormun/servlet/solicitudotadjuntos?428a6657e332defece416656175ff27c,INS,2022,17995,,1, HTTP/1.1" 200 116
190.171.144.234 - - [09/Mar/2022:09:53:17 -0300] "GET /cormun/servlet/hpexe_return? HTTP/1.1" 200 1028
190.171.144.234 - - [09/Mar/2022:09:53:17 -0300] "GET /cormun/servlet/trsolicitudadjuntos?2022,17995, HTTP/1.1" 200 9513
190.171.144.234 - - [09/Mar/2022:09:53:18 -0300] "GET /cormun/servlet/trsolicitudadjuntos?2022,17995, HTTP/1.1" 200 9513
190.171.144.234 - - [09/Mar/2022:09:53:20 -0300] "GET /cormun/servlet/solicitudotadjuntos?INS,2022,17995,,1, HTTP/1.1" 200 6037
190.171.144.234 - - [09/Mar/2022:09:53:20 -0300] "GET /cormun/static/about:blank HTTP/1.1" 404 1011
190.171.144.234 - - [09/Mar/2022:09:53:20 -0300] "GET /cormun/servlet/solicitudotadjuntos?INS,2022,17995,,1, HTTP/1.1" 200 6030
190.171.144.234 - - [09/Mar/2022:09:53:20 -0300] "GET /cormun/servlet/solicitudotadjuntos?1bcbfd75eeea058638070b4deeb91478b99693a309587086dd753599822d120cece96460cd339824814b39a490997916,gx-no-cache=1646829657572 HTTP/1.1" 200 30
190.171.144.234 - - [09/Mar/2022:09:53:20 -0300] "POST /cormun/servlet/solicitudotadjuntos?428a6657e332defece416656175ff27c,INS,2022,17995,,1,,gx-no-cache=1646829657592 HTTP/1.1" 200 3899
190.171.144.234 - - [09/Mar/2022:09:53:24 -0300] "POST /cormun/servlet/solicitudotadjuntos?gx-no-cache=1646829661465 HTTP/1.1" 200 26
190.171.144.234 - - [09/Mar/2022:09:53:35 -0300] "GET /cormun/servlet/solicitudotadjuntos?1bcbfd75eeea058638070b4deeb91478458c76dc80418cf4c78b20c5864bcbfa,gx-no-cache=1646829672410 HTTP/1.1" 200 30
190.171.144.234 - - [09/Mar/2022:09:53:35 -0300] "GET /cormun/servlet/solicitudotadjuntos?1bcbfd75eeea058638070b4deeb91478458c76dc80418cf4c78b20c5864bcbfa,gx-no-cache=1646829672424 HTTP/1.1" 200 30
190.171.144.234 - - [09/Mar/2022:09:53:35 -0300] "POST /cormun/servlet/solicitudotadjuntos?428a6657e332defece416656175ff27c,INS,2022,17995,,1, HTTP/1.1" 200 116
190.171.144.234 - - [09/Mar/2022:09:53:35 -0300] "GET /cormun/servlet/hpexe_return? HTTP/1.1" 200 1028
190.171.144.234 - - [09/Mar/2022:09:53:36 -0300] "GET /cormun/servlet/trsolicitudadjuntos?2022,17995, HTTP/1.1" 200 9790
190.171.144.234 - - [09/Mar/2022:09:53:36 -0300] "GET /cormun/servlet/trsolicitudadjuntos?2022,17995, HTTP/1.1" 200 9786
190.171.144.234 - - [09/Mar/2022:09:53:39 -0300] "GET /cormun/servlet/solicitudotadjuntos?INS,2022,17995,,1, HTTP/1.1" 200 6037
190.171.144.234 - - [09/Mar/2022:09:53:39 -0300] "GET /cormun/static/about:blank HTTP/1.1" 404 1011
190.171.144.234 - - [09/Mar/2022:09:53:39 -0300] "GET /cormun/servlet/solicitudotadjuntos?INS,2022,17995,,1, HTTP/1.1" 200 6030
190.171.144.234 - - [09/Mar/2022:09:53:39 -0300] "GET /cormun/servlet/solicitudotadjuntos?1bcbfd75eeea058638070b4deeb91478b99693a309587086dd753599822d120cece96460cd339824814b39a490997916,gx-no-cache=1646829676570 HTTP/1.1" 200 30
190.171.144.234 - - [09/Mar/2022:09:53:39 -0300] "POST /cormun/servlet/solicitudotadjuntos?428a6657e332defece416656175ff27c,INS,2022,17995,,1,,gx-no-cache=1646829676588 HTTP/1.1" 200 3899
190.171.144.234 - - [09/Mar/2022:09:53:43 -0300] "POST /cormun/servlet/solicitudotadjuntos?gx-no-cache=1646829680104 HTTP/1.1" 200 26
200.83.224.3 - - [09/Mar/2022:09:53:46 -0300] "GET /cormun/servlet/solicitudot?92a2da8594f33812d335b913a39897a60028d4d4909548de399013b23f3b2786b0bec692f3688b3b9ee76780a585a9fdd349d86bd7b9a300d9ab902e5a76b1c0,gx-no-cache=1646829683136 HTTP/1.1" 200 30
190.171.144.234 - - [09/Mar/2022:09:53:51 -0300] "GET /cormun/servlet/solicitudotadjuntos?1bcbfd75eeea058638070b4deeb91478458c76dc80418cf4c78b20c5864bcbfa,gx-no-cache=1646829688516 HTTP/1.1" 200 30
190.171.144.234 - - [09/Mar/2022:09:53:51 -0300] "GET /cormun/servlet/solicitudotadjuntos?1bcbfd75eeea058638070b4deeb91478458c76dc80418cf4c78b20c5864bcbfa,gx-no-cache=1646829688536 HTTP/1.1" 200 30
190.171.144.234 - - [09/Mar/2022:09:53:52 -0300] "POST /cormun/servlet/solicitudotadjuntos?428a6657e332defece416656175ff27c,INS,2022,17995,,1, HTTP/1.1" 200 116
190.171.144.234 - - [09/Mar/2022:09:53:52 -0300] "GET /cormun/servlet/hpexe_return? HTTP/1.1" 200 1028
190.171.144.234 - - [09/Mar/2022:09:53:52 -0300] "GET /cormun/servlet/trsolicitudadjuntos?2022,17995, HTTP/1.1" 200 9946
190.171.144.234 - - [09/Mar/2022:09:53:53 -0300] "GET /cormun/servlet/trsolicitudadjuntos?2022,17995, HTTP/1.1" 200 9941
200.83.224.3 - - [09/Mar/2022:09:53:53 -0300] "GET /cormun/servlet/solicitudot?92a2da8594f33812d335b913a39897a6d1705aebb163fc7cadc6c9408ec1465c,gx-no-cache=1646829690570 HTTP/1.1" 200 29
190.171.144.234 - - [09/Mar/2022:09:54:00 -0300] "GET /cormun/servlet/trsolicitudot? HTTP/1.1" 200 10293
190.171.144.234 - - [09/Mar/2022:09:54:00 -0300] "GET /cormun/servlet/trsolicitudot? HTTP/1.1" 200 10285
190.171.144.234 - - [09/Mar/2022:09:54:04 -0300] "POST /cormun/servlet/trsolicitudot?428a6657e332defece416656175ff27c,,gx-no-cache=1646829701093 HTTP/1.1" 200 7128
190.171.144.234 - - [09/Mar/2022:09:54:04 -0300] "GET /cormun/static/Shared/jqueryui/images/ui-bg_highlight-soft_100_c6c2c8_1x100.png HTTP/1.1" 404 1117
190.171.144.234 - - [09/Mar/2022:09:54:04 -0300] "GET /cormun/static/Shared/jqueryui/images/ui-bg_flat_55_fafafa_40x100.png HTTP/1.1" 404 1097
190.171.144.234 - - [09/Mar/2022:09:54:04 -0300] "GET /cormun/static/Shared/jqueryui/images/ui-icons_8d78a5_256x240.png HTTP/1.1" 404 1089
190.171.144.234 - - [09/Mar/2022:09:54:04 -0300] "GET /cormun/static/Shared/jqueryui/images/ui-icons_82798d_256x240.png HTTP/1.1" 404 1089
190.171.144.234 - - [09/Mar/2022:09:54:04 -0300] "POST /cormun/servlet/trsolicitudot?428a6657e332defece416656175ff27c,,gx-no-cache=1646829701355 HTTP/1.1" 200 7073
200.83.224.3 - - [09/Mar/2022:09:54:18 -0300] "POST /cormun/servlet/solicitudot?gx-no-cache=1646829715925 HTTP/1.1" 200 255
157.55.39.6 - - [09/Mar/2022:09:54:20 -0300] "GET /cormun/servlet/hpexe_return HTTP/1.1" 200 974
200.83.224.3 - - [09/Mar/2022:09:54:21 -0300] "GET /cormun/servlet/solicitudot?92a2da8594f33812d335b913a39897a691b9ed23ecabfe6244eea35af0c47990627346ceb5495dabe79e063c51fe60fe9578aec31741f068873ad13f65cdded3241039478f3103c7bc5e2d660352273ab5d270d5f89670603f983154212689db8814d1463ea4a2044d88048cbb508e2b3a8b4f19e5a29f1bd2fb5ab89321a85055d8dca91c5afb5affb487ce1e9b4fb1f470bb45013d7bcb0a8712e54df5ff628e68f16e451c60b92c4b6c00a38556606d6ba9707b5b7f2bb4d2d2db33485432600aa2a8b439d3ff5e1f33d7f0740d441de65d32cab4f8457676d976960d0e6ba20af12db4fd3a3300bfed793d11169c899e0519c0c2b12b6e40429c5760003017d13a8df8b2d74d890686f92b9f2cc63ebb34176270df43c4670449ccd81e5c819bb74362eb1739d24066fb0b5980c528ff71e265f1e05f3026200481ca7d7aa86a2251e4a6952acd66391b923ab6c27ad21c3181500130d59507865cfe7f1c36d74b510bffedc759ef6e0e42fc089d4af4675e4aa07a45db11d4a3e721ded0,gx-no-cache=1646829718286 HTTP/1.1" 200 30
200.83.224.3 - - [09/Mar/2022:09:54:32 -0300] "POST /cormun/servlet/solicitudot?gx-no-cache=1646829730018 HTTP/1.1" 200 30
190.171.144.234 - - [09/Mar/2022:09:54:48 -0300] "POST /cormun/servlet/trsolicitudot?428a6657e332defece416656175ff27c,,gx-no-cache=1646829744858 HTTP/1.1" 200 107
190.171.144.234 - - [09/Mar/2022:09:54:48 -0300] "GET /cormun/servlet/trsolicitudadjuntos?2022,17994, HTTP/1.1" 200 6096
190.171.144.234 - - [09/Mar/2022:09:54:49 -0300] "GET /cormun/servlet/trsolicitudadjuntos?2022,17994, HTTP/1.1" 200 6096
190.171.144.234 - - [09/Mar/2022:09:54:52 -0300] "GET /cormun/servlet/solicitudotadjuntos?INS,2022,17994,,1, HTTP/1.1" 200 6038
190.171.144.234 - - [09/Mar/2022:09:54:53 -0300] "GET /cormun/static/about:blank HTTP/1.1" 404 1011
190.171.144.234 - - [09/Mar/2022:09:54:53 -0300] "GET /cormun/servlet/solicitudotadjuntos?INS,2022,17994,,1, HTTP/1.1" 200 6031
190.171.144.234 - - [09/Mar/2022:09:54:53 -0300] "GET /cormun/servlet/solicitudotadjuntos?1bcbfd75eeea058638070b4deeb91478c72488554792ff79461532601b9b16daece96460cd339824814b39a490997916,gx-no-cache=1646829750637 HTTP/1.1" 200 30
190.171.144.234 - - [09/Mar/2022:09:54:53 -0300] "POST /cormun/servlet/solicitudotadjuntos?428a6657e332defece416656175ff27c,INS,2022,17994,,1,,gx-no-cache=1646829750656 HTTP/1.1" 200 3898
190.171.144.234 - - [09/Mar/2022:09:55:02 -0300] "POST /cormun/servlet/solicitudotadjuntos?gx-no-cache=1646829758884 HTTP/1.1" 200 26
190.171.144.234 - - [09/Mar/2022:09:56:32 -0300] "GET /cormun/servlet/solicitudotadjuntos?1bcbfd75eeea058638070b4deeb91478458c76dc80418cf4c78b20c5864bcbfa,gx-no-cache=1646829849301 HTTP/1.1" 200 30
190.171.144.234 - - [09/Mar/2022:09:56:32 -0300] "GET /cormun/servlet/solicitudotadjuntos?1bcbfd75eeea058638070b4deeb91478458c76dc80418cf4c78b20c5864bcbfa,gx-no-cache=1646829849321 HTTP/1.1" 200 30
190.171.144.234 - - [09/Mar/2022:09:56:32 -0300] "POST /cormun/servlet/solicitudotadjuntos?428a6657e332defece416656175ff27c,INS,2022,17994,,1, HTTP/1.1" 200 116
190.171.144.234 - - [09/Mar/2022:09:56:32 -0300] "GET /cormun/servlet/hpexe_return? HTTP/1.1" 200 1027
190.171.144.234 - - [09/Mar/2022:09:56:33 -0300] "GET /cormun/servlet/trsolicitudadjuntos?2022,17994, HTTP/1.1" 200 8872
190.171.144.234 - - [09/Mar/2022:09:56:33 -0300] "GET /cormun/servlet/trsolicitudadjuntos?2022,17994, HTTP/1.1" 200 8870
190.171.144.234 - - [09/Mar/2022:09:56:54 -0300] "GET /cormun/servlet/solicitudotadjuntos?INS,2022,17994,,1, HTTP/1.1" 200 6037
190.171.144.234 - - [09/Mar/2022:09:56:54 -0300] "GET /cormun/static/about:blank HTTP/1.1" 404 1011
190.171.144.234 - - [09/Mar/2022:09:56:54 -0300] "GET /cormun/servlet/solicitudotadjuntos?INS,2022,17994,,1, HTTP/1.1" 200 6031
190.171.144.234 - - [09/Mar/2022:09:56:55 -0300] "GET /cormun/servlet/solicitudotadjuntos?1bcbfd75eeea058638070b4deeb91478c72488554792ff79461532601b9b16daece96460cd339824814b39a490997916,gx-no-cache=1646829872120 HTTP/1.1" 200 30
190.171.144.234 - - [09/Mar/2022:09:56:55 -0300] "POST /cormun/servlet/solicitudotadjuntos?428a6657e332defece416656175ff27c,INS,2022,17994,,1,,gx-no-cache=1646829872138 HTTP/1.1" 200 3898
190.171.144.234 - - [09/Mar/2022:09:56:58 -0300] "POST /cormun/servlet/solicitudotadjuntos?gx-no-cache=1646829875566 HTTP/1.1" 200 26
190.95.1.185 - - [09/Mar/2022:09:57:00 -0300] "GET /cormun/servlet/trsolicitudot? HTTP/1.1" 200 6340
190.95.1.185 - - [09/Mar/2022:09:57:00 -0300] "GET /cormun/servlet/hlogin HTTP/1.1" 200 1744
190.95.1.185 - - [09/Mar/2022:09:57:00 -0300] "GET /cormun/servlet/trsolicitudot? HTTP/1.1" 200 6326
190.95.1.185 - - [09/Mar/2022:09:57:03 -0300] "POST /cormun/servlet/hlogin?24b62cbac37fa98dc20cc38913178ebd,gx-no-cache=1646829880600 HTTP/1.1" 200 90
190.95.1.185 - - [09/Mar/2022:09:57:03 -0300] "GET /cormun/servlet/hpexe_link HTTP/1.1" 200 958
190.95.1.185 - - [09/Mar/2022:09:57:03 -0300] "GET /cormun/servlet/trsolicitudot HTTP/1.1" 200 10404
190.95.1.185 - - [09/Mar/2022:09:57:03 -0300] "GET /cormun/servlet/trsolicitudot HTTP/1.1" 200 10403
190.171.144.234 - - [09/Mar/2022:09:57:08 -0300] "GET /cormun/servlet/solicitudotadjuntos?1bcbfd75eeea058638070b4deeb91478458c76dc80418cf4c78b20c5864bcbfa,gx-no-cache=1646829885503 HTTP/1.1" 200 30
190.171.144.234 - - [09/Mar/2022:09:57:08 -0300] "GET /cormun/servlet/solicitudotadjuntos?1bcbfd75eeea058638070b4deeb91478458c76dc80418cf4c78b20c5864bcbfa,gx-no-cache=1646829885516 HTTP/1.1" 200 30
190.171.144.234 - - [09/Mar/2022:09:57:08 -0300] "POST /cormun/servlet/solicitudotadjuntos?428a6657e332defece416656175ff27c,INS,2022,17994,,1, HTTP/1.1" 200 116
190.171.144.234 - - [09/Mar/2022:09:57:08 -0300] "GET /cormun/servlet/hpexe_return? HTTP/1.1" 200 1027
190.171.144.234 - - [09/Mar/2022:09:57:09 -0300] "GET /cormun/servlet/trsolicitudadjuntos?2022,17994, HTTP/1.1" 200 9103
190.171.144.234 - - [09/Mar/2022:09:57:09 -0300] "GET /cormun/servlet/trsolicitudadjuntos?2022,17994, HTTP/1.1" 200 9101
190.95.1.185 - - [09/Mar/2022:09:57:13 -0300] "POST /cormun/servlet/trsolicitudot?24b62cbac37fa98dc20cc38913178ebd,gx-no-cache=1646829890735 HTTP/1.1" 200 7229
190.95.1.185 - - [09/Mar/2022:09:57:13 -0300] "GET /cormun/static/Shared/jqueryui/images/ui-bg_highlight-soft_100_c6c2c8_1x100.png HTTP/1.1" 404 1117
190.95.1.185 - - [09/Mar/2022:09:57:13 -0300] "GET /cormun/static/Shared/jqueryui/images/ui-icons_82798d_256x240.png HTTP/1.1" 404 1089
190.95.1.185 - - [09/Mar/2022:09:57:13 -0300] "GET /cormun/static/Shared/jqueryui/images/ui-bg_flat_55_fafafa_40x100.png HTTP/1.1" 404 1097
190.95.1.185 - - [09/Mar/2022:09:57:13 -0300] "GET /cormun/static/Shared/jqueryui/images/ui-icons_8d78a5_256x240.png HTTP/1.1" 404 1089
190.95.1.185 - - [09/Mar/2022:09:57:15 -0300] "POST /cormun/servlet/trsolicitudot?24b62cbac37fa98dc20cc38913178ebd,gx-no-cache=1646829892409 HTTP/1.1" 200 7228
190.95.1.185 - - [09/Mar/2022:09:57:16 -0300] "POST /cormun/servlet/trsolicitudot?24b62cbac37fa98dc20cc38913178ebd,gx-no-cache=1646829893971 HTTP/1.1" 200 106
190.95.1.185 - - [09/Mar/2022:09:57:16 -0300] "GET /cormun/servlet/trsolicitudadjuntos?2022,18032, HTTP/1.1" 200 10368
190.95.1.185 - - [09/Mar/2022:09:57:17 -0300] "GET /cormun/servlet/trsolicitudadjuntos?2022,18032, HTTP/1.1" 200 10370
190.95.1.185 - - [09/Mar/2022:09:57:21 -0300] "GET /cormun/servlet/solicitudotadjuntos?INS,2022,18032,,1, HTTP/1.1" 200 6510
190.95.1.185 - - [09/Mar/2022:09:57:21 -0300] "GET /cormun/static/about:blank HTTP/1.1" 404 1011
190.95.1.185 - - [09/Mar/2022:09:57:21 -0300] "GET /cormun/servlet/solicitudotadjuntos?INS,2022,18032,,1, HTTP/1.1" 200 6504
190.95.1.185 - - [09/Mar/2022:09:57:22 -0300] "GET /cormun/servlet/solicitudotadjuntos?8bd0f44315de60c84e081dc5b24261d267319e4e689563eb8583414cfba0f93b0c439230ae1ae296697b391afb4b0294,gx-no-cache=1646829899335 HTTP/1.1" 200 30
190.95.1.185 - - [09/Mar/2022:09:57:22 -0300] "POST /cormun/servlet/solicitudotadjuntos?24b62cbac37fa98dc20cc38913178ebd,INS,2022,18032,,1,,gx-no-cache=1646829899352 HTTP/1.1" 200 4190
190.95.1.185 - - [09/Mar/2022:09:57:24 -0300] "POST /cormun/servlet/solicitudotadjuntos?gx-no-cache=1646829901704 HTTP/1.1" 200 26
190.171.144.234 - - [09/Mar/2022:09:57:34 -0300] "GET /cormun/servlet/solicitudotadjuntos?INS,2022,17994,,1, HTTP/1.1" 200 6037
190.171.144.234 - - [09/Mar/2022:09:57:34 -0300] "GET /cormun/static/about:blank HTTP/1.1" 404 1011
190.171.144.234 - - [09/Mar/2022:09:57:34 -0300] "GET /cormun/servlet/solicitudotadjuntos?INS,2022,17994,,1, HTTP/1.1" 200 6031
190.171.144.234 - - [09/Mar/2022:09:57:35 -0300] "GET /cormun/servlet/solicitudotadjuntos?1bcbfd75eeea058638070b4deeb91478c72488554792ff79461532601b9b16daece96460cd339824814b39a490997916,gx-no-cache=1646829911878 HTTP/1.1" 200 30
190.171.144.234 - - [09/Mar/2022:09:57:35 -0300] "POST /cormun/servlet/solicitudotadjuntos?428a6657e332defece416656175ff27c,INS,2022,17994,,1,,gx-no-cache=1646829912000 HTTP/1.1" 200 3898
190.95.1.185 - - [09/Mar/2022:09:57:38 -0300] "GET /cormun/servlet/solicitudotadjuntos?8bd0f44315de60c84e081dc5b24261d28b87fed2cd5afd6debecde2a19ae5f8a,gx-no-cache=1646829916257 HTTP/1.1" 200 30
190.95.1.185 - - [09/Mar/2022:09:57:38 -0300] "GET /cormun/servlet/solicitudotadjuntos?8bd0f44315de60c84e081dc5b24261d28b87fed2cd5afd6debecde2a19ae5f8a,gx-no-cache=1646829916271 HTTP/1.1" 200 30
190.95.1.185 - - [09/Mar/2022:09:57:39 -0300] "POST /cormun/servlet/solicitudotadjuntos?24b62cbac37fa98dc20cc38913178ebd,INS,2022,18032,,1, HTTP/1.1" 200 116
190.95.1.185 - - [09/Mar/2022:09:57:39 -0300] "GET /cormun/servlet/hpexe_return? HTTP/1.1" 200 1028
190.95.1.185 - - [09/Mar/2022:09:57:39 -0300] "GET /cormun/servlet/trsolicitudadjuntos?2022,18032, HTTP/1.1" 200 10558
190.171.144.234 - - [09/Mar/2022:09:57:39 -0300] "POST /cormun/servlet/solicitudotadjuntos?gx-no-cache=1646829916379 HTTP/1.1" 200 26
190.95.1.185 - - [09/Mar/2022:09:57:39 -0300] "GET /cormun/servlet/trsolicitudadjuntos?2022,18032, HTTP/1.1" 200 10557
190.95.1.185 - - [09/Mar/2022:09:57:42 -0300] "GET /cormun/servlet/trsolicitudot? HTTP/1.1" 200 10410
190.95.1.185 - - [09/Mar/2022:09:57:42 -0300] "GET /cormun/servlet/trsolicitudot? HTTP/1.1" 200 10403
190.95.1.185 - - [09/Mar/2022:09:57:51 -0300] "POST /cormun/servlet/trsolicitudot?24b62cbac37fa98dc20cc38913178ebd,,gx-no-cache=1646829928279 HTTP/1.1" 200 112
190.95.1.185 - - [09/Mar/2022:09:57:51 -0300] "GET /cormun/servlet/solicitudot?UPD,2022,18033,false, HTTP/1.1" 200 16868
190.95.1.185 - - [09/Mar/2022:09:57:51 -0300] "GET /cormun/servlet/solicitudot?UPD,2022,18033,false, HTTP/1.1" 200 16879
190.95.1.185 - - [09/Mar/2022:09:57:52 -0300] "POST /cormun/servlet/solicitudot?gx-no-cache=1646829929442 HTTP/1.1" 200 3927
190.95.1.185 - - [09/Mar/2022:09:57:52 -0300] "POST /cormun/servlet/solicitudot?24b62cbac37fa98dc20cc38913178ebd,UPD,2022,18033,false,,gx-no-cache=1646829929662 HTTP/1.1" 200 12832
190.95.1.185 - - [09/Mar/2022:09:57:52 -0300] "GET /cormun/servlet/solicitudot?8bd0f44315de60c84e081dc5b24261d27d3adc24a8fd7bab0f3573458c8cd904693a7af9c49a3f1055e87360199cba45,gx-no-cache=1646829929818 HTTP/1.1" 200 30
190.95.1.185 - - [09/Mar/2022:09:57:52 -0300] "GET /cormun/servlet/solicitudot?8bd0f44315de60c84e081dc5b24261d2d0ed49a884601b8c29cbea8ab4674b7af57715dae729551c8f65635e75171fa23ad352d54dece207e7eee10f9078f551,gx-no-cache=1646829929842 HTTP/1.1" 200 30
190.95.1.185 - - [09/Mar/2022:09:57:52 -0300] "GET /cormun/servlet/solicitudot?8bd0f44315de60c84e081dc5b24261d2859681c47bda9830dfebf0f01d3c3151326d5776665e6eb72dd66a1d6764285e984e7e3ff1386fc2125a3f1c93ffe219,gx-no-cache=1646829929860 HTTP/1.1" 200 53
190.95.1.185 - - [09/Mar/2022:09:57:52 -0300] "POST /cormun/servlet/solicitudot?gx-no-cache=1646829929881 HTTP/1.1" 200 256
190.95.1.185 - - [09/Mar/2022:09:57:52 -0300] "GET /cormun/servlet/solicitudot?8bd0f44315de60c84e081dc5b24261d24cdb3b774a77ef59bef046b527b855de68c805d509974d5476fdd28897137d79ff09da4524b9fec27970e498edf05d9d62888a2b7fc8c8f6650c86a1fae6356aebd3508f1e21e6be9ab625474e9d9ae94e6e47c14437434f8a0a6099be5e078158dafcc4ee43471787fc0359faaaa91f67bd8d15878301f75c1dc45e25b4c259ae8e8d43735c2182a6a58ead56d83f0b7adc8e7836298d103b4bdce0900584cb6a0c1dda1162646b02554f98e8f0026a342ebc451a0b20c00cc04f13af2777f7a70d73020dd22bda69aa47c8605f5f49eb2ed3598ed9db33bd967a5962d8a61e79876c0be3117f0a120b3879cdfad137843897d92e79bc5412f5465807be7e26162a1b1184a7a11e2acdff001f92453feffc95159e665a4a34f38184b98967e5bb9eebc38adae0e6f1c464a5728fa5236833a59d00c0ea3a3a5912ce1c958b7256617ba049a183cf3a2986a544855137cf21f3abb03b1eb1a04d8861bb4057c000615eedc0049bd5b1e199c796bfa168,gx-no-cache=1646829929908 HTTP/1.1" 200 30
190.95.1.185 - - [09/Mar/2022:09:57:52 -0300] "POST /cormun/servlet/solicitudot?gx-no-cache=1646829929928 HTTP/1.1" 200 30
190.95.1.185 - - [09/Mar/2022:09:57:52 -0300] "POST /cormun/servlet/solicitudot?gx-no-cache=1646829929955 HTTP/1.1" 200 1453
190.95.1.185 - - [09/Mar/2022:09:57:52 -0300] "POST /cormun/servlet/solicitudot?gx-no-cache=1646829929993 HTTP/1.1" 200 41
190.95.1.185 - - [09/Mar/2022:09:57:56 -0300] "GET /cormun/servlet/solicitudot?8bd0f44315de60c84e081dc5b24261d27e6ec7543447bcf8cfa599a6f08cf1d999c3c43ab6a6d268c9403e1450a42c15e90fa5c4871bbf41c138a36ce8cc84dd18811893bc54d421eab3f065215006e310222af07d3f732e0c0c2e07b2dde83a12734a250c6ede300baffcb6f0c16f99,gx-no-cache=1646829934093 HTTP/1.1" 200 110
190.95.1.185 - - [09/Mar/2022:09:57:56 -0300] "POST /cormun/servlet/solicitudot?gx-no-cache=1646829934116 HTTP/1.1" 200 67
190.95.1.185 - - [09/Mar/2022:09:57:56 -0300] "GET /cormun/servlet/solicitudot?8bd0f44315de60c84e081dc5b24261d2e5ea81a3656cb0638f474774da5e8e36a52a400156c2081952195c5b13b8ad1b6b6edfa7ba122c984ee0703610590585136fd02bf8f25f33624d9c50b2e451e6a944f5d3abd4dba73a987b908981c60efae617a7d0fa3cd26705864b53c2f95cef00d8e9b95eb6c70b3b19df4917afab1f276e8416b8b0b19d5cb8389ae0700b2aefb75e8cf5cada365c09ab2bb241ae,gx-no-cache=1646829934148 HTTP/1.1" 200 29
190.95.1.185 - - [09/Mar/2022:09:57:56 -0300] "GET /cormun/servlet/solicitudot?8bd0f44315de60c84e081dc5b24261d26c9cf1ab4adad25d15682401a0341fd243e001ef8bdabfd1e8d5c6beda48a0ba,gx-no-cache=1646829934169 HTTP/1.1" 200 30
190.95.1.185 - - [09/Mar/2022:09:57:56 -0300] "POST /cormun/servlet/solicitudot?gx-no-cache=1646829934195 HTTP/1.1" 200 30
190.95.1.185 - - [09/Mar/2022:09:57:57 -0300] "POST /cormun/servlet/solicitudot?24b62cbac37fa98dc20cc38913178ebd,UPD,2022,18033,false,,gx-no-cache=1646829934259 HTTP/1.1" 200 93
190.95.1.185 - - [09/Mar/2022:09:57:57 -0300] "GET /cormun/servlet/hpexe_return? HTTP/1.1" 200 1017
190.95.1.185 - - [09/Mar/2022:09:57:57 -0300] "GET /cormun/servlet/trsolicitudot HTTP/1.1" 200 10407
190.95.1.185 - - [09/Mar/2022:09:57:57 -0300] "GET /cormun/servlet/trsolicitudot HTTP/1.1" 200 10403
190.95.1.185 - - [09/Mar/2022:09:58:08 -0300] "POST /cormun/servlet/trsolicitudot?24b62cbac37fa98dc20cc38913178ebd,gx-no-cache=1646829945737 HTTP/1.1" 200 112
190.95.1.185 - - [09/Mar/2022:09:58:08 -0300] "GET /cormun/servlet/solicitudot?UPD,2022,18032,false, HTTP/1.1" 200 16840
190.95.1.185 - - [09/Mar/2022:09:58:09 -0300] "GET /cormun/servlet/solicitudot?UPD,2022,18032,false, HTTP/1.1" 200 16851
190.95.1.185 - - [09/Mar/2022:09:58:09 -0300] "POST /cormun/servlet/solicitudot?gx-no-cache=1646829946761 HTTP/1.1" 200 3927
190.95.1.185 - - [09/Mar/2022:09:58:09 -0300] "POST /cormun/servlet/solicitudot?24b62cbac37fa98dc20cc38913178ebd,UPD,2022,18032,false,,gx-no-cache=1646829946882 HTTP/1.1" 200 12824
190.95.1.185 - - [09/Mar/2022:09:58:09 -0300] "GET /cormun/servlet/solicitudot?8bd0f44315de60c84e081dc5b24261d27d3adc24a8fd7bab0f3573458c8cd904693a7af9c49a3f1055e87360199cba45,gx-no-cache=1646829947056 HTTP/1.1" 200 30
190.95.1.185 - - [09/Mar/2022:09:58:09 -0300] "GET /cormun/servlet/solicitudot?8bd0f44315de60c84e081dc5b24261d2d0ed49a884601b8c29cbea8ab4674b7af57715dae729551c8f65635e75171fa23ad352d54dece207e7eee10f9078f551,gx-no-cache=1646829947090 HTTP/1.1" 200 30
190.95.1.185 - - [09/Mar/2022:09:58:09 -0300] "GET /cormun/servlet/solicitudot?8bd0f44315de60c84e081dc5b24261d2859681c47bda9830dfebf0f01d3c3151326d5776665e6eb72dd66a1d6764285e984e7e3ff1386fc2125a3f1c93ffe219,gx-no-cache=1646829947116 HTTP/1.1" 200 53
190.95.1.185 - - [09/Mar/2022:09:58:09 -0300] "POST /cormun/servlet/solicitudot?gx-no-cache=1646829947140 HTTP/1.1" 200 254
190.95.1.185 - - [09/Mar/2022:09:58:09 -0300] "GET /cormun/servlet/solicitudot?8bd0f44315de60c84e081dc5b24261d24cdb3b774a77ef59bef046b527b855de68c805d509974d5476fdd28897137d79ff09da4524b9fec27970e498edf05d9d62888a2b7fc8c8f6650c86a1fae6356aebd3508f1e21e6be9ab625474e9d9ae94e6e47c14437434f8a0a6099be5e078158dafcc4ee43471787fc0359faaaa91f67bd8d15878301f75c1dc45e25b4c259ae8e8d43735c2182a6a58ead56d83f0b7adc8e7836298d103b4bdce0900584cb6a0c1dda1162646b02554f98e8f0026a342ebc451a0b20c00cc04f13af2777f7a70d73020dd22bda69aa47c8605f5f49eb2ed3598ed9db33bd967a5962d8a61e79876c0be3117f0a120b3879cdfad137843897d92e79bc5412f5465807be7e26162a1b1184a7a11e2acdff001f92453feffc95159e665a4a34f38184b98967e5bb9eebc38adae0e6f1c464a5728fa5236833a59d00c0ea3a3a5912ce1c958b7256617ba049a183cf3a2986a544855137cf21f3abb03b1eb1a04d8861bb4057c000615eedc0049bd5b1e199c796bfa168,gx-no-cache=1646829947168 HTTP/1.1" 200 30
190.95.1.185 - - [09/Mar/2022:09:58:09 -0300] "POST /cormun/servlet/solicitudot?gx-no-cache=1646829947191 HTTP/1.1" 200 30
190.95.1.185 - - [09/Mar/2022:09:58:09 -0300] "POST /cormun/servlet/solicitudot?gx-no-cache=1646829947218 HTTP/1.1" 200 1453
190.95.1.185 - - [09/Mar/2022:09:58:09 -0300] "POST /cormun/servlet/solicitudot?gx-no-cache=1646829947257 HTTP/1.1" 200 41
190.171.144.234 - - [09/Mar/2022:09:58:17 -0300] "GET /cormun/servlet/solicitudotadjuntos?1bcbfd75eeea058638070b4deeb91478458c76dc80418cf4c78b20c5864bcbfa,gx-no-cache=1646829953773 HTTP/1.1" 200 30
190.171.144.234 - - [09/Mar/2022:09:58:17 -0300] "GET /cormun/servlet/solicitudotadjuntos?1bcbfd75eeea058638070b4deeb91478458c76dc80418cf4c78b20c5864bcbfa,gx-no-cache=1646829953793 HTTP/1.1" 200 30
190.171.144.234 - - [09/Mar/2022:09:58:17 -0300] "POST /cormun/servlet/solicitudotadjuntos?428a6657e332defece416656175ff27c,INS,2022,17994,,1, HTTP/1.1" 200 116
190.171.144.234 - - [09/Mar/2022:09:58:17 -0300] "GET /cormun/servlet/hpexe_return? HTTP/1.1" 200 1027
190.95.1.185 - - [09/Mar/2022:09:58:17 -0300] "POST /cormun/servlet/solicitudot?gx-no-cache=1646829954864 HTTP/1.1" 200 254
190.171.144.234 - - [09/Mar/2022:09:58:17 -0300] "GET /cormun/servlet/trsolicitudadjuntos?2022,17994, HTTP/1.1" 200 9285
190.95.1.185 - - [09/Mar/2022:09:58:17 -0300] "GET /cormun/servlet/solicitudot?8bd0f44315de60c84e081dc5b24261d24cdb3b774a77ef59bef046b527b855de68c805d509974d5476fdd28897137d79ff09da4524b9fec27970e498edf05d9d62888a2b7fc8c8f6650c86a1fae6356aebd3508f1e21e6be9ab625474e9d9ae94e6e47c14437434f8a0a6099be5e078158dafcc4ee43471787fc0359faaaa91f67bd8d15878301f75c1dc45e25b4c259ae8e8d43735c2182a6a58ead56d83f0b7adc8e7836298d103b4bdce0900584cb6a0c1dda1162646b02554f98e8f0026a342ebc451a0b20c00cc04f13af2777f7a70d73020dd22bda69aa47c8605f5f49eb2ed3598ed9db33bd967a5962d8a61e79876c0be3117f0a120b3879cdfad137843897d92e79bc5412f5465807be7e26162a1b1184a7a11e2acdff001f92453feffc95159e665a4a34f38184b98967e5bb9eebc38adae0e6f1c464a5728fa5236833a59d00c0ea3a3a5912ce1c958b7256617ba049a183cf3a2986a544855137cf21f3abb03b1eb1a04d8861bb4057c000615eedc0049bd5b1e199c796bfa168,gx-no-cache=1646829954945 HTTP/1.1" 200 30
190.95.1.185 - - [09/Mar/2022:09:58:17 -0300] "POST /cormun/servlet/solicitudot?gx-no-cache=1646829954980 HTTP/1.1" 200 30
190.95.1.185 - - [09/Mar/2022:09:58:17 -0300] "POST /cormun/servlet/solicitudot?gx-no-cache=1646829955007 HTTP/1.1" 200 1453
190.95.1.185 - - [09/Mar/2022:09:58:17 -0300] "POST /cormun/servlet/solicitudot?gx-no-cache=1646829955046 HTTP/1.1" 200 41
190.95.1.185 - - [09/Mar/2022:09:58:17 -0300] "GET /cormun/servlet/solicitudot?8bd0f44315de60c84e081dc5b24261d27e6ec7543447bcf8cfa599a6f08cf1d999c3c43ab6a6d268c9403e1450a42c15e90fa5c4871bbf41c138a36ce8cc84dd18811893bc54d421eab3f065215006e310222af07d3f732e0c0c2e07b2dde83a12734a250c6ede300baffcb6f0c16f99,gx-no-cache=1646829955077 HTTP/1.1" 200 110
190.95.1.185 - - [09/Mar/2022:09:58:17 -0300] "POST /cormun/servlet/solicitudot?gx-no-cache=1646829955102 HTTP/1.1" 200 67
190.95.1.185 - - [09/Mar/2022:09:58:17 -0300] "GET /cormun/servlet/solicitudot?8bd0f44315de60c84e081dc5b24261d2e5ea81a3656cb0638f474774da5e8e36a52a400156c2081952195c5b13b8ad1b6b6edfa7ba122c984ee0703610590585136fd02bf8f25f33624d9c50b2e451e6a944f5d3abd4dba73a987b908981c60efae617a7d0fa3cd26705864b53c2f95cef00d8e9b95eb6c70b3b19df4917afab1f276e8416b8b0b19d5cb8389ae0700b2aefb75e8cf5cada365c09ab2bb241ae,gx-no-cache=1646829955137 HTTP/1.1" 200 29
190.95.1.185 - - [09/Mar/2022:09:58:17 -0300] "GET /cormun/servlet/solicitudot?8bd0f44315de60c84e081dc5b24261d26c9cf1ab4adad25d15682401a0341fd243e001ef8bdabfd1e8d5c6beda48a0ba,gx-no-cache=1646829955158 HTTP/1.1" 200 30
190.95.1.185 - - [09/Mar/2022:09:58:17 -0300] "POST /cormun/servlet/solicitudot?gx-no-cache=1646829955187 HTTP/1.1" 200 30
190.171.144.234 - - [09/Mar/2022:09:58:18 -0300] "GET /cormun/servlet/trsolicitudadjuntos?2022,17994, HTTP/1.1" 200 9285
190.95.1.185 - - [09/Mar/2022:09:58:18 -0300] "POST /cormun/servlet/solicitudot?24b62cbac37fa98dc20cc38913178ebd,UPD,2022,18032,false,,gx-no-cache=1646829955221 HTTP/1.1" 200 93
190.95.1.185 - - [09/Mar/2022:09:58:18 -0300] "GET /cormun/servlet/hpexe_return? HTTP/1.1" 200 1017
190.95.1.185 - - [09/Mar/2022:09:58:18 -0300] "GET /cormun/servlet/trsolicitudot HTTP/1.1" 200 10406
190.95.1.185 - - [09/Mar/2022:09:58:18 -0300] "GET /cormun/servlet/trsolicitudot HTTP/1.1" 200 10402
190.171.144.234 - - [09/Mar/2022:09:58:23 -0300] "GET /cormun/servlet/solicitudotadjuntos?INS,2022,17994,,1, HTTP/1.1" 200 6037
190.171.144.234 - - [09/Mar/2022:09:58:23 -0300] "GET /cormun/static/about:blank HTTP/1.1" 404 1011
190.171.144.234 - - [09/Mar/2022:09:58:23 -0300] "GET /cormun/servlet/solicitudotadjuntos?INS,2022,17994,,1, HTTP/1.1" 200 6031
190.171.144.234 - - [09/Mar/2022:09:58:24 -0300] "GET /cormun/servlet/solicitudotadjuntos?1bcbfd75eeea058638070b4deeb91478c72488554792ff79461532601b9b16daece96460cd339824814b39a490997916,gx-no-cache=1646829961068 HTTP/1.1" 200 30
190.171.144.234 - - [09/Mar/2022:09:58:24 -0300] "POST /cormun/servlet/solicitudotadjuntos?428a6657e332defece416656175ff27c,INS,2022,17994,,1,,gx-no-cache=1646829961086 HTTP/1.1" 200 3898
190.95.1.185 - - [09/Mar/2022:09:58:26 -0300] "POST /cormun/servlet/trsolicitudot?24b62cbac37fa98dc20cc38913178ebd,gx-no-cache=1646829963784 HTTP/1.1" 200 6969
190.95.1.185 - - [09/Mar/2022:09:58:26 -0300] "GET /cormun/static/Shared/jqueryui/images/ui-bg_highlight-soft_100_c6c2c8_1x100.png HTTP/1.1" 404 1117
190.95.1.185 - - [09/Mar/2022:09:58:26 -0300] "GET /cormun/static/Shared/jqueryui/images/ui-icons_82798d_256x240.png HTTP/1.1" 404 1089
190.95.1.185 - - [09/Mar/2022:09:58:26 -0300] "GET /cormun/static/Shared/jqueryui/images/ui-bg_flat_55_fafafa_40x100.png HTTP/1.1" 404 1097
190.95.1.185 - - [09/Mar/2022:09:58:26 -0300] "GET /cormun/static/Shared/jqueryui/images/ui-icons_8d78a5_256x240.png HTTP/1.1" 404 1089
190.95.1.185 - - [09/Mar/2022:09:58:26 -0300] "POST /cormun/servlet/trsolicitudot?24b62cbac37fa98dc20cc38913178ebd,gx-no-cache=1646829964050 HTTP/1.1" 200 6913
190.171.144.234 - - [09/Mar/2022:09:58:28 -0300] "POST /cormun/servlet/solicitudotadjuntos?gx-no-cache=1646829964913 HTTP/1.1" 200 26
190.95.1.185 - - [09/Mar/2022:09:58:29 -0300] "POST /cormun/servlet/trsolicitudot?24b62cbac37fa98dc20cc38913178ebd,gx-no-cache=1646829966872 HTTP/1.1" 200 6607
190.95.1.185 - - [09/Mar/2022:09:58:29 -0300] "POST /cormun/servlet/trsolicitudot?24b62cbac37fa98dc20cc38913178ebd,gx-no-cache=1646829967079 HTTP/1.1" 200 6552
190.171.144.234 - - [09/Mar/2022:09:58:42 -0300] "GET /cormun/servlet/solicitudotadjuntos?1bcbfd75eeea058638070b4deeb91478458c76dc80418cf4c78b20c5864bcbfa,gx-no-cache=1646829979049 HTTP/1.1" 200 30
190.171.144.234 - - [09/Mar/2022:09:58:42 -0300] "GET /cormun/servlet/solicitudotadjuntos?1bcbfd75eeea058638070b4deeb91478458c76dc80418cf4c78b20c5864bcbfa,gx-no-cache=1646829979267 HTTP/1.1" 200 30
190.171.144.234 - - [09/Mar/2022:09:58:42 -0300] "POST /cormun/servlet/solicitudotadjuntos?428a6657e332defece416656175ff27c,INS,2022,17994,,1, HTTP/1.1" 200 116
190.171.144.234 - - [09/Mar/2022:09:58:42 -0300] "GET /cormun/servlet/hpexe_return? HTTP/1.1" 200 1027
190.171.144.234 - - [09/Mar/2022:09:58:43 -0300] "GET /cormun/servlet/trsolicitudadjuntos?2022,17994, HTTP/1.1" 200 9541
190.171.144.234 - - [09/Mar/2022:09:58:43 -0300] "GET /cormun/servlet/trsolicitudadjuntos?2022,17994, HTTP/1.1" 200 9539
190.95.1.185 - - [09/Mar/2022:09:58:47 -0300] "POST /cormun/servlet/trsolicitudot?24b62cbac37fa98dc20cc38913178ebd,gx-no-cache=1646829984969 HTTP/1.1" 200 112
190.95.1.185 - - [09/Mar/2022:09:58:47 -0300] "GET /cormun/servlet/solicitudot?UPD,2022,18038,false, HTTP/1.1" 200 16803
190.95.1.185 - - [09/Mar/2022:09:58:48 -0300] "GET /cormun/servlet/solicitudot?UPD,2022,18038,false, HTTP/1.1" 200 16815
190.95.1.185 - - [09/Mar/2022:09:58:48 -0300] "POST /cormun/servlet/solicitudot?gx-no-cache=1646829985922 HTTP/1.1" 200 3929
190.95.1.185 - - [09/Mar/2022:09:58:48 -0300] "POST /cormun/servlet/solicitudot?24b62cbac37fa98dc20cc38913178ebd,UPD,2022,18038,false,,gx-no-cache=1646829986084 HTTP/1.1" 200 12881
190.171.144.234 - - [09/Mar/2022:09:58:48 -0300] "GET /cormun/servlet/solicitudotadjuntos?INS,2022,17994,,1, HTTP/1.1" 200 6037
190.95.1.185 - - [09/Mar/2022:09:58:48 -0300] "GET /cormun/servlet/solicitudot?8bd0f44315de60c84e081dc5b24261d20894c265efddcf69a80ce34e050104e3693a7af9c49a3f1055e87360199cba45,gx-no-cache=1646829986245 HTTP/1.1" 200 30
190.95.1.185 - - [09/Mar/2022:09:58:48 -0300] "GET /cormun/servlet/solicitudot?8bd0f44315de60c84e081dc5b24261d2950d345a1528a5b92dbe03740979408134e50311c69c7a2a68e54b58a1bae2e4693a7af9c49a3f1055e87360199cba45,gx-no-cache=1646829986268 HTTP/1.1" 200 30
190.95.1.185 - - [09/Mar/2022:09:58:48 -0300] "GET /cormun/servlet/solicitudot?8bd0f44315de60c84e081dc5b24261d206f4b919e403bad734bd41fdead698dce56bad0cabd80e1ab2a26727a009b3adba6128397d3ec4060702148500f31d56d6a10d371a03087de28bc662823fced4a4d0d7003a06166a02dc52c41b05a2e7,gx-no-cache=1646829986287 HTTP/1.1" 200 70
190.95.1.185 - - [09/Mar/2022:09:58:48 -0300] "POST /cormun/servlet/solicitudot?gx-no-cache=1646829986308 HTTP/1.1" 200 256
190.95.1.185 - - [09/Mar/2022:09:58:49 -0300] "GET /cormun/servlet/solicitudot?8bd0f44315de60c84e081dc5b24261d24cdb3b774a77ef59bef046b527b855de68c805d509974d5476fdd28897137d79ff09da4524b9fec27970e498edf05d9d62888a2b7fc8c8f6650c86a1fae6356aebd3508f1e21e6be9ab625474e9d9ae94e6e47c14437434f8a0a6099be5e078158dafcc4ee43471787fc0359faaaa91f67bd8d15878301f75c1dc45e25b4c259ae8e8d43735c2182a6a58ead56d83f0b7adc8e7836298d103b4bdce0900584cb6a0c1dda1162646b02554f98e8f0026a342ebc451a0b20c00cc04f13af2777f7a70d73020dd22bda69aa47c8605f5f49eb2ed3598ed9db33bd967a5962d8a61e79876c0be3117f0a120b3879cdfad137843897d92e79bc5412f5465807be7e26162a1b1184a7a11e2acdff001f92453feffc95159e665a4a34f38184b98967e5bb9eebc38adae0e6f1c464a5728fa5236833a59d00c0ea3a3a5912ce1c958b7256617ba049a183cf3a2986a544855137cf21f3abb03b1eb1a04d8861bb4057c000615eedc0049bd5b1e199c796bfa168,gx-no-cache=1646829986335 HTTP/1.1" 200 30
190.95.1.185 - - [09/Mar/2022:09:58:49 -0300] "POST /cormun/servlet/solicitudot?gx-no-cache=1646829986357 HTTP/1.1" 200 30
190.95.1.185 - - [09/Mar/2022:09:58:49 -0300] "POST /cormun/servlet/solicitudot?gx-no-cache=1646829986392 HTTP/1.1" 200 1454
190.95.1.185 - - [09/Mar/2022:09:58:49 -0300] "POST /cormun/servlet/solicitudot?gx-no-cache=1646829986441 HTTP/1.1" 200 41
190.171.144.234 - - [09/Mar/2022:09:58:49 -0300] "GET /cormun/static/about:blank HTTP/1.1" 404 1011
190.171.144.234 - - [09/Mar/2022:09:58:49 -0300] "GET /cormun/servlet/solicitudotadjuntos?INS,2022,17994,,1, HTTP/1.1" 200 6031
