192.168.10.96 - - [09/Mar/2022:11:48:45 -0300] "GET /cormun/servlet/solicitudotlog?INS,2022,18029,0,REC, HTTP/1.1" 200 5604
192.168.10.96 - - [09/Mar/2022:11:48:45 -0300] "GET /cormun/servlet/solicitudotlog?68174975df17c591e21e9089107cdd18997b357952c4f5d5caf9f4f78ab209fc550bf6ec543c3a30e3bdff4544a1ec2cd7efbcae0dae22ac626ddfd3c3fc044d2e831c0d5bf5741a2ced7314793a62b8332c0466d60af09af00d3c1cd436cee7ac26c9bc5ffb283a76e589a46500e40b6901609c29a31eb331b14f4813e1f699fef50b9b2480d99c0dfbc18375dc734f092388672611d4af697759a8efd53763,gx-no-cache=1646836421755 HTTP/1.1" 200 94
190.95.1.185 - - [09/Mar/2022:11:48:49 -0300] "GET /cormun/servlet/solicitudot?3555d07442f86e7d3327b4ef8bb3b21e641ff850e1d8815a88ba46874178a2f03a21ae6e4a30d3c2a50f90b12bebf2888184b6894d39ae4982cb5fe335c75d39d5f5c65805b32ed05a3a170c6434e50d479f9399f11df4396e21c8196acf2147881b72f5d9504aa9f7c4a857fd36bb05,gx-no-cache=1646836587198 HTTP/1.1" 200 29
190.95.1.185 - - [09/Mar/2022:11:48:49 -0300] "GET /cormun/static/menuarrow.gif HTTP/1.1" 404 1015
190.95.1.185 - - [09/Mar/2022:11:48:52 -0300] "GET /cormun/servlet/solicitudot?3555d07442f86e7d3327b4ef8bb3b21e8ec8cfd5cb4a10e4951b416558a67faa2fb7817bc246eeb3acd31ef6503b6c7f,gx-no-cache=1646836589853 HTTP/1.1" 200 30
192.168.10.96 - - [09/Mar/2022:11:48:54 -0300] "POST /cormun/servlet/solicitudotlog?0bc9a3f7639c5498700101047b60858e,INS,2022,18029,0,REC,,gx-no-cache=1646836429876 HTTP/1.1" 200 93
192.168.10.96 - - [09/Mar/2022:11:48:54 -0300] "GET /cormun/servlet/hpexe_return? HTTP/1.1" 200 1026
192.168.10.96 - - [09/Mar/2022:11:48:54 -0300] "GET /cormun/servlet/trsolicitudgral? HTTP/1.1" 200 10947
192.168.10.96 - - [09/Mar/2022:11:48:54 -0300] "GET /cormun/servlet/trsolicitudgral? HTTP/1.1" 200 10942
190.171.144.234 - - [09/Mar/2022:11:48:58 -0300] "GET /cormun/servlet/solicitudot?INS,0,0,false, HTTP/1.1" 200 15709
190.171.144.234 - - [09/Mar/2022:11:48:58 -0300] "GET /cormun/servlet/solicitudot?INS,0,0,false, HTTP/1.1" 200 15716
192.168.10.96 - - [09/Mar/2022:11:48:59 -0300] "POST /cormun/servlet/trsolicitudgral?0bc9a3f7639c5498700101047b60858e,,gx-no-cache=1646836435007 HTTP/1.1" 200 6655
190.95.1.185 - - [09/Mar/2022:11:49:00 -0300] "POST /cormun/servlet/solicitudot?gx-no-cache=1646836597801 HTTP/1.1" 200 30
190.95.1.185 - - [09/Mar/2022:11:49:06 -0300] "POST /cormun/servlet/solicitudot?c65b5ebec06a724bb5e3a63dbb6d7157,INS,0,0,false,,gx-no-cache=1646836603914 HTTP/1.1" 200 93
190.95.1.185 - - [09/Mar/2022:11:49:06 -0300] "GET /cormun/servlet/hpexe_return? HTTP/1.1" 200 1008
190.95.1.185 - - [09/Mar/2022:11:49:07 -0300] "GET /cormun/servlet/trsolicitudot HTTP/1.1" 200 8974
190.95.1.185 - - [09/Mar/2022:11:49:07 -0300] "GET /cormun/servlet/trsolicitudot HTTP/1.1" 200 8971
190.95.1.185 - - [09/Mar/2022:11:49:10 -0300] "POST /cormun/servlet/trsolicitudot?c65b5ebec06a724bb5e3a63dbb6d7157,gx-no-cache=1646836607834 HTTP/1.1" 200 112
190.95.1.185 - - [09/Mar/2022:11:49:10 -0300] "GET /cormun/servlet/solicitudot?UPD,2022,18051,false, HTTP/1.1" 200 16744
190.95.1.185 - - [09/Mar/2022:11:49:11 -0300] "GET /cormun/servlet/solicitudot?UPD,2022,18051,false, HTTP/1.1" 200 16758
190.95.1.185 - - [09/Mar/2022:11:49:11 -0300] "POST /cormun/servlet/solicitudot?gx-no-cache=1646836608764 HTTP/1.1" 200 3926
190.95.1.185 - - [09/Mar/2022:11:49:11 -0300] "POST /cormun/servlet/solicitudot?c65b5ebec06a724bb5e3a63dbb6d7157,UPD,2022,18051,false,,gx-no-cache=1646836608882 HTTP/1.1" 200 12826
190.95.1.185 - - [09/Mar/2022:11:49:11 -0300] "GET /cormun/servlet/solicitudot?3555d07442f86e7d3327b4ef8bb3b21e3759c713b629ca9ad2328a42cf3099597fe4a585350da65ec96ab6c254b1038e,gx-no-cache=1646836609058 HTTP/1.1" 200 30
190.95.1.185 - - [09/Mar/2022:11:49:11 -0300] "GET /cormun/servlet/solicitudot?3555d07442f86e7d3327b4ef8bb3b21e297ec03c82730466775094675838e09c4aeb700a69e4b74182044d4f9dd21336a68ae3fe2aa2c82be49645d6921232ae,gx-no-cache=1646836609080 HTTP/1.1" 200 30
190.95.1.185 - - [09/Mar/2022:11:49:11 -0300] "GET /cormun/servlet/solicitudot?3555d07442f86e7d3327b4ef8bb3b21e73eaea32d6620889a0463f9877b697f8da59405a1415c0f1a998a71d67ef3c79b4c663b3df3afcec6bf49b66e286ac69,gx-no-cache=1646836609097 HTTP/1.1" 200 53
190.95.1.185 - - [09/Mar/2022:11:49:11 -0300] "POST /cormun/servlet/solicitudot?gx-no-cache=1646836609121 HTTP/1.1" 200 254
190.95.1.185 - - [09/Mar/2022:11:49:11 -0300] "GET /cormun/servlet/solicitudot?3555d07442f86e7d3327b4ef8bb3b21e382630ff4cc9360bff41143a01b19563ee84b20e58132d4f17134fc22cd444407f6f93f83dcf430da509b8784853ad44c54ad02f6436f2dd6a73795d528b273a25df4b92e5bffeca3367cacf69f7b08a985eef3a2d662a484a2eab213d79a3272af32b164bb1aa51407508d7404299e69290376661cd01056da01aa7e9f7e7958289294f1669508767aeab97349d831b91600eb715121102bc5182ed9aa08fa199dd25e2af1d09f5d7ce45cd3081c503d8c98b0b2543f427b0632e8f69502599441c821d031f42e22cb3e2258d9a306e2368276d32be79ff4371c3b92dd8aafada35ab1204ec26d0b89791d9a0fc5f9e3c5ea6b143fc3661969aa2b7e5a03f1e073fa51cecf6341c80dc935964db76515f06b78f220a695bce6188a03820a08338ae413c11209f7b4e92aa352f1933bfe4138eda86e7264c87dfe508ebf694a808f7baca7333c2e2a3284da8e28b261fa2cc4455a0f9fc788ac8fa4a2eecc21ae98bb51cb0a921a52a24cc877c5e3575,gx-no-cache=1646836609145 HTTP/1.1" 200 30
190.95.1.185 - - [09/Mar/2022:11:49:11 -0300] "POST /cormun/servlet/solicitudot?gx-no-cache=1646836609167 HTTP/1.1" 200 30
190.95.1.185 - - [09/Mar/2022:11:49:11 -0300] "POST /cormun/servlet/solicitudot?gx-no-cache=1646836609192 HTTP/1.1" 200 1454
190.95.1.185 - - [09/Mar/2022:11:49:11 -0300] "POST /cormun/servlet/solicitudot?gx-no-cache=1646836609228 HTTP/1.1" 200 41
190.95.1.185 - - [09/Mar/2022:11:49:13 -0300] "GET /cormun/servlet/solicitudot?3555d07442f86e7d3327b4ef8bb3b21e5acfd2b794d07c2136c69e99dedc72e66e0cf91e622132acd1a89fbca54f88520fc01d440669edd20b3ffc26185586cc54518ce9c3a10c1740aaf0f79a9f480a56bc16d4be99a9956d0716028b95db9ffc03771395b061f2d2c9358d80bfb60f,gx-no-cache=1646836610409 HTTP/1.1" 200 110
190.95.1.185 - - [09/Mar/2022:11:49:13 -0300] "POST /cormun/servlet/solicitudot?gx-no-cache=1646836610435 HTTP/1.1" 200 97
190.95.1.185 - - [09/Mar/2022:11:49:13 -0300] "GET /cormun/servlet/solicitudot?3555d07442f86e7d3327b4ef8bb3b21e7fa463f503afd2d0a49974a6190cf3781a354a16181e8b20b4d93bdf8a6cb086dbd04b1cd11ed242b2e54faee56b93fee07bc6d9cc28c35e7adbcbead7aea0421a10cd26d174b9cfc059cc5ac881d91c077ddf0ffc89d2f07a4c3a23b3940a728c9585a77e429ffba578ed9b55b33655fa43003d783f3d78330472a7293c560bef126f8d74e0b912299f39de71f3642a,gx-no-cache=1646836611118 HTTP/1.1" 200 30
190.95.1.185 - - [09/Mar/2022:11:49:14 -0300] "GET /cormun/servlet/solicitudot?3555d07442f86e7d3327b4ef8bb3b21e8ec8cfd5cb4a10e4951b416558a67faa2fb7817bc246eeb3acd31ef6503b6c7f,gx-no-cache=1646836612085 HTTP/1.1" 200 30
190.95.1.185 - - [09/Mar/2022:11:49:14 -0300] "POST /cormun/servlet/solicitudot?gx-no-cache=1646836612106 HTTP/1.1" 200 30
190.95.1.185 - - [09/Mar/2022:11:49:15 -0300] "POST /cormun/servlet/solicitudot?c65b5ebec06a724bb5e3a63dbb6d7157,UPD,2022,18051,false,,gx-no-cache=1646836612129 HTTP/1.1" 200 93
190.95.1.185 - - [09/Mar/2022:11:49:15 -0300] "GET /cormun/servlet/hpexe_return? HTTP/1.1" 200 1014
190.95.1.185 - - [09/Mar/2022:11:49:15 -0300] "GET /cormun/servlet/trsolicitudot HTTP/1.1" 200 8973
190.95.1.185 - - [09/Mar/2022:11:49:15 -0300] "GET /cormun/servlet/trsolicitudot HTTP/1.1" 200 8969
190.171.144.234 - - [09/Mar/2022:11:49:18 -0300] "POST /cormun/servlet/solicitudot?gx-no-cache=1646836615666 HTTP/1.1" 200 3974
190.171.144.234 - - [09/Mar/2022:11:49:19 -0300] "POST /cormun/servlet/solicitudot?b3bdf9dd9fae1b31deefb346e8eb06a5,INS,0,0,false,,gx-no-cache=1646836615810 HTTP/1.1" 200 12539
190.171.152.114 - - [09/Mar/2022:11:49:30 -0300] "POST /cormun/servlet/hlogin?39cd20ab42600852f24a5d6741e0a919,gx-no-cache=1646836629270 HTTP/1.1" 200 90
190.171.152.114 - - [09/Mar/2022:11:49:30 -0300] "GET /cormun/servlet/hpexe_link HTTP/1.1" 200 958
190.171.152.114 - - [09/Mar/2022:11:49:30 -0300] "GET /cormun/servlet/trsolicitudot HTTP/1.1" 200 8816
190.171.144.234 - - [09/Mar/2022:11:49:31 -0300] "GET /cormun/servlet/solicitudot?dc97f46045f83fd972d9d57ab46d053d4ceb219324450d988fbf6c3569eb2b033e6ca8079fd2135f2b7e5a886342f117,gx-no-cache=1646836627903 HTTP/1.1" 200 30
190.171.152.114 - - [09/Mar/2022:11:49:31 -0300] "GET /cormun/servlet/trsolicitudot HTTP/1.1" 200 8814
190.171.152.114 - - [09/Mar/2022:11:49:39 -0300] "POST /cormun/servlet/trsolicitudot?39cd20ab42600852f24a5d6741e0a919,gx-no-cache=1646836637582 HTTP/1.1" 200 113
190.171.152.114 - - [09/Mar/2022:11:49:39 -0300] "GET /cormun/servlet/solicitudot?UPD,2022,17956,false, HTTP/1.1" 200 16600
190.171.152.114 - - [09/Mar/2022:11:49:39 -0300] "GET /cormun/servlet/solicitudot?UPD,2022,17956,false, HTTP/1.1" 200 16611
190.171.152.114 - - [09/Mar/2022:11:49:40 -0300] "POST /cormun/servlet/solicitudot?gx-no-cache=1646836638595 HTTP/1.1" 200 3941
190.171.152.114 - - [09/Mar/2022:11:49:40 -0300] "POST /cormun/servlet/solicitudot?39cd20ab42600852f24a5d6741e0a919,UPD,2022,17956,false,,gx-no-cache=1646836638731 HTTP/1.1" 200 12830
190.171.152.114 - - [09/Mar/2022:11:49:40 -0300] "GET /cormun/servlet/solicitudot?1b47ae181f7bfdd82e9a6ce33dd7f895e309bfbd409176f75ccbf5c37d086afe509e4b262d5a8e2deb98827d45be9668,gx-no-cache=1646836639209 HTTP/1.1" 200 30
190.171.152.114 - - [09/Mar/2022:11:49:40 -0300] "GET /cormun/servlet/solicitudot?1b47ae181f7bfdd82e9a6ce33dd7f895c9091404dda2791dd7744a2a00848f95c167296159e12d266edb34c66d00cf585b497d7a13b902c2cabfcef67f864c54942611d3cba347943ac1685793c3e609,gx-no-cache=1646836639230 HTTP/1.1" 200 30
190.171.152.114 - - [09/Mar/2022:11:49:40 -0300] "GET /cormun/servlet/solicitudot?1b47ae181f7bfdd82e9a6ce33dd7f89595f5bf49d0bd5a1f46514394d78ee132,gx-no-cache=1646836639248 HTTP/1.1" 200 29
190.171.152.114 - - [09/Mar/2022:11:49:40 -0300] "POST /cormun/servlet/solicitudot?gx-no-cache=1646836639268 HTTP/1.1" 200 295
190.171.152.114 - - [09/Mar/2022:11:49:40 -0300] "GET /cormun/servlet/solicitudot?1b47ae181f7bfdd82e9a6ce33dd7f89516bf503e024aad1b91a3c9b2407aa27586478e06477fd3c88bc7de70a6ef9eb4b6de20ebe196003713c32b68bca325214ad002610b6bdc20a4ca6bb79f5f61bb2b57758485052fb6977f23e8204c0499f393b3016b7d5844c5bb73d4ca2edde8865e065f66e9e3aa90648cae69dd34d4e63454d038557384131d01993f32f2865b5a2230f5929583302b65078322d3c636b74df2baaa081f6750142cf3e78d2de6161b6dbdc8e6b11d8ca7ba6075f4aab0f435c28a912966805fc2950e76fcc045edfcfa6ca5bbfab68cfad5ef68d8494c7826d6adc8c2dae5d8a773601ae2333eb54f7691967b28466367918e8bc56f5ba8f95af273eb8fa7c1e434777b0e6e66a722310f19acc517e2145d7532af97421ae02f6f9df250271490516347436c51af1865e484633736a5fde3ba14a45262cb170ff0b895e7885069260779a8fe2c8fc984549034eab73fe2b088d1eb1b7c0ae8b39ec1694e2d1cd4e7633b3fa6ca92da196fc3d476c4179e4001b3d44e07793547fc7a1aa1afd18b19afd50f25,gx-no-cache=1646836639293 HTTP/1.1" 200 30
190.171.152.114 - - [09/Mar/2022:11:49:40 -0300] "POST /cormun/servlet/solicitudot?gx-no-cache=1646836639312 HTTP/1.1" 200 30
190.171.152.114 - - [09/Mar/2022:11:49:40 -0300] "POST /cormun/servlet/solicitudot?gx-no-cache=1646836639334 HTTP/1.1" 200 1457
190.171.152.114 - - [09/Mar/2022:11:49:40 -0300] "POST /cormun/servlet/solicitudot?gx-no-cache=1646836639408 HTTP/1.1" 200 41
190.171.152.114 - - [09/Mar/2022:11:49:44 -0300] "GET /cormun/servlet/solicitudot?1b47ae181f7bfdd82e9a6ce33dd7f8956150c2ed1a049643faff0cab28a48ae82243b2f89c5457f7c24d237eada7cdf96ae062905f7935a10aaea1070abdce8d0a3f663b2a4285ba4629287611d2d2cd0d6c2ced8271bd5b6309175c0fdc5df2b0a767ca822f687136df55080ecea45d,gx-no-cache=1646836643195 HTTP/1.1" 200 110
190.171.152.114 - - [09/Mar/2022:11:49:44 -0300] "POST /cormun/servlet/solicitudot?gx-no-cache=1646836643214 HTTP/1.1" 200 83
190.171.152.114 - - [09/Mar/2022:11:49:56 -0300] "GET /cormun/servlet/solicitudot?1b47ae181f7bfdd82e9a6ce33dd7f8953d3a513fc2ce31082afceb6ca561276fab90e5c4ec4a615b845c8c3f3b4383ec58798af699e57932eeabb2f816e4fd2552c766afb081d408864980c180f7e3f416da44be54dffee1e759ce4c67e62b254c846ec21ce9cf7297a044a9b746bc1b,gx-no-cache=1646836655200 HTTP/1.1" 200 29
190.171.152.114 - - [09/Mar/2022:11:49:56 -0300] "GET /cormun/servlet/solicitudot?1b47ae181f7bfdd82e9a6ce33dd7f895abd60e8d3de2785772354df4c0ded6655aed6931a1117ed1be60e9bd6bcfb089,gx-no-cache=1646836655219 HTTP/1.1" 200 30
190.171.152.114 - - [09/Mar/2022:11:49:56 -0300] "POST /cormun/servlet/solicitudot?gx-no-cache=1646836655240 HTTP/1.1" 200 34
190.171.152.114 - - [09/Mar/2022:11:49:57 -0300] "POST /cormun/servlet/solicitudot?39cd20ab42600852f24a5d6741e0a919,UPD,2022,17956,false,,gx-no-cache=1646836655265 HTTP/1.1" 200 93
190.171.152.114 - - [09/Mar/2022:11:49:57 -0300] "GET /cormun/servlet/hpexe_return? HTTP/1.1" 200 1016
190.171.152.114 - - [09/Mar/2022:11:49:57 -0300] "GET /cormun/servlet/trsolicitudot HTTP/1.1" 200 8814
190.171.152.114 - - [09/Mar/2022:11:49:57 -0300] "GET /cormun/servlet/trsolicitudot HTTP/1.1" 200 8810
190.171.152.114 - - [09/Mar/2022:11:50:03 -0300] "GET /cormun/servlet/solicitudot?INS,0,0,false, HTTP/1.1" 200 16025
190.171.152.114 - - [09/Mar/2022:11:50:03 -0300] "GET /cormun/servlet/solicitudot?INS,0,0,false, HTTP/1.1" 200 16032
190.171.144.234 - - [09/Mar/2022:11:50:06 -0300] "POST /cormun/servlet/solicitudot?b3bdf9dd9fae1b31deefb346e8eb06a5,INS,0,0,false,,gx-no-cache=1646836662962 HTTP/1.1" 200 12616
190.171.144.234 - - [09/Mar/2022:11:50:06 -0300] "GET /cormun/static/Shared/jqueryui/images/ui-bg_highlight-soft_100_c6c2c8_1x100.png HTTP/1.1" 404 1117
190.171.144.234 - - [09/Mar/2022:11:50:06 -0300] "GET /cormun/static/Shared/jqueryui/images/ui-bg_flat_55_fafafa_40x100.png HTTP/1.1" 404 1097
190.171.144.234 - - [09/Mar/2022:11:50:06 -0300] "GET /cormun/static/Shared/jqueryui/images/ui-icons_8d78a5_256x240.png HTTP/1.1" 404 1089
190.171.144.234 - - [09/Mar/2022:11:50:06 -0300] "GET /cormun/static/Shared/jqueryui/images/ui-icons_82798d_256x240.png HTTP/1.1" 404 1089
190.171.144.234 - - [09/Mar/2022:11:50:09 -0300] "GET /cormun/servlet/solicitudot?dc97f46045f83fd972d9d57ab46d053d4ceb219324450d988fbf6c3569eb2b033366817d53f2564e2427e13351e5542f,gx-no-cache=1646836666344 HTTP/1.1" 200 30
190.171.144.234 - - [09/Mar/2022:11:50:09 -0300] "GET /cormun/servlet/solicitudot?dc97f46045f83fd972d9d57ab46d053dbc7b3d12c7d64ab22bda428ba526cfd932ee00608e26cc4c9a1316cdcc2a615dac1934ac1d76fb19beb8ef2e471592e6,gx-no-cache=1646836666383 HTTP/1.1" 200 30
190.171.144.234 - - [09/Mar/2022:11:50:09 -0300] "GET /cormun/servlet/solicitudot?dc97f46045f83fd972d9d57ab46d053dc222560a78c5fc458af8337f761319d0,gx-no-cache=1646836666405 HTTP/1.1" 200 53
190.171.144.234 - - [09/Mar/2022:11:50:09 -0300] "POST /cormun/servlet/solicitudot?gx-no-cache=1646836666431 HTTP/1.1" 200 255
190.171.144.234 - - [09/Mar/2022:11:50:09 -0300] "GET /cormun/servlet/solicitudot?dc97f46045f83fd972d9d57ab46d053d029f6e901bd985e11d3f7b69d074ec3abdd3ab1731b298227eb10f278ebdbf6b48c3926374a3b024228cb808149757a15375e28c8d93817dc79de540f4906de74fbb3e78ee4b6fa7c12de45e425e8634d660d305cd7c58df529444f8a0ea32c10a3913aa8f353f21f370910b205b2ddc1112845604ced68310bff79bd5ba57f95aa657b8f46036abeecfb7873825c82d787ac39ac9fb8c0b13d12c5b06baa94781907266d5f2561b0b7a190e58e5b93ac30dd1e2459298978bf6d3e3defd2779107039b6a653e2c4e6b0b04bd5448655b420707a5cd57ae1b9029c90b346fc58b923cf2ec413e69013bee81c40a9f8c575011c7499e0e02786e5e5c91793b1f968bae208fae02614cc305f9abd5f76b9ed195043a168dec8750b2c85e3ff826e240c7459d274238f01fa055fc7951eee3d2fbc0c0432663ebb6ca1eb35bc9b6aa63c82f5da4dde6707303db3c3f38cc6928013e79ab83edb09f5b7e9dfe4b51070880e354ddf069a0d78c7a659c8320c,gx-no-cache=1646836666460 HTTP/1.1" 200 30
190.171.144.234 - - [09/Mar/2022:11:50:12 -0300] "POST /cormun/servlet/solicitudot?gx-no-cache=1646836668905 HTTP/1.1" 200 30
190.171.144.234 - - [09/Mar/2022:11:50:14 -0300] "POST /cormun/servlet/solicitudot?gx-no-cache=1646836671586 HTTP/1.1" 200 1454
190.171.144.234 - - [09/Mar/2022:11:50:14 -0300] "POST /cormun/servlet/solicitudot?gx-no-cache=1646836671623 HTTP/1.1" 200 38
190.171.144.234 - - [09/Mar/2022:11:50:14 -0300] "GET /cormun/servlet/solicitudot?dc97f46045f83fd972d9d57ab46d053dce93a9419d345f73a7c6e7ffda23c2477b7858d396ed81bb757a6df16964949b5044c5351617020cecd502ac497a3b8406664f58aa1b7219154d3bb5977d478c9bf8cdcf7c7265c7cb8537ea5806037e71c1acfc9e09dd078b9ebf20b0419c28,gx-no-cache=1646836671648 HTTP/1.1" 200 110
190.171.144.234 - - [09/Mar/2022:11:50:21 -0300] "POST /cormun/servlet/solicitudot?gx-no-cache=1646836678483 HTTP/1.1" 200 97
190.171.141.90 - - [09/Mar/2022:11:50:37 -0300] "GET /cormun/servlet/trlicencias? HTTP/1.1" 200 12194
190.171.144.234 - - [09/Mar/2022:11:50:38 -0300] "GET /cormun/servlet/solicitudot?dc97f46045f83fd972d9d57ab46d053d867f8ff77af8f659006dbf7f59843df31e3f50215ef9c012e126adb96f1b16ff52d8c4f1cc596c559accc39572f89016d3fcfc2fc4fd786225a0e708f206b61019642e97097d26bd0696fc88bf07dde3d2df23a73bb72b6223be9eb3508b5c360f1ec8f7be880753a4067ef7e6ff8074293ed13f4071f44d5da5620069f6ba2277626cb0c872dcc7136d5f96e0f5c57ffc9eca45817ed667fc70df5c2f6808c05793b596b1939fc84f28046b332b8e675e9633e4c50d5ea7e29873e220d7ea53,gx-no-cache=1646836695665 HTTP/1.1" 200 29
190.171.141.90 - - [09/Mar/2022:11:50:39 -0300] "GET /cormun/servlet/hlogin HTTP/1.1" 200 1738
190.171.141.90 - - [09/Mar/2022:11:50:39 -0300] "GET /cormun/servlet/trlicencias? HTTP/1.1" 200 12190
190.171.144.234 - - [09/Mar/2022:11:50:41 -0300] "GET /cormun/static/menuarrow.gif HTTP/1.1" 404 1015
190.171.144.234 - - [09/Mar/2022:11:50:46 -0300] "GET /cormun/servlet/solicitudot?dc97f46045f83fd972d9d57ab46d053dcb41c0b768f569f4cbb42cac0e83655c05211bcc8397d98711d2db9d9f6d7934,gx-no-cache=1646836703141 HTTP/1.1" 200 30
190.171.144.234 - - [09/Mar/2022:11:50:54 -0300] "POST /cormun/servlet/solicitudot?gx-no-cache=1646836711683 HTTP/1.1" 200 30
190.171.141.90 - - [09/Mar/2022:11:50:58 -0300] "POST /cormun/servlet/hlogin?dfb47cf956ed7993da812a61787a6933,gx-no-cache=1646836714190 HTTP/1.1" 200 443
190.171.144.234 - - [09/Mar/2022:11:51:02 -0300] "POST /cormun/servlet/solicitudot?b3bdf9dd9fae1b31deefb346e8eb06a5,INS,0,0,false,,gx-no-cache=1646836718984 HTTP/1.1" 200 93
190.171.144.234 - - [09/Mar/2022:11:51:02 -0300] "GET /cormun/servlet/hpexe_return? HTTP/1.1" 200 1014
190.171.144.234 - - [09/Mar/2022:11:51:03 -0300] "GET /cormun/servlet/trsolicitudot HTTP/1.1" 200 8646
190.171.144.234 - - [09/Mar/2022:11:51:03 -0300] "GET /cormun/servlet/trsolicitudot HTTP/1.1" 200 8642
190.171.144.234 - - [09/Mar/2022:11:51:16 -0300] "POST /cormun/servlet/trsolicitudot?b3bdf9dd9fae1b31deefb346e8eb06a5,gx-no-cache=1646836733157 HTTP/1.1" 200 4588
190.171.144.234 - - [09/Mar/2022:11:51:16 -0300] "GET /cormun/static/Shared/jqueryui/images/ui-bg_highlight-soft_100_c6c2c8_1x100.png HTTP/1.1" 404 1117
190.171.144.234 - - [09/Mar/2022:11:51:16 -0300] "GET /cormun/static/Shared/jqueryui/images/ui-icons_82798d_256x240.png HTTP/1.1" 404 1089
190.171.144.234 - - [09/Mar/2022:11:51:16 -0300] "GET /cormun/static/Shared/jqueryui/images/ui-bg_flat_55_fafafa_40x100.png HTTP/1.1" 404 1097
190.171.144.234 - - [09/Mar/2022:11:51:16 -0300] "GET /cormun/static/Shared/jqueryui/images/ui-icons_8d78a5_256x240.png HTTP/1.1" 404 1089
190.171.144.234 - - [09/Mar/2022:11:51:16 -0300] "POST /cormun/servlet/trsolicitudot?b3bdf9dd9fae1b31deefb346e8eb06a5,gx-no-cache=1646836733331 HTTP/1.1" 200 4337
190.171.141.90 - - [09/Mar/2022:11:51:24 -0300] "POST /cormun/servlet/hlogin?dfb47cf956ed7993da812a61787a6933,gx-no-cache=1646836740693 HTTP/1.1" 200 90
190.171.141.90 - - [09/Mar/2022:11:51:25 -0300] "GET /cormun/servlet/hpexe_link HTTP/1.1" 200 952
190.171.141.90 - - [09/Mar/2022:11:51:25 -0300] "GET /cormun/servlet/trlicencias HTTP/1.1" 200 12629
190.171.141.90 - - [09/Mar/2022:11:51:26 -0300] "GET /cormun/servlet/trlicencias HTTP/1.1" 200 12627
190.171.144.234 - - [09/Mar/2022:11:51:31 -0300] "GET /cormun/servlet/hlogin HTTP/1.1" 200 1730
190.171.144.234 - - [09/Mar/2022:11:51:45 -0300] "POST /cormun/servlet/hlogin?b3bdf9dd9fae1b31deefb346e8eb06a5,gx-no-cache=1646836762051 HTTP/1.1" 200 90
190.171.144.234 - - [09/Mar/2022:11:51:45 -0300] "GET /cormun/servlet/hpexe_link HTTP/1.1" 200 957
190.171.144.234 - - [09/Mar/2022:11:51:45 -0300] "GET /cormun/servlet/hhome HTTP/1.1" 200 4116
190.171.144.234 - - [09/Mar/2022:11:51:45 -0300] "GET /cormun/servlet/hhome HTTP/1.1" 200 4112
190.171.144.234 - - [09/Mar/2022:11:51:52 -0300] "GET /cormun/servlet/trautorizarsolicitud? HTTP/1.1" 200 8641
190.171.144.234 - - [09/Mar/2022:11:51:55 -0300] "GET /cormun/servlet/trautorizarsolicitud? HTTP/1.1" 200 8639
190.171.152.114 - - [09/Mar/2022:11:52:02 -0300] "POST /cormun/servlet/solicitudot?gx-no-cache=1646836781321 HTTP/1.1" 200 3858
190.171.152.114 - - [09/Mar/2022:11:52:03 -0300] "POST /cormun/servlet/solicitudot?39cd20ab42600852f24a5d6741e0a919,INS,0,0,false,,gx-no-cache=1646836781489 HTTP/1.1" 200 12671
190.171.152.114 - - [09/Mar/2022:11:52:08 -0300] "GET /cormun/servlet/solicitudot?1b47ae181f7bfdd82e9a6ce33dd7f895fc79702ae5fa146da37f003ac1287dc0ec8184b97b92aab77471970e706f418a,gx-no-cache=1646836787467 HTTP/1.1" 200 30
190.171.144.234 - - [09/Mar/2022:11:52:13 -0300] "POST /cormun/servlet/trautorizarsolicitud?b3bdf9dd9fae1b31deefb346e8eb06a5,,gx-no-cache=1646836790218 HTTP/1.1" 200 4789
190.171.144.234 - - [09/Mar/2022:11:52:13 -0300] "GET /cormun/static/Shared/jqueryui/images/ui-bg_highlight-soft_100_c6c2c8_1x100.png HTTP/1.1" 404 1117
190.171.144.234 - - [09/Mar/2022:11:52:13 -0300] "GET /cormun/static/Shared/jqueryui/images/ui-icons_82798d_256x240.png HTTP/1.1" 404 1089
190.171.144.234 - - [09/Mar/2022:11:52:13 -0300] "GET /cormun/static/Shared/jqueryui/images/ui-bg_flat_55_fafafa_40x100.png HTTP/1.1" 404 1097
190.171.144.234 - - [09/Mar/2022:11:52:13 -0300] "GET /cormun/static/Shared/jqueryui/images/ui-icons_8d78a5_256x240.png HTTP/1.1" 404 1089
190.171.144.234 - - [09/Mar/2022:11:52:13 -0300] "POST /cormun/servlet/trautorizarsolicitud?b3bdf9dd9fae1b31deefb346e8eb06a5,,gx-no-cache=1646836790442 HTTP/1.1" 200 4539
190.171.144.234 - - [09/Mar/2022:11:52:47 -0300] "GET /cormun/servlet/hlogin HTTP/1.1" 200 1730
190.171.144.234 - - [09/Mar/2022:11:52:57 -0300] "POST /cormun/servlet/hlogin?b3bdf9dd9fae1b31deefb346e8eb06a5,gx-no-cache=1646836834153 HTTP/1.1" 200 90
190.171.144.234 - - [09/Mar/2022:11:52:57 -0300] "GET /cormun/servlet/hpexe_link HTTP/1.1" 200 957
190.171.144.234 - - [09/Mar/2022:11:52:57 -0300] "GET /cormun/servlet/hhome HTTP/1.1" 200 3991
190.171.144.234 - - [09/Mar/2022:11:52:57 -0300] "GET /cormun/servlet/hhome HTTP/1.1" 200 3987
190.95.1.185 - - [09/Mar/2022:11:53:55 -0300] "GET /cormun/servlet/solicitudot?INS,0,0,false, HTTP/1.1" 200 16193
190.95.1.185 - - [09/Mar/2022:11:53:56 -0300] "GET /cormun/servlet/solicitudot?INS,0,0,false, HTTP/1.1" 200 16201
190.95.1.185 - - [09/Mar/2022:11:54:08 -0300] "POST /cormun/servlet/solicitudot?gx-no-cache=1646836906065 HTTP/1.1" 200 3858
190.95.1.185 - - [09/Mar/2022:11:54:09 -0300] "POST /cormun/servlet/solicitudot?c65b5ebec06a724bb5e3a63dbb6d7157,INS,0,0,false,,gx-no-cache=1646836906246 HTTP/1.1" 200 12669
190.95.1.185 - - [09/Mar/2022:11:54:09 -0300] "GET /cormun/servlet/solicitudot?3555d07442f86e7d3327b4ef8bb3b21e97eca97525b471396bfd103969267138ce3cc9e0dd660ddeaafd9e3e42b3de6e,gx-no-cache=1646836906485 HTTP/1.1" 200 111
190.95.1.185 - - [09/Mar/2022:11:54:09 -0300] "GET /cormun/static/Shared/jqueryui/images/ui-bg_highlight-soft_100_c6c2c8_1x100.png HTTP/1.1" 404 1117
190.95.1.185 - - [09/Mar/2022:11:54:09 -0300] "GET /cormun/static/Shared/jqueryui/images/ui-icons_82798d_256x240.png HTTP/1.1" 404 1089
190.95.1.185 - - [09/Mar/2022:11:54:09 -0300] "GET /cormun/static/Shared/jqueryui/images/ui-icons_ebccce_256x240.png HTTP/1.1" 404 1089
190.95.1.185 - - [09/Mar/2022:11:54:09 -0300] "GET /cormun/static/Shared/jqueryui/images/ui-bg_flat_55_994d53_40x100.png HTTP/1.1" 404 1097
190.95.1.185 - - [09/Mar/2022:11:54:18 -0300] "GET /cormun/servlet/solicitudot?3555d07442f86e7d3327b4ef8bb3b21e3759c713b629ca9ad2328a42cf3099597dd3da212d6dfc55654da70fa9165c82,gx-no-cache=1646836915808 HTTP/1.1" 200 30
190.171.144.234 - - [09/Mar/2022:11:54:22 -0300] "GET /cormun/servlet/trsolicitudot? HTTP/1.1" 200 7212
190.171.144.234 - - [09/Mar/2022:11:54:23 -0300] "GET /cormun/servlet/trsolicitudot? HTTP/1.1" 200 7211
190.171.144.234 - - [09/Mar/2022:11:54:26 -0300] "GET /cormun/servlet/solicitudot?INS,0,0,false, HTTP/1.1" 200 15709
190.171.144.234 - - [09/Mar/2022:11:54:27 -0300] "GET /cormun/servlet/solicitudot?INS,0,0,false, HTTP/1.1" 200 15717
190.171.144.234 - - [09/Mar/2022:11:54:36 -0300] "POST /cormun/servlet/solicitudot?gx-no-cache=1646836932708 HTTP/1.1" 200 3980
190.171.144.234 - - [09/Mar/2022:11:54:36 -0300] "POST /cormun/servlet/solicitudot?b3bdf9dd9fae1b31deefb346e8eb06a5,INS,0,0,false,,gx-no-cache=1646836932896 HTTP/1.1" 200 12540
190.171.144.234 - - [09/Mar/2022:11:54:41 -0300] "GET /cormun/servlet/solicitudot?dc97f46045f83fd972d9d57ab46d053dd195e06bbf3499ea0fd4761dd718056c3e6ca8079fd2135f2b7e5a886342f117,gx-no-cache=1646836938269 HTTP/1.1" 200 30
190.171.144.234 - - [09/Mar/2022:11:54:41 -0300] "GET /cormun/servlet/solicitudot?dc97f46045f83fd972d9d57ab46d053ded9a24453358930ab87168c261f64fc19eef3e7b215f5cee4db38bbd48b0143c0a0ab32f30a07930c74ef5eccf0d1690,gx-no-cache=1646836938305 HTTP/1.1" 200 30
190.171.144.234 - - [09/Mar/2022:11:54:41 -0300] "GET /cormun/servlet/solicitudot?dc97f46045f83fd972d9d57ab46d053dc222560a78c5fc458af8337f761319d0,gx-no-cache=1646836938326 HTTP/1.1" 200 53
190.171.144.234 - - [09/Mar/2022:11:54:41 -0300] "POST /cormun/servlet/solicitudot?gx-no-cache=1646836938348 HTTP/1.1" 200 297
190.171.144.234 - - [09/Mar/2022:11:54:41 -0300] "GET /cormun/servlet/solicitudot?dc97f46045f83fd972d9d57ab46d053d029f6e901bd985e11d3f7b69d074ec3a6afba031124b10a84a794e952918ecf048c3926374a3b024228cb808149757a15375e28c8d93817dc79de540f4906de74fbb3e78ee4b6fa7c12de45e425e8634d660d305cd7c58df529444f8a0ea32c10a3913aa8f353f21f370910b205b2ddc1112845604ced68310bff79bd5ba57f95aa657b8f46036abeecfb7873825c82d787ac39ac9fb8c0b13d12c5b06baa94781907266d5f2561b0b7a190e58e5b93ac30dd1e2459298978bf6d3e3defd2779107039b6a653e2c4e6b0b04bd5448655b420707a5cd57ae1b9029c90b346fc58d3ebdadc66d8a7774cf23b913ee62e1175011c7499e0e02786e5e5c91793b1f9b490da291a2498110317259e136e566d09bfe98524aab832c9bc0381dda5a20bb5d4c1ad2e432230d119604ac5216fceda3860abafd9278a9ccd97c0e5f2015d46a3a1dc72062f1191f6ff0503428d5cca81e6dc43ed097db8147ff2daa466ce6eba5cfafeb29d64f1d7bb912f3886dc20f4ee382966d96ac2b8e5e981f220df,gx-no-cache=1646836938382 HTTP/1.1" 200 30
190.171.144.234 - - [09/Mar/2022:11:54:54 -0300] "POST /cormun/servlet/solicitudot?gx-no-cache=1646836951239 HTTP/1.1" 200 30
190.171.143.106 - - [09/Mar/2022:11:54:56 -0300] "GET /cormun/servlet/trsolicitudot? HTTP/1.1" 200 7194
190.171.143.106 - - [09/Mar/2022:11:54:57 -0300] "GET /cormun/static/calendar-system.css?75620 HTTP/1.1" 200 5572
190.171.143.106 - - [09/Mar/2022:11:54:57 -0300] "GET /cormun/static/gxcfg.js?201991910464971 HTTP/1.1" 200 953
190.171.143.106 - - [09/Mar/2022:11:54:57 -0300] "GET /cormun/static/trsolicitudot.js?201991910465845 HTTP/1.1" 200 54041
190.171.143.106 - - [09/Mar/2022:11:54:59 -0300] "GET /cormun/servlet/trsolicitudot? HTTP/1.1" 200 7194
190.171.143.106 - - [09/Mar/2022:11:55:12 -0300] "GET /cormun/servlet/solicitudot?INS,0,0,false, HTTP/1.1" 200 15700
190.171.143.106 - - [09/Mar/2022:11:55:12 -0300] "GET /cormun/static/gxcfg.js?20203414241232 HTTP/1.1" 200 953
190.171.143.106 - - [09/Mar/2022:11:55:12 -0300] "GET /cormun/static/solicitudot.js?20203414242792 HTTP/1.1" 200 74114
190.171.143.106 - - [09/Mar/2022:11:55:13 -0300] "GET /cormun/servlet/solicitudot?INS,0,0,false, HTTP/1.1" 200 15708
190.95.1.185 - - [09/Mar/2022:11:55:26 -0300] "GET /cormun/servlet/prbanco?,MD,,gxPopupLevel%3D0%3B HTTP/1.1" 200 6794
190.95.1.185 - - [09/Mar/2022:11:55:30 -0300] "GET /cormun/servlet/solicitudot?3555d07442f86e7d3327b4ef8bb3b21eafe96126b7f63319c9389f76ab17579ed94b031ad25105d3150cb3055643f7db1ad7202937d98e2801f07ac129839971,gx-no-cache=1646836987928 HTTP/1.1" 200 30
190.171.144.234 - - [09/Mar/2022:11:55:36 -0300] "GET /cormun/servlet/prcontratosol?19590668,,,,,MD,,gxPopupLevel%3D0%3B HTTP/1.1" 200 8381
190.171.144.234 - - [09/Mar/2022:11:55:36 -0300] "GET /cormun/static/gxcfg.js?2019914201458 HTTP/1.1" 200 953
190.171.144.234 - - [09/Mar/2022:11:55:36 -0300] "GET /cormun/static/Resources/Spanish/PXTools.css?19172979 HTTP/1.1" 200 100853
190.171.144.234 - - [09/Mar/2022:11:55:36 -0300] "GET /cormun/static/prcontratosol.js?20199142014772 HTTP/1.1" 200 15806
190.95.1.185 - - [09/Mar/2022:11:55:37 -0300] "GET /cormun/servlet/solicitudot?3555d07442f86e7d3327b4ef8bb3b21e6c6e87130dea51a951012008e378b2ca,gx-no-cache=1646836994616 HTTP/1.1" 200 53
190.171.144.234 - - [09/Mar/2022:11:55:45 -0300] "POST /cormun/servlet/solicitudot?gx-no-cache=1646837002630 HTTP/1.1" 200 1454
190.171.144.234 - - [09/Mar/2022:11:55:45 -0300] "POST /cormun/servlet/solicitudot?gx-no-cache=1646837002675 HTTP/1.1" 200 38
190.171.144.234 - - [09/Mar/2022:11:55:45 -0300] "GET /cormun/servlet/solicitudot?dc97f46045f83fd972d9d57ab46d053dce93a9419d345f73a7c6e7ffda23c2477b7858d396ed81bb757a6df16964949b5044c5351617020cecd502ac497a3b8406664f58aa1b7219154d3bb5977d478c9bf8cdcf7c7265c7cb8537ea5806037e71c1acfc9e09dd078b9ebf20b0419c28,gx-no-cache=1646837002698 HTTP/1.1" 200 110
190.171.144.234 - - [09/Mar/2022:11:55:45 -0300] "POST /cormun/servlet/solicitudot?gx-no-cache=1646837002722 HTTP/1.1" 200 79
190.171.144.234 - - [09/Mar/2022:11:55:45 -0300] "GET /cormun/servlet/solicitudot?dc97f46045f83fd972d9d57ab46d053d867f8ff77af8f659006dbf7f59843df31e3f50215ef9c012e126adb96f1b16ff0ad797cda686abe3a83bd1e8ad66ef754855a2039c943cf6149589e3ada1026bb2302fe42049348d2d20e0a8359c3617ab1f9eccb2df3542f54a02ec7aa0b738,gx-no-cache=1646837002754 HTTP/1.1" 200 29
190.171.144.234 - - [09/Mar/2022:11:55:46 -0300] "GET /cormun/servlet/solicitudot?dc97f46045f83fd972d9d57ab46d053dde6df6abfa7be6c1edd1d537045ec37a05211bcc8397d98711d2db9d9f6d7934,gx-no-cache=1646837002774 HTTP/1.1" 200 134
190.171.144.234 - - [09/Mar/2022:11:55:46 -0300] "GET /cormun/static/Shared/jqueryui/images/ui-bg_highlight-soft_100_c6c2c8_1x100.png HTTP/1.1" 404 1117
190.171.144.234 - - [09/Mar/2022:11:55:46 -0300] "GET /cormun/static/Shared/jqueryui/images/ui-icons_82798d_256x240.png HTTP/1.1" 404 1089
190.171.144.234 - - [09/Mar/2022:11:55:46 -0300] "GET /cormun/static/Shared/jqueryui/images/ui-icons_ebccce_256x240.png HTTP/1.1" 404 1089
190.171.144.234 - - [09/Mar/2022:11:55:46 -0300] "GET /cormun/static/Shared/jqueryui/images/ui-bg_flat_55_994d53_40x100.png HTTP/1.1" 404 1097
190.95.1.185 - - [09/Mar/2022:11:55:48 -0300] "POST /cormun/servlet/solicitudot?gx-no-cache=1646837006213 HTTP/1.1" 200 255
190.95.1.185 - - [09/Mar/2022:11:55:50 -0300] "GET /cormun/servlet/solicitudot?3555d07442f86e7d3327b4ef8bb3b21e382630ff4cc9360bff41143a01b19563ee84b20e58132d4f17134fc22cd444407f6f93f83dcf430da509b8784853ad44c54ad02f6436f2dd6a73795d528b273a25df4b92e5bffeca3367cacf69f7b08a985eef3a2d662a484a2eab213d79a3272af32b164bb1aa51407508d7404299e69290376661cd01056da01aa7e9f7e7958289294f1669508767aeab97349d831b91600eb715121102bc5182ed9aa08fa199dd25e2af1d09f5d7ce45cd3081c503d8c98b0b2543f427b0632e8f69502599441c821d031f42e22cb3e2258d9a306e2368276d32be79ff4371c3b92dd8aafada35ab1204ec26d0b89791d9a0fc5f9e3c5ea6b143fc3661969aa2b7e5a03f1e073fa51cecf6341c80dc935964db76515f06b78f220a695bce6188a03820a08338ae413c11209f7b4e92aa352f1933bfe4138eda86e7264c87dfe508ebf694a808f7baca7333c2e2a3284da8e28b261fa2cc4455a0f9fc788ac8fa4a2eecc21a08442f839c3136ff642351f02e91967e,gx-no-cache=1646837008309 HTTP/1.1" 200 30
190.95.1.185 - - [09/Mar/2022:11:55:56 -0300] "POST /cormun/servlet/solicitudot?gx-no-cache=1646837013732 HTTP/1.1" 200 30
190.171.144.234 - - [09/Mar/2022:11:56:06 -0300] "GET /cormun/static/menuarrow.gif HTTP/1.1" 404 1015
190.171.143.106 - - [09/Mar/2022:11:56:31 -0300] "POST /cormun/servlet/solicitudot?gx-no-cache=1646837046801 HTTP/1.1" 200 3850
190.171.143.106 - - [09/Mar/2022:11:56:31 -0300] "POST /cormun/servlet/solicitudot?2b03109ee7e3f7ed772368711aceb1ba,INS,0,0,false,,gx-no-cache=1646837047028 HTTP/1.1" 200 12391
190.171.143.106 - - [09/Mar/2022:11:56:35 -0300] "GET /cormun/servlet/solicitudot?cc62b95deb395bda7310b566cd2c107a15828ff1dd15e5f1db2d04a116ceda1efaf9502ec0111e9f0e1da35f58c8e555,gx-no-cache=1646837051652 HTTP/1.1" 200 30
190.171.144.234 - - [09/Mar/2022:11:56:47 -0300] "GET /cormun/servlet/solicitudot?dc97f46045f83fd972d9d57ab46d053dcb41c0b768f569f4cbb42cac0e83655c05211bcc8397d98711d2db9d9f6d7934,gx-no-cache=1646837064586 HTTP/1.1" 200 30
190.95.1.185 - - [09/Mar/2022:11:56:53 -0300] "POST /cormun/servlet/solicitudot?gx-no-cache=1646837071274 HTTP/1.1" 200 1454
190.95.1.185 - - [09/Mar/2022:11:56:53 -0300] "POST /cormun/servlet/solicitudot?gx-no-cache=1646837071320 HTTP/1.1" 200 38
190.95.1.185 - - [09/Mar/2022:11:57:11 -0300] "GET /cormun/servlet/solicitudot?3555d07442f86e7d3327b4ef8bb3b21e5acfd2b794d07c2136c69e99dedc72e66e0cf91e622132acd1a89fbca54f88520fc01d440669edd20b3ffc26185586cc54518ce9c3a10c1740aaf0f79a9f480a56bc16d4be99a9956d0716028b95db9ffc03771395b061f2d2c9358d80bfb60f,gx-no-cache=1646837088728 HTTP/1.1" 200 110
190.171.153.50 - - [09/Mar/2022:11:57:11 -0300] "GET /cormun/servlet/hlogin HTTP/1.1" 200 1742
190.95.1.185 - - [09/Mar/2022:11:57:14 -0300] "POST /cormun/servlet/solicitudot?gx-no-cache=1646837091848 HTTP/1.1" 200 97
190.171.153.50 - - [09/Mar/2022:11:57:23 -0300] "POST /cormun/servlet/hlogin?f4675689eb526a362bcdf918e804a502,gx-no-cache=1646837369554 HTTP/1.1" 200 90
190.171.153.50 - - [09/Mar/2022:11:57:23 -0300] "GET /cormun/servlet/hpexe_link HTTP/1.1" 200 944
190.171.153.50 - - [09/Mar/2022:11:57:23 -0300] "GET /cormun/servlet/hhome HTTP/1.1" 200 4213
190.171.153.50 - - [09/Mar/2022:11:57:24 -0300] "GET /cormun/servlet/hhome HTTP/1.1" 200 4210
190.95.1.185 - - [09/Mar/2022:11:58:43 -0300] "GET /cormun/servlet/solicitudot?3555d07442f86e7d3327b4ef8bb3b21e641ff850e1d8815a88ba46874178a2f03a21ae6e4a30d3c2a50f90b12bebf2888184b6894d39ae4982cb5fe335c75d39d5f5c65805b32ed05a3a170c6434e50d479f9399f11df4396e21c8196acf2147881b72f5d9504aa9f7c4a857fd36bb05,gx-no-cache=1646837181262 HTTP/1.1" 200 29
190.95.1.185 - - [09/Mar/2022:11:58:43 -0300] "GET /cormun/static/menuarrow.gif HTTP/1.1" 404 1015
190.95.1.185 - - [09/Mar/2022:11:58:47 -0300] "GET /cormun/servlet/solicitudot?3555d07442f86e7d3327b4ef8bb3b21e8ec8cfd5cb4a10e4951b416558a67faa2fb7817bc246eeb3acd31ef6503b6c7f,gx-no-cache=1646837185316 HTTP/1.1" 200 30
190.95.1.185 - - [09/Mar/2022:11:58:55 -0300] "POST /cormun/servlet/solicitudot?gx-no-cache=1646837192457 HTTP/1.1" 200 33
190.95.1.185 - - [09/Mar/2022:11:58:58 -0300] "POST /cormun/servlet/solicitudot?c65b5ebec06a724bb5e3a63dbb6d7157,INS,0,0,false,,gx-no-cache=1646837195403 HTTP/1.1" 200 93
190.95.1.185 - - [09/Mar/2022:11:58:58 -0300] "GET /cormun/servlet/hpexe_return? HTTP/1.1" 200 1008
190.95.1.185 - - [09/Mar/2022:11:58:58 -0300] "GET /cormun/servlet/trsolicitudot HTTP/1.1" 200 9314
190.95.1.185 - - [09/Mar/2022:11:58:58 -0300] "GET /cormun/servlet/trsolicitudot HTTP/1.1" 200 9309
190.95.1.185 - - [09/Mar/2022:11:59:32 -0300] "POST /cormun/servlet/trsolicitudot?c65b5ebec06a724bb5e3a63dbb6d7157,gx-no-cache=1646837229771 HTTP/1.1" 200 113
190.95.1.185 - - [09/Mar/2022:11:59:32 -0300] "GET /cormun/servlet/solicitudot?UPD,2022,18053,false, HTTP/1.1" 200 16762
190.95.1.185 - - [09/Mar/2022:11:59:33 -0300] "GET /cormun/servlet/solicitudot?UPD,2022,18053,false, HTTP/1.1" 200 16773
190.95.1.185 - - [09/Mar/2022:11:59:33 -0300] "POST /cormun/servlet/solicitudot?gx-no-cache=1646837230720 HTTP/1.1" 200 3925
190.95.1.185 - - [09/Mar/2022:11:59:33 -0300] "POST /cormun/servlet/solicitudot?c65b5ebec06a724bb5e3a63dbb6d7157,UPD,2022,18053,false,,gx-no-cache=1646837230846 HTTP/1.1" 200 12834
190.95.1.185 - - [09/Mar/2022:11:59:33 -0300] "GET /cormun/servlet/solicitudot?3555d07442f86e7d3327b4ef8bb3b21e3759c713b629ca9ad2328a42cf3099597fe4a585350da65ec96ab6c254b1038e,gx-no-cache=1646837230997 HTTP/1.1" 200 30
190.95.1.185 - - [09/Mar/2022:11:59:33 -0300] "GET /cormun/servlet/solicitudot?3555d07442f86e7d3327b4ef8bb3b21eafe96126b7f63319c9389f76ab17579ed94b031ad25105d3150cb3055643f7dbe40a4e435c663d8ac6fc6d12ea1499e3,gx-no-cache=1646837231019 HTTP/1.1" 200 30
190.95.1.185 - - [09/Mar/2022:11:59:33 -0300] "GET /cormun/servlet/solicitudot?3555d07442f86e7d3327b4ef8bb3b21e73eaea32d6620889a0463f9877b697f8da59405a1415c0f1a998a71d67ef3c79b4c663b3df3afcec6bf49b66e286ac69,gx-no-cache=1646837231043 HTTP/1.1" 200 53
190.95.1.185 - - [09/Mar/2022:11:59:33 -0300] "POST /cormun/servlet/solicitudot?gx-no-cache=1646837231063 HTTP/1.1" 200 256
190.95.1.185 - - [09/Mar/2022:11:59:33 -0300] "GET /cormun/servlet/solicitudot?3555d07442f86e7d3327b4ef8bb3b21e382630ff4cc9360bff41143a01b19563ee84b20e58132d4f17134fc22cd444407f6f93f83dcf430da509b8784853ad44c54ad02f6436f2dd6a73795d528b273a25df4b92e5bffeca3367cacf69f7b08a985eef3a2d662a484a2eab213d79a3272af32b164bb1aa51407508d7404299e69290376661cd01056da01aa7e9f7e7958289294f1669508767aeab97349d831b91600eb715121102bc5182ed9aa08fa199dd25e2af1d09f5d7ce45cd3081c503d8c98b0b2543f427b0632e8f69502599441c821d031f42e22cb3e2258d9a306e2368276d32be79ff4371c3b92dd8aafada35ab1204ec26d0b89791d9a0fc5f9e3c5ea6b143fc3661969aa2b7e5a03f1e073fa51cecf6341c80dc935964db76515f06b78f220a695bce6188a03820a08338ae413c11209f7b4e92aa352f1933bfe4138eda86e7264c87dfe508ebf694a808f7baca7333c2e2a3284da8e28b261fa2cc4455a0f9fc788ac8fa4a2eecc21ae98bb51cb0a921a52a24cc877c5e3575,gx-no-cache=1646837231088 HTTP/1.1" 200 30
190.95.1.185 - - [09/Mar/2022:11:59:33 -0300] "POST /cormun/servlet/solicitudot?gx-no-cache=1646837231109 HTTP/1.1" 200 30
190.95.1.185 - - [09/Mar/2022:11:59:33 -0300] "POST /cormun/servlet/solicitudot?gx-no-cache=1646837231138 HTTP/1.1" 200 1454
190.95.1.185 - - [09/Mar/2022:11:59:33 -0300] "POST /cormun/servlet/solicitudot?gx-no-cache=1646837231184 HTTP/1.1" 200 41
190.171.144.234 - - [09/Mar/2022:11:59:34 -0300] "POST /cormun/servlet/solicitudot?gx-no-cache=1646837231670 HTTP/1.1" 200 137
190.95.1.185 - - [09/Mar/2022:11:59:35 -0300] "GET /cormun/servlet/solicitudot?3555d07442f86e7d3327b4ef8bb3b21e5acfd2b794d07c2136c69e99dedc72e66e0cf91e622132acd1a89fbca54f88520fc01d440669edd20b3ffc26185586cc54518ce9c3a10c1740aaf0f79a9f480a56bc16d4be99a9956d0716028b95db9ffc03771395b061f2d2c9358d80bfb60f,gx-no-cache=1646837232386 HTTP/1.1" 200 110
190.95.1.185 - - [09/Mar/2022:11:59:35 -0300] "POST /cormun/servlet/solicitudot?gx-no-cache=1646837232407 HTTP/1.1" 200 97
190.95.1.185 - - [09/Mar/2022:11:59:35 -0300] "GET /cormun/servlet/solicitudot?3555d07442f86e7d3327b4ef8bb3b21e7fa463f503afd2d0a49974a6190cf3781a354a16181e8b20b4d93bdf8a6cb086dbd04b1cd11ed242b2e54faee56b93fee07bc6d9cc28c35e7adbcbead7aea0421a10cd26d174b9cfc059cc5ac881d91c077ddf0ffc89d2f07a4c3a23b3940a728c9585a77e429ffba578ed9b55b33655fa43003d783f3d78330472a7293c560bef126f8d74e0b912299f39de71f3642a,gx-no-cache=1646837233302 HTTP/1.1" 200 30
190.171.144.234 - - [09/Mar/2022:11:59:54 -0300] "POST /cormun/servlet/solicitudot?gx-no-cache=1646837251316 HTTP/1.1" 200 30
190.171.144.234 - - [09/Mar/2022:12:00:09 -0300] "POST /cormun/servlet/solicitudot?gx-no-cache=1646837266492 HTTP/1.1" 200 1454
190.171.144.234 - - [09/Mar/2022:12:00:09 -0300] "POST /cormun/servlet/solicitudot?gx-no-cache=1646837266540 HTTP/1.1" 200 41
190.171.144.234 - - [09/Mar/2022:12:00:09 -0300] "GET /cormun/servlet/solicitudot?dc97f46045f83fd972d9d57ab46d053dce93a9419d345f73a7c6e7ffda23c2477b7858d396ed81bb757a6df16964949b5044c5351617020cecd502ac497a3b8406664f58aa1b7219154d3bb5977d478c9bf8cdcf7c7265c7cb8537ea5806037e71c1acfc9e09dd078b9ebf20b0419c28,gx-no-cache=1646837266573 HTTP/1.1" 200 110
190.171.144.234 - - [09/Mar/2022:12:00:09 -0300] "POST /cormun/servlet/solicitudot?gx-no-cache=1646837266614 HTTP/1.1" 200 79
190.171.144.234 - - [09/Mar/2022:12:00:09 -0300] "POST /cormun/servlet/solicitudot?gx-no-cache=1646837266659 HTTP/1.1" 200 30
190.171.144.234 - - [09/Mar/2022:12:00:10 -0300] "POST /cormun/servlet/solicitudot?b3bdf9dd9fae1b31deefb346e8eb06a5,INS,0,0,false,,gx-no-cache=1646837266700 HTTP/1.1" 200 93
190.171.144.234 - - [09/Mar/2022:12:00:10 -0300] "GET /cormun/servlet/hpexe_return? HTTP/1.1" 200 1014
190.171.144.234 - - [09/Mar/2022:12:00:10 -0300] "GET /cormun/servlet/trsolicitudot HTTP/1.1" 200 8612
190.171.144.234 - - [09/Mar/2022:12:00:10 -0300] "GET /cormun/servlet/trsolicitudot HTTP/1.1" 200 8610
190.171.144.234 - - [09/Mar/2022:12:00:17 -0300] "POST /cormun/servlet/trsolicitudot?b3bdf9dd9fae1b31deefb346e8eb06a5,gx-no-cache=1646837273801 HTTP/1.1" 200 4576
190.171.144.234 - - [09/Mar/2022:12:00:17 -0300] "GET /cormun/static/Shared/jqueryui/images/ui-icons_82798d_256x240.png HTTP/1.1" 404 1089
190.171.144.234 - - [09/Mar/2022:12:00:17 -0300] "GET /cormun/static/Shared/jqueryui/images/ui-bg_highlight-soft_100_c6c2c8_1x100.png HTTP/1.1" 404 1117
190.171.144.234 - - [09/Mar/2022:12:00:17 -0300] "GET /cormun/static/Shared/jqueryui/images/ui-bg_flat_55_fafafa_40x100.png HTTP/1.1" 404 1097
190.171.144.234 - - [09/Mar/2022:12:00:17 -0300] "GET /cormun/static/Shared/jqueryui/images/ui-icons_8d78a5_256x240.png HTTP/1.1" 404 1089
190.171.144.234 - - [09/Mar/2022:12:00:17 -0300] "POST /cormun/servlet/trsolicitudot?b3bdf9dd9fae1b31deefb346e8eb06a5,gx-no-cache=1646837273963 HTTP/1.1" 200 4339
190.171.144.234 - - [09/Mar/2022:12:00:33 -0300] "GET /cormun/servlet/hlogin HTTP/1.1" 200 1730
190.95.1.185 - - [09/Mar/2022:12:00:49 -0300] "GET /cormun/servlet/solicitudot?3555d07442f86e7d3327b4ef8bb3b21e8ec8cfd5cb4a10e4951b416558a67faa2fb7817bc246eeb3acd31ef6503b6c7f,gx-no-cache=1646837307181 HTTP/1.1" 200 30
190.95.1.185 - - [09/Mar/2022:12:00:49 -0300] "POST /cormun/servlet/solicitudot?gx-no-cache=1646837307210 HTTP/1.1" 200 33
190.95.1.185 - - [09/Mar/2022:12:00:50 -0300] "POST /cormun/servlet/solicitudot?c65b5ebec06a724bb5e3a63dbb6d7157,UPD,2022,18053,false,,gx-no-cache=1646837307267 HTTP/1.1" 200 93
190.95.1.185 - - [09/Mar/2022:12:00:50 -0300] "GET /cormun/servlet/hpexe_return? HTTP/1.1" 200 1014
190.95.1.185 - - [09/Mar/2022:12:00:50 -0300] "GET /cormun/servlet/trsolicitudot HTTP/1.1" 200 9303
190.95.1.185 - - [09/Mar/2022:12:00:50 -0300] "GET /cormun/servlet/trsolicitudot HTTP/1.1" 200 9298
190.171.144.234 - - [09/Mar/2022:12:00:55 -0300] "POST /cormun/servlet/hlogin?b3bdf9dd9fae1b31deefb346e8eb06a5,gx-no-cache=1646837312666 HTTP/1.1" 200 90
190.171.144.234 - - [09/Mar/2022:12:00:55 -0300] "GET /cormun/servlet/hpexe_link HTTP/1.1" 200 957
190.171.144.234 - - [09/Mar/2022:12:00:56 -0300] "GET /cormun/servlet/hhome HTTP/1.1" 200 4116
190.171.144.234 - - [09/Mar/2022:12:00:56 -0300] "GET /cormun/servlet/hhome HTTP/1.1" 200 4112
190.171.144.234 - - [09/Mar/2022:12:01:02 -0300] "GET /cormun/servlet/trautorizarsolicitud? HTTP/1.1" 200 8606
190.171.144.234 - - [09/Mar/2022:12:01:03 -0300] "GET /cormun/servlet/trautorizarsolicitud? HTTP/1.1" 200 8604
190.171.144.234 - - [09/Mar/2022:12:01:06 -0300] "POST /cormun/servlet/trautorizarsolicitud?b3bdf9dd9fae1b31deefb346e8eb06a5,,gx-no-cache=1646837323437 HTTP/1.1" 200 4779
190.171.144.234 - - [09/Mar/2022:12:01:07 -0300] "GET /cormun/static/Shared/jqueryui/images/ui-icons_82798d_256x240.png HTTP/1.1" 404 1089
190.171.144.234 - - [09/Mar/2022:12:01:07 -0300] "GET /cormun/static/Shared/jqueryui/images/ui-bg_highlight-soft_100_c6c2c8_1x100.png HTTP/1.1" 404 1117
190.171.144.234 - - [09/Mar/2022:12:01:07 -0300] "GET /cormun/static/Shared/jqueryui/images/ui-icons_8d78a5_256x240.png HTTP/1.1" 404 1089
190.171.144.234 - - [09/Mar/2022:12:01:07 -0300] "GET /cormun/static/Shared/jqueryui/images/ui-bg_flat_55_fafafa_40x100.png HTTP/1.1" 404 1097
190.171.144.234 - - [09/Mar/2022:12:01:07 -0300] "POST /cormun/servlet/trautorizarsolicitud?b3bdf9dd9fae1b31deefb346e8eb06a5,,gx-no-cache=1646837323813 HTTP/1.1" 200 4539
190.95.1.185 - - [09/Mar/2022:12:01:16 -0300] "POST /cormun/servlet/trsolicitudot?c65b5ebec06a724bb5e3a63dbb6d7157,gx-no-cache=1646837333973 HTTP/1.1" 200 107
190.95.1.185 - - [09/Mar/2022:12:01:16 -0300] "GET /cormun/servlet/trsolicitudadjuntos?2022,18051, HTTP/1.1" 200 6566
190.95.1.185 - - [09/Mar/2022:12:01:17 -0300] "GET /cormun/servlet/trsolicitudadjuntos?2022,18051, HTTP/1.1" 200 6566
190.95.1.185 - - [09/Mar/2022:12:01:18 -0300] "GET /cormun/servlet/solicitudotadjuntos?INS,2022,18051,,1, HTTP/1.1" 200 6510
190.95.1.185 - - [09/Mar/2022:12:01:18 -0300] "GET /cormun/static/about:blank HTTP/1.1" 404 1011
190.95.1.185 - - [09/Mar/2022:12:01:18 -0300] "GET /cormun/servlet/solicitudotadjuntos?INS,2022,18051,,1, HTTP/1.1" 200 6503
190.95.1.185 - - [09/Mar/2022:12:01:19 -0300] "GET /cormun/servlet/solicitudotadjuntos?3555d07442f86e7d3327b4ef8bb3b21ebdad3253ba158819b6f17381bbbb64f474f331f70e14a613987880919ec7e61d,gx-no-cache=1646837336718 HTTP/1.1" 200 30
190.95.1.185 - - [09/Mar/2022:12:01:19 -0300] "POST /cormun/servlet/solicitudotadjuntos?c65b5ebec06a724bb5e3a63dbb6d7157,INS,2022,18051,,1,,gx-no-cache=1646837336736 HTTP/1.1" 200 4190
190.95.1.185 - - [09/Mar/2022:12:01:22 -0300] "POST /cormun/servlet/solicitudotadjuntos?gx-no-cache=1646837340022 HTTP/1.1" 200 26
190.171.143.106 - - [09/Mar/2022:12:01:55 -0300] "GET /cormun/servlet/prbanco?,MD,,gxPopupLevel%3D0%3B HTTP/1.1" 200 6534
190.171.143.106 - - [09/Mar/2022:12:01:55 -0300] "GET /cormun/static/gxcfg.js?20201216131581 HTTP/1.1" 200 953
190.171.143.106 - - [09/Mar/2022:12:01:55 -0300] "GET /cormun/static/prbanco.js?20201216132311 HTTP/1.1" 200 10693
190.171.143.106 - - [09/Mar/2022:12:01:58 -0300] "GET /cormun/servlet/solicitudot?cc62b95deb395bda7310b566cd2c107a2bb4e23269f1630a4806ed004745740b5031092e238c7c97d999b26c5bec314cfaf9502ec0111e9f0e1da35f58c8e555,gx-no-cache=1646837373924 HTTP/1.1" 200 30
190.171.143.106 - - [09/Mar/2022:12:02:07 -0300] "GET /cormun/servlet/solicitudot?cc62b95deb395bda7310b566cd2c107a149c7f744f4ce0fd3aed8afa58d7d6df,gx-no-cache=1646837382278 HTTP/1.1" 200 29
190.171.143.106 - - [09/Mar/2022:12:02:10 -0300] "POST /cormun/servlet/solicitudot?gx-no-cache=1646837385687 HTTP/1.1" 200 256
190.171.143.106 - - [09/Mar/2022:12:02:26 -0300] "GET /cormun/servlet/solicitudot?cc62b95deb395bda7310b566cd2c107a14f97cf887a6531ae0d4752853f5985f2ab2482f697bee2d0dce7ed3f32ca076a6ed5f9304a6614092f44f602c8149b8ac788c79807cfb91fbf7983d49582abf173ecc4fcc497ee73e34a5cd17c1d330280c4c983afd7aa1e71c04c7ae67523849280d2782dd3a763c643a68b8bc08a78140dafe9c6f878eabfe795573d91ab3e62bedbed75fcdf16dfbe6f2f9df4d80d279356e058ece4f4c75d8f2378a9c85ebbf60f7ed607b36aff1ef49b69773496123f8bc42bb003d8b2fe417cf9d618b66b77a995fba1c923116f45617e88b4478bc5eb327f02a28f9ef42dcb458d8aca5aa5394cb9fc77aaa2f2f23b2a904ae055201df96f73408501bb133aa5bef52615f4a418e07a3683ecf6a750132d39f46a1c33bc466bf7ff089b9cd68bccf8eaeab8b30bd5e670111f513cf306a5349309a860eb3273f2e7c7e203b480004a601ba08665711c4ee67688c906666c6f12df20581cde7d7562efeaf2f0ecb54e1d3c7abd2387df4bfb4641f670abcab18,gx-no-cache=1646837395233 HTTP/1.1" 200 30
190.171.143.106 - - [09/Mar/2022:12:02:31 -0300] "POST /cormun/servlet/solicitudot?gx-no-cache=1646837407135 HTTP/1.1" 200 30
190.171.142.10 - - [09/Mar/2022:12:03:09 -0300] "GET /cormun/servlet/hlogin HTTP/1.1" 200 1729
190.171.142.10 - - [09/Mar/2022:12:03:10 -0300] "GET /cormun/servlet/hlogin HTTP/1.1" 200 1740
190.171.143.106 - - [09/Mar/2022:12:03:14 -0300] "POST /cormun/servlet/solicitudot?gx-no-cache=1646837423928 HTTP/1.1" 500 4102
190.171.143.106 - - [09/Mar/2022:12:03:14 -0300] "POST /cormun/servlet/solicitudot?gx-no-cache=1646837450029 HTTP/1.1" 200 38
190.171.142.10 - - [09/Mar/2022:12:03:19 -0300] "POST /cormun/servlet/hlogin?fa9a5d2d481bc0a1ff465cd098cb345a,gx-no-cache=1646837455104 HTTP/1.1" 200 90
190.171.142.10 - - [09/Mar/2022:12:03:19 -0300] "GET /cormun/servlet/hpexe_link HTTP/1.1" 200 956
190.171.142.10 - - [09/Mar/2022:12:03:20 -0300] "GET /cormun/servlet/hhome HTTP/1.1" 200 3977
190.171.142.10 - - [09/Mar/2022:12:03:21 -0300] "GET /cormun/servlet/hhome HTTP/1.1" 200 3974
190.171.142.10 - - [09/Mar/2022:12:03:32 -0300] "GET /cormun/servlet/trsolicitudot? HTTP/1.1" 200 8592
190.171.142.10 - - [09/Mar/2022:12:03:34 -0300] "GET /cormun/servlet/trsolicitudot? HTTP/1.1" 200 8590
190.171.143.106 - - [09/Mar/2022:12:03:44 -0300] "GET /cormun/servlet/solicitudot?cc62b95deb395bda7310b566cd2c107ac440ea9ca8348d2bb7217fa96cde9e49bdeba36c7e0da0cd88f1fa31e37f49b39d7017d73662f121d4a3cd7e88e4049b9f762f9833e6c74fce90aac30694328e8878a7ab78f8e3621a0fcdd71a9f87351c58691a62d31fbcbf3e86bdcf1aa257,gx-no-cache=1646837476884 HTTP/1.1" 200 110
190.171.142.10 - - [09/Mar/2022:12:04:52 -0300] "GET /cormun/servlet/trlicencias? HTTP/1.1" 200 9773
190.171.142.10 - - [09/Mar/2022:12:04:54 -0300] "GET /cormun/servlet/trlicencias? HTTP/1.1" 200 9772
190.171.142.10 - - [09/Mar/2022:12:04:58 -0300] "POST /cormun/servlet/trlicencias?fa9a5d2d481bc0a1ff465cd098cb345a,,gx-no-cache=1646837554133 HTTP/1.1" 200 7267
190.171.142.10 - - [09/Mar/2022:12:05:12 -0300] "GET /cormun/servlet/alicenciaprn?20028170,L,20220302000000,PU HTTP/1.1" 200 1548
190.171.143.106 - - [09/Mar/2022:12:05:36 -0300] "GET /cormun/servlet/prbanco?,MD,,gxPopupLevel%3D0%3B HTTP/1.1" 200 6534
190.171.143.106 - - [09/Mar/2022:12:05:42 -0300] "GET /cormun/servlet/solicitudot?cc62b95deb395bda7310b566cd2c107a13d09c491b4e078793a4269c960d3eab,gx-no-cache=1646837598503 HTTP/1.1" 200 53
190.171.142.10 - - [09/Mar/2022:12:06:33 -0300] "GET /cormun/servlet/trsolicitudot? HTTP/1.1" 200 8590
190.171.142.10 - - [09/Mar/2022:12:06:34 -0300] "GET /cormun/servlet/trsolicitudot? HTTP/1.1" 200 8590
190.171.143.106 - - [09/Mar/2022:12:06:41 -0300] "POST /cormun/servlet/solicitudot?gx-no-cache=1646837657646 HTTP/1.1" 200 30
190.171.143.106 - - [09/Mar/2022:12:06:42 -0300] "POST /cormun/servlet/solicitudot?gx-no-cache=1646837657694 HTTP/1.1" 200 1452
190.171.143.106 - - [09/Mar/2022:12:06:42 -0300] "POST /cormun/servlet/solicitudot?gx-no-cache=1646837657738 HTTP/1.1" 200 38
190.171.142.10 - - [09/Mar/2022:12:06:54 -0300] "POST /cormun/servlet/trsolicitudot?fa9a5d2d481bc0a1ff465cd098cb345a,,gx-no-cache=1646837670093 HTTP/1.1" 200 111
190.171.142.10 - - [09/Mar/2022:12:06:55 -0300] "GET /cormun/servlet/solicitudot?UPD,2022,18029,false, HTTP/1.1" 200 16269
