190.171.152.242 - - [08/Mar/2022:15:49:13 -0300] "GET /cormun/static/Shared/jqueryui/images/ui-icons_82798d_256x240.png HTTP/1.1" 404 1089
190.171.152.242 - - [08/Mar/2022:15:49:13 -0300] "GET /cormun/static/Shared/jqueryui/images/ui-icons_8d78a5_256x240.png HTTP/1.1" 404 1089
190.171.152.242 - - [08/Mar/2022:15:49:13 -0300] "GET /cormun/static/Shared/jqueryui/images/ui-bg_flat_55_fafafa_40x100.png HTTP/1.1" 404 1097
190.171.152.242 - - [08/Mar/2022:15:49:13 -0300] "POST /cormun/servlet/trsolicitudot?2e46e272d7de2f15bf2c0d4655399635,gx-no-cache=1646764608803 HTTP/1.1" 200 5762
190.171.152.242 - - [08/Mar/2022:15:49:17 -0300] "POST /cormun/servlet/trsolicitudot?2e46e272d7de2f15bf2c0d4655399635,gx-no-cache=1646764613080 HTTP/1.1" 200 6029
190.171.152.242 - - [08/Mar/2022:15:49:25 -0300] "POST /cormun/servlet/trsolicitudot?2e46e272d7de2f15bf2c0d4655399635,gx-no-cache=1646764621099 HTTP/1.1" 200 106
190.171.152.242 - - [08/Mar/2022:15:49:25 -0300] "GET /cormun/servlet/trsolicitudadjuntos?2022,18023, HTTP/1.1" 200 6111
190.171.152.242 - - [08/Mar/2022:15:49:26 -0300] "GET /cormun/servlet/trsolicitudadjuntos?2022,18023, HTTP/1.1" 200 6110
190.171.152.242 - - [08/Mar/2022:15:49:27 -0300] "GET /cormun/servlet/solicitudotadjuntos?INS,2022,18023,,1, HTTP/1.1" 200 6059
190.171.152.242 - - [08/Mar/2022:15:49:28 -0300] "GET /cormun/servlet/solicitudotadjuntos?INS,2022,18023,,1, HTTP/1.1" 200 6053
190.171.152.242 - - [08/Mar/2022:15:49:28 -0300] "GET /cormun/static/about:blank HTTP/1.1" 404 1011
190.171.152.242 - - [08/Mar/2022:15:49:28 -0300] "GET /cormun/servlet/solicitudotadjuntos?5ef7eb92f053f4d5056adbb4ff9593636f3bf6ba8e7de8670e231e32057e726fe20533b6ca961d8f5190393f94df13e5,gx-no-cache=1646764624471 HTTP/1.1" 200 30
190.171.152.242 - - [08/Mar/2022:15:49:28 -0300] "POST /cormun/servlet/solicitudotadjuntos?2e46e272d7de2f15bf2c0d4655399635,INS,2022,18023,,1,,gx-no-cache=1646764624513 HTTP/1.1" 200 3915
190.171.152.242 - - [08/Mar/2022:15:49:33 -0300] "POST /cormun/servlet/solicitudotadjuntos?gx-no-cache=1646764629492 HTTP/1.1" 200 26
190.171.152.242 - - [08/Mar/2022:15:49:45 -0300] "GET /cormun/servlet/solicitudotadjuntos?5ef7eb92f053f4d5056adbb4ff95936386775559d173ea684abb7012e56a056e,gx-no-cache=1646764640761 HTTP/1.1" 200 30
190.171.152.242 - - [08/Mar/2022:15:49:45 -0300] "GET /cormun/servlet/solicitudotadjuntos?5ef7eb92f053f4d5056adbb4ff95936386775559d173ea684abb7012e56a056e,gx-no-cache=1646764640773 HTTP/1.1" 200 30
190.171.152.242 - - [08/Mar/2022:15:49:45 -0300] "POST /cormun/servlet/solicitudotadjuntos?2e46e272d7de2f15bf2c0d4655399635,INS,2022,18023,,1, HTTP/1.1" 200 116
190.171.152.242 - - [08/Mar/2022:15:49:45 -0300] "GET /cormun/servlet/hpexe_return? HTTP/1.1" 200 1033
190.171.152.242 - - [08/Mar/2022:15:49:45 -0300] "GET /cormun/servlet/trsolicitudadjuntos?2022,18023, HTTP/1.1" 200 8899
190.171.152.242 - - [08/Mar/2022:15:49:45 -0300] "GET /cormun/servlet/trsolicitudadjuntos?2022,18023, HTTP/1.1" 200 8896
190.171.152.242 - - [08/Mar/2022:15:49:47 -0300] "GET /cormun/servlet/solicitudotadjuntos?INS,2022,18023,,1, HTTP/1.1" 200 6059
190.171.152.242 - - [08/Mar/2022:15:49:47 -0300] "GET /cormun/static/about:blank HTTP/1.1" 404 1011
190.171.152.242 - - [08/Mar/2022:15:49:48 -0300] "GET /cormun/servlet/solicitudotadjuntos?INS,2022,18023,,1, HTTP/1.1" 200 6053
190.171.152.242 - - [08/Mar/2022:15:49:48 -0300] "GET /cormun/servlet/solicitudotadjuntos?5ef7eb92f053f4d5056adbb4ff9593636f3bf6ba8e7de8670e231e32057e726fe20533b6ca961d8f5190393f94df13e5,gx-no-cache=1646764644107 HTTP/1.1" 200 30
190.171.152.242 - - [08/Mar/2022:15:49:48 -0300] "POST /cormun/servlet/solicitudotadjuntos?2e46e272d7de2f15bf2c0d4655399635,INS,2022,18023,,1,,gx-no-cache=1646764644144 HTTP/1.1" 200 3915
190.171.152.242 - - [08/Mar/2022:15:49:50 -0300] "POST /cormun/servlet/solicitudotadjuntos?gx-no-cache=1646764646369 HTTP/1.1" 200 26
190.171.152.242 - - [08/Mar/2022:15:49:59 -0300] "GET /cormun/servlet/solicitudotadjuntos?5ef7eb92f053f4d5056adbb4ff95936386775559d173ea684abb7012e56a056e,gx-no-cache=1646764655016 HTTP/1.1" 200 30
190.171.152.242 - - [08/Mar/2022:15:49:59 -0300] "GET /cormun/servlet/solicitudotadjuntos?5ef7eb92f053f4d5056adbb4ff95936386775559d173ea684abb7012e56a056e,gx-no-cache=1646764655029 HTTP/1.1" 200 30
190.171.152.242 - - [08/Mar/2022:15:49:59 -0300] "POST /cormun/servlet/solicitudotadjuntos?2e46e272d7de2f15bf2c0d4655399635,INS,2022,18023,,1, HTTP/1.1" 200 116
190.171.152.242 - - [08/Mar/2022:15:49:59 -0300] "GET /cormun/servlet/hpexe_return? HTTP/1.1" 200 1033
190.171.152.242 - - [08/Mar/2022:15:49:59 -0300] "GET /cormun/servlet/trsolicitudadjuntos?2022,18023, HTTP/1.1" 200 9128
190.171.152.242 - - [08/Mar/2022:15:50:00 -0300] "GET /cormun/servlet/trsolicitudadjuntos?2022,18023, HTTP/1.1" 200 9128
190.171.152.242 - - [08/Mar/2022:15:50:02 -0300] "GET /cormun/servlet/solicitudotadjuntos?INS,2022,18023,,1, HTTP/1.1" 200 6059
190.171.152.242 - - [08/Mar/2022:15:50:02 -0300] "GET /cormun/static/about:blank HTTP/1.1" 404 1011
190.171.152.242 - - [08/Mar/2022:15:50:02 -0300] "GET /cormun/servlet/solicitudotadjuntos?INS,2022,18023,,1, HTTP/1.1" 200 6053
190.171.152.242 - - [08/Mar/2022:15:50:02 -0300] "GET /cormun/servlet/solicitudotadjuntos?5ef7eb92f053f4d5056adbb4ff9593636f3bf6ba8e7de8670e231e32057e726fe20533b6ca961d8f5190393f94df13e5,gx-no-cache=1646764658548 HTTP/1.1" 200 30
190.171.152.242 - - [08/Mar/2022:15:50:03 -0300] "POST /cormun/servlet/solicitudotadjuntos?2e46e272d7de2f15bf2c0d4655399635,INS,2022,18023,,1,,gx-no-cache=1646764658574 HTTP/1.1" 200 3915
190.171.152.242 - - [08/Mar/2022:15:50:05 -0300] "POST /cormun/servlet/solicitudotadjuntos?gx-no-cache=1646764661153 HTTP/1.1" 200 26
190.171.152.242 - - [08/Mar/2022:15:50:12 -0300] "GET /cormun/servlet/solicitudotadjuntos?5ef7eb92f053f4d5056adbb4ff95936386775559d173ea684abb7012e56a056e,gx-no-cache=1646764668256 HTTP/1.1" 200 30
190.171.152.242 - - [08/Mar/2022:15:50:12 -0300] "GET /cormun/servlet/solicitudotadjuntos?5ef7eb92f053f4d5056adbb4ff95936386775559d173ea684abb7012e56a056e,gx-no-cache=1646764668268 HTTP/1.1" 200 30
190.171.152.242 - - [08/Mar/2022:15:50:12 -0300] "POST /cormun/servlet/solicitudotadjuntos?2e46e272d7de2f15bf2c0d4655399635,INS,2022,18023,,1, HTTP/1.1" 200 116
190.171.152.242 - - [08/Mar/2022:15:50:12 -0300] "GET /cormun/servlet/hpexe_return? HTTP/1.1" 200 1033
190.171.152.242 - - [08/Mar/2022:15:50:13 -0300] "GET /cormun/servlet/trsolicitudadjuntos?2022,18023, HTTP/1.1" 200 9315
190.171.152.242 - - [08/Mar/2022:15:50:13 -0300] "GET /cormun/servlet/trsolicitudadjuntos?2022,18023, HTTP/1.1" 200 9314
190.171.152.242 - - [08/Mar/2022:15:50:15 -0300] "GET /cormun/servlet/solicitudotadjuntos?INS,2022,18023,,1, HTTP/1.1" 200 6059
190.171.152.242 - - [08/Mar/2022:15:50:15 -0300] "GET /cormun/static/about:blank HTTP/1.1" 404 1011
190.171.152.242 - - [08/Mar/2022:15:50:15 -0300] "GET /cormun/servlet/solicitudotadjuntos?INS,2022,18023,,1, HTTP/1.1" 200 6052
190.171.152.242 - - [08/Mar/2022:15:50:16 -0300] "GET /cormun/servlet/solicitudotadjuntos?5ef7eb92f053f4d5056adbb4ff9593636f3bf6ba8e7de8670e231e32057e726fe20533b6ca961d8f5190393f94df13e5,gx-no-cache=1646764671684 HTTP/1.1" 200 30
190.171.152.242 - - [08/Mar/2022:15:50:16 -0300] "POST /cormun/servlet/solicitudotadjuntos?2e46e272d7de2f15bf2c0d4655399635,INS,2022,18023,,1,,gx-no-cache=1646764671713 HTTP/1.1" 200 3915
190.171.152.242 - - [08/Mar/2022:15:50:18 -0300] "POST /cormun/servlet/solicitudotadjuntos?gx-no-cache=1646764674073 HTTP/1.1" 200 26
190.95.1.185 - - [08/Mar/2022:15:50:23 -0300] "GET /cormun/servlet/solicitudot?5259979f5812d82124a7f9f6620401fcdfe02a4a7b4cc528b7f2aef9719d20a928d891a98c5551c2ad6e9c5bd94306ebcf2f001a9e389dd08ca1248e6d528ee6b136860306d760570c7e8d6de1eef4533314eb562972f48a7a92d2778d412ca2fc341af983455ef9deaaf859d79189a3,gx-no-cache=1646764679181 HTTP/1.1" 200 29
190.95.1.185 - - [08/Mar/2022:15:50:23 -0300] "GET /cormun/servlet/solicitudot?5259979f5812d82124a7f9f6620401fcca16635c9982732948361bfd6c80024c8b8ffb5533df637816df4634a529de6b,gx-no-cache=1646764679208 HTTP/1.1" 200 30
190.95.1.185 - - [08/Mar/2022:15:50:23 -0300] "POST /cormun/servlet/solicitudot?gx-no-cache=1646764679232 HTTP/1.1" 200 30
190.95.1.185 - - [08/Mar/2022:15:50:23 -0300] "POST /cormun/servlet/solicitudot?ce0ab4864179ccf9d5cba2c4a1f69e93,UPD,2022,17974,false,,gx-no-cache=1646764679256 HTTP/1.1" 200 93
190.95.1.185 - - [08/Mar/2022:15:50:23 -0300] "GET /cormun/servlet/hpexe_return? HTTP/1.1" 200 1020
190.95.1.185 - - [08/Mar/2022:15:50:23 -0300] "GET /cormun/servlet/trsolicitudot HTTP/1.1" 200 11817
190.95.1.185 - - [08/Mar/2022:15:50:23 -0300] "GET /cormun/servlet/trsolicitudot HTTP/1.1" 200 11812
190.171.152.242 - - [08/Mar/2022:15:50:26 -0300] "GET /cormun/servlet/solicitudotadjuntos?5ef7eb92f053f4d5056adbb4ff95936386775559d173ea684abb7012e56a056e,gx-no-cache=1646764681906 HTTP/1.1" 200 30
190.171.152.242 - - [08/Mar/2022:15:50:26 -0300] "GET /cormun/servlet/solicitudotadjuntos?5ef7eb92f053f4d5056adbb4ff95936386775559d173ea684abb7012e56a056e,gx-no-cache=1646764681917 HTTP/1.1" 200 30
190.171.152.242 - - [08/Mar/2022:15:50:26 -0300] "POST /cormun/servlet/solicitudotadjuntos?2e46e272d7de2f15bf2c0d4655399635,INS,2022,18023,,1, HTTP/1.1" 200 116
190.171.152.242 - - [08/Mar/2022:15:50:26 -0300] "GET /cormun/servlet/hpexe_return? HTTP/1.1" 200 1033
190.171.152.242 - - [08/Mar/2022:15:50:26 -0300] "GET /cormun/servlet/trsolicitudadjuntos?2022,18023, HTTP/1.1" 200 9614
190.171.152.242 - - [08/Mar/2022:15:50:27 -0300] "GET /cormun/servlet/trsolicitudadjuntos?2022,18023, HTTP/1.1" 200 9611
190.171.152.242 - - [08/Mar/2022:15:50:28 -0300] "GET /cormun/servlet/solicitudotadjuntos?INS,2022,18023,,1, HTTP/1.1" 200 6059
190.171.152.242 - - [08/Mar/2022:15:50:29 -0300] "GET /cormun/static/about:blank HTTP/1.1" 404 1011
190.171.152.242 - - [08/Mar/2022:15:50:29 -0300] "GET /cormun/servlet/solicitudotadjuntos?INS,2022,18023,,1, HTTP/1.1" 200 6052
190.95.1.185 - - [08/Mar/2022:15:50:29 -0300] "POST /cormun/servlet/trsolicitudot?ce0ab4864179ccf9d5cba2c4a1f69e93,gx-no-cache=1646764685403 HTTP/1.1" 200 113
190.95.1.185 - - [08/Mar/2022:15:50:29 -0300] "GET /cormun/servlet/solicitudot?UPD,2022,17974,false, HTTP/1.1" 200 16775
190.171.152.242 - - [08/Mar/2022:15:50:29 -0300] "GET /cormun/servlet/solicitudotadjuntos?5ef7eb92f053f4d5056adbb4ff9593636f3bf6ba8e7de8670e231e32057e726fe20533b6ca961d8f5190393f94df13e5,gx-no-cache=1646764685201 HTTP/1.1" 200 30
190.171.152.242 - - [08/Mar/2022:15:50:29 -0300] "POST /cormun/servlet/solicitudotadjuntos?2e46e272d7de2f15bf2c0d4655399635,INS,2022,18023,,1,,gx-no-cache=1646764685235 HTTP/1.1" 200 3915
190.95.1.185 - - [08/Mar/2022:15:50:29 -0300] "GET /cormun/servlet/solicitudot?UPD,2022,17974,false, HTTP/1.1" 200 16786
190.95.1.185 - - [08/Mar/2022:15:50:30 -0300] "POST /cormun/servlet/solicitudot?gx-no-cache=1646764686352 HTTP/1.1" 200 3922
190.95.1.185 - - [08/Mar/2022:15:50:30 -0300] "POST /cormun/servlet/solicitudot?ce0ab4864179ccf9d5cba2c4a1f69e93,UPD,2022,17974,false,,gx-no-cache=1646764686472 HTTP/1.1" 200 12842
190.95.1.185 - - [08/Mar/2022:15:50:30 -0300] "GET /cormun/servlet/solicitudot?5259979f5812d82124a7f9f6620401fc4367527d50783afea2a4f771cc48823784b123b12607bb10ce59e6a7997130bb,gx-no-cache=1646764686639 HTTP/1.1" 200 30
190.95.1.185 - - [08/Mar/2022:15:50:30 -0300] "GET /cormun/servlet/solicitudot?5259979f5812d82124a7f9f6620401fcd22ed895d079388eecd4c60f5061a09641cc4b02564b6835063eee10cc0002b3d8f895addc28d5ae0634548f141ba177,gx-no-cache=1646764686662 HTTP/1.1" 200 30
190.95.1.185 - - [08/Mar/2022:15:50:30 -0300] "GET /cormun/servlet/solicitudot?5259979f5812d82124a7f9f6620401fc04b806f71768c69145ea838c2e78dc304e630b9a3e702b961346f0a21e394ffde130ac58c76a8ddbf284b43156b20441,gx-no-cache=1646764686683 HTTP/1.1" 200 53
190.95.1.185 - - [08/Mar/2022:15:50:30 -0300] "POST /cormun/servlet/solicitudot?gx-no-cache=1646764686704 HTTP/1.1" 200 297
190.95.1.185 - - [08/Mar/2022:15:50:30 -0300] "GET /cormun/servlet/solicitudot?5259979f5812d82124a7f9f6620401fcc12eaa766ca03066bb1db950ef7552b11e0fcd6e78c6e7a21f1a1e11ed47d22b11ae0ea63edc3b50d600408c2a750083a7db2a70115eea07d9b12106638b1690061a2246a214da5f787665e865e2137475f603e64c778a638bdaaea2b2bda7573089a7e4872b439b5efc5f1088a8b7502dd30dbc423360096fc427198f0e8a176217cd65c5f067ac41211b50172e0a42603b42cffd8180ef497f6b0fb71f077c05ab37f86ae8e1a004953fd080386b3d0808b1bc8a391101a90dc46971dada363cb01e2ad08db5d409bda18e37c6907da90ae50e938ef21c2768097bc8ca1d05e8157d4d4b465e1c45c141ce2a29a556da7620293c4b45f354c2e9904400c36e52ed0fe0f4b24a00e98e5339076c5055875bf212801753cfaf331b05de6bbc79045efad14aba41e8c4d2d4d378ea89292eb22246732dfda63bc7def5f79764afada30ff7662643bab5b5e8866e32c256b11132d3ba1aa7800173b62edb33b363499821b4b96395177e58c15dc41362c310d4b8bbe7f1e1bf66897635e6f0a6bb,gx-no-cache=1646764686731 HTTP/1.1" 200 30
190.95.1.185 - - [08/Mar/2022:15:50:30 -0300] "POST /cormun/servlet/solicitudot?gx-no-cache=1646764686754 HTTP/1.1" 200 30
190.95.1.185 - - [08/Mar/2022:15:50:30 -0300] "POST /cormun/servlet/solicitudot?gx-no-cache=1646764686783 HTTP/1.1" 200 1455
190.95.1.185 - - [08/Mar/2022:15:50:30 -0300] "POST /cormun/servlet/solicitudot?gx-no-cache=1646764686827 HTTP/1.1" 200 41
190.171.152.242 - - [08/Mar/2022:15:50:31 -0300] "POST /cormun/servlet/solicitudotadjuntos?gx-no-cache=1646764687473 HTTP/1.1" 200 26
190.171.152.242 - - [08/Mar/2022:15:50:42 -0300] "GET /cormun/servlet/solicitudotadjuntos?5ef7eb92f053f4d5056adbb4ff95936386775559d173ea684abb7012e56a056e,gx-no-cache=1646764698584 HTTP/1.1" 200 30
190.171.152.242 - - [08/Mar/2022:15:50:43 -0300] "GET /cormun/servlet/solicitudotadjuntos?5ef7eb92f053f4d5056adbb4ff95936386775559d173ea684abb7012e56a056e,gx-no-cache=1646764698704 HTTP/1.1" 200 30
190.171.152.242 - - [08/Mar/2022:15:50:43 -0300] "POST /cormun/servlet/solicitudotadjuntos?2e46e272d7de2f15bf2c0d4655399635,INS,2022,18023,,1, HTTP/1.1" 200 116
190.171.152.242 - - [08/Mar/2022:15:50:43 -0300] "GET /cormun/servlet/hpexe_return? HTTP/1.1" 200 1033
190.171.152.242 - - [08/Mar/2022:15:50:43 -0300] "GET /cormun/servlet/trsolicitudadjuntos?2022,18023, HTTP/1.1" 200 9883
190.171.152.242 - - [08/Mar/2022:15:50:43 -0300] "GET /cormun/servlet/trsolicitudadjuntos?2022,18023, HTTP/1.1" 200 9879
190.171.152.242 - - [08/Mar/2022:15:50:46 -0300] "GET /cormun/servlet/solicitudotadjuntos?INS,2022,18023,,1, HTTP/1.1" 200 6059
190.171.152.242 - - [08/Mar/2022:15:50:46 -0300] "GET /cormun/static/about:blank HTTP/1.1" 404 1011
190.171.152.242 - - [08/Mar/2022:15:50:46 -0300] "GET /cormun/servlet/solicitudotadjuntos?INS,2022,18023,,1, HTTP/1.1" 200 6052
190.95.1.185 - - [08/Mar/2022:15:50:46 -0300] "POST /cormun/servlet/solicitudot?gx-no-cache=1646764702582 HTTP/1.1" 200 30
190.95.1.185 - - [08/Mar/2022:15:50:46 -0300] "POST /cormun/servlet/solicitudot?gx-no-cache=1646764702606 HTTP/1.1" 200 1455
190.95.1.185 - - [08/Mar/2022:15:50:46 -0300] "POST /cormun/servlet/solicitudot?gx-no-cache=1646764702643 HTTP/1.1" 200 41
190.95.1.185 - - [08/Mar/2022:15:50:46 -0300] "GET /cormun/servlet/solicitudot?5259979f5812d82124a7f9f6620401fcd8a8a43d029d4ed46e5b06f42415cf5837603f9a6270e85415f94d9069ac8dfebcf72fff139475a597290248276c7cb9ff6ebb56e9513ec4436d81964ea45391e55aec8324186004213b3d0dc794e7353699fb0ee651fa3c3dabeefe46b81a41,gx-no-cache=1646764702664 HTTP/1.1" 200 110
190.95.1.185 - - [08/Mar/2022:15:50:46 -0300] "POST /cormun/servlet/solicitudot?gx-no-cache=1646764702686 HTTP/1.1" 200 96
190.95.1.185 - - [08/Mar/2022:15:50:46 -0300] "GET /cormun/servlet/solicitudot?5259979f5812d82124a7f9f6620401fcdfe02a4a7b4cc528b7f2aef9719d20a928d891a98c5551c2ad6e9c5bd94306ebcf2f001a9e389dd08ca1248e6d528ee6b136860306d760570c7e8d6de1eef4533314eb562972f48a7a92d2778d412ca2fc341af983455ef9deaaf859d79189a3,gx-no-cache=1646764702717 HTTP/1.1" 200 29
190.95.1.185 - - [08/Mar/2022:15:50:46 -0300] "GET /cormun/servlet/solicitudot?5259979f5812d82124a7f9f6620401fcca16635c9982732948361bfd6c80024c8b8ffb5533df637816df4634a529de6b,gx-no-cache=1646764702739 HTTP/1.1" 200 30
190.95.1.185 - - [08/Mar/2022:15:50:46 -0300] "POST /cormun/servlet/solicitudot?gx-no-cache=1646764702765 HTTP/1.1" 200 30
190.171.152.242 - - [08/Mar/2022:15:50:46 -0300] "GET /cormun/servlet/solicitudotadjuntos?5ef7eb92f053f4d5056adbb4ff9593636f3bf6ba8e7de8670e231e32057e726fe20533b6ca961d8f5190393f94df13e5,gx-no-cache=1646764702467 HTTP/1.1" 200 30
190.95.1.185 - - [08/Mar/2022:15:50:47 -0300] "POST /cormun/servlet/solicitudot?ce0ab4864179ccf9d5cba2c4a1f69e93,UPD,2022,17974,false,,gx-no-cache=1646764702788 HTTP/1.1" 200 93
190.171.152.242 - - [08/Mar/2022:15:50:47 -0300] "POST /cormun/servlet/solicitudotadjuntos?2e46e272d7de2f15bf2c0d4655399635,INS,2022,18023,,1,,gx-no-cache=1646764702569 HTTP/1.1" 200 3915
190.95.1.185 - - [08/Mar/2022:15:50:47 -0300] "GET /cormun/servlet/hpexe_return? HTTP/1.1" 200 1020
190.95.1.185 - - [08/Mar/2022:15:50:47 -0300] "GET /cormun/servlet/trsolicitudot HTTP/1.1" 200 11817
190.95.1.185 - - [08/Mar/2022:15:50:47 -0300] "GET /cormun/servlet/trsolicitudot HTTP/1.1" 200 11812
190.171.152.242 - - [08/Mar/2022:15:50:48 -0300] "POST /cormun/servlet/solicitudotadjuntos?gx-no-cache=1646764704521 HTTP/1.1" 200 26
190.95.1.185 - - [08/Mar/2022:15:50:50 -0300] "POST /cormun/servlet/trsolicitudot?ce0ab4864179ccf9d5cba2c4a1f69e93,gx-no-cache=1646764706539 HTTP/1.1" 200 107
190.95.1.185 - - [08/Mar/2022:15:50:50 -0300] "GET /cormun/servlet/trsolicitudadjuntos?2022,17974, HTTP/1.1" 200 10611
190.95.1.185 - - [08/Mar/2022:15:50:51 -0300] "GET /cormun/servlet/trsolicitudadjuntos?2022,17974, HTTP/1.1" 200 10613
190.171.152.242 - - [08/Mar/2022:15:50:55 -0300] "GET /cormun/servlet/solicitudotadjuntos?5ef7eb92f053f4d5056adbb4ff95936386775559d173ea684abb7012e56a056e,gx-no-cache=1646764711169 HTTP/1.1" 200 30
190.171.152.242 - - [08/Mar/2022:15:50:55 -0300] "GET /cormun/servlet/solicitudotadjuntos?5ef7eb92f053f4d5056adbb4ff95936386775559d173ea684abb7012e56a056e,gx-no-cache=1646764711180 HTTP/1.1" 200 30
190.171.152.242 - - [08/Mar/2022:15:50:55 -0300] "POST /cormun/servlet/solicitudotadjuntos?2e46e272d7de2f15bf2c0d4655399635,INS,2022,18023,,1, HTTP/1.1" 200 116
190.171.152.242 - - [08/Mar/2022:15:50:55 -0300] "GET /cormun/servlet/hpexe_return? HTTP/1.1" 200 1033
190.171.152.242 - - [08/Mar/2022:15:50:56 -0300] "GET /cormun/servlet/trsolicitudadjuntos?2022,18023, HTTP/1.1" 200 10054
190.171.152.242 - - [08/Mar/2022:15:50:56 -0300] "GET /cormun/servlet/trsolicitudadjuntos?2022,18023, HTTP/1.1" 200 10055
190.171.152.242 - - [08/Mar/2022:15:50:58 -0300] "GET /cormun/servlet/trsolicitudot? HTTP/1.1" 200 8658
190.95.1.185 - - [08/Mar/2022:15:50:59 -0300] "GET /cormun/servlet/trsolicitudot? HTTP/1.1" 200 11819
190.171.152.242 - - [08/Mar/2022:15:50:59 -0300] "GET /cormun/servlet/trsolicitudot? HTTP/1.1" 200 8651
190.95.1.185 - - [08/Mar/2022:15:50:59 -0300] "GET /cormun/servlet/trsolicitudot? HTTP/1.1" 200 11812
190.171.152.242 - - [08/Mar/2022:15:51:02 -0300] "POST /cormun/servlet/trsolicitudot?2e46e272d7de2f15bf2c0d4655399635,,gx-no-cache=1646764717709 HTTP/1.1" 200 4609
190.171.152.242 - - [08/Mar/2022:15:51:02 -0300] "GET /cormun/static/Shared/jqueryui/images/ui-bg_highlight-soft_100_c6c2c8_1x100.png HTTP/1.1" 404 1117
190.171.152.242 - - [08/Mar/2022:15:51:02 -0300] "GET /cormun/static/Shared/jqueryui/images/ui-icons_82798d_256x240.png HTTP/1.1" 404 1089
190.171.152.242 - - [08/Mar/2022:15:51:02 -0300] "GET /cormun/static/Shared/jqueryui/images/ui-bg_flat_55_fafafa_40x100.png HTTP/1.1" 404 1097
190.171.152.242 - - [08/Mar/2022:15:51:02 -0300] "GET /cormun/static/Shared/jqueryui/images/ui-icons_8d78a5_256x240.png HTTP/1.1" 404 1089
190.171.152.242 - - [08/Mar/2022:15:51:02 -0300] "POST /cormun/servlet/trsolicitudot?2e46e272d7de2f15bf2c0d4655399635,,gx-no-cache=1646764717893 HTTP/1.1" 200 4360
190.95.1.185 - - [08/Mar/2022:15:51:55 -0300] "POST /cormun/servlet/trsolicitudot?ce0ab4864179ccf9d5cba2c4a1f69e93,,gx-no-cache=1646764771468 HTTP/1.1" 200 8426
190.95.1.185 - - [08/Mar/2022:15:51:55 -0300] "GET /cormun/static/Shared/jqueryui/images/ui-bg_highlight-soft_100_c6c2c8_1x100.png HTTP/1.1" 404 1117
190.95.1.185 - - [08/Mar/2022:15:51:56 -0300] "GET /cormun/static/Shared/jqueryui/images/ui-icons_82798d_256x240.png HTTP/1.1" 404 1089
190.95.1.185 - - [08/Mar/2022:15:51:56 -0300] "GET /cormun/static/Shared/jqueryui/images/ui-icons_8d78a5_256x240.png HTTP/1.1" 404 1089
190.95.1.185 - - [08/Mar/2022:15:51:56 -0300] "GET /cormun/static/Shared/jqueryui/images/ui-bg_flat_55_fafafa_40x100.png HTTP/1.1" 404 1097
190.95.1.185 - - [08/Mar/2022:15:51:56 -0300] "POST /cormun/servlet/trsolicitudot?ce0ab4864179ccf9d5cba2c4a1f69e93,,gx-no-cache=1646764772090 HTTP/1.1" 200 8368
190.95.1.185 - - [08/Mar/2022:15:52:05 -0300] "POST /cormun/servlet/trsolicitudot?ce0ab4864179ccf9d5cba2c4a1f69e93,,gx-no-cache=1646764782021 HTTP/1.1" 200 113
190.95.1.185 - - [08/Mar/2022:15:52:06 -0300] "GET /cormun/servlet/solicitudot?UPD,2022,17976,false, HTTP/1.1" 200 16896
190.95.1.185 - - [08/Mar/2022:15:52:06 -0300] "GET /cormun/servlet/solicitudot?UPD,2022,17976,false, HTTP/1.1" 200 16910
190.95.1.185 - - [08/Mar/2022:15:52:06 -0300] "POST /cormun/servlet/solicitudot?gx-no-cache=1646764782965 HTTP/1.1" 200 3936
190.95.1.185 - - [08/Mar/2022:15:52:07 -0300] "POST /cormun/servlet/solicitudot?ce0ab4864179ccf9d5cba2c4a1f69e93,UPD,2022,17976,false,,gx-no-cache=1646764783086 HTTP/1.1" 200 12845
190.95.1.185 - - [08/Mar/2022:15:52:07 -0300] "GET /cormun/servlet/solicitudot?5259979f5812d82124a7f9f6620401fc568ba27d40b887399eba5bc7c53f3f8d84b123b12607bb10ce59e6a7997130bb,gx-no-cache=1646764783241 HTTP/1.1" 200 30
190.95.1.185 - - [08/Mar/2022:15:52:07 -0300] "GET /cormun/servlet/solicitudot?5259979f5812d82124a7f9f6620401fc043c62fb54b9f4a6f07d99533467188e8cc40b8d695e1ee802217971e650a0936b3ce9c9f1766f77f0ec609654e9b532,gx-no-cache=1646764783263 HTTP/1.1" 200 30
190.95.1.185 - - [08/Mar/2022:15:52:07 -0300] "GET /cormun/servlet/solicitudot?5259979f5812d82124a7f9f6620401fc73107ef975e1d8835d4f6458099fd1fdd6748a6cdfae3b74915b159750ac3ee70ee961c030c8aea82f3b33f06328cbf0,gx-no-cache=1646764783281 HTTP/1.1" 200 51
190.95.1.185 - - [08/Mar/2022:15:52:07 -0300] "POST /cormun/servlet/solicitudot?gx-no-cache=1646764783301 HTTP/1.1" 200 297
190.95.1.185 - - [08/Mar/2022:15:52:07 -0300] "GET /cormun/servlet/solicitudot?5259979f5812d82124a7f9f6620401fcc12eaa766ca03066bb1db950ef7552b11e0fcd6e78c6e7a21f1a1e11ed47d22b11ae0ea63edc3b50d600408c2a750083a7db2a70115eea07d9b12106638b1690061a2246a214da5f787665e865e2137475f603e64c778a638bdaaea2b2bda7573089a7e4872b439b5efc5f1088a8b7502dd30dbc423360096fc427198f0e8a176217cd65c5f067ac41211b50172e0a42603b42cffd8180ef497f6b0fb71f077c05ab37f86ae8e1a004953fd080386b3d0808b1bc8a391101a90dc46971dada363cb01e2ad08db5d409bda18e37c6907da90ae50e938ef21c2768097bc8ca1d05e8157d4d4b465e1c45c141ce2a29a556da7620293c4b45f354c2e9904400c36e52ed0fe0f4b24a00e98e5339076c5055875bf212801753cfaf331b05de6bbc79045efad14aba41e8c4d2d4d378ea89292eb22246732dfda63bc7def5f79764afada30ff7662643bab5b5e8866e32c256b11132d3ba1aa7800173b62edb33b363499821b4b96395177e58c15dc41362c310d4b8bbe7f1e1bf66897635e6f0a6bb,gx-no-cache=1646764783328 HTTP/1.1" 200 30
190.95.1.185 - - [08/Mar/2022:15:52:07 -0300] "POST /cormun/servlet/solicitudot?gx-no-cache=1646764783349 HTTP/1.1" 200 30
190.95.1.185 - - [08/Mar/2022:15:52:07 -0300] "POST /cormun/servlet/solicitudot?gx-no-cache=1646764783375 HTTP/1.1" 200 1453
190.95.1.185 - - [08/Mar/2022:15:52:07 -0300] "POST /cormun/servlet/solicitudot?gx-no-cache=1646764783414 HTTP/1.1" 200 41
190.95.1.185 - - [08/Mar/2022:15:52:13 -0300] "GET /cormun/servlet/solicitudot?5259979f5812d82124a7f9f6620401fcd8a8a43d029d4ed46e5b06f42415cf5837603f9a6270e85415f94d9069ac8dfebcf72fff139475a597290248276c7cb9ff6ebb56e9513ec4436d81964ea45391e55aec8324186004213b3d0dc794e7353699fb0ee651fa3c3dabeefe46b81a41,gx-no-cache=1646764789929 HTTP/1.1" 200 110
190.95.1.185 - - [08/Mar/2022:15:52:13 -0300] "POST /cormun/servlet/solicitudot?gx-no-cache=1646764789950 HTTP/1.1" 200 79
190.95.1.185 - - [08/Mar/2022:15:52:13 -0300] "GET /cormun/servlet/solicitudot?5259979f5812d82124a7f9f6620401fcdfe02a4a7b4cc528b7f2aef9719d20a928d891a98c5551c2ad6e9c5bd94306ebcf2f001a9e389dd08ca1248e6d528ee6b136860306d760570c7e8d6de1eef4533314eb562972f48a7a92d2778d412ca2fc341af983455ef9deaaf859d79189a3,gx-no-cache=1646764789982 HTTP/1.1" 200 29
190.95.1.185 - - [08/Mar/2022:15:52:13 -0300] "GET /cormun/servlet/solicitudot?5259979f5812d82124a7f9f6620401fcca16635c9982732948361bfd6c80024c8b8ffb5533df637816df4634a529de6b,gx-no-cache=1646764790002 HTTP/1.1" 200 30
190.95.1.185 - - [08/Mar/2022:15:52:13 -0300] "POST /cormun/servlet/solicitudot?gx-no-cache=1646764790022 HTTP/1.1" 200 30
190.95.1.185 - - [08/Mar/2022:15:52:14 -0300] "POST /cormun/servlet/solicitudot?ce0ab4864179ccf9d5cba2c4a1f69e93,UPD,2022,17976,false,,gx-no-cache=1646764790047 HTTP/1.1" 200 93
190.95.1.185 - - [08/Mar/2022:15:52:14 -0300] "GET /cormun/servlet/hpexe_return? HTTP/1.1" 200 1020
190.95.1.185 - - [08/Mar/2022:15:52:14 -0300] "GET /cormun/servlet/trsolicitudot? HTTP/1.1" 200 11382
190.95.1.185 - - [08/Mar/2022:15:52:14 -0300] "GET /cormun/servlet/trsolicitudot? HTTP/1.1" 200 11377
190.95.1.185 - - [08/Mar/2022:15:53:57 -0300] "POST /cormun/servlet/trsolicitudot?ce0ab4864179ccf9d5cba2c4a1f69e93,,gx-no-cache=1646764893725 HTTP/1.1" 200 107
190.95.1.185 - - [08/Mar/2022:15:53:57 -0300] "GET /cormun/servlet/trsolicitudadjuntos?2022,17976, HTTP/1.1" 200 10544
190.95.1.185 - - [08/Mar/2022:15:53:58 -0300] "GET /cormun/servlet/trsolicitudadjuntos?2022,17976, HTTP/1.1" 200 10548
190.95.1.185 - - [08/Mar/2022:15:54:03 -0300] "GET /cormun/servlet/trsolicitudot? HTTP/1.1" 200 11382
190.95.1.185 - - [08/Mar/2022:15:54:03 -0300] "GET /cormun/servlet/trsolicitudot? HTTP/1.1" 200 11377
190.95.1.185 - - [08/Mar/2022:15:54:09 -0300] "POST /cormun/servlet/trsolicitudot?ce0ab4864179ccf9d5cba2c4a1f69e93,,gx-no-cache=1646764905737 HTTP/1.1" 200 7918
190.95.1.185 - - [08/Mar/2022:15:54:09 -0300] "GET /cormun/static/Shared/jqueryui/images/ui-icons_82798d_256x240.png HTTP/1.1" 404 1089
190.95.1.185 - - [08/Mar/2022:15:54:09 -0300] "GET /cormun/static/Shared/jqueryui/images/ui-bg_highlight-soft_100_c6c2c8_1x100.png HTTP/1.1" 404 1117
190.95.1.185 - - [08/Mar/2022:15:54:09 -0300] "GET /cormun/static/Shared/jqueryui/images/ui-bg_flat_55_fafafa_40x100.png HTTP/1.1" 404 1097
190.95.1.185 - - [08/Mar/2022:15:54:09 -0300] "GET /cormun/static/Shared/jqueryui/images/ui-icons_8d78a5_256x240.png HTTP/1.1" 404 1089
190.95.1.185 - - [08/Mar/2022:15:54:10 -0300] "POST /cormun/servlet/trsolicitudot?ce0ab4864179ccf9d5cba2c4a1f69e93,,gx-no-cache=1646764905991 HTTP/1.1" 200 7850
190.95.1.185 - - [08/Mar/2022:15:54:41 -0300] "POST /cormun/servlet/trsolicitudot?ce0ab4864179ccf9d5cba2c4a1f69e93,,gx-no-cache=1646764937109 HTTP/1.1" 200 107
190.95.1.185 - - [08/Mar/2022:15:54:41 -0300] "GET /cormun/servlet/trsolicitudadjuntos?2022,17988, HTTP/1.1" 200 10142
190.95.1.185 - - [08/Mar/2022:15:54:41 -0300] "GET /cormun/servlet/trsolicitudadjuntos?2022,17988, HTTP/1.1" 200 10143
190.95.1.185 - - [08/Mar/2022:15:54:49 -0300] "GET /cormun/servlet/solicitudotadjuntos?INS,2022,17988,,1, HTTP/1.1" 200 6515
190.95.1.185 - - [08/Mar/2022:15:54:50 -0300] "GET /cormun/static/about:blank HTTP/1.1" 404 1011
190.95.1.185 - - [08/Mar/2022:15:54:50 -0300] "GET /cormun/servlet/solicitudotadjuntos?INS,2022,17988,,1, HTTP/1.1" 200 6509
190.95.1.185 - - [08/Mar/2022:15:54:50 -0300] "GET /cormun/servlet/solicitudotadjuntos?5259979f5812d82124a7f9f6620401fc97a9ea1f14ab8a7e573d7edf79bdbcb5f6a71fe93e690fcfc129383d690f0fe7,gx-no-cache=1646764946606 HTTP/1.1" 200 30
190.95.1.185 - - [08/Mar/2022:15:54:50 -0300] "POST /cormun/servlet/solicitudotadjuntos?ce0ab4864179ccf9d5cba2c4a1f69e93,INS,2022,17988,,1,,gx-no-cache=1646764946624 HTTP/1.1" 200 4196
190.95.1.185 - - [08/Mar/2022:15:54:51 -0300] "POST /cormun/servlet/solicitudotadjuntos?gx-no-cache=1646764947931 HTTP/1.1" 200 26
186.67.172.234 - - [08/Mar/2022:15:55:09 -0300] "GET /cormun/servlet/trlicencias? HTTP/1.1" 200 12424
186.67.172.234 - - [08/Mar/2022:15:55:09 -0300] "GET /cormun/servlet/hlogin HTTP/1.1" 200 1743
186.67.172.234 - - [08/Mar/2022:15:55:09 -0300] "GET /cormun/servlet/trlicencias? HTTP/1.1" 200 12435
190.95.1.185 - - [08/Mar/2022:15:55:14 -0300] "GET /cormun/servlet/solicitudotadjuntos?5259979f5812d82124a7f9f6620401fce2426203d98c77385ac43b63ec3187ad,gx-no-cache=1646764970548 HTTP/1.1" 200 30
190.95.1.185 - - [08/Mar/2022:15:55:14 -0300] "GET /cormun/servlet/solicitudotadjuntos?5259979f5812d82124a7f9f6620401fce2426203d98c77385ac43b63ec3187ad,gx-no-cache=1646764970579 HTTP/1.1" 200 30
190.95.1.185 - - [08/Mar/2022:15:55:14 -0300] "POST /cormun/servlet/solicitudotadjuntos?ce0ab4864179ccf9d5cba2c4a1f69e93,INS,2022,17988,,1, HTTP/1.1" 200 116
190.95.1.185 - - [08/Mar/2022:15:55:14 -0300] "GET /cormun/servlet/hpexe_return? HTTP/1.1" 200 1032
190.95.1.185 - - [08/Mar/2022:15:55:15 -0300] "GET /cormun/servlet/trsolicitudadjuntos?2022,17988, HTTP/1.1" 200 10419
190.95.1.185 - - [08/Mar/2022:15:55:15 -0300] "GET /cormun/servlet/trsolicitudadjuntos?2022,17988, HTTP/1.1" 200 10417
186.67.172.234 - - [08/Mar/2022:15:55:18 -0300] "POST /cormun/servlet/hlogin?d4ac5193e12a7c31337916ec21bd336d,gx-no-cache=1646764975058 HTTP/1.1" 200 90
186.67.172.234 - - [08/Mar/2022:15:55:18 -0300] "GET /cormun/servlet/hpexe_link HTTP/1.1" 200 957
186.67.172.234 - - [08/Mar/2022:15:55:18 -0300] "GET /cormun/servlet/trlicencias HTTP/1.1" 200 10674
186.67.172.234 - - [08/Mar/2022:15:55:18 -0300] "GET /cormun/servlet/trlicencias HTTP/1.1" 200 10672
190.95.1.185 - - [08/Mar/2022:15:55:28 -0300] "GET /cormun/servlet/solicitudotadjuntos?INS,2022,17988,,1, HTTP/1.1" 200 6516
190.95.1.185 - - [08/Mar/2022:15:55:28 -0300] "GET /cormun/static/about:blank HTTP/1.1" 404 1011
190.95.1.185 - - [08/Mar/2022:15:55:28 -0300] "GET /cormun/servlet/solicitudotadjuntos?INS,2022,17988,,1, HTTP/1.1" 200 6509
186.67.172.234 - - [08/Mar/2022:15:55:29 -0300] "GET /cormun/servlet/trsolicitudot? HTTP/1.1" 200 7591
190.95.1.185 - - [08/Mar/2022:15:55:29 -0300] "GET /cormun/servlet/solicitudotadjuntos?5259979f5812d82124a7f9f6620401fc97a9ea1f14ab8a7e573d7edf79bdbcb5f6a71fe93e690fcfc129383d690f0fe7,gx-no-cache=1646764985441 HTTP/1.1" 200 30
190.95.1.185 - - [08/Mar/2022:15:55:29 -0300] "POST /cormun/servlet/solicitudotadjuntos?ce0ab4864179ccf9d5cba2c4a1f69e93,INS,2022,17988,,1,,gx-no-cache=1646764985461 HTTP/1.1" 200 4196
186.67.172.234 - - [08/Mar/2022:15:55:29 -0300] "GET /cormun/servlet/trsolicitudot? HTTP/1.1" 200 7591
186.67.172.234 - - [08/Mar/2022:15:55:33 -0300] "GET /cormun/servlet/solicitudot?INS,0,0,false, HTTP/1.1" 200 16081
186.67.172.234 - - [08/Mar/2022:15:55:33 -0300] "GET /cormun/servlet/solicitudot?INS,0,0,false, HTTP/1.1" 200 16088
190.95.1.185 - - [08/Mar/2022:15:55:34 -0300] "POST /cormun/servlet/solicitudotadjuntos?gx-no-cache=1646764989662 HTTP/1.1" 200 26
186.67.172.234 - - [08/Mar/2022:15:55:43 -0300] "POST /cormun/servlet/solicitudot?gx-no-cache=1646765000404 HTTP/1.1" 200 3858
186.67.172.234 - - [08/Mar/2022:15:55:43 -0300] "POST /cormun/servlet/solicitudot?d4ac5193e12a7c31337916ec21bd336d,INS,0,0,false,,gx-no-cache=1646765000518 HTTP/1.1" 200 12668
186.67.172.234 - - [08/Mar/2022:15:55:46 -0300] "GET /cormun/servlet/solicitudot?63c77c9a67cc73e35d80c002e76a5718fcbf5ea701f39a8b103e24c5c5c778a7945758e198cf62827c2a4aff8ce99be0,gx-no-cache=1646765003003 HTTP/1.1" 200 30
190.95.1.185 - - [08/Mar/2022:15:55:57 -0300] "GET /cormun/servlet/solicitudotadjuntos?5259979f5812d82124a7f9f6620401fce2426203d98c77385ac43b63ec3187ad,gx-no-cache=1646765013645 HTTP/1.1" 200 30
190.95.1.185 - - [08/Mar/2022:15:55:57 -0300] "GET /cormun/servlet/solicitudotadjuntos?5259979f5812d82124a7f9f6620401fce2426203d98c77385ac43b63ec3187ad,gx-no-cache=1646765013759 HTTP/1.1" 200 30
190.95.1.185 - - [08/Mar/2022:15:55:58 -0300] "POST /cormun/servlet/solicitudotadjuntos?ce0ab4864179ccf9d5cba2c4a1f69e93,INS,2022,17988,,1, HTTP/1.1" 200 6681
190.95.1.185 - - [08/Mar/2022:15:55:58 -0300] "GET /cormun/static/Shared/jqueryui/images/ui-bg_highlight-soft_100_c6c2c8_1x100.png HTTP/1.1" 404 1117
190.95.1.185 - - [08/Mar/2022:15:55:58 -0300] "GET /cormun/static/Shared/jqueryui/images/ui-icons_82798d_256x240.png HTTP/1.1" 404 1089
190.95.1.185 - - [08/Mar/2022:15:55:58 -0300] "GET /cormun/static/Shared/jqueryui/images/ui-bg_flat_55_994d53_40x100.png HTTP/1.1" 404 1097
190.95.1.185 - - [08/Mar/2022:15:55:58 -0300] "GET /cormun/static/Shared/jqueryui/images/ui-icons_ebccce_256x240.png HTTP/1.1" 404 1089
190.95.1.185 - - [08/Mar/2022:15:55:59 -0300] "GET /cormun/PrivateTempStorage/upload_00003563.pdf HTTP/1.1" 200 660124
190.95.1.185 - - [08/Mar/2022:15:56:01 -0300] "GET /cormun/servlet/solicitudotadjuntos?5259979f5812d82124a7f9f6620401fc4f9456d80c62c3d768eeacd43dc79c4610d4b8bbe7f1e1bf66897635e6f0a6bb,gx-no-cache=1646765017083 HTTP/1.1" 200 30
190.95.1.185 - - [08/Mar/2022:15:56:01 -0300] "POST /cormun/servlet/solicitudotadjuntos?ce0ab4864179ccf9d5cba2c4a1f69e93,INS,2022,17988,,1, HTTP/1.1" 200 6681
190.95.1.185 - - [08/Mar/2022:15:56:02 -0300] "GET /cormun/PrivateTempStorage/upload_00003575.pdf HTTP/1.1" 200 660124
190.95.1.185 - - [08/Mar/2022:15:56:08 -0300] "GET /cormun/servlet/trsolicitudot? HTTP/1.1" 200 10918
190.95.1.185 - - [08/Mar/2022:15:56:08 -0300] "GET /cormun/servlet/trsolicitudot? HTTP/1.1" 200 10904
190.95.1.185 - - [08/Mar/2022:15:56:28 -0300] "POST /cormun/servlet/trsolicitudot?ce0ab4864179ccf9d5cba2c4a1f69e93,,gx-no-cache=1646765044648 HTTP/1.1" 200 7542
190.95.1.185 - - [08/Mar/2022:15:56:28 -0300] "GET /cormun/static/Shared/jqueryui/images/ui-bg_highlight-soft_100_c6c2c8_1x100.png HTTP/1.1" 404 1117
190.95.1.185 - - [08/Mar/2022:15:56:29 -0300] "GET /cormun/static/Shared/jqueryui/images/ui-icons_8d78a5_256x240.png HTTP/1.1" 404 1089
190.95.1.185 - - [08/Mar/2022:15:56:29 -0300] "GET /cormun/static/Shared/jqueryui/images/ui-icons_82798d_256x240.png HTTP/1.1" 404 1089
190.95.1.185 - - [08/Mar/2022:15:56:29 -0300] "GET /cormun/static/Shared/jqueryui/images/ui-bg_flat_55_fafafa_40x100.png HTTP/1.1" 404 1097
190.95.1.185 - - [08/Mar/2022:15:56:29 -0300] "POST /cormun/servlet/trsolicitudot?ce0ab4864179ccf9d5cba2c4a1f69e93,,gx-no-cache=1646765045048 HTTP/1.1" 200 7484
190.171.149.74 - - [08/Mar/2022:15:56:33 -0300] "GET /cormun/servlet/hlogin HTTP/1.1" 200 1756
190.171.149.74 - - [08/Mar/2022:15:56:38 -0300] "POST /cormun/servlet/hlogin?9cdc5d6a3a626d8f37ae534392b90cc7,gx-no-cache=1646768769451 HTTP/1.1" 200 90
190.171.149.74 - - [08/Mar/2022:15:56:38 -0300] "GET /cormun/servlet/hpexe_link HTTP/1.1" 200 960
190.171.149.74 - - [08/Mar/2022:15:56:39 -0300] "GET /cormun/servlet/hhome HTTP/1.1" 200 3988
190.171.149.74 - - [08/Mar/2022:15:56:39 -0300] "GET /cormun/servlet/hhome HTTP/1.1" 200 3984
190.171.149.74 - - [08/Mar/2022:15:56:41 -0300] "GET /cormun/servlet/trpermisosgoce? HTTP/1.1" 200 8603
190.171.149.74 - - [08/Mar/2022:15:56:42 -0300] "GET /cormun/servlet/trpermisosgoce? HTTP/1.1" 200 8600
190.171.149.74 - - [08/Mar/2022:15:56:45 -0300] "GET /cormun/servlet/trpermisosadjuntos?19679348,20220307132714,P, HTTP/1.1" 200 6305
190.171.149.74 - - [08/Mar/2022:15:56:45 -0300] "GET /cormun/servlet/trpermisosadjuntos?19679348,20220307132714,P, HTTP/1.1" 200 6306
190.171.149.74 - - [08/Mar/2022:15:56:48 -0300] "GET /cormun/servlet/permisosadjuntos?INS,19679348,P,20220307132714,, HTTP/1.1" 200 5630
190.171.149.74 - - [08/Mar/2022:15:56:49 -0300] "GET /cormun/static/about:blank HTTP/1.1" 404 1011
190.171.149.74 - - [08/Mar/2022:15:56:49 -0300] "GET /cormun/servlet/permisosadjuntos?INS,19679348,P,20220307132714,, HTTP/1.1" 200 5620
190.171.149.74 - - [08/Mar/2022:15:56:57 -0300] "POST /cormun/servlet/permisosadjuntos?9cdc5d6a3a626d8f37ae534392b90cc7,INS,19679348,P,20220307132714,, HTTP/1.1" 200 116
190.171.149.74 - - [08/Mar/2022:15:56:57 -0300] "GET /cormun/servlet/hpexe_return? HTTP/1.1" 200 1045
190.171.149.74 - - [08/Mar/2022:15:56:57 -0300] "GET /cormun/servlet/trpermisosadjuntos?19679348,20220307132714,P, HTTP/1.1" 200 6790
190.171.149.74 - - [08/Mar/2022:15:56:58 -0300] "GET /cormun/servlet/trpermisosadjuntos?19679348,20220307132714,P, HTTP/1.1" 200 6786
190.171.149.74 - - [08/Mar/2022:15:57:00 -0300] "GET /cormun/servlet/trpermisosgoce? HTTP/1.1" 200 8602
190.171.149.74 - - [08/Mar/2022:15:57:01 -0300] "GET /cormun/servlet/trpermisosgoce? HTTP/1.1" 200 8600
190.171.149.74 - - [08/Mar/2022:15:57:05 -0300] "POST /cormun/servlet/trpermisosgoce?9cdc5d6a3a626d8f37ae534392b90cc7,,gx-no-cache=1646768795643 HTTP/1.1" 200 5849
190.171.149.74 - - [08/Mar/2022:15:57:05 -0300] "GET /cormun/static/Shared/jqueryui/images/ui-bg_highlight-soft_100_c6c2c8_1x100.png HTTP/1.1" 404 1117
190.171.149.74 - - [08/Mar/2022:15:57:05 -0300] "GET /cormun/static/Shared/jqueryui/images/ui-icons_82798d_256x240.png HTTP/1.1" 404 1089
190.171.149.74 - - [08/Mar/2022:15:57:05 -0300] "GET /cormun/static/Shared/jqueryui/images/ui-bg_flat_55_fafafa_40x100.png HTTP/1.1" 404 1097
190.171.149.74 - - [08/Mar/2022:15:57:05 -0300] "GET /cormun/static/Shared/jqueryui/images/ui-icons_8d78a5_256x240.png HTTP/1.1" 404 1089
190.171.149.74 - - [08/Mar/2022:15:57:15 -0300] "GET /cormun/servlet/hlogin HTTP/1.1" 200 1753
190.171.149.74 - - [08/Mar/2022:15:57:29 -0300] "POST /cormun/servlet/hlogin?9cdc5d6a3a626d8f37ae534392b90cc7,gx-no-cache=1646768819827 HTTP/1.1" 200 90
190.171.149.74 - - [08/Mar/2022:15:57:29 -0300] "GET /cormun/servlet/hpexe_link HTTP/1.1" 200 960
190.171.149.74 - - [08/Mar/2022:15:57:29 -0300] "GET /cormun/servlet/hhome HTTP/1.1" 200 4240
190.171.149.74 - - [08/Mar/2022:15:57:29 -0300] "GET /cormun/servlet/hhome HTTP/1.1" 200 4236
190.171.149.74 - - [08/Mar/2022:15:57:35 -0300] "GET /cormun/servlet/trautorizarpermisogoce? HTTP/1.1" 200 7905
186.67.172.234 - - [08/Mar/2022:15:57:35 -0300] "GET /cormun/servlet/prbanco?,MD,,gxPopupLevel%3D0%3B HTTP/1.1" 200 6674
190.171.149.74 - - [08/Mar/2022:15:57:36 -0300] "GET /cormun/servlet/trautorizarpermisogoce? HTTP/1.1" 200 7903
190.171.149.74 - - [08/Mar/2022:15:57:40 -0300] "POST /cormun/servlet/trautorizarpermisogoce?9cdc5d6a3a626d8f37ae534392b90cc7,,gx-no-cache=1646768830794 HTTP/1.1" 200 4528
190.171.149.74 - - [08/Mar/2022:15:57:40 -0300] "GET /cormun/static/Shared/jqueryui/images/ui-bg_highlight-soft_100_c6c2c8_1x100.png HTTP/1.1" 404 1117
190.171.149.74 - - [08/Mar/2022:15:57:40 -0300] "GET /cormun/static/Shared/jqueryui/images/ui-icons_82798d_256x240.png HTTP/1.1" 404 1089
190.171.149.74 - - [08/Mar/2022:15:57:40 -0300] "GET /cormun/static/Shared/jqueryui/images/ui-bg_flat_55_fafafa_40x100.png HTTP/1.1" 404 1097
190.171.149.74 - - [08/Mar/2022:15:57:40 -0300] "GET /cormun/static/Shared/jqueryui/images/ui-icons_8d78a5_256x240.png HTTP/1.1" 404 1089
186.67.172.234 - - [08/Mar/2022:15:57:48 -0300] "GET /cormun/servlet/solicitudot?63c77c9a67cc73e35d80c002e76a571880863470fb9bc5cd22f000e1a9b8820eee62e8a236aef3078669e4d8deac3107,gx-no-cache=1646765124966 HTTP/1.1" 200 30
186.67.172.234 - - [08/Mar/2022:15:57:49 -0300] "GET /cormun/servlet/solicitudot?63c77c9a67cc73e35d80c002e76a57187fa9594387a9685188bdebd0c70588a9,gx-no-cache=1646765126107 HTTP/1.1" 200 53
190.171.149.74 - - [08/Mar/2022:15:58:04 -0300] "GET /cormun/servlet/hlogin HTTP/1.1" 200 1756
186.67.172.234 - - [08/Mar/2022:15:58:05 -0300] "POST /cormun/servlet/solicitudot?gx-no-cache=1646765142056 HTTP/1.1" 200 255
186.67.172.234 - - [08/Mar/2022:15:58:06 -0300] "GET /cormun/servlet/solicitudot?63c77c9a67cc73e35d80c002e76a5718f9a1da7699fb61082e52bea65fa4228c2e16a63ae8d58ee8f8b15008daed94911cce2e3e4ff9139796a6ee626a2a656052fecdbbf11ec4f4ecf113ae9c485b79103c2de2af53e0d81c4112a2cce39d3a01496132610a6eb754231e30a7731702349d905a1d1e65454e21d251c5f110cfdd6a975d6c96922f34f8f796ff06156e2915790fd30d1a792db813e3236981e7e3fe21a9b35e417fe560138670efa19a328406667defd9d99d2f1d39c9e23c49202d9ccb42396ed478c0ebd19b16279c028a7bd726e23cdf7c3538b04d7dc3ca6edc7f5a66acf0215dc1a69a6b56aa5a98bb4abf2b10b5fc560c18de2664a38ebdd193c49a135fbfb89e2ade464522fa991448afab947b6e33fcabaa214902de451728e128693d766a1e881e240be22f4ddb91f33e49d4e0a1592755b1a6f59a4d558f387f881869794b00182ff69335a47ce360b0b79e9dba6a34fd35bded2ec0a3041662023aad22a067706fc314609e790bacc10c92373a988cedb05603fe,gx-no-cache=1646765143553 HTTP/1.1" 200 30
186.67.172.234 - - [08/Mar/2022:15:58:17 -0300] "POST /cormun/servlet/solicitudot?gx-no-cache=1646765154815 HTTP/1.1" 200 256
186.67.172.234 - - [08/Mar/2022:15:58:19 -0300] "POST /cormun/servlet/solicitudot?gx-no-cache=1646765156743 HTTP/1.1" 200 242
186.67.172.234 - - [08/Mar/2022:15:58:21 -0300] "GET /cormun/servlet/solicitudot?63c77c9a67cc73e35d80c002e76a5718f9a1da7699fb61082e52bea65fa4228c3b09e6b5e1a41f59c0b7c9b6431f6b801cce2e3e4ff9139796a6ee626a2a656052fecdbbf11ec4f4ecf113ae9c485b79103c2de2af53e0d81c4112a2cce39d3a01496132610a6eb754231e30a7731702349d905a1d1e65454e21d251c5f110cfdd6a975d6c96922f34f8f796ff06156e2915790fd30d1a792db813e3236981e7e3fe21a9b35e417fe560138670efa19a328406667defd9d99d2f1d39c9e23c49202d9ccb42396ed478c0ebd19b16279c028a7bd726e23cdf7c3538b04d7dc3ca6edc7f5a66acf0215dc1a69a6b56aa5a98bb4abf2b10b5fc560c18de2664a38ebdd193c49a135fbfb89e2ade464522fa1cb507d644970b020d2dd8774cccbfaeed255df06baef51ae7fae6676fd260d5ecd203fbbf191193fa61fa1af3b0ba457ec9696b1db0eda893d9e25b3c87d86c9a903c8ebc1939f2618f1a9a3cce1868d0264a6f8c6f5f5d0bbf2019c59988b7de96c849699b70fe0566f67acf330e5b,gx-no-cache=1646765158583 HTTP/1.1" 200 30
186.67.172.234 - - [08/Mar/2022:15:58:23 -0300] "POST /cormun/servlet/solicitudot?gx-no-cache=1646765160783 HTTP/1.1" 200 30
186.67.172.234 - - [08/Mar/2022:15:58:35 -0300] "GET /cormun/servlet/prlicenciaspermisos?16253579,L,,MD,,gxPopupLevel%3D0%3B HTTP/1.1" 200 5957
186.67.172.234 - - [08/Mar/2022:15:58:35 -0300] "GET /cormun/static/gxcfg.js?2020121559567 HTTP/1.1" 200 953
186.67.172.234 - - [08/Mar/2022:15:58:35 -0300] "GET /cormun/static/prlicenciaspermisos.js?2020121559821 HTTP/1.1" 200 13379
186.67.172.234 - - [08/Mar/2022:15:58:37 -0300] "POST /cormun/servlet/solicitudot?gx-no-cache=1646765174595 HTTP/1.1" 200 1455
186.67.172.234 - - [08/Mar/2022:15:58:40 -0300] "POST /cormun/servlet/solicitudot?gx-no-cache=1646765177019 HTTP/1.1" 200 41
186.67.172.234 - - [08/Mar/2022:15:59:09 -0300] "GET /cormun/servlet/solicitudot?63c77c9a67cc73e35d80c002e76a571834cec6d75c1fa59b5c8ebfa3be8519ad54ddd10b7615f134fc48b0b1eed0390147a5f0bc8e949612351b8b0150c7c624ca05ba220515e1fecf265093e2c988b6cbe8323b358638dabd95e9a8e622aaf8d56941890c52cda7810e3035f7a61a3a,gx-no-cache=1646765206331 HTTP/1.1" 200 110
186.67.172.234 - - [08/Mar/2022:15:59:11 -0300] "POST /cormun/servlet/solicitudot?gx-no-cache=1646765208266 HTTP/1.1" 200 97
186.67.172.234 - - [08/Mar/2022:15:59:19 -0300] "GET /cormun/servlet/solicitudot?63c77c9a67cc73e35d80c002e76a571818dbdd2f95ec0292053ed4b6078c5bea6b3c0cdb8d612c506a43b58c2947eef034301983e4bedf8cc211427d222883e317ddbbdbd5c8166e34f1d6e7b09dcc6257d6ebb93ee3db1e83ddeb3172f0f332a278178ae93e64b4948450fef416367f,gx-no-cache=1646765216649 HTTP/1.1" 200 29
186.67.172.234 - - [08/Mar/2022:15:59:19 -0300] "GET /cormun/static/menuarrow.gif HTTP/1.1" 404 1015
186.67.172.234 - - [08/Mar/2022:15:59:22 -0300] "GET /cormun/servlet/solicitudot?63c77c9a67cc73e35d80c002e76a5718f9f804d3a07a36aea01e715433915b7a7efbb5b5cd95cf4a7a40cebc66e2da1d,gx-no-cache=1646765219556 HTTP/1.1" 200 30
186.67.172.234 - - [08/Mar/2022:15:59:22 -0300] "POST /cormun/servlet/solicitudot?gx-no-cache=1646765219588 HTTP/1.1" 200 34
190.171.152.242 - - [08/Mar/2022:16:00:21 -0300] "GET /cormun/servlet/solicitudot?INS,0,0,false, HTTP/1.1" 200 15724
190.171.152.242 - - [08/Mar/2022:16:00:22 -0300] "GET /cormun/servlet/solicitudot?INS,0,0,false, HTTP/1.1" 200 15732
186.67.172.234 - - [08/Mar/2022:16:00:24 -0300] "POST /cormun/servlet/solicitudot?d4ac5193e12a7c31337916ec21bd336d,INS,0,0,false,,gx-no-cache=1646765280603 HTTP/1.1" 200 93
186.67.172.234 - - [08/Mar/2022:16:00:24 -0300] "GET /cormun/servlet/hpexe_return? HTTP/1.1" 200 1010
186.67.172.234 - - [08/Mar/2022:16:00:24 -0300] "GET /cormun/servlet/trsolicitudot HTTP/1.1" 200 9024
186.67.172.234 - - [08/Mar/2022:16:00:24 -0300] "GET /cormun/servlet/trsolicitudot HTTP/1.1" 200 9022
190.171.152.242 - - [08/Mar/2022:16:00:31 -0300] "POST /cormun/servlet/solicitudot?gx-no-cache=1646765287416 HTTP/1.1" 200 3858
190.171.152.242 - - [08/Mar/2022:16:00:32 -0300] "POST /cormun/servlet/solicitudot?2e46e272d7de2f15bf2c0d4655399635,INS,0,0,false,,gx-no-cache=1646765287539 HTTP/1.1" 200 12408
190.171.152.242 - - [08/Mar/2022:16:00:34 -0300] "GET /cormun/servlet/solicitudot?5ef7eb92f053f4d5056adbb4ff959363d57c59c6a9f7c99c856858dfc3ac3b8a57f31864c80e3a96181cdb1ffede4e65,gx-no-cache=1646765290501 HTTP/1.1" 200 30
186.67.172.234 - - [08/Mar/2022:16:01:28 -0300] "POST /cormun/servlet/trsolicitudot?d4ac5193e12a7c31337916ec21bd336d,gx-no-cache=1646765345304 HTTP/1.1" 200 4854
186.67.172.234 - - [08/Mar/2022:16:01:28 -0300] "GET /cormun/static/Shared/jqueryui/images/ui-bg_highlight-soft_100_c6c2c8_1x100.png HTTP/1.1" 404 1117
186.67.172.234 - - [08/Mar/2022:16:01:28 -0300] "GET /cormun/static/Shared/jqueryui/images/ui-icons_82798d_256x240.png HTTP/1.1" 404 1089
186.67.172.234 - - [08/Mar/2022:16:01:28 -0300] "GET /cormun/static/Shared/jqueryui/images/ui-bg_flat_55_fafafa_40x100.png HTTP/1.1" 404 1097
186.67.172.234 - - [08/Mar/2022:16:01:28 -0300] "GET /cormun/static/Shared/jqueryui/images/ui-icons_8d78a5_256x240.png HTTP/1.1" 404 1089
186.67.172.234 - - [08/Mar/2022:16:01:28 -0300] "POST /cormun/servlet/trsolicitudot?d4ac5193e12a7c31337916ec21bd336d,gx-no-cache=1646765345538 HTTP/1.1" 200 4612
186.67.172.234 - - [08/Mar/2022:16:01:32 -0300] "GET /cormun/servlet/trlicencias? HTTP/1.1" 200 10673
186.67.172.234 - - [08/Mar/2022:16:01:32 -0300] "GET /cormun/servlet/trlicencias? HTTP/1.1" 200 10672
190.171.152.242 - - [08/Mar/2022:16:02:28 -0300] "GET /cormun/servlet/prbanco?,MD,,gxPopupLevel%3D0%3B HTTP/1.1" 200 6561
190.171.152.242 - - [08/Mar/2022:16:02:38 -0300] "GET /cormun/servlet/solicitudot?5ef7eb92f053f4d5056adbb4ff959363fc0418549a342d47b1068a21f2195370b4a461a27fdaccebc33322b897c0daae3da1c83b206702c6455aed36cae8fe5a1de8244373860b72eeddc986188ffd36,gx-no-cache=1646765414043 HTTP/1.1" 200 30
190.171.152.242 - - [08/Mar/2022:16:02:40 -0300] "GET /cormun/servlet/solicitudot?5ef7eb92f053f4d5056adbb4ff959363f4e396bf532984fc7fc141aea414e531,gx-no-cache=1646765415626 HTTP/1.1" 200 70
190.171.152.242 - - [08/Mar/2022:16:02:54 -0300] "POST /cormun/servlet/solicitudot?gx-no-cache=1646765429760 HTTP/1.1" 200 255
190.171.152.242 - - [08/Mar/2022:16:02:56 -0300] "GET /cormun/servlet/solicitudot?5ef7eb92f053f4d5056adbb4ff9593630b16fe88821b9a0c2604a137ccca3916441d77ee74fa36f240c7d34e6ecb7d54e206f2d538f002ecb173ec4aa96bc7ad9c221ab29f958e4a2dc101c826a7550f3a0b0412b4ea933d25c187929a311f86f3e2f7ecd8930f72985aa8a3a2b58a0b6b39a1bb0a0e200b7b5e1c8e82100d98be99857494b83c9ffcb5161f57b60d34fc025d9bc1a04d49d49ca7c4ac23dffd2c1f0da94efbe159e70db75981507e8a6890e38a0c3a5d1d3c20b0c575506d67647562e675707b4b79020a3fd05253c53ca8c291e08124bb589b8f3de54d20b742649f0fc68341db18a44835fca31e14ef614f55bce97f5f32eb42bfe91d42fa460966e07f982e68a73cda1f701a3c08a69a64d8e08edc1f0a22a21ef3a8e1b8faaea109f091c2957c10b8820be28e210d8211eb37cddbc3551b82f1f1f4bbdad548284af83bcc68bf2092301ed0a3e58f9320479b512a9d19a79f7f91bcb9b33842fd2b024bac91d15dcaa4a4e9370c39176a8aa8504747ba86f4ec3295d732,gx-no-cache=1646765431628 HTTP/1.1" 200 30
190.171.152.242 - - [08/Mar/2022:16:02:58 -0300] "POST /cormun/servlet/solicitudot?gx-no-cache=1646765434040 HTTP/1.1" 200 30
181.212.42.153 - - [08/Mar/2022:16:05:16 -0300] "GET /cormun/servlet/trlicencias? HTTP/1.1" 200 12443
181.212.42.153 - - [08/Mar/2022:16:05:16 -0300] "GET /cormun/servlet/hlogin HTTP/1.1" 200 1743
181.212.42.153 - - [08/Mar/2022:16:05:16 -0300] "GET /cormun/servlet/trlicencias? HTTP/1.1" 200 12438
181.212.42.153 - - [08/Mar/2022:16:05:22 -0300] "POST /cormun/servlet/hlogin?cb8d89dd0ecb4c89f944ab77ba311ef9,gx-no-cache=1646765913645 HTTP/1.1" 200 90
181.212.42.153 - - [08/Mar/2022:16:05:22 -0300] "GET /cormun/servlet/hpexe_link HTTP/1.1" 200 959
181.212.42.153 - - [08/Mar/2022:16:05:22 -0300] "GET /cormun/servlet/trlicencias HTTP/1.1" 200 10690
181.212.42.153 - - [08/Mar/2022:16:05:22 -0300] "GET /cormun/servlet/trlicencias HTTP/1.1" 200 10688
190.171.152.242 - - [08/Mar/2022:16:07:20 -0300] "GET /cormun/servlet/hlogin HTTP/1.1" 200 1757
200.83.224.3 - - [08/Mar/2022:16:15:07 -0300] "GET /cormun/servlet/hlogin HTTP/1.1" 200 1721
200.83.224.3 - - [08/Mar/2022:16:15:14 -0300] "POST /cormun/servlet/hlogin?f01527b9d2279f6cc53359dfae5145b1,gx-no-cache=1646766171735 HTTP/1.1" 200 418
200.83.224.3 - - [08/Mar/2022:16:15:22 -0300] "POST /cormun/servlet/hlogin?f01527b9d2279f6cc53359dfae5145b1,gx-no-cache=1646766179338 HTTP/1.1" 200 90
200.83.224.3 - - [08/Mar/2022:16:15:22 -0300] "GET /cormun/servlet/hpexe_link HTTP/1.1" 200 947
200.83.224.3 - - [08/Mar/2022:16:15:22 -0300] "GET /cormun/servlet/hhome HTTP/1.1" 200 4301
200.83.224.3 - - [08/Mar/2022:16:15:23 -0300] "GET /cormun/servlet/hhome HTTP/1.1" 200 4298
200.83.224.3 - - [08/Mar/2022:16:15:26 -0300] "GET /cormun/servlet/trsolicitudot? HTTP/1.1" 200 7520
200.83.224.3 - - [08/Mar/2022:16:15:27 -0300] "GET /cormun/servlet/trsolicitudot? HTTP/1.1" 200 7518
200.83.224.3 - - [08/Mar/2022:16:15:30 -0300] "GET /cormun/static/menuarrow.gif HTTP/1.1" 404 1015
190.171.142.50 - - [08/Mar/2022:16:17:04 -0300] "GET /cormun/servlet/hlogin HTTP/1.1" 200 1729
190.171.142.50 - - [08/Mar/2022:16:17:04 -0300] "GET /cormun/servlet/hlogin HTTP/1.1" 200 1739
190.171.142.50 - - [08/Mar/2022:16:17:04 -0300] "GET /favicon.ico HTTP/1.1" 200 21630
190.171.142.50 - - [08/Mar/2022:16:17:11 -0300] "POST /cormun/servlet/hlogin?fe8c5271b1bc0c8bc976ad4ad4632cd6,gx-no-cache=1646765120933 HTTP/1.1" 200 90
190.171.142.50 - - [08/Mar/2022:16:17:11 -0300] "GET /cormun/servlet/hpexe_link HTTP/1.1" 200 955
190.171.142.50 - - [08/Mar/2022:16:17:11 -0300] "GET /cormun/servlet/hhome HTTP/1.1" 200 3946
