190.171.153.50 - - [08/Mar/2022:09:36:12 -0300] "GET /cormun/static/Resources/PXToolsGridPage.gif HTTP/1.1" 200 725
190.171.153.50 - - [08/Mar/2022:09:36:12 -0300] "GET /cormun/static/Resources/PXToolsDataSearch.png HTTP/1.1" 200 435
190.171.153.50 - - [08/Mar/2022:09:36:12 -0300] "GET /cormun/static/hmpwkw03.js?20201215501896 HTTP/1.1" 200 3973
190.171.141.82 - - [08/Mar/2022:09:36:12 -0300] "POST /cormun/servlet/solicitudotadjuntos?0594ff7081cc637dd36557eaba09b1d6,INS,2022,17999,,1,,gx-no-cache=1646742229044 HTTP/1.1" 200 93
190.171.153.50 - - [08/Mar/2022:09:36:12 -0300] "GET /cormun/servlet/trcontratosolicitud? HTTP/1.1" 200 5677
190.171.153.50 - - [08/Mar/2022:09:36:12 -0300] "GET /cormun/servlet/hlogin HTTP/1.1" 200 1751
190.171.153.50 - - [08/Mar/2022:09:36:13 -0300] "GET /cormun/static/Resources/indicator.gif HTTP/1.1" 200 1553
190.171.141.82 - - [08/Mar/2022:09:36:13 -0300] "GET /cormun/servlet/hpexe_return? HTTP/1.1" 200 1034
190.171.153.50 - - [08/Mar/2022:09:36:13 -0300] "GET /cormun/static/Resources/asc.gif HTTP/1.1" 200 67
190.171.153.50 - - [08/Mar/2022:09:36:13 -0300] "GET /cormun/servlet/trcontratosolicitud? HTTP/1.1" 200 5677
190.171.153.50 - - [08/Mar/2022:09:36:13 -0300] "GET /cormun/static/gxcfg.js?201910216285969 HTTP/1.1" 200 953
190.171.153.50 - - [08/Mar/2022:09:36:13 -0300] "GET /cormun/static/hlogin.js?201910216285995 HTTP/1.1" 200 2136
190.171.153.50 - - [08/Mar/2022:09:36:13 -0300] "GET /cormun/static/Resources/Spanish/PXTools.css?2294816 HTTP/1.1" 200 100853
190.171.153.50 - - [08/Mar/2022:09:36:13 -0300] "GET /cormun/static/Resources/Logo2019_Grande.png HTTP/1.1" 200 31733
190.171.153.50 - - [08/Mar/2022:09:36:13 -0300] "GET /cormun/static/Resources/PXToolsLoginBackground.png HTTP/1.1" 200 1164
190.171.153.50 - - [08/Mar/2022:09:36:13 -0300] "GET /cormun/static/Resources/PXToolsLoginTop.png HTTP/1.1" 200 1337
190.171.153.50 - - [08/Mar/2022:09:36:13 -0300] "GET /cormun/static/Resources/PXToolsButtonLeft.png HTTP/1.1" 200 1310
190.171.153.50 - - [08/Mar/2022:09:36:13 -0300] "GET /cormun/static/Resources/PXToolsButtonRight.png HTTP/1.1" 200 1294
190.171.153.50 - - [08/Mar/2022:09:36:13 -0300] "GET /cormun/static/Resources/PXToolsButtonBackground.png HTTP/1.1" 200 1176
190.171.153.50 - - [08/Mar/2022:09:36:13 -0300] "GET /cormun/static/Resources/PXToolsLoginBottom.png HTTP/1.1" 200 1389
190.171.141.82 - - [08/Mar/2022:09:36:13 -0300] "GET /cormun/servlet/vesolicitudot?2022,17999,,SolicitudOTAdjuntos HTTP/1.1" 200 7346
190.171.141.106 - - [08/Mar/2022:09:36:13 -0300] "POST /cormun/servlet/solicitudotadjuntos?324dcbf7dc05a0089ef19b560c06a7a0,DLT,2022,17998,CERTIF5,0,,gx-no-cache=1646742318686 HTTP/1.1" 200 93
190.171.141.106 - - [08/Mar/2022:09:36:13 -0300] "GET /cormun/servlet/hpexe_return? HTTP/1.1" 200 1034
190.171.141.106 - - [08/Mar/2022:09:36:13 -0300] "GET /cormun/servlet/trsolicitudadjuntos?2022,17998, HTTP/1.1" 200 9327
190.171.141.82 - - [08/Mar/2022:09:36:13 -0300] "GET /cormun/pexe_scrolldiv.js HTTP/1.1" 404 1009
190.171.141.106 - - [08/Mar/2022:09:36:14 -0300] "GET /cormun/servlet/trsolicitudadjuntos?2022,17998, HTTP/1.1" 200 9325
190.171.141.82 - - [08/Mar/2022:09:36:14 -0300] "GET /cormun/servlet/vesolicitudot?2022,17999,,SolicitudOTAdjuntos HTTP/1.1" 200 7343
190.171.141.82 - - [08/Mar/2022:09:36:16 -0300] "POST /cormun/servlet/acontrolpreferencessavestate?None,CD-06,true HTTP/1.1" 200 35
190.171.141.106 - - [08/Mar/2022:09:36:16 -0300] "GET /cormun/servlet/solicitudotadjuntos?DLT,2022,17998,CV,0, HTTP/1.1" 200 6249
190.171.141.106 - - [08/Mar/2022:09:36:17 -0300] "GET /cormun/static/Shared/jqueryui/images/ui-icons_82798d_256x240.png HTTP/1.1" 404 1089
190.171.141.106 - - [08/Mar/2022:09:36:17 -0300] "GET /cormun/static/Shared/jqueryui/images/ui-bg_highlight-soft_100_c6c2c8_1x100.png HTTP/1.1" 404 1117
190.171.141.106 - - [08/Mar/2022:09:36:17 -0300] "GET /cormun/static/Shared/jqueryui/images/ui-bg_flat_55_fafafa_40x100.png HTTP/1.1" 404 1097
190.171.141.106 - - [08/Mar/2022:09:36:17 -0300] "GET /cormun/static/Shared/jqueryui/images/ui-icons_8d78a5_256x240.png HTTP/1.1" 404 1089
190.171.141.106 - - [08/Mar/2022:09:36:17 -0300] "GET /cormun/servlet/solicitudotadjuntos?DLT,2022,17998,CV,0, HTTP/1.1" 200 6243
190.171.141.106 - - [08/Mar/2022:09:36:17 -0300] "GET /cormun/PublicTempStorage/curriculum_vitae1909954.pdf HTTP/1.1" 200 181179
190.171.141.106 - - [08/Mar/2022:09:36:18 -0300] "POST /cormun/servlet/solicitudotadjuntos?324dcbf7dc05a0089ef19b560c06a7a0,DLT,2022,17998,CV,0,,gx-no-cache=1646742323779 HTTP/1.1" 200 93
190.171.141.106 - - [08/Mar/2022:09:36:18 -0300] "GET /cormun/servlet/hpexe_return? HTTP/1.1" 200 1030
190.171.141.106 - - [08/Mar/2022:09:36:18 -0300] "GET /cormun/servlet/trsolicitudadjuntos?2022,17998, HTTP/1.1" 200 9093
190.171.141.106 - - [08/Mar/2022:09:36:19 -0300] "GET /cormun/servlet/trsolicitudadjuntos?2022,17998, HTTP/1.1" 200 9092
190.171.141.82 - - [08/Mar/2022:09:36:21 -0300] "GET /cormun/servlet/solicitudotadjuntos?INS,2022,17999,,1, HTTP/1.1" 200 6015
190.171.141.106 - - [08/Mar/2022:09:36:21 -0300] "GET /cormun/servlet/solicitudotadjuntos?DLT,2022,17998,TITULO,0, HTTP/1.1" 200 6235
190.171.141.106 - - [08/Mar/2022:09:36:22 -0300] "GET /cormun/static/Shared/jqueryui/images/ui-icons_82798d_256x240.png HTTP/1.1" 404 1089
190.171.141.106 - - [08/Mar/2022:09:36:22 -0300] "GET /cormun/static/Shared/jqueryui/images/ui-bg_highlight-soft_100_c6c2c8_1x100.png HTTP/1.1" 404 1117
190.171.141.106 - - [08/Mar/2022:09:36:22 -0300] "GET /cormun/static/Shared/jqueryui/images/ui-icons_8d78a5_256x240.png HTTP/1.1" 404 1089
190.171.141.106 - - [08/Mar/2022:09:36:22 -0300] "GET /cormun/static/Shared/jqueryui/images/ui-bg_flat_55_fafafa_40x100.png HTTP/1.1" 404 1097
190.171.141.106 - - [08/Mar/2022:09:36:22 -0300] "GET /cormun/servlet/solicitudotadjuntos?DLT,2022,17998,TITULO,0, HTTP/1.1" 200 6225
190.171.141.106 - - [08/Mar/2022:09:36:22 -0300] "GET /cormun/PublicTempStorage/titulo7010074.pdf HTTP/1.1" 200 294945
190.171.141.82 - - [08/Mar/2022:09:36:22 -0300] "GET /cormun/static/about:blank HTTP/1.1" 404 1011
190.171.141.82 - - [08/Mar/2022:09:36:22 -0300] "GET /cormun/servlet/solicitudotadjuntos?INS,2022,17999,,1, HTTP/1.1" 200 6007
190.171.141.82 - - [08/Mar/2022:09:36:22 -0300] "GET /cormun/servlet/solicitudotadjuntos?df4b2fa42c581a37fa0b6fcf8ad0262fcf6f5771014f731b49cc83fe11cbbd28449c88aa0737a53ec6ddea8d4bfc5a31,gx-no-cache=1646742239142 HTTP/1.1" 200 30
190.171.141.82 - - [08/Mar/2022:09:36:23 -0300] "POST /cormun/servlet/solicitudotadjuntos?0594ff7081cc637dd36557eaba09b1d6,INS,2022,17999,,1,,gx-no-cache=1646742239208 HTTP/1.1" 200 3880
190.171.141.106 - - [08/Mar/2022:09:36:23 -0300] "POST /cormun/servlet/solicitudotadjuntos?324dcbf7dc05a0089ef19b560c06a7a0,DLT,2022,17998,TITULO,0,,gx-no-cache=1646742328571 HTTP/1.1" 200 93
190.171.141.106 - - [08/Mar/2022:09:36:23 -0300] "GET /cormun/servlet/hpexe_return? HTTP/1.1" 200 1034
190.171.141.106 - - [08/Mar/2022:09:36:23 -0300] "GET /cormun/servlet/trsolicitudadjuntos?2022,17998, HTTP/1.1" 200 6331
190.171.141.106 - - [08/Mar/2022:09:36:24 -0300] "GET /cormun/servlet/trsolicitudadjuntos?2022,17998, HTTP/1.1" 200 6327
190.171.141.82 - - [08/Mar/2022:09:36:26 -0300] "GET /cormun/servlet/vesolicitudot?2022,17999,,SolicitudOTAdjuntos HTTP/1.1" 200 7342
190.171.141.82 - - [08/Mar/2022:09:36:28 -0300] "GET /cormun/servlet/vesolicitudot?2022,17999,,SolicitudOTAdjuntos HTTP/1.1" 200 7343
190.171.141.82 - - [08/Mar/2022:09:36:29 -0300] "POST /cormun/servlet/acontrolpreferencessavestate?None,CD-06,true HTTP/1.1" 200 35
190.171.141.106 - - [08/Mar/2022:09:36:30 -0300] "GET /cormun/servlet/trsolicitudot? HTTP/1.1" 200 8866
190.171.141.106 - - [08/Mar/2022:09:36:31 -0300] "GET /cormun/servlet/trsolicitudot? HTTP/1.1" 200 8858
190.171.141.82 - - [08/Mar/2022:09:36:32 -0300] "GET /cormun/servlet/trsolicitudot? HTTP/1.1" 200 8990
190.171.141.82 - - [08/Mar/2022:09:36:33 -0300] "GET /cormun/servlet/trsolicitudot? HTTP/1.1" 200 8983
190.171.141.106 - - [08/Mar/2022:09:36:37 -0300] "POST /cormun/servlet/trsolicitudot?324dcbf7dc05a0089ef19b560c06a7a0,,gx-no-cache=1646742342025 HTTP/1.1" 200 106
190.171.141.106 - - [08/Mar/2022:09:36:37 -0300] "GET /cormun/servlet/trsolicitudadjuntos?2022,17998, HTTP/1.1" 200 6327
190.171.141.106 - - [08/Mar/2022:09:36:37 -0300] "GET /cormun/servlet/trsolicitudadjuntos?2022,17998, HTTP/1.1" 200 6327
190.171.141.82 - - [08/Mar/2022:09:36:39 -0300] "POST /cormun/servlet/trsolicitudot?0594ff7081cc637dd36557eaba09b1d6,,gx-no-cache=1646742255577 HTTP/1.1" 200 6163
190.171.141.106 - - [08/Mar/2022:09:36:43 -0300] "GET /cormun/servlet/solicitudotadjuntos?INS,2022,17998,,1, HTTP/1.1" 200 6273
190.171.141.106 - - [08/Mar/2022:09:36:44 -0300] "GET /cormun/servlet/solicitudotadjuntos?INS,2022,17998,,1, HTTP/1.1" 200 6266
190.171.141.82 - - [08/Mar/2022:09:36:44 -0300] "GET /cormun/servlet/vesolicitudot?2022,17999,, HTTP/1.1" 200 8340
190.171.141.106 - - [08/Mar/2022:09:36:44 -0300] "GET /cormun/static/about:blank HTTP/1.1" 404 1011
190.171.141.82 - - [08/Mar/2022:09:36:44 -0300] "GET /cormun/pexe_scrolldiv.js HTTP/1.1" 404 1009
190.171.141.106 - - [08/Mar/2022:09:36:44 -0300] "GET /cormun/servlet/solicitudotadjuntos?3922373d28792c3656f34dd037b6368c7a2bf27d3d44bb18bb9d7c34a194b53a16a21e8a8776764a16de0b91dbbf4322,gx-no-cache=1646742349743 HTTP/1.1" 200 30
190.171.141.106 - - [08/Mar/2022:09:36:44 -0300] "POST /cormun/servlet/solicitudotadjuntos?324dcbf7dc05a0089ef19b560c06a7a0,INS,2022,17998,,1,,gx-no-cache=1646742349769 HTTP/1.1" 200 4191
190.171.141.82 - - [08/Mar/2022:09:36:45 -0300] "GET /cormun/servlet/vesolicitudot?2022,17999,, HTTP/1.1" 200 8340
190.171.141.82 - - [08/Mar/2022:09:36:48 -0300] "GET /cormun/servlet/vesolicitudot?2022,17999,,SolicitudOTAdjuntos HTTP/1.1" 200 7342
190.171.141.82 - - [08/Mar/2022:09:36:49 -0300] "GET /cormun/pexe_scrolldiv.js HTTP/1.1" 404 1009
190.171.141.82 - - [08/Mar/2022:09:36:50 -0300] "GET /cormun/servlet/vesolicitudot?2022,17999,,SolicitudOTAdjuntos HTTP/1.1" 200 7343
190.171.141.82 - - [08/Mar/2022:09:36:51 -0300] "POST /cormun/servlet/acontrolpreferencessavestate?None,CD-06,true HTTP/1.1" 200 35
190.171.141.82 - - [08/Mar/2022:09:36:52 -0300] "GET /cormun/servlet/solicitudotadjuntos?INS,2022,17999,,1, HTTP/1.1" 200 6015
190.171.141.106 - - [08/Mar/2022:09:36:52 -0300] "POST /cormun/servlet/solicitudotadjuntos?gx-no-cache=1646742357816 HTTP/1.1" 200 26
190.171.141.82 - - [08/Mar/2022:09:36:53 -0300] "GET /cormun/static/about:blank HTTP/1.1" 404 1011
190.171.141.82 - - [08/Mar/2022:09:36:53 -0300] "GET /cormun/servlet/solicitudotadjuntos?INS,2022,17999,,1, HTTP/1.1" 200 6007
190.171.141.82 - - [08/Mar/2022:09:36:54 -0300] "GET /cormun/servlet/solicitudotadjuntos?df4b2fa42c581a37fa0b6fcf8ad0262fcf6f5771014f731b49cc83fe11cbbd28449c88aa0737a53ec6ddea8d4bfc5a31,gx-no-cache=1646742270640 HTTP/1.1" 200 30
190.171.141.82 - - [08/Mar/2022:09:36:54 -0300] "POST /cormun/servlet/solicitudotadjuntos?0594ff7081cc637dd36557eaba09b1d6,INS,2022,17999,,1,,gx-no-cache=1646742270704 HTTP/1.1" 200 3880
190.171.141.82 - - [08/Mar/2022:09:37:03 -0300] "POST /cormun/servlet/solicitudotadjuntos?gx-no-cache=1646742280019 HTTP/1.1" 200 26
190.171.141.82 - - [08/Mar/2022:09:37:26 -0300] "GET /cormun/servlet/solicitudotadjuntos?df4b2fa42c581a37fa0b6fcf8ad0262f0b806cff11b68b5a1f88b6b6976a6705,gx-no-cache=1646742302615 HTTP/1.1" 200 30
190.171.141.82 - - [08/Mar/2022:09:37:26 -0300] "GET /cormun/servlet/solicitudotadjuntos?df4b2fa42c581a37fa0b6fcf8ad0262f0b806cff11b68b5a1f88b6b6976a6705,gx-no-cache=1646742302681 HTTP/1.1" 200 30
190.171.141.82 - - [08/Mar/2022:09:37:28 -0300] "POST /cormun/servlet/solicitudotadjuntos?0594ff7081cc637dd36557eaba09b1d6,INS,2022,17999,,1, HTTP/1.1" 200 116
190.171.141.82 - - [08/Mar/2022:09:37:28 -0300] "GET /cormun/servlet/hpexe_return? HTTP/1.1" 200 1034
190.171.141.106 - - [08/Mar/2022:09:37:28 -0300] "GET /cormun/servlet/solicitudotadjuntos?3922373d28792c3656f34dd037b6368c2cfcfb9eba3773d4f2bb0d7d7247c332,gx-no-cache=1646742393730 HTTP/1.1" 200 30
190.171.141.106 - - [08/Mar/2022:09:37:28 -0300] "GET /cormun/servlet/solicitudotadjuntos?3922373d28792c3656f34dd037b6368c2cfcfb9eba3773d4f2bb0d7d7247c332,gx-no-cache=1646742393749 HTTP/1.1" 200 30
190.171.141.106 - - [08/Mar/2022:09:37:28 -0300] "POST /cormun/servlet/solicitudotadjuntos?324dcbf7dc05a0089ef19b560c06a7a0,INS,2022,17998,,1, HTTP/1.1" 200 116
190.171.141.106 - - [08/Mar/2022:09:37:28 -0300] "GET /cormun/servlet/hpexe_return? HTTP/1.1" 200 1028
190.171.141.106 - - [08/Mar/2022:09:37:29 -0300] "GET /cormun/servlet/trsolicitudadjuntos?2022,17998, HTTP/1.1" 200 9099
190.171.141.82 - - [08/Mar/2022:09:37:29 -0300] "GET /cormun/servlet/vesolicitudot?2022,17999,,SolicitudOTAdjuntos HTTP/1.1" 200 10117
190.171.141.106 - - [08/Mar/2022:09:37:29 -0300] "GET /cormun/servlet/trsolicitudadjuntos?2022,17998, HTTP/1.1" 200 9097
190.171.141.82 - - [08/Mar/2022:09:37:29 -0300] "GET /cormun/pexe_scrolldiv.js HTTP/1.1" 404 1009
190.171.141.82 - - [08/Mar/2022:09:37:30 -0300] "GET /cormun/servlet/vesolicitudot?2022,17999,,SolicitudOTAdjuntos HTTP/1.1" 200 10114
190.171.141.82 - - [08/Mar/2022:09:37:31 -0300] "POST /cormun/servlet/acontrolpreferencessavestate?None,CD-06,true HTTP/1.1" 200 35
190.171.141.82 - - [08/Mar/2022:09:37:34 -0300] "GET /cormun/servlet/solicitudotadjuntos?INS,2022,17999,,1, HTTP/1.1" 200 6014
190.171.141.82 - - [08/Mar/2022:09:37:35 -0300] "GET /cormun/static/about:blank HTTP/1.1" 404 1011
190.171.141.82 - - [08/Mar/2022:09:37:36 -0300] "GET /cormun/servlet/solicitudotadjuntos?INS,2022,17999,,1, HTTP/1.1" 200 6006
190.171.141.106 - - [08/Mar/2022:09:37:36 -0300] "GET /cormun/servlet/solicitudotadjuntos?INS,2022,17998,,1, HTTP/1.1" 200 6272
190.171.141.106 - - [08/Mar/2022:09:37:36 -0300] "GET /cormun/static/about:blank HTTP/1.1" 404 1011
190.171.141.82 - - [08/Mar/2022:09:37:36 -0300] "GET /cormun/servlet/solicitudotadjuntos?df4b2fa42c581a37fa0b6fcf8ad0262fcf6f5771014f731b49cc83fe11cbbd28449c88aa0737a53ec6ddea8d4bfc5a31,gx-no-cache=1646742312827 HTTP/1.1" 200 30
190.171.141.106 - - [08/Mar/2022:09:37:36 -0300] "GET /cormun/servlet/solicitudotadjuntos?INS,2022,17998,,1, HTTP/1.1" 200 6265
190.171.141.82 - - [08/Mar/2022:09:37:36 -0300] "POST /cormun/servlet/solicitudotadjuntos?0594ff7081cc637dd36557eaba09b1d6,INS,2022,17999,,1,,gx-no-cache=1646742312894 HTTP/1.1" 200 3878
190.171.141.106 - - [08/Mar/2022:09:37:37 -0300] "GET /cormun/servlet/solicitudotadjuntos?3922373d28792c3656f34dd037b6368c7a2bf27d3d44bb18bb9d7c34a194b53a16a21e8a8776764a16de0b91dbbf4322,gx-no-cache=1646742402082 HTTP/1.1" 200 30
190.171.141.106 - - [08/Mar/2022:09:37:37 -0300] "POST /cormun/servlet/solicitudotadjuntos?324dcbf7dc05a0089ef19b560c06a7a0,INS,2022,17998,,1,,gx-no-cache=1646742402112 HTTP/1.1" 200 4190
190.171.141.82 - - [08/Mar/2022:09:37:41 -0300] "POST /cormun/servlet/solicitudotadjuntos?gx-no-cache=1646742318083 HTTP/1.1" 200 26
190.171.141.106 - - [08/Mar/2022:09:37:44 -0300] "POST /cormun/servlet/solicitudotadjuntos?gx-no-cache=1646742409234 HTTP/1.1" 200 26
190.171.141.82 - - [08/Mar/2022:09:37:55 -0300] "GET /cormun/servlet/solicitudotadjuntos?df4b2fa42c581a37fa0b6fcf8ad0262f0b806cff11b68b5a1f88b6b6976a6705,gx-no-cache=1646742331522 HTTP/1.1" 200 30
190.171.141.82 - - [08/Mar/2022:09:37:55 -0300] "GET /cormun/servlet/solicitudotadjuntos?df4b2fa42c581a37fa0b6fcf8ad0262f0b806cff11b68b5a1f88b6b6976a6705,gx-no-cache=1646742331588 HTTP/1.1" 200 30
190.171.141.82 - - [08/Mar/2022:09:37:56 -0300] "POST /cormun/servlet/solicitudotadjuntos?0594ff7081cc637dd36557eaba09b1d6,INS,2022,17999,,1, HTTP/1.1" 200 6331
190.171.141.82 - - [08/Mar/2022:09:37:56 -0300] "GET /cormun/static/Shared/jqueryui/images/ui-bg_highlight-soft_100_c6c2c8_1x100.png HTTP/1.1" 404 1117
190.171.141.82 - - [08/Mar/2022:09:37:56 -0300] "GET /cormun/static/Shared/jqueryui/images/ui-icons_82798d_256x240.png HTTP/1.1" 404 1089
190.171.141.82 - - [08/Mar/2022:09:37:56 -0300] "GET /cormun/static/Shared/jqueryui/images/ui-icons_ebccce_256x240.png HTTP/1.1" 404 1089
190.171.141.82 - - [08/Mar/2022:09:37:56 -0300] "GET /cormun/static/Shared/jqueryui/images/ui-bg_flat_55_994d53_40x100.png HTTP/1.1" 404 1097
190.171.141.82 - - [08/Mar/2022:09:37:57 -0300] "GET /cormun/PrivateTempStorage/upload_00002928.jpg HTTP/1.1" 200 877678
190.171.141.106 - - [08/Mar/2022:09:38:03 -0300] "POST /cormun/servlet/solicitudotadjuntos?gx-no-cache=1646742428088 HTTP/1.1" 200 26
190.171.141.106 - - [08/Mar/2022:09:38:10 -0300] "GET /cormun/servlet/solicitudotadjuntos?3922373d28792c3656f34dd037b6368c2cfcfb9eba3773d4f2bb0d7d7247c332,gx-no-cache=1646742435864 HTTP/1.1" 200 30
190.171.141.106 - - [08/Mar/2022:09:38:10 -0300] "GET /cormun/servlet/solicitudotadjuntos?3922373d28792c3656f34dd037b6368c2cfcfb9eba3773d4f2bb0d7d7247c332,gx-no-cache=1646742435875 HTTP/1.1" 200 30
190.171.141.106 - - [08/Mar/2022:09:38:11 -0300] "POST /cormun/servlet/solicitudotadjuntos?324dcbf7dc05a0089ef19b560c06a7a0,INS,2022,17998,,1, HTTP/1.1" 200 116
190.171.141.106 - - [08/Mar/2022:09:38:11 -0300] "GET /cormun/servlet/hpexe_return? HTTP/1.1" 200 1028
190.171.141.106 - - [08/Mar/2022:09:38:11 -0300] "GET /cormun/servlet/trsolicitudadjuntos?2022,17998, HTTP/1.1" 200 9320
190.171.141.106 - - [08/Mar/2022:09:38:11 -0300] "GET /cormun/servlet/trsolicitudadjuntos?2022,17998, HTTP/1.1" 200 9317
190.171.141.82 - - [08/Mar/2022:09:38:14 -0300] "POST /cormun/servlet/solicitudotadjuntos?gx-no-cache=1646742350688 HTTP/1.1" 200 26
190.171.141.106 - - [08/Mar/2022:09:38:19 -0300] "GET /cormun/servlet/solicitudotadjuntos?INS,2022,17998,,1, HTTP/1.1" 200 6273
190.171.141.106 - - [08/Mar/2022:09:38:19 -0300] "GET /cormun/static/about:blank HTTP/1.1" 404 1011
190.171.141.106 - - [08/Mar/2022:09:38:19 -0300] "GET /cormun/servlet/solicitudotadjuntos?INS,2022,17998,,1, HTTP/1.1" 200 6266
190.171.141.106 - - [08/Mar/2022:09:38:20 -0300] "GET /cormun/servlet/solicitudotadjuntos?3922373d28792c3656f34dd037b6368c7a2bf27d3d44bb18bb9d7c34a194b53a16a21e8a8776764a16de0b91dbbf4322,gx-no-cache=1646742445403 HTTP/1.1" 200 30
190.171.141.106 - - [08/Mar/2022:09:38:20 -0300] "POST /cormun/servlet/solicitudotadjuntos?324dcbf7dc05a0089ef19b560c06a7a0,INS,2022,17998,,1,,gx-no-cache=1646742445426 HTTP/1.1" 200 4191
190.171.141.106 - - [08/Mar/2022:09:38:24 -0300] "POST /cormun/servlet/solicitudotadjuntos?gx-no-cache=1646742449408 HTTP/1.1" 200 26
190.171.141.106 - - [08/Mar/2022:09:38:30 -0300] "GET /cormun/servlet/solicitudotadjuntos?3922373d28792c3656f34dd037b6368c2cfcfb9eba3773d4f2bb0d7d7247c332,gx-no-cache=1646742455712 HTTP/1.1" 200 30
190.171.141.106 - - [08/Mar/2022:09:38:30 -0300] "GET /cormun/servlet/solicitudotadjuntos?3922373d28792c3656f34dd037b6368c2cfcfb9eba3773d4f2bb0d7d7247c332,gx-no-cache=1646742455723 HTTP/1.1" 200 30
190.171.141.106 - - [08/Mar/2022:09:38:30 -0300] "POST /cormun/servlet/solicitudotadjuntos?324dcbf7dc05a0089ef19b560c06a7a0,INS,2022,17998,,1, HTTP/1.1" 200 116
190.171.141.106 - - [08/Mar/2022:09:38:30 -0300] "GET /cormun/servlet/hpexe_return? HTTP/1.1" 200 1028
190.171.141.106 - - [08/Mar/2022:09:38:31 -0300] "GET /cormun/servlet/trsolicitudadjuntos?2022,17998, HTTP/1.1" 200 9526
190.171.141.106 - - [08/Mar/2022:09:38:31 -0300] "GET /cormun/servlet/trsolicitudadjuntos?2022,17998, HTTP/1.1" 200 9523
190.171.141.106 - - [08/Mar/2022:09:38:41 -0300] "GET /cormun/servlet/solicitudotadjuntos?INS,2022,17998,,1, HTTP/1.1" 200 6273
190.171.141.106 - - [08/Mar/2022:09:38:42 -0300] "GET /cormun/static/about:blank HTTP/1.1" 404 1011
190.171.141.106 - - [08/Mar/2022:09:38:42 -0300] "GET /cormun/servlet/solicitudotadjuntos?INS,2022,17998,,1, HTTP/1.1" 200 6266
190.171.141.106 - - [08/Mar/2022:09:38:42 -0300] "GET /cormun/servlet/solicitudotadjuntos?3922373d28792c3656f34dd037b6368c7a2bf27d3d44bb18bb9d7c34a194b53a16a21e8a8776764a16de0b91dbbf4322,gx-no-cache=1646742467750 HTTP/1.1" 200 30
190.171.141.106 - - [08/Mar/2022:09:38:42 -0300] "POST /cormun/servlet/solicitudotadjuntos?324dcbf7dc05a0089ef19b560c06a7a0,INS,2022,17998,,1,,gx-no-cache=1646742467782 HTTP/1.1" 200 4191
190.171.141.106 - - [08/Mar/2022:09:38:47 -0300] "POST /cormun/servlet/solicitudotadjuntos?gx-no-cache=1646742471938 HTTP/1.1" 200 26
190.171.141.106 - - [08/Mar/2022:09:38:54 -0300] "GET /cormun/servlet/solicitudotadjuntos?3922373d28792c3656f34dd037b6368c2cfcfb9eba3773d4f2bb0d7d7247c332,gx-no-cache=1646742479200 HTTP/1.1" 200 30
190.171.141.106 - - [08/Mar/2022:09:38:54 -0300] "GET /cormun/servlet/solicitudotadjuntos?3922373d28792c3656f34dd037b6368c2cfcfb9eba3773d4f2bb0d7d7247c332,gx-no-cache=1646742479211 HTTP/1.1" 200 30
190.171.141.106 - - [08/Mar/2022:09:38:54 -0300] "POST /cormun/servlet/solicitudotadjuntos?324dcbf7dc05a0089ef19b560c06a7a0,INS,2022,17998,,1, HTTP/1.1" 200 116
190.171.141.106 - - [08/Mar/2022:09:38:54 -0300] "GET /cormun/servlet/hpexe_return? HTTP/1.1" 200 1028
190.171.141.106 - - [08/Mar/2022:09:38:54 -0300] "GET /cormun/servlet/trsolicitudadjuntos?2022,17998, HTTP/1.1" 200 9730
190.171.141.106 - - [08/Mar/2022:09:38:55 -0300] "GET /cormun/servlet/trsolicitudadjuntos?2022,17998, HTTP/1.1" 200 9730
190.171.141.82 - - [08/Mar/2022:09:39:01 -0300] "POST /cormun/servlet/solicitudotadjuntos?gx-no-cache=1646742397353 HTTP/1.1" 200 26
190.171.141.106 - - [08/Mar/2022:09:39:03 -0300] "GET /cormun/servlet/solicitudotadjuntos?INS,2022,17998,,1, HTTP/1.1" 200 6273
190.171.141.106 - - [08/Mar/2022:09:39:04 -0300] "GET /cormun/static/about:blank HTTP/1.1" 404 1011
190.171.141.106 - - [08/Mar/2022:09:39:04 -0300] "GET /cormun/servlet/solicitudotadjuntos?INS,2022,17998,,1, HTTP/1.1" 200 6266
190.171.141.106 - - [08/Mar/2022:09:39:04 -0300] "GET /cormun/servlet/solicitudotadjuntos?3922373d28792c3656f34dd037b6368c7a2bf27d3d44bb18bb9d7c34a194b53a16a21e8a8776764a16de0b91dbbf4322,gx-no-cache=1646742489816 HTTP/1.1" 200 30
190.171.141.106 - - [08/Mar/2022:09:39:04 -0300] "POST /cormun/servlet/solicitudotadjuntos?324dcbf7dc05a0089ef19b560c06a7a0,INS,2022,17998,,1,,gx-no-cache=1646742489846 HTTP/1.1" 200 4191
190.171.141.106 - - [08/Mar/2022:09:39:08 -0300] "POST /cormun/servlet/solicitudotadjuntos?gx-no-cache=1646742493080 HTTP/1.1" 200 26
190.171.141.106 - - [08/Mar/2022:09:39:20 -0300] "GET /cormun/servlet/solicitudotadjuntos?3922373d28792c3656f34dd037b6368c2cfcfb9eba3773d4f2bb0d7d7247c332,gx-no-cache=1646742505864 HTTP/1.1" 200 30
190.171.141.106 - - [08/Mar/2022:09:39:20 -0300] "GET /cormun/servlet/solicitudotadjuntos?3922373d28792c3656f34dd037b6368c2cfcfb9eba3773d4f2bb0d7d7247c332,gx-no-cache=1646742505875 HTTP/1.1" 200 30
190.171.141.106 - - [08/Mar/2022:09:39:20 -0300] "POST /cormun/servlet/solicitudotadjuntos?324dcbf7dc05a0089ef19b560c06a7a0,INS,2022,17998,,1, HTTP/1.1" 200 116
190.171.141.106 - - [08/Mar/2022:09:39:21 -0300] "GET /cormun/servlet/hpexe_return? HTTP/1.1" 200 1028
190.171.141.106 - - [08/Mar/2022:09:39:21 -0300] "GET /cormun/servlet/trsolicitudadjuntos?2022,17998, HTTP/1.1" 200 10019
190.171.141.106 - - [08/Mar/2022:09:39:21 -0300] "GET /cormun/servlet/trsolicitudadjuntos?2022,17998, HTTP/1.1" 200 10020
190.171.141.106 - - [08/Mar/2022:09:39:24 -0300] "GET /cormun/servlet/solicitudotadjuntos?INS,2022,17998,,1, HTTP/1.1" 200 6273
190.171.141.106 - - [08/Mar/2022:09:39:25 -0300] "GET /cormun/static/about:blank HTTP/1.1" 404 1011
190.171.141.106 - - [08/Mar/2022:09:39:25 -0300] "GET /cormun/servlet/solicitudotadjuntos?INS,2022,17998,,1, HTTP/1.1" 200 6266
190.171.141.106 - - [08/Mar/2022:09:39:25 -0300] "GET /cormun/servlet/solicitudotadjuntos?3922373d28792c3656f34dd037b6368c7a2bf27d3d44bb18bb9d7c34a194b53a16a21e8a8776764a16de0b91dbbf4322,gx-no-cache=1646742510749 HTTP/1.1" 200 30
190.171.141.106 - - [08/Mar/2022:09:39:25 -0300] "POST /cormun/servlet/solicitudotadjuntos?324dcbf7dc05a0089ef19b560c06a7a0,INS,2022,17998,,1,,gx-no-cache=1646742510781 HTTP/1.1" 200 4191
190.171.141.106 - - [08/Mar/2022:09:39:30 -0300] "POST /cormun/servlet/solicitudotadjuntos?gx-no-cache=1646742514904 HTTP/1.1" 200 26
190.171.141.82 - - [08/Mar/2022:09:39:37 -0300] "GET /cormun/servlet/vesolicitudot?2022,17999,,SolicitudOTAdjuntos HTTP/1.1" 200 10117
190.171.141.106 - - [08/Mar/2022:09:39:37 -0300] "GET /cormun/servlet/solicitudotadjuntos?3922373d28792c3656f34dd037b6368c2cfcfb9eba3773d4f2bb0d7d7247c332,gx-no-cache=1646742522496 HTTP/1.1" 200 30
190.171.141.106 - - [08/Mar/2022:09:39:37 -0300] "GET /cormun/servlet/solicitudotadjuntos?3922373d28792c3656f34dd037b6368c2cfcfb9eba3773d4f2bb0d7d7247c332,gx-no-cache=1646742522508 HTTP/1.1" 200 30
190.171.141.106 - - [08/Mar/2022:09:39:37 -0300] "POST /cormun/servlet/solicitudotadjuntos?324dcbf7dc05a0089ef19b560c06a7a0,INS,2022,17998,,1, HTTP/1.1" 200 116
190.171.141.106 - - [08/Mar/2022:09:39:37 -0300] "GET /cormun/servlet/hpexe_return? HTTP/1.1" 200 1028
190.171.141.106 - - [08/Mar/2022:09:39:37 -0300] "GET /cormun/servlet/trsolicitudadjuntos?2022,17998, HTTP/1.1" 200 10171
190.171.141.106 - - [08/Mar/2022:09:39:38 -0300] "GET /cormun/servlet/trsolicitudadjuntos?2022,17998, HTTP/1.1" 200 10169
190.171.141.82 - - [08/Mar/2022:09:39:39 -0300] "GET /cormun/servlet/vesolicitudot?2022,17999,,SolicitudOTAdjuntos HTTP/1.1" 200 10114
190.171.149.74 - - [08/Mar/2022:09:39:39 -0300] "POST /cormun/servlet/trlicencias?7b0794f0cef24529b10c99919315e51a,,gx-no-cache=1646746149805 HTTP/1.1" 440 972
190.171.149.74 - - [08/Mar/2022:09:39:40 -0300] "GET /cormun/servlet/trlicencias? HTTP/1.1" 200 12433
190.171.141.106 - - [08/Mar/2022:09:39:40 -0300] "GET /cormun/servlet/solicitudotadjuntos?INS,2022,17998,,2, HTTP/1.1" 200 6270
190.171.141.82 - - [08/Mar/2022:09:39:40 -0300] "POST /cormun/servlet/acontrolpreferencessavestate?None,CD-06,true HTTP/1.1" 200 35
190.171.141.106 - - [08/Mar/2022:09:39:41 -0300] "GET /cormun/static/about:blank HTTP/1.1" 404 1011
190.171.141.106 - - [08/Mar/2022:09:39:41 -0300] "GET /cormun/servlet/solicitudotadjuntos?INS,2022,17998,,2, HTTP/1.1" 200 6263
190.171.149.74 - - [08/Mar/2022:09:39:41 -0300] "GET /cormun/servlet/hlogin HTTP/1.1" 200 1747
190.171.141.106 - - [08/Mar/2022:09:39:41 -0300] "GET /cormun/servlet/solicitudotadjuntos?3922373d28792c3656f34dd037b6368c7a2bf27d3d44bb18bb9d7c34a194b53a16a21e8a8776764a16de0b91dbbf4322,gx-no-cache=1646742526636 HTTP/1.1" 200 30
190.171.149.74 - - [08/Mar/2022:09:39:41 -0300] "GET /cormun/servlet/trlicencias? HTTP/1.1" 200 12433
190.171.141.106 - - [08/Mar/2022:09:39:41 -0300] "POST /cormun/servlet/solicitudotadjuntos?324dcbf7dc05a0089ef19b560c06a7a0,INS,2022,17998,,2,,gx-no-cache=1646742526767 HTTP/1.1" 200 4331
190.171.141.82 - - [08/Mar/2022:09:39:43 -0300] "GET /cormun/servlet/solicitudotadjuntos?INS,2022,17999,,1, HTTP/1.1" 200 6014
190.171.141.82 - - [08/Mar/2022:09:39:44 -0300] "GET /cormun/static/about:blank HTTP/1.1" 404 1011
190.171.141.82 - - [08/Mar/2022:09:39:44 -0300] "GET /cormun/servlet/solicitudotadjuntos?INS,2022,17999,,1, HTTP/1.1" 200 6007
190.171.141.82 - - [08/Mar/2022:09:39:45 -0300] "GET /cormun/servlet/solicitudotadjuntos?df4b2fa42c581a37fa0b6fcf8ad0262fcf6f5771014f731b49cc83fe11cbbd28449c88aa0737a53ec6ddea8d4bfc5a31,gx-no-cache=1646742441730 HTTP/1.1" 200 30
190.171.141.82 - - [08/Mar/2022:09:39:45 -0300] "POST /cormun/servlet/solicitudotadjuntos?0594ff7081cc637dd36557eaba09b1d6,INS,2022,17999,,1,,gx-no-cache=1646742441794 HTTP/1.1" 200 3880
190.171.141.106 - - [08/Mar/2022:09:39:45 -0300] "POST /cormun/servlet/solicitudotadjuntos?gx-no-cache=1646742530832 HTTP/1.1" 200 26
190.171.149.74 - - [08/Mar/2022:09:39:46 -0300] "POST /cormun/servlet/hlogin?1f926b6147f76a772c03ba5c75597059,gx-no-cache=1646746157269 HTTP/1.1" 200 90
190.171.149.74 - - [08/Mar/2022:09:39:46 -0300] "GET /cormun/servlet/hpexe_link HTTP/1.1" 200 961
190.171.149.74 - - [08/Mar/2022:09:39:46 -0300] "GET /cormun/servlet/trlicencias HTTP/1.1" 200 9843
190.171.149.74 - - [08/Mar/2022:09:39:47 -0300] "GET /cormun/servlet/trlicencias HTTP/1.1" 200 9841
190.171.141.82 - - [08/Mar/2022:09:39:51 -0300] "POST /cormun/servlet/solicitudotadjuntos?gx-no-cache=1646742447433 HTTP/1.1" 200 26
190.171.141.106 - - [08/Mar/2022:09:40:04 -0300] "GET /cormun/servlet/solicitudotadjuntos?3922373d28792c3656f34dd037b6368c2cfcfb9eba3773d4f2bb0d7d7247c332,gx-no-cache=1646742549297 HTTP/1.1" 200 30
190.171.141.106 - - [08/Mar/2022:09:40:04 -0300] "GET /cormun/servlet/solicitudotadjuntos?3922373d28792c3656f34dd037b6368c2cfcfb9eba3773d4f2bb0d7d7247c332,gx-no-cache=1646742549308 HTTP/1.1" 200 30
190.171.141.106 - - [08/Mar/2022:09:40:04 -0300] "POST /cormun/servlet/solicitudotadjuntos?324dcbf7dc05a0089ef19b560c06a7a0,INS,2022,17998,,2, HTTP/1.1" 200 116
190.171.141.106 - - [08/Mar/2022:09:40:04 -0300] "GET /cormun/servlet/hpexe_return? HTTP/1.1" 200 1028
190.171.141.106 - - [08/Mar/2022:09:40:04 -0300] "GET /cormun/servlet/trsolicitudadjuntos?2022,17998, HTTP/1.1" 200 10335
190.171.141.106 - - [08/Mar/2022:09:40:05 -0300] "GET /cormun/servlet/trsolicitudadjuntos?2022,17998, HTTP/1.1" 200 10330
190.171.141.106 - - [08/Mar/2022:09:40:17 -0300] "GET /cormun/servlet/hhome HTTP/1.1" 200 3317
190.171.141.106 - - [08/Mar/2022:09:40:18 -0300] "GET /cormun/servlet/hhome HTTP/1.1" 200 3327
190.171.141.106 - - [08/Mar/2022:09:40:18 -0300] "GET /cormun/servlet/hlogin HTTP/1.1" 200 1736
190.171.141.106 - - [08/Mar/2022:09:40:21 -0300] "POST /cormun/servlet/hlogin?b189adb0f3e7b588a4a1a9869ec4ac24,gx-no-cache=1646742566984 HTTP/1.1" 200 90
190.171.141.106 - - [08/Mar/2022:09:40:22 -0300] "GET /cormun/servlet/hpexe_link HTTP/1.1" 200 949
190.171.141.106 - - [08/Mar/2022:09:40:22 -0300] "GET /cormun/servlet/hhome HTTP/1.1" 200 4225
190.171.141.106 - - [08/Mar/2022:09:40:22 -0300] "GET /cormun/servlet/hhome HTTP/1.1" 200 4221
190.171.141.106 - - [08/Mar/2022:09:40:26 -0300] "GET /cormun/servlet/trsolicitudot? HTTP/1.1" 200 8856
190.171.141.106 - - [08/Mar/2022:09:40:26 -0300] "GET /cormun/servlet/trsolicitudot? HTTP/1.1" 200 8853
190.171.141.106 - - [08/Mar/2022:09:40:35 -0300] "POST /cormun/servlet/trsolicitudot?b189adb0f3e7b588a4a1a9869ec4ac24,,gx-no-cache=1646742580577 HTTP/1.1" 200 106
190.171.141.106 - - [08/Mar/2022:09:40:35 -0300] "GET /cormun/servlet/trsolicitudadjuntos?2022,17998, HTTP/1.1" 200 10325
190.171.141.106 - - [08/Mar/2022:09:40:36 -0300] "GET /cormun/servlet/trsolicitudadjuntos?2022,17998, HTTP/1.1" 200 10328
190.171.141.106 - - [08/Mar/2022:09:40:56 -0300] "GET /cormun/servlet/hhome HTTP/1.1" 200 3321
190.171.141.106 - - [08/Mar/2022:09:40:56 -0300] "GET /cormun/servlet/hhome HTTP/1.1" 200 3331
190.171.141.106 - - [08/Mar/2022:09:40:57 -0300] "GET /cormun/servlet/hlogin HTTP/1.1" 200 1738
190.171.141.106 - - [08/Mar/2022:09:41:00 -0300] "POST /cormun/servlet/hlogin?3298b20c2845da15101cba665a9dfb3a,gx-no-cache=1646742605417 HTTP/1.1" 200 90
190.171.141.106 - - [08/Mar/2022:09:41:00 -0300] "GET /cormun/servlet/hpexe_link HTTP/1.1" 200 952
190.171.141.106 - - [08/Mar/2022:09:41:00 -0300] "GET /cormun/servlet/hhome HTTP/1.1" 200 4226
190.171.141.106 - - [08/Mar/2022:09:41:01 -0300] "GET /cormun/servlet/hhome HTTP/1.1" 200 4224
190.171.141.106 - - [08/Mar/2022:09:41:04 -0300] "GET /cormun/servlet/trsolicitudot? HTTP/1.1" 200 8856
190.171.141.106 - - [08/Mar/2022:09:41:04 -0300] "GET /cormun/servlet/trsolicitudot? HTTP/1.1" 200 8854
200.54.107.2 - - [08/Mar/2022:09:41:07 -0300] "GET /cormun/servlet/solicitudot?505148af65e9b31e9904e8a71605c7938e9396ca8f792a580a8b122a166cd234b57869d49b09c16bcb9229d5a7b34b032010c69bf9a0b3f29f2b06c3936e260d86810c208ea56f42df7550db09406310abfd0d7a0ebd095529ee4b9d2e1eddd9fa937b23b9c7224ab3fe72fb7e308583,gx-no-cache=1646742523122 HTTP/1.1" 200 110
190.171.141.106 - - [08/Mar/2022:09:41:11 -0300] "POST /cormun/servlet/trsolicitudot?3298b20c2845da15101cba665a9dfb3a,,gx-no-cache=1646742616866 HTTP/1.1" 200 106
200.54.107.2 - - [08/Mar/2022:09:41:12 -0300] "POST /cormun/servlet/solicitudot?gx-no-cache=1646742528231 HTTP/1.1" 200 64
190.171.141.106 - - [08/Mar/2022:09:41:12 -0300] "GET /cormun/servlet/trsolicitudadjuntos?2022,17998, HTTP/1.1" 200 10326
190.171.141.106 - - [08/Mar/2022:09:41:12 -0300] "GET /cormun/servlet/trsolicitudadjuntos?2022,17998, HTTP/1.1" 200 10329
190.171.141.82 - - [08/Mar/2022:09:41:16 -0300] "GET /cormun/servlet/solicitudotadjuntos?df4b2fa42c581a37fa0b6fcf8ad0262f0b806cff11b68b5a1f88b6b6976a6705,gx-no-cache=1646742532966 HTTP/1.1" 200 30
190.171.141.82 - - [08/Mar/2022:09:41:16 -0300] "GET /cormun/servlet/solicitudotadjuntos?df4b2fa42c581a37fa0b6fcf8ad0262f0b806cff11b68b5a1f88b6b6976a6705,gx-no-cache=1646742533017 HTTP/1.1" 200 30
190.171.141.82 - - [08/Mar/2022:09:41:17 -0300] "POST /cormun/servlet/solicitudotadjuntos?0594ff7081cc637dd36557eaba09b1d6,INS,2022,17999,,1, HTTP/1.1" 200 116
190.171.141.82 - - [08/Mar/2022:09:41:17 -0300] "GET /cormun/servlet/hpexe_return? HTTP/1.1" 200 1034
190.171.141.82 - - [08/Mar/2022:09:41:18 -0300] "GET /cormun/servlet/vesolicitudot?2022,17999,,SolicitudOTAdjuntos HTTP/1.1" 200 10351
190.171.141.82 - - [08/Mar/2022:09:41:19 -0300] "GET /cormun/pexe_scrolldiv.js HTTP/1.1" 404 1009
190.171.141.82 - - [08/Mar/2022:09:41:20 -0300] "GET /cormun/servlet/vesolicitudot?2022,17999,,SolicitudOTAdjuntos HTTP/1.1" 200 10347
190.171.141.82 - - [08/Mar/2022:09:41:21 -0300] "POST /cormun/servlet/acontrolpreferencessavestate?None,CD-06,true HTTP/1.1" 200 35
190.171.141.106 - - [08/Mar/2022:09:41:22 -0300] "GET /cormun/PublicTempStorage/titulo136036.pdf HTTP/1.1" 200 132825
190.171.141.82 - - [08/Mar/2022:09:41:22 -0300] "GET /cormun/servlet/solicitudotadjuntos?INS,2022,17999,,1, HTTP/1.1" 200 6015
190.171.141.82 - - [08/Mar/2022:09:41:23 -0300] "GET /cormun/static/about:blank HTTP/1.1" 404 1011
190.171.141.82 - - [08/Mar/2022:09:41:24 -0300] "GET /cormun/servlet/solicitudotadjuntos?INS,2022,17999,,1, HTTP/1.1" 200 6007
190.171.141.82 - - [08/Mar/2022:09:41:24 -0300] "GET /cormun/servlet/solicitudotadjuntos?df4b2fa42c581a37fa0b6fcf8ad0262fcf6f5771014f731b49cc83fe11cbbd28449c88aa0737a53ec6ddea8d4bfc5a31,gx-no-cache=1646742540813 HTTP/1.1" 200 30
190.171.141.82 - - [08/Mar/2022:09:41:24 -0300] "POST /cormun/servlet/solicitudotadjuntos?0594ff7081cc637dd36557eaba09b1d6,INS,2022,17999,,1,,gx-no-cache=1646742540914 HTTP/1.1" 200 3880
200.54.107.2 - - [08/Mar/2022:09:41:26 -0300] "GET /cormun/servlet/solicitudot?505148af65e9b31e9904e8a71605c793efe0f06a75c6fa6f5be8f604c6c6b8aef3826bf4084b9b8e7e026631a5a5c34e,gx-no-cache=1646742542958 HTTP/1.1" 200 30
190.171.141.82 - - [08/Mar/2022:09:41:28 -0300] "POST /cormun/servlet/solicitudotadjuntos?gx-no-cache=1646742544739 HTTP/1.1" 200 26
190.171.141.82 - - [08/Mar/2022:09:41:29 -0300] "GET /cormun/servlet/solicitudotadjuntos?df4b2fa42c581a37fa0b6fcf8ad0262f0b806cff11b68b5a1f88b6b6976a6705,gx-no-cache=1646742545952 HTTP/1.1" 200 30
190.171.141.82 - - [08/Mar/2022:09:41:29 -0300] "GET /cormun/servlet/solicitudotadjuntos?df4b2fa42c581a37fa0b6fcf8ad0262f0b806cff11b68b5a1f88b6b6976a6705,gx-no-cache=1646742546003 HTTP/1.1" 200 30
190.171.141.82 - - [08/Mar/2022:09:41:29 -0300] "POST /cormun/servlet/solicitudotadjuntos?0594ff7081cc637dd36557eaba09b1d6,INS,2022,17999,,1,,gx-no-cache=1646742546044 HTTP/1.1" 200 93
190.171.141.82 - - [08/Mar/2022:09:41:29 -0300] "GET /cormun/servlet/hpexe_return? HTTP/1.1" 200 1034
190.171.141.82 - - [08/Mar/2022:09:41:30 -0300] "GET /cormun/servlet/vesolicitudot?2022,17999,,SolicitudOTAdjuntos HTTP/1.1" 200 10540
190.171.141.82 - - [08/Mar/2022:09:41:30 -0300] "GET /cormun/pexe_scrolldiv.js HTTP/1.1" 404 1009
190.171.141.82 - - [08/Mar/2022:09:41:32 -0300] "GET /cormun/servlet/vesolicitudot?2022,17999,,SolicitudOTAdjuntos HTTP/1.1" 200 10537
190.171.141.106 - - [08/Mar/2022:09:41:32 -0300] "GET /cormun/servlet/hhome HTTP/1.1" 200 3315
190.171.141.106 - - [08/Mar/2022:09:41:33 -0300] "GET /cormun/servlet/hhome HTTP/1.1" 200 3325
190.171.141.82 - - [08/Mar/2022:09:41:33 -0300] "POST /cormun/servlet/acontrolpreferencessavestate?None,CD-06,true HTTP/1.1" 200 35
190.171.141.106 - - [08/Mar/2022:09:41:33 -0300] "GET /cormun/servlet/hlogin HTTP/1.1" 200 1732
200.54.107.2 - - [08/Mar/2022:09:41:34 -0300] "POST /cormun/servlet/solicitudot?gx-no-cache=1646742550080 HTTP/1.1" 200 30
190.171.141.106 - - [08/Mar/2022:09:41:37 -0300] "POST /cormun/servlet/hlogin?48c21dffb7b57c5b409f059fa5a8a1b9,gx-no-cache=1646742642065 HTTP/1.1" 200 90
190.171.141.106 - - [08/Mar/2022:09:41:37 -0300] "GET /cormun/servlet/hpexe_link HTTP/1.1" 200 948
190.171.141.106 - - [08/Mar/2022:09:41:37 -0300] "GET /cormun/servlet/hhome HTTP/1.1" 200 4221
190.171.141.106 - - [08/Mar/2022:09:41:37 -0300] "GET /cormun/servlet/hhome HTTP/1.1" 200 4218
190.171.141.82 - - [08/Mar/2022:09:41:39 -0300] "POST /cormun/servlet/vesolicitudot?0594ff7081cc637dd36557eaba09b1d6,2022,17999,,SolicitudOTAdjuntos,gx-no-cache=1646742555594 HTTP/1.1" 200 122
190.171.141.82 - - [08/Mar/2022:09:41:39 -0300] "GET /cormun/servlet/solicitudotadjuntos?DLT,2022,17999,CERTIF3, HTTP/1.1" 200 5887
190.171.141.106 - - [08/Mar/2022:09:41:41 -0300] "GET /cormun/servlet/trsolicitudot? HTTP/1.1" 200 8850
190.171.141.82 - - [08/Mar/2022:09:41:41 -0300] "GET /cormun/static/about:blank HTTP/1.1" 404 1011
190.171.141.82 - - [08/Mar/2022:09:41:41 -0300] "GET /cormun/static/Shared/jqueryui/images/ui-icons_82798d_256x240.png HTTP/1.1" 404 1089
190.171.141.82 - - [08/Mar/2022:09:41:41 -0300] "GET /cormun/static/Shared/jqueryui/images/ui-bg_highlight-soft_100_c6c2c8_1x100.png HTTP/1.1" 404 1117
190.171.141.82 - - [08/Mar/2022:09:41:41 -0300] "GET /cormun/static/Shared/jqueryui/images/ui-bg_flat_55_fafafa_40x100.png HTTP/1.1" 404 1097
190.171.141.82 - - [08/Mar/2022:09:41:41 -0300] "GET /cormun/static/Shared/jqueryui/images/ui-icons_8d78a5_256x240.png HTTP/1.1" 404 1089
190.171.141.82 - - [08/Mar/2022:09:41:41 -0300] "GET /cormun/servlet/solicitudotadjuntos?DLT,2022,17999,CERTIF3, HTTP/1.1" 200 5879
190.171.141.106 - - [08/Mar/2022:09:41:41 -0300] "GET /cormun/servlet/trsolicitudot? HTTP/1.1" 200 8851
190.171.141.82 - - [08/Mar/2022:09:41:45 -0300] "POST /cormun/servlet/solicitudotadjuntos?0594ff7081cc637dd36557eaba09b1d6,DLT,2022,17999,CERTIF3,,gx-no-cache=1646742562102 HTTP/1.1" 200 93
190.171.141.82 - - [08/Mar/2022:09:41:45 -0300] "GET /cormun/servlet/hpexe_return? HTTP/1.1" 200 1039
190.171.141.82 - - [08/Mar/2022:09:41:46 -0300] "GET /cormun/servlet/vesolicitudot?2022,17999,,SolicitudOTAdjuntos HTTP/1.1" 200 10541
190.171.141.82 - - [08/Mar/2022:09:41:47 -0300] "GET /cormun/pexe_scrolldiv.js HTTP/1.1" 404 1009
190.171.141.82 - - [08/Mar/2022:09:41:48 -0300] "GET /cormun/servlet/vesolicitudot?2022,17999,,SolicitudOTAdjuntos HTTP/1.1" 200 10536
190.171.141.82 - - [08/Mar/2022:09:41:49 -0300] "POST /cormun/servlet/acontrolpreferencessavestate?None,CD-06,true HTTP/1.1" 200 35
190.171.141.82 - - [08/Mar/2022:09:41:55 -0300] "POST /cormun/servlet/vesolicitudot?0594ff7081cc637dd36557eaba09b1d6,2022,17999,,SolicitudOTAdjuntos,gx-no-cache=1646742571254 HTTP/1.1" 200 122
190.171.141.82 - - [08/Mar/2022:09:41:55 -0300] "GET /cormun/servlet/solicitudotadjuntos?DLT,2022,17999,CERTIF3, HTTP/1.1" 200 5887
190.171.141.82 - - [08/Mar/2022:09:41:56 -0300] "GET /cormun/static/about:blank HTTP/1.1" 404 1011
190.171.141.82 - - [08/Mar/2022:09:41:56 -0300] "GET /cormun/static/Shared/jqueryui/images/ui-bg_highlight-soft_100_c6c2c8_1x100.png HTTP/1.1" 404 1117
190.171.141.82 - - [08/Mar/2022:09:41:56 -0300] "GET /cormun/static/Shared/jqueryui/images/ui-icons_82798d_256x240.png HTTP/1.1" 404 1089
190.171.141.82 - - [08/Mar/2022:09:41:56 -0300] "GET /cormun/static/Shared/jqueryui/images/ui-bg_flat_55_fafafa_40x100.png HTTP/1.1" 404 1097
190.171.141.82 - - [08/Mar/2022:09:41:56 -0300] "GET /cormun/static/Shared/jqueryui/images/ui-icons_8d78a5_256x240.png HTTP/1.1" 404 1089
190.171.141.82 - - [08/Mar/2022:09:41:56 -0300] "GET /cormun/servlet/solicitudotadjuntos?DLT,2022,17999,CERTIF3, HTTP/1.1" 200 5879
190.171.141.82 - - [08/Mar/2022:09:41:59 -0300] "POST /cormun/servlet/solicitudotadjuntos?0594ff7081cc637dd36557eaba09b1d6,DLT,2022,17999,CERTIF3,,gx-no-cache=1646742575252 HTTP/1.1" 200 93
190.171.141.82 - - [08/Mar/2022:09:41:59 -0300] "GET /cormun/servlet/hpexe_return? HTTP/1.1" 200 1039
190.171.141.82 - - [08/Mar/2022:09:41:59 -0300] "GET /cormun/servlet/vesolicitudot?2022,17999,,SolicitudOTAdjuntos HTTP/1.1" 200 10351
190.171.141.82 - - [08/Mar/2022:09:42:00 -0300] "GET /cormun/pexe_scrolldiv.js HTTP/1.1" 404 1009
190.171.141.82 - - [08/Mar/2022:09:42:01 -0300] "GET /cormun/servlet/vesolicitudot?2022,17999,,SolicitudOTAdjuntos HTTP/1.1" 200 10346
190.171.141.82 - - [08/Mar/2022:09:42:02 -0300] "POST /cormun/servlet/acontrolpreferencessavestate?None,CD-06,true HTTP/1.1" 200 35
190.171.141.106 - - [08/Mar/2022:09:42:02 -0300] "POST /cormun/servlet/trsolicitudot?48c21dffb7b57c5b409f059fa5a8a1b9,,gx-no-cache=1646742667921 HTTP/1.1" 200 4852
190.171.141.106 - - [08/Mar/2022:09:42:03 -0300] "GET /cormun/static/Shared/jqueryui/images/ui-bg_highlight-soft_100_c6c2c8_1x100.png HTTP/1.1" 404 1117
190.171.141.106 - - [08/Mar/2022:09:42:03 -0300] "GET /cormun/static/Shared/jqueryui/images/ui-icons_82798d_256x240.png HTTP/1.1" 404 1089
190.171.141.106 - - [08/Mar/2022:09:42:03 -0300] "GET /cormun/static/Shared/jqueryui/images/ui-bg_flat_55_fafafa_40x100.png HTTP/1.1" 404 1097
190.171.141.106 - - [08/Mar/2022:09:42:03 -0300] "GET /cormun/static/Shared/jqueryui/images/ui-icons_8d78a5_256x240.png HTTP/1.1" 404 1089
190.171.141.106 - - [08/Mar/2022:09:42:03 -0300] "POST /cormun/servlet/trsolicitudot?48c21dffb7b57c5b409f059fa5a8a1b9,,gx-no-cache=1646742668128 HTTP/1.1" 200 4612
190.171.141.82 - - [08/Mar/2022:09:42:04 -0300] "GET /cormun/servlet/solicitudotadjuntos?INS,2022,17999,,1, HTTP/1.1" 200 6015
190.171.141.82 - - [08/Mar/2022:09:42:06 -0300] "GET /cormun/static/about:blank HTTP/1.1" 404 1011
190.171.141.82 - - [08/Mar/2022:09:42:06 -0300] "GET /cormun/servlet/solicitudotadjuntos?INS,2022,17999,,1, HTTP/1.1" 200 6007
190.171.141.82 - - [08/Mar/2022:09:42:07 -0300] "GET /cormun/servlet/solicitudotadjuntos?df4b2fa42c581a37fa0b6fcf8ad0262fcf6f5771014f731b49cc83fe11cbbd28449c88aa0737a53ec6ddea8d4bfc5a31,gx-no-cache=1646742583290 HTTP/1.1" 200 30
190.171.141.82 - - [08/Mar/2022:09:42:07 -0300] "POST /cormun/servlet/solicitudotadjuntos?0594ff7081cc637dd36557eaba09b1d6,INS,2022,17999,,1,,gx-no-cache=1646742583353 HTTP/1.1" 200 3880
190.171.141.82 - - [08/Mar/2022:09:42:10 -0300] "POST /cormun/servlet/solicitudotadjuntos?gx-no-cache=1646742586854 HTTP/1.1" 200 26
200.54.107.2 - - [08/Mar/2022:09:42:12 -0300] "POST /cormun/servlet/solicitudot?049c4f1f4db7b3c16e3fca386cbe9411,INS,0,0,false,,gx-no-cache=1646742588313 HTTP/1.1" 200 12993
190.171.141.82 - - [08/Mar/2022:09:42:25 -0300] "GET /cormun/servlet/solicitudotadjuntos?df4b2fa42c581a37fa0b6fcf8ad0262f0b806cff11b68b5a1f88b6b6976a6705,gx-no-cache=1646742601902 HTTP/1.1" 200 30
190.171.141.82 - - [08/Mar/2022:09:42:25 -0300] "GET /cormun/servlet/solicitudotadjuntos?df4b2fa42c581a37fa0b6fcf8ad0262f0b806cff11b68b5a1f88b6b6976a6705,gx-no-cache=1646742601961 HTTP/1.1" 200 30
190.171.141.82 - - [08/Mar/2022:09:42:26 -0300] "POST /cormun/servlet/solicitudotadjuntos?0594ff7081cc637dd36557eaba09b1d6,INS,2022,17999,,1, HTTP/1.1" 200 116
190.171.141.82 - - [08/Mar/2022:09:42:26 -0300] "GET /cormun/servlet/hpexe_return? HTTP/1.1" 200 1034
190.171.141.82 - - [08/Mar/2022:09:42:27 -0300] "GET /cormun/servlet/vesolicitudot?2022,17999,,SolicitudOTAdjuntos HTTP/1.1" 200 10605
190.171.141.82 - - [08/Mar/2022:09:42:27 -0300] "GET /cormun/pexe_scrolldiv.js HTTP/1.1" 404 1009
190.171.141.82 - - [08/Mar/2022:09:42:28 -0300] "GET /cormun/servlet/vesolicitudot?2022,17999,,SolicitudOTAdjuntos HTTP/1.1" 200 10602
190.171.141.82 - - [08/Mar/2022:09:42:29 -0300] "POST /cormun/servlet/acontrolpreferencessavestate?None,CD-06,true HTTP/1.1" 200 35
190.171.141.82 - - [08/Mar/2022:09:42:32 -0300] "GET /cormun/servlet/solicitudotadjuntos?INS,2022,17999,,1, HTTP/1.1" 200 6015
190.171.141.82 - - [08/Mar/2022:09:42:33 -0300] "GET /cormun/static/about:blank HTTP/1.1" 404 1011
190.171.141.82 - - [08/Mar/2022:09:42:33 -0300] "GET /cormun/servlet/solicitudotadjuntos?INS,2022,17999,,1, HTTP/1.1" 200 6007
190.171.141.82 - - [08/Mar/2022:09:42:34 -0300] "GET /cormun/servlet/solicitudotadjuntos?df4b2fa42c581a37fa0b6fcf8ad0262fcf6f5771014f731b49cc83fe11cbbd28449c88aa0737a53ec6ddea8d4bfc5a31,gx-no-cache=1646742610575 HTTP/1.1" 200 30
190.171.141.82 - - [08/Mar/2022:09:42:34 -0300] "POST /cormun/servlet/solicitudotadjuntos?0594ff7081cc637dd36557eaba09b1d6,INS,2022,17999,,1,,gx-no-cache=1646742610685 HTTP/1.1" 200 3880
190.171.141.82 - - [08/Mar/2022:09:42:38 -0300] "POST /cormun/servlet/solicitudotadjuntos?gx-no-cache=1646742615254 HTTP/1.1" 200 26
190.171.141.106 - - [08/Mar/2022:09:42:39 -0300] "GET /cormun/servlet/trautorizarsolicitud? HTTP/1.1" 200 6216
190.171.141.106 - - [08/Mar/2022:09:42:40 -0300] "GET /cormun/servlet/hlogin HTTP/1.1" 200 1756
190.171.141.106 - - [08/Mar/2022:09:42:40 -0300] "GET /cormun/servlet/trautorizarsolicitud? HTTP/1.1" 200 6227
190.171.141.106 - - [08/Mar/2022:09:42:40 -0300] "GET /cormun/servlet/trautorizarsolicitud? HTTP/1.1" 200 6227
190.171.141.82 - - [08/Mar/2022:09:42:48 -0300] "GET /cormun/servlet/solicitudotadjuntos?df4b2fa42c581a37fa0b6fcf8ad0262f0b806cff11b68b5a1f88b6b6976a6705,gx-no-cache=1646742624337 HTTP/1.1" 200 30
190.171.141.82 - - [08/Mar/2022:09:42:48 -0300] "GET /cormun/servlet/solicitudotadjuntos?df4b2fa42c581a37fa0b6fcf8ad0262f0b806cff11b68b5a1f88b6b6976a6705,gx-no-cache=1646742624389 HTTP/1.1" 200 30
190.171.141.82 - - [08/Mar/2022:09:42:48 -0300] "POST /cormun/servlet/solicitudotadjuntos?0594ff7081cc637dd36557eaba09b1d6,INS,2022,17999,,1, HTTP/1.1" 200 116
190.171.141.82 - - [08/Mar/2022:09:42:48 -0300] "GET /cormun/servlet/hpexe_return? HTTP/1.1" 200 1034
190.171.141.82 - - [08/Mar/2022:09:42:49 -0300] "GET /cormun/servlet/vesolicitudot?2022,17999,,SolicitudOTAdjuntos HTTP/1.1" 200 10936
190.171.141.82 - - [08/Mar/2022:09:42:49 -0300] "GET /cormun/pexe_scrolldiv.js HTTP/1.1" 404 1009
190.171.141.106 - - [08/Mar/2022:09:42:50 -0300] "POST /cormun/servlet/hlogin?9b18f00c3894af8872087875bb9e2168,gx-no-cache=1646742629470 HTTP/1.1" 200 462
190.171.141.82 - - [08/Mar/2022:09:42:51 -0300] "GET /cormun/servlet/vesolicitudot?2022,17999,,SolicitudOTAdjuntos HTTP/1.1" 200 10944
190.171.141.82 - - [08/Mar/2022:09:42:51 -0300] "POST /cormun/servlet/acontrolpreferencessavestate?None,CD-06,true HTTP/1.1" 200 35
190.171.141.82 - - [08/Mar/2022:09:42:53 -0300] "GET /cormun/servlet/solicitudotadjuntos?INS,2022,17999,,1, HTTP/1.1" 200 6015
190.171.141.82 - - [08/Mar/2022:09:42:54 -0300] "GET /cormun/static/about:blank HTTP/1.1" 404 1011
190.171.141.82 - - [08/Mar/2022:09:42:56 -0300] "GET /cormun/servlet/solicitudotadjuntos?df4b2fa42c581a37fa0b6fcf8ad0262fcf6f5771014f731b49cc83fe11cbbd28449c88aa0737a53ec6ddea8d4bfc5a31,gx-no-cache=1646742631913 HTTP/1.1" 200 30
190.171.141.82 - - [08/Mar/2022:09:42:56 -0300] "GET /cormun/servlet/solicitudotadjuntos?INS,2022,17999,,1, HTTP/1.1" 200 6007
190.171.141.82 - - [08/Mar/2022:09:42:57 -0300] "POST /cormun/servlet/solicitudotadjuntos?0594ff7081cc637dd36557eaba09b1d6,INS,2022,17999,,1,,gx-no-cache=1646742633198 HTTP/1.1" 200 3880
190.171.141.82 - - [08/Mar/2022:09:43:03 -0300] "POST /cormun/servlet/solicitudotadjuntos?gx-no-cache=1646742637916 HTTP/1.1" 200 26
190.171.141.106 - - [08/Mar/2022:09:43:05 -0300] "POST /cormun/servlet/hlogin?9b18f00c3894af8872087875bb9e2168,gx-no-cache=1646742643982 HTTP/1.1" 200 462
190.171.141.82 - - [08/Mar/2022:09:43:12 -0300] "GET /cormun/servlet/solicitudotadjuntos?df4b2fa42c581a37fa0b6fcf8ad0262f0b806cff11b68b5a1f88b6b6976a6705,gx-no-cache=1646742648387 HTTP/1.1" 200 30
190.171.141.82 - - [08/Mar/2022:09:43:12 -0300] "GET /cormun/servlet/solicitudotadjuntos?df4b2fa42c581a37fa0b6fcf8ad0262f0b806cff11b68b5a1f88b6b6976a6705,gx-no-cache=1646742648432 HTTP/1.1" 200 30
190.171.141.82 - - [08/Mar/2022:09:43:12 -0300] "POST /cormun/servlet/solicitudotadjuntos?0594ff7081cc637dd36557eaba09b1d6,INS,2022,17999,,1, HTTP/1.1" 200 116
190.171.141.82 - - [08/Mar/2022:09:43:12 -0300] "GET /cormun/servlet/hpexe_return? HTTP/1.1" 200 1034
190.171.141.82 - - [08/Mar/2022:09:43:13 -0300] "GET /cormun/servlet/vesolicitudot?2022,17999,,SolicitudOTAdjuntos HTTP/1.1" 200 11190
190.171.141.82 - - [08/Mar/2022:09:43:13 -0300] "GET /cormun/pexe_scrolldiv.js HTTP/1.1" 404 1009
190.171.141.82 - - [08/Mar/2022:09:43:15 -0300] "GET /cormun/servlet/vesolicitudot?2022,17999,,SolicitudOTAdjuntos HTTP/1.1" 200 11194
190.171.141.82 - - [08/Mar/2022:09:43:16 -0300] "POST /cormun/servlet/acontrolpreferencessavestate?None,CD-06,true HTTP/1.1" 200 35
190.171.141.82 - - [08/Mar/2022:09:43:18 -0300] "GET /cormun/servlet/solicitudotadjuntos?INS,2022,17999,,1, HTTP/1.1" 200 6015
190.171.141.82 - - [08/Mar/2022:09:43:19 -0300] "GET /cormun/static/about:blank HTTP/1.1" 404 1011
190.171.141.82 - - [08/Mar/2022:09:43:19 -0300] "GET /cormun/servlet/solicitudotadjuntos?INS,2022,17999,,1, HTTP/1.1" 200 6007
190.171.141.82 - - [08/Mar/2022:09:43:20 -0300] "GET /cormun/servlet/solicitudotadjuntos?df4b2fa42c581a37fa0b6fcf8ad0262fcf6f5771014f731b49cc83fe11cbbd28449c88aa0737a53ec6ddea8d4bfc5a31,gx-no-cache=1646742656713 HTTP/1.1" 200 30
190.171.141.82 - - [08/Mar/2022:09:43:20 -0300] "POST /cormun/servlet/solicitudotadjuntos?0594ff7081cc637dd36557eaba09b1d6,INS,2022,17999,,1,,gx-no-cache=1646742656772 HTTP/1.1" 200 3880
190.171.141.82 - - [08/Mar/2022:09:43:24 -0300] "POST /cormun/servlet/solicitudotadjuntos?gx-no-cache=1646742660746 HTTP/1.1" 200 26
190.171.141.82 - - [08/Mar/2022:09:43:34 -0300] "GET /cormun/servlet/solicitudotadjuntos?df4b2fa42c581a37fa0b6fcf8ad0262f0b806cff11b68b5a1f88b6b6976a6705,gx-no-cache=1646742670838 HTTP/1.1" 200 30
190.171.141.82 - - [08/Mar/2022:09:43:34 -0300] "GET /cormun/servlet/solicitudotadjuntos?df4b2fa42c581a37fa0b6fcf8ad0262f0b806cff11b68b5a1f88b6b6976a6705,gx-no-cache=1646742670945 HTTP/1.1" 200 30
190.171.141.82 - - [08/Mar/2022:09:43:35 -0300] "POST /cormun/servlet/solicitudotadjuntos?0594ff7081cc637dd36557eaba09b1d6,INS,2022,17999,,1, HTTP/1.1" 200 116
