190.95.1.185 - - [08/Mar/2022:09:59:45 -0300] "POST /cormun/servlet/trsolicitudot?1019257ca471e2ac77f5c187d9cb0c37,,gx-no-cache=1646743641553 HTTP/1.1" 200 103
190.95.1.185 - - [08/Mar/2022:09:59:45 -0300] "GET /cormun/SolicitudOT-8512.xls HTTP/1.1" 200 6656
190.95.1.185 - - [08/Mar/2022:09:59:52 -0300] "GET /cormun/servlet/solicitudot?INS,0,0,false, HTTP/1.1" 200 16192
190.95.1.185 - - [08/Mar/2022:09:59:52 -0300] "GET /cormun/servlet/solicitudot?INS,0,0,false, HTTP/1.1" 200 16200
190.95.1.185 - - [08/Mar/2022:10:00:10 -0300] "POST /cormun/servlet/solicitudot?gx-no-cache=1646743667668 HTTP/1.1" 200 3925
190.95.1.185 - - [08/Mar/2022:10:00:11 -0300] "GET /cormun/static/Shared/jqueryui/images/ui-bg_highlight-soft_100_c6c2c8_1x100.png HTTP/1.1" 404 1117
190.95.1.185 - - [08/Mar/2022:10:00:11 -0300] "GET /cormun/static/Shared/jqueryui/images/ui-bg_flat_55_994d53_40x100.png HTTP/1.1" 404 1097
190.95.1.185 - - [08/Mar/2022:10:00:11 -0300] "GET /cormun/static/Shared/jqueryui/images/ui-icons_82798d_256x240.png HTTP/1.1" 404 1089
190.95.1.185 - - [08/Mar/2022:10:00:11 -0300] "GET /cormun/static/Shared/jqueryui/images/ui-icons_ebccce_256x240.png HTTP/1.1" 404 1089
190.95.1.185 - - [08/Mar/2022:10:00:19 -0300] "GET /cormun/servlet/solicitudot?0173f9ad654c7a1d9b1dc31d84265784c24cb1e6413c710edc0ae75d7a3da25908750208bd6ef38368b8e00ee0d5a07c,gx-no-cache=1646743675783 HTTP/1.1" 200 30
190.171.143.98 - - [08/Mar/2022:10:00:22 -0300] "POST /cormun/servlet/solicitudot?gx-no-cache=1646743679358 HTTP/1.1" 200 122
190.171.143.98 - - [08/Mar/2022:10:00:22 -0300] "GET /cormun/servlet/solicitudot?fc2588ed63b7410d65ea3ed8e62becf52804ec33f1ad663e5b65a77fbc0f27b339a2a2e707a519db4a9af025d25b887ba190510260eee429325524cd58d7acb67b1d2e6cb0067318dd02b65abd7d6e8775d8ea430977390aba2da29010df044ec3afa627d08bb48a69d23e113eb91cc5,gx-no-cache=1646743679389 HTTP/1.1" 200 110
190.171.143.98 - - [08/Mar/2022:10:00:22 -0300] "POST /cormun/servlet/solicitudot?gx-no-cache=1646743679439 HTTP/1.1" 200 146
190.171.143.98 - - [08/Mar/2022:10:00:22 -0300] "POST /cormun/servlet/solicitudot?29749c9a41d35b00f55420e6123bc500,INS,0,0,false,,gx-no-cache=1646743679530 HTTP/1.1" 200 13319
190.95.1.185 - - [08/Mar/2022:10:00:27 -0300] "GET /cormun/servlet/trsolicitudot? HTTP/1.1" 200 10446
190.95.1.185 - - [08/Mar/2022:10:00:28 -0300] "GET /cormun/servlet/trsolicitudot? HTTP/1.1" 200 10437
190.171.143.98 - - [08/Mar/2022:10:00:38 -0300] "POST /cormun/servlet/solicitudot?gx-no-cache=1646743695478 HTTP/1.1" 200 41
190.171.143.98 - - [08/Mar/2022:10:00:38 -0300] "GET /cormun/servlet/solicitudot?fc2588ed63b7410d65ea3ed8e62becf52804ec33f1ad663e5b65a77fbc0f27b339a2a2e707a519db4a9af025d25b887ba190510260eee429325524cd58d7acb67b1d2e6cb0067318dd02b65abd7d6e8775d8ea430977390aba2da29010df044ec3afa627d08bb48a69d23e113eb91cc5,gx-no-cache=1646743695498 HTTP/1.1" 200 110
190.171.143.98 - - [08/Mar/2022:10:00:39 -0300] "GET /cormun/servlet/solicitudot?fc2588ed63b7410d65ea3ed8e62becf52804ec33f1ad663e5b65a77fbc0f27b339a2a2e707a519db4a9af025d25b887ba190510260eee429325524cd58d7acb67b1d2e6cb0067318dd02b65abd7d6e8775d8ea430977390aba2da29010df044ec3afa627d08bb48a69d23e113eb91cc5,gx-no-cache=1646743696916 HTTP/1.1" 200 110
190.171.143.98 - - [08/Mar/2022:10:00:44 -0300] "GET /cormun/servlet/solicitudot?fc2588ed63b7410d65ea3ed8e62becf556a6d6a18c8e679360717194309e91ae093637a0a1e195525273edbdf24b81c3,gx-no-cache=1646743702030 HTTP/1.1" 200 30
190.171.143.98 - - [08/Mar/2022:10:00:45 -0300] "POST /cormun/servlet/solicitudot?gx-no-cache=1646743702063 HTTP/1.1" 200 135
190.171.143.98 - - [08/Mar/2022:10:00:45 -0300] "POST /cormun/servlet/solicitudot?29749c9a41d35b00f55420e6123bc500,INS,0,0,false,,gx-no-cache=1646743702142 HTTP/1.1" 200 13362
190.171.143.98 - - [08/Mar/2022:10:00:46 -0300] "POST /cormun/servlet/solicitudot?29749c9a41d35b00f55420e6123bc500,INS,0,0,false,,gx-no-cache=1646743703639 HTTP/1.1" 200 13404
190.171.143.98 - - [08/Mar/2022:10:00:55 -0300] "GET /cormun/servlet/solicitudot?fc2588ed63b7410d65ea3ed8e62becf556a6d6a18c8e679360717194309e91ae18a4b5352a68aca48ab2cc33983474a0,gx-no-cache=1646743712598 HTTP/1.1" 200 30
190.171.143.98 - - [08/Mar/2022:10:01:07 -0300] "POST /cormun/servlet/solicitudot?gx-no-cache=1646743724646 HTTP/1.1" 200 135
190.171.143.98 - - [08/Mar/2022:10:01:07 -0300] "POST /cormun/servlet/solicitudot?29749c9a41d35b00f55420e6123bc500,INS,0,0,false,,gx-no-cache=1646743724717 HTTP/1.1" 200 13446
190.171.143.98 - - [08/Mar/2022:10:05:47 -0300] "POST /cormun/servlet/solicitudot?gx-no-cache=1646744004352 HTTP/1.1" 200 30
190.171.143.98 - - [08/Mar/2022:10:05:50 -0300] "POST /cormun/servlet/solicitudot?gx-no-cache=1646744007361 HTTP/1.1" 200 1455
190.171.143.98 - - [08/Mar/2022:10:05:50 -0300] "POST /cormun/servlet/solicitudot?gx-no-cache=1646744007478 HTTP/1.1" 200 41
190.171.143.98 - - [08/Mar/2022:10:05:50 -0300] "GET /cormun/servlet/solicitudot?fc2588ed63b7410d65ea3ed8e62becf52804ec33f1ad663e5b65a77fbc0f27b339a2a2e707a519db4a9af025d25b887ba190510260eee429325524cd58d7acb67b1d2e6cb0067318dd02b65abd7d6e8775d8ea430977390aba2da29010df044ec3afa627d08bb48a69d23e113eb91cc5,gx-no-cache=1646744007505 HTTP/1.1" 200 110
190.171.143.98 - - [08/Mar/2022:10:05:50 -0300] "POST /cormun/servlet/solicitudot?gx-no-cache=1646744007531 HTTP/1.1" 200 97
190.171.143.98 - - [08/Mar/2022:10:05:52 -0300] "POST /cormun/servlet/solicitudot?gx-no-cache=1646744009109 HTTP/1.1" 200 30
190.171.143.98 - - [08/Mar/2022:10:05:52 -0300] "POST /cormun/servlet/solicitudot?gx-no-cache=1646744009154 HTTP/1.1" 200 1455
190.171.143.98 - - [08/Mar/2022:10:05:52 -0300] "POST /cormun/servlet/solicitudot?gx-no-cache=1646744009225 HTTP/1.1" 200 41
190.171.143.98 - - [08/Mar/2022:10:05:52 -0300] "GET /cormun/servlet/solicitudot?fc2588ed63b7410d65ea3ed8e62becf52804ec33f1ad663e5b65a77fbc0f27b339a2a2e707a519db4a9af025d25b887ba190510260eee429325524cd58d7acb67b1d2e6cb0067318dd02b65abd7d6e8775d8ea430977390aba2da29010df044ec3afa627d08bb48a69d23e113eb91cc5,gx-no-cache=1646744009243 HTTP/1.1" 200 110
190.171.143.98 - - [08/Mar/2022:10:05:52 -0300] "POST /cormun/servlet/solicitudot?gx-no-cache=1646744009263 HTTP/1.1" 200 97
190.171.143.98 - - [08/Mar/2022:10:05:54 -0300] "POST /cormun/servlet/solicitudot?gx-no-cache=1646744011294 HTTP/1.1" 200 34
190.171.143.98 - - [08/Mar/2022:10:05:54 -0300] "POST /cormun/servlet/solicitudot?29749c9a41d35b00f55420e6123bc500,INS,0,0,false,,gx-no-cache=1646744011327 HTTP/1.1" 200 93
190.171.143.98 - - [08/Mar/2022:10:05:54 -0300] "GET /cormun/servlet/hpexe_return? HTTP/1.1" 200 1009
190.171.143.98 - - [08/Mar/2022:10:05:54 -0300] "GET /cormun/servlet/trsolicitudot HTTP/1.1" 200 8928
190.171.143.98 - - [08/Mar/2022:10:05:55 -0300] "GET /cormun/servlet/trsolicitudot HTTP/1.1" 200 8924
190.171.143.98 - - [08/Mar/2022:10:06:20 -0300] "POST /cormun/servlet/trsolicitudot?29749c9a41d35b00f55420e6123bc500,gx-no-cache=1646744037465 HTTP/1.1" 200 4864
190.171.143.98 - - [08/Mar/2022:10:06:20 -0300] "GET /cormun/static/Shared/jqueryui/images/ui-bg_highlight-soft_100_c6c2c8_1x100.png HTTP/1.1" 404 1117
190.171.143.98 - - [08/Mar/2022:10:06:20 -0300] "GET /cormun/static/Shared/jqueryui/images/ui-icons_82798d_256x240.png HTTP/1.1" 404 1089
190.171.143.98 - - [08/Mar/2022:10:06:20 -0300] "GET /cormun/static/Shared/jqueryui/images/ui-bg_flat_55_fafafa_40x100.png HTTP/1.1" 404 1097
190.171.143.98 - - [08/Mar/2022:10:06:20 -0300] "GET /cormun/static/Shared/jqueryui/images/ui-icons_8d78a5_256x240.png HTTP/1.1" 404 1089
190.171.143.98 - - [08/Mar/2022:10:06:21 -0300] "POST /cormun/servlet/trsolicitudot?29749c9a41d35b00f55420e6123bc500,gx-no-cache=1646744037708 HTTP/1.1" 200 4612
137.184.71.226 - - [08/Mar/2022:10:07:20 -0300] "GET /script HTTP/1.1" 404 973
181.212.43.89 - - [08/Mar/2022:10:08:59 -0300] "GET /cormun/servlet/hlogin HTTP/1.1" 200 1727
181.212.43.89 - - [08/Mar/2022:10:09:00 -0300] "GET /cormun/servlet/hlogin HTTP/1.1" 200 1736
181.212.43.89 - - [08/Mar/2022:10:09:00 -0300] "GET /cormun/static/Resources/indicator.gif HTTP/1.1" 200 1553
181.212.43.89 - - [08/Mar/2022:10:09:06 -0300] "POST /cormun/servlet/hlogin?c0825413008d0aaecc1a1ea1792e12f2,gx-no-cache=1646744202417 HTTP/1.1" 200 90
181.212.43.89 - - [08/Mar/2022:10:09:06 -0300] "GET /cormun/servlet/hpexe_link HTTP/1.1" 200 952
181.212.43.89 - - [08/Mar/2022:10:09:06 -0300] "GET /cormun/servlet/hhome HTTP/1.1" 200 4003
181.212.43.89 - - [08/Mar/2022:10:09:07 -0300] "GET /cormun/servlet/hhome HTTP/1.1" 200 4000
181.212.43.89 - - [08/Mar/2022:10:09:11 -0300] "GET /cormun/servlet/trsolicitudot? HTTP/1.1" 200 8655
181.212.43.89 - - [08/Mar/2022:10:09:12 -0300] "GET /cormun/servlet/trsolicitudot? HTTP/1.1" 200 8656
181.212.43.89 - - [08/Mar/2022:10:09:14 -0300] "POST /cormun/servlet/trsolicitudot?c0825413008d0aaecc1a1ea1792e12f2,,gx-no-cache=1646744210940 HTTP/1.1" 200 113
181.212.43.89 - - [08/Mar/2022:10:09:14 -0300] "GET /cormun/servlet/solicitudot?UPD,2022,17947,false, HTTP/1.1" 200 16353
181.212.43.89 - - [08/Mar/2022:10:09:15 -0300] "GET /cormun/servlet/solicitudot?UPD,2022,17947,false, HTTP/1.1" 200 16364
181.212.43.89 - - [08/Mar/2022:10:09:16 -0300] "POST /cormun/servlet/solicitudot?gx-no-cache=1646744212729 HTTP/1.1" 200 3937
181.212.43.89 - - [08/Mar/2022:10:09:16 -0300] "POST /cormun/servlet/solicitudot?c0825413008d0aaecc1a1ea1792e12f2,UPD,2022,17947,false,,gx-no-cache=1646744212917 HTTP/1.1" 200 12568
181.212.43.89 - - [08/Mar/2022:10:09:16 -0300] "GET /cormun/servlet/solicitudot?6a63ee78b06ff5b2ae6b7574550bf19d67bf74b98e49e098b218d022f2c9e09251b12ffce3246fb1af0ace9365cb5450,gx-no-cache=1646744213123 HTTP/1.1" 200 30
181.212.43.89 - - [08/Mar/2022:10:09:16 -0300] "GET /cormun/servlet/solicitudot?6a63ee78b06ff5b2ae6b7574550bf19d9eb7446455c418ca74f5725b7720333be3164cd1df3edc49c61414a6d4829adbc5d2f740421fa167c996ed30ad0e8ae4,gx-no-cache=1646744213163 HTTP/1.1" 200 30
181.212.43.89 - - [08/Mar/2022:10:09:16 -0300] "GET /cormun/servlet/solicitudot?6a63ee78b06ff5b2ae6b7574550bf19d5f0ffddd0beab700bafb23cfaa386d165b5eb529fe84f191ac88d2d521698a8a7d73b2fc7e3b56245427f29dfbbb6d45,gx-no-cache=1646744213194 HTTP/1.1" 200 51
181.212.43.89 - - [08/Mar/2022:10:09:16 -0300] "POST /cormun/servlet/solicitudot?gx-no-cache=1646744213222 HTTP/1.1" 200 238
181.212.43.89 - - [08/Mar/2022:10:09:16 -0300] "GET /cormun/servlet/solicitudot?6a63ee78b06ff5b2ae6b7574550bf19da80f5a0c9083ee1f6e3f4d3e2569286edd1cd2b18ab6a39cd568d318ea0b09ed55a4c7889757d0d70ac52b9b6061f79b0e2e3483c59e4e386677aa38b8be5a16d7b80a417f78a1433bffb24e028cda668ae3c09f7892ff6d85b06519c756e9a9439d52c0366fefba782f7e81dde2fd70a99a5da46f3d13a7fe2d14c5d5c6a2a2e24d02c65a4f7e2025d5e86c574136c5203b36a1d630b7fde5895fdb21d57dce6f19dd528259ef5a35d49fc2a56422f1b79bbcab92527a209e0beb7a686488e71336e5341a4bc83937a54ce2cd84432988c9d2ee0b07a7d0c6b863e0c37fd856806f406bb998146a5b30e80fe7ee3f22009b6fd2ef9b9ad67bc9ebe4aa772a3151f23cacd694d8819c275a38eb21d35e00daeb211aad8e1b58017f3a8d915baaa7294227bf6294d368f67913cfbf877c680c52fd05545b0afd7d96164760b17beac49bff8f7879ccdb09f9e6d3c06bbd29ddaab9e153ba92d8cad3d6af01737d78087b858dd833044d6b6522503837d9,gx-no-cache=1646744213256 HTTP/1.1" 200 30
181.212.43.89 - - [08/Mar/2022:10:09:16 -0300] "POST /cormun/servlet/solicitudot?gx-no-cache=1646744213280 HTTP/1.1" 200 30
181.212.43.89 - - [08/Mar/2022:10:09:16 -0300] "POST /cormun/servlet/solicitudot?gx-no-cache=1646744213317 HTTP/1.1" 200 1454
181.212.43.89 - - [08/Mar/2022:10:09:16 -0300] "POST /cormun/servlet/solicitudot?gx-no-cache=1646744213360 HTTP/1.1" 200 41
192.168.10.96 - - [08/Mar/2022:10:09:30 -0300] "GET /cormun/servlet/hlogin HTTP/1.1" 200 1727
201.219.233.239 - - [08/Mar/2022:10:09:36 -0300] "GET /cormun/servlet/trsolicitudadjuntos?2021,17422, HTTP/1.1" 200 9142
201.219.233.239 - - [08/Mar/2022:10:09:37 -0300] "GET /cormun/servlet/trsolicitudadjuntos?2021,17422, HTTP/1.1" 200 9142
201.219.233.239 - - [08/Mar/2022:10:09:38 -0300] "GET /cormun/servlet/hlogin HTTP/1.1" 200 1762
201.219.233.239 - - [08/Mar/2022:10:09:38 -0300] "GET /cormun/servlet/trsolicitudadjuntos?2021,17422, HTTP/1.1" 200 9160
192.168.10.96 - - [08/Mar/2022:10:09:41 -0300] "POST /cormun/servlet/hlogin?0009f8ea5c82af4ce3ba246e1155b261,gx-no-cache=1646744077450 HTTP/1.1" 200 90
192.168.10.96 - - [08/Mar/2022:10:09:41 -0300] "GET /cormun/servlet/hpexe_link HTTP/1.1" 200 954
192.168.10.96 - - [08/Mar/2022:10:09:41 -0300] "GET /cormun/servlet/hhome HTTP/1.1" 200 4008
192.168.10.96 - - [08/Mar/2022:10:09:41 -0300] "GET /cormun/servlet/hhome HTTP/1.1" 200 4004
192.168.10.96 - - [08/Mar/2022:10:09:43 -0300] "GET /cormun/servlet/trsolicitudot? HTTP/1.1" 200 8658
192.168.10.96 - - [08/Mar/2022:10:09:43 -0300] "GET /cormun/static/gxcfg.js?201991910464971 HTTP/1.1" 200 953
192.168.10.96 - - [08/Mar/2022:10:09:43 -0300] "GET /cormun/static/trsolicitudot.js?201991910465845 HTTP/1.1" 200 54041
192.168.10.96 - - [08/Mar/2022:10:09:43 -0300] "GET /cormun/servlet/trsolicitudot? HTTP/1.1" 200 8658
192.168.10.96 - - [08/Mar/2022:10:09:46 -0300] "POST /cormun/servlet/trsolicitudot?0009f8ea5c82af4ce3ba246e1155b261,,gx-no-cache=1646744083029 HTTP/1.1" 200 113
192.168.10.96 - - [08/Mar/2022:10:09:47 -0300] "GET /cormun/servlet/solicitudot?UPD,2022,17947,false, HTTP/1.1" 200 16353
192.168.10.96 - - [08/Mar/2022:10:09:47 -0300] "GET /cormun/static/gxcfg.js?20203414241232 HTTP/1.1" 200 953
192.168.10.96 - - [08/Mar/2022:10:09:47 -0300] "GET /cormun/static/calendar-system.css?85620 HTTP/1.1" 200 5572
192.168.10.96 - - [08/Mar/2022:10:09:47 -0300] "GET /cormun/static/Resources/prompt.gif HTTP/1.1" 200 902
192.168.10.96 - - [08/Mar/2022:10:09:47 -0300] "GET /cormun/static/solicitudot.js?20203414242792 HTTP/1.1" 200 74114
192.168.10.96 - - [08/Mar/2022:10:09:47 -0300] "GET /cormun/servlet/solicitudot?UPD,2022,17947,false, HTTP/1.1" 200 16365
192.168.10.96 - - [08/Mar/2022:10:09:47 -0300] "POST /cormun/servlet/solicitudot?gx-no-cache=1646744084105 HTTP/1.1" 200 3937
192.168.10.96 - - [08/Mar/2022:10:09:48 -0300] "POST /cormun/servlet/solicitudot?0009f8ea5c82af4ce3ba246e1155b261,UPD,2022,17947,false,,gx-no-cache=1646744084225 HTTP/1.1" 200 12569
192.168.10.96 - - [08/Mar/2022:10:09:48 -0300] "GET /cormun/servlet/solicitudot?36c2037434afb2e06b912819174debe0c3fcd51de06f649a06ca2739983bc68d49ac692af7f2686d41a33423486b6211,gx-no-cache=1646744084371 HTTP/1.1" 200 30
192.168.10.96 - - [08/Mar/2022:10:09:48 -0300] "GET /cormun/servlet/solicitudot?36c2037434afb2e06b912819174debe0d88564af13decb95fd7bd2dd5f764ef35347091a76022aac061bee24a8056c15c25111f53d4b4ebb5ef5c5f5e862b93b,gx-no-cache=1646744084389 HTTP/1.1" 200 30
192.168.10.96 - - [08/Mar/2022:10:09:48 -0300] "GET /cormun/servlet/solicitudot?36c2037434afb2e06b912819174debe0eacb066713d69549e63e8a83c99f9b6906dca1adb535d25b30f28c9784b4086aabb8c25068411f234e32054e91f4beba,gx-no-cache=1646744084403 HTTP/1.1" 200 51
192.168.10.96 - - [08/Mar/2022:10:09:48 -0300] "POST /cormun/servlet/solicitudot?gx-no-cache=1646744084418 HTTP/1.1" 200 238
192.168.10.96 - - [08/Mar/2022:10:09:48 -0300] "GET /cormun/servlet/solicitudot?36c2037434afb2e06b912819174debe0fa3e28e0d9f8f1f18fd560a3be3ab143ee04929c785a088543570a57d2852e35276d376b6c4625d834c543dccad8906fbf0e5661c8e5f1b6b7b4440bb501ead7969f1c0f161c9c943f7c41e16a74008e04a1915318ef4e358c4be075a6d6419dc92a2fb4e0e0f4af1d20b555d36f1aedd970ceb7345ecd6cd71d6f3ad75da7ccba55b702044632a57613475c7768a4e3b09e6cc05a7ea96c56af9757ac5120970fbcc871d33098be2a4104f0cc154e18a6b3cef28d245363b891eb4842e9ac99181fa21376ea404f09e46953c989c357d26334baa1dfe36755bf4bea6daf6ea1d03df7e83656f5c2f684be9f445f5d78e94aa1c44ea9f533bb1c83e16e6fdad4c154572ab15da7c40ab1bd320af7bc6cef39e229a5378ea00c31d9282531d87f3d63907ea8eb01fda6f847687b9cc128233dad209822352c49aa91affca075a29c914f8d66eeaf7f643a13d7a54aebff2f5f1554d00047dfde7af517480f791428947e2053d68abbebbeaa03b2076b44,gx-no-cache=1646744084437 HTTP/1.1" 200 30
192.168.10.96 - - [08/Mar/2022:10:09:48 -0300] "POST /cormun/servlet/solicitudot?gx-no-cache=1646744084464 HTTP/1.1" 200 30
192.168.10.96 - - [08/Mar/2022:10:09:48 -0300] "POST /cormun/servlet/solicitudot?gx-no-cache=1646744084484 HTTP/1.1" 200 1454
192.168.10.96 - - [08/Mar/2022:10:09:48 -0300] "POST /cormun/servlet/solicitudot?gx-no-cache=1646744084508 HTTP/1.1" 200 41
192.168.10.96 - - [08/Mar/2022:10:09:54 -0300] "POST /cormun/servlet/solicitudot?0009f8ea5c82af4ce3ba246e1155b261,UPD,2022,17947,false,,gx-no-cache=1646744091115 HTTP/1.1" 200 93
192.168.10.96 - - [08/Mar/2022:10:09:54 -0300] "GET /cormun/servlet/hpexe_return? HTTP/1.1" 200 1018
192.168.10.96 - - [08/Mar/2022:10:09:55 -0300] "GET /cormun/servlet/trsolicitudot HTTP/1.1" 200 8662
192.168.10.96 - - [08/Mar/2022:10:09:55 -0300] "GET /cormun/servlet/trsolicitudot HTTP/1.1" 200 8658
192.168.10.96 - - [08/Mar/2022:10:10:01 -0300] "GET /cormun/servlet/solicitudot?INS,0,0,false, HTTP/1.1" 200 15734
192.168.10.96 - - [08/Mar/2022:10:10:01 -0300] "GET /cormun/servlet/solicitudot?INS,0,0,false, HTTP/1.1" 200 15742
192.168.10.96 - - [08/Mar/2022:10:10:03 -0300] "GET /cormun/static/Resources/resize.gif HTTP/1.1" 200 77
192.168.10.96 - - [08/Mar/2022:10:10:03 -0300] "GET /cormun/static/Resources/PXTools/ClosePrompt.png HTTP/1.1" 200 1036
192.168.10.96 - - [08/Mar/2022:10:10:04 -0300] "GET /cormun/servlet/prfichaempleado?,MD,,gxPopupLevel%3D0%3B HTTP/1.1" 200 9306
192.168.10.96 - - [08/Mar/2022:10:10:04 -0300] "GET /cormun/static/gxcfg.js?20201215571085 HTTP/1.1" 200 953
192.168.10.96 - - [08/Mar/2022:10:10:04 -0300] "GET /cormun/static/prfichaempleado.js?20201215572193 HTTP/1.1" 200 16006
192.168.10.96 - - [08/Mar/2022:10:10:04 -0300] "GET /cormun/static/menusearch.js?20201214473581 HTTP/1.1" 200 1424
192.168.10.96 - - [08/Mar/2022:10:10:04 -0300] "GET /cormun/static/Resources/PXToolsMenuSearchCancel.png HTTP/1.1" 200 306
192.168.10.96 - - [08/Mar/2022:10:10:04 -0300] "GET /cormun/static/Resources/PXToolsMenuSearch.png HTTP/1.1" 200 336
192.168.10.96 - - [08/Mar/2022:10:10:04 -0300] "GET /cormun/static/hmpwkw011.js?20201215495555 HTTP/1.1" 200 1968
190.171.142.26 - - [08/Mar/2022:10:10:07 -0300] "GET /cormun/servlet/hlogin HTTP/1.1" 200 1730
190.171.142.26 - - [08/Mar/2022:10:10:07 -0300] "GET /favicon.ico HTTP/1.1" 200 21630
192.168.10.96 - - [08/Mar/2022:10:10:12 -0300] "POST /cormun/servlet/prfichaempleado?0009f8ea5c82af4ce3ba246e1155b261,,MD,,gxPopupLevel%3D0%3B,gx-no-cache=1646744109091 HTTP/1.1" 200 3435
190.171.142.26 - - [08/Mar/2022:10:10:13 -0300] "POST /cormun/servlet/hlogin?a3cd8085739cf7b717a51e98430574ce,gx-no-cache=1646744270304 HTTP/1.1" 200 90
190.171.142.26 - - [08/Mar/2022:10:10:13 -0300] "GET /cormun/servlet/hpexe_link HTTP/1.1" 200 957
190.171.142.26 - - [08/Mar/2022:10:10:13 -0300] "GET /cormun/servlet/hhome HTTP/1.1" 200 3977
190.171.142.26 - - [08/Mar/2022:10:10:14 -0300] "GET /cormun/servlet/hhome HTTP/1.1" 200 3974
192.168.10.96 - - [08/Mar/2022:10:10:15 -0300] "POST /cormun/servlet/solicitudot?gx-no-cache=1646744111967 HTTP/1.1" 200 3976
192.168.10.96 - - [08/Mar/2022:10:10:15 -0300] "POST /cormun/servlet/solicitudot?0009f8ea5c82af4ce3ba246e1155b261,INS,0,0,false,,gx-no-cache=1646744112102 HTTP/1.1" 200 12535
190.171.142.26 - - [08/Mar/2022:10:10:17 -0300] "GET /cormun/servlet/trsolicitudot? HTTP/1.1" 200 7195
190.171.142.26 - - [08/Mar/2022:10:10:17 -0300] "GET /cormun/servlet/trsolicitudot? HTTP/1.1" 200 7194
192.168.10.96 - - [08/Mar/2022:10:10:18 -0300] "POST /cormun/servlet/solicitudot?0009f8ea5c82af4ce3ba246e1155b261,INS,0,0,false,,gx-no-cache=1646744114893 HTTP/1.1" 200 93
192.168.10.96 - - [08/Mar/2022:10:10:18 -0300] "GET /cormun/servlet/hpexe_return? HTTP/1.1" 200 1012
192.168.10.96 - - [08/Mar/2022:10:10:18 -0300] "GET /cormun/servlet/trsolicitudot HTTP/1.1" 200 8662
192.168.10.96 - - [08/Mar/2022:10:10:19 -0300] "GET /cormun/servlet/trsolicitudot HTTP/1.1" 200 8658
190.171.142.26 - - [08/Mar/2022:10:10:19 -0300] "GET /cormun/servlet/solicitudot?INS,0,0,false, HTTP/1.1" 200 15705
190.171.142.26 - - [08/Mar/2022:10:10:20 -0300] "GET /cormun/servlet/solicitudot?INS,0,0,false, HTTP/1.1" 200 15712
190.171.142.26 - - [08/Mar/2022:10:10:26 -0300] "POST /cormun/servlet/solicitudot?gx-no-cache=1646744282819 HTTP/1.1" 200 3850
190.171.142.26 - - [08/Mar/2022:10:10:26 -0300] "POST /cormun/servlet/solicitudot?a3cd8085739cf7b717a51e98430574ce,INS,0,0,false,,gx-no-cache=1646744282990 HTTP/1.1" 200 12392
181.212.43.89 - - [08/Mar/2022:10:10:30 -0300] "POST /cormun/servlet/solicitudot?c0825413008d0aaecc1a1ea1792e12f2,UPD,2022,17947,false,,gx-no-cache=1646744286682 HTTP/1.1" 200 93
181.212.43.89 - - [08/Mar/2022:10:10:30 -0300] "GET /cormun/servlet/hpexe_return? HTTP/1.1" 200 1016
181.212.43.89 - - [08/Mar/2022:10:10:30 -0300] "GET /cormun/servlet/trsolicitudot HTTP/1.1" 200 8657
181.212.43.89 - - [08/Mar/2022:10:10:31 -0300] "GET /cormun/servlet/trsolicitudot HTTP/1.1" 200 8653
190.171.142.26 - - [08/Mar/2022:10:10:41 -0300] "POST /cormun/servlet/solicitudot?gx-no-cache=1646744298474 HTTP/1.1" 200 3858
190.171.142.26 - - [08/Mar/2022:10:10:42 -0300] "POST /cormun/servlet/solicitudot?a3cd8085739cf7b717a51e98430574ce,INS,0,0,false,,gx-no-cache=1646744298840 HTTP/1.1" 200 12453
190.171.142.26 - - [08/Mar/2022:10:10:44 -0300] "GET /cormun/servlet/solicitudot?8a3923835e93d31ecfa1cc0a2971d9f5000eba5c214e64111584922decd8ef7ae02b367565a9e52b4aa425f90de6b3a3,gx-no-cache=1646744301012 HTTP/1.1" 200 30
201.219.233.239 - - [08/Mar/2022:10:11:07 -0300] "POST /cormun/servlet/hlogin?6f9446442e39029f51611f19cb9e9776,gx-no-cache=1646744323618 HTTP/1.1" 200 90
201.219.233.239 - - [08/Mar/2022:10:11:07 -0300] "GET /cormun/servlet/hpexe_link HTTP/1.1" 200 975
201.219.233.239 - - [08/Mar/2022:10:11:08 -0300] "GET /cormun/servlet/trsolicitudadjuntos?2021,17422, HTTP/1.1" 200 9724
201.219.233.239 - - [08/Mar/2022:10:11:09 -0300] "GET /cormun/servlet/trsolicitudadjuntos?2021,17422, HTTP/1.1" 200 9731
201.219.233.239 - - [08/Mar/2022:10:11:12 -0300] "GET /cormun/servlet/trsolicitudot? HTTP/1.1" 200 7117
201.219.233.239 - - [08/Mar/2022:10:11:12 -0300] "GET /cormun/servlet/trsolicitudot? HTTP/1.1" 200 7103
201.219.233.239 - - [08/Mar/2022:10:11:23 -0300] "GET /cormun/servlet/solicitudot?INS,0,0,false, HTTP/1.1" 200 15620
201.219.233.239 - - [08/Mar/2022:10:11:23 -0300] "GET /cormun/servlet/solicitudot?INS,0,0,false, HTTP/1.1" 200 15628
190.171.141.82 - - [08/Mar/2022:10:11:39 -0300] "GET /cormun/servlet/solicitudot?INS,0,0,false, HTTP/1.1" 200 15678
190.171.141.82 - - [08/Mar/2022:10:11:42 -0300] "GET /cormun/servlet/solicitudot?INS,0,0,false, HTTP/1.1" 200 15685
190.171.141.82 - - [08/Mar/2022:10:12:04 -0300] "POST /cormun/servlet/solicitudot?gx-no-cache=1646744380256 HTTP/1.1" 200 3979
190.171.141.82 - - [08/Mar/2022:10:12:04 -0300] "POST /cormun/servlet/solicitudot?0594ff7081cc637dd36557eaba09b1d6,INS,0,0,false,,gx-no-cache=1646744380686 HTTP/1.1" 200 12515
201.219.233.239 - - [08/Mar/2022:10:12:11 -0300] "POST /cormun/servlet/solicitudot?gx-no-cache=1646744387285 HTTP/1.1" 200 3850
201.219.233.239 - - [08/Mar/2022:10:12:11 -0300] "POST /cormun/servlet/solicitudot?6f9446442e39029f51611f19cb9e9776,INS,0,0,false,,gx-no-cache=1646744387517 HTTP/1.1" 200 12398
201.219.233.239 - - [08/Mar/2022:10:12:12 -0300] "GET /cormun/servlet/solicitudot?c8ca41ab3721e2d244984c0eeb3fc999c1df7dc2c18e278869e90bd7243df164be30f62eda78ba8e2a312a15d0133a93,gx-no-cache=1646744388378 HTTP/1.1" 200 111
201.219.233.239 - - [08/Mar/2022:10:12:12 -0300] "GET /cormun/static/Shared/jqueryui/images/ui-bg_highlight-soft_100_c6c2c8_1x100.png HTTP/1.1" 404 1117
201.219.233.239 - - [08/Mar/2022:10:12:12 -0300] "GET /cormun/static/Shared/jqueryui/images/ui-icons_82798d_256x240.png HTTP/1.1" 404 1089
201.219.233.239 - - [08/Mar/2022:10:12:12 -0300] "GET /cormun/static/Shared/jqueryui/images/ui-bg_flat_55_994d53_40x100.png HTTP/1.1" 404 1097
201.219.233.239 - - [08/Mar/2022:10:12:12 -0300] "GET /cormun/static/Shared/jqueryui/images/ui-icons_ebccce_256x240.png HTTP/1.1" 404 1089
201.219.233.239 - - [08/Mar/2022:10:12:15 -0300] "GET /cormun/servlet/solicitudot?c8ca41ab3721e2d244984c0eeb3fc999992c04bcd8ce6ccd6fdf90639f3c9c93adc06eca5d0acbe3df043ea615d6f078,gx-no-cache=1646744392065 HTTP/1.1" 200 30
190.171.141.82 - - [08/Mar/2022:10:12:18 -0300] "GET /cormun/servlet/solicitudot?df4b2fa42c581a37fa0b6fcf8ad0262f67dac68cda4014061bdccf66c2795ba7d026ce96505ca13d9a475141941ce2b6,gx-no-cache=1646744394488 HTTP/1.1" 200 30
190.171.141.82 - - [08/Mar/2022:10:12:18 -0300] "GET /cormun/servlet/solicitudot?df4b2fa42c581a37fa0b6fcf8ad0262fc575c63b93e134b1e20fbe4d26ca3f68e223ae8c99658ab08a39bb8c5d6087cc25f07c94b5b9deb2c1e3d3a997d54e84,gx-no-cache=1646744394584 HTTP/1.1" 200 30
190.171.141.82 - - [08/Mar/2022:10:12:18 -0300] "GET /cormun/servlet/solicitudot?df4b2fa42c581a37fa0b6fcf8ad0262f67a687fa1bc004fd9ed2f81f73083277,gx-no-cache=1646744394634 HTTP/1.1" 200 53
190.171.141.82 - - [08/Mar/2022:10:12:18 -0300] "POST /cormun/servlet/solicitudot?gx-no-cache=1646744394713 HTTP/1.1" 200 240
190.171.141.82 - - [08/Mar/2022:10:12:18 -0300] "GET /cormun/servlet/solicitudot?df4b2fa42c581a37fa0b6fcf8ad0262f8956171ce5a77a3bf6757b8c10fe583591c8e8961af746e91584fef431bd863aba48550995383d6537189449678ac1ae205af4de0e327f6ee73b7725c98b75e5e488acd77defc55d274cb53936c48b5d795572f2540969c4b06714cc032a7d6fdbccd807b0e6c0b86f00fd59d7ee5aa41b00148020799c5cc7e625d1b7e004330cdbf97e290d490b4400446f3d330099996df2e8d992b5ff75ebc00c80e39868e402bf9dacd62541e8e855709d7d6c1a8604cd1d4fdc69b3748978190e14a909fd36676e6d2590566e8f070abfb2a776d8d0aac21fb81c26a4f217bb5292854ca4c7bb2f891f0ed95cda05f5ce85f10f5b47ade169d49f95194b4dbd95c4e6362c86efe111de7394c3330664d2c6f0ccc1dc8a93201dcd50ff79746f35e85c342ce1e4b68d456fa72d030486a9ad59dcb0ae10644d1019ecdfe5402c744227b443da983aa2bc3846b9064574ca50d6ad40f6f53f87c1ca568858042ec55923afb61fd5f2fa3766f04a181e08fb6f3f2c,gx-no-cache=1646744394796 HTTP/1.1" 200 30
190.171.141.82 - - [08/Mar/2022:10:12:22 -0300] "POST /cormun/servlet/solicitudot?gx-no-cache=1646744398945 HTTP/1.1" 200 30
190.171.142.26 - - [08/Mar/2022:10:12:47 -0300] "GET /cormun/servlet/solicitudot?8a3923835e93d31ecfa1cc0a2971d9f5ec26975c7043dec355386c1144750e4e0e7f6d6537acc29ac71e7da76921dd535e3c8d495019b1bb9ce0e909866d770f,gx-no-cache=1646744424524 HTTP/1.1" 200 30
190.171.142.26 - - [08/Mar/2022:10:12:50 -0300] "GET /cormun/servlet/solicitudot?8a3923835e93d31ecfa1cc0a2971d9f542086e4f1d50553c6704b55ed413924d,gx-no-cache=1646744426922 HTTP/1.1" 200 53
190.171.141.82 - - [08/Mar/2022:10:13:00 -0300] "GET /cormun/servlet/prlicenciaspermisos?13718092,L,,MD,,gxPopupLevel%3D0%3B HTTP/1.1" 200 6269
190.171.141.82 - - [08/Mar/2022:10:13:00 -0300] "GET /cormun/static/gxcfg.js?2020121559567 HTTP/1.1" 200 953
190.171.141.82 - - [08/Mar/2022:10:13:00 -0300] "GET /cormun/static/prlicenciaspermisos.js?2020121559821 HTTP/1.1" 200 13379
190.171.152.242 - - [08/Mar/2022:10:13:08 -0300] "GET /cormun/servlet/hlogin HTTP/1.1" 200 1748
190.171.152.242 - - [08/Mar/2022:10:13:08 -0300] "GET /cormun/servlet/hlogin HTTP/1.1" 200 1740
190.171.142.26 - - [08/Mar/2022:10:13:08 -0300] "POST /cormun/servlet/solicitudot?gx-no-cache=1646744445520 HTTP/1.1" 200 297
190.171.142.26 - - [08/Mar/2022:10:13:08 -0300] "GET /cormun/servlet/solicitudot?8a3923835e93d31ecfa1cc0a2971d9f5b34c2ecf314b898bcc5bae0fdaa3a1683f349cb0c48a0403272c3fa0b883fe2c490fb8b93d30b14fff438a15c5004e89e6e6adf44506ea6a78feabb71eefb30f1e0510d9bcc9838d73191837937ba1b9413d792e2b6bea97cf44cd52b2567e7ad48ea9b5a848712965bee531cb03d835aabd49f455df769068afe2014262c199002c1baf4996aa11fa3605a3684b14ca5821542a9d93b624e4d961efc3d0e668206970b65e496dbed4e3a1a1030b08a83fc38208e62474d50a58d1ded45bf25c1c25cc9350cd83f432f350aa5eb6d233966c2803781a03ae308561551b76758df281eea856bef9f5c4b63b41c673d50ae22f983b2895210b0e14c954cd2d9e7403baa939fb5f78c15960fbe96a61a940cdc6af3b70149b76fd78ad228b0e5bbaa5e32a78016b73c0a5b60cb86a64c737e9d09d25ad574311e63079e62b6d67c9d6f3886455df6a0111efefb3ca99ae8eaf1fc3e9155306bab7ce67a1d8d02e8e40389a06f78a57fecbde68aee641fa25b7590cb84d20877534b9be24c4454749,gx-no-cache=1646744445582 HTTP/1.1" 200 30
190.171.141.82 - - [08/Mar/2022:10:13:09 -0300] "POST /cormun/servlet/solicitudot?gx-no-cache=1646744445392 HTTP/1.1" 200 1454
190.171.152.242 - - [08/Mar/2022:10:13:12 -0300] "POST /cormun/servlet/hlogin?54ca9747644394f1a1ea328ecb641598,gx-no-cache=1646744448204 HTTP/1.1" 200 90
190.171.152.242 - - [08/Mar/2022:10:13:12 -0300] "GET /cormun/servlet/hpexe_link HTTP/1.1" 200 953
190.171.152.242 - - [08/Mar/2022:10:13:13 -0300] "GET /cormun/servlet/hhome HTTP/1.1" 200 4094
190.171.152.242 - - [08/Mar/2022:10:13:13 -0300] "GET /cormun/servlet/hhome HTTP/1.1" 200 4091
190.171.152.242 - - [08/Mar/2022:10:13:13 -0300] "GET /cormun/static/SmoothNavMenu/resources/images/right.gif HTTP/1.1" 200 860
190.171.142.26 - - [08/Mar/2022:10:13:14 -0300] "POST /cormun/servlet/solicitudot?gx-no-cache=1646744450997 HTTP/1.1" 200 30
190.171.142.26 - - [08/Mar/2022:10:13:16 -0300] "POST /cormun/servlet/solicitudot?gx-no-cache=1646744453112 HTTP/1.1" 200 1453
190.171.142.26 - - [08/Mar/2022:10:13:16 -0300] "POST /cormun/servlet/solicitudot?gx-no-cache=1646744453314 HTTP/1.1" 200 38
190.171.152.242 - - [08/Mar/2022:10:13:16 -0300] "GET /cormun/servlet/trautorizarsolicitud? HTTP/1.1" 200 9806
190.171.152.242 - - [08/Mar/2022:10:13:16 -0300] "GET /cormun/static/gxcfg.js?201991422414522 HTTP/1.1" 200 953
190.171.152.242 - - [08/Mar/2022:10:13:16 -0300] "GET /cormun/static/trautorizarsolicitud.js?201991422415463 HTTP/1.1" 200 53910
190.171.152.242 - - [08/Mar/2022:10:13:16 -0300] "GET /cormun/servlet/trautorizarsolicitud? HTTP/1.1" 200 9804
190.171.152.242 - - [08/Mar/2022:10:13:25 -0300] "POST /cormun/servlet/trautorizarsolicitud?54ca9747644394f1a1ea328ecb641598,,gx-no-cache=1646744461021 HTTP/1.1" 200 6801
190.171.152.242 - - [08/Mar/2022:10:13:25 -0300] "GET /cormun/static/Shared/jqueryui/images/ui-bg_highlight-soft_100_c6c2c8_1x100.png HTTP/1.1" 404 1117
190.171.152.242 - - [08/Mar/2022:10:13:25 -0300] "GET /cormun/static/Shared/jqueryui/images/ui-icons_82798d_256x240.png HTTP/1.1" 404 1089
190.171.152.242 - - [08/Mar/2022:10:13:25 -0300] "GET /cormun/static/Shared/jqueryui/images/ui-bg_flat_55_fafafa_40x100.png HTTP/1.1" 404 1097
190.171.152.242 - - [08/Mar/2022:10:13:25 -0300] "GET /cormun/static/Shared/jqueryui/images/ui-icons_8d78a5_256x240.png HTTP/1.1" 404 1089
190.171.152.242 - - [08/Mar/2022:10:13:25 -0300] "POST /cormun/servlet/trautorizarsolicitud?54ca9747644394f1a1ea328ecb641598,,gx-no-cache=1646744461360 HTTP/1.1" 200 6746
190.171.141.82 - - [08/Mar/2022:10:13:43 -0300] "POST /cormun/servlet/solicitudot?gx-no-cache=1646744479257 HTTP/1.1" 200 41
190.171.141.82 - - [08/Mar/2022:10:13:43 -0300] "GET /cormun/servlet/solicitudot?df4b2fa42c581a37fa0b6fcf8ad0262ff2d0c8d1afeee4e816a6401525108c22711ffdb343be09f906eca4a3aa520d6d93f16923468a6fbb13b381678d27dbdce69f1eea370291403b464aa66f60d1988ed8c4a973f73e48a512284da801f6e46292dae600d8c67a66bf2903d52766e3,gx-no-cache=1646744479349 HTTP/1.1" 200 110
190.171.141.82 - - [08/Mar/2022:10:13:43 -0300] "POST /cormun/servlet/solicitudot?gx-no-cache=1646744479405 HTTP/1.1" 200 97
190.171.141.82 - - [08/Mar/2022:10:13:55 -0300] "GET /cormun/servlet/solicitudot?df4b2fa42c581a37fa0b6fcf8ad0262f3cbd9dc11fb1d18e332eabfc086dc8fe8d4a54fce1380ce5cf2c4e034e42cfd8a1c48e69c12e3c51e2671a47f1afeb9838db27d373ecac9652ca66b5a94f85509281bbde88f36ab5ab9280b10a18362cf960771567deb7df79dbd079f218d88ab4ca41d1b1b976f25a6b4d61825c0468cee99fdc7b595ac0cb4040bba0f631bd5527490eb8b8af274fbbe94c1aedcb64,gx-no-cache=1646744491707 HTTP/1.1" 200 29
190.171.141.82 - - [08/Mar/2022:10:14:07 -0300] "GET /cormun/servlet/solicitudot?df4b2fa42c581a37fa0b6fcf8ad0262f3511c44ba2ee131a7946042ea9005721b8a7a56abfca807a10b04ce6a1247785,gx-no-cache=1646744501762 HTTP/1.1" 200 30
190.171.141.82 - - [08/Mar/2022:10:14:07 -0300] "POST /cormun/servlet/solicitudot?gx-no-cache=1646744503701 HTTP/1.1" 200 34
201.219.233.239 - - [08/Mar/2022:10:14:11 -0300] "GET /cormun/servlet/prbanco?,MD,,gxPopupLevel%3D0%3B HTTP/1.1" 200 6441
201.219.233.239 - - [08/Mar/2022:10:14:14 -0300] "GET /cormun/servlet/solicitudot?c8ca41ab3721e2d244984c0eeb3fc999a65a19d0ffe378926e2a1419571b25c39ce1461d10d466fabb2de666c1c5d1ff8f40190bdfb1ce324a2ce690ef9ca601,gx-no-cache=1646744511151 HTTP/1.1" 200 30
201.219.233.239 - - [08/Mar/2022:10:14:17 -0300] "GET /cormun/servlet/solicitudot?c8ca41ab3721e2d244984c0eeb3fc999395afa3b800dbf7c5c52b964179de8a5,gx-no-cache=1646744513462 HTTP/1.1" 200 53
190.171.142.26 - - [08/Mar/2022:10:14:17 -0300] "GET /cormun/servlet/solicitudot?8a3923835e93d31ecfa1cc0a2971d9f5c4c244db245897c9c535d9a3293b6e0b67675f36a148fb31e71f8c3f8cb98f097048f257e985042bc19ccd729b765860ab8a47022f31ebd8b946a8bc46242184f6b6d7f326ae92cb9eb83eb17fe63f6513a6a46d682bbd5838d969e66de90cca,gx-no-cache=1646744514267 HTTP/1.1" 200 110
190.171.142.26 - - [08/Mar/2022:10:14:17 -0300] "POST /cormun/servlet/solicitudot?gx-no-cache=1646744514325 HTTP/1.1" 200 79
190.171.142.26 - - [08/Mar/2022:10:14:21 -0300] "GET /cormun/servlet/solicitudot?8a3923835e93d31ecfa1cc0a2971d9f5666c05cec4793cea501630ee01a6f7c28b3e94b64e6df260964ab01dc4e9e7baccbbaa8dfdd37ca4806d0ac78ba5e2580dba89cef4de6c00adc2c0a5b1cbaa0be7834a64ea5a14d48860b033d4a65f48dac13ec4d7abaa4095ba473b53d65776,gx-no-cache=1646744518427 HTTP/1.1" 200 29
190.171.142.26 - - [08/Mar/2022:10:14:21 -0300] "GET /cormun/static/menuarrow.gif HTTP/1.1" 404 1015
190.171.142.26 - - [08/Mar/2022:10:14:26 -0300] "GET /cormun/servlet/solicitudot?8a3923835e93d31ecfa1cc0a2971d9f5669e1170e0fb101963c42f04c1d41190cb5da2cf5d471adab9b2ae6fc3201f1d,gx-no-cache=1646744522967 HTTP/1.1" 200 30
190.171.142.26 - - [08/Mar/2022:10:14:36 -0300] "POST /cormun/servlet/solicitudot?gx-no-cache=1646744533506 HTTP/1.1" 200 30
190.171.142.26 - - [08/Mar/2022:10:14:36 -0300] "POST /cormun/servlet/solicitudot?a3cd8085739cf7b717a51e98430574ce,INS,0,0,false,,gx-no-cache=1646744533533 HTTP/1.1" 200 93
190.171.142.26 - - [08/Mar/2022:10:14:36 -0300] "GET /cormun/servlet/hpexe_return? HTTP/1.1" 200 1014
190.171.142.26 - - [08/Mar/2022:10:14:37 -0300] "GET /cormun/servlet/trsolicitudot HTTP/1.1" 200 8605
190.171.142.26 - - [08/Mar/2022:10:14:37 -0300] "GET /cormun/servlet/trsolicitudot HTTP/1.1" 200 8601
201.219.233.239 - - [08/Mar/2022:10:14:38 -0300] "POST /cormun/servlet/solicitudot?gx-no-cache=1646744534544 HTTP/1.1" 200 297
201.219.233.239 - - [08/Mar/2022:10:14:38 -0300] "GET /cormun/servlet/solicitudot?c8ca41ab3721e2d244984c0eeb3fc99938b7b082ac5014ee7f29d2b91987a2f62a81ec8cc8719eab7284c6788da8f2815399ddc157c0a224696cbcf22b376ee98d010e158a09695d1afa380b24a833802a3cff3cb46f3ff00a308277fef541d42e532af6fff5cede5f84b33a4d8eb5b4c953e8ed75ca9212cbfa02d49371c9ca7414767ed4df4b0f332d80f45f49def62186aba3b7609c0b6a76c7a3434e840c0f5f2e1f09bfb6ccc06b693928b808352ea731049ad917cd2ca9ac7fcab454a34d886510e48a230f1895d7f3431e5d8944ff91fa458bd2d1a0b00a8d95a6b4314dc8f97f706da35b113c70deec3a3dafba6036d65945f2bdc1df3bb64ec5d65ba84da8779c3c016d93796e5d94b607338b826bc5568bea95ad181b5f373d449592ffc9760a1b68c11539998848ca9da710a167195eff2ad41a06859fffa028bc2bfe6d60cd6199b3992afdfb5139bf00bf5d2e664e819c45c6dac208a96ca8d0d0ece88b640a1087fa15d7cc232d2bd54b586891185cf4802131596de57d66fbba7f63af1cf7ecabecbaea848d759780,gx-no-cache=1646744534651 HTTP/1.1" 200 30
201.219.233.239 - - [08/Mar/2022:10:14:46 -0300] "POST /cormun/servlet/solicitudot?gx-no-cache=1646744542688 HTTP/1.1" 200 30
201.219.233.239 - - [08/Mar/2022:10:14:49 -0300] "POST /cormun/servlet/solicitudot?gx-no-cache=1646744545321 HTTP/1.1" 200 1452
201.219.233.239 - - [08/Mar/2022:10:14:49 -0300] "POST /cormun/servlet/solicitudot?gx-no-cache=1646744545456 HTTP/1.1" 200 38
190.171.141.82 - - [08/Mar/2022:10:14:59 -0300] "POST /cormun/servlet/solicitudot?0594ff7081cc637dd36557eaba09b1d6,INS,0,0,false,,gx-no-cache=1646744555454 HTTP/1.1" 200 93
190.171.141.82 - - [08/Mar/2022:10:14:59 -0300] "GET /cormun/servlet/hpexe_return? HTTP/1.1" 200 1009
190.171.141.82 - - [08/Mar/2022:10:15:00 -0300] "GET /cormun/servlet/trsolicitudot? HTTP/1.1" 200 8627
190.171.142.26 - - [08/Mar/2022:10:15:02 -0300] "GET /cormun/servlet/solicitudot?INS,0,0,false, HTTP/1.1" 200 15704
190.171.141.82 - - [08/Mar/2022:10:15:02 -0300] "GET /cormun/servlet/trsolicitudot? HTTP/1.1" 200 8621
190.171.142.26 - - [08/Mar/2022:10:15:02 -0300] "GET /cormun/servlet/solicitudot?INS,0,0,false, HTTP/1.1" 200 15712
190.171.141.82 - - [08/Mar/2022:10:15:05 -0300] "GET /cormun/servlet/trlicencias? HTTP/1.1" 200 9135
190.171.141.82 - - [08/Mar/2022:10:15:07 -0300] "GET /cormun/servlet/trlicencias? HTTP/1.1" 200 9134
190.171.142.26 - - [08/Mar/2022:10:15:11 -0300] "POST /cormun/servlet/solicitudot?gx-no-cache=1646744568139 HTTP/1.1" 200 3858
190.171.142.26 - - [08/Mar/2022:10:15:11 -0300] "POST /cormun/servlet/solicitudot?a3cd8085739cf7b717a51e98430574ce,INS,0,0,false,,gx-no-cache=1646744568303 HTTP/1.1" 200 12401
190.171.141.82 - - [08/Mar/2022:10:15:11 -0300] "POST /cormun/servlet/trlicencias?0594ff7081cc637dd36557eaba09b1d6,,gx-no-cache=1646744567966 HTTP/1.1" 200 6600
190.171.142.26 - - [08/Mar/2022:10:15:12 -0300] "GET /cormun/servlet/solicitudot?8a3923835e93d31ecfa1cc0a2971d9f536dd8885d93b39cabd2566d3d3299663e02b367565a9e52b4aa425f90de6b3a3,gx-no-cache=1646744569164 HTTP/1.1" 200 30
201.219.233.239 - - [08/Mar/2022:10:15:15 -0300] "GET /cormun/servlet/solicitudot?c8ca41ab3721e2d244984c0eeb3fc999d1f2b1819b680dda986301ce9b8973be8d160b45f07bd24efc403150ac14bfe4fb756aa5d4e246eccfb6175ecb613879a584022baaa55133bdafd08c9d49012f16b2af12c54ec4fd3b2781b7dd408feb2bac4eda0b246635b6bd6162ff9089de,gx-no-cache=1646744571199 HTTP/1.1" 200 110
190.171.141.82 - - [08/Mar/2022:10:15:23 -0300] "GET /cormun/servlet/trsolicitudot? HTTP/1.1" 200 8621
201.219.233.239 - - [08/Mar/2022:10:15:24 -0300] "POST /cormun/servlet/solicitudot?gx-no-cache=1646744580833 HTTP/1.1" 200 64
190.171.141.82 - - [08/Mar/2022:10:15:25 -0300] "GET /cormun/servlet/trsolicitudot? HTTP/1.1" 200 8621
201.219.233.239 - - [08/Mar/2022:10:15:32 -0300] "GET /cormun/servlet/solicitudot?c8ca41ab3721e2d244984c0eeb3fc99966d78dba5007b73b35e93708e7db5f08095c14283e87fa44c8fbfcdee0e54d2bfd8b38bc6bddb1ff0421b420229565f705d207e107e4aa58cfb97816ce2008ef5e409222a0572ee883dfc0dacf338e3b6b489b957952b7eeb89c4f6fcf7dafe6,gx-no-cache=1646744588619 HTTP/1.1" 200 29
201.219.233.239 - - [08/Mar/2022:10:15:32 -0300] "GET /cormun/static/menuarrow.gif HTTP/1.1" 404 1015
190.171.141.82 - - [08/Mar/2022:10:15:33 -0300] "POST /cormun/servlet/trsolicitudot?0594ff7081cc637dd36557eaba09b1d6,,gx-no-cache=1646744589456 HTTP/1.1" 200 4588
190.171.141.82 - - [08/Mar/2022:10:15:33 -0300] "GET /cormun/static/Shared/jqueryui/images/ui-bg_highlight-soft_100_c6c2c8_1x100.png HTTP/1.1" 404 1117
190.171.141.82 - - [08/Mar/2022:10:15:33 -0300] "GET /cormun/static/Shared/jqueryui/images/ui-icons_82798d_256x240.png HTTP/1.1" 404 1089
190.171.141.82 - - [08/Mar/2022:10:15:33 -0300] "GET /cormun/static/Shared/jqueryui/images/ui-icons_8d78a5_256x240.png HTTP/1.1" 404 1089
190.171.141.82 - - [08/Mar/2022:10:15:33 -0300] "GET /cormun/static/Shared/jqueryui/images/ui-bg_flat_55_fafafa_40x100.png HTTP/1.1" 404 1097
190.171.141.82 - - [08/Mar/2022:10:15:33 -0300] "POST /cormun/servlet/trsolicitudot?0594ff7081cc637dd36557eaba09b1d6,,gx-no-cache=1646744589910 HTTP/1.1" 200 4331
190.171.142.26 - - [08/Mar/2022:10:17:12 -0300] "GET /cormun/servlet/solicitudot?8a3923835e93d31ecfa1cc0a2971d9f56e992010e9700e45f6938f554a2ea7ecc88bf8ca2af8e0db287f4636d9be4da7,gx-no-cache=1646744688840 HTTP/1.1" 200 30
190.171.142.26 - - [08/Mar/2022:10:17:12 -0300] "GET /cormun/servlet/solicitudot?8a3923835e93d31ecfa1cc0a2971d9f526b8262f3170fe57bbeeb2057c7e03d9,gx-no-cache=1646744689180 HTTP/1.1" 200 29
190.171.142.26 - - [08/Mar/2022:10:17:14 -0300] "POST /cormun/servlet/solicitudot?gx-no-cache=1646744691324 HTTP/1.1" 200 255
190.171.142.26 - - [08/Mar/2022:10:17:16 -0300] "GET /cormun/servlet/solicitudot?8a3923835e93d31ecfa1cc0a2971d9f5b34c2ecf314b898bcc5bae0fdaa3a1683f2ec0aa9238a72dd5e5b459854ab8a4490fb8b93d30b14fff438a15c5004e89e6e6adf44506ea6a78feabb71eefb30f1e0510d9bcc9838d73191837937ba1b9413d792e2b6bea97cf44cd52b2567e7ad48ea9b5a848712965bee531cb03d835aabd49f455df769068afe2014262c199002c1baf4996aa11fa3605a3684b14ca5821542a9d93b624e4d961efc3d0e668206970b65e496dbed4e3a1a1030b08a83fc38208e62474d50a58d1ded45bf25c1c25cc9350cd83f432f350aa5eb6d233966c2803781a03ae308561551b76758d1349a7146aeec3d047e3de430812a371e22f983b2895210b0e14c954cd2d9e74668a683d9eaf04b1033881a00e0f099edade549b598ff07bb1d73891b53b15dd417149e10a6ebd375e5bf443d49d766027384eab260240a28de53f45f4db44be307158556be841b4ef466309b4ec35ef0abb0a4cda16119ff904baa295f3ba63369bc291d0639b027719c83536a1e6a3,gx-no-cache=1646744693534 HTTP/1.1" 200 30
190.171.142.26 - - [08/Mar/2022:10:17:19 -0300] "POST /cormun/servlet/solicitudot?gx-no-cache=1646744696795 HTTP/1.1" 200 30
190.171.142.26 - - [08/Mar/2022:10:17:21 -0300] "POST /cormun/servlet/solicitudot?gx-no-cache=1646744698454 HTTP/1.1" 200 1453
190.171.142.26 - - [08/Mar/2022:10:17:21 -0300] "POST /cormun/servlet/solicitudot?gx-no-cache=1646744698517 HTTP/1.1" 200 38
201.219.233.239 - - [08/Mar/2022:10:17:31 -0300] "GET /cormun/servlet/solicitudot?c8ca41ab3721e2d244984c0eeb3fc99923169123eab9c6c57ec3e7e3a0f0027c734d171599115d27cf8df20871035ff0,gx-no-cache=1646744707746 HTTP/1.1" 200 30
190.171.142.26 - - [08/Mar/2022:10:17:36 -0300] "GET /cormun/servlet/solicitudot?8a3923835e93d31ecfa1cc0a2971d9f5c4c244db245897c9c535d9a3293b6e0b67675f36a148fb31e71f8c3f8cb98f097048f257e985042bc19ccd729b765860ab8a47022f31ebd8b946a8bc46242184f6b6d7f326ae92cb9eb83eb17fe63f6513a6a46d682bbd5838d969e66de90cca,gx-no-cache=1646744713824 HTTP/1.1" 200 110
201.219.233.239 - - [08/Mar/2022:10:17:47 -0300] "POST /cormun/servlet/solicitudot?gx-no-cache=1646744723958 HTTP/1.1" 200 30
190.171.142.26 - - [08/Mar/2022:10:18:49 -0300] "POST /cormun/servlet/solicitudot?gx-no-cache=1646744786480 HTTP/1.1" 200 97
201.219.233.239 - - [08/Mar/2022:10:18:50 -0300] "POST /cormun/servlet/solicitudot?6f9446442e39029f51611f19cb9e9776,INS,0,0,false,,gx-no-cache=1646744786543 HTTP/1.1" 200 93
201.219.233.239 - - [08/Mar/2022:10:18:50 -0300] "GET /cormun/servlet/hpexe_return? HTTP/1.1" 200 1013
201.219.233.239 - - [08/Mar/2022:10:18:51 -0300] "GET /cormun/servlet/trsolicitudot HTTP/1.1" 200 8530
201.219.233.239 - - [08/Mar/2022:10:18:51 -0300] "GET /cormun/servlet/trsolicitudot HTTP/1.1" 200 8528
190.171.142.26 - - [08/Mar/2022:10:18:52 -0300] "GET /cormun/servlet/solicitudot?8a3923835e93d31ecfa1cc0a2971d9f5666c05cec4793cea501630ee01a6f7c28b3e94b64e6df260964ab01dc4e9e7baccbbaa8dfdd37ca4806d0ac78ba5e2580dba89cef4de6c00adc2c0a5b1cbaa0be7834a64ea5a14d48860b033d4a65f48dac13ec4d7abaa4095ba473b53d65776,gx-no-cache=1646744788986 HTTP/1.1" 200 29
190.171.142.26 - - [08/Mar/2022:10:19:01 -0300] "GET /cormun/static/menuarrow.gif HTTP/1.1" 404 1015
190.171.142.26 - - [08/Mar/2022:10:19:04 -0300] "GET /cormun/servlet/solicitudot?8a3923835e93d31ecfa1cc0a2971d9f5669e1170e0fb101963c42f04c1d411903f1a32cca067f49e5bbbf5d8c75e8435,gx-no-cache=1646744801758 HTTP/1.1" 200 30
190.171.142.26 - - [08/Mar/2022:10:19:13 -0300] "POST /cormun/servlet/solicitudot?gx-no-cache=1646744810704 HTTP/1.1" 200 30
190.171.142.26 - - [08/Mar/2022:10:20:01 -0300] "POST /cormun/servlet/solicitudot?a3cd8085739cf7b717a51e98430574ce,INS,0,0,false,,gx-no-cache=1646744858737 HTTP/1.1" 200 12760
190.171.142.26 - - [08/Mar/2022:10:20:02 -0300] "GET /cormun/static/Shared/jqueryui/images/ui-bg_highlight-soft_100_c6c2c8_1x100.png HTTP/1.1" 404 1117
190.171.142.26 - - [08/Mar/2022:10:20:02 -0300] "GET /cormun/static/Shared/jqueryui/images/ui-icons_82798d_256x240.png HTTP/1.1" 404 1089
190.171.142.26 - - [08/Mar/2022:10:20:02 -0300] "GET /cormun/static/Shared/jqueryui/images/ui-bg_flat_55_994d53_40x100.png HTTP/1.1" 404 1097
190.171.142.26 - - [08/Mar/2022:10:20:02 -0300] "GET /cormun/static/Shared/jqueryui/images/ui-icons_ebccce_256x240.png HTTP/1.1" 404 1089
190.171.142.26 - - [08/Mar/2022:10:20:41 -0300] "GET /cormun/servlet/solicitudot?8a3923835e93d31ecfa1cc0a2971d9f5b34c2ecf314b898bcc5bae0fdaa3a1683f2ec0aa9238a72dd5e5b459854ab8a4490fb8b93d30b14fff438a15c5004e89e6e6adf44506ea6a78feabb71eefb30f1e0510d9bcc9838d73191837937ba1b9413d792e2b6bea97cf44cd52b2567e7ad48ea9b5a848712965bee531cb03d835aabd49f455df769068afe2014262c199002c1baf4996aa11fa3605a3684b14ca5821542a9d93b624e4d961efc3d0e668206970b65e496dbed4e3a1a1030b08a83fc38208e62474d50a58d1ded45bf25c1c25cc9350cd83f432f350aa5eb6d233966c2803781a03ae308561551b76758d1349a7146aeec3d047e3de430812a371e22f983b2895210b0e14c954cd2d9e74668a683d9eaf04b1033881a00e0f099edade549b598ff07bb1d73891b53b15dd417149e10a6ebd375e5bf443d49d766027384eab260240a28de53f45f4db44be307158556be841b4ef466309b4ec35ef0abb0a4cda16119ff904baa295f3ba63a66f348b8c5bb8f7c5dcdb5dafa5481a,gx-no-cache=1646744897898 HTTP/1.1" 200 30
190.171.142.26 - - [08/Mar/2022:10:20:41 -0300] "POST /cormun/servlet/solicitudot?gx-no-cache=1646744897983 HTTP/1.1" 200 30
190.171.142.26 - - [08/Mar/2022:10:20:41 -0300] "POST /cormun/servlet/solicitudot?gx-no-cache=1646744898038 HTTP/1.1" 200 1453
190.171.142.26 - - [08/Mar/2022:10:20:41 -0300] "POST /cormun/servlet/solicitudot?gx-no-cache=1646744898083 HTTP/1.1" 200 41
190.171.142.26 - - [08/Mar/2022:10:20:41 -0300] "GET /cormun/servlet/solicitudot?8a3923835e93d31ecfa1cc0a2971d9f5c4c244db245897c9c535d9a3293b6e0b67675f36a148fb31e71f8c3f8cb98f097048f257e985042bc19ccd729b765860ab8a47022f31ebd8b946a8bc46242184f6b6d7f326ae92cb9eb83eb17fe63f6513a6a46d682bbd5838d969e66de90cca,gx-no-cache=1646744898123 HTTP/1.1" 200 110
190.171.142.26 - - [08/Mar/2022:10:20:41 -0300] "POST /cormun/servlet/solicitudot?gx-no-cache=1646744898165 HTTP/1.1" 200 67
190.171.142.26 - - [08/Mar/2022:10:20:41 -0300] "GET /cormun/servlet/solicitudot?8a3923835e93d31ecfa1cc0a2971d9f5669e1170e0fb101963c42f04c1d411903f1a32cca067f49e5bbbf5d8c75e8435,gx-no-cache=1646744898208 HTTP/1.1" 200 30
190.171.142.26 - - [08/Mar/2022:10:20:41 -0300] "POST /cormun/servlet/solicitudot?gx-no-cache=1646744898243 HTTP/1.1" 200 30
190.171.142.26 - - [08/Mar/2022:10:20:41 -0300] "POST /cormun/servlet/solicitudot?a3cd8085739cf7b717a51e98430574ce,INS,0,0,false,,gx-no-cache=1646744898287 HTTP/1.1" 200 93
190.171.142.26 - - [08/Mar/2022:10:20:41 -0300] "GET /cormun/servlet/hpexe_return? HTTP/1.1" 200 1014
190.171.142.26 - - [08/Mar/2022:10:20:41 -0300] "GET /cormun/servlet/trsolicitudot HTTP/1.1" 200 9068
190.171.142.26 - - [08/Mar/2022:10:20:42 -0300] "GET /cormun/servlet/trsolicitudot HTTP/1.1" 200 9064
190.171.142.26 - - [08/Mar/2022:10:20:59 -0300] "POST /cormun/servlet/trsolicitudot?a3cd8085739cf7b717a51e98430574ce,gx-no-cache=1646744916277 HTTP/1.1" 200 5794
190.171.142.26 - - [08/Mar/2022:10:20:59 -0300] "GET /cormun/static/Shared/jqueryui/images/ui-bg_highlight-soft_100_c6c2c8_1x100.png HTTP/1.1" 404 1117
190.171.142.26 - - [08/Mar/2022:10:20:59 -0300] "GET /cormun/static/Shared/jqueryui/images/ui-icons_82798d_256x240.png HTTP/1.1" 404 1089
190.171.142.26 - - [08/Mar/2022:10:20:59 -0300] "GET /cormun/static/Shared/jqueryui/images/ui-bg_flat_55_fafafa_40x100.png HTTP/1.1" 404 1097
190.171.142.26 - - [08/Mar/2022:10:20:59 -0300] "GET /cormun/static/Shared/jqueryui/images/ui-icons_8d78a5_256x240.png HTTP/1.1" 404 1089
190.171.142.26 - - [08/Mar/2022:10:20:59 -0300] "POST /cormun/servlet/trsolicitudot?a3cd8085739cf7b717a51e98430574ce,gx-no-cache=1646744916536 HTTP/1.1" 200 5738
190.171.142.26 - - [08/Mar/2022:10:21:00 -0300] "POST /cormun/servlet/trsolicitudot?a3cd8085739cf7b717a51e98430574ce,gx-no-cache=1646744917616 HTTP/1.1" 200 4585
190.171.142.26 - - [08/Mar/2022:10:21:01 -0300] "POST /cormun/servlet/trsolicitudot?a3cd8085739cf7b717a51e98430574ce,gx-no-cache=1646744917792 HTTP/1.1" 200 4343
190.171.142.26 - - [08/Mar/2022:10:21:21 -0300] "GET /cormun/servlet/hlogin HTTP/1.1" 200 1730
190.171.142.26 - - [08/Mar/2022:10:21:29 -0300] "POST /cormun/servlet/hlogin?a3cd8085739cf7b717a51e98430574ce,gx-no-cache=1646744946690 HTTP/1.1" 200 432
190.171.142.26 - - [08/Mar/2022:10:21:44 -0300] "POST /cormun/servlet/hlogin?a3cd8085739cf7b717a51e98430574ce,gx-no-cache=1646744961400 HTTP/1.1" 200 90
190.171.142.26 - - [08/Mar/2022:10:21:44 -0300] "GET /cormun/servlet/hpexe_link HTTP/1.1" 200 957
190.171.142.26 - - [08/Mar/2022:10:21:44 -0300] "GET /cormun/servlet/hhome HTTP/1.1" 200 4253
190.171.142.26 - - [08/Mar/2022:10:21:45 -0300] "GET /cormun/servlet/hhome HTTP/1.1" 200 4249
190.171.142.26 - - [08/Mar/2022:10:21:49 -0300] "GET /cormun/servlet/trautorizarsolicitud? HTTP/1.1" 200 9226
190.171.142.26 - - [08/Mar/2022:10:21:49 -0300] "GET /cormun/servlet/trautorizarsolicitud? HTTP/1.1" 200 9223
190.171.142.26 - - [08/Mar/2022:10:21:54 -0300] "POST /cormun/servlet/trautorizarsolicitud?a3cd8085739cf7b717a51e98430574ce,,gx-no-cache=1646744971326 HTTP/1.1" 200 5989
190.171.142.26 - - [08/Mar/2022:10:21:54 -0300] "GET /cormun/static/Shared/jqueryui/images/ui-bg_highlight-soft_100_c6c2c8_1x100.png HTTP/1.1" 404 1117
190.171.142.26 - - [08/Mar/2022:10:21:54 -0300] "GET /cormun/static/Shared/jqueryui/images/ui-icons_82798d_256x240.png HTTP/1.1" 404 1089
190.171.142.26 - - [08/Mar/2022:10:21:54 -0300] "GET /cormun/static/Shared/jqueryui/images/ui-bg_flat_55_fafafa_40x100.png HTTP/1.1" 404 1097
190.171.142.26 - - [08/Mar/2022:10:21:54 -0300] "GET /cormun/static/Shared/jqueryui/images/ui-icons_8d78a5_256x240.png HTTP/1.1" 404 1089
190.171.142.26 - - [08/Mar/2022:10:21:54 -0300] "POST /cormun/servlet/trautorizarsolicitud?a3cd8085739cf7b717a51e98430574ce,,gx-no-cache=1646744971633 HTTP/1.1" 200 5933
190.171.142.26 - - [08/Mar/2022:10:21:56 -0300] "POST /cormun/servlet/trautorizarsolicitud?a3cd8085739cf7b717a51e98430574ce,,gx-no-cache=1646744972918 HTTP/1.1" 200 4785
190.171.142.26 - - [08/Mar/2022:10:21:56 -0300] "POST /cormun/servlet/trautorizarsolicitud?a3cd8085739cf7b717a51e98430574ce,,gx-no-cache=1646744973168 HTTP/1.1" 200 4543
181.212.43.89 - - [08/Mar/2022:10:26:54 -0300] "POST /cormun/servlet/trsolicitudot?c0825413008d0aaecc1a1ea1792e12f2,gx-no-cache=1646745269153 HTTP/1.1" 200 4565
