190.171.144.234 - - [07/Mar/2022:16:08:39 -0300] "GET /cormun/servlet/trsolicitudot? HTTP/1.1" 200 7201
190.171.144.234 - - [07/Mar/2022:16:08:39 -0300] "GET /cormun/static/gxui/gxui-all.css?110300 HTTP/1.1" 200 2179
190.171.144.234 - - [07/Mar/2022:16:08:39 -0300] "GET /cormun/static/calendar-system.css?75620 HTTP/1.1" 200 5572
190.171.144.234 - - [07/Mar/2022:16:08:39 -0300] "GET /cormun/static/gxcfg.js?201991910464971 HTTP/1.1" 200 953
190.171.144.234 - - [07/Mar/2022:16:08:39 -0300] "GET /cormun/static/trsolicitudot.js?201991910465845 HTTP/1.1" 200 54041
190.171.144.234 - - [07/Mar/2022:16:08:39 -0300] "GET /cormun/static/Shared/ext/resources/css/ext-all.css?205870 HTTP/1.1" 200 416045
190.171.144.234 - - [07/Mar/2022:16:08:39 -0300] "GET /cormun/servlet/trsolicitudot? HTTP/1.1" 200 7200
190.171.144.234 - - [07/Mar/2022:16:08:44 -0300] "GET /cormun/servlet/solicitudot?INS,0,0,false, HTTP/1.1" 200 15699
190.171.144.234 - - [07/Mar/2022:16:08:44 -0300] "GET /cormun/static/gxcfg.js?20203414241232 HTTP/1.1" 200 953
190.171.144.234 - - [07/Mar/2022:16:08:44 -0300] "GET /cormun/static/Resources/prompt.gif HTTP/1.1" 200 902
190.171.144.234 - - [07/Mar/2022:16:08:44 -0300] "GET /cormun/static/solicitudot.js?20203414242792 HTTP/1.1" 200 74114
190.95.1.185 - - [07/Mar/2022:16:08:44 -0300] "GET /cormun/servlet/solicitudotadjuntos?eea44d3188f31797c65f7877815a910a48a55a93fa9622bba2f6817ceb0a0b1f,gx-no-cache=1646679381164 HTTP/1.1" 200 30
190.95.1.185 - - [07/Mar/2022:16:08:44 -0300] "GET /cormun/servlet/solicitudotadjuntos?eea44d3188f31797c65f7877815a910a48a55a93fa9622bba2f6817ceb0a0b1f,gx-no-cache=1646679381178 HTTP/1.1" 200 30
190.95.1.185 - - [07/Mar/2022:16:08:45 -0300] "POST /cormun/servlet/solicitudotadjuntos?787a8641443b78a1cbc88011e3ade799,INS,2022,17988,,1, HTTP/1.1" 200 116
190.95.1.185 - - [07/Mar/2022:16:08:45 -0300] "GET /cormun/servlet/hpexe_return? HTTP/1.1" 200 1028
190.95.1.185 - - [07/Mar/2022:16:08:45 -0300] "GET /cormun/servlet/trsolicitudadjuntos?2022,17988, HTTP/1.1" 200 9930
190.171.144.234 - - [07/Mar/2022:16:08:45 -0300] "GET /cormun/servlet/solicitudot?INS,0,0,false, HTTP/1.1" 200 15706
190.95.1.185 - - [07/Mar/2022:16:08:45 -0300] "GET /cormun/servlet/trsolicitudadjuntos?2022,17988, HTTP/1.1" 200 9928
190.171.143.82 - - [07/Mar/2022:16:08:56 -0300] "GET /cormun/servlet/trreportecargahoraria? HTTP/1.1" 200 9969
190.171.143.82 - - [07/Mar/2022:16:08:58 -0300] "GET /cormun/servlet/trreportecargahoraria? HTTP/1.1" 200 9969
190.171.144.234 - - [07/Mar/2022:16:09:13 -0300] "POST /cormun/servlet/solicitudot?gx-no-cache=1646679409955 HTTP/1.1" 200 3954
190.171.144.234 - - [07/Mar/2022:16:09:13 -0300] "POST /cormun/servlet/solicitudot?2928a0f616fc0ce4d710140ff66e1811,INS,0,0,false,,gx-no-cache=1646679410105 HTTP/1.1" 200 12456
190.171.143.82 - - [07/Mar/2022:16:09:13 -0300] "GET /cormun/servlet/trvisualizadoreventos? HTTP/1.1" 200 7143
190.171.143.82 - - [07/Mar/2022:16:09:14 -0300] "GET /cormun/static/gxcfg.js?20199142243133 HTTP/1.1" 200 953
190.171.143.82 - - [07/Mar/2022:16:09:14 -0300] "GET /cormun/static/trvisualizadoreventos.js?201991422431650 HTTP/1.1" 200 19318
190.171.143.82 - - [07/Mar/2022:16:09:14 -0300] "GET /cormun/static/Resources/PXToolsActionPrint.png HTTP/1.1" 200 404
190.171.143.82 - - [07/Mar/2022:16:09:15 -0300] "GET /cormun/servlet/trvisualizadoreventos? HTTP/1.1" 200 7143
190.171.144.234 - - [07/Mar/2022:16:09:26 -0300] "GET /cormun/servlet/solicitudot?61feb6816bbd575829ac0bf07c924a63679c01aa0e186bc6771af546b4bdd7c31ecea70bf04b2877fa4c698a8f86a2cc,gx-no-cache=1646679423301 HTTP/1.1" 200 30
190.171.143.82 - - [07/Mar/2022:16:09:29 -0300] "GET /cormun/servlet/trsolicitudot? HTTP/1.1" 200 7580
190.171.143.82 - - [07/Mar/2022:16:09:30 -0300] "GET /cormun/servlet/trsolicitudot? HTTP/1.1" 200 7579
190.171.143.82 - - [07/Mar/2022:16:09:34 -0300] "GET /cormun/static/menuarrow.gif HTTP/1.1" 404 1015
190.95.1.185 - - [07/Mar/2022:16:09:39 -0300] "GET /cormun/servlet/solicitudotadjuntos?INS,2022,17988,,1, HTTP/1.1" 200 6511
190.95.1.185 - - [07/Mar/2022:16:09:39 -0300] "GET /cormun/static/about:blank HTTP/1.1" 404 1011
190.95.1.185 - - [07/Mar/2022:16:09:39 -0300] "GET /cormun/servlet/solicitudotadjuntos?INS,2022,17988,,1, HTTP/1.1" 200 6504
190.95.1.185 - - [07/Mar/2022:16:09:39 -0300] "GET /cormun/servlet/solicitudotadjuntos?eea44d3188f31797c65f7877815a910a13c55d77f5d43c4e95b5bc6cf325f9f121cd49a17009229a2551b9070e84ca40,gx-no-cache=1646679436088 HTTP/1.1" 200 30
190.95.1.185 - - [07/Mar/2022:16:09:39 -0300] "POST /cormun/servlet/solicitudotadjuntos?787a8641443b78a1cbc88011e3ade799,INS,2022,17988,,1,,gx-no-cache=1646679436106 HTTP/1.1" 200 4193
190.95.1.185 - - [07/Mar/2022:16:09:42 -0300] "POST /cormun/servlet/solicitudotadjuntos?gx-no-cache=1646679438364 HTTP/1.1" 200 26
190.171.141.90 - - [07/Mar/2022:16:09:44 -0300] "GET /cormun/servlet/hlogin HTTP/1.1" 200 1717
190.171.143.82 - - [07/Mar/2022:16:09:45 -0300] "POST /cormun/servlet/trsolicitudot?6760a766fcf3da2d28165c5a4f6c587c,,gx-no-cache=1646679440904 HTTP/1.1" 200 10792
190.171.143.82 - - [07/Mar/2022:16:09:45 -0300] "GET /cormun//static/Resources/PXToolsActionView.png HTTP/1.1" 200 398
190.171.143.82 - - [07/Mar/2022:16:09:45 -0300] "GET /cormun//static/Resources/PXToolsRemoveAllAction.png HTTP/1.1" 200 487
190.95.1.185 - - [07/Mar/2022:16:09:47 -0300] "GET /cormun/servlet/solicitudotadjuntos?eea44d3188f31797c65f7877815a910a48a55a93fa9622bba2f6817ceb0a0b1f,gx-no-cache=1646679443844 HTTP/1.1" 200 30
190.95.1.185 - - [07/Mar/2022:16:09:47 -0300] "GET /cormun/servlet/solicitudotadjuntos?eea44d3188f31797c65f7877815a910a48a55a93fa9622bba2f6817ceb0a0b1f,gx-no-cache=1646679443858 HTTP/1.1" 200 30
190.95.1.185 - - [07/Mar/2022:16:09:47 -0300] "POST /cormun/servlet/solicitudotadjuntos?787a8641443b78a1cbc88011e3ade799,INS,2022,17988,,1, HTTP/1.1" 200 116
190.95.1.185 - - [07/Mar/2022:16:09:47 -0300] "GET /cormun/servlet/hpexe_return? HTTP/1.1" 200 1028
190.95.1.185 - - [07/Mar/2022:16:09:47 -0300] "GET /cormun/servlet/trsolicitudadjuntos?2022,17988, HTTP/1.1" 200 10138
190.95.1.185 - - [07/Mar/2022:16:09:48 -0300] "GET /cormun/servlet/trsolicitudadjuntos?2022,17988, HTTP/1.1" 200 10135
190.171.141.90 - - [07/Mar/2022:16:09:53 -0300] "POST /cormun/servlet/hlogin?43fd93495401cbe59137e4cfe2cc4733,gx-no-cache=1646679451930 HTTP/1.1" 200 90
190.171.141.90 - - [07/Mar/2022:16:09:53 -0300] "GET /cormun/servlet/hpexe_link HTTP/1.1" 200 945
190.171.141.90 - - [07/Mar/2022:16:09:53 -0300] "GET /cormun/servlet/hhome HTTP/1.1" 200 3962
190.171.141.90 - - [07/Mar/2022:16:09:54 -0300] "GET /cormun/servlet/hhome HTTP/1.1" 200 3959
190.171.141.90 - - [07/Mar/2022:16:10:00 -0300] "GET /cormun/servlet/trlicencias? HTTP/1.1" 200 11638
190.171.141.90 - - [07/Mar/2022:16:10:01 -0300] "GET /cormun/servlet/trlicencias? HTTP/1.1" 200 11635
190.171.143.82 - - [07/Mar/2022:16:10:25 -0300] "POST /cormun/servlet/solicitudot?gx-no-cache=1646679480990 HTTP/1.1" 200 30
190.171.143.82 - - [07/Mar/2022:16:11:14 -0300] "GET /cormun/servlet/vesolicitudot?2021,17085,, HTTP/1.1" 200 8720
190.171.143.82 - - [07/Mar/2022:16:11:15 -0300] "GET /cormun/static/gxcfg.js?201991422423914 HTTP/1.1" 200 953
190.171.143.82 - - [07/Mar/2022:16:11:15 -0300] "GET /cormun/pexe_scrolldiv.js HTTP/1.1" 404 1009
190.171.143.82 - - [07/Mar/2022:16:11:15 -0300] "GET /cormun/static/vesolicitudot.js?201991422423984 HTTP/1.1" 200 6091
190.171.143.82 - - [07/Mar/2022:16:11:15 -0300] "GET /cormun/static/hpexe_tabsview.js?2020121447381 HTTP/1.1" 200 1661
190.171.143.82 - - [07/Mar/2022:16:11:15 -0300] "GET /cormun/static/hwcviewtabs.js?201991422154026 HTTP/1.1" 200 1074
190.171.143.82 - - [07/Mar/2022:16:11:15 -0300] "GET /cormun/pexe_scrolldiv.js HTTP/1.1" 404 1009
190.171.143.82 - - [07/Mar/2022:16:11:15 -0300] "GET /cormun/static/Resources/PXToolsTabLastUnselected.png HTTP/1.1" 200 1297
190.171.143.82 - - [07/Mar/2022:16:11:15 -0300] "GET /cormun/static/Resources/PXToolsTabFirstSelected.png HTTP/1.1" 200 1270
190.171.143.82 - - [07/Mar/2022:16:11:15 -0300] "GET /cormun/static/tbsolicitudot01.js?20201214462316 HTTP/1.1" 200 30566
190.171.143.82 - - [07/Mar/2022:16:11:15 -0300] "GET /cormun/static/Resources/PXToolsTabPrevious.gif HTTP/1.1" 200 172
190.171.143.82 - - [07/Mar/2022:16:11:15 -0300] "GET /cormun/static/Resources/PXToolsTabNext.gif HTTP/1.1" 200 168
190.171.143.82 - - [07/Mar/2022:16:11:16 -0300] "GET /cormun/static/calendar-system.css HTTP/1.1" 200 5572
190.171.143.82 - - [07/Mar/2022:16:11:16 -0300] "GET /cormun/static/Resources/PXToolsTabBackSelected.png HTTP/1.1" 200 1157
190.171.143.82 - - [07/Mar/2022:16:11:16 -0300] "GET /cormun/static/Resources/PXToolsTabBackUnselected.png HTTP/1.1" 200 1175
190.171.143.82 - - [07/Mar/2022:16:11:16 -0300] "GET /cormun/static/Resources/PXToolsTabSelectedUnselected.png HTTP/1.1" 200 1451
190.171.143.82 - - [07/Mar/2022:16:11:16 -0300] "GET /cormun/static/Resources/PXToolsTabUnselectedUnselected.png HTTP/1.1" 200 1470
190.171.143.82 - - [07/Mar/2022:16:11:16 -0300] "GET /cormun/servlet/vesolicitudot?2021,17085,, HTTP/1.1" 200 8720
190.171.143.82 - - [07/Mar/2022:16:11:44 -0300] "GET /cormun/servlet/prbanco?,MD,,gxPopupLevel%3D0%3B HTTP/1.1" 200 6660
190.171.143.82 - - [07/Mar/2022:16:11:44 -0300] "GET /cormun/static/gxcfg.js?20201216131581 HTTP/1.1" 200 953
190.171.143.82 - - [07/Mar/2022:16:11:45 -0300] "GET /cormun/static/prbanco.js?20201216132311 HTTP/1.1" 200 10693
190.171.143.82 - - [07/Mar/2022:16:12:09 -0300] "GET /cormun/servlet/solicitudot?11dfd5e86e3f3973f4fe1e9238228ad3b6961ca0fa1c15132ea331d904d283b3,gx-no-cache=1646679585470 HTTP/1.1" 200 53
190.171.144.234 - - [07/Mar/2022:16:12:14 -0300] "GET /cormun/servlet/solicitudot?61feb6816bbd575829ac0bf07c924a635a3f589053c76a180a5c05d53111262a8e914df109aabee60ddf89e1e846fbaf08434d3d2d79caeea361e1964eb322df,gx-no-cache=1646679591121 HTTP/1.1" 200 30
190.171.144.234 - - [07/Mar/2022:16:12:17 -0300] "GET /cormun/static/Resources/resize.gif HTTP/1.1" 200 77
190.171.144.234 - - [07/Mar/2022:16:12:17 -0300] "GET /cormun/static/Resources/PXTools/ClosePrompt.png HTTP/1.1" 200 1036
190.171.144.234 - - [07/Mar/2022:16:12:17 -0300] "GET /cormun/servlet/prbanco?,MD,,gxPopupLevel%3D0%3B HTTP/1.1" 200 6538
190.171.144.234 - - [07/Mar/2022:16:12:17 -0300] "GET /cormun/static/gxcfg.js?20201216131581 HTTP/1.1" 200 953
190.171.144.234 - - [07/Mar/2022:16:12:17 -0300] "GET /cormun/static/prbanco.js?20201216132311 HTTP/1.1" 200 10693
190.171.144.234 - - [07/Mar/2022:16:12:17 -0300] "GET /cormun/static/menusearch.js?20201214473581 HTTP/1.1" 200 1424
190.171.144.234 - - [07/Mar/2022:16:12:17 -0300] "GET /cormun/static/hmpwkw011.js?20201215495555 HTTP/1.1" 200 1968
190.171.144.234 - - [07/Mar/2022:16:12:17 -0300] "GET /cormun/static/Resources/PXToolsMenuSearch.png HTTP/1.1" 200 336
190.171.144.234 - - [07/Mar/2022:16:12:17 -0300] "GET /cormun/static/Resources/PXToolsMenuSearchCancel.png HTTP/1.1" 200 306
89.109.50.233 - - [07/Mar/2022:16:12:19 -0300] "GET / HTTP/1.1" 200 11217
89.109.50.233 - - [07/Mar/2022:16:12:19 -0300] "GET / HTTP/1.1" 200 11217
190.171.144.234 - - [07/Mar/2022:16:12:29 -0300] "GET /cormun/servlet/solicitudot?61feb6816bbd575829ac0bf07c924a6360ae119f2527132be976553694c99bd9,gx-no-cache=1646679605920 HTTP/1.1" 200 53
190.171.144.234 - - [07/Mar/2022:16:12:45 -0300] "POST /cormun/servlet/solicitudot?2928a0f616fc0ce4d710140ff66e1811,INS,0,0,false,,gx-no-cache=1646679622037 HTTP/1.1" 200 12600
190.171.144.234 - - [07/Mar/2022:16:12:45 -0300] "GET /cormun/static/Shared/jqueryui/images/ui-bg_highlight-soft_100_c6c2c8_1x100.png HTTP/1.1" 404 1117
190.171.144.234 - - [07/Mar/2022:16:12:45 -0300] "GET /cormun/static/Shared/jqueryui/images/ui-icons_82798d_256x240.png HTTP/1.1" 404 1089
190.171.144.234 - - [07/Mar/2022:16:12:45 -0300] "GET /cormun/static/Shared/jqueryui/images/ui-bg_flat_55_fafafa_40x100.png HTTP/1.1" 404 1097
190.171.144.234 - - [07/Mar/2022:16:12:45 -0300] "GET /cormun/static/Shared/jqueryui/images/ui-icons_8d78a5_256x240.png HTTP/1.1" 404 1089
190.171.143.82 - - [07/Mar/2022:16:12:54 -0300] "POST /cormun/servlet/solicitudot?6760a766fcf3da2d28165c5a4f6c587c,INS,0,0,false,,gx-no-cache=1646679629951 HTTP/1.1" 200 93
190.171.144.234 - - [07/Mar/2022:16:12:54 -0300] "GET /cormun/servlet/solicitudot?61feb6816bbd575829ac0bf07c924a63679c01aa0e186bc6771af546b4bdd7c3119a87aca9a3e61aa6b57b085f5d1774,gx-no-cache=1646679631504 HTTP/1.1" 200 30
190.171.143.82 - - [07/Mar/2022:16:12:54 -0300] "GET /cormun/servlet/hpexe_return? HTTP/1.1" 200 1014
190.171.144.234 - - [07/Mar/2022:16:12:54 -0300] "GET /cormun/servlet/solicitudot?61feb6816bbd575829ac0bf07c924a635a3f589053c76a180a5c05d53111262a8e914df109aabee60ddf89e1e846fbaf95f6475ecc3d771d41eebaccc8b06303,gx-no-cache=1646679631670 HTTP/1.1" 200 30
190.171.144.234 - - [07/Mar/2022:16:12:54 -0300] "GET /cormun/servlet/solicitudot?61feb6816bbd575829ac0bf07c924a63f515b9c2d6d3b8abe1c3c7a1f74de1d9ed67af1b0d99bbbe6c09fba6d393f87e0c20f14c213dd5a7bbbb0dc05d88658e,gx-no-cache=1646679631753 HTTP/1.1" 200 53
190.171.144.234 - - [07/Mar/2022:16:12:54 -0300] "POST /cormun/servlet/solicitudot?gx-no-cache=1646679631831 HTTP/1.1" 200 240
190.171.144.234 - - [07/Mar/2022:16:12:54 -0300] "GET /cormun/servlet/solicitudot?61feb6816bbd575829ac0bf07c924a6357c2b545fefb4cabb3d75effb355516f4e0b875d127a34ebf338241dc00c9da73272169fedd1514d7e9d1e046e70107fb75e88cdaa8c621e662b61b0e1092d7086ee5f76c417e78aa8da9ec4069d7eb971b8951919004134c0290ce59af5fa080c7e99d3d7e6ef0b3c72aa72daaf74f037f7aa73008b4ea3340e1a1c1ba82e2704f1ed992b94ac253cb10285b1df1545a5101c1b9ff155726efc1c7dcedc2ea01a0b0899abfcccb9e4a971343c92e531ac301efa80bb77b840df3f01d0cc31f66ce09d2444467da7f88a1ad59fd9f8db332526a29c68f89521e2d79102924c808da3b0b604807614fc20044af1a51fa102b2d8b10af75b9df778a47ad856cd8ce6b728f8c20f739ae5231d159f20dd74ac28b2e63e34760d6da9b6c6dac3d74c7a0a9932f2ecfa5f4d86da0e3cabf9ac615f93928f9e6e5559e6d51b58351869fb26d9246feadd5b4eadfb40e900b1eace3de20465157c14bb9e43df7b798768cf469c09b346c028d12921b10ae52eb6,gx-no-cache=1646679631888 HTTP/1.1" 200 30
190.171.143.82 - - [07/Mar/2022:16:12:55 -0300] "GET /cormun/servlet/trsolicitudot? HTTP/1.1" 200 13750
190.171.143.82 - - [07/Mar/2022:16:12:56 -0300] "GET /cormun/servlet/trsolicitudot? HTTP/1.1" 200 13745
190.171.144.234 - - [07/Mar/2022:16:12:58 -0300] "POST /cormun/servlet/solicitudot?gx-no-cache=1646679635535 HTTP/1.1" 200 30
190.95.1.185 - - [07/Mar/2022:16:13:02 -0300] "GET /cormun/servlet/trsolicitudot? HTTP/1.1" 200 10310
190.171.144.234 - - [07/Mar/2022:16:13:02 -0300] "POST /cormun/servlet/solicitudot?gx-no-cache=1646679639320 HTTP/1.1" 200 1453
190.171.144.234 - - [07/Mar/2022:16:13:02 -0300] "POST /cormun/servlet/solicitudot?gx-no-cache=1646679639360 HTTP/1.1" 200 38
190.171.144.234 - - [07/Mar/2022:16:13:02 -0300] "GET /cormun/servlet/solicitudot?61feb6816bbd575829ac0bf07c924a63e47919502a524bd750f2816304ffabdf0965ede98f3f772e0c551952de22a58b8633d5c2b207ee2ddf49a9e28da457fd79e7f730e1407405cc4e73afbd4726c9dbfca1d4fc465221c4c7d22cf02a6030b1a23477cbc41847ef6c7e41a55ee185,gx-no-cache=1646679639385 HTTP/1.1" 200 110
190.95.1.185 - - [07/Mar/2022:16:13:02 -0300] "GET /cormun/servlet/trsolicitudot? HTTP/1.1" 200 10303
190.171.143.82 - - [07/Mar/2022:16:13:05 -0300] "GET /cormun/static/menuarrow.gif HTTP/1.1" 404 1015
190.171.143.82 - - [07/Mar/2022:16:13:10 -0300] "POST /cormun/servlet/trsolicitudot?6760a766fcf3da2d28165c5a4f6c587c,,gx-no-cache=1646679646613 HTTP/1.1" 200 4633
190.171.144.234 - - [07/Mar/2022:16:13:10 -0300] "POST /cormun/servlet/solicitudot?gx-no-cache=1646679647923 HTTP/1.1" 200 79
190.171.144.234 - - [07/Mar/2022:16:13:15 -0300] "GET /cormun/servlet/solicitudot?61feb6816bbd575829ac0bf07c924a634e379db7f407ac8376b6d57667b1fd6b6f31f97dfa2fb5a35bfd07ad74a9906a2418cc613cc22806d650fb3c062a6a12ede9fc5575a3d34c093179e8c5cd9d4aecf46e8ec7278f410d935a3e2cf83b9c526bafea38c1fb1cb2ef9d2c12fe4524,gx-no-cache=1646679652030 HTTP/1.1" 200 29
190.171.144.234 - - [07/Mar/2022:16:13:15 -0300] "GET /cormun/static/menuarrow.gif HTTP/1.1" 404 1015
190.171.143.82 - - [07/Mar/2022:16:13:20 -0300] "POST /cormun/servlet/trsolicitudot?6760a766fcf3da2d28165c5a4f6c587c,,gx-no-cache=1646679656650 HTTP/1.1" 200 4631
190.171.143.82 - - [07/Mar/2022:16:13:24 -0300] "POST /cormun/servlet/trsolicitudot?6760a766fcf3da2d28165c5a4f6c587c,,gx-no-cache=1646679659937 HTTP/1.1" 200 4632
190.171.143.82 - - [07/Mar/2022:16:13:29 -0300] "GET /cormun/servlet/trsolicitudot? HTTP/1.1" 200 7577
190.171.143.82 - - [07/Mar/2022:16:13:31 -0300] "GET /cormun/servlet/trsolicitudot? HTTP/1.1" 200 7577
190.171.144.234 - - [07/Mar/2022:16:13:33 -0300] "GET /cormun/servlet/solicitudot?61feb6816bbd575829ac0bf07c924a63c334f90be6775ca5fe4c420e5fddfabf892c7a91cbe6a4325e234b10d09767ae,gx-no-cache=1646679670255 HTTP/1.1" 200 30
190.171.143.82 - - [07/Mar/2022:16:13:39 -0300] "POST /cormun/servlet/trsolicitudot?6760a766fcf3da2d28165c5a4f6c587c,,gx-no-cache=1646679675443 HTTP/1.1" 200 4631
190.171.143.82 - - [07/Mar/2022:16:13:42 -0300] "POST /cormun/servlet/trsolicitudot?6760a766fcf3da2d28165c5a4f6c587c,,gx-no-cache=1646679677869 HTTP/1.1" 200 4631
190.171.143.82 - - [07/Mar/2022:16:13:53 -0300] "GET /cormun/static/menuarrow.gif HTTP/1.1" 404 1015
190.171.143.82 - - [07/Mar/2022:16:14:40 -0300] "POST /cormun/servlet/trsolicitudot?6760a766fcf3da2d28165c5a4f6c587c,,gx-no-cache=1646679735455 HTTP/1.1" 200 4629
190.171.143.82 - - [07/Mar/2022:16:14:41 -0300] "GET /cormun/servlet/solicitudot?INS,0,0,false, HTTP/1.1" 200 16082
190.171.143.82 - - [07/Mar/2022:16:14:43 -0300] "GET /cormun/servlet/solicitudot?INS,0,0,false, HTTP/1.1" 200 16090
190.171.153.50 - - [07/Mar/2022:16:15:00 -0300] "GET /cormun/servlet/hlogin HTTP/1.1" 200 1727
190.171.153.50 - - [07/Mar/2022:16:15:03 -0300] "POST /cormun/servlet/hlogin?d81cbf61b1b7a4e865f254b114a561dc,gx-no-cache=1646679761440 HTTP/1.1" 200 90
190.171.153.50 - - [07/Mar/2022:16:15:03 -0300] "GET /cormun/servlet/hpexe_link HTTP/1.1" 200 955
190.171.153.50 - - [07/Mar/2022:16:15:03 -0300] "GET /cormun/servlet/hhome HTTP/1.1" 200 4223
190.171.153.50 - - [07/Mar/2022:16:15:04 -0300] "GET /cormun/servlet/hhome HTTP/1.1" 200 4219
190.171.144.234 - - [07/Mar/2022:16:15:10 -0300] "POST /cormun/servlet/solicitudot?gx-no-cache=1646679767460 HTTP/1.1" 200 30
190.171.143.82 - - [07/Mar/2022:16:15:13 -0300] "POST /cormun/servlet/solicitudot?gx-no-cache=1646679769069 HTTP/1.1" 200 3858
190.171.143.82 - - [07/Mar/2022:16:15:13 -0300] "POST /cormun/servlet/solicitudot?6760a766fcf3da2d28165c5a4f6c587c,INS,0,0,false,,gx-no-cache=1646679769350 HTTP/1.1" 200 12677
190.171.143.82 - - [07/Mar/2022:16:15:16 -0300] "GET /cormun/servlet/solicitudot?11dfd5e86e3f3973f4fe1e9238228ad382b7b536f97adc88bf16b63c69c8f149bdef619fb69f2cf1d69b44d7d8423248,gx-no-cache=1646679771990 HTTP/1.1" 200 30
190.171.153.50 - - [07/Mar/2022:16:15:16 -0300] "GET /cormun/servlet/trcontratosolicitud? HTTP/1.1" 200 13648
190.171.153.50 - - [07/Mar/2022:16:15:16 -0300] "GET /cormun/servlet/trcontratosolicitud? HTTP/1.1" 200 13663
190.171.141.82 - - [07/Mar/2022:16:15:33 -0300] "GET /cormun/servlet/hlogin HTTP/1.1" 200 1724
190.171.141.82 - - [07/Mar/2022:16:15:35 -0300] "GET /cormun/servlet/hlogin HTTP/1.1" 200 1735
190.171.141.82 - - [07/Mar/2022:16:15:49 -0300] "POST /cormun/servlet/hlogin?9f7ca9919d4609ffa663db9e99b7c68a,gx-no-cache=1646679799368 HTTP/1.1" 200 90
190.171.141.82 - - [07/Mar/2022:16:15:49 -0300] "GET /cormun/servlet/hpexe_link HTTP/1.1" 200 948
190.171.141.82 - - [07/Mar/2022:16:15:49 -0300] "GET /cormun/servlet/hhome HTTP/1.1" 200 3947
190.171.141.82 - - [07/Mar/2022:16:15:52 -0300] "GET /cormun/servlet/hhome HTTP/1.1" 200 3944
190.171.143.82 - - [07/Mar/2022:16:16:06 -0300] "GET /cormun/servlet/prbanco?,MD,,gxPopupLevel%3D0%3B HTTP/1.1" 200 6660
190.171.143.82 - - [07/Mar/2022:16:16:11 -0300] "GET /cormun/servlet/solicitudot?11dfd5e86e3f3973f4fe1e9238228ad3d68d2d7f0fd3437f7b14bf3ffba116aaaabc1b05e9da43abed81fcb8be93b15c,gx-no-cache=1646679827016 HTTP/1.1" 200 30
190.171.141.82 - - [07/Mar/2022:16:16:11 -0300] "GET /cormun/servlet/trlicencias? HTTP/1.1" 200 9128
190.171.143.82 - - [07/Mar/2022:16:16:13 -0300] "GET /cormun/servlet/solicitudot?11dfd5e86e3f3973f4fe1e9238228ad3b6961ca0fa1c15132ea331d904d283b3,gx-no-cache=1646679829243 HTTP/1.1" 200 53
190.171.141.82 - - [07/Mar/2022:16:16:14 -0300] "GET /cormun/servlet/trlicencias? HTTP/1.1" 200 9125
190.171.141.82 - - [07/Mar/2022:16:16:17 -0300] "POST /cormun/servlet/trlicencias?9f7ca9919d4609ffa663db9e99b7c68a,,gx-no-cache=1646679827202 HTTP/1.1" 200 6584
190.171.143.82 - - [07/Mar/2022:16:16:21 -0300] "POST /cormun/servlet/solicitudot?gx-no-cache=1646679837646 HTTP/1.1" 200 255
190.171.143.82 - - [07/Mar/2022:16:16:24 -0300] "GET /cormun/servlet/solicitudot?11dfd5e86e3f3973f4fe1e9238228ad344ba5c1cc4a4412f82347ffcb14d4bde2366461bd33dde2ea4f8d5a1f40a86911a13770211c3b7f0557ebae7f4cc8a99de7425918f8afa597d23e0dd80764d0856e9e75ad9075f66d640472083e9eb1dbb090cb5005b466b6899d0eae699d7af60a1a35aff822e68a8a38cbc1428a82966e7beab7f1f54b365a4bf36cedbb4a4a6fb4afb3f030a2f1e34806953de286b51d713500f356a57ba8c5e249c63c5b6c30322d7c0ec05a47fa475669ebe042087e3f0d749051d0efd03b5e4eba79dae597892af75e4d566214eaf358452fbcca5baa351c0a1ef99fb728fea532ffb469d85ea007ab65c14affa825a73827e0c418b6edfe62d31aa565985b7d7f5cc4fb8320cdb2bc39951a24700f43bed1edd87b27b4d2b050189d9c441c1e75787f8f765d0edcd8de4829f0d3dbb41fa3bce6b1475882cc2c8752f95309404e4864ef5a3327a7519983e127173556b3798664f33f402b9586b8658655d9cb171792220f1c7e28f00f7640eba3c3af55c4be1,gx-no-cache=1646679840403 HTTP/1.1" 200 30
190.171.143.82 - - [07/Mar/2022:16:16:27 -0300] "POST /cormun/servlet/solicitudot?gx-no-cache=1646679843211 HTTP/1.1" 200 30
190.171.144.234 - - [07/Mar/2022:16:16:27 -0300] "POST /cormun/servlet/solicitudot?2928a0f616fc0ce4d710140ff66e1811,INS,0,0,false,,gx-no-cache=1646679844227 HTTP/1.1" 200 93
190.171.144.234 - - [07/Mar/2022:16:16:27 -0300] "GET /cormun/servlet/hpexe_return? HTTP/1.1" 200 1003
190.171.144.234 - - [07/Mar/2022:16:16:28 -0300] "GET /cormun/static/gxcfg.js?201991422392976 HTTP/1.1" 200 953
190.171.144.234 - - [07/Mar/2022:16:16:28 -0300] "GET /cormun/static/hpexe_return.js?201991422392984 HTTP/1.1" 200 1633
190.171.144.234 - - [07/Mar/2022:16:16:28 -0300] "GET /cormun/servlet/trsolicitudot HTTP/1.1" 200 8627
190.171.143.82 - - [07/Mar/2022:16:16:28 -0300] "POST /cormun/servlet/solicitudot?gx-no-cache=1646679844375 HTTP/1.1" 200 1454
190.171.143.82 - - [07/Mar/2022:16:16:28 -0300] "POST /cormun/servlet/solicitudot?gx-no-cache=1646679844454 HTTP/1.1" 200 38
190.171.144.234 - - [07/Mar/2022:16:16:28 -0300] "GET /cormun//static/Resources/PXToolsActionView.png HTTP/1.1" 200 398
190.171.144.234 - - [07/Mar/2022:16:16:28 -0300] "GET /cormun//static/Resources/PXToolsGridDelete.png HTTP/1.1" 200 538
190.171.144.234 - - [07/Mar/2022:16:16:28 -0300] "GET /cormun//static/Resources/PXToolsGridUpdate.png HTTP/1.1" 200 470
190.171.144.234 - - [07/Mar/2022:16:16:28 -0300] "GET /cormun//static/Resources/PXToolsRemoveAllAction.png HTTP/1.1" 200 487
190.171.144.234 - - [07/Mar/2022:16:16:28 -0300] "GET /cormun/servlet/trsolicitudot HTTP/1.1" 200 8623
190.171.144.234 - - [07/Mar/2022:16:16:34 -0300] "GET /cormun/servlet/solicitudot?INS,0,0,false, HTTP/1.1" 200 15699
190.171.144.234 - - [07/Mar/2022:16:16:35 -0300] "GET /cormun/servlet/solicitudot?INS,0,0,false, HTTP/1.1" 200 15706
190.171.143.82 - - [07/Mar/2022:16:16:40 -0300] "GET /cormun/servlet/solicitudot?11dfd5e86e3f3973f4fe1e9238228ad32860af43e0af6a02fc730c9f83778e17327d582488fc947ba4df4caef562d3a031ead25d73213999958ea9072be138938566a648f369ecdc34262a755eb4fd4a88c617efe68e1adddf723f6026bf58a3d21236403fcf1f58fda53342f74d56a7,gx-no-cache=1646679856011 HTTP/1.1" 200 110
190.171.143.82 - - [07/Mar/2022:16:16:40 -0300] "POST /cormun/servlet/solicitudot?gx-no-cache=1646679856107 HTTP/1.1" 200 97
190.171.141.82 - - [07/Mar/2022:16:16:47 -0300] "GET /cormun/servlet/trsolicitudot? HTTP/1.1" 200 7165
190.171.141.82 - - [07/Mar/2022:16:16:49 -0300] "GET /cormun/servlet/trsolicitudot? HTTP/1.1" 200 7165
190.171.141.82 - - [07/Mar/2022:16:16:53 -0300] "GET /cormun/servlet/solicitudot?INS,0,0,false, HTTP/1.1" 200 15678
190.171.141.82 - - [07/Mar/2022:16:16:56 -0300] "GET /cormun/servlet/solicitudot?INS,0,0,false, HTTP/1.1" 200 15685
190.171.143.82 - - [07/Mar/2022:16:19:20 -0300] "GET /cormun/servlet/solicitudot?11dfd5e86e3f3973f4fe1e9238228ad3ab654540ff151d70789b37c0f2caf2bc450fb9dcb235c27ec3e25cb5e1ee78fda195e82b9ca8a558c75c14f9c0f01f551b38cb99d0cd4c704f4a4d1d9254bd76dd6502906a351023f51731576b85abf7d995132a4ad94360c6831f1503d587ff,gx-no-cache=1646680016240 HTTP/1.1" 200 29
190.171.143.82 - - [07/Mar/2022:16:19:24 -0300] "GET /cormun/servlet/solicitudot?11dfd5e86e3f3973f4fe1e9238228ad368321cd8bebb9b198225593aa955b5db273cb346daf0e9235ff4b874cb4060e1,gx-no-cache=1646680020620 HTTP/1.1" 200 30
190.171.143.82 - - [07/Mar/2022:16:19:28 -0300] "POST /cormun/servlet/solicitudot?gx-no-cache=1646680023948 HTTP/1.1" 200 30
190.171.143.82 - - [07/Mar/2022:16:20:38 -0300] "POST /cormun/servlet/solicitudot?6760a766fcf3da2d28165c5a4f6c587c,INS,0,0,false,,gx-no-cache=1646680094060 HTTP/1.1" 200 93
190.171.143.82 - - [07/Mar/2022:16:20:39 -0300] "GET /cormun/servlet/hpexe_return? HTTP/1.1" 200 1014
190.171.143.82 - - [07/Mar/2022:16:20:39 -0300] "GET /cormun/servlet/trsolicitudot? HTTP/1.1" 200 8996
190.171.143.82 - - [07/Mar/2022:16:20:40 -0300] "GET /cormun/servlet/trsolicitudot? HTTP/1.1" 200 8993
192.168.10.96 - - [07/Mar/2022:16:20:54 -0300] "POST /cormun/servlet/hlogin?c5f3a65469ad6e2964c4ddfb6c48a187,gx-no-cache=1646679950926 HTTP/1.1" 440 972
192.168.10.96 - - [07/Mar/2022:16:20:55 -0300] "GET /cormun/servlet/hlogin HTTP/1.1" 200 1740
192.168.10.96 - - [07/Mar/2022:16:21:02 -0300] "POST /cormun/servlet/hlogin?4ac207751d822f586e170e4b721fd526,gx-no-cache=1646679958567 HTTP/1.1" 200 90
192.168.10.96 - - [07/Mar/2022:16:21:02 -0300] "GET /cormun/servlet/hpexe_link HTTP/1.1" 200 955
192.168.10.96 - - [07/Mar/2022:16:21:02 -0300] "GET /cormun/servlet/hhome HTTP/1.1" 200 4761
192.168.10.96 - - [07/Mar/2022:16:21:02 -0300] "GET /cormun/servlet/hhome HTTP/1.1" 200 4757
192.168.10.96 - - [07/Mar/2022:16:21:50 -0300] "GET /cormun/servlet/trsecurityuser01? HTTP/1.1" 200 12279
192.168.10.96 - - [07/Mar/2022:16:21:50 -0300] "GET /cormun/servlet/trsecurityuser01? HTTP/1.1" 200 12277
192.168.10.96 - - [07/Mar/2022:16:21:57 -0300] "POST /cormun/servlet/trsecurityuser01?4ac207751d822f586e170e4b721fd526,,gx-no-cache=1646680013823 HTTP/1.1" 200 5186
192.168.10.96 - - [07/Mar/2022:16:21:58 -0300] "GET /cormun/servlet/securityusers?UPD,19, HTTP/1.1" 200 7826
192.168.10.96 - - [07/Mar/2022:16:21:59 -0300] "GET /cormun/servlet/securityusers?UPD,19, HTTP/1.1" 200 7826
190.171.144.234 - - [07/Mar/2022:16:23:19 -0300] "POST /cormun/servlet/solicitudot?gx-no-cache=1646680256467 HTTP/1.1" 200 3850
190.171.144.234 - - [07/Mar/2022:16:23:19 -0300] "POST /cormun/servlet/solicitudot?2928a0f616fc0ce4d710140ff66e1811,INS,0,0,false,,gx-no-cache=1646680256583 HTTP/1.1" 200 12380
190.171.144.234 - - [07/Mar/2022:16:23:21 -0300] "GET /cormun/servlet/solicitudot?61feb6816bbd575829ac0bf07c924a63af917953d519d88ae4c8be9ba5fe016d549654134283343c166b0390bf44d89f,gx-no-cache=1646680258905 HTTP/1.1" 200 30
181.212.42.153 - - [07/Mar/2022:16:23:31 -0300] "GET /cormun/servlet/trsolicitudot? HTTP/1.1" 200 6329
181.212.42.153 - - [07/Mar/2022:16:23:32 -0300] "GET /cormun/servlet/hlogin HTTP/1.1" 200 1744
181.212.42.153 - - [07/Mar/2022:16:23:32 -0300] "GET /cormun/servlet/trsolicitudot? HTTP/1.1" 200 6324
181.212.42.153 - - [07/Mar/2022:16:23:33 -0300] "GET /cormun/servlet/hlogin HTTP/1.1" 200 1744
181.212.42.153 - - [07/Mar/2022:16:23:39 -0300] "POST /cormun/servlet/hlogin?c2b5e1798d0a9704f8e119867b9c92f2,gx-no-cache=1646680609541 HTTP/1.1" 200 448
181.212.42.153 - - [07/Mar/2022:16:23:42 -0300] "POST /cormun/servlet/hlogin?c2b5e1798d0a9704f8e119867b9c92f2,gx-no-cache=1646680613220 HTTP/1.1" 200 90
181.212.42.153 - - [07/Mar/2022:16:23:42 -0300] "GET /cormun/servlet/hpexe_link HTTP/1.1" 200 958
181.212.42.153 - - [07/Mar/2022:16:23:43 -0300] "GET /cormun/servlet/trsolicitudot HTTP/1.1" 200 7009
181.212.42.153 - - [07/Mar/2022:16:23:43 -0300] "GET /cormun/servlet/trsolicitudot HTTP/1.1" 200 7007
181.212.42.153 - - [07/Mar/2022:16:23:46 -0300] "GET /cormun/servlet/trsolicitudot? HTTP/1.1" 200 7007
181.212.42.153 - - [07/Mar/2022:16:23:46 -0300] "GET /cormun/servlet/trsolicitudot? HTTP/1.1" 200 7007
181.212.42.153 - - [07/Mar/2022:16:23:53 -0300] "GET /cormun/servlet/solicitudot?INS,0,0,false, HTTP/1.1" 200 15686
181.212.42.153 - - [07/Mar/2022:16:23:54 -0300] "GET /cormun/servlet/solicitudot?INS,0,0,false, HTTP/1.1" 200 15694
181.212.42.153 - - [07/Mar/2022:16:24:01 -0300] "POST /cormun/servlet/solicitudot?gx-no-cache=1646680631676 HTTP/1.1" 200 3925
181.212.42.153 - - [07/Mar/2022:16:24:01 -0300] "GET /cormun/static/Shared/jqueryui/images/ui-bg_highlight-soft_100_c6c2c8_1x100.png HTTP/1.1" 404 1117
181.212.42.153 - - [07/Mar/2022:16:24:01 -0300] "GET /cormun/static/Shared/jqueryui/images/ui-icons_82798d_256x240.png HTTP/1.1" 404 1089
181.212.42.153 - - [07/Mar/2022:16:24:01 -0300] "GET /cormun/static/Shared/jqueryui/images/ui-icons_ebccce_256x240.png HTTP/1.1" 404 1089
181.212.42.153 - - [07/Mar/2022:16:24:01 -0300] "GET /cormun/static/Shared/jqueryui/images/ui-bg_flat_55_994d53_40x100.png HTTP/1.1" 404 1097
181.212.42.153 - - [07/Mar/2022:16:24:19 -0300] "GET /cormun/servlet/trlicencias? HTTP/1.1" 200 10211
181.212.42.153 - - [07/Mar/2022:16:24:19 -0300] "GET /cormun/servlet/trlicencias? HTTP/1.1" 200 10202
192.168.10.96 - - [07/Mar/2022:16:25:46 -0300] "POST /cormun/servlet/securityusers?4ac207751d822f586e170e4b721fd526,UPD,19,,gx-no-cache=1646680242562 HTTP/1.1" 200 93
192.168.10.96 - - [07/Mar/2022:16:25:46 -0300] "GET /cormun/servlet/hpexe_return? HTTP/1.1" 200 1013
192.168.10.96 - - [07/Mar/2022:16:25:46 -0300] "GET /cormun/servlet/trsecurityuser01? HTTP/1.1" 200 7061
192.168.10.96 - - [07/Mar/2022:16:25:46 -0300] "GET /cormun/servlet/trsecurityuser01? HTTP/1.1" 200 7057
190.95.1.185 - - [07/Mar/2022:16:27:21 -0300] "POST /cormun/servlet/trsolicitudot?787a8641443b78a1cbc88011e3ade799,,gx-no-cache=1646680497589 HTTP/1.1" 200 107
190.95.1.185 - - [07/Mar/2022:16:27:21 -0300] "GET /cormun/servlet/trsolicitudadjuntos?2022,17976, HTTP/1.1" 200 10335
190.95.1.185 - - [07/Mar/2022:16:27:21 -0300] "GET /cormun/servlet/trsolicitudadjuntos?2022,17976, HTTP/1.1" 200 10336
190.95.1.185 - - [07/Mar/2022:16:27:26 -0300] "GET /cormun/servlet/solicitudotadjuntos?INS,2022,17976,,1, HTTP/1.1" 200 6512
190.95.1.185 - - [07/Mar/2022:16:27:27 -0300] "GET /cormun/static/about:blank HTTP/1.1" 404 1011
190.95.1.185 - - [07/Mar/2022:16:27:27 -0300] "GET /cormun/servlet/solicitudotadjuntos?INS,2022,17976,,1, HTTP/1.1" 200 6505
190.95.1.185 - - [07/Mar/2022:16:27:27 -0300] "GET /cormun/servlet/solicitudotadjuntos?eea44d3188f31797c65f7877815a910aa44cdef72a2c894152f7db9539c9217715ae1fb359096cadceb58b652977aabc,gx-no-cache=1646680503851 HTTP/1.1" 200 30
190.95.1.185 - - [07/Mar/2022:16:27:27 -0300] "POST /cormun/servlet/solicitudotadjuntos?787a8641443b78a1cbc88011e3ade799,INS,2022,17976,,1,,gx-no-cache=1646680503872 HTTP/1.1" 200 4156
190.95.1.185 - - [07/Mar/2022:16:27:34 -0300] "POST /cormun/servlet/solicitudotadjuntos?gx-no-cache=1646680511095 HTTP/1.1" 200 26
190.95.1.185 - - [07/Mar/2022:16:27:46 -0300] "GET /cormun/servlet/solicitudotadjuntos?eea44d3188f31797c65f7877815a910a48a55a93fa9622bba2f6817ceb0a0b1f,gx-no-cache=1646680523285 HTTP/1.1" 200 30
190.95.1.185 - - [07/Mar/2022:16:27:46 -0300] "GET /cormun/servlet/solicitudotadjuntos?eea44d3188f31797c65f7877815a910a48a55a93fa9622bba2f6817ceb0a0b1f,gx-no-cache=1646680523299 HTTP/1.1" 200 30
190.95.1.185 - - [07/Mar/2022:16:27:47 -0300] "POST /cormun/servlet/solicitudotadjuntos?787a8641443b78a1cbc88011e3ade799,INS,2022,17976,,1, HTTP/1.1" 200 116
190.95.1.185 - - [07/Mar/2022:16:27:47 -0300] "GET /cormun/servlet/hpexe_return? HTTP/1.1" 200 1027
190.95.1.185 - - [07/Mar/2022:16:27:47 -0300] "GET /cormun/servlet/trsolicitudadjuntos?2022,17976, HTTP/1.1" 200 10537
190.95.1.185 - - [07/Mar/2022:16:27:47 -0300] "GET /cormun/servlet/trsolicitudadjuntos?2022,17976, HTTP/1.1" 200 10535
190.95.1.185 - - [07/Mar/2022:16:27:58 -0300] "GET /cormun/servlet/trsolicitudot? HTTP/1.1" 200 10310
190.95.1.185 - - [07/Mar/2022:16:27:58 -0300] "GET /cormun/servlet/trsolicitudot? HTTP/1.1" 200 10303
190.95.1.185 - - [07/Mar/2022:16:28:03 -0300] "POST /cormun/servlet/trsolicitudot?787a8641443b78a1cbc88011e3ade799,,gx-no-cache=1646680540072 HTTP/1.1" 200 107
190.95.1.185 - - [07/Mar/2022:16:28:04 -0300] "GET /cormun/servlet/trsolicitudadjuntos?2022,17975, HTTP/1.1" 200 10512
190.95.1.185 - - [07/Mar/2022:16:28:04 -0300] "GET /cormun/servlet/trsolicitudadjuntos?2022,17975, HTTP/1.1" 200 10508
190.95.1.185 - - [07/Mar/2022:16:28:14 -0300] "GET /cormun/servlet/trsolicitudot? HTTP/1.1" 200 10310
190.95.1.185 - - [07/Mar/2022:16:28:15 -0300] "GET /cormun/servlet/trsolicitudot? HTTP/1.1" 200 10303
190.95.1.185 - - [07/Mar/2022:16:28:22 -0300] "POST /cormun/servlet/trsolicitudot?787a8641443b78a1cbc88011e3ade799,,gx-no-cache=1646680558409 HTTP/1.1" 200 107
190.95.1.185 - - [07/Mar/2022:16:28:23 -0300] "GET /cormun/servlet/trsolicitudadjuntos?2022,17974, HTTP/1.1" 200 10598
190.95.1.185 - - [07/Mar/2022:16:28:23 -0300] "GET /cormun/servlet/trsolicitudadjuntos?2022,17974, HTTP/1.1" 200 10601
190.95.1.185 - - [07/Mar/2022:16:28:32 -0300] "GET /cormun/servlet/trsolicitudot? HTTP/1.1" 200 10310
190.95.1.185 - - [07/Mar/2022:16:28:32 -0300] "GET /cormun/servlet/trsolicitudot? HTTP/1.1" 200 10303
190.171.143.82 - - [07/Mar/2022:16:29:25 -0300] "POST /cormun/servlet/trsolicitudot?6760a766fcf3da2d28165c5a4f6c587c,,gx-no-cache=1646680621083 HTTP/1.1" 200 4856
190.171.143.82 - - [07/Mar/2022:16:29:25 -0300] "GET /cormun/static/Shared/jqueryui/images/ui-bg_highlight-soft_100_c6c2c8_1x100.png HTTP/1.1" 404 1117
190.171.143.82 - - [07/Mar/2022:16:29:25 -0300] "GET /cormun/static/Shared/jqueryui/images/ui-icons_82798d_256x240.png HTTP/1.1" 404 1089
190.171.143.82 - - [07/Mar/2022:16:29:25 -0300] "GET /cormun/static/Shared/jqueryui/images/ui-bg_flat_55_fafafa_40x100.png HTTP/1.1" 404 1097
190.171.143.82 - - [07/Mar/2022:16:29:25 -0300] "GET /cormun/static/Shared/jqueryui/images/ui-icons_8d78a5_256x240.png HTTP/1.1" 404 1089
190.171.143.82 - - [07/Mar/2022:16:29:25 -0300] "POST /cormun/servlet/trsolicitudot?6760a766fcf3da2d28165c5a4f6c587c,,gx-no-cache=1646680621548 HTTP/1.1" 200 4613
190.171.143.82 - - [07/Mar/2022:16:29:32 -0300] "GET /cormun/servlet/trautorizarsolicitud? HTTP/1.1" 200 8890
190.171.143.82 - - [07/Mar/2022:16:29:32 -0300] "GET /cormun/static/gxcfg.js?201991422414522 HTTP/1.1" 200 953
190.171.143.82 - - [07/Mar/2022:16:29:33 -0300] "GET /cormun/static/trautorizarsolicitud.js?201991422415463 HTTP/1.1" 200 53910
190.171.143.82 - - [07/Mar/2022:16:29:34 -0300] "GET /cormun/servlet/trautorizarsolicitud? HTTP/1.1" 200 8890
190.171.143.82 - - [07/Mar/2022:16:29:39 -0300] "POST /cormun/servlet/trautorizarsolicitud?6760a766fcf3da2d28165c5a4f6c587c,,gx-no-cache=1646680635404 HTTP/1.1" 200 4792
190.171.143.82 - - [07/Mar/2022:16:29:39 -0300] "GET /cormun/static/Shared/jqueryui/images/ui-bg_highlight-soft_100_c6c2c8_1x100.png HTTP/1.1" 404 1117
190.171.143.82 - - [07/Mar/2022:16:29:39 -0300] "GET /cormun/static/Shared/jqueryui/images/ui-icons_82798d_256x240.png HTTP/1.1" 404 1089
190.171.143.82 - - [07/Mar/2022:16:29:39 -0300] "GET /cormun/static/Shared/jqueryui/images/ui-bg_flat_55_fafafa_40x100.png HTTP/1.1" 404 1097
190.171.143.82 - - [07/Mar/2022:16:29:39 -0300] "GET /cormun/static/Shared/jqueryui/images/ui-icons_8d78a5_256x240.png HTTP/1.1" 404 1089
190.171.143.82 - - [07/Mar/2022:16:29:39 -0300] "POST /cormun/servlet/trautorizarsolicitud?6760a766fcf3da2d28165c5a4f6c587c,,gx-no-cache=1646680635753 HTTP/1.1" 200 4548
190.171.143.82 - - [07/Mar/2022:16:29:44 -0300] "GET /cormun/servlet/trsolicitudot? HTTP/1.1" 200 7577
190.171.143.82 - - [07/Mar/2022:16:29:46 -0300] "GET /cormun/servlet/trsolicitudot? HTTP/1.1" 200 7577
190.171.143.82 - - [07/Mar/2022:16:29:52 -0300] "POST /cormun/servlet/trsolicitudot?6760a766fcf3da2d28165c5a4f6c587c,,gx-no-cache=1646680647955 HTTP/1.1" 200 6055
190.171.143.82 - - [07/Mar/2022:16:30:18 -0300] "GET /cormun/servlet/trlicencias? HTTP/1.1" 200 8572
190.171.143.82 - - [07/Mar/2022:16:30:19 -0300] "GET /cormun/servlet/trlicencias? HTTP/1.1" 200 8571
190.171.144.234 - - [07/Mar/2022:16:30:50 -0300] "GET /cormun/servlet/prbanco?,MD,,gxPopupLevel%3D0%3B HTTP/1.1" 200 6538
190.171.144.234 - - [07/Mar/2022:16:30:57 -0300] "GET /cormun/servlet/solicitudot?61feb6816bbd575829ac0bf07c924a63fdcc6d966c666318b963032ac5f0fab37a01912a8af7b3e965ba66b27490192ac71709df27be97d6de12242382130251,gx-no-cache=1646680714690 HTTP/1.1" 200 30
190.171.144.234 - - [07/Mar/2022:16:31:01 -0300] "GET /cormun/servlet/solicitudot?61feb6816bbd575829ac0bf07c924a635e84f5aa888b1ea46e40156141b256e4,gx-no-cache=1646680718874 HTTP/1.1" 200 40
190.171.144.234 - - [07/Mar/2022:16:31:11 -0300] "POST /cormun/servlet/solicitudot?2928a0f616fc0ce4d710140ff66e1811,INS,0,0,false,,gx-no-cache=1646680728624 HTTP/1.1" 200 12583
190.171.144.234 - - [07/Mar/2022:16:31:11 -0300] "GET /cormun/static/Shared/jqueryui/images/ui-bg_highlight-soft_100_c6c2c8_1x100.png HTTP/1.1" 404 1117
190.171.144.234 - - [07/Mar/2022:16:31:11 -0300] "GET /cormun/static/Shared/jqueryui/images/ui-icons_82798d_256x240.png HTTP/1.1" 404 1089
190.171.144.234 - - [07/Mar/2022:16:31:11 -0300] "GET /cormun/static/Shared/jqueryui/images/ui-icons_8d78a5_256x240.png HTTP/1.1" 404 1089
190.171.144.234 - - [07/Mar/2022:16:31:11 -0300] "GET /cormun/static/Shared/jqueryui/images/ui-bg_flat_55_fafafa_40x100.png HTTP/1.1" 404 1097
190.171.144.234 - - [07/Mar/2022:16:31:38 -0300] "GET /cormun/servlet/solicitudot?61feb6816bbd575829ac0bf07c924a63fdcc6d966c666318b963032ac5f0fab37a01912a8af7b3e965ba66b27490192a1be3a7fa30aa839dd16075747608f987,gx-no-cache=1646680755222 HTTP/1.1" 200 30
190.171.144.234 - - [07/Mar/2022:16:31:38 -0300] "GET /cormun/servlet/solicitudot?61feb6816bbd575829ac0bf07c924a6336ae59f5a734926fb9d8cc42aa4cd4e459dbf9cd0de09ca3fff437984bb6c80b,gx-no-cache=1646680755250 HTTP/1.1" 200 40
190.171.144.234 - - [07/Mar/2022:16:31:38 -0300] "POST /cormun/servlet/solicitudot?gx-no-cache=1646680755276 HTTP/1.1" 200 297
190.171.144.234 - - [07/Mar/2022:16:31:41 -0300] "GET /cormun/servlet/solicitudot?61feb6816bbd575829ac0bf07c924a6357c2b545fefb4cabb3d75effb355516f42f4db14ef62ce99a427a844e5eb412e3272169fedd1514d7e9d1e046e70107fb75e88cdaa8c621e662b61b0e1092d7086ee5f76c417e78aa8da9ec4069d7eb971b8951919004134c0290ce59af5fa080c7e99d3d7e6ef0b3c72aa72daaf74f037f7aa73008b4ea3340e1a1c1ba82e2704f1ed992b94ac253cb10285b1df1545a5101c1b9ff155726efc1c7dcedc2ea01a0b0899abfcccb9e4a971343c92e531ac301efa80bb77b840df3f01d0cc31f66ce09d2444467da7f88a1ad59fd9f8db332526a29c68f89521e2d79102924c808da3b0b604807614fc20044af1a51fa102b2d8b10af75b9df778a47ad856cd8ce6b728f8c20f739ae5231d159f20dd74ac28b2e63e34760d6da9b6c6dac3d74c7a0a9932f2ecfa5f4d86da0e3cabf9ac5d79d28206a741a5d5c6ade3b537ef6d561dc97b6890876258531b788883a011d75efd6d6a626232e303dfdd0b2ebc530b4a8bc2c73e74861c73c9a877e364b1c36d164d7ef11edc7fc97fcdf4bf1383,gx-no-cache=1646680758697 HTTP/1.1" 200 30
190.171.144.234 - - [07/Mar/2022:16:32:05 -0300] "POST /cormun/servlet/solicitudot?gx-no-cache=1646680782168 HTTP/1.1" 200 30
190.171.144.234 - - [07/Mar/2022:16:32:14 -0300] "POST /cormun/servlet/solicitudot?gx-no-cache=1646680791404 HTTP/1.1" 200 1452
190.171.144.234 - - [07/Mar/2022:16:32:14 -0300] "POST /cormun/servlet/solicitudot?gx-no-cache=1646680791450 HTTP/1.1" 200 38
190.171.144.234 - - [07/Mar/2022:16:32:26 -0300] "GET /cormun/servlet/solicitudot?61feb6816bbd575829ac0bf07c924a63e47919502a524bd750f2816304ffabdf0965ede98f3f772e0c551952de22a58b8633d5c2b207ee2ddf49a9e28da457fd79e7f730e1407405cc4e73afbd4726c9dbfca1d4fc465221c4c7d22cf02a6030b1a23477cbc41847ef6c7e41a55ee185,gx-no-cache=1646680803026 HTTP/1.1" 200 110
190.171.141.90 - - [07/Mar/2022:16:33:32 -0300] "GET /cormun/servlet/trsolicitudot? HTTP/1.1" 200 7181
190.171.141.90 - - [07/Mar/2022:16:33:34 -0300] "GET /cormun/servlet/trsolicitudot? HTTP/1.1" 200 7182
190.171.141.90 - - [07/Mar/2022:16:33:35 -0300] "GET /cormun/servlet/solicitudot?INS,0,0,false, HTTP/1.1" 200 15690
190.171.141.90 - - [07/Mar/2022:16:33:36 -0300] "GET /cormun/servlet/solicitudot?INS,0,0,false, HTTP/1.1" 200 15698
190.171.141.90 - - [07/Mar/2022:16:33:45 -0300] "POST /cormun/servlet/solicitudot?gx-no-cache=1646680884212 HTTP/1.1" 200 3858
190.171.141.90 - - [07/Mar/2022:16:33:45 -0300] "POST /cormun/servlet/solicitudot?43fd93495401cbe59137e4cfe2cc4733,INS,0,0,false,,gx-no-cache=1646680884405 HTTP/1.1" 200 12388
190.171.141.90 - - [07/Mar/2022:16:33:46 -0300] "GET /cormun/servlet/solicitudot?2100e25c645e64abb0345a1f83e4feb4b31b7c09f78bf77415b2920821cdd464bbc3ce5982f16452577265711407cc70,gx-no-cache=1646680884654 HTTP/1.1" 200 111
190.171.141.90 - - [07/Mar/2022:16:33:46 -0300] "GET /cormun/static/Shared/jqueryui/images/ui-bg_highlight-soft_100_c6c2c8_1x100.png HTTP/1.1" 404 1117
190.171.141.90 - - [07/Mar/2022:16:33:46 -0300] "GET /cormun/static/Shared/jqueryui/images/ui-bg_flat_55_994d53_40x100.png HTTP/1.1" 404 1097
190.171.141.90 - - [07/Mar/2022:16:33:46 -0300] "GET /cormun/static/Shared/jqueryui/images/ui-icons_82798d_256x240.png HTTP/1.1" 404 1089
190.171.141.90 - - [07/Mar/2022:16:33:46 -0300] "GET /cormun/static/Shared/jqueryui/images/ui-icons_ebccce_256x240.png HTTP/1.1" 404 1089
190.171.141.90 - - [07/Mar/2022:16:33:50 -0300] "GET /cormun/servlet/solicitudot?2100e25c645e64abb0345a1f83e4feb4da1cfa83d0736024a2f7f74db76ac5562a8d22e9e8f54caf58ac24a22ccd1d05,gx-no-cache=1646680888631 HTTP/1.1" 200 30
190.171.152.242 - - [07/Mar/2022:16:34:01 -0300] "GET /cormun/servlet/hlogin HTTP/1.1" 200 1730
165.227.176.234 - - [07/Mar/2022:16:34:34 -0300] "GET / HTTP/1.0" 200 11197
190.171.144.234 - - [07/Mar/2022:16:35:06 -0300] "POST /cormun/servlet/solicitudot?gx-no-cache=1646680963127 HTTP/1.1" 200 110
190.171.144.234 - - [07/Mar/2022:16:35:14 -0300] "GET /cormun/servlet/solicitudot?61feb6816bbd575829ac0bf07c924a634e379db7f407ac8376b6d57667b1fd6b6f31f97dfa2fb5a35bfd07ad74a9906a2418cc613cc22806d650fb3c062a6a12ede9fc5575a3d34c093179e8c5cd9d4aecf46e8ec7278f410d935a3e2cf83b9c526bafea38c1fb1cb2ef9d2c12fe4524,gx-no-cache=1646680971824 HTTP/1.1" 200 29
190.171.144.234 - - [07/Mar/2022:16:35:14 -0300] "GET /cormun/static/menuarrow.gif HTTP/1.1" 404 1015
190.171.144.234 - - [07/Mar/2022:16:35:28 -0300] "GET /cormun/servlet/solicitudot?61feb6816bbd575829ac0bf07c924a63c334f90be6775ca5fe4c420e5fddfabf16d56bc8c6fff683e94cde89c94e43a2,gx-no-cache=1646680985057 HTTP/1.1" 200 30
190.171.152.242 - - [07/Mar/2022:16:35:49 -0300] "POST /cormun/servlet/hlogin?e2537abfe98d19b85903ad434d95dc74,gx-no-cache=1646681005316 HTTP/1.1" 200 90
190.171.152.242 - - [07/Mar/2022:16:35:49 -0300] "GET /cormun/servlet/hpexe_link HTTP/1.1" 200 955
190.171.152.242 - - [07/Mar/2022:16:35:50 -0300] "GET /cormun/servlet/hhome HTTP/1.1" 200 3676
190.171.152.242 - - [07/Mar/2022:16:35:50 -0300] "GET /cormun/servlet/hhome HTTP/1.1" 200 3672
200.54.237.82 - - [07/Mar/2022:16:36:03 -0300] "GET /cormun/servlet/trcontratounov2? HTTP/1.1" 200 5911
200.54.237.82 - - [07/Mar/2022:16:36:05 -0300] "GET /cormun/servlet/trcontratounov2? HTTP/1.1" 200 5922
200.54.237.82 - - [07/Mar/2022:16:36:05 -0300] "GET /cormun/servlet/trcontratounov2? HTTP/1.1" 200 5922
200.54.237.82 - - [07/Mar/2022:16:36:05 -0300] "GET /cormun/servlet/hlogin HTTP/1.1" 200 1747
200.54.237.82 - - [07/Mar/2022:16:36:10 -0300] "POST /cormun/servlet/hlogin?dbfcc95a5e8160154e98c15f852d9ad9,gx-no-cache=1646681027067 HTTP/1.1" 200 90
200.54.237.82 - - [07/Mar/2022:16:36:11 -0300] "GET /cormun/servlet/hpexe_link HTTP/1.1" 200 961
200.54.237.82 - - [07/Mar/2022:16:36:11 -0300] "GET /cormun/servlet/trcontratounov2 HTTP/1.1" 200 16618
200.54.237.82 - - [07/Mar/2022:16:36:12 -0300] "GET /cormun/servlet/trcontratounov2 HTTP/1.1" 200 16626
190.171.144.234 - - [07/Mar/2022:16:36:20 -0300] "POST /cormun/servlet/solicitudot?gx-no-cache=1646681037422 HTTP/1.1" 200 30
190.171.152.242 - - [07/Mar/2022:16:36:20 -0300] "GET /cormun/servlet/hlogin HTTP/1.1" 200 1730
190.171.141.90 - - [07/Mar/2022:16:36:24 -0300] "POST /cormun/servlet/solicitudot?43fd93495401cbe59137e4cfe2cc4733,INS,0,0,false,,gx-no-cache=1646681042984 HTTP/1.1" 200 12573
190.171.141.90 - - [07/Mar/2022:16:36:24 -0300] "GET /cormun/static/Shared/jqueryui/images/ui-bg_flat_55_fafafa_40x100.png HTTP/1.1" 404 1097
190.171.141.90 - - [07/Mar/2022:16:36:24 -0300] "GET /cormun/static/Shared/jqueryui/images/ui-icons_8d78a5_256x240.png HTTP/1.1" 404 1089
200.54.237.82 - - [07/Mar/2022:16:36:25 -0300] "GET /cormun/servlet/trsolicitudot? HTTP/1.1" 200 7548
200.54.237.82 - - [07/Mar/2022:16:36:25 -0300] "GET /cormun/static/gxui/gxui-all.css?110300 HTTP/1.1" 200 2179
200.54.237.82 - - [07/Mar/2022:16:36:25 -0300] "GET /cormun/static/calendar-system.css?75620 HTTP/1.1" 200 5572
200.54.237.82 - - [07/Mar/2022:16:36:25 -0300] "GET /cormun/static/gxcfg.js?201991910464971 HTTP/1.1" 200 953
200.54.237.82 - - [07/Mar/2022:16:36:25 -0300] "GET /cormun/static/Shared/ext/resources/css/ext-all.css?205870 HTTP/1.1" 200 416045
200.54.237.82 - - [07/Mar/2022:16:36:25 -0300] "GET /cormun/static/trsolicitudot.js?201991910465845 HTTP/1.1" 200 54041
200.54.237.82 - - [07/Mar/2022:16:36:25 -0300] "GET /cormun/servlet/trsolicitudot? HTTP/1.1" 200 7548
190.171.152.242 - - [07/Mar/2022:16:36:25 -0300] "POST /cormun/servlet/hlogin?e2537abfe98d19b85903ad434d95dc74,gx-no-cache=1646681041669 HTTP/1.1" 200 90
190.171.152.242 - - [07/Mar/2022:16:36:25 -0300] "GET /cormun/servlet/hpexe_link HTTP/1.1" 200 955
190.171.152.242 - - [07/Mar/2022:16:36:25 -0300] "GET /cormun/servlet/hhome HTTP/1.1" 200 4002
190.171.141.90 - - [07/Mar/2022:16:36:26 -0300] "GET /cormun/servlet/solicitudot?2100e25c645e64abb0345a1f83e4feb4964eedb47deb8d64d8d0223d02ee5c30346a860f607819e40c71b99d8508d0e589093fc0b12f594e9ca84975dcfe045c,gx-no-cache=1646681044600 HTTP/1.1" 200 30
190.171.141.90 - - [07/Mar/2022:16:36:26 -0300] "GET /cormun/servlet/solicitudot?2100e25c645e64abb0345a1f83e4feb4daac119b65ded4741590b034f7b0abbd,gx-no-cache=1646681044634 HTTP/1.1" 200 29
190.171.152.242 - - [07/Mar/2022:16:36:26 -0300] "GET /cormun/servlet/hhome HTTP/1.1" 200 3998
190.171.141.90 - - [07/Mar/2022:16:36:26 -0300] "POST /cormun/servlet/solicitudot?gx-no-cache=1646681044682 HTTP/1.1" 200 297
190.171.141.90 - - [07/Mar/2022:16:36:29 -0300] "POST /cormun/servlet/solicitudot?gx-no-cache=1646681048165 HTTP/1.1" 200 255
190.171.141.90 - - [07/Mar/2022:16:36:30 -0300] "GET /cormun/servlet/solicitudot?2100e25c645e64abb0345a1f83e4feb404616a13ce3651df7364dfc4b8f7d9452bac4b037649ba9888e082c114d613094602b3bbd7008af974a009b367a829f4a0eab293dcc8af385cc13ee8c7d459305233d5458a0a824c02a33c4e78ffcfc2689bb8796a46262a1867a691cfb321943c54739c5522232b598cb7e75d632f8f47dfd15c4088d161fc5bdb0826609157a3713e9d6809ae5e2cbe35768c032c3fe0db87467b6f6db30a0ea500aa8cfbc88430feab75845f3046e8b794e017845f0fdd43d578b30b43a97b0c052d04c42d97cce01233697b65ceb27c8befc1156f1647d2060c008d0646cb54f7f9e3b0028b5e4544cf1bd4b8bb4365c714769bf6b83d2d6df28981948cc6aa4341ecf60c5025c7b8c78a24d144dd39629f79ae138d427a0f94b00ee2c2736913a74a3dedaba0264ad9b918dd33bbce0550c0d078af5b05b71246ecccecf2a9e3918c155174acaff46c8eb0f1a064d031380528f869d20ec3ff237766ba371a970aedf0dd2acc28850370d0b09fd5f165eb90d2b4,gx-no-cache=1646681049306 HTTP/1.1" 200 30
190.171.152.242 - - [07/Mar/2022:16:36:32 -0300] "GET /cormun/servlet/trsolicitudot? HTTP/1.1" 200 9489
190.171.141.90 - - [07/Mar/2022:16:36:32 -0300] "POST /cormun/servlet/solicitudot?gx-no-cache=1646681050892 HTTP/1.1" 200 30
190.171.152.242 - - [07/Mar/2022:16:36:32 -0300] "GET /cormun/servlet/trsolicitudot? HTTP/1.1" 200 9487
190.171.141.90 - - [07/Mar/2022:16:36:33 -0300] "POST /cormun/servlet/solicitudot?gx-no-cache=1646681052430 HTTP/1.1" 200 1454
190.171.141.90 - - [07/Mar/2022:16:36:33 -0300] "POST /cormun/servlet/solicitudot?gx-no-cache=1646681052481 HTTP/1.1" 200 38
200.54.237.82 - - [07/Mar/2022:16:36:34 -0300] "GET /cormun/servlet/solicitudot?INS,0,0,false, HTTP/1.1" 200 16057
200.54.237.82 - - [07/Mar/2022:16:36:34 -0300] "GET /cormun/static/gxcfg.js?20203414241232 HTTP/1.1" 200 953
200.54.237.82 - - [07/Mar/2022:16:36:34 -0300] "GET /cormun/static/Resources/prompt.gif HTTP/1.1" 200 902
200.54.237.82 - - [07/Mar/2022:16:36:34 -0300] "GET /cormun/static/solicitudot.js?20203414242792 HTTP/1.1" 200 74114
190.171.152.242 - - [07/Mar/2022:16:36:34 -0300] "POST /cormun/servlet/trsolicitudot?e2537abfe98d19b85903ad434d95dc74,,gx-no-cache=1646681050896 HTTP/1.1" 200 6312
190.171.152.242 - - [07/Mar/2022:16:36:35 -0300] "GET /cormun/static/Shared/jqueryui/images/ui-bg_highlight-soft_100_c6c2c8_1x100.png HTTP/1.1" 404 1117
190.171.152.242 - - [07/Mar/2022:16:36:35 -0300] "GET /cormun/static/Shared/jqueryui/images/ui-icons_82798d_256x240.png HTTP/1.1" 404 1089
190.171.152.242 - - [07/Mar/2022:16:36:35 -0300] "GET /cormun/static/Shared/jqueryui/images/ui-bg_flat_55_fafafa_40x100.png HTTP/1.1" 404 1097
190.171.152.242 - - [07/Mar/2022:16:36:35 -0300] "GET /cormun/static/Shared/jqueryui/images/ui-icons_8d78a5_256x240.png HTTP/1.1" 404 1089
190.171.152.242 - - [07/Mar/2022:16:36:35 -0300] "POST /cormun/servlet/trsolicitudot?e2537abfe98d19b85903ad434d95dc74,,gx-no-cache=1646681051114 HTTP/1.1" 200 6254
200.54.237.82 - - [07/Mar/2022:16:36:35 -0300] "GET /cormun/servlet/solicitudot?INS,0,0,false, HTTP/1.1" 200 16065
190.171.152.242 - - [07/Mar/2022:16:36:36 -0300] "POST /cormun/servlet/trsolicitudot?e2537abfe98d19b85903ad434d95dc74,,gx-no-cache=1646681052404 HTTP/1.1" 200 5788
190.171.152.242 - - [07/Mar/2022:16:36:36 -0300] "POST /cormun/servlet/trsolicitudot?e2537abfe98d19b85903ad434d95dc74,,gx-no-cache=1646681052591 HTTP/1.1" 200 5731
