190.95.1.185 - - [07/Mar/2022:13:25:04 -0300] "GET /cormun/servlet/solicitudotadjuntos?c75716c770b7c2b29657c57d29abcf306ebf40f84a1d5fa2c7880415c12d8ca6,gx-no-cache=1646669561004 HTTP/1.1" 200 30
190.95.1.185 - - [07/Mar/2022:13:25:04 -0300] "POST /cormun/servlet/solicitudotadjuntos?47eb7e5dde6ca75a096b9d9ec2bb172f,INS,2022,17974,,1, HTTP/1.1" 200 116
190.95.1.185 - - [07/Mar/2022:13:25:04 -0300] "GET /cormun/servlet/hpexe_return? HTTP/1.1" 200 1022
190.95.1.185 - - [07/Mar/2022:13:25:04 -0300] "GET /cormun/servlet/trsolicitudadjuntos?2022,17974, HTTP/1.1" 200 9865
190.95.1.185 - - [07/Mar/2022:13:25:05 -0300] "GET /cormun/servlet/trsolicitudadjuntos?2022,17974, HTTP/1.1" 200 9866
190.95.1.185 - - [07/Mar/2022:13:25:07 -0300] "GET /cormun/servlet/solicitudotadjuntos?INS,2022,17974,,1, HTTP/1.1" 200 6505
190.95.1.185 - - [07/Mar/2022:13:25:07 -0300] "GET /cormun/static/about:blank HTTP/1.1" 404 1011
190.95.1.185 - - [07/Mar/2022:13:25:07 -0300] "GET /cormun/servlet/solicitudotadjuntos?INS,2022,17974,,1, HTTP/1.1" 200 6499
190.95.1.185 - - [07/Mar/2022:13:25:08 -0300] "GET /cormun/servlet/solicitudotadjuntos?c75716c770b7c2b29657c57d29abcf30d304ab5630f5611b36dc8507582b2902225be37995313e34c09c63790719c7bb,gx-no-cache=1646669564785 HTTP/1.1" 200 30
190.95.1.185 - - [07/Mar/2022:13:25:08 -0300] "POST /cormun/servlet/solicitudotadjuntos?47eb7e5dde6ca75a096b9d9ec2bb172f,INS,2022,17974,,1,,gx-no-cache=1646669564818 HTTP/1.1" 200 4150
190.95.1.185 - - [07/Mar/2022:13:25:10 -0300] "POST /cormun/servlet/solicitudotadjuntos?gx-no-cache=1646669567180 HTTP/1.1" 200 26
201.186.225.189 - - [07/Mar/2022:13:25:18 -0300] "GET /cormun/servlet/solicitudot?f249b356b3e8edc946142f9894eac8daa6b107aa904338ab6b7a23fa95f90713f37ac2a5db7eca2335dfc5d4c4b645259c9a1123401c04004f5c5464b10dd7af802a6a95d04cfb262d35aa77b1e2cacff2399f506f63a9759c3799fea19f680bf5b4207a5e0b9c5f931907bc2ce5193f,gx-no-cache=1646669575299 HTTP/1.1" 200 110
190.95.1.185 - - [07/Mar/2022:13:25:18 -0300] "GET /cormun/servlet/solicitudotadjuntos?c75716c770b7c2b29657c57d29abcf306ebf40f84a1d5fa2c7880415c12d8ca6,gx-no-cache=1646669575372 HTTP/1.1" 200 30
190.95.1.185 - - [07/Mar/2022:13:25:18 -0300] "GET /cormun/servlet/solicitudotadjuntos?c75716c770b7c2b29657c57d29abcf306ebf40f84a1d5fa2c7880415c12d8ca6,gx-no-cache=1646669575387 HTTP/1.1" 200 30
190.95.1.185 - - [07/Mar/2022:13:25:19 -0300] "POST /cormun/servlet/solicitudotadjuntos?47eb7e5dde6ca75a096b9d9ec2bb172f,INS,2022,17974,,1, HTTP/1.1" 200 116
190.95.1.185 - - [07/Mar/2022:13:25:19 -0300] "GET /cormun/servlet/hpexe_return? HTTP/1.1" 200 1022
190.95.1.185 - - [07/Mar/2022:13:25:19 -0300] "GET /cormun/servlet/trsolicitudadjuntos?2022,17974, HTTP/1.1" 200 10084
190.95.1.185 - - [07/Mar/2022:13:25:19 -0300] "GET /cormun/servlet/trsolicitudadjuntos?2022,17974, HTTP/1.1" 200 10082
190.95.1.185 - - [07/Mar/2022:13:25:21 -0300] "GET /cormun/servlet/solicitudotadjuntos?INS,2022,17974,,1, HTTP/1.1" 200 6505
190.95.1.185 - - [07/Mar/2022:13:25:21 -0300] "GET /cormun/static/about:blank HTTP/1.1" 404 1011
190.95.1.185 - - [07/Mar/2022:13:25:21 -0300] "GET /cormun/servlet/solicitudotadjuntos?INS,2022,17974,,1, HTTP/1.1" 200 6499
190.95.1.185 - - [07/Mar/2022:13:25:22 -0300] "GET /cormun/servlet/solicitudotadjuntos?c75716c770b7c2b29657c57d29abcf30d304ab5630f5611b36dc8507582b2902225be37995313e34c09c63790719c7bb,gx-no-cache=1646669578920 HTTP/1.1" 200 30
190.95.1.185 - - [07/Mar/2022:13:25:22 -0300] "POST /cormun/servlet/solicitudotadjuntos?47eb7e5dde6ca75a096b9d9ec2bb172f,INS,2022,17974,,1,,gx-no-cache=1646669578942 HTTP/1.1" 200 4150
190.95.1.185 - - [07/Mar/2022:13:25:24 -0300] "POST /cormun/servlet/solicitudotadjuntos?gx-no-cache=1646669581028 HTTP/1.1" 200 26
201.186.225.189 - - [07/Mar/2022:13:25:34 -0300] "POST /cormun/servlet/solicitudot?gx-no-cache=1646669590376 HTTP/1.1" 200 79
201.186.225.189 - - [07/Mar/2022:13:25:52 -0300] "GET /cormun/servlet/solicitudot?f249b356b3e8edc946142f9894eac8daaf869ac3ed6888f57e052686812c07ab5ca969fddc300f547f22116d7423b1098083f82b32b500932e66e34b4c41cbbe445d5d38fb01d66626e9bdbd7639c2f74dcff5b6d47161769c27bd6f2b17338a4ead6b77a5092127d1ec7fec66234389,gx-no-cache=1646669608739 HTTP/1.1" 200 29
201.186.225.189 - - [07/Mar/2022:13:25:52 -0300] "GET /cormun/static/menuarrow.gif HTTP/1.1" 404 1015
201.186.225.189 - - [07/Mar/2022:13:25:56 -0300] "GET /cormun/servlet/solicitudot?f249b356b3e8edc946142f9894eac8dabea9bfd244767a07125f02596cc3c411a2f814fdd8811793da26017a373a89a9,gx-no-cache=1646669613081 HTTP/1.1" 200 30
190.171.149.90 - - [07/Mar/2022:13:27:02 -0300] "GET /cormun/servlet/solicitudot?9385328b60a71ab102b260a26d803f743867b1342d928fdaf02f292d4f2cf29ce413cc976d8ab01ba41dbfc69f2bcfc26132ec39892a2a7f6c9551de2287742cd870e278c337ec0134868770579b97eb8e1ef3c92ee5771a7c5cdd5162cba89b3cc6738b01919b93cff22d6489850b5d,gx-no-cache=1646669679859 HTTP/1.1" 200 110
190.171.149.90 - - [07/Mar/2022:13:27:02 -0300] "GET /cormun/servlet/solicitudot?9385328b60a71ab102b260a26d803f74ed604409e9380d32898c8f9946ee434b93a55a1ee6476bfbe5348ba6f72c5792,gx-no-cache=1646669680018 HTTP/1.1" 200 30
190.171.149.90 - - [07/Mar/2022:13:27:03 -0300] "POST /cormun/servlet/solicitudot?gx-no-cache=1646669680118 HTTP/1.1" 200 30
190.171.149.90 - - [07/Mar/2022:13:27:03 -0300] "POST /cormun/servlet/solicitudot?ad373ea6869fc04487506110642383e0,INS,0,0,false,,gx-no-cache=1646669680225 HTTP/1.1" 200 93
190.171.149.90 - - [07/Mar/2022:13:27:03 -0300] "GET /cormun/servlet/hpexe_return? HTTP/1.1" 200 1008
190.171.149.90 - - [07/Mar/2022:13:27:03 -0300] "GET /cormun/servlet/trsolicitudot HTTP/1.1" 200 8600
190.171.149.90 - - [07/Mar/2022:13:27:04 -0300] "GET /cormun//static/Resources/PXToolsActionView.png HTTP/1.1" 200 398
190.171.149.90 - - [07/Mar/2022:13:27:04 -0300] "GET /cormun//static/Resources/PXToolsGridUpdate.png HTTP/1.1" 200 470
190.171.149.90 - - [07/Mar/2022:13:27:04 -0300] "GET /cormun//static/Resources/PXToolsRemoveAllAction.png HTTP/1.1" 200 487
190.171.149.90 - - [07/Mar/2022:13:27:04 -0300] "GET /cormun//static/Resources/PXToolsGridDelete.png HTTP/1.1" 200 538
190.171.149.90 - - [07/Mar/2022:13:27:04 -0300] "GET /cormun/servlet/trsolicitudot HTTP/1.1" 200 8594
190.95.1.185 - - [07/Mar/2022:13:27:23 -0300] "GET /cormun/servlet/solicitudotadjuntos?c75716c770b7c2b29657c57d29abcf306ebf40f84a1d5fa2c7880415c12d8ca6,gx-no-cache=1646669699974 HTTP/1.1" 200 30
190.95.1.185 - - [07/Mar/2022:13:27:23 -0300] "GET /cormun/servlet/solicitudotadjuntos?c75716c770b7c2b29657c57d29abcf306ebf40f84a1d5fa2c7880415c12d8ca6,gx-no-cache=1646669700159 HTTP/1.1" 200 30
190.95.1.185 - - [07/Mar/2022:13:27:24 -0300] "POST /cormun/servlet/solicitudotadjuntos?47eb7e5dde6ca75a096b9d9ec2bb172f,INS,2022,17974,,1, HTTP/1.1" 200 116
190.95.1.185 - - [07/Mar/2022:13:27:24 -0300] "GET /cormun/servlet/hpexe_return? HTTP/1.1" 200 1022
190.95.1.185 - - [07/Mar/2022:13:27:24 -0300] "GET /cormun/servlet/trsolicitudadjuntos?2022,17974, HTTP/1.1" 200 10365
190.171.149.74 - - [07/Mar/2022:13:27:24 -0300] "POST /cormun/servlet/solicitudot?c350b2e88c68420a6afe8ffb3fde51a5,INS,0,0,false,,gx-no-cache=1646673414409 HTTP/1.1" 200 12833
190.95.1.185 - - [07/Mar/2022:13:27:24 -0300] "GET /cormun/servlet/trsolicitudadjuntos?2022,17974, HTTP/1.1" 200 10364
190.171.149.74 - - [07/Mar/2022:13:27:24 -0300] "GET /cormun/static/Shared/jqueryui/images/ui-bg_highlight-soft_100_c6c2c8_1x100.png HTTP/1.1" 404 1117
190.171.149.74 - - [07/Mar/2022:13:27:25 -0300] "GET /cormun/static/Shared/jqueryui/images/ui-icons_82798d_256x240.png HTTP/1.1" 404 1089
190.171.149.74 - - [07/Mar/2022:13:27:25 -0300] "GET /cormun/static/Shared/jqueryui/images/ui-bg_flat_55_994d53_40x100.png HTTP/1.1" 404 1097
190.171.149.74 - - [07/Mar/2022:13:27:25 -0300] "GET /cormun/static/Shared/jqueryui/images/ui-icons_ebccce_256x240.png HTTP/1.1" 404 1089
190.95.1.185 - - [07/Mar/2022:13:27:26 -0300] "GET /cormun/servlet/solicitudotadjuntos?INS,2022,17974,,1, HTTP/1.1" 200 6506
190.95.1.185 - - [07/Mar/2022:13:27:26 -0300] "GET /cormun/static/about:blank HTTP/1.1" 404 1011
190.95.1.185 - - [07/Mar/2022:13:27:27 -0300] "GET /cormun/servlet/solicitudotadjuntos?INS,2022,17974,,1, HTTP/1.1" 200 6499
190.95.1.185 - - [07/Mar/2022:13:27:27 -0300] "GET /cormun/servlet/solicitudotadjuntos?c75716c770b7c2b29657c57d29abcf30d304ab5630f5611b36dc8507582b2902225be37995313e34c09c63790719c7bb,gx-no-cache=1646669703858 HTTP/1.1" 200 30
190.95.1.185 - - [07/Mar/2022:13:27:28 -0300] "POST /cormun/servlet/solicitudotadjuntos?47eb7e5dde6ca75a096b9d9ec2bb172f,INS,2022,17974,,1,,gx-no-cache=1646669704259 HTTP/1.1" 200 4149
190.95.1.185 - - [07/Mar/2022:13:27:30 -0300] "POST /cormun/servlet/solicitudotadjuntos?gx-no-cache=1646669707318 HTTP/1.1" 200 26
190.95.1.185 - - [07/Mar/2022:13:27:43 -0300] "GET /cormun/servlet/solicitudotadjuntos?c75716c770b7c2b29657c57d29abcf306ebf40f84a1d5fa2c7880415c12d8ca6,gx-no-cache=1646669719533 HTTP/1.1" 200 30
190.95.1.185 - - [07/Mar/2022:13:27:43 -0300] "GET /cormun/servlet/solicitudotadjuntos?c75716c770b7c2b29657c57d29abcf306ebf40f84a1d5fa2c7880415c12d8ca6,gx-no-cache=1646669719560 HTTP/1.1" 200 30
190.95.1.185 - - [07/Mar/2022:13:27:43 -0300] "POST /cormun/servlet/solicitudotadjuntos?47eb7e5dde6ca75a096b9d9ec2bb172f,INS,2022,17974,,1, HTTP/1.1" 200 116
190.95.1.185 - - [07/Mar/2022:13:27:43 -0300] "GET /cormun/servlet/hpexe_return? HTTP/1.1" 200 1022
190.171.149.74 - - [07/Mar/2022:13:27:43 -0300] "POST /cormun/servlet/solicitudot?gx-no-cache=1646673433984 HTTP/1.1" 200 30
190.95.1.185 - - [07/Mar/2022:13:27:43 -0300] "GET /cormun/servlet/trsolicitudadjuntos?2022,17974, HTTP/1.1" 200 10612
190.95.1.185 - - [07/Mar/2022:13:27:44 -0300] "GET /cormun/servlet/trsolicitudadjuntos?2022,17974, HTTP/1.1" 200 10613
190.171.149.74 - - [07/Mar/2022:13:27:46 -0300] "POST /cormun/servlet/solicitudot?gx-no-cache=1646673436942 HTTP/1.1" 200 1454
190.171.149.74 - - [07/Mar/2022:13:27:46 -0300] "POST /cormun/servlet/solicitudot?gx-no-cache=1646673437087 HTTP/1.1" 200 38
190.95.1.185 - - [07/Mar/2022:13:27:47 -0300] "GET /cormun/servlet/solicitudotadjuntos?INS,2022,17974,,1, HTTP/1.1" 200 6506
190.95.1.185 - - [07/Mar/2022:13:27:47 -0300] "GET /cormun/static/about:blank HTTP/1.1" 404 1011
190.95.1.185 - - [07/Mar/2022:13:27:47 -0300] "GET /cormun/servlet/solicitudotadjuntos?INS,2022,17974,,1, HTTP/1.1" 200 6499
190.95.1.185 - - [07/Mar/2022:13:27:48 -0300] "GET /cormun/servlet/solicitudotadjuntos?c75716c770b7c2b29657c57d29abcf30d304ab5630f5611b36dc8507582b2902225be37995313e34c09c63790719c7bb,gx-no-cache=1646669724811 HTTP/1.1" 200 30
190.95.1.185 - - [07/Mar/2022:13:27:48 -0300] "POST /cormun/servlet/solicitudotadjuntos?47eb7e5dde6ca75a096b9d9ec2bb172f,INS,2022,17974,,1, HTTP/1.1" 200 6958
190.95.1.185 - - [07/Mar/2022:13:27:48 -0300] "GET /cormun/PrivateTempStorage/upload_00002100.pdf HTTP/1.1" 200 199889
190.171.149.74 - - [07/Mar/2022:13:27:53 -0300] "POST /cormun/servlet/solicitudot?c350b2e88c68420a6afe8ffb3fde51a5,INS,0,0,false,,gx-no-cache=1646673443734 HTTP/1.1" 200 93
190.171.149.74 - - [07/Mar/2022:13:27:53 -0300] "GET /cormun/servlet/hpexe_return? HTTP/1.1" 200 1012
190.171.149.74 - - [07/Mar/2022:13:27:53 -0300] "GET /cormun/servlet/trsolicitudot HTTP/1.1" 200 7201
190.171.149.74 - - [07/Mar/2022:13:27:54 -0300] "GET /cormun/servlet/trsolicitudot HTTP/1.1" 200 7197
190.95.1.185 - - [07/Mar/2022:13:27:54 -0300] "GET /cormun/servlet/trsolicitudadjuntos?2022,17974, HTTP/1.1" 200 10614
190.95.1.185 - - [07/Mar/2022:13:27:54 -0300] "GET /cormun/servlet/trsolicitudadjuntos?2022,17974, HTTP/1.1" 200 10611
190.95.1.185 - - [07/Mar/2022:13:27:57 -0300] "GET /cormun/servlet/trsolicitudot? HTTP/1.1" 200 9973
190.95.1.185 - - [07/Mar/2022:13:27:57 -0300] "GET /cormun/servlet/trsolicitudot? HTTP/1.1" 200 9966
190.95.1.185 - - [07/Mar/2022:13:28:01 -0300] "POST /cormun/servlet/trsolicitudot?47eb7e5dde6ca75a096b9d9ec2bb172f,,gx-no-cache=1646669737761 HTTP/1.1" 200 107
190.95.1.185 - - [07/Mar/2022:13:28:01 -0300] "GET /cormun/servlet/trsolicitudadjuntos?2022,17975, HTTP/1.1" 200 6562
190.95.1.185 - - [07/Mar/2022:13:28:01 -0300] "GET /cormun/servlet/trsolicitudadjuntos?2022,17975, HTTP/1.1" 200 6562
190.95.1.185 - - [07/Mar/2022:13:28:04 -0300] "GET /cormun/servlet/solicitudotadjuntos?INS,2022,17975,,1, HTTP/1.1" 200 6503
190.95.1.185 - - [07/Mar/2022:13:28:04 -0300] "GET /cormun/static/about:blank HTTP/1.1" 404 1011
190.95.1.185 - - [07/Mar/2022:13:28:04 -0300] "GET /cormun/servlet/solicitudotadjuntos?INS,2022,17975,,1, HTTP/1.1" 200 6497
190.95.1.185 - - [07/Mar/2022:13:28:04 -0300] "GET /cormun/servlet/solicitudotadjuntos?c75716c770b7c2b29657c57d29abcf3000b3b417a7c8b20944bf280fd4368b1408bfad6da4ebe1a7d96a3129171507fd,gx-no-cache=1646669741138 HTTP/1.1" 200 30
190.95.1.185 - - [07/Mar/2022:13:28:04 -0300] "POST /cormun/servlet/solicitudotadjuntos?47eb7e5dde6ca75a096b9d9ec2bb172f,INS,2022,17975,,1,,gx-no-cache=1646669741197 HTTP/1.1" 200 4148
190.95.1.185 - - [07/Mar/2022:13:28:08 -0300] "POST /cormun/servlet/solicitudotadjuntos?gx-no-cache=1646669744536 HTTP/1.1" 200 26
190.171.149.74 - - [07/Mar/2022:13:28:25 -0300] "GET /cormun/servlet/trcontratoobservacion? HTTP/1.1" 200 6933
190.171.149.74 - - [07/Mar/2022:13:28:25 -0300] "GET /cormun/static/gxcfg.js?2020121604219 HTTP/1.1" 200 953
190.171.149.74 - - [07/Mar/2022:13:28:25 -0300] "GET /cormun/static/trcontratoobservacion.js?2020121604638 HTTP/1.1" 200 25148
190.171.149.74 - - [07/Mar/2022:13:28:25 -0300] "GET /cormun/servlet/trcontratoobservacion? HTTP/1.1" 200 6933
190.95.1.185 - - [07/Mar/2022:13:28:30 -0300] "POST /cormun/servlet/solicitudotadjuntos?gx-no-cache=1646669767206 HTTP/1.1" 200 26
201.186.225.189 - - [07/Mar/2022:13:28:44 -0300] "POST /cormun/servlet/solicitudot?gx-no-cache=1646669781164 HTTP/1.1" 200 30
201.186.225.189 - - [07/Mar/2022:13:28:45 -0300] "POST /cormun/servlet/solicitudot?6fdd07c22757c610629bcc0799bc982c,INS,0,0,false,,gx-no-cache=1646669781381 HTTP/1.1" 200 93
201.186.225.189 - - [07/Mar/2022:13:28:45 -0300] "GET /cormun/servlet/hpexe_return? HTTP/1.1" 200 1014
201.186.225.189 - - [07/Mar/2022:13:28:45 -0300] "GET /cormun/static/gxcfg.js?201991422392976 HTTP/1.1" 200 953
201.186.225.189 - - [07/Mar/2022:13:28:45 -0300] "GET /cormun/static/hpexe_return.js?201991422392984 HTTP/1.1" 200 1633
201.186.225.189 - - [07/Mar/2022:13:28:46 -0300] "GET /cormun/servlet/trsolicitudot HTTP/1.1" 200 8874
201.186.225.189 - - [07/Mar/2022:13:28:46 -0300] "GET /cormun//static/Resources/PXToolsActionView.png HTTP/1.1" 200 398
201.186.225.189 - - [07/Mar/2022:13:28:46 -0300] "GET /cormun//static/Resources/PXToolsGridUpdate.png HTTP/1.1" 200 470
201.186.225.189 - - [07/Mar/2022:13:28:46 -0300] "GET /cormun//static/Resources/PXToolsGridDelete.png HTTP/1.1" 200 538
201.186.225.189 - - [07/Mar/2022:13:28:46 -0300] "GET /cormun//static/Resources/PXToolsRemoveAllAction.png HTTP/1.1" 200 487
201.186.225.189 - - [07/Mar/2022:13:28:46 -0300] "GET /cormun//static/Resources/PXTools/ActionInsert.png HTTP/1.1" 200 1482
201.186.225.189 - - [07/Mar/2022:13:28:46 -0300] "GET /cormun/servlet/trsolicitudot HTTP/1.1" 200 8870
190.171.149.74 - - [07/Mar/2022:13:28:48 -0300] "GET /cormun/servlet/hlogin HTTP/1.1" 200 1749
190.95.1.185 - - [07/Mar/2022:13:28:51 -0300] "GET /cormun/servlet/solicitudotadjuntos?c75716c770b7c2b29657c57d29abcf306ebf40f84a1d5fa2c7880415c12d8ca6,gx-no-cache=1646669787789 HTTP/1.1" 200 30
190.95.1.185 - - [07/Mar/2022:13:28:51 -0300] "GET /cormun/servlet/solicitudotadjuntos?c75716c770b7c2b29657c57d29abcf306ebf40f84a1d5fa2c7880415c12d8ca6,gx-no-cache=1646669787814 HTTP/1.1" 200 30
190.95.1.185 - - [07/Mar/2022:13:28:52 -0300] "POST /cormun/servlet/solicitudotadjuntos?47eb7e5dde6ca75a096b9d9ec2bb172f,INS,2022,17975,,1, HTTP/1.1" 200 116
190.95.1.185 - - [07/Mar/2022:13:28:52 -0300] "GET /cormun/servlet/hpexe_return? HTTP/1.1" 200 1022
190.95.1.185 - - [07/Mar/2022:13:28:52 -0300] "GET /cormun/servlet/trsolicitudadjuntos?2022,17975, HTTP/1.1" 200 9366
190.95.1.185 - - [07/Mar/2022:13:28:53 -0300] "GET /cormun/servlet/trsolicitudadjuntos?2022,17975, HTTP/1.1" 200 9365
190.95.1.185 - - [07/Mar/2022:13:28:54 -0300] "GET /cormun/servlet/solicitudotadjuntos?INS,2022,17975,,1, HTTP/1.1" 200 6503
190.95.1.185 - - [07/Mar/2022:13:28:55 -0300] "GET /cormun/static/about:blank HTTP/1.1" 404 1011
190.95.1.185 - - [07/Mar/2022:13:28:55 -0300] "GET /cormun/servlet/solicitudotadjuntos?INS,2022,17975,,1, HTTP/1.1" 200 6497
190.95.1.185 - - [07/Mar/2022:13:28:55 -0300] "GET /cormun/servlet/solicitudotadjuntos?c75716c770b7c2b29657c57d29abcf3000b3b417a7c8b20944bf280fd4368b1408bfad6da4ebe1a7d96a3129171507fd,gx-no-cache=1646669792058 HTTP/1.1" 200 30
190.95.1.185 - - [07/Mar/2022:13:28:55 -0300] "POST /cormun/servlet/solicitudotadjuntos?47eb7e5dde6ca75a096b9d9ec2bb172f,INS,2022,17975,,1,,gx-no-cache=1646669792087 HTTP/1.1" 200 4148
190.95.1.185 - - [07/Mar/2022:13:28:57 -0300] "POST /cormun/servlet/solicitudotadjuntos?gx-no-cache=1646669794308 HTTP/1.1" 200 26
190.171.149.74 - - [07/Mar/2022:13:29:02 -0300] "POST /cormun/servlet/hlogin?c350b2e88c68420a6afe8ffb3fde51a5,gx-no-cache=1646673512565 HTTP/1.1" 200 90
190.171.149.74 - - [07/Mar/2022:13:29:02 -0300] "GET /cormun/servlet/hpexe_link HTTP/1.1" 200 955
201.186.225.189 - - [07/Mar/2022:13:29:02 -0300] "POST /cormun/servlet/trsolicitudot?6fdd07c22757c610629bcc0799bc982c,gx-no-cache=1646669798596 HTTP/1.1" 200 107
190.171.149.74 - - [07/Mar/2022:13:29:02 -0300] "GET /cormun/servlet/hhome HTTP/1.1" 200 4230
201.186.225.189 - - [07/Mar/2022:13:29:02 -0300] "GET /cormun/servlet/trsolicitudadjuntos?2022,17978, HTTP/1.1" 200 6458
201.186.225.189 - - [07/Mar/2022:13:29:02 -0300] "GET /cormun/static/gxcfg.js?20201215574222 HTTP/1.1" 200 953
201.186.225.189 - - [07/Mar/2022:13:29:02 -0300] "GET /cormun/static/trsolicitudadjuntos.js?20201215574932 HTTP/1.1" 200 17922
201.186.225.189 - - [07/Mar/2022:13:29:02 -0300] "GET /cormun/static/Resources/PXToolsGridNew.png HTTP/1.1" 200 427
190.171.149.74 - - [07/Mar/2022:13:29:02 -0300] "GET /cormun/static/SmoothNavMenu/resources/images/right.gif HTTP/1.1" 200 860
190.171.149.74 - - [07/Mar/2022:13:29:02 -0300] "GET /cormun/servlet/hhome HTTP/1.1" 200 4229
201.186.225.189 - - [07/Mar/2022:13:29:02 -0300] "GET /cormun/servlet/trsolicitudadjuntos?2022,17978, HTTP/1.1" 200 6458
190.95.1.185 - - [07/Mar/2022:13:29:02 -0300] "GET /cormun/servlet/solicitudotadjuntos?c75716c770b7c2b29657c57d29abcf306ebf40f84a1d5fa2c7880415c12d8ca6,gx-no-cache=1646669799260 HTTP/1.1" 200 30
190.95.1.185 - - [07/Mar/2022:13:29:02 -0300] "GET /cormun/servlet/solicitudotadjuntos?c75716c770b7c2b29657c57d29abcf306ebf40f84a1d5fa2c7880415c12d8ca6,gx-no-cache=1646669799287 HTTP/1.1" 200 30
190.95.1.185 - - [07/Mar/2022:13:29:02 -0300] "POST /cormun/servlet/solicitudotadjuntos?47eb7e5dde6ca75a096b9d9ec2bb172f,INS,2022,17975,,1, HTTP/1.1" 200 116
190.95.1.185 - - [07/Mar/2022:13:29:03 -0300] "GET /cormun/servlet/hpexe_return? HTTP/1.1" 200 1022
190.95.1.185 - - [07/Mar/2022:13:29:03 -0300] "GET /cormun/servlet/trsolicitudadjuntos?2022,17975, HTTP/1.1" 200 9576
190.95.1.185 - - [07/Mar/2022:13:29:03 -0300] "GET /cormun/servlet/trsolicitudadjuntos?2022,17975, HTTP/1.1" 200 9573
201.186.225.189 - - [07/Mar/2022:13:29:05 -0300] "GET /cormun/servlet/solicitudotadjuntos?INS,2022,17978,,1, HTTP/1.1" 200 6399
201.186.225.189 - - [07/Mar/2022:13:29:05 -0300] "GET /cormun/static/gxcfg.js?202012157947 HTTP/1.1" 200 953
201.186.225.189 - - [07/Mar/2022:13:29:05 -0300] "GET /cormun/static/solicitudotadjuntos.js?202012157966 HTTP/1.1" 200 11771
190.95.1.185 - - [07/Mar/2022:13:29:05 -0300] "GET /cormun/servlet/solicitudotadjuntos?INS,2022,17975,,1, HTTP/1.1" 200 6503
201.186.225.189 - - [07/Mar/2022:13:29:05 -0300] "GET /cormun/static/about:blank HTTP/1.1" 404 1011
190.95.1.185 - - [07/Mar/2022:13:29:05 -0300] "GET /cormun/static/about:blank HTTP/1.1" 404 1011
201.186.225.189 - - [07/Mar/2022:13:29:05 -0300] "GET /cormun/servlet/solicitudotadjuntos?INS,2022,17978,,1, HTTP/1.1" 200 6391
190.95.1.185 - - [07/Mar/2022:13:29:05 -0300] "GET /cormun/servlet/solicitudotadjuntos?INS,2022,17975,,1, HTTP/1.1" 200 6497
201.186.225.189 - - [07/Mar/2022:13:29:06 -0300] "GET /cormun/servlet/solicitudotadjuntos?f249b356b3e8edc946142f9894eac8da96959811d036a525af8b9078fba5df317c37e6bebb99516788a73d4f2df661ef,gx-no-cache=1646669802532 HTTP/1.1" 200 30
190.95.1.185 - - [07/Mar/2022:13:29:06 -0300] "GET /cormun/servlet/solicitudotadjuntos?c75716c770b7c2b29657c57d29abcf3000b3b417a7c8b20944bf280fd4368b1408bfad6da4ebe1a7d96a3129171507fd,gx-no-cache=1646669802630 HTTP/1.1" 200 30
201.186.225.189 - - [07/Mar/2022:13:29:06 -0300] "POST /cormun/servlet/solicitudotadjuntos?6fdd07c22757c610629bcc0799bc982c,INS,2022,17978,,1,,gx-no-cache=1646669802550 HTTP/1.1" 200 4191
190.95.1.185 - - [07/Mar/2022:13:29:06 -0300] "POST /cormun/servlet/solicitudotadjuntos?47eb7e5dde6ca75a096b9d9ec2bb172f,INS,2022,17975,,1,,gx-no-cache=1646669802654 HTTP/1.1" 200 4148
190.95.1.185 - - [07/Mar/2022:13:29:08 -0300] "POST /cormun/servlet/solicitudotadjuntos?gx-no-cache=1646669804988 HTTP/1.1" 200 26
190.171.149.74 - - [07/Mar/2022:13:29:11 -0300] "GET /cormun/servlet/trcontratounov2? HTTP/1.1" 200 17805
190.171.149.74 - - [07/Mar/2022:13:29:11 -0300] "GET /cormun/static/gxcfg.js?2020121614367 HTTP/1.1" 200 953
190.171.149.74 - - [07/Mar/2022:13:29:11 -0300] "GET /cormun/static/trcontratounov2.js?20201216143065 HTTP/1.1" 200 38486
190.171.149.74 - - [07/Mar/2022:13:29:11 -0300] "GET /cormun/static/Resources/PXToolsAddSelectedAction.png HTTP/1.1" 200 523
190.171.149.74 - - [07/Mar/2022:13:29:12 -0300] "GET /cormun/servlet/trcontratounov2? HTTP/1.1" 200 17810
201.186.225.189 - - [07/Mar/2022:13:29:12 -0300] "POST /cormun/servlet/solicitudotadjuntos?gx-no-cache=1646669809038 HTTP/1.1" 200 26
190.95.1.185 - - [07/Mar/2022:13:29:13 -0300] "GET /cormun/servlet/solicitudotadjuntos?c75716c770b7c2b29657c57d29abcf306ebf40f84a1d5fa2c7880415c12d8ca6,gx-no-cache=1646669809788 HTTP/1.1" 200 30
190.95.1.185 - - [07/Mar/2022:13:29:13 -0300] "GET /cormun/servlet/solicitudotadjuntos?c75716c770b7c2b29657c57d29abcf306ebf40f84a1d5fa2c7880415c12d8ca6,gx-no-cache=1646669809803 HTTP/1.1" 200 30
190.95.1.185 - - [07/Mar/2022:13:29:13 -0300] "POST /cormun/servlet/solicitudotadjuntos?47eb7e5dde6ca75a096b9d9ec2bb172f,INS,2022,17975,,1, HTTP/1.1" 200 116
190.95.1.185 - - [07/Mar/2022:13:29:13 -0300] "GET /cormun/servlet/hpexe_return? HTTP/1.1" 200 1022
190.95.1.185 - - [07/Mar/2022:13:29:13 -0300] "GET /cormun/servlet/trsolicitudadjuntos?2022,17975, HTTP/1.1" 200 9833
190.95.1.185 - - [07/Mar/2022:13:29:14 -0300] "GET /cormun/servlet/trsolicitudadjuntos?2022,17975, HTTP/1.1" 200 9831
190.95.1.185 - - [07/Mar/2022:13:29:16 -0300] "GET /cormun/servlet/solicitudotadjuntos?INS,2022,17975,,1, HTTP/1.1" 200 6503
190.95.1.185 - - [07/Mar/2022:13:29:16 -0300] "GET /cormun/static/about:blank HTTP/1.1" 404 1011
190.95.1.185 - - [07/Mar/2022:13:29:16 -0300] "GET /cormun/servlet/solicitudotadjuntos?INS,2022,17975,,1, HTTP/1.1" 200 6497
190.95.1.185 - - [07/Mar/2022:13:29:16 -0300] "GET /cormun/servlet/solicitudotadjuntos?c75716c770b7c2b29657c57d29abcf3000b3b417a7c8b20944bf280fd4368b1408bfad6da4ebe1a7d96a3129171507fd,gx-no-cache=1646669813438 HTTP/1.1" 200 30
190.95.1.185 - - [07/Mar/2022:13:29:17 -0300] "POST /cormun/servlet/solicitudotadjuntos?47eb7e5dde6ca75a096b9d9ec2bb172f,INS,2022,17975,,1,,gx-no-cache=1646669813458 HTTP/1.1" 200 4148
190.95.1.185 - - [07/Mar/2022:13:29:20 -0300] "POST /cormun/servlet/solicitudotadjuntos?gx-no-cache=1646669816852 HTTP/1.1" 200 26
201.186.225.189 - - [07/Mar/2022:13:29:26 -0300] "GET /cormun/servlet/solicitudotadjuntos?f249b356b3e8edc946142f9894eac8da2063c1229fdc9cbed012255d9ed95c28,gx-no-cache=1646669822426 HTTP/1.1" 200 30
201.186.225.189 - - [07/Mar/2022:13:29:26 -0300] "GET /cormun/servlet/solicitudotadjuntos?f249b356b3e8edc946142f9894eac8da2063c1229fdc9cbed012255d9ed95c28,gx-no-cache=1646669822461 HTTP/1.1" 200 30
201.186.225.189 - - [07/Mar/2022:13:29:26 -0300] "POST /cormun/servlet/solicitudotadjuntos?6fdd07c22757c610629bcc0799bc982c,INS,2022,17978,,1, HTTP/1.1" 200 116
201.186.225.189 - - [07/Mar/2022:13:29:26 -0300] "GET /cormun/servlet/hpexe_return? HTTP/1.1" 200 1031
201.186.225.189 - - [07/Mar/2022:13:29:26 -0300] "GET /cormun/servlet/trsolicitudadjuntos?2022,17978, HTTP/1.1" 200 9231
201.186.225.189 - - [07/Mar/2022:13:29:27 -0300] "GET /cormun/servlet/trsolicitudadjuntos?2022,17978, HTTP/1.1" 200 9230
201.186.225.189 - - [07/Mar/2022:13:29:31 -0300] "GET /cormun/servlet/solicitudotadjuntos?INS,2022,17978,,1, HTTP/1.1" 200 6399
201.186.225.189 - - [07/Mar/2022:13:29:31 -0300] "GET /cormun/static/about:blank HTTP/1.1" 404 1011
201.186.225.189 - - [07/Mar/2022:13:29:31 -0300] "GET /cormun/servlet/solicitudotadjuntos?INS,2022,17978,,1, HTTP/1.1" 200 6391
201.186.225.189 - - [07/Mar/2022:13:29:31 -0300] "GET /cormun/servlet/solicitudotadjuntos?f249b356b3e8edc946142f9894eac8da96959811d036a525af8b9078fba5df317c37e6bebb99516788a73d4f2df661ef,gx-no-cache=1646669828348 HTTP/1.1" 200 30
201.186.225.189 - - [07/Mar/2022:13:29:32 -0300] "POST /cormun/servlet/solicitudotadjuntos?6fdd07c22757c610629bcc0799bc982c,INS,2022,17978,,1,,gx-no-cache=1646669828364 HTTP/1.1" 200 4191
201.186.225.189 - - [07/Mar/2022:13:29:35 -0300] "POST /cormun/servlet/solicitudotadjuntos?gx-no-cache=1646669832189 HTTP/1.1" 200 26
201.186.225.189 - - [07/Mar/2022:13:29:50 -0300] "GET /cormun/servlet/solicitudotadjuntos?f249b356b3e8edc946142f9894eac8da2063c1229fdc9cbed012255d9ed95c28,gx-no-cache=1646669846483 HTTP/1.1" 200 30
201.186.225.189 - - [07/Mar/2022:13:29:50 -0300] "GET /cormun/servlet/solicitudotadjuntos?f249b356b3e8edc946142f9894eac8da2063c1229fdc9cbed012255d9ed95c28,gx-no-cache=1646669846504 HTTP/1.1" 200 30
201.186.225.189 - - [07/Mar/2022:13:29:50 -0300] "POST /cormun/servlet/solicitudotadjuntos?6fdd07c22757c610629bcc0799bc982c,INS,2022,17978,,1, HTTP/1.1" 200 116
201.186.225.189 - - [07/Mar/2022:13:29:50 -0300] "GET /cormun/servlet/hpexe_return? HTTP/1.1" 200 1031
201.186.225.189 - - [07/Mar/2022:13:29:50 -0300] "GET /cormun/servlet/trsolicitudadjuntos?2022,17978, HTTP/1.1" 200 9456
201.186.225.189 - - [07/Mar/2022:13:29:50 -0300] "GET /cormun/servlet/trsolicitudadjuntos?2022,17978, HTTP/1.1" 200 9454
201.186.225.189 - - [07/Mar/2022:13:29:53 -0300] "GET /cormun/servlet/solicitudotadjuntos?INS,2022,17978,,1, HTTP/1.1" 200 6399
201.186.225.189 - - [07/Mar/2022:13:29:53 -0300] "GET /cormun/static/about:blank HTTP/1.1" 404 1011
201.186.225.189 - - [07/Mar/2022:13:29:54 -0300] "GET /cormun/servlet/solicitudotadjuntos?INS,2022,17978,,1, HTTP/1.1" 200 6391
201.186.225.189 - - [07/Mar/2022:13:29:54 -0300] "GET /cormun/servlet/solicitudotadjuntos?f249b356b3e8edc946142f9894eac8da96959811d036a525af8b9078fba5df317c37e6bebb99516788a73d4f2df661ef,gx-no-cache=1646669850945 HTTP/1.1" 200 30
201.186.225.189 - - [07/Mar/2022:13:29:54 -0300] "POST /cormun/servlet/solicitudotadjuntos?6fdd07c22757c610629bcc0799bc982c,INS,2022,17978,,1,,gx-no-cache=1646669850965 HTTP/1.1" 200 4191
201.186.225.189 - - [07/Mar/2022:13:29:57 -0300] "POST /cormun/servlet/solicitudotadjuntos?gx-no-cache=1646669854067 HTTP/1.1" 200 26
201.186.225.189 - - [07/Mar/2022:13:30:29 -0300] "GET /cormun/servlet/solicitudotadjuntos?f249b356b3e8edc946142f9894eac8da2063c1229fdc9cbed012255d9ed95c28,gx-no-cache=1646669885947 HTTP/1.1" 200 30
201.186.225.189 - - [07/Mar/2022:13:30:29 -0300] "GET /cormun/servlet/solicitudotadjuntos?f249b356b3e8edc946142f9894eac8da2063c1229fdc9cbed012255d9ed95c28,gx-no-cache=1646669885967 HTTP/1.1" 200 30
201.186.225.189 - - [07/Mar/2022:13:30:29 -0300] "POST /cormun/servlet/solicitudotadjuntos?6fdd07c22757c610629bcc0799bc982c,INS,2022,17978,,1, HTTP/1.1" 200 116
201.186.225.189 - - [07/Mar/2022:13:30:29 -0300] "GET /cormun/servlet/hpexe_return? HTTP/1.1" 200 1031
201.186.225.189 - - [07/Mar/2022:13:30:29 -0300] "GET /cormun/servlet/trsolicitudadjuntos?2022,17978, HTTP/1.1" 200 9690
201.186.225.189 - - [07/Mar/2022:13:30:30 -0300] "GET /cormun/servlet/trsolicitudadjuntos?2022,17978, HTTP/1.1" 200 9690
190.171.149.90 - - [07/Mar/2022:13:30:30 -0300] "POST /cormun/servlet/trsolicitudot?ad373ea6869fc04487506110642383e0,gx-no-cache=1646669887409 HTTP/1.1" 200 5997
190.171.149.90 - - [07/Mar/2022:13:30:30 -0300] "GET /cormun/static/Shared/jqueryui/images/ui-bg_highlight-soft_100_c6c2c8_1x100.png HTTP/1.1" 404 1117
190.171.149.90 - - [07/Mar/2022:13:30:30 -0300] "GET /cormun/static/Shared/jqueryui/images/ui-icons_82798d_256x240.png HTTP/1.1" 404 1089
190.171.149.90 - - [07/Mar/2022:13:30:30 -0300] "GET /cormun/static/Shared/jqueryui/images/ui-bg_flat_55_fafafa_40x100.png HTTP/1.1" 404 1097
190.171.149.90 - - [07/Mar/2022:13:30:30 -0300] "GET /cormun/static/Shared/jqueryui/images/ui-icons_8d78a5_256x240.png HTTP/1.1" 404 1089
201.186.225.189 - - [07/Mar/2022:13:30:34 -0300] "GET /cormun/servlet/solicitudotadjuntos?INS,2022,17978,,1, HTTP/1.1" 200 6400
201.186.225.189 - - [07/Mar/2022:13:30:34 -0300] "GET /cormun/static/about:blank HTTP/1.1" 404 1011
201.186.225.189 - - [07/Mar/2022:13:30:34 -0300] "GET /cormun/servlet/solicitudotadjuntos?INS,2022,17978,,1, HTTP/1.1" 200 6392
201.186.225.189 - - [07/Mar/2022:13:30:35 -0300] "GET /cormun/servlet/solicitudotadjuntos?f249b356b3e8edc946142f9894eac8da96959811d036a525af8b9078fba5df317c37e6bebb99516788a73d4f2df661ef,gx-no-cache=1646669891592 HTTP/1.1" 200 30
201.186.225.189 - - [07/Mar/2022:13:30:35 -0300] "POST /cormun/servlet/solicitudotadjuntos?6fdd07c22757c610629bcc0799bc982c,INS,2022,17978,,1,,gx-no-cache=1646669891608 HTTP/1.1" 200 4192
201.186.225.189 - - [07/Mar/2022:13:30:39 -0300] "POST /cormun/servlet/solicitudotadjuntos?gx-no-cache=1646669895493 HTTP/1.1" 200 26
201.186.225.189 - - [07/Mar/2022:13:30:46 -0300] "GET /cormun/servlet/solicitudotadjuntos?f249b356b3e8edc946142f9894eac8da2063c1229fdc9cbed012255d9ed95c28,gx-no-cache=1646669902723 HTTP/1.1" 200 30
201.186.225.189 - - [07/Mar/2022:13:30:46 -0300] "GET /cormun/servlet/solicitudotadjuntos?f249b356b3e8edc946142f9894eac8da2063c1229fdc9cbed012255d9ed95c28,gx-no-cache=1646669902747 HTTP/1.1" 200 30
201.186.225.189 - - [07/Mar/2022:13:30:46 -0300] "POST /cormun/servlet/solicitudotadjuntos?6fdd07c22757c610629bcc0799bc982c,INS,2022,17978,,1, HTTP/1.1" 200 116
201.186.225.189 - - [07/Mar/2022:13:30:46 -0300] "GET /cormun/servlet/hpexe_return? HTTP/1.1" 200 1031
201.186.225.189 - - [07/Mar/2022:13:30:46 -0300] "GET /cormun/servlet/trsolicitudadjuntos?2022,17978, HTTP/1.1" 200 9916
201.186.225.189 - - [07/Mar/2022:13:30:47 -0300] "GET /cormun/servlet/trsolicitudadjuntos?2022,17978, HTTP/1.1" 200 9913
201.186.225.189 - - [07/Mar/2022:13:30:49 -0300] "GET /cormun/servlet/solicitudotadjuntos?INS,2022,17978,,1, HTTP/1.1" 200 6400
201.186.225.189 - - [07/Mar/2022:13:30:49 -0300] "GET /cormun/static/about:blank HTTP/1.1" 404 1011
201.186.225.189 - - [07/Mar/2022:13:30:49 -0300] "GET /cormun/servlet/solicitudotadjuntos?INS,2022,17978,,1, HTTP/1.1" 200 6392
201.186.225.189 - - [07/Mar/2022:13:30:50 -0300] "GET /cormun/servlet/solicitudotadjuntos?f249b356b3e8edc946142f9894eac8da96959811d036a525af8b9078fba5df317c37e6bebb99516788a73d4f2df661ef,gx-no-cache=1646669906745 HTTP/1.1" 200 30
201.186.225.189 - - [07/Mar/2022:13:30:50 -0300] "POST /cormun/servlet/solicitudotadjuntos?6fdd07c22757c610629bcc0799bc982c,INS,2022,17978,,1,,gx-no-cache=1646669906774 HTTP/1.1" 200 4192
201.186.225.189 - - [07/Mar/2022:13:30:53 -0300] "POST /cormun/servlet/solicitudotadjuntos?gx-no-cache=1646669910043 HTTP/1.1" 200 26
190.171.149.90 - - [07/Mar/2022:13:31:04 -0300] "POST /cormun/servlet/trsolicitudot?ad373ea6869fc04487506110642383e0,gx-no-cache=1646669921155 HTTP/1.1" 200 112
190.171.149.90 - - [07/Mar/2022:13:31:04 -0300] "GET /cormun/servlet/solicitudot?UPD,2022,17977,false, HTTP/1.1" 200 16353
190.171.149.90 - - [07/Mar/2022:13:31:05 -0300] "GET /cormun/servlet/solicitudot?UPD,2022,17977,false, HTTP/1.1" 200 16364
190.171.149.90 - - [07/Mar/2022:13:31:05 -0300] "POST /cormun/servlet/solicitudot?gx-no-cache=1646669922629 HTTP/1.1" 200 3935
190.171.149.90 - - [07/Mar/2022:13:31:05 -0300] "POST /cormun/servlet/solicitudot?ad373ea6869fc04487506110642383e0,UPD,2022,17977,false,,gx-no-cache=1646669922813 HTTP/1.1" 200 12564
190.171.149.90 - - [07/Mar/2022:13:31:05 -0300] "GET /cormun/servlet/solicitudot?9385328b60a71ab102b260a26d803f74b412e36b4db1c8db92fd11bd5df73ab336833652599f857429ce9742339a8bb0,gx-no-cache=1646669923058 HTTP/1.1" 200 30
190.171.149.90 - - [07/Mar/2022:13:31:05 -0300] "GET /cormun/servlet/solicitudot?9385328b60a71ab102b260a26d803f74cf6cce45e2925abb953baac78e63726be3d934de1ee1d1c205311c8ae606cebfba9d7a862a9c3bde9f9e21ba9d72446d,gx-no-cache=1646669923096 HTTP/1.1" 200 30
190.171.149.90 - - [07/Mar/2022:13:31:05 -0300] "GET /cormun/servlet/solicitudot?9385328b60a71ab102b260a26d803f74d7feff7651631c315ccf622ce00c4cc1dc0bbeb6cbbd21657f901f5ed1a1be48fb7cfc1d122d1f0a9b4bce14f7431865,gx-no-cache=1646669923122 HTTP/1.1" 200 53
190.171.149.90 - - [07/Mar/2022:13:31:05 -0300] "POST /cormun/servlet/solicitudot?gx-no-cache=1646669923159 HTTP/1.1" 200 297
190.171.149.90 - - [07/Mar/2022:13:31:06 -0300] "GET /cormun/servlet/solicitudot?9385328b60a71ab102b260a26d803f74d50c4ffbf78fac27fef58675b8c8c749723bbd681aa873448232485c33061a3137dfc6f90a03bb2fc40534b95137b844645759cced88d412997f84a9507a0e0341a8e3cb9d8aabec0fad3aaf51b59ca3f405d378bf4d385ea3e020a92ddc8b5fc617173cd01b5b020a40725cadadea912d3aebbda1e21ab72f487bfc388fe972efb35c5553951b50f3a39bda588b0fcd2fb12c94d78da41ef4274b0c158fe2ac77bbd412afb3189e56a874af9281b72f5ef66d8e70f8ab86b8a1e7a71c40f87730d782c65ee00329e619f96c7218e435d6f57038e82740bd227a5e007400ee32c80c5c592f95575a4da1cd48fd5321fbdc42b02a964e1f9530d5f0744ad602df3202b38a4066d5c32304b3943b269b55d584976f9d1a8c721fc06f02c90f2f68790ab11153b8919ae27ee9db063386257a7367f707361d6ae262e75a1238c38e237cdd092a38097c6ad9848070230b9046f26de202ce2024f85b4c567076683c1aebcfc2cea85948fe1e3590591935af953bf12e6bad382aebe6b6b647ee946d,gx-no-cache=1646669923205 HTTP/1.1" 200 30
190.171.149.90 - - [07/Mar/2022:13:31:06 -0300] "POST /cormun/servlet/solicitudot?gx-no-cache=1646669923236 HTTP/1.1" 200 30
190.171.149.90 - - [07/Mar/2022:13:31:06 -0300] "POST /cormun/servlet/solicitudot?gx-no-cache=1646669923281 HTTP/1.1" 200 1455
190.171.149.90 - - [07/Mar/2022:13:31:06 -0300] "POST /cormun/servlet/solicitudot?gx-no-cache=1646669923330 HTTP/1.1" 200 41
190.171.149.74 - - [07/Mar/2022:13:31:19 -0300] "GET /cormun/servlet/hlogin HTTP/1.1" 200 1746
190.171.149.74 - - [07/Mar/2022:13:31:24 -0300] "POST /cormun/servlet/hlogin?c350b2e88c68420a6afe8ffb3fde51a5,gx-no-cache=1646673654629 HTTP/1.1" 200 90
190.171.149.74 - - [07/Mar/2022:13:31:24 -0300] "GET /cormun/servlet/hpexe_link HTTP/1.1" 200 955
190.171.149.74 - - [07/Mar/2022:13:31:24 -0300] "GET /cormun/servlet/hhome HTTP/1.1" 200 3979
190.171.149.74 - - [07/Mar/2022:13:31:24 -0300] "GET /cormun/servlet/hhome HTTP/1.1" 200 3977
201.186.225.189 - - [07/Mar/2022:13:31:26 -0300] "GET /cormun/servlet/solicitudotadjuntos?f249b356b3e8edc946142f9894eac8da2063c1229fdc9cbed012255d9ed95c28,gx-no-cache=1646669942532 HTTP/1.1" 200 30
201.186.225.189 - - [07/Mar/2022:13:31:26 -0300] "GET /cormun/servlet/solicitudotadjuntos?f249b356b3e8edc946142f9894eac8da2063c1229fdc9cbed012255d9ed95c28,gx-no-cache=1646669942551 HTTP/1.1" 200 30
201.186.225.189 - - [07/Mar/2022:13:31:27 -0300] "POST /cormun/servlet/solicitudotadjuntos?6fdd07c22757c610629bcc0799bc982c,INS,2022,17978,,1, HTTP/1.1" 200 116
201.186.225.189 - - [07/Mar/2022:13:31:27 -0300] "GET /cormun/servlet/hpexe_return? HTTP/1.1" 200 1031
201.186.225.189 - - [07/Mar/2022:13:31:27 -0300] "GET /cormun/servlet/trsolicitudadjuntos?2022,17978, HTTP/1.1" 200 10183
201.186.225.189 - - [07/Mar/2022:13:31:27 -0300] "GET /cormun/servlet/trsolicitudadjuntos?2022,17978, HTTP/1.1" 200 10181
201.186.225.189 - - [07/Mar/2022:13:31:31 -0300] "GET /cormun/servlet/solicitudotadjuntos?INS,2022,17978,,1, HTTP/1.1" 200 6400
201.186.225.189 - - [07/Mar/2022:13:31:31 -0300] "GET /cormun/static/about:blank HTTP/1.1" 404 1011
201.186.225.189 - - [07/Mar/2022:13:31:31 -0300] "GET /cormun/servlet/solicitudotadjuntos?INS,2022,17978,,1, HTTP/1.1" 200 6392
201.186.225.189 - - [07/Mar/2022:13:31:32 -0300] "GET /cormun/servlet/solicitudotadjuntos?f249b356b3e8edc946142f9894eac8da96959811d036a525af8b9078fba5df317c37e6bebb99516788a73d4f2df661ef,gx-no-cache=1646669948839 HTTP/1.1" 200 30
201.186.225.189 - - [07/Mar/2022:13:31:32 -0300] "POST /cormun/servlet/solicitudotadjuntos?6fdd07c22757c610629bcc0799bc982c,INS,2022,17978,,1,,gx-no-cache=1646669948858 HTTP/1.1" 200 4192
190.171.149.90 - - [07/Mar/2022:13:31:35 -0300] "POST /cormun/servlet/solicitudot?gx-no-cache=1646669952156 HTTP/1.1" 200 30
201.186.225.189 - - [07/Mar/2022:13:31:38 -0300] "POST /cormun/servlet/solicitudotadjuntos?gx-no-cache=1646669955244 HTTP/1.1" 200 26
190.171.149.90 - - [07/Mar/2022:13:31:54 -0300] "POST /cormun/servlet/solicitudot?gx-no-cache=1646669971521 HTTP/1.1" 200 1455
190.171.149.90 - - [07/Mar/2022:13:31:54 -0300] "POST /cormun/servlet/solicitudot?gx-no-cache=1646669971583 HTTP/1.1" 200 41
190.171.149.90 - - [07/Mar/2022:13:31:54 -0300] "GET /cormun/servlet/solicitudot?9385328b60a71ab102b260a26d803f743867b1342d928fdaf02f292d4f2cf29ce413cc976d8ab01ba41dbfc69f2bcfc26132ec39892a2a7f6c9551de2287742cd870e278c337ec0134868770579b97eb8e1ef3c92ee5771a7c5cdd5162cba89b3cc6738b01919b93cff22d6489850b5d,gx-no-cache=1646669971617 HTTP/1.1" 200 110
190.171.149.90 - - [07/Mar/2022:13:31:54 -0300] "POST /cormun/servlet/solicitudot?gx-no-cache=1646669971649 HTTP/1.1" 200 67
190.171.149.90 - - [07/Mar/2022:13:31:54 -0300] "GET /cormun/servlet/solicitudot?9385328b60a71ab102b260a26d803f748fbf715c71b890be692da2f4ce4f41fd4a65df1e4e7c87381c23659b04e572b28664dffc482653f4f39f079e8075c9208048f2e830206415645e56a1dfecb107cd5c1a7a710a15e73045646674b5079364368b8a012be31dfe58b15580ab796e,gx-no-cache=1646669971688 HTTP/1.1" 200 29
190.171.149.90 - - [07/Mar/2022:13:31:54 -0300] "GET /cormun/servlet/solicitudot?9385328b60a71ab102b260a26d803f74ed604409e9380d32898c8f9946ee434b93a55a1ee6476bfbe5348ba6f72c5792,gx-no-cache=1646669971715 HTTP/1.1" 200 30
190.171.149.90 - - [07/Mar/2022:13:31:54 -0300] "POST /cormun/servlet/solicitudot?gx-no-cache=1646669971743 HTTP/1.1" 200 30
190.171.149.90 - - [07/Mar/2022:13:31:54 -0300] "POST /cormun/servlet/solicitudot?ad373ea6869fc04487506110642383e0,UPD,2022,17977,false,,gx-no-cache=1646669971820 HTTP/1.1" 200 12786
190.171.149.90 - - [07/Mar/2022:13:31:55 -0300] "GET /cormun/static/Shared/jqueryui/images/ui-bg_highlight-soft_100_c6c2c8_1x100.png HTTP/1.1" 404 1117
190.171.149.90 - - [07/Mar/2022:13:31:55 -0300] "GET /cormun/static/Shared/jqueryui/images/ui-icons_82798d_256x240.png HTTP/1.1" 404 1089
190.171.149.90 - - [07/Mar/2022:13:31:55 -0300] "GET /cormun/static/Shared/jqueryui/images/ui-bg_flat_55_994d53_40x100.png HTTP/1.1" 404 1097
190.171.149.90 - - [07/Mar/2022:13:31:55 -0300] "GET /cormun/static/Shared/jqueryui/images/ui-icons_ebccce_256x240.png HTTP/1.1" 404 1089
190.171.149.90 - - [07/Mar/2022:13:32:09 -0300] "POST /cormun/servlet/solicitudot?gx-no-cache=1646669986366 HTTP/1.1" 200 3935
190.171.149.90 - - [07/Mar/2022:13:32:09 -0300] "POST /cormun/servlet/solicitudot?ad373ea6869fc04487506110642383e0,UPD,2022,17977,false,,gx-no-cache=1646669986501 HTTP/1.1" 200 12660
190.171.149.90 - - [07/Mar/2022:13:32:09 -0300] "GET /cormun/servlet/solicitudot?9385328b60a71ab102b260a26d803f74b412e36b4db1c8db92fd11bd5df73ab336833652599f857429ce9742339a8bb0,gx-no-cache=1646669986708 HTTP/1.1" 200 30
190.171.149.90 - - [07/Mar/2022:13:32:09 -0300] "GET /cormun/servlet/solicitudot?9385328b60a71ab102b260a26d803f74cf6cce45e2925abb953baac78e63726be3d934de1ee1d1c205311c8ae606cebfba9d7a862a9c3bde9f9e21ba9d72446d,gx-no-cache=1646669986741 HTTP/1.1" 200 30
190.171.149.90 - - [07/Mar/2022:13:32:09 -0300] "GET /cormun/servlet/solicitudot?9385328b60a71ab102b260a26d803f74d7feff7651631c315ccf622ce00c4cc1dc0bbeb6cbbd21657f901f5ed1a1be4838b7a84443a61bedd1cc36dcd82e50c3927f56b026a3e0c3e93d7fb58381389a183deede198cc6e54f64ea99072d7a15b339e4ca72ae16308ff6ebf8976c93b0,gx-no-cache=1646669986768 HTTP/1.1" 200 53
190.171.149.90 - - [07/Mar/2022:13:32:09 -0300] "POST /cormun/servlet/solicitudot?gx-no-cache=1646669986803 HTTP/1.1" 200 297
190.171.149.90 - - [07/Mar/2022:13:32:09 -0300] "GET /cormun/servlet/solicitudot?9385328b60a71ab102b260a26d803f74d50c4ffbf78fac27fef58675b8c8c749723bbd681aa873448232485c33061a3137dfc6f90a03bb2fc40534b95137b844645759cced88d412997f84a9507a0e0341a8e3cb9d8aabec0fad3aaf51b59ca3f405d378bf4d385ea3e020a92ddc8b5fc617173cd01b5b020a40725cadadea912d3aebbda1e21ab72f487bfc388fe972efb35c5553951b50f3a39bda588b0fcd2fb12c94d78da41ef4274b0c158fe2ac77bbd412afb3189e56a874af9281b72f5ef66d8e70f8ab86b8a1e7a71c40f87730d782c65ee00329e619f96c7218e435d6f57038e82740bd227a5e007400ee32c80c5c592f95575a4da1cd48fd5321fbdc42b02a964e1f9530d5f0744ad602df3202b38a4066d5c32304b3943b269b55d584976f9d1a8c721fc06f02c90f2f68790ab11153b8919ae27ee9db063386257a7367f707361d6ae262e75a1238c38e237cdd092a38097c6ad9848070230b9046f26de202ce2024f85b4c567076683c1aebcfc2cea85948fe1e3590591935af953bf12e6bad382aebe6b6b647ee946d,gx-no-cache=1646669986845 HTTP/1.1" 200 30
201.186.225.189 - - [07/Mar/2022:13:32:10 -0300] "GET /cormun/servlet/solicitudotadjuntos?f249b356b3e8edc946142f9894eac8da2063c1229fdc9cbed012255d9ed95c28,gx-no-cache=1646669987083 HTTP/1.1" 200 30
201.186.225.189 - - [07/Mar/2022:13:32:10 -0300] "GET /cormun/servlet/solicitudotadjuntos?f249b356b3e8edc946142f9894eac8da2063c1229fdc9cbed012255d9ed95c28,gx-no-cache=1646669987103 HTTP/1.1" 200 30
201.186.225.189 - - [07/Mar/2022:13:32:10 -0300] "POST /cormun/servlet/solicitudotadjuntos?6fdd07c22757c610629bcc0799bc982c,INS,2022,17978,,1, HTTP/1.1" 200 116
201.186.225.189 - - [07/Mar/2022:13:32:10 -0300] "GET /cormun/servlet/hpexe_return? HTTP/1.1" 200 1031
201.186.225.189 - - [07/Mar/2022:13:32:11 -0300] "GET /cormun/servlet/trsolicitudadjuntos?2022,17978, HTTP/1.1" 200 10346
201.186.225.189 - - [07/Mar/2022:13:32:12 -0300] "GET /cormun/servlet/trsolicitudadjuntos?2022,17978, HTTP/1.1" 200 10347
201.186.225.189 - - [07/Mar/2022:13:32:17 -0300] "GET /cormun/servlet/solicitudotadjuntos?INS,2022,17978,,1, HTTP/1.1" 200 6400
201.186.225.189 - - [07/Mar/2022:13:32:17 -0300] "GET /cormun/static/about:blank HTTP/1.1" 404 1011
201.186.225.189 - - [07/Mar/2022:13:32:17 -0300] "GET /cormun/servlet/solicitudotadjuntos?INS,2022,17978,,1, HTTP/1.1" 200 6392
201.186.225.189 - - [07/Mar/2022:13:32:18 -0300] "GET /cormun/servlet/solicitudotadjuntos?f249b356b3e8edc946142f9894eac8da96959811d036a525af8b9078fba5df317c37e6bebb99516788a73d4f2df661ef,gx-no-cache=1646669994751 HTTP/1.1" 200 30
201.186.225.189 - - [07/Mar/2022:13:32:18 -0300] "POST /cormun/servlet/solicitudotadjuntos?6fdd07c22757c610629bcc0799bc982c,INS,2022,17978,,1,,gx-no-cache=1646669994780 HTTP/1.1" 200 4192
201.186.225.189 - - [07/Mar/2022:13:32:22 -0300] "POST /cormun/servlet/solicitudotadjuntos?6fdd07c22757c610629bcc0799bc982c,INS,2022,17978,,1,,gx-no-cache=1646669998900 HTTP/1.1" 200 93
201.186.225.189 - - [07/Mar/2022:13:32:22 -0300] "GET /cormun/servlet/hpexe_return? HTTP/1.1" 200 1031
201.186.225.189 - - [07/Mar/2022:13:32:22 -0300] "GET /cormun/servlet/trsolicitudadjuntos?2022,17978, HTTP/1.1" 200 10348
201.186.225.189 - - [07/Mar/2022:13:32:23 -0300] "GET /cormun/servlet/trsolicitudadjuntos?2022,17978, HTTP/1.1" 200 10345
201.186.225.189 - - [07/Mar/2022:13:32:27 -0300] "GET /cormun/servlet/trsolicitudot? HTTP/1.1" 200 8877
201.186.225.189 - - [07/Mar/2022:13:32:28 -0300] "GET /cormun/servlet/trsolicitudot? HTTP/1.1" 200 8870
201.186.225.189 - - [07/Mar/2022:13:32:34 -0300] "POST /cormun/servlet/trsolicitudot?6fdd07c22757c610629bcc0799bc982c,,gx-no-cache=1646670010870 HTTP/1.1" 200 4614
201.186.225.189 - - [07/Mar/2022:13:32:34 -0300] "GET /cormun/static/Shared/jqueryui/images/ui-bg_highlight-soft_100_c6c2c8_1x100.png HTTP/1.1" 404 1117
201.186.225.189 - - [07/Mar/2022:13:32:34 -0300] "GET /cormun/static/Shared/jqueryui/images/ui-bg_flat_55_fafafa_40x100.png HTTP/1.1" 404 1097
201.186.225.189 - - [07/Mar/2022:13:32:34 -0300] "GET /cormun/static/Shared/jqueryui/images/ui-icons_82798d_256x240.png HTTP/1.1" 404 1089
201.186.225.189 - - [07/Mar/2022:13:32:34 -0300] "GET /cormun/static/Shared/jqueryui/images/ui-icons_8d78a5_256x240.png HTTP/1.1" 404 1089
201.186.225.189 - - [07/Mar/2022:13:32:34 -0300] "POST /cormun/servlet/trsolicitudot?6fdd07c22757c610629bcc0799bc982c,,gx-no-cache=1646670011047 HTTP/1.1" 200 4368
201.186.225.189 - - [07/Mar/2022:13:32:39 -0300] "GET /cormun/servlet/trautorizarsolicitud? HTTP/1.1" 200 8881
201.186.225.189 - - [07/Mar/2022:13:32:39 -0300] "GET /cormun/static/gxcfg.js?201991422414522 HTTP/1.1" 200 953
201.186.225.189 - - [07/Mar/2022:13:32:39 -0300] "GET /cormun/static/trautorizarsolicitud.js?201991422415463 HTTP/1.1" 200 53910
201.186.225.189 - - [07/Mar/2022:13:32:39 -0300] "GET /cormun/servlet/trautorizarsolicitud? HTTP/1.1" 200 8880
201.186.225.189 - - [07/Mar/2022:13:32:46 -0300] "POST /cormun/servlet/trautorizarsolicitud?6fdd07c22757c610629bcc0799bc982c,,gx-no-cache=1646670022415 HTTP/1.1" 200 107
201.186.225.189 - - [07/Mar/2022:13:32:46 -0300] "GET /cormun/servlet/trsolicitudadjuntos?2022,17978, HTTP/1.1" 200 10242
201.186.225.189 - - [07/Mar/2022:13:32:46 -0300] "GET /cormun//static/Resources/PXToolsActionDisabled.gif HTTP/1.1" 200 53
201.186.225.189 - - [07/Mar/2022:13:32:47 -0300] "GET /cormun/servlet/trsolicitudadjuntos?2022,17978, HTTP/1.1" 200 10252
190.171.149.74 - - [07/Mar/2022:13:32:48 -0300] "GET /cormun/servlet/trsolicitudot? HTTP/1.1" 200 7202
190.171.149.74 - - [07/Mar/2022:13:32:49 -0300] "GET /cormun/servlet/trsolicitudot? HTTP/1.1" 200 7201
201.186.225.189 - - [07/Mar/2022:13:32:50 -0300] "GET /cormun/servlet/trautorizarsolicitud? HTTP/1.1" 200 8887
201.186.225.189 - - [07/Mar/2022:13:32:50 -0300] "GET /cormun/servlet/trautorizarsolicitud? HTTP/1.1" 200 8880
190.171.149.74 - - [07/Mar/2022:13:32:52 -0300] "GET /cormun/servlet/solicitudot?INS,0,0,false, HTTP/1.1" 200 15707
190.171.149.74 - - [07/Mar/2022:13:32:53 -0300] "GET /cormun/servlet/solicitudot?INS,0,0,false, HTTP/1.1" 200 15714
201.186.225.189 - - [07/Mar/2022:13:32:59 -0300] "POST /cormun/servlet/trautorizarsolicitud?6fdd07c22757c610629bcc0799bc982c,,gx-no-cache=1646670035558 HTTP/1.1" 200 4807
201.186.225.189 - - [07/Mar/2022:13:32:59 -0300] "GET /cormun/static/Shared/jqueryui/images/ui-bg_highlight-soft_100_c6c2c8_1x100.png HTTP/1.1" 404 1117
201.186.225.189 - - [07/Mar/2022:13:32:59 -0300] "GET /cormun/static/Shared/jqueryui/images/ui-icons_82798d_256x240.png HTTP/1.1" 404 1089
201.186.225.189 - - [07/Mar/2022:13:32:59 -0300] "GET /cormun/static/Shared/jqueryui/images/ui-bg_flat_55_fafafa_40x100.png HTTP/1.1" 404 1097
201.186.225.189 - - [07/Mar/2022:13:32:59 -0300] "GET /cormun/static/Shared/jqueryui/images/ui-icons_8d78a5_256x240.png HTTP/1.1" 404 1089
201.186.225.189 - - [07/Mar/2022:13:32:59 -0300] "POST /cormun/servlet/trautorizarsolicitud?6fdd07c22757c610629bcc0799bc982c,,gx-no-cache=1646670035712 HTTP/1.1" 200 4559
190.171.149.74 - - [07/Mar/2022:13:33:02 -0300] "POST /cormun/servlet/solicitudot?gx-no-cache=1646673752978 HTTP/1.1" 200 3956
190.171.149.74 - - [07/Mar/2022:13:33:02 -0300] "POST /cormun/servlet/solicitudot?c350b2e88c68420a6afe8ffb3fde51a5,INS,0,0,false,,gx-no-cache=1646673753178 HTTP/1.1" 200 12502
190.171.149.74 - - [07/Mar/2022:13:33:27 -0300] "GET /cormun/servlet/solicitudot?8dd97cc34ad90d19db03dfcfdb1733541d06469b61ff018f7a1fc931fee7bd0f16ff8d0623f2b17cd2dcfd44d69767ea,gx-no-cache=1646673778148 HTTP/1.1" 200 30
190.171.149.74 - - [07/Mar/2022:13:33:46 -0300] "GET /cormun/servlet/solicitudot?8dd97cc34ad90d19db03dfcfdb173354c04fe0b5676ca73b1d3aa1d30a073c41ac6e2220f1eac26b5cf43be15cca142a4e53f94e9d3b1d513b175a836bc896f2,gx-no-cache=1646673797293 HTTP/1.1" 200 30
190.171.149.74 - - [07/Mar/2022:13:33:46 -0300] "GET /cormun/servlet/solicitudot?8dd97cc34ad90d19db03dfcfdb1733540a444234dfd334afd29f8d04e1c67e14,gx-no-cache=1646673797330 HTTP/1.1" 200 53
190.171.149.74 - - [07/Mar/2022:13:33:46 -0300] "POST /cormun/servlet/solicitudot?gx-no-cache=1646673797375 HTTP/1.1" 200 255
190.171.149.74 - - [07/Mar/2022:13:33:46 -0300] "GET /cormun/servlet/solicitudot?8dd97cc34ad90d19db03dfcfdb17335478d7f98a8f53b07122923a8745d3ddd79d02c79ad3c515fce92f952d69e6ec7922e61f045e1b1f525db3c5eb9626b7d1fa3a65b1916666c1b4b79db6d910bafc49eeeb9c475529df4330d5e591288225dcac097994d5622a4da146c98663bf6f08a7c7eb79f03fc66c48f8f5a415fbc37111be49175c7dba7616d653c5ec72d99d073bb5b35bd5aa9c714a3dea37d804cf31f7423b64ff67236279f58b06340e08dd0afadc74fa1d52fd8653de42b10066673972f07b9f1518ee67c78a8376cac1fda7518b56195dfec175f591841e83de472b16c02d7df9817c3aecb9d54ff0c28c9e5f9d6c3ce76c159cd7a5e09a4067a79406ffeb83458783465f55bab24b7cafe0031be34021cbc61ec769275c17cb7843155092b73e86f29649c0558b1187bbf71bb9d39e9bd923b9ac4e88bcb482f36e728e40aee2342cff0dd346d99551c39d94addaad9170d39c1c3ae70c0e6a583920e50bed22f25fddd629c5a601d7ffab071385b615a1e5e5803367029b,gx-no-cache=1646673797425 HTTP/1.1" 200 30
190.171.149.74 - - [07/Mar/2022:13:33:51 -0300] "POST /cormun/servlet/solicitudot?gx-no-cache=1646673801672 HTTP/1.1" 200 30
190.171.149.74 - - [07/Mar/2022:13:33:51 -0300] "POST /cormun/servlet/solicitudot?gx-no-cache=1646673801727 HTTP/1.1" 200 1454
190.171.149.74 - - [07/Mar/2022:13:33:51 -0300] "POST /cormun/servlet/solicitudot?gx-no-cache=1646673801780 HTTP/1.1" 200 38
190.171.149.90 - - [07/Mar/2022:13:34:01 -0300] "POST /cormun/servlet/solicitudot?gx-no-cache=1646670098870 HTTP/1.1" 200 30
190.171.149.90 - - [07/Mar/2022:13:34:01 -0300] "POST /cormun/servlet/solicitudot?gx-no-cache=1646670098923 HTTP/1.1" 200 1455
190.171.149.90 - - [07/Mar/2022:13:34:01 -0300] "POST /cormun/servlet/solicitudot?gx-no-cache=1646670098972 HTTP/1.1" 200 41
