190.171.141.90 - - [07/Mar/2022:11:47:36 -0300] "GET /cormun/static/Shared/jqueryui/images/ui-bg_flat_55_fafafa_40x100.png HTTP/1.1" 404 1097
190.171.141.90 - - [07/Mar/2022:11:47:36 -0300] "GET /cormun/static/Shared/jqueryui/images/ui-icons_8d78a5_256x240.png HTTP/1.1" 404 1089
190.171.141.90 - - [07/Mar/2022:11:47:36 -0300] "POST /cormun/servlet/trsolicitudot?7d8e284c152d2f36f6ade1461ee9ea53,gx-no-cache=1646662909791,gx-no-cache=1646663715863 HTTP/1.1" 200 4070
190.171.152.114 - - [07/Mar/2022:11:48:27 -0300] "POST /cormun/servlet/solicitudot?gx-no-cache=1646663764312 HTTP/1.1" 200 1457
190.171.152.114 - - [07/Mar/2022:11:48:34 -0300] "GET /cormun/servlet/prlicenciaspermisos?8368036,L,,MD,,gxPopupLevel%3D0%3B HTTP/1.1" 200 7766
190.171.152.114 - - [07/Mar/2022:11:48:39 -0300] "POST /cormun/servlet/solicitudot?gx-no-cache=1646663775588 HTTP/1.1" 200 41
190.171.152.114 - - [07/Mar/2022:11:48:49 -0300] "GET /cormun/servlet/solicitudot?e053fdf765db3fb988fb4cb5af140a0123e1efc45d4d6670075b9f7c601618fcf93bfd2557f100c352c0c5116223ac27be251da5bf10ef20a041b09a1af4509bb9bbe0fd543d34077bb07e493d52037e4314f94dcb727413b4f3dc245ff3ea2028b0dd8567460e3db3e016373def702f,gx-no-cache=1646663785810 HTTP/1.1" 200 110
190.171.152.114 - - [07/Mar/2022:11:48:59 -0300] "POST /cormun/servlet/solicitudot?gx-no-cache=1646663795912 HTTP/1.1" 200 97
190.171.142.26 - - [07/Mar/2022:11:49:09 -0300] "GET /cormun/servlet/solicitudot?7bbed7e0dde0c188f07fba9ec32b8d296b0d691cb8539274498adc35f50b6ed8,gx-no-cache=1646663805660 HTTP/1.1" 200 94
190.171.142.26 - - [07/Mar/2022:11:49:11 -0300] "POST /cormun/servlet/solicitudot?gx-no-cache=1646663807796 HTTP/1.1" 200 30
190.171.152.114 - - [07/Mar/2022:11:50:40 -0300] "GET /cormun/servlet/solicitudot?e053fdf765db3fb988fb4cb5af140a018a6c680ca01eb2330767627030bc49c313a17dea206058759109e72b9af03b6d48b8396fde94f6f0bd3d071966c1088267469e79f186fb496d46375e26629ec0adabaf6462f6886b5294b10a52707b8cb8d883eeb749605445a38d498cee9c4d,gx-no-cache=1646663896678 HTTP/1.1" 200 29
190.171.152.114 - - [07/Mar/2022:11:50:40 -0300] "GET /cormun/static/menuarrow.gif HTTP/1.1" 404 1015
190.171.152.114 - - [07/Mar/2022:11:50:42 -0300] "GET /cormun/servlet/solicitudot?e053fdf765db3fb988fb4cb5af140a0163e7c573ae476fae808cd403be43724a3c34c84a0a2e1bbcbac2b2b708fbd661,gx-no-cache=1646663899221 HTTP/1.1" 200 30
190.171.152.114 - - [07/Mar/2022:11:50:50 -0300] "POST /cormun/servlet/solicitudot?gx-no-cache=1646663906923 HTTP/1.1" 200 120
190.171.152.114 - - [07/Mar/2022:11:50:50 -0300] "GET /cormun/static/Shared/jqueryui/images/ui-bg_highlight-soft_100_c6c2c8_1x100.png HTTP/1.1" 404 1117
190.171.152.114 - - [07/Mar/2022:11:50:50 -0300] "GET /cormun/static/Shared/jqueryui/images/ui-icons_82798d_256x240.png HTTP/1.1" 404 1089
190.171.152.114 - - [07/Mar/2022:11:50:50 -0300] "GET /cormun/static/Shared/jqueryui/images/ui-bg_flat_55_994d53_40x100.png HTTP/1.1" 404 1097
190.171.152.114 - - [07/Mar/2022:11:50:50 -0300] "GET /cormun/static/Shared/jqueryui/images/ui-icons_ebccce_256x240.png HTTP/1.1" 404 1089
190.171.152.114 - - [07/Mar/2022:11:50:57 -0300] "GET /cormun/servlet/prlicenciaspermisos?8368036,L,,MD,,gxPopupLevel%3D0%3B HTTP/1.1" 200 7766
190.171.152.114 - - [07/Mar/2022:11:51:03 -0300] "GET /cormun/servlet/solicitudot?e053fdf765db3fb988fb4cb5af140a0123e1efc45d4d6670075b9f7c601618fcf93bfd2557f100c352c0c5116223ac27be251da5bf10ef20a041b09a1af4509bb9bbe0fd543d34077bb07e493d52037e4314f94dcb727413b4f3dc245ff3ea2028b0dd8567460e3db3e016373def702f,gx-no-cache=1646663919945 HTTP/1.1" 200 110
190.171.152.114 - - [07/Mar/2022:11:51:14 -0300] "POST /cormun/servlet/solicitudot?gx-no-cache=1646663931108 HTTP/1.1" 200 34
190.171.152.114 - - [07/Mar/2022:11:51:25 -0300] "POST /cormun/servlet/solicitudot?1eda3214a84fd4f03c1715934bbfc4ff,INS,0,0,false,,gx-no-cache=1646663941633 HTTP/1.1" 200 93
190.171.152.114 - - [07/Mar/2022:11:51:25 -0300] "GET /cormun/servlet/hpexe_return? HTTP/1.1" 200 1033
190.171.152.114 - - [07/Mar/2022:11:51:25 -0300] "GET /cormun/servlet/trsolicitudot?gx-no-cache=1646662707807 HTTP/1.1" 200 9775
190.171.152.114 - - [07/Mar/2022:11:51:25 -0300] "GET /cormun/servlet/trsolicitudot?gx-no-cache=1646662707807 HTTP/1.1" 200 9791
190.171.152.114 - - [07/Mar/2022:11:51:43 -0300] "GET /cormun/servlet/solicitudot?INS,0,0,false, HTTP/1.1" 200 16046
190.171.152.114 - - [07/Mar/2022:11:51:43 -0300] "GET /cormun/servlet/solicitudot?INS,0,0,false, HTTP/1.1" 200 16031
190.171.152.114 - - [07/Mar/2022:11:52:51 -0300] "POST /cormun/servlet/solicitudot?gx-no-cache=1646664027338 HTTP/1.1" 200 3858
190.171.152.114 - - [07/Mar/2022:11:52:51 -0300] "POST /cormun/servlet/solicitudot?1eda3214a84fd4f03c1715934bbfc4ff,INS,0,0,false,,gx-no-cache=1646664027487 HTTP/1.1" 200 12695
190.171.152.114 - - [07/Mar/2022:11:52:53 -0300] "GET /cormun/servlet/solicitudot?e053fdf765db3fb988fb4cb5af140a019771c264099419996a45778c3696bb3484e43cf185a462713c70fddd6c4d6af8,gx-no-cache=1646664029553 HTTP/1.1" 200 30
46.174.191.30 - - [07/Mar/2022:11:53:33 -0300] "GET / HTTP/1.0" 200 11197
186.172.68.85 - - [07/Mar/2022:11:53:39 -0300] "GET /cormun/servlet/hlogin HTTP/1.1" 200 1731
186.172.53.144 - - [07/Mar/2022:11:54:07 -0300] "POST /cormun/servlet/hlogin?55c5eb305ecf8000b72e04818af8e6c8,gx-no-cache=1646664102865 HTTP/1.1" 200 90
186.172.53.144 - - [07/Mar/2022:11:54:07 -0300] "GET /cormun/servlet/hpexe_link HTTP/1.1" 200 957
186.172.53.144 - - [07/Mar/2022:11:54:07 -0300] "GET /cormun/servlet/hhome HTTP/1.1" 200 4021
186.172.53.144 - - [07/Mar/2022:11:54:08 -0300] "GET /cormun/servlet/hhome HTTP/1.1" 200 4019
186.172.9.15 - - [07/Mar/2022:11:54:08 -0300] "GET /cormun/static/SmoothNavMenu/resources/images/right.gif HTTP/1.1" 200 860
190.171.152.114 - - [07/Mar/2022:11:54:15 -0300] "GET /cormun/servlet/prbanco?,MD,,gxPopupLevel%3D0%3B HTTP/1.1" 200 6595
190.171.152.114 - - [07/Mar/2022:11:54:18 -0300] "GET /cormun/servlet/solicitudot?e053fdf765db3fb988fb4cb5af140a01d750ddda5f707f3fb45bca72a607ab3d991bcffd285abe8a596a193db8842f8c85e5a1fc6df10c4778521af41541c16104e66979fb3d5104434fa79b5ec20d41,gx-no-cache=1646664114785 HTTP/1.1" 200 30
186.172.241.39 - - [07/Mar/2022:11:54:18 -0300] "GET /cormun/servlet/trautorizarsolicitud? HTTP/1.1" 200 14132
186.172.9.15 - - [07/Mar/2022:11:54:18 -0300] "GET /cormun/static/gxcfg.js?201991422414522 HTTP/1.1" 200 953
186.172.9.15 - - [07/Mar/2022:11:54:19 -0300] "GET /cormun/static/trautorizarsolicitud.js?201991422415463 HTTP/1.1" 200 53910
186.172.9.15 - - [07/Mar/2022:11:54:19 -0300] "GET /cormun/servlet/trautorizarsolicitud? HTTP/1.1" 200 14132
190.171.152.114 - - [07/Mar/2022:11:54:20 -0300] "GET /cormun/servlet/solicitudot?e053fdf765db3fb988fb4cb5af140a01d36def4e86632b00bfa387058ba01862,gx-no-cache=1646664116482 HTTP/1.1" 200 53
186.172.241.39 - - [07/Mar/2022:11:54:20 -0300] "POST /cormun/servlet/acontrolpreferencessavestate?None,SCONTRERAS,true HTTP/1.1" 200 35
190.171.152.114 - - [07/Mar/2022:11:54:35 -0300] "POST /cormun/servlet/solicitudot?gx-no-cache=1646664132350 HTTP/1.1" 200 255
190.171.152.114 - - [07/Mar/2022:11:54:39 -0300] "POST /cormun/servlet/solicitudot?gx-no-cache=1646664135862 HTTP/1.1" 200 240
190.171.152.114 - - [07/Mar/2022:11:54:41 -0300] "GET /cormun/servlet/solicitudot?e053fdf765db3fb988fb4cb5af140a01590447cc20269d742be4265db23a39d978466d40194bf95f943a7676710bca1014e261d350d2c582bd66f2ae7718c85d2fc7bc0e3e98ffba5129fbab81ce18856995b9c8062a2d1dbc5d8df1591b35ebd26724e7b32f9053ae0264b63a595b75970563c329257dd21a058b7e234b5482f7a8a59436b49c84579a0232cc11b18a50b46fd384c4bfe4c4a673c4ac9498b6d81d44a6d41288bea7d874ab59c98cab12a5f817e6728610915c431ebf01d2bae0b5c242531495e4486bec61cc370d8d6149ff070055a4c6f548d0e3e7bf53b9eb0b69d20c93d7924a6c8e559d1bfe637ba99e037e08e32330080878b12c4e08440e6afc66e989a97728cc7618c051b4bf1cad9c78f94bce3751eff293a2bd0e96b64d86a1c453012778ac900e4058eea5e7b3951e6dbe23541dd8c6a87cad0c5bc73cfb9e3ddc73671b093ebde6d127d8756c36c581d8b648390f966c265a6adeaf0175838902a3eba540cf7cb67e9def353416677f9bcdb21032eddd344ee5,gx-no-cache=1646664137592 HTTP/1.1" 200 30
190.171.152.114 - - [07/Mar/2022:11:54:45 -0300] "POST /cormun/servlet/solicitudot?gx-no-cache=1646664141862 HTTP/1.1" 200 30
190.171.152.114 - - [07/Mar/2022:11:54:50 -0300] "GET /cormun/servlet/prsolicitudot?17138028,,,,,MD,,gxPopupLevel%3D0%3B HTTP/1.1" 200 6066
190.171.152.114 - - [07/Mar/2022:11:55:07 -0300] "POST /cormun/servlet/solicitudot?gx-no-cache=1646664164306 HTTP/1.1" 200 1535
190.171.152.114 - - [07/Mar/2022:11:55:07 -0300] "GET /cormun/static/Shared/jqueryui/images/ui-bg_highlight-soft_100_c6c2c8_1x100.png HTTP/1.1" 404 1117
190.171.152.114 - - [07/Mar/2022:11:55:07 -0300] "GET /cormun/static/Shared/jqueryui/images/ui-bg_flat_55_994d53_40x100.png HTTP/1.1" 404 1097
190.171.152.114 - - [07/Mar/2022:11:55:07 -0300] "GET /cormun/static/Shared/jqueryui/images/ui-icons_82798d_256x240.png HTTP/1.1" 404 1089
190.171.152.114 - - [07/Mar/2022:11:55:07 -0300] "POST /cormun/servlet/solicitudot?gx-no-cache=1646664164352 HTTP/1.1" 200 117
190.171.152.114 - - [07/Mar/2022:11:55:07 -0300] "GET /cormun/static/Shared/jqueryui/images/ui-icons_ebccce_256x240.png HTTP/1.1" 404 1089
190.171.152.114 - - [07/Mar/2022:11:55:07 -0300] "GET /cormun/servlet/solicitudot?e053fdf765db3fb988fb4cb5af140a0123e1efc45d4d6670075b9f7c601618fcf93bfd2557f100c352c0c5116223ac27be251da5bf10ef20a041b09a1af4509bb9bbe0fd543d34077bb07e493d52037e4314f94dcb727413b4f3dc245ff3ea2028b0dd8567460e3db3e016373def702f,gx-no-cache=1646664164392 HTTP/1.1" 200 110
190.171.152.114 - - [07/Mar/2022:11:55:07 -0300] "POST /cormun/servlet/solicitudot?gx-no-cache=1646664164425 HTTP/1.1" 200 64
190.171.152.114 - - [07/Mar/2022:11:55:08 -0300] "GET /cormun/servlet/solicitudot?e053fdf765db3fb988fb4cb5af140a018a6c680ca01eb2330767627030bc49c313a17dea206058759109e72b9af03b6d48b8396fde94f6f0bd3d071966c1088267469e79f186fb496d46375e26629ec0adabaf6462f6886b5294b10a52707b8cb8d883eeb749605445a38d498cee9c4d,gx-no-cache=1646664164453 HTTP/1.1" 200 29
190.171.152.114 - - [07/Mar/2022:11:55:08 -0300] "GET /cormun/servlet/solicitudot?e053fdf765db3fb988fb4cb5af140a01ab3062ef72c4f06a8460bfb6adebf331,gx-no-cache=1646664164480 HTTP/1.1" 200 30
190.171.152.114 - - [07/Mar/2022:11:56:06 -0300] "POST /cormun/servlet/solicitudot?gx-no-cache=1646664222678 HTTP/1.1" 200 1457
190.171.152.114 - - [07/Mar/2022:11:56:10 -0300] "GET /cormun/servlet/prlicenciaspermisos?8368036,L,,MD,,gxPopupLevel%3D0%3B HTTP/1.1" 200 7766
190.171.152.114 - - [07/Mar/2022:11:56:16 -0300] "POST /cormun/servlet/solicitudot?gx-no-cache=1646664232419 HTTP/1.1" 200 41
190.171.152.114 - - [07/Mar/2022:11:56:22 -0300] "GET /cormun/servlet/solicitudot?e053fdf765db3fb988fb4cb5af140a0123e1efc45d4d6670075b9f7c601618fcf93bfd2557f100c352c0c5116223ac27be251da5bf10ef20a041b09a1af4509bb9bbe0fd543d34077bb07e493d52037e4314f94dcb727413b4f3dc245ff3ea2028b0dd8567460e3db3e016373def702f,gx-no-cache=1646664239055 HTTP/1.1" 200 110
190.171.152.114 - - [07/Mar/2022:11:56:28 -0300] "POST /cormun/servlet/solicitudot?gx-no-cache=1646664244561 HTTP/1.1" 200 97
190.171.152.114 - - [07/Mar/2022:11:56:37 -0300] "GET /cormun/static/menuarrow.gif HTTP/1.1" 404 1015
190.171.152.114 - - [07/Mar/2022:11:56:40 -0300] "GET /cormun/servlet/solicitudot?e053fdf765db3fb988fb4cb5af140a0163e7c573ae476fae808cd403be43724a3c34c84a0a2e1bbcbac2b2b708fbd661,gx-no-cache=1646664256482 HTTP/1.1" 200 30
190.171.152.114 - - [07/Mar/2022:11:56:40 -0300] "POST /cormun/servlet/solicitudot?gx-no-cache=1646664256523 HTTP/1.1" 200 32
190.171.142.26 - - [07/Mar/2022:11:57:47 -0300] "GET /cormun/servlet/solicitudot?7bbed7e0dde0c188f07fba9ec32b8d29dce9aba010e3f7361adc81caa291e689bc56e027a992818e70a041d530c99be862d3888bee13900a1bba7143c44519d8c3afa96fad81954e0f189f1c1c4315e1,gx-no-cache=1646664323450 HTTP/1.1" 200 30
190.171.152.114 - - [07/Mar/2022:11:57:49 -0300] "POST /cormun/servlet/solicitudot?1eda3214a84fd4f03c1715934bbfc4ff,INS,0,0,false,,gx-no-cache=1646664325258 HTTP/1.1" 200 93
190.171.152.114 - - [07/Mar/2022:11:57:49 -0300] "GET /cormun/servlet/hpexe_return? HTTP/1.1" 200 1033
190.171.152.114 - - [07/Mar/2022:11:57:49 -0300] "GET /cormun/servlet/trsolicitudot?gx-no-cache=1646662707807 HTTP/1.1" 200 10070
190.171.142.26 - - [07/Mar/2022:11:57:49 -0300] "POST /cormun/servlet/solicitudot?gx-no-cache=1646664325843 HTTP/1.1" 200 30
190.171.152.114 - - [07/Mar/2022:11:57:49 -0300] "GET /cormun/servlet/trsolicitudot?gx-no-cache=1646662707807 HTTP/1.1" 200 10087
190.171.142.26 - - [07/Mar/2022:11:57:51 -0300] "POST /cormun/servlet/solicitudot?gx-no-cache=1646664327881 HTTP/1.1" 200 1454
190.171.142.26 - - [07/Mar/2022:11:57:51 -0300] "POST /cormun/servlet/solicitudot?gx-no-cache=1646664327955 HTTP/1.1" 200 38
190.171.142.26 - - [07/Mar/2022:11:57:51 -0300] "GET /cormun/servlet/solicitudot?7bbed7e0dde0c188f07fba9ec32b8d29a46199e7e22cad9927be38f2330c1e7bb9f4acde3a3e6341aba25d367d7b671f99033ca34070a376a236067fc95aa29d302845b5c4d548ce25de67ab7437615cae3bc044718d8ac19d9a39d0dd8063da08c71e6a8f440278cffa1d184543396d,gx-no-cache=1646664328011 HTTP/1.1" 200 110
190.171.149.90 - - [07/Mar/2022:11:57:55 -0300] "GET /cormun/servlet/hlogin HTTP/1.1" 200 1726
190.171.149.90 - - [07/Mar/2022:11:57:55 -0300] "GET /cormun/servlet/hlogin HTTP/1.1" 200 1737
190.171.142.26 - - [07/Mar/2022:11:57:57 -0300] "POST /cormun/servlet/solicitudot?gx-no-cache=1646664334176 HTTP/1.1" 200 97
190.171.149.90 - - [07/Mar/2022:11:57:59 -0300] "POST /cormun/servlet/hlogin?33dd55c4dd25eead939934174a30fc43,gx-no-cache=1646664337214 HTTP/1.1" 200 90
190.171.149.90 - - [07/Mar/2022:11:57:59 -0300] "GET /cormun/servlet/hpexe_link HTTP/1.1" 200 952
190.171.149.90 - - [07/Mar/2022:11:57:59 -0300] "GET /cormun/servlet/hhome HTTP/1.1" 200 3946
190.171.149.90 - - [07/Mar/2022:11:57:59 -0300] "GET /cormun/servlet/hhome HTTP/1.1" 200 3943
190.171.149.90 - - [07/Mar/2022:11:58:04 -0300] "GET /cormun/servlet/trsolicitudot? HTTP/1.1" 200 7166
190.171.149.90 - - [07/Mar/2022:11:58:04 -0300] "GET /cormun/static/gxui/gxui-all.css?110300 HTTP/1.1" 200 2179
190.171.149.90 - - [07/Mar/2022:11:58:04 -0300] "GET /cormun/static/calendar-system.css?75620 HTTP/1.1" 200 5572
190.171.149.90 - - [07/Mar/2022:11:58:04 -0300] "GET /cormun/static/gxcfg.js?201991910464971 HTTP/1.1" 200 953
190.171.149.90 - - [07/Mar/2022:11:58:04 -0300] "GET /cormun/static/trsolicitudot.js?201991910465845 HTTP/1.1" 200 54041
190.171.149.90 - - [07/Mar/2022:11:58:05 -0300] "GET /cormun/static/Shared/ext/resources/css/ext-all.css?205870 HTTP/1.1" 200 416045
190.171.149.90 - - [07/Mar/2022:11:58:05 -0300] "GET /cormun/servlet/trsolicitudot? HTTP/1.1" 200 7165
190.171.152.114 - - [07/Mar/2022:11:58:06 -0300] "POST /cormun/servlet/trsolicitudot?1eda3214a84fd4f03c1715934bbfc4ff,gx-no-cache=1646662707807,gx-no-cache=1646664343265 HTTP/1.1" 200 6855
190.171.152.114 - - [07/Mar/2022:11:58:07 -0300] "GET /cormun/static/Shared/jqueryui/images/ui-bg_highlight-soft_100_c6c2c8_1x100.png HTTP/1.1" 404 1117
190.171.152.114 - - [07/Mar/2022:11:58:07 -0300] "GET /cormun/static/Shared/jqueryui/images/ui-icons_82798d_256x240.png HTTP/1.1" 404 1089
190.171.152.114 - - [07/Mar/2022:11:58:07 -0300] "GET /cormun/static/Shared/jqueryui/images/ui-bg_flat_55_fafafa_40x100.png HTTP/1.1" 404 1097
190.171.152.114 - - [07/Mar/2022:11:58:07 -0300] "GET /cormun/static/Shared/jqueryui/images/ui-icons_8d78a5_256x240.png HTTP/1.1" 404 1089
190.171.152.114 - - [07/Mar/2022:11:58:07 -0300] "POST /cormun/servlet/trsolicitudot?1eda3214a84fd4f03c1715934bbfc4ff,gx-no-cache=1646662707807,gx-no-cache=1646664343494 HTTP/1.1" 200 6800
190.171.152.114 - - [07/Mar/2022:11:58:08 -0300] "POST /cormun/servlet/trsolicitudot?1eda3214a84fd4f03c1715934bbfc4ff,gx-no-cache=1646662707807,gx-no-cache=1646664344591 HTTP/1.1" 200 6361
190.171.152.114 - - [07/Mar/2022:11:58:08 -0300] "POST /cormun/servlet/trsolicitudot?1eda3214a84fd4f03c1715934bbfc4ff,gx-no-cache=1646662707807,gx-no-cache=1646664344765 HTTP/1.1" 200 6303
190.171.149.90 - - [07/Mar/2022:11:58:09 -0300] "GET /cormun/servlet/solicitudot?INS,0,0,false, HTTP/1.1" 200 15683
190.171.149.90 - - [07/Mar/2022:11:58:09 -0300] "GET /cormun/static/gxcfg.js?20203414241232 HTTP/1.1" 200 953
190.171.149.90 - - [07/Mar/2022:11:58:09 -0300] "GET /cormun/static/Resources/prompt.gif HTTP/1.1" 200 902
190.171.149.90 - - [07/Mar/2022:11:58:09 -0300] "GET /cormun/static/solicitudot.js?20203414242792 HTTP/1.1" 200 74114
190.171.149.90 - - [07/Mar/2022:11:58:09 -0300] "GET /cormun/servlet/solicitudot?INS,0,0,false, HTTP/1.1" 200 15690
190.171.142.26 - - [07/Mar/2022:11:58:17 -0300] "GET /cormun/servlet/solicitudot?7bbed7e0dde0c188f07fba9ec32b8d2979de3f01c7ff62b9e4d62c425740fcd0650816003f485727de1bab2147110669ed500ee452feed9b641c51f47c6d370dbe5311ef06351f2fb86e13f4c61b2b5d1f92faf9e822edb52fd58261d7dd7a1c72a36c1561e3e3da5501edb3b2586aa7,gx-no-cache=1646664353607 HTTP/1.1" 200 29
190.171.142.26 - - [07/Mar/2022:11:58:17 -0300] "GET /cormun/static/menuarrow.gif HTTP/1.1" 404 1015
190.171.149.90 - - [07/Mar/2022:11:58:19 -0300] "POST /cormun/servlet/solicitudot?gx-no-cache=1646664357504 HTTP/1.1" 200 3976
190.171.149.90 - - [07/Mar/2022:11:58:20 -0300] "POST /cormun/servlet/solicitudot?33dd55c4dd25eead939934174a30fc43,INS,0,0,false,,gx-no-cache=1646664357682 HTTP/1.1" 200 12534
190.171.142.26 - - [07/Mar/2022:11:58:25 -0300] "GET /cormun/servlet/solicitudot?7bbed7e0dde0c188f07fba9ec32b8d29ed9ae3fed221ee39473d16da919c429e205a56e6be02d6fcd6cab3b3e4382d19,gx-no-cache=1646664361493 HTTP/1.1" 200 30
190.171.149.90 - - [07/Mar/2022:11:58:29 -0300] "GET /cormun/servlet/solicitudot?1f64428faef1fa34b46c021adb9e3f70d4d85cb307f911ef07cd679921be7a283faee9e594081961edd2d64fcc151e79,gx-no-cache=1646664367665 HTTP/1.1" 200 30
190.171.142.26 - - [07/Mar/2022:11:58:32 -0300] "POST /cormun/servlet/solicitudot?gx-no-cache=1646664369291 HTTP/1.1" 200 30
190.171.142.26 - - [07/Mar/2022:11:58:54 -0300] "POST /cormun/servlet/solicitudot?e14ec06e271a1a9e81c4dedb1828d1f2,INS,0,0,false,,gx-no-cache=1646664390411 HTTP/1.1" 200 93
190.171.142.26 - - [07/Mar/2022:11:58:54 -0300] "GET /cormun/servlet/hpexe_return? HTTP/1.1" 200 1010
190.171.142.26 - - [07/Mar/2022:11:58:54 -0300] "GET /cormun/servlet/trsolicitudot? HTTP/1.1" 200 9053
190.171.142.26 - - [07/Mar/2022:11:58:55 -0300] "GET /cormun/servlet/trsolicitudot? HTTP/1.1" 200 9049
190.171.149.90 - - [07/Mar/2022:11:59:19 -0300] "GET /cormun/servlet/solicitudot?1f64428faef1fa34b46c021adb9e3f70a9a716d55f2316797ad283b49ae67ba894dbfcadd7d41ab4ef60e62a22401f7387815f4b7ce95166e3464b22cfd3035a,gx-no-cache=1646664416940 HTTP/1.1" 200 30
190.171.149.90 - - [07/Mar/2022:11:59:19 -0300] "GET /cormun/servlet/solicitudot?1f64428faef1fa34b46c021adb9e3f705ec0ffce78838363c06a8c1c4ba1ff6d,gx-no-cache=1646664417032 HTTP/1.1" 200 53
190.171.149.90 - - [07/Mar/2022:11:59:19 -0300] "POST /cormun/servlet/solicitudot?gx-no-cache=1646664417108 HTTP/1.1" 200 297
190.171.149.90 - - [07/Mar/2022:11:59:19 -0300] "GET /cormun/servlet/solicitudot?1f64428faef1fa34b46c021adb9e3f70ad6943d393a5ca1aef8e02005289ddfe7c69b820738b8884d51cdaaf55a780967d530be3c51dc1022cde0efa7e7568175f522c85758bd286de8062f036ca5ecc8acefd44126546c345ff1c3031d481e6c08c2b2c24c3e9cfa6de54224ac66f35ae9c8c823862453dbe1237235e6bca1a4e94380c83a2a68e152589deab2fe502eb20690ca972e4528d2a05256388820f9652daeff287d95ea8692fb156ed10a95ccc06db7f92bcec8e8567a8b4b8dfc355d539ff811ded7fc530688287268e67c46a32abc419c4dbb6b6e808d011f49afafc5913db1439dcd7072c9cf7469a3c51ffbd3e8bda0dbedd66b64b29fa6540289151da4039a05c7ee9623b0e75003085933fd80916d3c90b3967c36359a357c9c81d619fed9ff0b35d5610ca3b7ecf94a7de0cf78d39509adf1803521a685080b2dc711f62b1234c7e128a1110db131319486f5b5e5e66248e42a594a02cf3c7fc9f8990ec7fca538b9f7c3b6ab9e6c4f22d840083ba117acc4ebe2484a952d67d1038c5f249603106e3321ceff8e0,gx-no-cache=1646664417171 HTTP/1.1" 200 30
190.171.149.90 - - [07/Mar/2022:11:59:19 -0300] "POST /cormun/servlet/solicitudot?gx-no-cache=1646664417216 HTTP/1.1" 200 30
190.171.149.90 - - [07/Mar/2022:11:59:19 -0300] "POST /cormun/servlet/solicitudot?gx-no-cache=1646664417271 HTTP/1.1" 200 1454
190.171.149.90 - - [07/Mar/2022:11:59:19 -0300] "POST /cormun/servlet/solicitudot?gx-no-cache=1646664417340 HTTP/1.1" 200 38
190.171.149.90 - - [07/Mar/2022:11:59:19 -0300] "GET /cormun/servlet/solicitudot?1f64428faef1fa34b46c021adb9e3f702e50d64d03cea586414c2a95cdaa236b6231243ed2cf66e2ca840adbf5ebb88c67e993daa859c9e1d8460400a28fc1cbc3b0304a01675b98c56bee222e8ae416d94c65ee94221bcc409124629896e31827b7d3448180a3b7fc634dc5f968026c,gx-no-cache=1646664417385 HTTP/1.1" 200 110
190.171.149.90 - - [07/Mar/2022:11:59:33 -0300] "POST /cormun/servlet/solicitudot?gx-no-cache=1646664430775 HTTP/1.1" 200 110
186.173.131.50 - - [07/Mar/2022:12:00:16 -0300] "GET /cormun/servlet/trautorizarsolicitud? HTTP/1.1" 200 14173
186.173.131.50 - - [07/Mar/2022:12:00:17 -0300] "GET /cormun/servlet/trautorizarsolicitud? HTTP/1.1" 200 14173
186.173.131.50 - - [07/Mar/2022:12:00:28 -0300] "POST /cormun/servlet/trautorizarsolicitud?55c5eb305ecf8000b72e04818af8e6c8,,gx-no-cache=1646664483298 HTTP/1.1" 200 11273
186.173.131.50 - - [07/Mar/2022:12:00:28 -0300] "GET /cormun/static/Shared/jqueryui/images/ui-bg_highlight-soft_100_c6c2c8_1x100.png HTTP/1.1" 404 1117
186.173.118.72 - - [07/Mar/2022:12:00:28 -0300] "GET /cormun/static/Shared/jqueryui/images/ui-icons_82798d_256x240.png HTTP/1.1" 404 1089
186.173.131.50 - - [07/Mar/2022:12:00:28 -0300] "GET /cormun/static/Shared/jqueryui/images/ui-bg_flat_55_fafafa_40x100.png HTTP/1.1" 404 1097
186.173.118.72 - - [07/Mar/2022:12:00:28 -0300] "GET /cormun/static/Shared/jqueryui/images/ui-icons_8d78a5_256x240.png HTTP/1.1" 404 1089
186.173.131.50 - - [07/Mar/2022:12:00:29 -0300] "POST /cormun/servlet/trautorizarsolicitud?55c5eb305ecf8000b72e04818af8e6c8,,gx-no-cache=1646664484343 HTTP/1.1" 200 11215
186.173.83.139 - - [07/Mar/2022:12:00:47 -0300] "POST /cormun/servlet/trautorizarsolicitud?55c5eb305ecf8000b72e04818af8e6c8,,gx-no-cache=1646664502133 HTTP/1.1" 200 10798
186.173.83.139 - - [07/Mar/2022:12:00:47 -0300] "POST /cormun/servlet/trautorizarsolicitud?55c5eb305ecf8000b72e04818af8e6c8,,gx-no-cache=1646664502767 HTTP/1.1" 200 10743
190.171.149.90 - - [07/Mar/2022:12:00:53 -0300] "GET /cormun/servlet/solicitudot?1f64428faef1fa34b46c021adb9e3f70e60cc1b5a98aaf19c808a1969a4fb1719501b43ad85b9bbfd65cea2bd14b4470eaa7ec0ef94e1622c20453dc4262ae43212357f970cbd53e8e9a2af6fdf1ac4033a01191e4d2541a74b55ea560c8e7f78d17c77f1fcb19403061f83661e31f7a,gx-no-cache=1646664510804 HTTP/1.1" 200 29
190.171.149.90 - - [07/Mar/2022:12:00:53 -0300] "GET /cormun/static/menuarrow.gif HTTP/1.1" 404 1015
103.203.57.9 - - [07/Mar/2022:12:00:53 -0300] "GET / HTTP/1.1" 200 11217
190.171.149.90 - - [07/Mar/2022:12:00:56 -0300] "GET /cormun/servlet/solicitudot?1f64428faef1fa34b46c021adb9e3f7052cfaa957d9d637058d44cee06953e0c2033239eb60953ea3c6924b6064932cd,gx-no-cache=1646664514681 HTTP/1.1" 200 30
186.172.68.85 - - [07/Mar/2022:12:00:57 -0300] "POST /cormun/servlet/trautorizarsolicitud?55c5eb305ecf8000b72e04818af8e6c8,,gx-no-cache=1646664512643 HTTP/1.1" 200 10391
186.172.68.85 - - [07/Mar/2022:12:00:58 -0300] "POST /cormun/servlet/trautorizarsolicitud?55c5eb305ecf8000b72e04818af8e6c8,,gx-no-cache=1646664513275 HTTP/1.1" 200 10336
186.172.53.144 - - [07/Mar/2022:12:01:08 -0300] "POST /cormun/servlet/trautorizarsolicitud?55c5eb305ecf8000b72e04818af8e6c8,,gx-no-cache=1646664524015 HTTP/1.1" 200 9975
186.172.53.144 - - [07/Mar/2022:12:01:09 -0300] "POST /cormun/servlet/trautorizarsolicitud?55c5eb305ecf8000b72e04818af8e6c8,,gx-no-cache=1646664524709 HTTP/1.1" 200 9916
200.54.103.162 - - [07/Mar/2022:12:01:16 -0300] "GET /cormun/servlet/hlogin HTTP/1.1" 200 1729
190.171.149.74 - - [07/Mar/2022:12:01:31 -0300] "GET /cormun/servlet/hlogin HTTP/1.1" 200 1732
190.171.149.74 - - [07/Mar/2022:12:01:32 -0300] "GET /cormun/servlet/hlogin HTTP/1.1" 200 1742
200.54.103.162 - - [07/Mar/2022:12:01:33 -0300] "POST /cormun/servlet/hlogin?73f648538a999a28c90667c31428da39,gx-no-cache=1646650169469 HTTP/1.1" 200 90
200.54.103.162 - - [07/Mar/2022:12:01:33 -0300] "GET /cormun/servlet/hpexe_link HTTP/1.1" 200 953
200.54.103.162 - - [07/Mar/2022:12:01:33 -0300] "GET /cormun/servlet/hhome HTTP/1.1" 200 4341
200.54.103.162 - - [07/Mar/2022:12:01:34 -0300] "GET /cormun/servlet/hhome HTTP/1.1" 200 4337
190.171.149.74 - - [07/Mar/2022:12:01:36 -0300] "POST /cormun/servlet/hlogin?3de47904786f2fa234c55247a3521f58,gx-no-cache=1646668267315 HTTP/1.1" 200 90
190.171.149.74 - - [07/Mar/2022:12:01:36 -0300] "GET /cormun/servlet/hpexe_link HTTP/1.1" 200 959
190.171.149.74 - - [07/Mar/2022:12:01:37 -0300] "GET /cormun/servlet/hhome HTTP/1.1" 200 3986
200.54.103.162 - - [07/Mar/2022:12:01:37 -0300] "GET /cormun/servlet/trcontratounov2? HTTP/1.1" 200 18103
190.171.149.74 - - [07/Mar/2022:12:01:37 -0300] "GET /cormun/servlet/hhome HTTP/1.1" 200 3982
200.54.103.162 - - [07/Mar/2022:12:01:38 -0300] "GET /cormun/servlet/trcontratounov2? HTTP/1.1" 200 18103
190.171.149.74 - - [07/Mar/2022:12:01:40 -0300] "GET /cormun/servlet/trlicencias? HTTP/1.1" 200 9705
186.172.9.15 - - [07/Mar/2022:12:01:40 -0300] "POST /cormun/servlet/trautorizarsolicitud?55c5eb305ecf8000b72e04818af8e6c8,,gx-no-cache=1646664555501 HTTP/1.1" 200 9438
190.171.149.74 - - [07/Mar/2022:12:01:40 -0300] "GET /cormun/servlet/trlicencias? HTTP/1.1" 200 9702
186.172.9.15 - - [07/Mar/2022:12:01:40 -0300] "POST /cormun/servlet/trautorizarsolicitud?55c5eb305ecf8000b72e04818af8e6c8,,gx-no-cache=1646664556134 HTTP/1.1" 200 9383
186.172.9.15 - - [07/Mar/2022:12:01:45 -0300] "POST /cormun/servlet/trautorizarsolicitud?55c5eb305ecf8000b72e04818af8e6c8,,gx-no-cache=1646664560676 HTTP/1.1" 200 9059
186.172.9.15 - - [07/Mar/2022:12:01:45 -0300] "POST /cormun/servlet/trautorizarsolicitud?55c5eb305ecf8000b72e04818af8e6c8,,gx-no-cache=1646664561138 HTTP/1.1" 200 9000
200.54.103.162 - - [07/Mar/2022:12:01:48 -0300] "POST /cormun/servlet/trcontratounov2?73f648538a999a28c90667c31428da39,,gx-no-cache=1646650184378 HTTP/1.1" 200 17436
200.54.103.162 - - [07/Mar/2022:12:01:49 -0300] "GET /cormun/static/Resources/PXToolsGridFirst.gif HTTP/1.1" 200 379
200.54.103.162 - - [07/Mar/2022:12:01:49 -0300] "GET /cormun/static/Resources/PXToolsGridPrevious.gif HTTP/1.1" 200 369
190.171.149.74 - - [07/Mar/2022:12:01:50 -0300] "GET /cormun/static/menuarrow.gif HTTP/1.1" 404 1015
190.171.149.74 - - [07/Mar/2022:12:01:53 -0300] "POST /cormun/servlet/trlicencias?3de47904786f2fa234c55247a3521f58,,gx-no-cache=1646668283781 HTTP/1.1" 200 7205
186.172.9.15 - - [07/Mar/2022:12:01:54 -0300] "POST /cormun/servlet/trautorizarsolicitud?55c5eb305ecf8000b72e04818af8e6c8,,gx-no-cache=1646664569213 HTTP/1.1" 200 8568
186.172.9.15 - - [07/Mar/2022:12:01:54 -0300] "POST /cormun/servlet/trautorizarsolicitud?55c5eb305ecf8000b72e04818af8e6c8,,gx-no-cache=1646664569794 HTTP/1.1" 200 8512
190.171.149.74 - - [07/Mar/2022:12:01:55 -0300] "POST /cormun/servlet/trlicencias?3de47904786f2fa234c55247a3521f58,,gx-no-cache=1646668285594 HTTP/1.1" 200 7204
190.171.149.74 - - [07/Mar/2022:12:01:56 -0300] "POST /cormun/servlet/trlicencias?3de47904786f2fa234c55247a3521f58,,gx-no-cache=1646668286802 HTTP/1.1" 200 7204
186.172.9.15 - - [07/Mar/2022:12:01:57 -0300] "POST /cormun/servlet/trautorizarsolicitud?55c5eb305ecf8000b72e04818af8e6c8,,gx-no-cache=1646664573183 HTTP/1.1" 200 8211
186.172.9.15 - - [07/Mar/2022:12:01:58 -0300] "POST /cormun/servlet/trautorizarsolicitud?55c5eb305ecf8000b72e04818af8e6c8,,gx-no-cache=1646664573710 HTTP/1.1" 200 8137
190.171.149.90 - - [07/Mar/2022:12:01:59 -0300] "POST /cormun/servlet/solicitudot?gx-no-cache=1646664577051 HTTP/1.1" 200 30
190.171.149.74 - - [07/Mar/2022:12:02:00 -0300] "POST /cormun/servlet/trlicencias?3de47904786f2fa234c55247a3521f58,,gx-no-cache=1646668291026 HTTP/1.1" 200 7204
186.172.9.15 - - [07/Mar/2022:12:02:03 -0300] "POST /cormun/servlet/trautorizarsolicitud?55c5eb305ecf8000b72e04818af8e6c8,,gx-no-cache=1646664578441 HTTP/1.1" 200 7797
186.172.9.15 - - [07/Mar/2022:12:02:03 -0300] "POST /cormun/servlet/trautorizarsolicitud?55c5eb305ecf8000b72e04818af8e6c8,,gx-no-cache=1646664578890 HTTP/1.1" 200 7741
190.171.142.26 - - [07/Mar/2022:12:02:20 -0300] "GET /cormun/servlet/solicitudot?INS,0,0,false, HTTP/1.1" 200 15705
190.171.142.26 - - [07/Mar/2022:12:02:21 -0300] "GET /cormun/servlet/solicitudot?INS,0,0,false, HTTP/1.1" 200 15713
190.171.142.26 - - [07/Mar/2022:12:02:39 -0300] "POST /cormun/servlet/solicitudot?gx-no-cache=1646664615406 HTTP/1.1" 200 3968
190.171.142.26 - - [07/Mar/2022:12:02:39 -0300] "POST /cormun/servlet/solicitudot?e14ec06e271a1a9e81c4dedb1828d1f2,INS,0,0,false,,gx-no-cache=1646664615541 HTTP/1.1" 200 12521
186.173.239.149 - - [07/Mar/2022:12:03:24 -0300] "POST /cormun/servlet/trautorizarsolicitud?55c5eb305ecf8000b72e04818af8e6c8,,gx-no-cache=1646664659524 HTTP/1.1" 200 7333
186.173.239.149 - - [07/Mar/2022:12:03:24 -0300] "POST /cormun/servlet/trautorizarsolicitud?55c5eb305ecf8000b72e04818af8e6c8,,gx-no-cache=1646664660113 HTTP/1.1" 200 7277
186.173.239.149 - - [07/Mar/2022:12:03:49 -0300] "POST /cormun/servlet/trautorizarsolicitud?55c5eb305ecf8000b72e04818af8e6c8,,gx-no-cache=1646664684438 HTTP/1.1" 200 116
186.173.239.149 - - [07/Mar/2022:12:03:49 -0300] "GET /cormun/servlet/solicitudotlog?INS,2022,17924,0,REC, HTTP/1.1" 200 5874
186.173.131.50 - - [07/Mar/2022:12:03:49 -0300] "GET /cormun/static/gxcfg.js?2020121572485 HTTP/1.1" 200 953
186.173.239.149 - - [07/Mar/2022:12:03:49 -0300] "GET /cormun/static/solicitudotlog.js?2020121572497 HTTP/1.1" 200 8934
186.173.239.149 - - [07/Mar/2022:12:03:49 -0300] "GET /cormun/servlet/solicitudotlog?INS,2022,17924,0,REC, HTTP/1.1" 200 5875
186.173.131.50 - - [07/Mar/2022:12:03:50 -0300] "GET /cormun/servlet/solicitudotlog?9a74e8be2c01a329aea60d693018b1778fda048ac869c2bb38f19a23f2cd74dabb3a48d125308d27e55dbdb331bbdbbcd7b60021135f48896d5e27cd8fa539b2f2bf48d08a40102662dee07d1e239b1aca4185727ea1732f5a11ff265e4efc22f98f8aba2c4d447fe3d75ea4cacae413d966df7f4e82732af8713670624cf3b197934a3bab2cf30b701df59f83be0878d7c3f8077959fef9b9ff9ec6d93f71d1,gx-no-cache=1646664685875 HTTP/1.1" 200 94
190.171.149.90 - - [07/Mar/2022:12:03:50 -0300] "POST /cormun/servlet/solicitudot?33dd55c4dd25eead939934174a30fc43,INS,0,0,false,,gx-no-cache=1646664688544 HTTP/1.1" 200 93
190.171.149.90 - - [07/Mar/2022:12:03:50 -0300] "GET /cormun/servlet/hpexe_return? HTTP/1.1" 200 1009
190.171.149.90 - - [07/Mar/2022:12:03:50 -0300] "GET /cormun/static/gxcfg.js?201991422392976 HTTP/1.1" 200 953
190.171.149.90 - - [07/Mar/2022:12:03:50 -0300] "GET /cormun/static/hpexe_return.js?201991422392984 HTTP/1.1" 200 1633
190.171.149.90 - - [07/Mar/2022:12:03:51 -0300] "GET /cormun/servlet/trsolicitudot HTTP/1.1" 200 7169
190.171.149.90 - - [07/Mar/2022:12:03:51 -0300] "GET /cormun/servlet/trsolicitudot HTTP/1.1" 200 7165
186.173.131.50 - - [07/Mar/2022:12:04:03 -0300] "POST /cormun/servlet/solicitudotlog?55c5eb305ecf8000b72e04818af8e6c8,INS,2022,17924,0,REC,,gx-no-cache=1646664698474 HTTP/1.1" 200 93
186.173.131.50 - - [07/Mar/2022:12:04:03 -0300] "GET /cormun/servlet/hpexe_return? HTTP/1.1" 200 1034
186.173.131.50 - - [07/Mar/2022:12:04:03 -0300] "GET /cormun/static/gxcfg.js?201991422392976 HTTP/1.1" 200 953
186.173.118.72 - - [07/Mar/2022:12:04:03 -0300] "GET /cormun/static/hpexe_return.js?201991422392984 HTTP/1.1" 200 1633
186.173.118.72 - - [07/Mar/2022:12:04:03 -0300] "GET /cormun/servlet/trautorizarsolicitud? HTTP/1.1" 200 9475
186.173.118.72 - - [07/Mar/2022:12:04:04 -0300] "GET /cormun/servlet/trautorizarsolicitud? HTTP/1.1" 200 9470
186.173.83.139 - - [07/Mar/2022:12:04:15 -0300] "POST /cormun/servlet/trautorizarsolicitud?55c5eb305ecf8000b72e04818af8e6c8,,gx-no-cache=1646664710627 HTTP/1.1" 200 6498
186.173.83.139 - - [07/Mar/2022:12:04:15 -0300] "GET /cormun/static/Shared/jqueryui/images/ui-bg_highlight-soft_100_c6c2c8_1x100.png HTTP/1.1" 404 1117
186.173.83.139 - - [07/Mar/2022:12:04:15 -0300] "GET /cormun/static/Shared/jqueryui/images/ui-icons_8d78a5_256x240.png HTTP/1.1" 404 1089
186.172.222.178 - - [07/Mar/2022:12:04:15 -0300] "GET /cormun/static/Shared/jqueryui/images/ui-bg_flat_55_fafafa_40x100.png HTTP/1.1" 404 1097
186.173.83.139 - - [07/Mar/2022:12:04:15 -0300] "GET /cormun/static/Shared/jqueryui/images/ui-icons_82798d_256x240.png HTTP/1.1" 404 1089
186.172.222.178 - - [07/Mar/2022:12:04:15 -0300] "POST /cormun/servlet/trautorizarsolicitud?55c5eb305ecf8000b72e04818af8e6c8,,gx-no-cache=1646664710984 HTTP/1.1" 200 6440
186.172.53.144 - - [07/Mar/2022:12:04:21 -0300] "POST /cormun/servlet/trautorizarsolicitud?55c5eb305ecf8000b72e04818af8e6c8,,gx-no-cache=1646664716926 HTTP/1.1" 200 6008
186.172.53.144 - - [07/Mar/2022:12:04:21 -0300] "POST /cormun/servlet/trautorizarsolicitud?55c5eb305ecf8000b72e04818af8e6c8,,gx-no-cache=1646664717293 HTTP/1.1" 200 5951
186.172.53.144 - - [07/Mar/2022:12:04:26 -0300] "POST /cormun/servlet/trautorizarsolicitud?55c5eb305ecf8000b72e04818af8e6c8,,gx-no-cache=1646664721796 HTTP/1.1" 200 4807
186.172.53.144 - - [07/Mar/2022:12:04:26 -0300] "POST /cormun/servlet/trautorizarsolicitud?55c5eb305ecf8000b72e04818af8e6c8,,gx-no-cache=1646664722097 HTTP/1.1" 200 4544
190.171.142.26 - - [07/Mar/2022:12:05:36 -0300] "GET /cormun/servlet/solicitudot?7bbed7e0dde0c188f07fba9ec32b8d29ced11015382e5beacbc5de1c763227dcb6bc743eeab512e120583a95b510ec07,gx-no-cache=1646664793098 HTTP/1.1" 200 30
190.171.142.26 - - [07/Mar/2022:12:05:36 -0300] "GET /cormun/servlet/solicitudot?7bbed7e0dde0c188f07fba9ec32b8d29cc4c32fadd1b6a0c4ac82f951088e1f565758e518d6f7b6e50cb7518cf50709d75843a38f8a1291f25cf431f5d3376e9,gx-no-cache=1646664793191 HTTP/1.1" 200 30
190.171.142.26 - - [07/Mar/2022:12:05:36 -0300] "GET /cormun/servlet/solicitudot?7bbed7e0dde0c188f07fba9ec32b8d299c2cafb4652ebc4922c800e73a3f3a5d,gx-no-cache=1646664793239 HTTP/1.1" 200 53
190.171.142.26 - - [07/Mar/2022:12:05:36 -0300] "POST /cormun/servlet/solicitudot?gx-no-cache=1646664793289 HTTP/1.1" 200 255
190.171.142.26 - - [07/Mar/2022:12:05:36 -0300] "GET /cormun/servlet/solicitudot?7bbed7e0dde0c188f07fba9ec32b8d29112529c7aa7c1583ffc48669fc00f5077522d627baa0a6f5567a8c4837c260d85844bf669a05cb044464514837fb2653849e67c5c1fc23424f3d0910f7384bcd0372ec9d4faf82541175a410dcc27138e9d083a17c2800f022918557f03c3a5d54f28a91a428677b7f9288b051480c19adfa3969687be6723592fe92d955f89cb0c9fbc9033fd7c7fad17ee73fa4f448d54561383485dc3efd2b975c5e6559d01cfe891590a44f25511f5ae7db69e40a6bfc50f599ef5deed954dc4eb426688b4d6ddebd8470c258445b2843be6976f0d09a33ae643596123245b36a8bcf0f2037220955f81af9d53f535b4430f52d1073713a85a31b6d7ce98198de8de8a37b6956cd77052373671906f2f0367df7c92aa7381e7000deecfe23fdde875311f0b1be5c2e2f1d23c318bff49152dbc820377164f82077143069b1cf82e3664933ff264e1ea1785986a12abd8dc878cf2325e5ed9680a18b7d49da981feac846cfcca3b73f99a88d40c7aea1141d778ab8,gx-no-cache=1646664793334 HTTP/1.1" 200 30
190.171.142.26 - - [07/Mar/2022:12:05:44 -0300] "POST /cormun/servlet/solicitudot?gx-no-cache=1646664800361 HTTP/1.1" 200 30
190.171.142.26 - - [07/Mar/2022:12:05:45 -0300] "POST /cormun/servlet/solicitudot?gx-no-cache=1646664801604 HTTP/1.1" 200 1454
190.171.142.26 - - [07/Mar/2022:12:05:45 -0300] "POST /cormun/servlet/solicitudot?gx-no-cache=1646664801690 HTTP/1.1" 200 38
190.171.142.26 - - [07/Mar/2022:12:05:45 -0300] "GET /cormun/servlet/solicitudot?7bbed7e0dde0c188f07fba9ec32b8d29a46199e7e22cad9927be38f2330c1e7bb9f4acde3a3e6341aba25d367d7b671f99033ca34070a376a236067fc95aa29d302845b5c4d548ce25de67ab7437615cae3bc044718d8ac19d9a39d0dd8063da08c71e6a8f440278cffa1d184543396d,gx-no-cache=1646664801736 HTTP/1.1" 200 110
190.171.142.26 - - [07/Mar/2022:12:05:56 -0300] "POST /cormun/servlet/solicitudot?gx-no-cache=1646664812717 HTTP/1.1" 200 97
190.171.142.26 - - [07/Mar/2022:12:06:43 -0300] "GET /cormun/servlet/solicitudot?7bbed7e0dde0c188f07fba9ec32b8d2979de3f01c7ff62b9e4d62c425740fcd0650816003f485727de1bab214711066961b3f671b1fcf3d8b8e969e911879a72f225c21d4c10f276bdee737695bd35f533ba5f12a8ff1b29c11a58463d132ce180b0699dedf12ce2cff67f6efd42787cd5735cefda2ff0b1f0884f5d39c5fbd6a48b64d2070d72d5740877ac52f4a36361dc5de9c69f0213dd7060aac84f09aa,gx-no-cache=1646664859944 HTTP/1.1" 200 29
190.171.142.26 - - [07/Mar/2022:12:06:43 -0300] "GET /cormun/static/menuarrow.gif HTTP/1.1" 404 1015
190.171.142.26 - - [07/Mar/2022:12:07:18 -0300] "GET /cormun/servlet/hlogin HTTP/1.1" 200 1729
190.171.142.26 - - [07/Mar/2022:12:07:25 -0300] "POST /cormun/servlet/hlogin?e14ec06e271a1a9e81c4dedb1828d1f2,gx-no-cache=1646664901748 HTTP/1.1" 200 90
190.171.142.26 - - [07/Mar/2022:12:07:25 -0300] "GET /cormun/servlet/hpexe_link HTTP/1.1" 200 968
190.171.142.26 - - [07/Mar/2022:12:07:25 -0300] "GET /cormun/servlet/solicitudot?INS,0,0,false, HTTP/1.1" 200 15705
190.171.142.26 - - [07/Mar/2022:12:07:26 -0300] "GET /cormun/servlet/solicitudot?INS,0,0,false, HTTP/1.1" 200 15711
190.171.142.26 - - [07/Mar/2022:12:07:28 -0300] "GET /cormun/servlet/trlicencias? HTTP/1.1" 200 10813
190.171.142.26 - - [07/Mar/2022:12:07:29 -0300] "GET /cormun/servlet/trlicencias? HTTP/1.1" 200 10804
190.171.142.26 - - [07/Mar/2022:12:08:50 -0300] "GET /cormun/servlet/solicitudot?7bbed7e0dde0c188f07fba9ec32b8d29ed9ae3fed221ee39473d16da919c429e096ffb7809926fc3ed94e62a04fbc041,gx-no-cache=1646664987281 HTTP/1.1" 200 30
190.171.142.26 - - [07/Mar/2022:12:08:54 -0300] "POST /cormun/servlet/solicitudot?gx-no-cache=1646664991169 HTTP/1.1" 200 30
181.212.42.153 - - [07/Mar/2022:12:09:08 -0300] "GET /cormun/servlet/solicitudot?INS,0,0,false, HTTP/1.1" 200 14868
181.212.42.153 - - [07/Mar/2022:12:09:09 -0300] "GET /cormun/servlet/hlogin HTTP/1.1" 200 1755
181.212.42.153 - - [07/Mar/2022:12:09:09 -0300] "GET /favicon.ico HTTP/1.1" 200 21630
181.212.42.153 - - [07/Mar/2022:12:09:09 -0300] "GET /cormun/servlet/solicitudot?INS,0,0,false, HTTP/1.1" 200 14876
181.212.42.153 - - [07/Mar/2022:12:09:15 -0300] "POST /cormun/servlet/hlogin?0697bda17ffb84bc1d49f15bab36cf2f,gx-no-cache=1646665345619 HTTP/1.1" 200 90
181.212.42.153 - - [07/Mar/2022:12:09:15 -0300] "GET /cormun/servlet/hpexe_link HTTP/1.1" 200 970
181.212.42.153 - - [07/Mar/2022:12:09:15 -0300] "GET /cormun/servlet/solicitudot?INS,0,0,false, HTTP/1.1" 200 15521
181.212.42.153 - - [07/Mar/2022:12:09:16 -0300] "GET /cormun/servlet/solicitudot?INS,0,0,false, HTTP/1.1" 200 15528
181.212.43.89 - - [07/Mar/2022:12:10:14 -0300] "POST /cormun/servlet/trsolicitudot?d151d4adf65c14c7e0de238196a4d3f9,gx-no-cache=1646665070778 HTTP/1.1" 200 113
181.212.43.89 - - [07/Mar/2022:12:10:14 -0300] "GET /cormun/servlet/solicitudot?UPD,2022,17947,false, HTTP/1.1" 200 16356
181.212.43.89 - - [07/Mar/2022:12:10:15 -0300] "GET /cormun/servlet/solicitudot?UPD,2022,17947,false, HTTP/1.1" 200 16367
181.212.43.89 - - [07/Mar/2022:12:10:16 -0300] "POST /cormun/servlet/solicitudot?gx-no-cache=1646665072516 HTTP/1.1" 200 3937
181.212.43.89 - - [07/Mar/2022:12:10:16 -0300] "POST /cormun/servlet/solicitudot?d151d4adf65c14c7e0de238196a4d3f9,UPD,2022,17947,false,,gx-no-cache=1646665072682 HTTP/1.1" 200 12570
181.212.43.89 - - [07/Mar/2022:12:10:16 -0300] "GET /cormun/servlet/solicitudot?23f01fc8bd01abf5baf8459fea0083f3fa1d64a94da1c7a8ebdc727a5a14de7c367b3ad3cee9a36b68d98cfadf1615a0,gx-no-cache=1646665072909 HTTP/1.1" 200 30
181.212.43.89 - - [07/Mar/2022:12:10:16 -0300] "GET /cormun/servlet/solicitudot?23f01fc8bd01abf5baf8459fea0083f3da7ec5589f632fc11bd7e9d8e88d5f95ee50fd352e18f8abeb37a75ec73095f24e232735e19d1b93c1669ad71c7e26eb,gx-no-cache=1646665072954 HTTP/1.1" 200 30
181.212.43.89 - - [07/Mar/2022:12:10:16 -0300] "GET /cormun/servlet/solicitudot?23f01fc8bd01abf5baf8459fea0083f3d3d7d0526b50c28b77bec99e9e1b3723a7b5a926dd29636432e2ceb62f42717a229c27af51083eb19afa47cf05266483,gx-no-cache=1646665072978 HTTP/1.1" 200 51
181.212.43.89 - - [07/Mar/2022:12:10:16 -0300] "POST /cormun/servlet/solicitudot?gx-no-cache=1646665073007 HTTP/1.1" 200 238
181.212.43.89 - - [07/Mar/2022:12:10:16 -0300] "GET /cormun/servlet/solicitudot?23f01fc8bd01abf5baf8459fea0083f39c8939bf479b9fb977ae27971c47a6238e9753ed4aa68050b7838da18a59339129489d0fa97f912650c34e141f537a6cdee4acc035c76d05b5832584d16cec872c7e85e3c9ee5c4739f07c092859fdae9b4c24a31394d9d292d208ed998274d406a5179c09c23b7875efa5d5e21e2a253fae881572006cfa442deeecebe1847c893ce749164f5d7fa9d6e7e7a899a0a2ee81ca639f92effced8df370a49a5bcc74e6931a819ee1b875f486e6d16b41277e767a232e8eee1b396fe72d92af876abf7b52d00e404c16948d68a488f2c8f7f3f473298949eead232b8cd9cf3750b8974b5a2aa418c4d75181f92595d4dfdcee736748ed48a92db0288015ba28b0629ce391f7bc47df292e0e8805a118a390febf608adadfa12c210a1438f2cede6c63371950bf81f36d4f6e46407fa5218a4de26f7e75f6f41e9ed6b9e4263ce1d66f1065a5c79e4024c7f26508fc88a9c14495dedb4b24b86b1ac8ad9ca19ec72994067ddc01d2106e2f9f90e5d235e3f3,gx-no-cache=1646665073041 HTTP/1.1" 200 30
181.212.43.89 - - [07/Mar/2022:12:10:16 -0300] "POST /cormun/servlet/solicitudot?gx-no-cache=1646665073066 HTTP/1.1" 200 30
181.212.43.89 - - [07/Mar/2022:12:10:16 -0300] "POST /cormun/servlet/solicitudot?gx-no-cache=1646665073097 HTTP/1.1" 200 1454
181.212.43.89 - - [07/Mar/2022:12:10:16 -0300] "POST /cormun/servlet/solicitudot?gx-no-cache=1646665073133 HTTP/1.1" 200 41
190.171.142.26 - - [07/Mar/2022:12:10:51 -0300] "POST /cormun/servlet/solicitudot?e14ec06e271a1a9e81c4dedb1828d1f2,INS,0,0,false,,gx-no-cache=1646665107931 HTTP/1.1" 200 93
190.171.142.26 - - [07/Mar/2022:12:10:51 -0300] "GET /cormun/servlet/hpexe_return? HTTP/1.1" 200 1011
190.171.142.26 - - [07/Mar/2022:12:10:52 -0300] "GET /cormun/servlet/solicitudot?INS,0,0,false, HTTP/1.1" 200 15710
190.171.142.26 - - [07/Mar/2022:12:10:52 -0300] "GET /cormun/servlet/solicitudot?INS,0,0,false, HTTP/1.1" 200 15713
181.212.43.89 - - [07/Mar/2022:12:11:08 -0300] "POST /cormun/servlet/solicitudot?d151d4adf65c14c7e0de238196a4d3f9,UPD,2022,17947,false,,gx-no-cache=1646665124590 HTTP/1.1" 200 93
181.212.43.89 - - [07/Mar/2022:12:11:08 -0300] "GET /cormun/servlet/hpexe_return? HTTP/1.1" 200 1016
181.212.43.89 - - [07/Mar/2022:12:11:08 -0300] "GET /cormun/servlet/trsolicitudot HTTP/1.1" 200 8660
181.212.43.89 - - [07/Mar/2022:12:11:09 -0300] "GET /cormun/servlet/trsolicitudot HTTP/1.1" 200 8656
181.212.43.89 - - [07/Mar/2022:12:11:16 -0300] "GET /cormun/servlet/solicitudot?INS,0,0,false, HTTP/1.1" 200 15736
181.212.43.89 - - [07/Mar/2022:12:11:17 -0300] "GET /cormun/servlet/solicitudot?INS,0,0,false, HTTP/1.1" 200 15744
181.212.43.89 - - [07/Mar/2022:12:11:30 -0300] "POST /cormun/servlet/solicitudot?gx-no-cache=1646665147008 HTTP/1.1" 200 3970
181.212.43.89 - - [07/Mar/2022:12:11:30 -0300] "POST /cormun/servlet/solicitudot?d151d4adf65c14c7e0de238196a4d3f9,INS,0,0,false,,gx-no-cache=1646665147282 HTTP/1.1" 200 12528
181.212.43.89 - - [07/Mar/2022:12:11:31 -0300] "GET /cormun/servlet/solicitudot?23f01fc8bd01abf5baf8459fea0083f3cc0de181c1cb2fd1142c735d0acba0b5406789b21c941a6b268c0deebee24af9,gx-no-cache=1646665147682 HTTP/1.1" 200 30
181.212.42.153 - - [07/Mar/2022:12:11:38 -0300] "POST /cormun/servlet/solicitudot?gx-no-cache=1646665488074 HTTP/1.1" 200 3974
181.212.42.153 - - [07/Mar/2022:12:11:38 -0300] "POST /cormun/servlet/solicitudot?0697bda17ffb84bc1d49f15bab36cf2f,INS,0,0,false,,gx-no-cache=1646665488258 HTTP/1.1" 200 12262
181.212.43.89 - - [07/Mar/2022:12:11:50 -0300] "GET /cormun/servlet/solicitudot?23f01fc8bd01abf5baf8459fea0083f3264f17042db0491a5faa3390db0cb804c44c5a5f640bcd4dbdd693bed45da2ddbe9ed227d10fb6dd83fca1af2cb2803a,gx-no-cache=1646665167443 HTTP/1.1" 200 30
181.212.43.89 - - [07/Mar/2022:12:11:50 -0300] "GET /cormun/servlet/solicitudot?23f01fc8bd01abf5baf8459fea0083f33c6a78b58924bb5d183d6e60ef9bbe9a,gx-no-cache=1646665167501 HTTP/1.1" 200 53
181.212.43.89 - - [07/Mar/2022:12:11:51 -0300] "POST /cormun/servlet/solicitudot?gx-no-cache=1646665167546 HTTP/1.1" 200 255
181.212.43.89 - - [07/Mar/2022:12:11:51 -0300] "GET /cormun/servlet/solicitudot?23f01fc8bd01abf5baf8459fea0083f39c8939bf479b9fb977ae27971c47a623bc88cfe6580c7b57e8db882d8e22558b29489d0fa97f912650c34e141f537a6cdee4acc035c76d05b5832584d16cec872c7e85e3c9ee5c4739f07c092859fdae9b4c24a31394d9d292d208ed998274d406a5179c09c23b7875efa5d5e21e2a253fae881572006cfa442deeecebe1847c893ce749164f5d7fa9d6e7e7a899a0a2ee81ca639f92effced8df370a49a5bcc74e6931a819ee1b875f486e6d16b41277e767a232e8eee1b396fe72d92af876abf7b52d00e404c16948d68a488f2c8f7f3f473298949eead232b8cd9cf3750b8974b5a2aa418c4d75181f92595d4dfdcee736748ed48a92db0288015ba28b0622b075694c39ff6a3d37fdbe9cc8e6ae1168ed9f9f579c6e80e35caa905f512fbaf02fe9460face73f91115f8cc7272a041ab1e3cea10017393dfcac416b6203a739f4a61c0dc52e9366b834bea008413cc31d1a838ead95d697a71937dabc4b36f199b7d471c3a40bd39f64f9e3c6f00,gx-no-cache=1646665167628 HTTP/1.1" 200 30
181.212.42.153 - - [07/Mar/2022:12:11:51 -0300] "GET /cormun/servlet/solicitudot?f8a6a11514c24a8a363001226eab9580e0f3ac8c2617f7a63e4833e2553567e95e4e33c6d7b7ed939b32cb7935202d77,gx-no-cache=1646665501831 HTTP/1.1" 200 30
181.212.42.153 - - [07/Mar/2022:12:11:51 -0300] "GET /cormun/servlet/solicitudot?f8a6a11514c24a8a363001226eab9580d6ff6e106073b132d0851bda0b89faed887363f5974d1e5c93991d89ea145db92fbe685dd744815d268d7b12baf6ec90,gx-no-cache=1646665501864 HTTP/1.1" 200 30
181.212.42.153 - - [07/Mar/2022:12:11:51 -0300] "GET /cormun/servlet/solicitudot?f8a6a11514c24a8a363001226eab9580ad0ac82046936cec1af51faaec502ee3,gx-no-cache=1646665501910 HTTP/1.1" 200 51
181.212.42.153 - - [07/Mar/2022:12:11:51 -0300] "POST /cormun/servlet/solicitudot?gx-no-cache=1646665501974 HTTP/1.1" 200 255
181.212.42.153 - - [07/Mar/2022:12:11:51 -0300] "GET /cormun/servlet/solicitudot?f8a6a11514c24a8a363001226eab958019f1145bd975db61405424a27f868ac9c5c6f4644ce33755785a317db3452a82bf3d8e80f6b44e50c942748112b16b465e80ead08e67f5a043cceda46cf42db8f8e967f604d36ba0ff279cd68decb20db62e8884c8a0d783796a7f3c8af95fcbba6432e5465733b344cf0e5a354e6afe93966236665765af789d990b05fc65a4cf83e34332f6ddeb2f1fd6c014be0b37fe31f73dc85eaf50d8523b83729a7daeb3f84172c36c18cb13ed40aef18d4492b4303d1a357ce19607ba98cd03d1fcae0f6261bcf2b2d0fe03b901884e13eee5c9f914323a3e998dd039095589362874fe8bfb68cec3f2105a7f55776a3889058bba9a874d8f5b468d60e947f926855c6f052e46a3d2f9c17101a26f629fd65ce69e0291bcbcd279b328fbdf33150016311ed8da8634ea9e3fdf28e3f19e14195bc502220d269ed7a944250eb94e6e28a5e9e2cd359e24818e1d7cf5667ad34a33c69bee16baa6ac173c149e6e7245b031bc0e382b0b5e8503fd208c1c855deb,gx-no-cache=1646665502006 HTTP/1.1" 200 30
181.212.42.153 - - [07/Mar/2022:12:11:57 -0300] "POST /cormun/servlet/solicitudot?gx-no-cache=1646665507802 HTTP/1.1" 200 30
181.212.42.153 - - [07/Mar/2022:12:11:59 -0300] "POST /cormun/servlet/solicitudot?gx-no-cache=1646665509584 HTTP/1.1" 200 1454
181.212.42.153 - - [07/Mar/2022:12:11:59 -0300] "POST /cormun/servlet/solicitudot?gx-no-cache=1646665509635 HTTP/1.1" 200 38
181.212.42.153 - - [07/Mar/2022:12:11:59 -0300] "GET /cormun/servlet/solicitudot?f8a6a11514c24a8a363001226eab9580274840feb1d13d2026baa815b039079800ad7077a6f1a10457cdb024ebaf0649aefaa60aa3f5bf45d6e8310a6a88d03f2921fe4dab3b1154694b569bdf9490316f9869ced1af98da694b39c95639285b0c411b98db4076fa24dc7aeda85e8ead,gx-no-cache=1646665509678 HTTP/1.1" 200 110
181.212.42.153 - - [07/Mar/2022:12:12:01 -0300] "POST /cormun/servlet/solicitudot?gx-no-cache=1646665511886 HTTP/1.1" 200 97
157.55.39.139 - - [07/Mar/2022:12:12:03 -0300] "GET /cormun/servlet/permisogoce?INS,0,,, HTTP/1.1" 200 6006
181.212.42.153 - - [07/Mar/2022:12:12:04 -0300] "GET /cormun/servlet/solicitudot?f8a6a11514c24a8a363001226eab9580d43a69c22dbab5bd8201da70597e4969aef82164674e6f93daabd27068a4b93f9ba49c5acc7c43e73981a785e2937022e763579b577a127b5bca3cd8e1aab0ae2d96a9253aa827c3a84f12ef7e9343368b56530e1d8f34748e81a4c586d2dc3573b470c5a0dd58c0e40ab17ef64306158b5af01fe0c803c94b5f458a8dd4b0ce0f3b6e66c58389ae88cb152a5bd69ea0,gx-no-cache=1646665514679 HTTP/1.1" 200 29
181.212.42.153 - - [07/Mar/2022:12:12:04 -0300] "GET /cormun/static/menuarrow.gif HTTP/1.1" 404 1015
181.212.42.153 - - [07/Mar/2022:12:12:07 -0300] "GET /cormun/servlet/solicitudot?f8a6a11514c24a8a363001226eab95809ac4a37a494e1e7a54795706a6b66f3f32a1c3bc0fc0d6adf450f167e478f1c2,gx-no-cache=1646665517692 HTTP/1.1" 200 30
181.212.42.153 - - [07/Mar/2022:12:12:20 -0300] "POST /cormun/servlet/solicitudot?gx-no-cache=1646665530184 HTTP/1.1" 200 30
207.46.13.68 - - [07/Mar/2022:12:12:22 -0300] "GET /cormun/static/calendar-system.css?85620 HTTP/1.1" 200 5572
157.55.39.24 - - [07/Mar/2022:12:12:22 -0300] "GET /cormun/static/Resources/Spanish/PXTools.css?14345360 HTTP/1.1" 200 100853
181.212.43.89 - - [07/Mar/2022:12:12:23 -0300] "POST /cormun/servlet/solicitudot?gx-no-cache=1646665199629 HTTP/1.1" 200 30
157.55.39.6 - - [07/Mar/2022:12:12:23 -0300] "GET /cormun/static/PXToolsJavascripts/pexe_tabs.js HTTP/1.1" 200 3748
207.46.13.10 - - [07/Mar/2022:12:12:24 -0300] "GET /cormun/static/SmoothNavMenu/resources/ddsmoothmenu-v.css?1112540 HTTP/1.1" 200 1188
157.55.39.6 - - [07/Mar/2022:12:12:25 -0300] "GET /cormun/static/RunJS/RunJS.js HTTP/1.1" 200 288
181.212.43.89 - - [07/Mar/2022:12:12:25 -0300] "GET /cormun/servlet/prcontratosol?16251768,,,,,MD,,gxPopupLevel%3D0%3B HTTP/1.1" 200 7982
181.212.43.89 - - [07/Mar/2022:12:12:26 -0300] "GET /cormun/static/gxcfg.js?2019914201458 HTTP/1.1" 200 953
181.212.43.89 - - [07/Mar/2022:12:12:26 -0300] "GET /cormun/static/Resources/Spanish/PXTools.css?19172979 HTTP/1.1" 200 100853
181.212.43.89 - - [07/Mar/2022:12:12:26 -0300] "GET /cormun/static/prcontratosol.js?20199142014772 HTTP/1.1" 200 15806
207.46.13.113 - - [07/Mar/2022:12:12:28 -0300] "GET /cormun/static/gxcfg.js?20201215124560 HTTP/1.1" 200 953
157.55.39.6 - - [07/Mar/2022:12:12:28 -0300] "GET /cormun/static/permisogoce.js?20201215124939 HTTP/1.1" 200 27919
181.212.43.89 - - [07/Mar/2022:12:12:32 -0300] "POST /cormun/servlet/solicitudot?gx-no-cache=1646665209031 HTTP/1.1" 200 1535
181.212.43.89 - - [07/Mar/2022:12:12:32 -0300] "GET /cormun/static/Shared/jqueryui/images/ui-bg_highlight-soft_100_c6c2c8_1x100.png HTTP/1.1" 404 1117
181.212.43.89 - - [07/Mar/2022:12:12:32 -0300] "GET /cormun/static/Shared/jqueryui/images/ui-icons_82798d_256x240.png HTTP/1.1" 404 1089
181.212.43.89 - - [07/Mar/2022:12:12:32 -0300] "GET /cormun/static/Shared/jqueryui/images/ui-bg_flat_55_994d53_40x100.png HTTP/1.1" 404 1097
