190.171.152.114 - - [27/Dec/2021:15:27:04 -0300] "GET /cormun/static/Shared/jqueryui/images/ui-bg_highlight-soft_100_c6c2c8_1x100.png HTTP/1.1" 404 1117
190.171.152.114 - - [27/Dec/2021:15:27:04 -0300] "GET /cormun/static/Shared/jqueryui/images/ui-icons_82798d_256x240.png HTTP/1.1" 404 1089
190.171.152.114 - - [27/Dec/2021:15:27:04 -0300] "GET /cormun/static/Shared/jqueryui/images/ui-icons_ebccce_256x240.png HTTP/1.1" 404 1089
190.171.152.114 - - [27/Dec/2021:15:27:04 -0300] "GET /cormun/static/Shared/jqueryui/images/ui-bg_flat_55_994d53_40x100.png HTTP/1.1" 404 1097
190.171.152.114 - - [27/Dec/2021:15:27:08 -0300] "GET /cormun/servlet/solicitudot?1d3f0d13dd193d8b7a119d9e950f4d163f21326f975a28b5785cb8656d2058e6,gx-no-cache=1640628906116 HTTP/1.1" 200 53
190.171.152.114 - - [27/Dec/2021:15:27:25 -0300] "POST /cormun/servlet/solicitudot?gx-no-cache=1640628923411 HTTP/1.1" 200 255
190.171.152.114 - - [27/Dec/2021:15:27:25 -0300] "GET /cormun/servlet/solicitudot?1d3f0d13dd193d8b7a119d9e950f4d16b259cb022de9c4f37044c7cb0600763499773c65f3d50ae1c4adb07f73765475e20e27744747083304e9b99b626b34d4b1a6f23f08d4d985eb92c416cb1132a51a6739439bc28ae08910badd0d7a3a7578383147e1180438377df3bded9def63b5256b6631d821bbb0f5e91143b08f1573087e3d96322f9ec6f3b3a67b77f4205d249ef7ca973acbda6da69416c16ffa07ac9d42e85f9983b66feef90c9ce30df4ca8600302de1ee940b75399c79f9b67031c1dd9a112ae4c165474a0111a90d7c28d76564044a6fe6c511609c5028c10c0b2e5d9376888e3d5b865ee92904af8b34dc299e6bbb9b03701058d6457b52540cbcdfb1c16f5411acd43a2e0757951e8bc3f40e3d7eb44c10844acf47a266ccd8b6a6ff27058bbdf717c2b6cfadb3b28c468faff80b47c65680de376744aead1ff3ee2c4ec302e2111a865ed31777df32729582a96c37656b86411b0fb2920c42ab4cf1d8bf6600709996921f17565bf8f351be7c506b397d3e3a9b9c739b,gx-no-cache=1640628923481 HTTP/1.1" 200 30
190.171.152.114 - - [27/Dec/2021:15:27:28 -0300] "POST /cormun/servlet/solicitudot?gx-no-cache=1640628926748 HTTP/1.1" 200 30
190.171.152.114 - - [27/Dec/2021:15:27:30 -0300] "POST /cormun/servlet/solicitudot?gx-no-cache=1640628928861 HTTP/1.1" 200 30
190.171.152.114 - - [27/Dec/2021:15:27:32 -0300] "GET /cormun/servlet/prsolicitudot?15126016,,,,,MD,,gxPopupLevel%3D0%3B HTTP/1.1" 200 6019
190.171.152.114 - - [27/Dec/2021:15:27:39 -0300] "POST /cormun/servlet/solicitudot?gx-no-cache=1640628938311 HTTP/1.1" 200 1438
190.171.152.114 - - [27/Dec/2021:15:27:39 -0300] "POST /cormun/servlet/solicitudot?gx-no-cache=1640628938370 HTTP/1.1" 200 38
190.171.152.114 - - [27/Dec/2021:15:27:40 -0300] "GET /cormun/servlet/solicitudot?1d3f0d13dd193d8b7a119d9e950f4d165e8cd194a0b35ffe8f384444be96166fc3d8643aa968cd5f4a1751ad006df2ab50a95b593bc16e3a21b9f87331e9a44c31528707c442c0a19089cc53c1d100505e141daf740c5b09c5bddb8e07ad49098af4d315c39860429c909bfc5c4b9149,gx-no-cache=1640628938407 HTTP/1.1" 200 110
190.171.152.114 - - [27/Dec/2021:15:27:40 -0300] "POST /cormun/servlet/solicitudot?gx-no-cache=1640628938466 HTTP/1.1" 200 64
190.171.152.114 - - [27/Dec/2021:15:27:40 -0300] "GET /cormun/servlet/solicitudot?1d3f0d13dd193d8b7a119d9e950f4d166be556e3eb422808ea7c37ae95bbfccd2f92fede0a9602f7e719eaaa155c62afacd6cdc2cdff68d8e0b92c5065962cbeb73d7c218d96ec34b9e2c33e3b30ffa183e67929552cb9e299f0066610d203b142d3c7ea25e824826601929e83cf09194184c2ab37891eab1ccba8e44397769fad584e7a4d5c31d0a96c581f5d45b2b579c6f6ef260d8cd4a2c4b49a226896d8,gx-no-cache=1640628938533 HTTP/1.1" 200 29
190.171.152.114 - - [27/Dec/2021:15:27:40 -0300] "GET /cormun/servlet/solicitudot?1d3f0d13dd193d8b7a119d9e950f4d166d928febfe27e65c7415c085e9fee543755335841ef24772fb23a9a0d45f2b69,gx-no-cache=1640628938577 HTTP/1.1" 200 30
192.168.10.96 - - [27/Dec/2021:15:27:47 -0300] "POST /cormun/servlet/solicitudot?gx-no-cache=1640628798869 HTTP/1.1" 200 1438
192.168.10.96 - - [27/Dec/2021:15:27:47 -0300] "POST /cormun/servlet/solicitudot?gx-no-cache=1640628798897 HTTP/1.1" 200 38
192.168.10.96 - - [27/Dec/2021:15:27:47 -0300] "GET /cormun/servlet/solicitudot?c7649919bbb86ca7e5051240b0dc2684b7a2e876e45076ccf99681d8e39c377747f0277f114d7e9e9b3271d2a07348cef351c7656aa3dc2142915e64d868048c522eed917ea85843f11eaf8141ab698c3236f05619f19b1cdb9338c38a9c782b29a37b71237b1b88ded94cba1574928e,gx-no-cache=1640628798914 HTTP/1.1" 200 110
192.168.10.96 - - [27/Dec/2021:15:27:47 -0300] "POST /cormun/servlet/solicitudot?gx-no-cache=1640628798936 HTTP/1.1" 200 64
192.168.10.96 - - [27/Dec/2021:15:27:47 -0300] "GET /cormun/servlet/solicitudot?c7649919bbb86ca7e5051240b0dc2684ca2dbe2a0830eefd11eb544ebbd3dd026dd595c75a194a9662f433db87313f72,gx-no-cache=1640628798966 HTTP/1.1" 200 30
190.171.152.114 - - [27/Dec/2021:15:27:54 -0300] "GET /cormun/servlet/solicitudot?1d3f0d13dd193d8b7a119d9e950f4d165e8cd194a0b35ffe8f384444be96166fc3d8643aa968cd5f4a1751ad006df2ab50a95b593bc16e3a21b9f87331e9a44c31528707c442c0a19089cc53c1d100505e141daf740c5b09c5bddb8e07ad49098af4d315c39860429c909bfc5c4b9149,gx-no-cache=1640628952992 HTTP/1.1" 200 110
190.171.152.114 - - [27/Dec/2021:15:28:06 -0300] "POST /cormun/servlet/solicitudot?gx-no-cache=1640628965192 HTTP/1.1" 200 72
190.171.152.114 - - [27/Dec/2021:15:28:14 -0300] "POST /cormun/servlet/solicitudot?gx-no-cache=1640628972361 HTTP/1.1" 200 125
190.171.141.114 - - [27/Dec/2021:15:28:14 -0300] "GET /cormun/servlet/trpermisosadjuntos?16276563,20211222083507,P, HTTP/1.1" 200 6129
190.171.141.114 - - [27/Dec/2021:15:28:14 -0300] "GET /cormun/servlet/trpermisosadjuntos?16276563,20211222083507,P, HTTP/1.1" 200 6130
190.171.141.114 - - [27/Dec/2021:15:28:18 -0300] "GET /cormun/servlet/permisosadjuntos?INS,16276563,P,20211222083507,, HTTP/1.1" 200 5631
190.171.141.114 - - [27/Dec/2021:15:28:18 -0300] "GET /cormun/static/about:blank HTTP/1.1" 404 1011
190.171.141.114 - - [27/Dec/2021:15:28:18 -0300] "GET /cormun/servlet/permisosadjuntos?INS,16276563,P,20211222083507,, HTTP/1.1" 200 5621
190.171.152.114 - - [27/Dec/2021:15:28:33 -0300] "GET /cormun/servlet/prsolicitudot?15126016,,,,,MD,,gxPopupLevel%3D0%3B HTTP/1.1" 200 6019
190.171.152.114 - - [27/Dec/2021:15:28:35 -0300] "POST /cormun/servlet/solicitudot?gx-no-cache=1640628994161 HTTP/1.1" 200 1441
190.171.152.114 - - [27/Dec/2021:15:28:35 -0300] "POST /cormun/servlet/solicitudot?gx-no-cache=1640628994193 HTTP/1.1" 200 41
190.171.152.114 - - [27/Dec/2021:15:28:35 -0300] "GET /cormun/servlet/solicitudot?1d3f0d13dd193d8b7a119d9e950f4d165e8cd194a0b35ffe8f384444be96166fc3d8643aa968cd5f4a1751ad006df2ab50a95b593bc16e3a21b9f87331e9a44c31528707c442c0a19089cc53c1d100505e141daf740c5b09c5bddb8e07ad49098af4d315c39860429c909bfc5c4b9149,gx-no-cache=1640628994237 HTTP/1.1" 200 110
190.171.152.114 - - [27/Dec/2021:15:28:35 -0300] "POST /cormun/servlet/solicitudot?gx-no-cache=1640628994261 HTTP/1.1" 200 67
190.171.152.114 - - [27/Dec/2021:15:28:35 -0300] "GET /cormun/servlet/solicitudot?1d3f0d13dd193d8b7a119d9e950f4d166d928febfe27e65c7415c085e9fee543755335841ef24772fb23a9a0d45f2b69,gx-no-cache=1640628994298 HTTP/1.1" 200 30
190.171.141.114 - - [27/Dec/2021:15:28:49 -0300] "POST /cormun/servlet/permisosadjuntos?0c832347ff2fc51186356f366b9f4867,INS,16276563,P,20211222083507,, HTTP/1.1" 200 116
190.171.141.114 - - [27/Dec/2021:15:28:49 -0300] "GET /cormun/servlet/hpexe_return? HTTP/1.1" 200 1033
190.171.141.114 - - [27/Dec/2021:15:28:49 -0300] "GET /cormun/servlet/trpermisosadjuntos?16276563,20211222083507,P, HTTP/1.1" 200 6134
190.171.141.114 - - [27/Dec/2021:15:28:50 -0300] "GET /cormun/servlet/trpermisosadjuntos?16276563,20211222083507,P, HTTP/1.1" 200 6130
190.171.152.114 - - [27/Dec/2021:15:29:09 -0300] "GET /cormun/servlet/solicitudot?1d3f0d13dd193d8b7a119d9e950f4d163aaa7bf5b465745d749c24c45ebcf15382c8ba8643c6bc1279013d1ed0a25584b1726a1026471a281ac087e593f02b61b58ba1addca09f8fc1c66585a963de85,gx-no-cache=1640629027949 HTTP/1.1" 200 30
190.171.152.114 - - [27/Dec/2021:15:29:09 -0300] "POST /cormun/servlet/solicitudot?gx-no-cache=1640629028048 HTTP/1.1" 200 256
190.171.152.114 - - [27/Dec/2021:15:29:09 -0300] "GET /cormun/servlet/solicitudot?1d3f0d13dd193d8b7a119d9e950f4d16b259cb022de9c4f37044c7cb0600763499773c65f3d50ae1c4adb07f73765475e20e27744747083304e9b99b626b34d4b1a6f23f08d4d985eb92c416cb1132a51a6739439bc28ae08910badd0d7a3a7578383147e1180438377df3bded9def63b5256b6631d821bbb0f5e91143b08f1573087e3d96322f9ec6f3b3a67b77f4205d249ef7ca973acbda6da69416c16ffa07ac9d42e85f9983b66feef90c9ce30df4ca8600302de1ee940b75399c79f9b67031c1dd9a112ae4c165474a0111a90d7c28d76564044a6fe6c511609c5028c10c0b2e5d9376888e3d5b865ee92904af8b34dc299e6bbb9b03701058d6457b52540cbcdfb1c16f5411acd43a2e0757951e8bc3f40e3d7eb44c10844acf47a266ccd8b6a6ff27058bbdf717c2b6cfadb3b28c468faff80b47c65680de376744aead1ff3ee2c4ec302e2111a865ed31777df32729582a96c37656b86411b0fb2920c42ab4cf1d8bf6600709996921f1756af24ec3ed9854b0d283b4db9a173f52b,gx-no-cache=1640629028098 HTTP/1.1" 200 30
190.171.152.114 - - [27/Dec/2021:15:29:09 -0300] "POST /cormun/servlet/solicitudot?gx-no-cache=1640629028141 HTTP/1.1" 200 30
190.171.152.114 - - [27/Dec/2021:15:29:09 -0300] "POST /cormun/servlet/solicitudot?gx-no-cache=1640629028184 HTTP/1.1" 200 1441
190.171.152.114 - - [27/Dec/2021:15:29:09 -0300] "POST /cormun/servlet/solicitudot?gx-no-cache=1640629028227 HTTP/1.1" 200 41
190.171.152.114 - - [27/Dec/2021:15:29:09 -0300] "GET /cormun/servlet/solicitudot?1d3f0d13dd193d8b7a119d9e950f4d165e8cd194a0b35ffe8f384444be96166fc3d8643aa968cd5f4a1751ad006df2ab50a95b593bc16e3a21b9f87331e9a44c31528707c442c0a19089cc53c1d100505e141daf740c5b09c5bddb8e07ad49098af4d315c39860429c909bfc5c4b9149,gx-no-cache=1640629028299 HTTP/1.1" 200 110
190.171.152.114 - - [27/Dec/2021:15:29:09 -0300] "POST /cormun/servlet/solicitudot?gx-no-cache=1640629028342 HTTP/1.1" 200 67
190.171.152.114 - - [27/Dec/2021:15:29:10 -0300] "POST /cormun/servlet/solicitudot?gx-no-cache=1640629028378 HTTP/1.1" 200 125
190.171.152.114 - - [27/Dec/2021:15:29:10 -0300] "POST /cormun/servlet/solicitudot?e16243978d27b4f58b9eb96f627ca634,INS,0,0,false,,gx-no-cache=1640629028449 HTTP/1.1" 200 13072
192.168.10.96 - - [27/Dec/2021:15:29:29 -0300] "GET /cormun/servlet/hlogin HTTP/1.1" 200 1753
190.171.152.114 - - [27/Dec/2021:15:29:38 -0300] "GET /cormun/servlet/trsolicitudot? HTTP/1.1" 200 9528
190.171.152.114 - - [27/Dec/2021:15:29:38 -0300] "GET /cormun/servlet/trsolicitudot? HTTP/1.1" 200 9518
186.67.172.234 - - [27/Dec/2021:15:30:13 -0300] "GET /cormun/servlet/licenciaspermisos?INS,0,,, HTTP/1.1" 200 6783
186.67.172.234 - - [27/Dec/2021:15:30:13 -0300] "GET /cormun/servlet/hlogin HTTP/1.1" 200 1757
186.67.172.234 - - [27/Dec/2021:15:30:14 -0300] "GET /cormun/servlet/licenciaspermisos?INS,0,,, HTTP/1.1" 200 6779
190.171.142.42 - - [27/Dec/2021:15:30:21 -0300] "POST /cormun/servlet/hlogin?b3921005f62113e35fa36352812d5242,gx-no-cache=1640629100346 HTTP/1.1" 440 972
190.171.142.42 - - [27/Dec/2021:15:30:25 -0300] "GET /cormun/servlet/hlogin HTTP/1.1" 200 1739
186.67.172.234 - - [27/Dec/2021:15:30:36 -0300] "POST /cormun/servlet/hlogin?abdeee9df0c75e4066709330c5a0645a,gx-no-cache=1640629114837 HTTP/1.1" 200 90
186.67.172.234 - - [27/Dec/2021:15:30:36 -0300] "GET /cormun/servlet/hpexe_link HTTP/1.1" 200 973
186.67.172.234 - - [27/Dec/2021:15:30:36 -0300] "GET /cormun/servlet/licenciaspermisos?INS,0,,, HTTP/1.1" 200 7821
186.67.172.234 - - [27/Dec/2021:15:30:36 -0300] "GET /cormun/servlet/licenciaspermisos?INS,0,,, HTTP/1.1" 200 7828
190.171.142.42 - - [27/Dec/2021:15:30:40 -0300] "POST /cormun/servlet/hlogin?8a228252e8969fcd769edd59d9e890ed,gx-no-cache=1640629119232 HTTP/1.1" 200 90
190.171.142.42 - - [27/Dec/2021:15:30:40 -0300] "GET /cormun/servlet/hpexe_link HTTP/1.1" 200 954
190.171.142.42 - - [27/Dec/2021:15:30:40 -0300] "GET /cormun/servlet/hhome HTTP/1.1" 200 4236
190.171.142.42 - - [27/Dec/2021:15:30:41 -0300] "GET /cormun/servlet/hhome HTTP/1.1" 200 4232
186.67.172.234 - - [27/Dec/2021:15:30:41 -0300] "GET /cormun/servlet/trpermisosgoce? HTTP/1.1" 200 19258
186.67.172.234 - - [27/Dec/2021:15:30:42 -0300] "GET /cormun/servlet/trpermisosgoce? HTTP/1.1" 200 19248
186.67.172.234 - - [27/Dec/2021:15:30:43 -0300] "GET /cormun/servlet/permisogoce?INS,0,,, HTTP/1.1" 200 7268
186.67.172.234 - - [27/Dec/2021:15:30:44 -0300] "GET /cormun/servlet/permisogoce?INS,0,,, HTTP/1.1" 200 7268
190.171.142.42 - - [27/Dec/2021:15:30:46 -0300] "GET /cormun/servlet/trlicencias? HTTP/1.1" 200 13715
190.171.142.42 - - [27/Dec/2021:15:30:47 -0300] "GET /cormun/servlet/trlicencias? HTTP/1.1" 200 13711
190.171.152.114 - - [27/Dec/2021:15:30:52 -0300] "POST /cormun/servlet/trsolicitudot?e16243978d27b4f58b9eb96f627ca634,,gx-no-cache=1640629130416 HTTP/1.1" 200 107
190.171.152.114 - - [27/Dec/2021:15:30:52 -0300] "GET /cormun/servlet/trsolicitudadjuntos?2021,17854, HTTP/1.1" 200 6413
190.171.152.114 - - [27/Dec/2021:15:30:52 -0300] "GET /cormun/static/gxcfg.js?20201215574222 HTTP/1.1" 200 953
190.171.152.114 - - [27/Dec/2021:15:30:52 -0300] "GET /cormun/static/Resources/PXToolsGridNew.png HTTP/1.1" 200 427
190.171.152.114 - - [27/Dec/2021:15:30:52 -0300] "GET /cormun/static/trsolicitudadjuntos.js?20201215574932 HTTP/1.1" 200 17922
190.171.152.114 - - [27/Dec/2021:15:30:52 -0300] "GET /cormun/servlet/trsolicitudadjuntos?2021,17854, HTTP/1.1" 200 6413
186.67.172.234 - - [27/Dec/2021:15:30:54 -0300] "GET /cormun/servlet/permisogoce?a3ff153952b0cf6bc3df7aeaa9c601311df936ba0740bf7cb0144478931267c58628e8ec678413470f71643f97c8079f891f70f46894e31b7bb4756de146ca7f,gx-no-cache=1640629132867 HTTP/1.1" 200 82
190.171.152.114 - - [27/Dec/2021:15:30:55 -0300] "GET /cormun/servlet/solicitudotadjuntos?INS,2021,17854,,2, HTTP/1.1" 200 6359
190.171.152.114 - - [27/Dec/2021:15:30:55 -0300] "GET /cormun/static/gxcfg.js?202012157947 HTTP/1.1" 200 953
190.171.152.114 - - [27/Dec/2021:15:30:55 -0300] "GET /cormun/static/solicitudotadjuntos.js?202012157966 HTTP/1.1" 200 11771
190.171.152.114 - - [27/Dec/2021:15:30:55 -0300] "GET /cormun/static/about:blank HTTP/1.1" 404 1011
190.171.152.114 - - [27/Dec/2021:15:30:55 -0300] "GET /cormun/servlet/solicitudotadjuntos?INS,2021,17854,,2, HTTP/1.1" 200 6353
190.171.152.114 - - [27/Dec/2021:15:30:56 -0300] "GET /cormun/servlet/solicitudotadjuntos?1d3f0d13dd193d8b7a119d9e950f4d16ef845f279c11ba217579babcc0f7536598506e12943f2596aba18479d54c9565,gx-no-cache=1640629134565 HTTP/1.1" 200 30
190.171.152.114 - - [27/Dec/2021:15:30:56 -0300] "POST /cormun/servlet/solicitudotadjuntos?e16243978d27b4f58b9eb96f627ca634,INS,2021,17854,,2,,gx-no-cache=1640629134602 HTTP/1.1" 200 4330
190.171.152.114 - - [27/Dec/2021:15:31:03 -0300] "POST /cormun/servlet/solicitudotadjuntos?e16243978d27b4f58b9eb96f627ca634,INS,2021,17854,,2,,gx-no-cache=1640629141584 HTTP/1.1" 200 93
190.171.152.114 - - [27/Dec/2021:15:31:03 -0300] "GET /cormun/servlet/hpexe_return? HTTP/1.1" 200 1034
190.171.152.114 - - [27/Dec/2021:15:31:03 -0300] "GET /cormun/servlet/trsolicitudadjuntos?2021,17854, HTTP/1.1" 200 6417
190.171.152.114 - - [27/Dec/2021:15:31:03 -0300] "GET /cormun/servlet/trsolicitudadjuntos?2021,17854, HTTP/1.1" 200 6413
190.171.152.114 - - [27/Dec/2021:15:31:05 -0300] "GET /cormun/servlet/solicitudotadjuntos?INS,2021,17854,,1, HTTP/1.1" 200 6362
190.171.152.114 - - [27/Dec/2021:15:31:05 -0300] "GET /cormun/static/about:blank HTTP/1.1" 404 1011
190.171.152.114 - - [27/Dec/2021:15:31:05 -0300] "GET /cormun/servlet/solicitudotadjuntos?INS,2021,17854,,1, HTTP/1.1" 200 6355
190.171.152.114 - - [27/Dec/2021:15:31:06 -0300] "GET /cormun/servlet/solicitudotadjuntos?1d3f0d13dd193d8b7a119d9e950f4d16ef845f279c11ba217579babcc0f7536598506e12943f2596aba18479d54c9565,gx-no-cache=1640629144653 HTTP/1.1" 200 30
190.171.152.114 - - [27/Dec/2021:15:31:06 -0300] "POST /cormun/servlet/solicitudotadjuntos?e16243978d27b4f58b9eb96f627ca634,INS,2021,17854,,1,,gx-no-cache=1640629144668 HTTP/1.1" 200 4189
190.171.152.114 - - [27/Dec/2021:15:31:08 -0300] "POST /cormun/servlet/solicitudotadjuntos?gx-no-cache=1640629146560 HTTP/1.1" 200 26
190.171.143.82 - - [27/Dec/2021:15:31:15 -0300] "GET /cormun/servlet/trpermisosgoce? HTTP/1.1" 200 6028
190.171.143.82 - - [27/Dec/2021:15:31:17 -0300] "GET /cormun/servlet/hlogin HTTP/1.1" 200 1742
190.171.143.82 - - [27/Dec/2021:15:31:17 -0300] "GET /cormun/servlet/trpermisosgoce? HTTP/1.1" 200 6025
190.171.143.82 - - [27/Dec/2021:15:31:20 -0300] "POST /cormun/servlet/hlogin?2e9ac1a4a8142240a7a4406aba9911f0,gx-no-cache=1640629158316 HTTP/1.1" 200 90
190.171.143.82 - - [27/Dec/2021:15:31:20 -0300] "GET /cormun/servlet/hpexe_link HTTP/1.1" 200 957
190.171.143.82 - - [27/Dec/2021:15:31:20 -0300] "GET /cormun/servlet/trpermisosgoce HTTP/1.1" 200 11708
190.171.143.82 - - [27/Dec/2021:15:31:23 -0300] "GET /cormun/servlet/trpermisosgoce HTTP/1.1" 200 11706
190.171.152.114 - - [27/Dec/2021:15:31:27 -0300] "GET /cormun/servlet/solicitudotadjuntos?1d3f0d13dd193d8b7a119d9e950f4d16a4c5ff80c7ca05f52c91fb32a397fb97,gx-no-cache=1640629166134 HTTP/1.1" 200 30
190.171.152.114 - - [27/Dec/2021:15:31:27 -0300] "GET /cormun/servlet/solicitudotadjuntos?1d3f0d13dd193d8b7a119d9e950f4d16a4c5ff80c7ca05f52c91fb32a397fb97,gx-no-cache=1640629166156 HTTP/1.1" 200 30
190.171.152.114 - - [27/Dec/2021:15:31:28 -0300] "POST /cormun/servlet/solicitudotadjuntos?e16243978d27b4f58b9eb96f627ca634,INS,2021,17854,,1, HTTP/1.1" 200 116
190.171.152.114 - - [27/Dec/2021:15:31:28 -0300] "GET /cormun/servlet/hpexe_return? HTTP/1.1" 200 1034
190.171.152.114 - - [27/Dec/2021:15:31:28 -0300] "GET /cormun/servlet/trsolicitudadjuntos?2021,17854, HTTP/1.1" 200 9218
190.171.152.114 - - [27/Dec/2021:15:31:28 -0300] "GET /cormun/servlet/trsolicitudadjuntos?2021,17854, HTTP/1.1" 200 9217
190.171.152.114 - - [27/Dec/2021:15:31:30 -0300] "GET /cormun/servlet/solicitudotadjuntos?INS,2021,17854,,1, HTTP/1.1" 200 6362
190.171.152.114 - - [27/Dec/2021:15:31:30 -0300] "GET /cormun/static/about:blank HTTP/1.1" 404 1011
190.171.152.114 - - [27/Dec/2021:15:31:30 -0300] "GET /cormun/servlet/solicitudotadjuntos?INS,2021,17854,,1, HTTP/1.1" 200 6355
190.171.152.114 - - [27/Dec/2021:15:31:31 -0300] "GET /cormun/servlet/solicitudotadjuntos?1d3f0d13dd193d8b7a119d9e950f4d16ef845f279c11ba217579babcc0f7536598506e12943f2596aba18479d54c9565,gx-no-cache=1640629169809 HTTP/1.1" 200 30
190.171.152.114 - - [27/Dec/2021:15:31:31 -0300] "POST /cormun/servlet/solicitudotadjuntos?e16243978d27b4f58b9eb96f627ca634,INS,2021,17854,,1,,gx-no-cache=1640629169895 HTTP/1.1" 200 4189
190.171.152.114 - - [27/Dec/2021:15:31:33 -0300] "POST /cormun/servlet/solicitudotadjuntos?gx-no-cache=1640629171965 HTTP/1.1" 200 26
190.171.152.114 - - [27/Dec/2021:15:31:40 -0300] "GET /cormun/servlet/solicitudotadjuntos?1d3f0d13dd193d8b7a119d9e950f4d16a4c5ff80c7ca05f52c91fb32a397fb97,gx-no-cache=1640629178862 HTTP/1.1" 200 30
190.171.152.114 - - [27/Dec/2021:15:31:40 -0300] "GET /cormun/servlet/solicitudotadjuntos?1d3f0d13dd193d8b7a119d9e950f4d16a4c5ff80c7ca05f52c91fb32a397fb97,gx-no-cache=1640629178873 HTTP/1.1" 200 30
190.171.152.114 - - [27/Dec/2021:15:31:40 -0300] "POST /cormun/servlet/solicitudotadjuntos?e16243978d27b4f58b9eb96f627ca634,INS,2021,17854,,1, HTTP/1.1" 200 116
190.171.152.114 - - [27/Dec/2021:15:31:40 -0300] "GET /cormun/servlet/hpexe_return? HTTP/1.1" 200 1034
190.171.152.114 - - [27/Dec/2021:15:31:40 -0300] "GET /cormun/servlet/trsolicitudadjuntos?2021,17854, HTTP/1.1" 200 9482
190.171.152.114 - - [27/Dec/2021:15:31:41 -0300] "GET /cormun/servlet/trsolicitudadjuntos?2021,17854, HTTP/1.1" 200 9481
190.171.152.114 - - [27/Dec/2021:15:31:45 -0300] "GET /cormun/servlet/solicitudotadjuntos?INS,2021,17854,,1, HTTP/1.1" 200 6362
190.171.152.114 - - [27/Dec/2021:15:31:45 -0300] "GET /cormun/static/about:blank HTTP/1.1" 404 1011
190.171.152.114 - - [27/Dec/2021:15:31:45 -0300] "GET /cormun/servlet/solicitudotadjuntos?INS,2021,17854,,1, HTTP/1.1" 200 6355
190.171.152.114 - - [27/Dec/2021:15:31:45 -0300] "GET /cormun/servlet/solicitudotadjuntos?1d3f0d13dd193d8b7a119d9e950f4d16ef845f279c11ba217579babcc0f7536598506e12943f2596aba18479d54c9565,gx-no-cache=1640629184263 HTTP/1.1" 200 30
190.171.152.114 - - [27/Dec/2021:15:31:46 -0300] "POST /cormun/servlet/solicitudotadjuntos?e16243978d27b4f58b9eb96f627ca634,INS,2021,17854,,1,,gx-no-cache=1640629184320 HTTP/1.1" 200 4189
190.171.152.114 - - [27/Dec/2021:15:31:48 -0300] "POST /cormun/servlet/solicitudotadjuntos?gx-no-cache=1640629186685 HTTP/1.1" 200 26
190.171.142.42 - - [27/Dec/2021:15:31:57 -0300] "POST /cormun/servlet/trlicencias?8a228252e8969fcd769edd59d9e890ed,,gx-no-cache=1640629195268 HTTP/1.1" 200 11534
190.171.152.114 - - [27/Dec/2021:15:32:00 -0300] "GET /cormun/servlet/solicitudotadjuntos?1d3f0d13dd193d8b7a119d9e950f4d16a4c5ff80c7ca05f52c91fb32a397fb97,gx-no-cache=1640629198383 HTTP/1.1" 200 30
190.171.152.114 - - [27/Dec/2021:15:32:00 -0300] "GET /cormun/servlet/solicitudotadjuntos?1d3f0d13dd193d8b7a119d9e950f4d16a4c5ff80c7ca05f52c91fb32a397fb97,gx-no-cache=1640629198495 HTTP/1.1" 200 30
190.171.152.114 - - [27/Dec/2021:15:32:00 -0300] "POST /cormun/servlet/solicitudotadjuntos?e16243978d27b4f58b9eb96f627ca634,INS,2021,17854,,1, HTTP/1.1" 200 116
190.171.152.114 - - [27/Dec/2021:15:32:00 -0300] "GET /cormun/servlet/hpexe_return? HTTP/1.1" 200 1034
190.171.152.114 - - [27/Dec/2021:15:32:01 -0300] "GET /cormun/servlet/trsolicitudadjuntos?2021,17854, HTTP/1.1" 200 9695
190.171.152.114 - - [27/Dec/2021:15:32:01 -0300] "GET /cormun/servlet/trsolicitudadjuntos?2021,17854, HTTP/1.1" 200 9692
190.171.152.114 - - [27/Dec/2021:15:32:03 -0300] "GET /cormun/servlet/solicitudotadjuntos?INS,2021,17854,,1, HTTP/1.1" 200 6362
190.171.152.114 - - [27/Dec/2021:15:32:04 -0300] "GET /cormun/static/about:blank HTTP/1.1" 404 1011
190.171.152.114 - - [27/Dec/2021:15:32:04 -0300] "GET /cormun/servlet/solicitudotadjuntos?INS,2021,17854,,1, HTTP/1.1" 200 6355
190.171.141.114 - - [27/Dec/2021:15:32:04 -0300] "GET /cormun/servlet/permisosadjuntos?INS,16276563,P,20211222083507,, HTTP/1.1" 200 5632
190.171.152.114 - - [27/Dec/2021:15:32:04 -0300] "GET /cormun/servlet/solicitudotadjuntos?1d3f0d13dd193d8b7a119d9e950f4d16ef845f279c11ba217579babcc0f7536598506e12943f2596aba18479d54c9565,gx-no-cache=1640629203017 HTTP/1.1" 200 30
190.171.141.114 - - [27/Dec/2021:15:32:04 -0300] "GET /cormun/static/about:blank HTTP/1.1" 404 1011
190.171.152.114 - - [27/Dec/2021:15:32:04 -0300] "POST /cormun/servlet/solicitudotadjuntos?e16243978d27b4f58b9eb96f627ca634,INS,2021,17854,,1,,gx-no-cache=1640629203064 HTTP/1.1" 200 4189
190.171.141.114 - - [27/Dec/2021:15:32:04 -0300] "GET /cormun/servlet/permisosadjuntos?INS,16276563,P,20211222083507,, HTTP/1.1" 200 5622
190.171.152.114 - - [27/Dec/2021:15:32:08 -0300] "POST /cormun/servlet/solicitudotadjuntos?gx-no-cache=1640629206869 HTTP/1.1" 200 26
186.67.172.234 - - [27/Dec/2021:15:32:08 -0300] "GET /cormun/static/menuarrow.gif HTTP/1.1" 404 1015
186.67.172.234 - - [27/Dec/2021:15:32:13 -0300] "GET /cormun/servlet/permisogoce?a3ff153952b0cf6bc3df7aeaa9c601315788f74218a249a305cb533f5072cc7e0c0cd5d804cc2fb4992f4022978a55a1736c8bf9948568daec6ad1de832df18d,gx-no-cache=1640629212103 HTTP/1.1" 200 46
190.171.141.114 - - [27/Dec/2021:15:32:15 -0300] "POST /cormun/servlet/permisosadjuntos?0c832347ff2fc51186356f366b9f4867,INS,16276563,P,20211222083507,, HTTP/1.1" 200 116
190.171.141.114 - - [27/Dec/2021:15:32:15 -0300] "GET /cormun/servlet/hpexe_return? HTTP/1.1" 200 1033
190.171.141.114 - - [27/Dec/2021:15:32:15 -0300] "GET /cormun/servlet/trpermisosadjuntos?16276563,20211222083507,P, HTTP/1.1" 200 6663
190.171.152.114 - - [27/Dec/2021:15:32:16 -0300] "GET /cormun/servlet/solicitudotadjuntos?1d3f0d13dd193d8b7a119d9e950f4d16a4c5ff80c7ca05f52c91fb32a397fb97,gx-no-cache=1640629214446 HTTP/1.1" 200 30
190.171.152.114 - - [27/Dec/2021:15:32:16 -0300] "GET /cormun/servlet/solicitudotadjuntos?1d3f0d13dd193d8b7a119d9e950f4d16a4c5ff80c7ca05f52c91fb32a397fb97,gx-no-cache=1640629214460 HTTP/1.1" 200 30
190.171.141.114 - - [27/Dec/2021:15:32:16 -0300] "GET /cormun/servlet/trpermisosadjuntos?16276563,20211222083507,P, HTTP/1.1" 200 6659
190.171.152.114 - - [27/Dec/2021:15:32:16 -0300] "POST /cormun/servlet/solicitudotadjuntos?e16243978d27b4f58b9eb96f627ca634,INS,2021,17854,,1, HTTP/1.1" 200 6774
190.171.152.114 - - [27/Dec/2021:15:32:16 -0300] "GET /cormun/static/Shared/jqueryui/images/ui-bg_highlight-soft_100_c6c2c8_1x100.png HTTP/1.1" 404 1117
190.171.152.114 - - [27/Dec/2021:15:32:16 -0300] "GET /cormun/static/Shared/jqueryui/images/ui-icons_82798d_256x240.png HTTP/1.1" 404 1089
190.171.152.114 - - [27/Dec/2021:15:32:16 -0300] "GET /cormun/static/Shared/jqueryui/images/ui-bg_flat_55_994d53_40x100.png HTTP/1.1" 404 1097
190.171.152.114 - - [27/Dec/2021:15:32:16 -0300] "GET /cormun/static/Shared/jqueryui/images/ui-icons_ebccce_256x240.png HTTP/1.1" 404 1089
190.171.152.114 - - [27/Dec/2021:15:32:16 -0300] "GET /cormun/PrivateTempStorage/upload_00006569.pdf HTTP/1.1" 200 74216
190.171.152.114 - - [27/Dec/2021:15:32:18 -0300] "GET /cormun/servlet/solicitudotadjuntos?1d3f0d13dd193d8b7a119d9e950f4d16377fb6f49b1278a57a3837cd292d1cd1b58ba1addca09f8fc1c66585a963de85,gx-no-cache=1640629216893 HTTP/1.1" 200 30
190.171.152.114 - - [27/Dec/2021:15:32:18 -0300] "POST /cormun/servlet/solicitudotadjuntos?e16243978d27b4f58b9eb96f627ca634,INS,2021,17854,,1, HTTP/1.1" 200 6773
190.171.152.114 - - [27/Dec/2021:15:32:18 -0300] "GET /cormun/PrivateTempStorage/upload_00006581.pdf HTTP/1.1" 200 74216
186.67.172.234 - - [27/Dec/2021:15:32:19 -0300] "POST /cormun/servlet/permisogoce?abdeee9df0c75e4066709330c5a0645a,INS,0,,,,gx-no-cache=1640629217487 HTTP/1.1" 200 93
186.67.172.234 - - [27/Dec/2021:15:32:19 -0300] "GET /cormun/servlet/hpexe_return? HTTP/1.1" 200 1014
190.171.141.114 - - [27/Dec/2021:15:32:19 -0300] "GET /cormun/servlet/trpermisosgoce? HTTP/1.1" 200 14020
186.67.172.234 - - [27/Dec/2021:15:32:19 -0300] "GET /cormun/servlet/trpermisosgoce HTTP/1.1" 200 19280
190.171.141.114 - - [27/Dec/2021:15:32:20 -0300] "GET /cormun/servlet/trpermisosgoce? HTTP/1.1" 200 14003
186.67.172.234 - - [27/Dec/2021:15:32:20 -0300] "GET /cormun/servlet/trpermisosgoce HTTP/1.1" 200 19275
190.171.152.114 - - [27/Dec/2021:15:32:20 -0300] "POST /cormun/servlet/solicitudotadjuntos?e16243978d27b4f58b9eb96f627ca634,INS,2021,17854,,1, HTTP/1.1" 200 116
190.171.152.114 - - [27/Dec/2021:15:32:20 -0300] "GET /cormun/servlet/hpexe_return? HTTP/1.1" 200 1034
190.171.152.114 - - [27/Dec/2021:15:32:20 -0300] "GET /cormun/servlet/trsolicitudadjuntos?2021,17854, HTTP/1.1" 200 9695
190.171.152.114 - - [27/Dec/2021:15:32:21 -0300] "GET /cormun/servlet/trsolicitudadjuntos?2021,17854, HTTP/1.1" 200 9693
186.67.172.234 - - [27/Dec/2021:15:32:23 -0300] "GET /cormun/servlet/trpermisosadjuntos?17680481,20211227151615,P, HTTP/1.1" 200 6692
186.67.172.234 - - [27/Dec/2021:15:32:24 -0300] "GET /cormun/servlet/trpermisosadjuntos?17680481,20211227151615,P, HTTP/1.1" 200 6692
186.67.172.234 - - [27/Dec/2021:15:32:26 -0300] "GET /cormun/servlet/permisosadjuntos?INS,17680481,P,20211227151615,, HTTP/1.1" 200 6015
186.67.172.234 - - [27/Dec/2021:15:32:26 -0300] "GET /cormun/static/about:blank HTTP/1.1" 404 1011
186.67.172.234 - - [27/Dec/2021:15:32:26 -0300] "GET /cormun/servlet/permisosadjuntos?INS,17680481,P,20211227151615,, HTTP/1.1" 200 6005
190.171.141.114 - - [27/Dec/2021:15:32:26 -0300] "POST /cormun/servlet/trpermisosgoce?0c832347ff2fc51186356f366b9f4867,,gx-no-cache=1640629225542 HTTP/1.1" 200 11262
190.171.141.114 - - [27/Dec/2021:15:32:27 -0300] "GET /cormun/static/Shared/jqueryui/images/ui-bg_highlight-soft_100_c6c2c8_1x100.png HTTP/1.1" 404 1117
190.171.141.114 - - [27/Dec/2021:15:32:27 -0300] "GET /cormun/static/Shared/jqueryui/images/ui-icons_8d78a5_256x240.png HTTP/1.1" 404 1089
190.171.141.114 - - [27/Dec/2021:15:32:27 -0300] "GET /cormun/static/Shared/jqueryui/images/ui-bg_flat_55_fafafa_40x100.png HTTP/1.1" 404 1097
190.171.141.114 - - [27/Dec/2021:15:32:27 -0300] "GET /cormun/static/Shared/jqueryui/images/ui-icons_82798d_256x240.png HTTP/1.1" 404 1089
190.171.152.114 - - [27/Dec/2021:15:32:30 -0300] "GET /cormun/servlet/solicitudotadjuntos?DLT,2021,17854,CERTIF4,0, HTTP/1.1" 200 6363
190.171.152.114 - - [27/Dec/2021:15:32:30 -0300] "GET /cormun/PublicTempStorage/certificado_de_afiliacion_afp_pablo_gaete2889390.pdf HTTP/1.1" 200 90729
190.171.152.114 - - [27/Dec/2021:15:32:30 -0300] "GET /cormun/static/Shared/jqueryui/images/ui-bg_highlight-soft_100_c6c2c8_1x100.png HTTP/1.1" 404 1117
190.171.152.114 - - [27/Dec/2021:15:32:30 -0300] "GET /cormun/static/Shared/jqueryui/images/ui-icons_82798d_256x240.png HTTP/1.1" 404 1089
190.171.152.114 - - [27/Dec/2021:15:32:30 -0300] "GET /cormun/static/Shared/jqueryui/images/ui-bg_flat_55_fafafa_40x100.png HTTP/1.1" 404 1097
190.171.152.114 - - [27/Dec/2021:15:32:30 -0300] "GET /cormun/static/Shared/jqueryui/images/ui-icons_8d78a5_256x240.png HTTP/1.1" 404 1089
190.171.152.114 - - [27/Dec/2021:15:32:30 -0300] "GET /cormun/servlet/solicitudotadjuntos?DLT,2021,17854,CERTIF4,0, HTTP/1.1" 200 6357
190.171.152.114 - - [27/Dec/2021:15:32:32 -0300] "POST /cormun/servlet/solicitudotadjuntos?e16243978d27b4f58b9eb96f627ca634,DLT,2021,17854,CERTIF4,0,,gx-no-cache=1640629230729 HTTP/1.1" 200 93
190.171.152.114 - - [27/Dec/2021:15:32:32 -0300] "GET /cormun/servlet/hpexe_return? HTTP/1.1" 200 1039
190.171.152.114 - - [27/Dec/2021:15:32:32 -0300] "GET /cormun/servlet/trsolicitudadjuntos?2021,17854, HTTP/1.1" 200 9482
190.171.152.114 - - [27/Dec/2021:15:32:33 -0300] "GET /cormun/servlet/trsolicitudadjuntos?2021,17854, HTTP/1.1" 200 9483
190.171.142.42 - - [27/Dec/2021:15:32:35 -0300] "GET /cormun/servlet/trlicencias? HTTP/1.1" 200 13712
190.171.142.42 - - [27/Dec/2021:15:32:35 -0300] "GET /cormun/servlet/trlicencias? HTTP/1.1" 200 13716
190.171.152.114 - - [27/Dec/2021:15:32:37 -0300] "GET /cormun/servlet/solicitudotadjuntos?INS,2021,17854,,1, HTTP/1.1" 200 6362
190.171.152.114 - - [27/Dec/2021:15:32:37 -0300] "GET /cormun/static/about:blank HTTP/1.1" 404 1011
190.171.152.114 - - [27/Dec/2021:15:32:37 -0300] "GET /cormun/servlet/solicitudotadjuntos?INS,2021,17854,,1, HTTP/1.1" 200 6355
190.171.152.114 - - [27/Dec/2021:15:32:37 -0300] "GET /cormun/servlet/solicitudotadjuntos?1d3f0d13dd193d8b7a119d9e950f4d16ef845f279c11ba217579babcc0f7536598506e12943f2596aba18479d54c9565,gx-no-cache=1640629236336 HTTP/1.1" 200 30
190.171.152.114 - - [27/Dec/2021:15:32:38 -0300] "POST /cormun/servlet/solicitudotadjuntos?e16243978d27b4f58b9eb96f627ca634,INS,2021,17854,,1,,gx-no-cache=1640629236351 HTTP/1.1" 200 4189
190.171.142.42 - - [27/Dec/2021:15:32:40 -0300] "GET /cormun/servlet/licenciaspermisos?INS,0,,, HTTP/1.1" 200 7850
190.171.152.114 - - [27/Dec/2021:15:32:41 -0300] "POST /cormun/servlet/solicitudotadjuntos?gx-no-cache=1640629239437 HTTP/1.1" 200 26
190.171.142.42 - - [27/Dec/2021:15:32:41 -0300] "GET /cormun/servlet/licenciaspermisos?INS,0,,, HTTP/1.1" 200 7858
186.67.172.234 - - [27/Dec/2021:15:32:41 -0300] "POST /cormun/servlet/permisosadjuntos?abdeee9df0c75e4066709330c5a0645a,INS,17680481,P,20211227151615,, HTTP/1.1" 200 116
186.67.172.234 - - [27/Dec/2021:15:32:41 -0300] "GET /cormun/servlet/hpexe_return? HTTP/1.1" 200 1041
186.67.172.234 - - [27/Dec/2021:15:32:41 -0300] "GET /cormun/servlet/trpermisosadjuntos?17680481,20211227151615,P, HTTP/1.1" 200 7218
186.67.172.234 - - [27/Dec/2021:15:32:42 -0300] "GET /cormun/servlet/trpermisosadjuntos?17680481,20211227151615,P, HTTP/1.1" 200 7214
190.171.141.114 - - [27/Dec/2021:15:32:42 -0300] "GET /cormun/servlet/hlogin HTTP/1.1" 200 1740
186.67.172.234 - - [27/Dec/2021:15:32:46 -0300] "POST /cormun/servlet/trpermisosadjuntos?abdeee9df0c75e4066709330c5a0645a,17680481,20211227151615,P,,gx-no-cache=1640629244680 HTTP/1.1" 200 90
186.67.172.234 - - [27/Dec/2021:15:32:46 -0300] "GET /cormun/servlet/hpexe_link HTTP/1.1" 200 986
186.67.172.234 - - [27/Dec/2021:15:32:46 -0300] "GET /cormun/servlet/trpermisosgoce HTTP/1.1" 200 19277
186.67.172.234 - - [27/Dec/2021:15:32:47 -0300] "GET /cormun/servlet/trpermisosgoce HTTP/1.1" 200 19275
190.171.141.114 - - [27/Dec/2021:15:32:49 -0300] "POST /cormun/servlet/hlogin?0c832347ff2fc51186356f366b9f4867,gx-no-cache=1640629248200 HTTP/1.1" 200 450
190.171.142.42 - - [27/Dec/2021:15:32:49 -0300] "GET /cormun/servlet/prfichaempleado?,MD,,gxPopupLevel%3D0%3B HTTP/1.1" 200 9255
190.171.152.114 - - [27/Dec/2021:15:32:54 -0300] "GET /cormun/servlet/solicitudotadjuntos?1d3f0d13dd193d8b7a119d9e950f4d16a4c5ff80c7ca05f52c91fb32a397fb97,gx-no-cache=1640629252926 HTTP/1.1" 200 30
190.171.152.114 - - [27/Dec/2021:15:32:54 -0300] "GET /cormun/servlet/solicitudotadjuntos?1d3f0d13dd193d8b7a119d9e950f4d16a4c5ff80c7ca05f52c91fb32a397fb97,gx-no-cache=1640629252938 HTTP/1.1" 200 30
190.171.152.114 - - [27/Dec/2021:15:32:54 -0300] "POST /cormun/servlet/solicitudotadjuntos?e16243978d27b4f58b9eb96f627ca634,INS,2021,17854,,1, HTTP/1.1" 200 116
190.171.152.114 - - [27/Dec/2021:15:32:54 -0300] "GET /cormun/servlet/hpexe_return? HTTP/1.1" 200 1034
190.171.152.114 - - [27/Dec/2021:15:32:54 -0300] "GET /cormun/servlet/trsolicitudadjuntos?2021,17854, HTTP/1.1" 200 9716
190.171.152.114 - - [27/Dec/2021:15:32:55 -0300] "GET /cormun/servlet/trsolicitudadjuntos?2021,17854, HTTP/1.1" 200 9716
190.171.152.114 - - [27/Dec/2021:15:32:58 -0300] "GET /cormun/servlet/solicitudotadjuntos?INS,2021,17854,,1, HTTP/1.1" 200 6362
190.171.152.114 - - [27/Dec/2021:15:32:58 -0300] "GET /cormun/static/about:blank HTTP/1.1" 404 1011
190.171.152.114 - - [27/Dec/2021:15:32:58 -0300] "GET /cormun/servlet/solicitudotadjuntos?INS,2021,17854,,1, HTTP/1.1" 200 6355
190.171.152.114 - - [27/Dec/2021:15:32:58 -0300] "GET /cormun/servlet/solicitudotadjuntos?1d3f0d13dd193d8b7a119d9e950f4d16ef845f279c11ba217579babcc0f7536598506e12943f2596aba18479d54c9565,gx-no-cache=1640629257283 HTTP/1.1" 200 30
190.171.152.114 - - [27/Dec/2021:15:32:58 -0300] "POST /cormun/servlet/solicitudotadjuntos?e16243978d27b4f58b9eb96f627ca634,INS,2021,17854,,1,,gx-no-cache=1640629257298 HTTP/1.1" 200 4189
190.171.152.114 - - [27/Dec/2021:15:33:01 -0300] "POST /cormun/servlet/solicitudotadjuntos?gx-no-cache=1640629259445 HTTP/1.1" 200 26
190.171.142.42 - - [27/Dec/2021:15:33:07 -0300] "POST /cormun/servlet/prfichaempleado?8a228252e8969fcd769edd59d9e890ed,,MD,,gxPopupLevel%3D0%3B,gx-no-cache=1640629266305 HTTP/1.1" 200 3409
190.171.152.114 - - [27/Dec/2021:15:33:13 -0300] "GET /cormun/servlet/solicitudotadjuntos?1d3f0d13dd193d8b7a119d9e950f4d16a4c5ff80c7ca05f52c91fb32a397fb97,gx-no-cache=1640629272046 HTTP/1.1" 200 30
190.171.152.114 - - [27/Dec/2021:15:33:13 -0300] "GET /cormun/servlet/solicitudotadjuntos?1d3f0d13dd193d8b7a119d9e950f4d16a4c5ff80c7ca05f52c91fb32a397fb97,gx-no-cache=1640629272060 HTTP/1.1" 200 30
190.171.152.114 - - [27/Dec/2021:15:33:13 -0300] "POST /cormun/servlet/solicitudotadjuntos?e16243978d27b4f58b9eb96f627ca634,INS,2021,17854,,1, HTTP/1.1" 200 116
190.171.152.114 - - [27/Dec/2021:15:33:13 -0300] "GET /cormun/servlet/hpexe_return? HTTP/1.1" 200 1034
190.171.152.114 - - [27/Dec/2021:15:33:14 -0300] "GET /cormun/servlet/trsolicitudadjuntos?2021,17854, HTTP/1.1" 200 9950
190.171.152.114 - - [27/Dec/2021:15:33:14 -0300] "GET /cormun/servlet/trsolicitudadjuntos?2021,17854, HTTP/1.1" 200 9947
190.171.152.114 - - [27/Dec/2021:15:33:16 -0300] "GET /cormun/servlet/solicitudotadjuntos?INS,2021,17854,,1, HTTP/1.1" 200 6362
190.171.152.114 - - [27/Dec/2021:15:33:16 -0300] "GET /cormun/static/about:blank HTTP/1.1" 404 1011
190.171.152.114 - - [27/Dec/2021:15:33:16 -0300] "GET /cormun/servlet/solicitudotadjuntos?INS,2021,17854,,1, HTTP/1.1" 200 6355
190.171.152.114 - - [27/Dec/2021:15:33:17 -0300] "GET /cormun/servlet/solicitudotadjuntos?1d3f0d13dd193d8b7a119d9e950f4d16ef845f279c11ba217579babcc0f7536598506e12943f2596aba18479d54c9565,gx-no-cache=1640629275744 HTTP/1.1" 200 30
190.171.152.114 - - [27/Dec/2021:15:33:17 -0300] "POST /cormun/servlet/solicitudotadjuntos?e16243978d27b4f58b9eb96f627ca634,INS,2021,17854,,1,,gx-no-cache=1640629275758 HTTP/1.1" 200 4189
186.67.172.234 - - [27/Dec/2021:15:33:18 -0300] "POST /cormun/servlet/trpermisosgoce?abdeee9df0c75e4066709330c5a0645a,gx-no-cache=1640629276604 HTTP/1.1" 200 16502
186.67.172.234 - - [27/Dec/2021:15:33:18 -0300] "GET /cormun/static/Shared/jqueryui/images/ui-bg_highlight-soft_100_c6c2c8_1x100.png HTTP/1.1" 404 1117
186.67.172.234 - - [27/Dec/2021:15:33:18 -0300] "GET /cormun/static/Shared/jqueryui/images/ui-icons_82798d_256x240.png HTTP/1.1" 404 1089
186.67.172.234 - - [27/Dec/2021:15:33:18 -0300] "GET /cormun/static/Shared/jqueryui/images/ui-icons_8d78a5_256x240.png HTTP/1.1" 404 1089
186.67.172.234 - - [27/Dec/2021:15:33:18 -0300] "GET /cormun/static/Shared/jqueryui/images/ui-bg_flat_55_fafafa_40x100.png HTTP/1.1" 404 1097
190.171.152.114 - - [27/Dec/2021:15:33:20 -0300] "POST /cormun/servlet/solicitudotadjuntos?gx-no-cache=1640629278549 HTTP/1.1" 200 26
186.67.172.234 - - [27/Dec/2021:15:33:20 -0300] "GET /cormun/servlet/permisogoce?INS,0,,, HTTP/1.1" 200 7268
186.67.172.234 - - [27/Dec/2021:15:33:20 -0300] "GET /cormun/servlet/permisogoce?INS,0,,, HTTP/1.1" 200 7268
190.171.152.114 - - [27/Dec/2021:15:33:26 -0300] "GET /cormun/servlet/solicitudotadjuntos?1d3f0d13dd193d8b7a119d9e950f4d16a4c5ff80c7ca05f52c91fb32a397fb97,gx-no-cache=1640629284733 HTTP/1.1" 200 30
190.171.152.114 - - [27/Dec/2021:15:33:26 -0300] "GET /cormun/servlet/solicitudotadjuntos?1d3f0d13dd193d8b7a119d9e950f4d16a4c5ff80c7ca05f52c91fb32a397fb97,gx-no-cache=1640629284847 HTTP/1.1" 200 30
190.171.152.114 - - [27/Dec/2021:15:33:28 -0300] "POST /cormun/servlet/solicitudotadjuntos?e16243978d27b4f58b9eb96f627ca634,INS,2021,17854,,1, HTTP/1.1" 200 116
190.171.142.42 - - [27/Dec/2021:15:33:29 -0300] "GET /cormun/servlet/licenciaspermisos?ff1972cfc626610d889b24d65eb07ef680c59327f6735cf9de346124c4f05bcf4ae00e8b5ec51573646c0c14951207f8f07855042e9a18700c59e03a56e46b1f,gx-no-cache=1640629287324 HTTP/1.1" 200 104
190.171.152.114 - - [27/Dec/2021:15:33:29 -0300] "GET /cormun/servlet/hpexe_return? HTTP/1.1" 200 1034
190.171.152.114 - - [27/Dec/2021:15:33:29 -0300] "GET /cormun/servlet/trsolicitudadjuntos?2021,17854, HTTP/1.1" 200 10215
190.171.142.42 - - [27/Dec/2021:15:33:29 -0300] "POST /cormun/servlet/licenciaspermisos?8a228252e8969fcd769edd59d9e890ed,INS,0,,,,gx-no-cache=1640629287560 HTTP/1.1" 200 5109
190.171.152.114 - - [27/Dec/2021:15:33:30 -0300] "GET /cormun/servlet/trsolicitudadjuntos?2021,17854, HTTP/1.1" 200 10213
190.171.152.114 - - [27/Dec/2021:15:33:34 -0300] "GET /cormun/servlet/solicitudotadjuntos?INS,2021,17854,,1, HTTP/1.1" 200 6362
190.171.152.114 - - [27/Dec/2021:15:33:34 -0300] "GET /cormun/static/about:blank HTTP/1.1" 404 1011
190.171.152.114 - - [27/Dec/2021:15:33:34 -0300] "GET /cormun/servlet/solicitudotadjuntos?INS,2021,17854,,1, HTTP/1.1" 200 6355
190.171.152.114 - - [27/Dec/2021:15:33:35 -0300] "GET /cormun/servlet/solicitudotadjuntos?1d3f0d13dd193d8b7a119d9e950f4d16ef845f279c11ba217579babcc0f7536598506e12943f2596aba18479d54c9565,gx-no-cache=1640629293748 HTTP/1.1" 200 30
190.171.152.114 - - [27/Dec/2021:15:33:35 -0300] "POST /cormun/servlet/solicitudotadjuntos?e16243978d27b4f58b9eb96f627ca634,INS,2021,17854,,1,,gx-no-cache=1640629293811 HTTP/1.1" 200 4189
186.67.172.234 - - [27/Dec/2021:15:33:35 -0300] "GET /cormun/servlet/permisogoce?a3ff153952b0cf6bc3df7aeaa9c601311df936ba0740bf7cb0144478931267c58628e8ec678413470f71643f97c8079f891f70f46894e31b7bb4756de146ca7f,gx-no-cache=1640629294163 HTTP/1.1" 200 83
186.67.172.234 - - [27/Dec/2021:15:33:37 -0300] "GET /cormun/static/menuarrow.gif HTTP/1.1" 404 1015
190.171.152.114 - - [27/Dec/2021:15:33:38 -0300] "POST /cormun/servlet/solicitudotadjuntos?gx-no-cache=1640629296461 HTTP/1.1" 200 26
186.67.172.234 - - [27/Dec/2021:15:33:46 -0300] "GET /cormun/servlet/permisogoce?a3ff153952b0cf6bc3df7aeaa9c601315788f74218a249a305cb533f5072cc7e683c086ac330c2dcc397e0b484a220fe736c8bf9948568daec6ad1de832df18d,gx-no-cache=1640629304470 HTTP/1.1" 200 47
190.171.152.114 - - [27/Dec/2021:15:33:46 -0300] "GET /cormun/servlet/solicitudotadjuntos?1d3f0d13dd193d8b7a119d9e950f4d16a4c5ff80c7ca05f52c91fb32a397fb97,gx-no-cache=1640629304630 HTTP/1.1" 200 30
190.171.152.114 - - [27/Dec/2021:15:33:46 -0300] "GET /cormun/servlet/solicitudotadjuntos?1d3f0d13dd193d8b7a119d9e950f4d16a4c5ff80c7ca05f52c91fb32a397fb97,gx-no-cache=1640629304764 HTTP/1.1" 200 30
190.171.152.114 - - [27/Dec/2021:15:33:46 -0300] "POST /cormun/servlet/solicitudotadjuntos?e16243978d27b4f58b9eb96f627ca634,INS,2021,17854,,1, HTTP/1.1" 200 116
190.171.152.114 - - [27/Dec/2021:15:33:46 -0300] "GET /cormun/servlet/hpexe_return? HTTP/1.1" 200 1034
190.171.152.114 - - [27/Dec/2021:15:33:47 -0300] "GET /cormun/servlet/trsolicitudadjuntos?2021,17854, HTTP/1.1" 200 10399
190.171.152.114 - - [27/Dec/2021:15:33:47 -0300] "GET /cormun/servlet/trsolicitudadjuntos?2021,17854, HTTP/1.1" 200 10395
190.171.152.114 - - [27/Dec/2021:15:33:52 -0300] "GET /cormun/servlet/solicitudotadjuntos?INS,2021,17854,,2, HTTP/1.1" 200 6359
190.171.152.114 - - [27/Dec/2021:15:33:52 -0300] "GET /cormun/static/about:blank HTTP/1.1" 404 1011
190.171.152.114 - - [27/Dec/2021:15:33:52 -0300] "GET /cormun/servlet/solicitudotadjuntos?INS,2021,17854,,2, HTTP/1.1" 200 6353
190.171.152.114 - - [27/Dec/2021:15:33:52 -0300] "GET /cormun/servlet/solicitudotadjuntos?1d3f0d13dd193d8b7a119d9e950f4d16ef845f279c11ba217579babcc0f7536598506e12943f2596aba18479d54c9565,gx-no-cache=1640629311221 HTTP/1.1" 200 30
190.171.152.114 - - [27/Dec/2021:15:33:52 -0300] "POST /cormun/servlet/solicitudotadjuntos?e16243978d27b4f58b9eb96f627ca634,INS,2021,17854,,2,,gx-no-cache=1640629311236 HTTP/1.1" 200 4330
190.171.152.114 - - [27/Dec/2021:15:33:55 -0300] "POST /cormun/servlet/solicitudotadjuntos?gx-no-cache=1640629313933 HTTP/1.1" 200 26
190.171.152.114 - - [27/Dec/2021:15:34:03 -0300] "GET /cormun/servlet/solicitudotadjuntos?1d3f0d13dd193d8b7a119d9e950f4d16a4c5ff80c7ca05f52c91fb32a397fb97,gx-no-cache=1640629321430 HTTP/1.1" 200 30
190.171.152.114 - - [27/Dec/2021:15:34:03 -0300] "GET /cormun/servlet/solicitudotadjuntos?1d3f0d13dd193d8b7a119d9e950f4d16a4c5ff80c7ca05f52c91fb32a397fb97,gx-no-cache=1640629321455 HTTP/1.1" 200 30
190.171.152.114 - - [27/Dec/2021:15:34:03 -0300] "POST /cormun/servlet/solicitudotadjuntos?e16243978d27b4f58b9eb96f627ca634,INS,2021,17854,,2, HTTP/1.1" 200 116
190.171.152.114 - - [27/Dec/2021:15:34:03 -0300] "GET /cormun/servlet/hpexe_return? HTTP/1.1" 200 1034
190.171.152.114 - - [27/Dec/2021:15:34:03 -0300] "GET /cormun/servlet/trsolicitudadjuntos?2021,17854, HTTP/1.1" 200 10540
190.171.152.114 - - [27/Dec/2021:15:34:04 -0300] "GET /cormun/servlet/trsolicitudadjuntos?2021,17854, HTTP/1.1" 200 10535
186.67.172.234 - - [27/Dec/2021:15:34:10 -0300] "POST /cormun/servlet/permisogoce?abdeee9df0c75e4066709330c5a0645a,INS,0,,,,gx-no-cache=1640629328527 HTTP/1.1" 200 93
186.67.172.234 - - [27/Dec/2021:15:34:10 -0300] "GET /cormun/servlet/hpexe_return? HTTP/1.1" 200 1035
186.67.172.234 - - [27/Dec/2021:15:34:10 -0300] "GET /cormun/servlet/trpermisosgoce?gx-no-cache=1640629276604 HTTP/1.1" 200 19231
186.67.172.234 - - [27/Dec/2021:15:34:11 -0300] "GET /cormun/servlet/trpermisosgoce?gx-no-cache=1640629276604 HTTP/1.1" 200 19246
186.67.172.234 - - [27/Dec/2021:15:34:16 -0300] "GET /cormun/servlet/trpermisosadjuntos?17680481,20211227151851,P, HTTP/1.1" 200 6712
186.67.172.234 - - [27/Dec/2021:15:34:17 -0300] "GET /cormun/servlet/trpermisosadjuntos?17680481,20211227151851,P, HTTP/1.1" 200 6692
186.67.172.234 - - [27/Dec/2021:15:34:18 -0300] "GET /cormun/servlet/permisosadjuntos?INS,17680481,P,20211227151851,, HTTP/1.1" 200 6016
186.67.172.234 - - [27/Dec/2021:15:34:18 -0300] "GET /cormun/static/about:blank HTTP/1.1" 404 1011
186.67.172.234 - - [27/Dec/2021:15:34:18 -0300] "GET /cormun/servlet/permisosadjuntos?INS,17680481,P,20211227151851,, HTTP/1.1" 200 6007
190.171.152.114 - - [27/Dec/2021:15:34:20 -0300] "GET /cormun/servlet/trsolicitudot? HTTP/1.1" 200 9526
190.171.152.114 - - [27/Dec/2021:15:34:21 -0300] "GET /cormun/servlet/trsolicitudot? HTTP/1.1" 200 9518
190.171.152.114 - - [27/Dec/2021:15:34:34 -0300] "POST /cormun/servlet/trsolicitudot?e16243978d27b4f58b9eb96f627ca634,,gx-no-cache=1640629352751 HTTP/1.1" 200 107
190.171.152.114 - - [27/Dec/2021:15:34:34 -0300] "GET /cormun/servlet/trsolicitudadjuntos?2021,17852, HTTP/1.1" 200 6413
190.171.152.114 - - [27/Dec/2021:15:34:34 -0300] "GET /cormun/servlet/trsolicitudadjuntos?2021,17852, HTTP/1.1" 200 6413
190.171.152.114 - - [27/Dec/2021:15:34:37 -0300] "GET /cormun/servlet/solicitudotadjuntos?INS,2021,17852,,1, HTTP/1.1" 200 6362
190.171.152.114 - - [27/Dec/2021:15:34:37 -0300] "GET /cormun/static/about:blank HTTP/1.1" 404 1011
190.171.152.114 - - [27/Dec/2021:15:34:37 -0300] "GET /cormun/servlet/solicitudotadjuntos?INS,2021,17852,,1, HTTP/1.1" 200 6355
190.171.152.114 - - [27/Dec/2021:15:34:38 -0300] "GET /cormun/servlet/solicitudotadjuntos?1d3f0d13dd193d8b7a119d9e950f4d1685d7f982b00137a668c47b46a29dcd7698506e12943f2596aba18479d54c9565,gx-no-cache=1640629356381 HTTP/1.1" 200 30
186.67.172.234 - - [27/Dec/2021:15:34:38 -0300] "POST /cormun/servlet/permisosadjuntos?abdeee9df0c75e4066709330c5a0645a,INS,17680481,P,20211227151851,, HTTP/1.1" 200 116
186.67.172.234 - - [27/Dec/2021:15:34:38 -0300] "GET /cormun/servlet/hpexe_return? HTTP/1.1" 200 1041
186.67.172.234 - - [27/Dec/2021:15:34:39 -0300] "GET /cormun/servlet/trpermisosadjuntos?17680481,20211227151851,P, HTTP/1.1" 200 7217
186.67.172.234 - - [27/Dec/2021:15:34:39 -0300] "GET /cormun/servlet/trpermisosadjuntos?17680481,20211227151851,P, HTTP/1.1" 200 7213
190.171.152.114 - - [27/Dec/2021:15:34:41 -0300] "POST /cormun/servlet/solicitudotadjuntos?e16243978d27b4f58b9eb96f627ca634,INS,2021,17852,,1,,gx-no-cache=1640629356799 HTTP/1.1" 200 4189
190.171.152.114 - - [27/Dec/2021:15:34:46 -0300] "POST /cormun/servlet/solicitudotadjuntos?gx-no-cache=1640629364464 HTTP/1.1" 200 26
186.67.172.234 - - [27/Dec/2021:15:34:51 -0300] "POST /cormun/servlet/trpermisosadjuntos?abdeee9df0c75e4066709330c5a0645a,17680481,20211227151851,P,,gx-no-cache=1640629369665 HTTP/1.1" 200 90
186.67.172.234 - - [27/Dec/2021:15:34:51 -0300] "GET /cormun/servlet/hpexe_link HTTP/1.1" 200 1009
190.171.141.114 - - [27/Dec/2021:15:34:51 -0300] "POST /cormun/servlet/hlogin?0c832347ff2fc51186356f366b9f4867,gx-no-cache=1640629370467 HTTP/1.1" 200 90
190.171.141.114 - - [27/Dec/2021:15:34:51 -0300] "GET /cormun/servlet/hpexe_link HTTP/1.1" 200 946
186.67.172.234 - - [27/Dec/2021:15:34:51 -0300] "GET /cormun/servlet/trpermisosgoce?gx-no-cache=1640629276604 HTTP/1.1" 200 19227
190.171.141.114 - - [27/Dec/2021:15:34:51 -0300] "GET /cormun/servlet/hhome HTTP/1.1" 200 4294
190.171.141.114 - - [27/Dec/2021:15:34:52 -0300] "GET /cormun/servlet/hhome HTTP/1.1" 200 4290
186.67.172.234 - - [27/Dec/2021:15:34:52 -0300] "GET /cormun/servlet/trpermisosgoce?gx-no-cache=1640629276604 HTTP/1.1" 200 19246
186.67.172.234 - - [27/Dec/2021:15:34:56 -0300] "POST /cormun/servlet/trpermisosgoce?abdeee9df0c75e4066709330c5a0645a,gx-no-cache=1640629276604,gx-no-cache=1640629374612 HTTP/1.1" 200 16447
186.67.172.234 - - [27/Dec/2021:15:34:56 -0300] "GET /cormun/static/Shared/jqueryui/images/ui-bg_highlight-soft_100_c6c2c8_1x100.png HTTP/1.1" 404 1117
186.67.172.234 - - [27/Dec/2021:15:34:56 -0300] "GET /cormun/static/Shared/jqueryui/images/ui-icons_82798d_256x240.png HTTP/1.1" 404 1089
186.67.172.234 - - [27/Dec/2021:15:34:56 -0300] "GET /cormun/static/Shared/jqueryui/images/ui-icons_8d78a5_256x240.png HTTP/1.1" 404 1089
186.67.172.234 - - [27/Dec/2021:15:34:56 -0300] "GET /cormun/static/Shared/jqueryui/images/ui-bg_flat_55_fafafa_40x100.png HTTP/1.1" 404 1097
190.171.142.42 - - [27/Dec/2021:15:35:02 -0300] "POST /cormun/servlet/licenciaspermisos?8a228252e8969fcd769edd59d9e890ed,INS,0,,,,gx-no-cache=1640629380866 HTTP/1.1" 200 5359
190.171.142.42 - - [27/Dec/2021:15:35:02 -0300] "GET /cormun/static/Shared/jqueryui/images/ui-icons_82798d_256x240.png HTTP/1.1" 404 1089
190.171.142.42 - - [27/Dec/2021:15:35:02 -0300] "GET /cormun/static/Shared/jqueryui/images/ui-bg_highlight-soft_100_c6c2c8_1x100.png HTTP/1.1" 404 1117
190.171.142.42 - - [27/Dec/2021:15:35:02 -0300] "GET /cormun/static/Shared/jqueryui/images/ui-bg_flat_55_994d53_40x100.png HTTP/1.1" 404 1097
190.171.142.42 - - [27/Dec/2021:15:35:02 -0300] "GET /cormun/static/Shared/jqueryui/images/ui-icons_ebccce_256x240.png HTTP/1.1" 404 1089
190.171.142.42 - - [27/Dec/2021:15:35:02 -0300] "POST /cormun/servlet/licenciaspermisos?8a228252e8969fcd769edd59d9e890ed,INS,0,,,,gx-no-cache=1640629381140 HTTP/1.1" 200 5359
190.171.152.114 - - [27/Dec/2021:15:35:13 -0300] "GET /cormun/servlet/solicitudotadjuntos?1d3f0d13dd193d8b7a119d9e950f4d16a4c5ff80c7ca05f52c91fb32a397fb97,gx-no-cache=1640629391894 HTTP/1.1" 200 30
190.171.152.114 - - [27/Dec/2021:15:35:13 -0300] "GET /cormun/servlet/solicitudotadjuntos?1d3f0d13dd193d8b7a119d9e950f4d16a4c5ff80c7ca05f52c91fb32a397fb97,gx-no-cache=1640629391951 HTTP/1.1" 200 30
190.171.152.114 - - [27/Dec/2021:15:35:13 -0300] "POST /cormun/servlet/solicitudotadjuntos?e16243978d27b4f58b9eb96f627ca634,INS,2021,17852,,1, HTTP/1.1" 200 116
190.171.152.114 - - [27/Dec/2021:15:35:13 -0300] "GET /cormun/servlet/hpexe_return? HTTP/1.1" 200 1033
190.171.152.114 - - [27/Dec/2021:15:35:14 -0300] "GET /cormun/servlet/trsolicitudadjuntos?2021,17852, HTTP/1.1" 200 9213
190.171.152.114 - - [27/Dec/2021:15:35:14 -0300] "GET /cormun/servlet/trsolicitudadjuntos?2021,17852, HTTP/1.1" 200 9211
190.171.152.114 - - [27/Dec/2021:15:35:18 -0300] "GET /cormun/servlet/solicitudotadjuntos?INS,2021,17852,,1, HTTP/1.1" 200 6362
190.171.152.114 - - [27/Dec/2021:15:35:18 -0300] "GET /cormun/static/about:blank HTTP/1.1" 404 1011
190.171.152.114 - - [27/Dec/2021:15:35:18 -0300] "GET /cormun/servlet/solicitudotadjuntos?INS,2021,17852,,1, HTTP/1.1" 200 6355
190.171.152.114 - - [27/Dec/2021:15:35:19 -0300] "GET /cormun/servlet/solicitudotadjuntos?1d3f0d13dd193d8b7a119d9e950f4d1685d7f982b00137a668c47b46a29dcd7698506e12943f2596aba18479d54c9565,gx-no-cache=1640629397544 HTTP/1.1" 200 30
190.171.152.114 - - [27/Dec/2021:15:35:19 -0300] "POST /cormun/servlet/solicitudotadjuntos?e16243978d27b4f58b9eb96f627ca634,INS,2021,17852,,1,,gx-no-cache=1640629397559 HTTP/1.1" 200 4189
