190.171.143.82 - - [14/Dec/2021:13:27:15 -0300] "GET /cormun/servlet/hlogin HTTP/1.1" 200 1746
190.171.143.82 - - [14/Dec/2021:13:27:15 -0300] "GET /cormun/servlet/trlicencias? HTTP/1.1" 200 7218
190.171.141.82 - - [14/Dec/2021:13:27:34 -0300] "GET /cormun/servlet/permisogoce?INS,0,,, HTTP/1.1" 200 6814
190.171.141.82 - - [14/Dec/2021:13:27:36 -0300] "GET /cormun/servlet/permisogoce?INS,0,,, HTTP/1.1" 200 6813
190.171.153.26 - - [14/Dec/2021:13:27:47 -0300] "POST /cormun/servlet/trlicencias?a79bc9ae92e00f0b9fbbe880c2ee904d,,gx-no-cache=1639498547244 HTTP/1.1" 200 8064
190.171.153.26 - - [14/Dec/2021:13:27:47 -0300] "POST /cormun/servlet/trlicencias?a79bc9ae92e00f0b9fbbe880c2ee904d,,gx-no-cache=1639498547871 HTTP/1.1" 200 8064
190.171.141.82 - - [14/Dec/2021:13:27:57 -0300] "GET /cormun/servlet/permisogoce?60b890b85bb5baaea8eac4cc07824be1c8114a4b5c2e7caf0c59fd6d84e5e1ca4f401c72adb2ee49463cd7b8a3092c6ee07031c5f74750cdb5ed08d806728529,gx-no-cache=1639498558032 HTTP/1.1" 200 79
190.171.141.122 - - [14/Dec/2021:13:28:14 -0300] "GET /cormun/servlet/hhome HTTP/1.1" 200 4237
190.171.141.122 - - [14/Dec/2021:13:28:14 -0300] "GET /cormun/servlet/hhome HTTP/1.1" 200 4235
190.171.141.82 - - [14/Dec/2021:13:30:21 -0300] "GET /cormun/servlet/permisogoce?60b890b85bb5baaea8eac4cc07824be143bc3843e54436a2eb123a3649d4cda9413980167efb27770631b822878a2fc30de9f94d4f110e1c97471e782d2079e6,gx-no-cache=1639498702503 HTTP/1.1" 200 46
190.171.141.82 - - [14/Dec/2021:13:30:34 -0300] "POST /cormun/servlet/permisogoce?0ea2f700c39deb37c6cb1bf036508895,INS,0,,,,gx-no-cache=1639498715139 HTTP/1.1" 200 93
190.171.141.82 - - [14/Dec/2021:13:30:34 -0300] "GET /cormun/servlet/hpexe_return? HTTP/1.1" 200 1010
190.171.141.82 - - [14/Dec/2021:13:30:35 -0300] "GET /cormun/servlet/trpermisosgoce? HTTP/1.1" 200 10950
190.171.141.82 - - [14/Dec/2021:13:30:37 -0300] "GET /cormun/servlet/trpermisosgoce? HTTP/1.1" 200 10941
190.171.141.82 - - [14/Dec/2021:13:30:39 -0300] "POST /cormun/servlet/trpermisosgoce?0ea2f700c39deb37c6cb1bf036508895,,gx-no-cache=1639498720135 HTTP/1.1" 200 8267
190.171.141.82 - - [14/Dec/2021:13:30:43 -0300] "GET /cormun/servlet/apermisogoceprn?14332274,P,20211214131309,PU HTTP/1.1" 200 1656
190.171.141.138 - - [14/Dec/2021:13:31:36 -0300] "GET /cormun/servlet/hlogin HTTP/1.1" 200 1717
190.171.141.138 - - [14/Dec/2021:13:31:36 -0300] "GET /cormun/servlet/hlogin HTTP/1.1" 200 1727
190.171.141.138 - - [14/Dec/2021:13:31:39 -0300] "POST /cormun/servlet/hlogin?7003407865ecd399ab82d9be422ee6aa,gx-no-cache=1639498780411 HTTP/1.1" 200 90
190.171.141.138 - - [14/Dec/2021:13:31:39 -0300] "GET /cormun/servlet/hpexe_link HTTP/1.1" 200 945
190.171.141.138 - - [14/Dec/2021:13:31:40 -0300] "GET /cormun/servlet/hhome HTTP/1.1" 200 4460
190.171.141.138 - - [14/Dec/2021:13:31:41 -0300] "GET /cormun/servlet/hhome HTTP/1.1" 200 4458
190.171.141.138 - - [14/Dec/2021:13:31:44 -0300] "GET /cormun/servlet/trpermisosgoce? HTTP/1.1" 200 12278
190.171.141.138 - - [14/Dec/2021:13:31:45 -0300] "GET /cormun/servlet/trpermisosgoce? HTTP/1.1" 200 12277
190.171.141.138 - - [14/Dec/2021:13:31:50 -0300] "GET /cormun/servlet/permisogoce?INS,0,,, HTTP/1.1" 200 7360
190.171.141.138 - - [14/Dec/2021:13:31:51 -0300] "GET /cormun/servlet/permisogoce?INS,0,,, HTTP/1.1" 200 7361
190.171.141.138 - - [14/Dec/2021:13:31:58 -0300] "GET /cormun/servlet/permisogoce?a8871c923ee19f3a08498361e1ec2960a301999ee9bd83cece05878092d1f93cf4e01a58efb0c0904b307c362ef42549aee726a86b5ec78655c72a1b3eb68deb,gx-no-cache=1639498799629 HTTP/1.1" 200 81
190.171.141.138 - - [14/Dec/2021:13:32:00 -0300] "GET /cormun/static/menuarrow.gif HTTP/1.1" 404 1015
190.171.141.138 - - [14/Dec/2021:13:32:03 -0300] "GET /cormun/servlet/permisogoce?a8871c923ee19f3a08498361e1ec2960ad4170f6c63e440c4925166dc33bd898f70bc40e09ff8bfe9d7dae6aa80f7c14dfbd14f91e7e06386122203d19ddf411,gx-no-cache=1639498804463 HTTP/1.1" 200 47
190.171.141.138 - - [14/Dec/2021:13:32:06 -0300] "POST /cormun/servlet/permisogoce?7003407865ecd399ab82d9be422ee6aa,INS,0,,,,gx-no-cache=1639498807042 HTTP/1.1" 200 93
190.171.141.138 - - [14/Dec/2021:13:32:06 -0300] "GET /cormun/servlet/hpexe_return? HTTP/1.1" 200 1003
190.171.141.138 - - [14/Dec/2021:13:32:07 -0300] "GET /cormun/servlet/trpermisosgoce HTTP/1.1" 200 12542
190.171.141.138 - - [14/Dec/2021:13:32:08 -0300] "GET /cormun/servlet/trpermisosgoce HTTP/1.1" 200 12552
190.171.141.138 - - [14/Dec/2021:13:32:11 -0300] "GET /cormun/servlet/apermisogoceprn?17524290,P,20211214131725,PU HTTP/1.1" 200 1658
77.88.5.46 - - [14/Dec/2021:13:32:23 -0300] "GET /robots.txt HTTP/1.1" 404 981
77.88.5.46 - - [14/Dec/2021:13:32:27 -0300] "GET /docs/appdev/deployment.html HTTP/1.1" 200 19464
81.16.245.207 - - [14/Dec/2021:13:32:53 -0300] "GET / HTTP/1.1" 200 11217
190.171.141.82 - - [14/Dec/2021:13:36:01 -0300] "GET /cormun/servlet/trsolicitudot? HTTP/1.1" 200 23561
190.171.141.82 - - [14/Dec/2021:13:36:04 -0300] "GET /cormun/servlet/trsolicitudot? HTTP/1.1" 200 23560
190.171.141.82 - - [14/Dec/2021:13:36:07 -0300] "GET /cormun/servlet/solicitudot?INS,0,0,false, HTTP/1.1" 200 15599
190.171.141.82 - - [14/Dec/2021:13:36:09 -0300] "GET /cormun/servlet/solicitudot?INS,0,0,false, HTTP/1.1" 200 15606
190.171.141.82 - - [14/Dec/2021:13:36:24 -0300] "POST /cormun/servlet/solicitudot?gx-no-cache=1639499065001 HTTP/1.1" 200 3795
190.171.141.82 - - [14/Dec/2021:13:36:24 -0300] "POST /cormun/servlet/solicitudot?0ea2f700c39deb37c6cb1bf036508895,INS,0,0,false,,gx-no-cache=1639499065284 HTTP/1.1" 200 12299
190.171.141.82 - - [14/Dec/2021:13:36:33 -0300] "GET /cormun/servlet/solicitudot?bf2c8578bdda7d8973f631a67cc3bbb398310cd804697a54c0f931154754bacbccee526c40ac70aba3ba9dbb50cc5317,gx-no-cache=1639499074542 HTTP/1.1" 200 30
186.103.159.189 - - [14/Dec/2021:13:38:01 -0300] "GET /cormun/servlet/hlogin HTTP/1.1" 200 1724
186.103.159.189 - - [14/Dec/2021:13:38:01 -0300] "GET /cormun/servlet/hlogin HTTP/1.1" 200 1735
186.103.159.189 - - [14/Dec/2021:13:38:14 -0300] "POST /cormun/servlet/hlogin?e9527c641523c8be2792c5bc91041b57,gx-no-cache=1639499174163 HTTP/1.1" 200 90
186.103.159.189 - - [14/Dec/2021:13:38:14 -0300] "GET /cormun/servlet/hpexe_link HTTP/1.1" 200 951
186.103.159.189 - - [14/Dec/2021:13:38:14 -0300] "GET /cormun/servlet/hhome HTTP/1.1" 200 3993
186.103.159.189 - - [14/Dec/2021:13:38:14 -0300] "GET /cormun/servlet/hhome HTTP/1.1" 200 3990
190.171.141.82 - - [14/Dec/2021:13:38:56 -0300] "GET /cormun/servlet/prbanco?,MD,,gxPopupLevel%3D0%3B HTTP/1.1" 200 6508
190.171.141.82 - - [14/Dec/2021:13:38:56 -0300] "GET /cormun/static/Resources/resize.gif HTTP/1.1" 200 77
190.171.141.82 - - [14/Dec/2021:13:38:57 -0300] "GET /cormun/static/Resources/PXTools/ClosePrompt.png HTTP/1.1" 200 1036
190.171.141.82 - - [14/Dec/2021:13:38:57 -0300] "GET /cormun/static/gxcfg.js?20201216131581 HTTP/1.1" 200 953
190.171.141.82 - - [14/Dec/2021:13:38:57 -0300] "GET /cormun/static/prbanco.js?20201216132311 HTTP/1.1" 200 10693
190.171.141.82 - - [14/Dec/2021:13:38:57 -0300] "GET /cormun/static/menusearch.js?20201214473581 HTTP/1.1" 200 1424
190.171.141.82 - - [14/Dec/2021:13:38:57 -0300] "GET /cormun/static/hmpwkw011.js?20201215495555 HTTP/1.1" 200 1968
190.171.141.82 - - [14/Dec/2021:13:38:58 -0300] "GET /cormun/static/Resources/PXToolsMenuSearch.png HTTP/1.1" 200 336
190.171.141.82 - - [14/Dec/2021:13:38:58 -0300] "GET /cormun/static/Resources/PXToolsMenuSearchCancel.png HTTP/1.1" 200 306
190.171.141.82 - - [14/Dec/2021:13:39:05 -0300] "GET /cormun/servlet/solicitudot?bf2c8578bdda7d8973f631a67cc3bbb39fa9611a2e3949eabfbdf8d8be5a6176de3195aa8fbebbc9b600efdadfc4287c063b2a70525c6f238cd0fc4563ed87bb,gx-no-cache=1639499225135 HTTP/1.1" 200 30
190.171.141.82 - - [14/Dec/2021:13:39:10 -0300] "GET /cormun/servlet/solicitudot?bf2c8578bdda7d8973f631a67cc3bbb3ea9a9f3c9bf2c7ae32eae18d19b3d69f,gx-no-cache=1639499230835 HTTP/1.1" 200 45
190.171.141.82 - - [14/Dec/2021:13:40:02 -0300] "POST /cormun/servlet/solicitudot?gx-no-cache=1639499282772 HTTP/1.1" 200 297
190.171.141.82 - - [14/Dec/2021:13:40:02 -0300] "GET /cormun/servlet/solicitudot?bf2c8578bdda7d8973f631a67cc3bbb3c2b4d084b308bcc7952595fc4497246206fbf9d1d8a1387321ef42feb475f764ef1106cab63955933266f370bf5b39bb1a5a90364100a93f9f010ab4cd5e136381fda22a5322f63a5126a089b70dec22b052f30bd9b95faded061953430cb124d086681139b11638aa032d7a52da5ded3e0fd6973fe2252dbe5da2819ba7edb1f8ccb2f1c815ab5dfe9d78e1c86ab4f73f94ce7fe929259853ef28c3596e928180680d5cc50fca3774aa7a1ac3b863c9d32e8d0ef6d93e9f2889190b040871a0471ff238cd8a171ff4ae0744cb488c1b123b6c1e312b1eac1e4590d070cf25bdb2d54cdccf081279292c14c6d4c87c48aadc77beea49a4c576b300e31fb4eda7ce7fdefbd9fd656717b4b0396797e2c915ce1201e3f4b2f1282128e0d7d030b5efd2a8d0dc98c67df90aa016401ae5de5fa23fb66a1bc60261ba02a16411ea0c76de1ea123e61395894ce7247647bdd388c5ab1edbbc3ecb27f57806e7fb145914a722c694d9d745303b9f87d5450749d52d964cd2fb9deb5035a14fb54be61f,gx-no-cache=1639499282893 HTTP/1.1" 200 30
190.171.141.82 - - [14/Dec/2021:13:40:07 -0300] "POST /cormun/servlet/solicitudot?gx-no-cache=1639499287997 HTTP/1.1" 200 30
190.171.141.82 - - [14/Dec/2021:13:40:10 -0300] "POST /cormun/servlet/solicitudot?gx-no-cache=1639499290890 HTTP/1.1" 200 1439
190.171.141.82 - - [14/Dec/2021:13:40:10 -0300] "POST /cormun/servlet/solicitudot?gx-no-cache=1639499291033 HTTP/1.1" 200 38
190.171.141.82 - - [14/Dec/2021:13:40:29 -0300] "GET /cormun/servlet/solicitudot?bf2c8578bdda7d8973f631a67cc3bbb324529c2df4b7da3f7bfc444b145d43086215d006dfc0b9de4c4093fe40d6bc2e7375d01398e1412bf8c32412ab7347dd2e3d0f3d5866ea190ae0287e65e866151004fca26368fc2c5171641ad89240cc072db1067dac67d327eba035676dc267,gx-no-cache=1639499310227 HTTP/1.1" 200 110
190.171.141.82 - - [14/Dec/2021:13:40:29 -0300] "POST /cormun/servlet/solicitudot?gx-no-cache=1639499310300 HTTP/1.1" 200 97
190.171.141.82 - - [14/Dec/2021:13:40:29 -0300] "GET /cormun/servlet/solicitudot?bf2c8578bdda7d8973f631a67cc3bbb3765a6c10d2a45021bfe9f09c6aa2bf3d6ef2cf349dbe859540d1a96d56d7e5618f26477d51348f455711de85f3ee6fe14c57507cdd695fe424e038e981faf9c9fe4ef076b57c39475928bdd37f5e8411269be2918cf8193dc87b0ac1e2174707,gx-no-cache=1639499310378 HTTP/1.1" 200 29
186.103.159.189 - - [14/Dec/2021:13:40:51 -0300] "GET /cormun/servlet/trlicencias? HTTP/1.1" 200 9186
186.103.159.189 - - [14/Dec/2021:13:40:52 -0300] "GET /cormun/servlet/trlicencias? HTTP/1.1" 200 9182
190.171.141.82 - - [14/Dec/2021:13:42:22 -0300] "GET /cormun/servlet/solicitudot?bf2c8578bdda7d8973f631a67cc3bbb3f6e8399ee81d2055f99307f288da2f5610a4d6dbec7201e2d45ace2139389f87,gx-no-cache=1639499422728 HTTP/1.1" 200 30
190.171.141.82 - - [14/Dec/2021:13:43:06 -0300] "POST /cormun/servlet/solicitudot?gx-no-cache=1639499467488 HTTP/1.1" 200 30
190.171.141.82 - - [14/Dec/2021:13:44:50 -0300] "POST /cormun/servlet/solicitudot?0ea2f700c39deb37c6cb1bf036508895,INS,0,0,false,,gx-no-cache=1639499570359 HTTP/1.1" 200 93
190.171.141.82 - - [14/Dec/2021:13:44:50 -0300] "GET /cormun/servlet/hpexe_return? HTTP/1.1" 200 1010
190.171.141.82 - - [14/Dec/2021:13:44:51 -0300] "GET /cormun/servlet/trsolicitudot HTTP/1.1" 200 23724
190.171.141.82 - - [14/Dec/2021:13:44:53 -0300] "GET /cormun/servlet/trsolicitudot HTTP/1.1" 200 23720
190.171.141.82 - - [14/Dec/2021:13:44:57 -0300] "GET /cormun/servlet/solicitudot?INS,0,0,false, HTTP/1.1" 200 15601
190.171.141.82 - - [14/Dec/2021:13:44:58 -0300] "GET /cormun/servlet/solicitudot?INS,0,0,false, HTTP/1.1" 200 15609
190.171.141.82 - - [14/Dec/2021:13:45:07 -0300] "POST /cormun/servlet/solicitudot?gx-no-cache=1639499587586 HTTP/1.1" 200 3795
190.171.141.82 - - [14/Dec/2021:13:45:07 -0300] "POST /cormun/servlet/solicitudot?0ea2f700c39deb37c6cb1bf036508895,INS,0,0,false,,gx-no-cache=1639499587908 HTTP/1.1" 200 12299
190.171.141.82 - - [14/Dec/2021:13:45:09 -0300] "GET /cormun/servlet/solicitudot?bf2c8578bdda7d8973f631a67cc3bbb398310cd804697a54c0f931154754bacbccee526c40ac70aba3ba9dbb50cc5317,gx-no-cache=1639499589748 HTTP/1.1" 200 30
190.171.141.82 - - [14/Dec/2021:13:45:38 -0300] "GET /cormun/servlet/prbanco?,MD,,gxPopupLevel%3D0%3B HTTP/1.1" 200 6508
190.171.141.82 - - [14/Dec/2021:13:45:43 -0300] "GET /cormun/servlet/solicitudot?bf2c8578bdda7d8973f631a67cc3bbb39fa9611a2e3949eabfbdf8d8be5a6176de3195aa8fbebbc9b600efdadfc4287c063b2a70525c6f238cd0fc4563ed87bb,gx-no-cache=1639499624156 HTTP/1.1" 200 30
190.171.141.82 - - [14/Dec/2021:13:45:45 -0300] "GET /cormun/servlet/solicitudot?bf2c8578bdda7d8973f631a67cc3bbb3ea9a9f3c9bf2c7ae32eae18d19b3d69f,gx-no-cache=1639499626249 HTTP/1.1" 200 45
190.171.141.82 - - [14/Dec/2021:13:45:57 -0300] "POST /cormun/servlet/solicitudot?gx-no-cache=1639499638175 HTTP/1.1" 200 297
190.171.141.82 - - [14/Dec/2021:13:45:57 -0300] "GET /cormun/servlet/solicitudot?bf2c8578bdda7d8973f631a67cc3bbb3c2b4d084b308bcc7952595fc4497246206fbf9d1d8a1387321ef42feb475f764ef1106cab63955933266f370bf5b39bb1a5a90364100a93f9f010ab4cd5e136381fda22a5322f63a5126a089b70dec22b052f30bd9b95faded061953430cb124d086681139b11638aa032d7a52da5ded3e0fd6973fe2252dbe5da2819ba7edb1f8ccb2f1c815ab5dfe9d78e1c86ab4f73f94ce7fe929259853ef28c3596e928180680d5cc50fca3774aa7a1ac3b863c9d32e8d0ef6d93e9f2889190b040871a0471ff238cd8a171ff4ae0744cb488c1b123b6c1e312b1eac1e4590d070cf25bdb2d54cdccf081279292c14c6d4c87c48aadc77beea49a4c576b300e31fb4eda7ce7fdefbd9fd656717b4b0396797e2c915ce1201e3f4b2f1282128e0d7d030b5efd2a8d0dc98c67df90aa016401ae5de5fa23fb66a1bc60261ba02a16411ea0c76de1ea123e61395894ce7247647bdd388c5ab1edbbc3ecb27f57806e7fb145914a722c694d9d745303b9f87d5450749d52d964cd2fb9deb5035a14fb54be61f,gx-no-cache=1639499638286 HTTP/1.1" 200 30
190.171.141.82 - - [14/Dec/2021:13:46:01 -0300] "POST /cormun/servlet/solicitudot?gx-no-cache=1639499641841 HTTP/1.1" 200 30
190.171.141.82 - - [14/Dec/2021:13:46:02 -0300] "POST /cormun/servlet/solicitudot?gx-no-cache=1639499643476 HTTP/1.1" 200 1439
190.171.141.82 - - [14/Dec/2021:13:46:02 -0300] "POST /cormun/servlet/solicitudot?gx-no-cache=1639499643591 HTTP/1.1" 200 38
190.171.141.82 - - [14/Dec/2021:13:46:38 -0300] "GET /cormun/servlet/solicitudot?bf2c8578bdda7d8973f631a67cc3bbb324529c2df4b7da3f7bfc444b145d43086215d006dfc0b9de4c4093fe40d6bc2e7375d01398e1412bf8c32412ab7347dd2e3d0f3d5866ea190ae0287e65e866151004fca26368fc2c5171641ad89240cc072db1067dac67d327eba035676dc267,gx-no-cache=1639499678675 HTTP/1.1" 200 110
190.171.141.82 - - [14/Dec/2021:13:46:38 -0300] "POST /cormun/servlet/solicitudot?gx-no-cache=1639499678796 HTTP/1.1" 200 97
190.171.141.82 - - [14/Dec/2021:13:46:54 -0300] "GET /cormun/servlet/solicitudot?bf2c8578bdda7d8973f631a67cc3bbb3765a6c10d2a45021bfe9f09c6aa2bf3d6ef2cf349dbe859540d1a96d56d7e5618f26477d51348f455711de85f3ee6fe14c57507cdd695fe424e038e981faf9c9fe4ef076b57c39475928bdd37f5e8411269be2918cf8193dc87b0ac1e2174707,gx-no-cache=1639499694790 HTTP/1.1" 200 29
190.171.141.82 - - [14/Dec/2021:13:46:59 -0300] "GET /cormun/servlet/solicitudot?bf2c8578bdda7d8973f631a67cc3bbb3f6e8399ee81d2055f99307f288da2f5610a4d6dbec7201e2d45ace2139389f87,gx-no-cache=1639499700054 HTTP/1.1" 200 30
190.171.141.82 - - [14/Dec/2021:13:47:04 -0300] "POST /cormun/servlet/solicitudot?gx-no-cache=1639499705217 HTTP/1.1" 200 30
186.103.159.189 - - [14/Dec/2021:13:47:09 -0300] "GET /cormun/servlet/trlicencias? HTTP/1.1" 200 9186
186.103.159.189 - - [14/Dec/2021:13:47:10 -0300] "GET /cormun/servlet/trlicencias? HTTP/1.1" 200 9184
190.171.141.82 - - [14/Dec/2021:13:47:25 -0300] "POST /cormun/servlet/solicitudot?0ea2f700c39deb37c6cb1bf036508895,INS,0,0,false,,gx-no-cache=1639499726148 HTTP/1.1" 200 93
190.171.141.82 - - [14/Dec/2021:13:47:25 -0300] "GET /cormun/servlet/hpexe_return? HTTP/1.1" 200 1010
190.171.141.82 - - [14/Dec/2021:13:47:26 -0300] "GET /cormun/servlet/trsolicitudot HTTP/1.1" 200 23968
190.171.141.82 - - [14/Dec/2021:13:47:28 -0300] "GET /cormun/servlet/trsolicitudot HTTP/1.1" 200 23963
190.171.141.82 - - [14/Dec/2021:13:47:32 -0300] "GET /cormun/servlet/solicitudot?INS,0,0,false, HTTP/1.1" 200 15602
190.171.141.82 - - [14/Dec/2021:13:47:34 -0300] "GET /cormun/servlet/solicitudot?INS,0,0,false, HTTP/1.1" 200 15609
190.171.141.82 - - [14/Dec/2021:13:47:42 -0300] "POST /cormun/servlet/solicitudot?gx-no-cache=1639499742372 HTTP/1.1" 200 3795
190.171.141.82 - - [14/Dec/2021:13:47:42 -0300] "POST /cormun/servlet/solicitudot?0ea2f700c39deb37c6cb1bf036508895,INS,0,0,false,,gx-no-cache=1639499743013 HTTP/1.1" 200 12299
190.171.141.82 - - [14/Dec/2021:13:47:44 -0300] "GET /cormun/servlet/solicitudot?bf2c8578bdda7d8973f631a67cc3bbb398310cd804697a54c0f931154754bacbccee526c40ac70aba3ba9dbb50cc5317,gx-no-cache=1639499744679 HTTP/1.1" 200 30
190.171.141.82 - - [14/Dec/2021:13:48:09 -0300] "GET /cormun/servlet/prbanco?,MD,,gxPopupLevel%3D0%3B HTTP/1.1" 200 6508
190.171.141.82 - - [14/Dec/2021:13:48:17 -0300] "GET /cormun/servlet/solicitudot?bf2c8578bdda7d8973f631a67cc3bbb39fa9611a2e3949eabfbdf8d8be5a6176de3195aa8fbebbc9b600efdadfc4287c063b2a70525c6f238cd0fc4563ed87bb,gx-no-cache=1639499777825 HTTP/1.1" 200 30
190.171.141.82 - - [14/Dec/2021:13:48:19 -0300] "GET /cormun/servlet/solicitudot?bf2c8578bdda7d8973f631a67cc3bbb3ea9a9f3c9bf2c7ae32eae18d19b3d69f,gx-no-cache=1639499780025 HTTP/1.1" 200 45
190.171.141.82 - - [14/Dec/2021:13:48:28 -0300] "POST /cormun/servlet/solicitudot?gx-no-cache=1639499788691 HTTP/1.1" 200 297
190.171.141.82 - - [14/Dec/2021:13:48:28 -0300] "GET /cormun/servlet/solicitudot?bf2c8578bdda7d8973f631a67cc3bbb3c2b4d084b308bcc7952595fc4497246206fbf9d1d8a1387321ef42feb475f764ef1106cab63955933266f370bf5b39bb1a5a90364100a93f9f010ab4cd5e136381fda22a5322f63a5126a089b70dec22b052f30bd9b95faded061953430cb124d086681139b11638aa032d7a52da5ded3e0fd6973fe2252dbe5da2819ba7edb1f8ccb2f1c815ab5dfe9d78e1c86ab4f73f94ce7fe929259853ef28c3596e928180680d5cc50fca3774aa7a1ac3b863c9d32e8d0ef6d93e9f2889190b040871a0471ff238cd8a171ff4ae0744cb488c1b123b6c1e312b1eac1e4590d070cf25bdb2d54cdccf081279292c14c6d4c87c48aadc77beea49a4c576b300e31fb4eda7ce7fdefbd9fd656717b4b0396797e2c915ce1201e3f4b2f1282128e0d7d030b5efd2a8d0dc98c67df90aa016401ae5de5fa23fb66a1bc60261ba02a16411ea0c76de1ea123e61395894ce7247647bdd388c5ab1edbbc3ecb27f57806e7fb145914a722c694d9d745303b9f87d5450749d52d964cd2fb9deb5035a14fb54be61f,gx-no-cache=1639499788795 HTTP/1.1" 200 30
190.171.141.82 - - [14/Dec/2021:13:48:32 -0300] "POST /cormun/servlet/solicitudot?gx-no-cache=1639499792789 HTTP/1.1" 200 30
190.171.141.82 - - [14/Dec/2021:13:48:34 -0300] "POST /cormun/servlet/solicitudot?gx-no-cache=1639499794825 HTTP/1.1" 200 1439
190.171.141.82 - - [14/Dec/2021:13:48:34 -0300] "POST /cormun/servlet/solicitudot?gx-no-cache=1639499794964 HTTP/1.1" 200 38
190.171.141.82 - - [14/Dec/2021:13:49:14 -0300] "GET /cormun/servlet/solicitudot?bf2c8578bdda7d8973f631a67cc3bbb324529c2df4b7da3f7bfc444b145d43086215d006dfc0b9de4c4093fe40d6bc2e7375d01398e1412bf8c32412ab7347dd2e3d0f3d5866ea190ae0287e65e866151004fca26368fc2c5171641ad89240cc072db1067dac67d327eba035676dc267,gx-no-cache=1639499834830 HTTP/1.1" 200 110
190.171.141.82 - - [14/Dec/2021:13:49:16 -0300] "POST /cormun/servlet/solicitudot?gx-no-cache=1639499836782 HTTP/1.1" 200 97
190.171.141.82 - - [14/Dec/2021:13:49:30 -0300] "POST /cormun/servlet/solicitudot?gx-no-cache=1639499850744 HTTP/1.1" 200 72
190.171.141.82 - - [14/Dec/2021:13:49:38 -0300] "GET /cormun/servlet/solicitudot?bf2c8578bdda7d8973f631a67cc3bbb3765a6c10d2a45021bfe9f09c6aa2bf3d6ef2cf349dbe859540d1a96d56d7e5618f26477d51348f455711de85f3ee6fe14c57507cdd695fe424e038e981faf9c9fe4ef076b57c39475928bdd37f5e8411269be2918cf8193dc87b0ac1e2174707,gx-no-cache=1639499859350 HTTP/1.1" 200 29
190.171.141.82 - - [14/Dec/2021:13:49:44 -0300] "GET /cormun/servlet/solicitudot?bf2c8578bdda7d8973f631a67cc3bbb3f6e8399ee81d2055f99307f288da2f5610a4d6dbec7201e2d45ace2139389f87,gx-no-cache=1639499865354 HTTP/1.1" 200 30
190.171.141.82 - - [14/Dec/2021:13:49:48 -0300] "POST /cormun/servlet/solicitudot?gx-no-cache=1639499868867 HTTP/1.1" 200 30
190.171.141.122 - - [14/Dec/2021:13:50:12 -0300] "GET /cormun/servlet/trpermisosgoce? HTTP/1.1" 200 9922
190.171.141.122 - - [14/Dec/2021:13:50:13 -0300] "GET /cormun/servlet/trpermisosgoce? HTTP/1.1" 200 9920
190.171.141.82 - - [14/Dec/2021:13:50:15 -0300] "POST /cormun/servlet/solicitudot?0ea2f700c39deb37c6cb1bf036508895,INS,0,0,false,,gx-no-cache=1639499895885 HTTP/1.1" 200 93
190.171.141.82 - - [14/Dec/2021:13:50:15 -0300] "GET /cormun/servlet/hpexe_return? HTTP/1.1" 200 1010
190.171.141.82 - - [14/Dec/2021:13:50:16 -0300] "GET /cormun/servlet/trsolicitudot HTTP/1.1" 200 24340
190.171.141.82 - - [14/Dec/2021:13:50:18 -0300] "GET /cormun/servlet/trsolicitudot HTTP/1.1" 200 24335
190.171.141.122 - - [14/Dec/2021:13:50:19 -0300] "GET /cormun/static/menuarrow.gif HTTP/1.1" 404 1015
190.171.141.82 - - [14/Dec/2021:13:50:22 -0300] "POST /cormun/servlet/trsolicitudot?0ea2f700c39deb37c6cb1bf036508895,gx-no-cache=1639499902614 HTTP/1.1" 200 21403
186.103.159.189 - - [14/Dec/2021:13:50:46 -0300] "POST /cormun/servlet/trlicencias?e9527c641523c8be2792c5bc91041b57,,gx-no-cache=1639499924560 HTTP/1.1" 200 6604
190.171.141.82 - - [14/Dec/2021:13:50:49 -0300] "POST /cormun/servlet/trsolicitudot?0ea2f700c39deb37c6cb1bf036508895,gx-no-cache=1639499929834 HTTP/1.1" 200 21448
186.103.159.189 - - [14/Dec/2021:13:50:51 -0300] "GET /cormun/static/menuarrow.gif HTTP/1.1" 404 1015
190.171.141.82 - - [14/Dec/2021:13:50:51 -0300] "GET /cormun/static/Shared/jqueryui/images/ui-bg_highlight-soft_100_c6c2c8_1x100.png HTTP/1.1" 404 1117
190.171.141.82 - - [14/Dec/2021:13:50:51 -0300] "GET /cormun/static/Shared/jqueryui/images/ui-icons_82798d_256x240.png HTTP/1.1" 404 1089
190.171.141.82 - - [14/Dec/2021:13:50:51 -0300] "GET /cormun/static/Shared/jqueryui/images/ui-bg_flat_55_fafafa_40x100.png HTTP/1.1" 404 1097
190.171.141.82 - - [14/Dec/2021:13:50:51 -0300] "GET /cormun/static/Shared/jqueryui/images/ui-icons_8d78a5_256x240.png HTTP/1.1" 404 1089
190.171.141.82 - - [14/Dec/2021:13:50:53 -0300] "POST /cormun/servlet/trsolicitudot?0ea2f700c39deb37c6cb1bf036508895,gx-no-cache=1639499933093 HTTP/1.1" 200 21388
186.103.159.189 - - [14/Dec/2021:13:50:56 -0300] "POST /cormun/servlet/trlicencias?e9527c641523c8be2792c5bc91041b57,,gx-no-cache=1639499935444 HTTP/1.1" 200 7144
190.171.141.82 - - [14/Dec/2021:13:51:00 -0300] "POST /cormun/servlet/trsolicitudot?0ea2f700c39deb37c6cb1bf036508895,gx-no-cache=1639499940165 HTTP/1.1" 200 21449
190.171.141.82 - - [14/Dec/2021:13:51:05 -0300] "POST /cormun/servlet/trsolicitudot?0ea2f700c39deb37c6cb1bf036508895,gx-no-cache=1639499944651 HTTP/1.1" 200 21387
186.103.159.189 - - [14/Dec/2021:13:51:06 -0300] "POST /cormun/servlet/trlicencias?e9527c641523c8be2792c5bc91041b57,,gx-no-cache=1639499946169 HTTP/1.1" 200 7147
190.171.141.122 - - [14/Dec/2021:13:51:07 -0300] "POST /cormun/servlet/trpermisosgoce?1f083013e8ec2086724c5d863d74a0e7,,gx-no-cache=1639499947369 HTTP/1.1" 200 4484
190.171.141.82 - - [14/Dec/2021:13:51:10 -0300] "POST /cormun/servlet/trsolicitudot?0ea2f700c39deb37c6cb1bf036508895,gx-no-cache=1639499951000 HTTP/1.1" 200 21442
190.171.141.122 - - [14/Dec/2021:13:51:12 -0300] "GET /cormun/servlet/permisogoce?INS,0,,, HTTP/1.1" 200 7128
190.171.141.122 - - [14/Dec/2021:13:51:12 -0300] "GET /cormun/servlet/permisogoce?INS,0,,, HTTP/1.1" 200 7128
190.171.141.82 - - [14/Dec/2021:13:51:15 -0300] "POST /cormun/servlet/trsolicitudot?0ea2f700c39deb37c6cb1bf036508895,gx-no-cache=1639499955212 HTTP/1.1" 200 21380
190.171.141.82 - - [14/Dec/2021:13:51:24 -0300] "GET /cormun/servlet/trpermisosgoce? HTTP/1.1" 200 10945
190.171.141.82 - - [14/Dec/2021:13:51:26 -0300] "GET /cormun/servlet/trpermisosgoce? HTTP/1.1" 200 10946
190.171.141.122 - - [14/Dec/2021:13:51:39 -0300] "GET /cormun/servlet/permisogoce?7f18127f5ae7747ae82b6f4418239162c89537a4f0c065a107d61bfb3a5f41926b8396dd68b2d55e7138f2ff57086829dfa266db67ed9f46687ae6ee157751dc,gx-no-cache=1639499979576 HTTP/1.1" 200 79
190.171.141.122 - - [14/Dec/2021:13:51:39 -0300] "GET /cormun/static/menuarrow.gif HTTP/1.1" 404 1015
190.171.141.122 - - [14/Dec/2021:13:51:45 -0300] "GET /cormun/servlet/permisogoce?7f18127f5ae7747ae82b6f4418239162f347c764efc48f65a8602f21bc5afe5e30e091e07bc44ff732b7422c6c833249fbb524681059dcc14b28cb5adf4992b4,gx-no-cache=1639499985293 HTTP/1.1" 200 129
190.171.141.122 - - [14/Dec/2021:13:51:45 -0300] "GET /cormun/static/Shared/jqueryui/images/ui-bg_highlight-soft_100_c6c2c8_1x100.png HTTP/1.1" 404 1117
190.171.141.122 - - [14/Dec/2021:13:51:45 -0300] "GET /cormun/static/Shared/jqueryui/images/ui-icons_82798d_256x240.png HTTP/1.1" 404 1089
190.171.141.122 - - [14/Dec/2021:13:51:45 -0300] "GET /cormun/static/Shared/jqueryui/images/ui-bg_flat_55_994d53_40x100.png HTTP/1.1" 404 1097
190.171.141.122 - - [14/Dec/2021:13:51:45 -0300] "GET /cormun/static/Shared/jqueryui/images/ui-icons_ebccce_256x240.png HTTP/1.1" 404 1089
190.171.141.122 - - [14/Dec/2021:13:51:53 -0300] "GET /cormun/servlet/permisogoce?7f18127f5ae7747ae82b6f4418239162f347c764efc48f65a8602f21bc5afe5ec6f1d4e99173ade56ae50d167ab5eabcfbb524681059dcc14b28cb5adf4992b4,gx-no-cache=1639499993445 HTTP/1.1" 200 46
190.171.141.82 - - [14/Dec/2021:13:52:52 -0300] "POST /cormun/servlet/trpermisosgoce?0ea2f700c39deb37c6cb1bf036508895,,gx-no-cache=1639500052643 HTTP/1.1" 200 8262
186.103.159.189 - - [14/Dec/2021:13:52:56 -0300] "POST /cormun/servlet/trlicencias?e9527c641523c8be2792c5bc91041b57,,gx-no-cache=1639500055442 HTTP/1.1" 200 7143
190.171.141.82 - - [14/Dec/2021:13:52:57 -0300] "GET /cormun/servlet/trpermisosadjuntos?14332274,20211214131309,P, HTTP/1.1" 200 6274
190.171.141.82 - - [14/Dec/2021:13:52:59 -0300] "GET /cormun/servlet/trpermisosadjuntos?14332274,20211214131309,P, HTTP/1.1" 200 6274
190.171.141.82 - - [14/Dec/2021:13:53:02 -0300] "GET /cormun/servlet/permisosadjuntos?INS,14332274,P,20211214131309,, HTTP/1.1" 200 5594
190.171.141.82 - - [14/Dec/2021:13:53:03 -0300] "GET /cormun/static/about:blank HTTP/1.1" 404 1011
190.171.141.82 - - [14/Dec/2021:13:53:04 -0300] "GET /cormun/servlet/permisosadjuntos?INS,14332274,P,20211214131309,, HTTP/1.1" 200 5584
190.171.141.82 - - [14/Dec/2021:13:53:12 -0300] "POST /cormun/servlet/permisosadjuntos?0ea2f700c39deb37c6cb1bf036508895,INS,14332274,P,20211214131309,, HTTP/1.1" 200 116
190.171.141.82 - - [14/Dec/2021:13:53:12 -0300] "GET /cormun/servlet/hpexe_return? HTTP/1.1" 200 1039
190.171.141.82 - - [14/Dec/2021:13:53:12 -0300] "GET /cormun/servlet/trpermisosadjuntos?14332274,20211214131309,P, HTTP/1.1" 200 6760
190.171.141.82 - - [14/Dec/2021:13:53:13 -0300] "GET /cormun/servlet/trpermisosadjuntos?14332274,20211214131309,P, HTTP/1.1" 200 6757
186.103.159.189 - - [14/Dec/2021:13:53:14 -0300] "POST /cormun/servlet/trlicencias?e9527c641523c8be2792c5bc91041b57,,gx-no-cache=1639500073817 HTTP/1.1" 200 13028
190.171.141.82 - - [14/Dec/2021:13:53:24 -0300] "GET /cormun/servlet/trpermisosgoce? HTTP/1.1" 200 10947
190.171.141.82 - - [14/Dec/2021:13:53:26 -0300] "GET /cormun/servlet/trpermisosgoce? HTTP/1.1" 200 10944
190.171.141.82 - - [14/Dec/2021:13:53:30 -0300] "POST /cormun/servlet/trpermisosgoce?0ea2f700c39deb37c6cb1bf036508895,,gx-no-cache=1639500091319 HTTP/1.1" 200 8266
190.171.141.82 - - [14/Dec/2021:13:53:34 -0300] "POST /cormun/servlet/trpermisosgoce?0ea2f700c39deb37c6cb1bf036508895,,gx-no-cache=1639500094788 HTTP/1.1" 200 8229
190.171.141.82 - - [14/Dec/2021:13:53:35 -0300] "GET /cormun/static/Shared/jqueryui/images/ui-bg_highlight-soft_100_c6c2c8_1x100.png HTTP/1.1" 404 1117
190.171.141.82 - - [14/Dec/2021:13:53:35 -0300] "GET /cormun/static/Shared/jqueryui/images/ui-icons_8d78a5_256x240.png HTTP/1.1" 404 1089
190.171.141.82 - - [14/Dec/2021:13:53:35 -0300] "GET /cormun/static/Shared/jqueryui/images/ui-icons_82798d_256x240.png HTTP/1.1" 404 1089
190.171.141.82 - - [14/Dec/2021:13:53:35 -0300] "GET /cormun/static/Shared/jqueryui/images/ui-bg_flat_55_fafafa_40x100.png HTTP/1.1" 404 1097
186.103.159.189 - - [14/Dec/2021:13:53:41 -0300] "GET /cormun/servlet/hhome HTTP/1.1" 200 3993
186.103.159.189 - - [14/Dec/2021:13:53:42 -0300] "GET /cormun/servlet/hhome HTTP/1.1" 200 3990
186.103.159.189 - - [14/Dec/2021:13:54:16 -0300] "GET /cormun/servlet/trlicencias? HTTP/1.1" 200 15100
186.103.159.189 - - [14/Dec/2021:13:54:17 -0300] "GET /cormun/servlet/trlicencias? HTTP/1.1" 200 15088
186.103.159.189 - - [14/Dec/2021:13:54:22 -0300] "POST /cormun/servlet/trlicencias?e9527c641523c8be2792c5bc91041b57,,gx-no-cache=1639500141362 HTTP/1.1" 200 13036
186.103.159.189 - - [14/Dec/2021:13:54:23 -0300] "GET /cormun/servlet/trlicencias? HTTP/1.1" 200 15088
186.103.159.189 - - [14/Dec/2021:13:54:23 -0300] "GET /cormun/servlet/trlicencias? HTTP/1.1" 200 15085
186.103.159.189 - - [14/Dec/2021:13:54:24 -0300] "GET /cormun/servlet/trlicencias? HTTP/1.1" 200 15088
186.103.159.189 - - [14/Dec/2021:13:54:24 -0300] "GET /cormun/servlet/trlicencias? HTTP/1.1" 200 15100
186.103.159.189 - - [14/Dec/2021:13:54:25 -0300] "GET /cormun/servlet/trlicencias? HTTP/1.1" 200 15087
186.103.159.189 - - [14/Dec/2021:13:54:26 -0300] "GET /cormun/servlet/trlicencias? HTTP/1.1" 200 15089
186.103.159.189 - - [14/Dec/2021:13:54:26 -0300] "GET /cormun/servlet/trlicencias? HTTP/1.1" 200 15089
190.171.141.122 - - [14/Dec/2021:13:54:39 -0300] "POST /cormun/servlet/permisogoce?1f083013e8ec2086724c5d863d74a0e7,INS,0,,,,gx-no-cache=1639500159042 HTTP/1.1" 200 93
190.171.141.122 - - [14/Dec/2021:13:54:39 -0300] "GET /cormun/servlet/hpexe_return? HTTP/1.1" 200 1007
190.171.141.122 - - [14/Dec/2021:13:54:39 -0300] "GET /cormun/servlet/trpermisosgoce? HTTP/1.1" 200 8069
190.171.141.122 - - [14/Dec/2021:13:54:40 -0300] "GET /cormun/servlet/trpermisosgoce? HTTP/1.1" 200 8065
190.171.141.122 - - [14/Dec/2021:13:54:43 -0300] "GET /cormun/servlet/apermisogoceprn?13948001,P,20211214133647,PU HTTP/1.1" 200 1665
190.171.141.122 - - [14/Dec/2021:13:55:10 -0300] "GET /cormun/servlet/permisogoce?INS,0,,, HTTP/1.1" 200 7128
190.171.141.122 - - [14/Dec/2021:13:55:11 -0300] "GET /cormun/servlet/permisogoce?INS,0,,, HTTP/1.1" 200 7128
190.171.141.122 - - [14/Dec/2021:13:55:12 -0300] "GET /cormun/servlet/trpermisosgoce? HTTP/1.1" 200 8067
190.171.141.122 - - [14/Dec/2021:13:55:12 -0300] "GET /cormun/servlet/trpermisosgoce? HTTP/1.1" 200 8065
190.171.141.122 - - [14/Dec/2021:13:55:13 -0300] "GET /cormun/servlet/hhome HTTP/1.1" 200 4235
190.171.141.122 - - [14/Dec/2021:13:55:13 -0300] "GET /cormun/servlet/hhome HTTP/1.1" 200 4235
190.171.141.122 - - [14/Dec/2021:13:55:18 -0300] "GET /cormun/servlet/trpermisosgoce? HTTP/1.1" 200 8067
190.171.141.122 - - [14/Dec/2021:13:55:18 -0300] "GET /cormun/servlet/trpermisosgoce? HTTP/1.1" 200 8065
190.171.141.90 - - [14/Dec/2021:14:01:01 -0300] "GET /cormun/servlet/hlogin HTTP/1.1" 200 1719
190.171.141.90 - - [14/Dec/2021:14:01:03 -0300] "GET /cormun/servlet/hlogin HTTP/1.1" 200 1728
190.171.141.90 - - [14/Dec/2021:14:01:07 -0300] "POST /cormun/servlet/hlogin?44ed26b89d1df8c4ea63c1dcb5df82de,gx-no-cache=1639500547643 HTTP/1.1" 200 436
190.171.141.90 - - [14/Dec/2021:14:01:56 -0300] "POST /cormun/servlet/hlogin?44ed26b89d1df8c4ea63c1dcb5df82de,gx-no-cache=1639500596576 HTTP/1.1" 200 90
190.171.141.90 - - [14/Dec/2021:14:01:56 -0300] "GET /cormun/servlet/hpexe_link HTTP/1.1" 200 947
190.171.141.90 - - [14/Dec/2021:14:01:56 -0300] "GET /cormun/servlet/hhome HTTP/1.1" 200 3965
190.171.141.90 - - [14/Dec/2021:14:01:57 -0300] "GET /cormun/servlet/hhome HTTP/1.1" 200 3961
190.171.141.90 - - [14/Dec/2021:14:02:20 -0300] "GET /cormun/servlet/trsolicitudot? HTTP/1.1" 200 7190
190.171.141.90 - - [14/Dec/2021:14:02:21 -0300] "GET /cormun/servlet/trsolicitudot? HTTP/1.1" 200 7189
190.171.141.90 - - [14/Dec/2021:14:02:25 -0300] "GET /cormun/servlet/solicitudot?INS,0,0,false, HTTP/1.1" 200 15617
190.171.141.90 - - [14/Dec/2021:14:02:26 -0300] "GET /cormun/servlet/solicitudot?INS,0,0,false, HTTP/1.1" 200 15625
190.171.153.26 - - [14/Dec/2021:14:03:12 -0300] "GET /cormun/servlet/hlogin HTTP/1.1" 200 1743
190.171.153.26 - - [14/Dec/2021:14:03:12 -0300] "GET /favicon.ico HTTP/1.1" 200 21630
190.171.141.90 - - [14/Dec/2021:14:04:48 -0300] "POST /cormun/servlet/solicitudot?gx-no-cache=1639500766716 HTTP/1.1" 200 3794
190.171.141.90 - - [14/Dec/2021:14:04:48 -0300] "POST /cormun/servlet/solicitudot?44ed26b89d1df8c4ea63c1dcb5df82de,INS,0,0,false,,gx-no-cache=1639500769249 HTTP/1.1" 200 12295
190.171.141.90 - - [14/Dec/2021:14:04:54 -0300] "GET /cormun/servlet/solicitudot?7739c739eb981212cd68f74f6c353da83c9763b9a68f614d151c7b0bf411667493ff51d858b7237128e9336098b7c66d,gx-no-cache=1639500775413 HTTP/1.1" 200 30
192.168.10.96 - - [14/Dec/2021:14:14:30 -0300] "GET /cormun/servlet/hlogin HTTP/1.1" 200 1726
190.171.143.90 - - [14/Dec/2021:14:14:43 -0300] "GET /cormun/servlet/hlogin HTTP/1.1" 200 1731
190.171.143.90 - - [14/Dec/2021:14:14:43 -0300] "GET /cormun/servlet/hlogin HTTP/1.1" 200 1730
190.171.143.90 - - [14/Dec/2021:14:14:46 -0300] "GET /cormun/servlet/hlogin HTTP/1.1" 200 1740
190.171.143.90 - - [14/Dec/2021:14:14:46 -0300] "GET /cormun/servlet/hlogin HTTP/1.1" 200 1740
190.171.143.90 - - [14/Dec/2021:14:14:57 -0300] "POST /cormun/servlet/hlogin?b0bdbe9b206830a528045975636b5d80,gx-no-cache=1639501378038 HTTP/1.1" 200 90
190.171.143.90 - - [14/Dec/2021:14:14:57 -0300] "GET /cormun/servlet/hpexe_link HTTP/1.1" 200 957
190.171.143.90 - - [14/Dec/2021:14:14:57 -0300] "GET /cormun/servlet/hhome HTTP/1.1" 200 4309
190.171.141.90 - - [14/Dec/2021:14:14:58 -0300] "GET /cormun/servlet/prbanco?,MD,,gxPopupLevel%3D0%3B HTTP/1.1" 200 6524
190.171.143.90 - - [14/Dec/2021:14:14:58 -0300] "GET /cormun/servlet/hhome HTTP/1.1" 200 4306
190.171.141.90 - - [14/Dec/2021:14:14:58 -0300] "GET /cormun/static/gxcfg.js?20201216131581 HTTP/1.1" 200 953
190.171.141.90 - - [14/Dec/2021:14:14:58 -0300] "GET /cormun/static/prbanco.js?20201216132311 HTTP/1.1" 200 10693
190.171.143.90 - - [14/Dec/2021:14:15:02 -0300] "GET /cormun/servlet/trlicencias? HTTP/1.1" 200 12246
190.171.143.90 - - [14/Dec/2021:14:15:02 -0300] "GET /cormun/servlet/trlicencias? HTTP/1.1" 200 12244
190.171.141.90 - - [14/Dec/2021:14:15:10 -0300] "GET /cormun/servlet/solicitudot?7739c739eb981212cd68f74f6c353da8b722b8564847656e4cffe732bac75c8813cdf7d3f051b059c72cef782022c599f294ab10a5f4b86765905ec44d774e25,gx-no-cache=1639501391405 HTTP/1.1" 200 30
190.171.141.90 - - [14/Dec/2021:14:15:14 -0300] "GET /cormun/servlet/solicitudot?7739c739eb981212cd68f74f6c353da83501fac71e78df94ee5a5dbb5897687d,gx-no-cache=1639501394990 HTTP/1.1" 200 53
190.171.141.90 - - [14/Dec/2021:14:15:40 -0300] "POST /cormun/servlet/solicitudot?gx-no-cache=1639501420942 HTTP/1.1" 200 255
190.171.141.90 - - [14/Dec/2021:14:15:45 -0300] "GET /cormun/servlet/solicitudot?7739c739eb981212cd68f74f6c353da87d4f79cd005b44f02ae807e3385f5008ae0c0c89124a09b71131857ef0e382c14d57bf43bc04c7b13c804f7ff2353cf9caeb88baae2910182650ff35549c545f69f766fb5300d96022a305d5211f47a4efc2ebfeb5a1d8ce2f63e181072d3e0e7a1e27460d5d24b87fccf3718420ca9a763ae6d1ceda6f72f20d5e5fab234ea495c703ddd3767f35e92ff2635672fcf4928ddb9950890f084409128ed051ee368fecf3b36947d67f9469c0decaa5d122c93a0b070f35c31fe60145973ce3cf2bc13ef5ff921ec83378e42b4d3c4f9b7e11d1f7cc3cd8b95fcb98e0eeffbe5c7fcbfc0ab05c401d7f5767f9ab30f4e10388c0c29db2372d23c1bfb5b46195ab9fe11b811cb58e07baf8aa7e9ece30e22d4464b5d77076cf472739bdaf33405cccf8aad5fba33cf5f3d4a0a3b2dde1afb5b57c5ed5afd32b114e49ed549f35c481f4f48bcfb5231fba69f4e97e2d7b6329304343e92f03f60d102c001ff82bc735e89d8adbe24ba33c7294eb2ac6013849,gx-no-cache=1639501424590 HTTP/1.1" 200 30
190.171.143.90 - - [14/Dec/2021:14:16:09 -0300] "GET /cormun/static/menuarrow.gif HTTP/1.1" 404 1015
190.171.141.90 - - [14/Dec/2021:14:16:13 -0300] "POST /cormun/servlet/solicitudot?gx-no-cache=1639501454350 HTTP/1.1" 200 30
190.171.141.90 - - [14/Dec/2021:14:16:14 -0300] "POST /cormun/servlet/solicitudot?gx-no-cache=1639501454538 HTTP/1.1" 200 1440
190.171.141.90 - - [14/Dec/2021:14:16:14 -0300] "POST /cormun/servlet/solicitudot?gx-no-cache=1639501454573 HTTP/1.1" 200 38
190.171.141.114 - - [14/Dec/2021:14:16:17 -0300] "GET /cormun/servlet/trsolicitudot? HTTP/1.1" 200 6337
190.171.141.114 - - [14/Dec/2021:14:16:17 -0300] "GET /cormun/static/gxui/gxui-all.css?110300 HTTP/1.1" 200 2179
190.171.141.114 - - [14/Dec/2021:14:16:17 -0300] "GET /cormun/static/calendar-system.css?75620 HTTP/1.1" 200 5572
190.171.141.114 - - [14/Dec/2021:14:16:17 -0300] "GET /cormun/static/gxcfg.js?201991910464971 HTTP/1.1" 200 953
190.171.141.114 - - [14/Dec/2021:14:16:17 -0300] "GET /cormun/static/trsolicitudot.js?201991910465845 HTTP/1.1" 200 54041
190.171.141.114 - - [14/Dec/2021:14:16:17 -0300] "GET /cormun/static/Shared/ext/resources/css/ext-all.css?205870 HTTP/1.1" 200 416045
190.171.141.114 - - [14/Dec/2021:14:16:18 -0300] "GET /cormun/servlet/hlogin HTTP/1.1" 200 1750
190.171.141.114 - - [14/Dec/2021:14:16:18 -0300] "GET /cormun/servlet/trsolicitudot? HTTP/1.1" 200 6329
190.171.141.90 - - [14/Dec/2021:14:16:24 -0300] "POST /cormun/servlet/solicitudot?gx-no-cache=1639501464568 HTTP/1.1" 200 1440
190.171.141.90 - - [14/Dec/2021:14:16:24 -0300] "POST /cormun/servlet/solicitudot?gx-no-cache=1639501464609 HTTP/1.1" 200 38
190.171.141.114 - - [14/Dec/2021:14:16:42 -0300] "POST /cormun/servlet/hlogin?4422156b6d4932824ce13f5f81ecc3ea,gx-no-cache=1639501482282 HTTP/1.1" 200 453
190.171.141.90 - - [14/Dec/2021:14:17:40 -0300] "GET /cormun/servlet/solicitudot?7739c739eb981212cd68f74f6c353da88e947bfc0e679b3f969cf1ecc7c8309ead48789b3851e62602273033870852d2c65f12f751a0848c60e02b643f28225b4d9195fb0d8fc90cc65324f4edcefbd0bc11d1f9c1cd465ff8566c2913b7434d08b68ce81089d72736535fb163b7658e,gx-no-cache=1639501540758 HTTP/1.1" 200 110
190.171.141.90 - - [14/Dec/2021:14:17:40 -0300] "POST /cormun/servlet/solicitudot?gx-no-cache=1639501540796 HTTP/1.1" 200 97
190.171.141.90 - - [14/Dec/2021:14:19:05 -0300] "GET /cormun/servlet/solicitudot?7739c739eb981212cd68f74f6c353da8c77988ef837fe9e91e1428c5e59e2e2b149a60770537842969880514aecc684159705a449daaf2975809eb10938b74f8856f8831fb4ae62e721bfeb97f4ca892613342dfe4151c98005a1cc301c124bc5eaa30d0e73079f65d006672688810a4,gx-no-cache=1639501625699 HTTP/1.1" 200 29
190.171.141.90 - - [14/Dec/2021:14:19:05 -0300] "GET /cormun/static/menuarrow.gif HTTP/1.1" 404 1015
190.171.141.90 - - [14/Dec/2021:14:19:09 -0300] "GET /cormun/servlet/solicitudot?7739c739eb981212cd68f74f6c353da8df57eb63ac7ed6aaacfad886b9b6926853d8a70d5d3cba865cf3a04bff87b005,gx-no-cache=1639501629465 HTTP/1.1" 200 30
190.171.141.90 - - [14/Dec/2021:14:19:15 -0300] "POST /cormun/servlet/solicitudot?gx-no-cache=1639501635499 HTTP/1.1" 200 30
190.171.143.90 - - [14/Dec/2021:14:19:50 -0300] "POST /cormun/servlet/trlicencias?b0bdbe9b206830a528045975636b5d80,,gx-no-cache=1639501670447 HTTP/1.1" 200 101
190.171.143.90 - - [14/Dec/2021:14:19:50 -0300] "GET /cormun/Licencias-4927.xls HTTP/1.1" 200 24064
20.40.115.29 - - [14/Dec/2021:14:19:50 -0300] "GET /cormun/Licencias-4927.xls HTTP/1.1" 200 24064
190.171.141.90 - - [14/Dec/2021:14:20:34 -0300] "POST /cormun/servlet/solicitudot?gx-no-cache=1639501715356 HTTP/1.1" 200 240
190.171.141.90 - - [14/Dec/2021:14:20:39 -0300] "GET /cormun/servlet/solicitudot?7739c739eb981212cd68f74f6c353da87d4f79cd005b44f02ae807e3385f5008a2f2e5e029128a12b9c603bec5c5c9cb4d57bf43bc04c7b13c804f7ff2353cf9caeb88baae2910182650ff35549c545f69f766fb5300d96022a305d5211f47a4efc2ebfeb5a1d8ce2f63e181072d3e0e7a1e27460d5d24b87fccf3718420ca9a763ae6d1ceda6f72f20d5e5fab234ea495c703ddd3767f35e92ff2635672fcf4928ddb9950890f084409128ed051ee368fecf3b36947d67f9469c0decaa5d122c93a0b070f35c31fe60145973ce3cf2bc13ef5ff921ec83378e42b4d3c4f9b7e11d1f7cc3cd8b95fcb98e0eeffbe5c7fcbfc0ab05c401d7f5767f9ab30f4e10388c0c29db2372d23c1bfb5b46195ab9fdb6d101165353a2631162d54838aff17319baebf7086461948c96fa45166cf7d2da6ee55f9f68297569602e36d4699b63d831ceb104ef2ad3abf151e463f75274b3ef8ae55f94df56707d93b3ae1f2f2e291cd98ef5e1793de9e1171491e9737c61c0eed742d97a576766d608c3aa768,gx-no-cache=1639501719487 HTTP/1.1" 200 30
190.171.141.90 - - [14/Dec/2021:14:20:43 -0300] "POST /cormun/servlet/solicitudot?gx-no-cache=1639501723723 HTTP/1.1" 200 30
190.171.141.82 - - [14/Dec/2021:14:20:54 -0300] "GET /cormun/servlet/hlogin HTTP/1.1" 200 1730
190.171.141.82 - - [14/Dec/2021:14:20:55 -0300] "GET /cormun/servlet/hlogin HTTP/1.1" 200 1741
190.171.141.90 - - [14/Dec/2021:14:21:17 -0300] "GET /cormun/servlet/prlicenciaspermisos?7877292,L,,MD,,gxPopupLevel%3D0%3B HTTP/1.1" 200 6271
190.171.141.90 - - [14/Dec/2021:14:21:24 -0300] "POST /cormun/servlet/solicitudot?gx-no-cache=1639501764444 HTTP/1.1" 200 1441
190.171.141.82 - - [14/Dec/2021:14:21:26 -0300] "POST /cormun/servlet/hlogin?9355fa300dff68bf74a7968a908bdf80,gx-no-cache=1639501765813 HTTP/1.1" 200 90
190.171.141.82 - - [14/Dec/2021:14:21:26 -0300] "GET /cormun/servlet/hpexe_link HTTP/1.1" 200 955
190.171.141.82 - - [14/Dec/2021:14:21:26 -0300] "GET /cormun/servlet/hhome HTTP/1.1" 200 4324
190.171.141.82 - - [14/Dec/2021:14:21:28 -0300] "GET /cormun/servlet/hhome HTTP/1.1" 200 4320
190.171.141.90 - - [14/Dec/2021:14:21:30 -0300] "POST /cormun/servlet/solicitudot?gx-no-cache=1639501770783 HTTP/1.1" 200 40
190.171.141.90 - - [14/Dec/2021:14:21:30 -0300] "GET /cormun/servlet/solicitudot?7739c739eb981212cd68f74f6c353da88e947bfc0e679b3f969cf1ecc7c8309ead48789b3851e62602273033870852d2c65f12f751a0848c60e02b643f28225b4d9195fb0d8fc90cc65324f4edcefbd0bc11d1f9c1cd465ff8566c2913b7434d08b68ce81089d72736535fb163b7658e,gx-no-cache=1639501770811 HTTP/1.1" 200 110
190.171.141.90 - - [14/Dec/2021:14:21:30 -0300] "POST /cormun/servlet/solicitudot?gx-no-cache=1639501770836 HTTP/1.1" 200 97
190.171.141.90 - - [14/Dec/2021:14:21:30 -0300] "GET /cormun/servlet/solicitudot?7739c739eb981212cd68f74f6c353da8df57eb63ac7ed6aaacfad886b9b692686bb2bd0b52bed4ad1a2346b1dcfaab49,gx-no-cache=1639501770865 HTTP/1.1" 200 30
190.171.141.90 - - [14/Dec/2021:14:21:30 -0300] "POST /cormun/servlet/solicitudot?gx-no-cache=1639501770919 HTTP/1.1" 200 120
190.171.141.90 - - [14/Dec/2021:14:21:30 -0300] "GET /cormun/static/Shared/jqueryui/images/ui-bg_highlight-soft_100_c6c2c8_1x100.png HTTP/1.1" 404 1117
190.171.141.90 - - [14/Dec/2021:14:21:30 -0300] "GET /cormun/static/Shared/jqueryui/images/ui-icons_82798d_256x240.png HTTP/1.1" 404 1089
190.171.141.90 - - [14/Dec/2021:14:21:30 -0300] "GET /cormun/static/Shared/jqueryui/images/ui-bg_flat_55_994d53_40x100.png HTTP/1.1" 404 1097
190.171.141.90 - - [14/Dec/2021:14:21:30 -0300] "GET /cormun/static/Shared/jqueryui/images/ui-icons_ebccce_256x240.png HTTP/1.1" 404 1089
190.171.141.90 - - [14/Dec/2021:14:21:44 -0300] "POST /cormun/servlet/solicitudot?gx-no-cache=1639501785225 HTTP/1.1" 200 120
190.171.141.82 - - [14/Dec/2021:14:21:45 -0300] "GET /cormun/servlet/trautorizarpermisogoce? HTTP/1.1" 200 9271
190.171.141.82 - - [14/Dec/2021:14:21:46 -0300] "GET /cormun/servlet/trautorizarpermisogoce? HTTP/1.1" 200 9269
190.171.141.90 - - [14/Dec/2021:14:21:56 -0300] "GET /cormun/servlet/prlicenciaspermisos?7877292,L,,MD,,gxPopupLevel%3D0%3B HTTP/1.1" 200 6271
190.171.141.82 - - [14/Dec/2021:14:22:00 -0300] "POST /cormun/servlet/trautorizarpermisogoce?9355fa300dff68bf74a7968a908bdf80,,gx-no-cache=1639501800499 HTTP/1.1" 200 6322
190.171.141.82 - - [14/Dec/2021:14:22:00 -0300] "GET /cormun/static/Shared/jqueryui/images/ui-bg_highlight-soft_100_c6c2c8_1x100.png HTTP/1.1" 404 1117
190.171.141.82 - - [14/Dec/2021:14:22:00 -0300] "GET /cormun/static/Shared/jqueryui/images/ui-icons_82798d_256x240.png HTTP/1.1" 404 1089
190.171.141.82 - - [14/Dec/2021:14:22:01 -0300] "GET /cormun/static/Shared/jqueryui/images/ui-bg_flat_55_fafafa_40x100.png HTTP/1.1" 404 1097
190.171.141.82 - - [14/Dec/2021:14:22:01 -0300] "GET /cormun/static/Shared/jqueryui/images/ui-icons_8d78a5_256x240.png HTTP/1.1" 404 1089
190.171.141.82 - - [14/Dec/2021:14:22:02 -0300] "POST /cormun/servlet/trautorizarpermisogoce?9355fa300dff68bf74a7968a908bdf80,,gx-no-cache=1639501802388 HTTP/1.1" 200 6066
190.171.141.82 - - [14/Dec/2021:14:22:04 -0300] "POST /cormun/servlet/trautorizarpermisogoce?9355fa300dff68bf74a7968a908bdf80,,gx-no-cache=1639501803899 HTTP/1.1" 200 5821
190.171.141.82 - - [14/Dec/2021:14:22:05 -0300] "POST /cormun/servlet/trautorizarpermisogoce?9355fa300dff68bf74a7968a908bdf80,,gx-no-cache=1639501805051 HTTP/1.1" 200 5565
190.171.141.82 - - [14/Dec/2021:14:22:07 -0300] "POST /cormun/servlet/trautorizarpermisogoce?9355fa300dff68bf74a7968a908bdf80,,gx-no-cache=1639501806899 HTTP/1.1" 200 5283
190.171.141.82 - - [14/Dec/2021:14:22:08 -0300] "POST /cormun/servlet/trautorizarpermisogoce?9355fa300dff68bf74a7968a908bdf80,,gx-no-cache=1639501808315 HTTP/1.1" 200 4526
190.171.141.90 - - [14/Dec/2021:14:22:13 -0300] "GET /cormun/servlet/solicitudot?7739c739eb981212cd68f74f6c353da88e947bfc0e679b3f969cf1ecc7c8309ead48789b3851e62602273033870852d2c65f12f751a0848c60e02b643f28225b4d9195fb0d8fc90cc65324f4edcefbd0bc11d1f9c1cd465ff8566c2913b7434d08b68ce81089d72736535fb163b7658e,gx-no-cache=1639501813715 HTTP/1.1" 200 110
190.171.141.90 - - [14/Dec/2021:14:22:16 -0300] "GET /cormun/servlet/solicitudot?7739c739eb981212cd68f74f6c353da88e947bfc0e679b3f969cf1ecc7c8309ead48789b3851e62602273033870852d2c65f12f751a0848c60e02b643f28225b4d9195fb0d8fc90cc65324f4edcefbd0bc11d1f9c1cd465ff8566c2913b7434d08b68ce81089d72736535fb163b7658e,gx-no-cache=1639501816604 HTTP/1.1" 200 110
190.171.141.90 - - [14/Dec/2021:14:22:18 -0300] "POST /cormun/servlet/solicitudot?gx-no-cache=1639501819373 HTTP/1.1" 200 120
190.171.141.82 - - [14/Dec/2021:14:22:20 -0300] "GET /cormun/servlet/trautorizarsolicitud? HTTP/1.1" 200 9380
190.171.141.82 - - [14/Dec/2021:14:22:20 -0300] "GET /cormun//static/Resources/PXToolsRemoveAllAction.png HTTP/1.1" 200 487
190.171.141.82 - - [14/Dec/2021:14:22:20 -0300] "GET /cormun//static/Resources/PXToolsGridUpdate.png HTTP/1.1" 200 470
190.171.141.82 - - [14/Dec/2021:14:22:20 -0300] "GET /cormun//static/Resources/PXToolsActionView.png HTTP/1.1" 200 398
190.171.141.82 - - [14/Dec/2021:14:22:20 -0300] "GET /cormun/servlet/trautorizarsolicitud? HTTP/1.1" 200 9380
190.171.141.90 - - [14/Dec/2021:14:22:33 -0300] "POST /cormun/servlet/solicitudot?gx-no-cache=1639501833528 HTTP/1.1" 200 34
190.171.141.82 - - [14/Dec/2021:14:22:39 -0300] "POST /cormun/servlet/trautorizarsolicitud?9355fa300dff68bf74a7968a908bdf80,,gx-no-cache=1639501838908 HTTP/1.1" 200 6272
190.171.141.82 - - [14/Dec/2021:14:22:39 -0300] "GET /cormun/static/Shared/jqueryui/images/ui-icons_82798d_256x240.png HTTP/1.1" 404 1089
190.171.141.82 - - [14/Dec/2021:14:22:39 -0300] "GET /cormun/static/Shared/jqueryui/images/ui-bg_highlight-soft_100_c6c2c8_1x100.png HTTP/1.1" 404 1117
190.171.141.82 - - [14/Dec/2021:14:22:39 -0300] "GET /cormun/static/Shared/jqueryui/images/ui-icons_8d78a5_256x240.png HTTP/1.1" 404 1089
190.171.141.82 - - [14/Dec/2021:14:22:39 -0300] "GET /cormun/static/Shared/jqueryui/images/ui-bg_flat_55_fafafa_40x100.png HTTP/1.1" 404 1097
190.171.141.82 - - [14/Dec/2021:14:22:39 -0300] "POST /cormun/servlet/trautorizarsolicitud?9355fa300dff68bf74a7968a908bdf80,,gx-no-cache=1639501839115 HTTP/1.1" 200 6216
190.171.141.82 - - [14/Dec/2021:14:22:40 -0300] "POST /cormun/servlet/trautorizarsolicitud?9355fa300dff68bf74a7968a908bdf80,,gx-no-cache=1639501840227 HTTP/1.1" 200 5968
190.171.141.82 - - [14/Dec/2021:14:22:40 -0300] "POST /cormun/servlet/trautorizarsolicitud?9355fa300dff68bf74a7968a908bdf80,,gx-no-cache=1639501840382 HTTP/1.1" 200 5914
190.171.141.82 - - [14/Dec/2021:14:22:41 -0300] "POST /cormun/servlet/trautorizarsolicitud?9355fa300dff68bf74a7968a908bdf80,,gx-no-cache=1639501841475 HTTP/1.1" 200 4783
190.171.141.82 - - [14/Dec/2021:14:22:41 -0300] "POST /cormun/servlet/trautorizarsolicitud?9355fa300dff68bf74a7968a908bdf80,,gx-no-cache=1639501841609 HTTP/1.1" 200 4542
190.171.141.90 - - [14/Dec/2021:14:23:15 -0300] "POST /cormun/servlet/solicitudot?44ed26b89d1df8c4ea63c1dcb5df82de,INS,0,0,false,,gx-no-cache=1639501875552 HTTP/1.1" 200 93
190.171.141.90 - - [14/Dec/2021:14:23:19 -0300] "GET /cormun/servlet/hpexe_return? HTTP/1.1" 200 1004
190.171.141.90 - - [14/Dec/2021:14:23:19 -0300] "GET /cormun/servlet/trsolicitudot HTTP/1.1" 200 8632
190.171.141.90 - - [14/Dec/2021:14:23:20 -0300] "GET /cormun/servlet/trsolicitudot HTTP/1.1" 200 8629
190.171.141.90 - - [14/Dec/2021:14:23:34 -0300] "GET /cormun/servlet/solicitudot?INS,0,0,false, HTTP/1.1" 200 15617
190.171.141.90 - - [14/Dec/2021:14:23:35 -0300] "GET /cormun/servlet/solicitudot?INS,0,0,false, HTTP/1.1" 200 15624
190.171.141.90 - - [14/Dec/2021:14:23:58 -0300] "POST /cormun/servlet/solicitudot?gx-no-cache=1639501918530 HTTP/1.1" 200 3794
190.171.141.90 - - [14/Dec/2021:14:23:58 -0300] "POST /cormun/servlet/solicitudot?44ed26b89d1df8c4ea63c1dcb5df82de,INS,0,0,false,,gx-no-cache=1639501918659 HTTP/1.1" 200 12293
190.171.141.90 - - [14/Dec/2021:14:24:00 -0300] "GET /cormun/servlet/solicitudot?7739c739eb981212cd68f74f6c353da83c9763b9a68f614d151c7b0bf411667493ff51d858b7237128e9336098b7c66d,gx-no-cache=1639501921266 HTTP/1.1" 200 30
190.171.141.90 - - [14/Dec/2021:14:25:06 -0300] "GET /cormun/servlet/solicitudot?7739c739eb981212cd68f74f6c353da873a3cfd65a66324fe4d9105aa7996a0a,gx-no-cache=1639501986922 HTTP/1.1" 200 94
190.171.141.90 - - [14/Dec/2021:14:25:06 -0300] "GET /cormun/static/Shared/jqueryui/images/ui-bg_highlight-soft_100_c6c2c8_1x100.png HTTP/1.1" 404 1117
190.171.141.90 - - [14/Dec/2021:14:25:06 -0300] "GET /cormun/static/Shared/jqueryui/images/ui-bg_flat_55_994d53_40x100.png HTTP/1.1" 404 1097
190.171.141.90 - - [14/Dec/2021:14:25:06 -0300] "GET /cormun/static/Shared/jqueryui/images/ui-icons_ebccce_256x240.png HTTP/1.1" 404 1089
190.171.141.90 - - [14/Dec/2021:14:25:06 -0300] "GET /cormun/static/Shared/jqueryui/images/ui-icons_82798d_256x240.png HTTP/1.1" 404 1089
190.171.141.90 - - [14/Dec/2021:14:25:09 -0300] "GET /cormun/servlet/solicitudot?7739c739eb981212cd68f74f6c353da8b9d0494fe018bd2954a79cda3e70dcc8,gx-no-cache=1639501989583 HTTP/1.1" 200 123
190.171.141.90 - - [14/Dec/2021:14:25:17 -0300] "GET /cormun/servlet/solicitudot?7739c739eb981212cd68f74f6c353da83501fac71e78df94ee5a5dbb5897687d,gx-no-cache=1639501998419 HTTP/1.1" 200 53
190.171.141.90 - - [14/Dec/2021:14:25:34 -0300] "POST /cormun/servlet/solicitudot?gx-no-cache=1639502014979 HTTP/1.1" 200 240
