40.77.167.13 - - [09/Dec/2021:00:01:27 -0300] "GET /cormun/servlet/hpexe_link HTTP/1.1" 200 921
5.189.152.10 - - [09/Dec/2021:00:02:30 -0300] "GET /manager/html HTTP/1.1" 401 2474
207.46.13.79 - - [09/Dec/2021:00:04:39 -0300] "GET /cormun/servlet/licenciaspermisos?DSP,17107585,L,20211025000000, HTTP/1.1" 200 6248
207.46.13.31 - - [09/Dec/2021:00:04:54 -0300] "GET /cormun/static/PXToolsJavascripts/PXToolsJavascriptsRender.js HTTP/1.1" 200 367
207.46.13.31 - - [09/Dec/2021:00:04:57 -0300] "GET /cormun/static/Shared/jqueryui/jquery-ui.min.js HTTP/1.1" 200 240427
207.46.13.79 - - [09/Dec/2021:00:04:58 -0300] "GET /cormun/static/PXToolsJavascripts/pexe_autoreload.js HTTP/1.1" 200 1762
207.46.13.31 - - [09/Dec/2021:00:04:59 -0300] "GET /cormun/static/calendar-es.js?85251 HTTP/1.1" 200 1901
40.77.167.73 - - [09/Dec/2021:00:04:59 -0300] "GET /cormun/static/PXToolsJavascripts/pexe_layers.js HTTP/1.1" 200 4114
157.55.39.136 - - [09/Dec/2021:00:05:00 -0300] "GET /cormun/static/PXToolsJavascripts/pexe_popup.js HTTP/1.1" 200 13458
207.46.13.31 - - [09/Dec/2021:00:05:02 -0300] "GET /cormun/static/scaMessage/scaMessageRender.js HTTP/1.1" 200 11977
207.46.13.79 - - [09/Dec/2021:00:05:02 -0300] "GET /cormun/static/PXToolsJavascripts/pexe_windows.js HTTP/1.1" 200 15207
157.55.39.136 - - [09/Dec/2021:00:05:02 -0300] "GET /cormun/static/PXToolsJavascripts/pexe_tabdivfix.js HTTP/1.1" 200 876
40.77.167.73 - - [09/Dec/2021:00:05:02 -0300] "GET /cormun/static/PXToolsJavascripts/pexe_tabs.js HTTP/1.1" 200 3748
207.46.13.79 - - [09/Dec/2021:00:05:04 -0300] "GET /cormun/static/scaMessage/js/jquery.pnotify.min.js HTTP/1.1" 200 13038
40.77.167.55 - - [09/Dec/2021:00:05:05 -0300] "GET /cormun/static/PXToolsJavascripts/pexe_cookies.js HTTP/1.1" 200 792
40.77.167.73 - - [09/Dec/2021:00:05:05 -0300] "GET /cormun/static/RunJS/RunJS.js HTTP/1.1" 200 288
157.55.39.136 - - [09/Dec/2021:00:05:05 -0300] "GET /cormun/static/SmoothNavMenu/resources/ddsmoothmenu.js HTTP/1.1" 200 12712
40.77.167.73 - - [09/Dec/2021:00:05:08 -0300] "GET /cormun/static/calendar.js?85251 HTTP/1.1" 200 26246
40.77.167.55 - - [09/Dec/2021:00:05:10 -0300] "GET /cormun/static/Shared/ext/ext-all.js HTTP/1.1" 200 1289687
40.77.167.55 - - [09/Dec/2021:00:05:11 -0300] "GET /cormun/static/calendar-system.css?85620 HTTP/1.1" 200 5572
40.77.167.73 - - [09/Dec/2021:00:05:12 -0300] "GET /cormun/static/gxui/gxui-all.js HTTP/1.1" 200 107772
40.77.167.13 - - [09/Dec/2021:00:05:16 -0300] "GET /cormun/static/PXToolsJavascripts/pexe_link.js HTTP/1.1" 200 5671
40.77.167.13 - - [09/Dec/2021:00:05:19 -0300] "GET /cormun/static/PXToolsJavascripts/pexe_oav.js HTTP/1.1" 200 645
40.77.167.13 - - [09/Dec/2021:00:05:22 -0300] "GET /cormun/static/hpexe_scripts.js?20201214471411 HTTP/1.1" 200 1544
40.77.167.13 - - [09/Dec/2021:00:05:25 -0300] "GET /cormun/static/hwchdr01.js?20201214473739 HTTP/1.1" 200 996
40.77.167.13 - - [09/Dec/2021:00:05:28 -0300] "GET /cormun/static/licenciaspermisos.js?2020121532136 HTTP/1.1" 200 38824
5.189.152.10 - - [09/Dec/2021:00:08:50 -0300] "GET /manager/html HTTP/1.1" 401 2474
5.189.152.10 - - [09/Dec/2021:00:13:08 -0300] "GET /manager/html HTTP/1.1" 401 2474
157.55.39.197 - - [09/Dec/2021:00:13:37 -0300] "GET /cormun/static/gxcfg.js?20201215124560 HTTP/1.1" 200 953
5.189.152.10 - - [09/Dec/2021:00:16:44 -0300] "GET /manager/html HTTP/1.1" 401 2474
5.189.152.10 - - [09/Dec/2021:00:20:20 -0300] "GET /manager/html HTTP/1.1" 401 2474
5.189.152.10 - - [09/Dec/2021:00:23:59 -0300] "GET /manager/html HTTP/1.1" 401 2474
5.189.152.10 - - [09/Dec/2021:00:28:05 -0300] "GET /manager/html HTTP/1.1" 401 2474
5.189.152.10 - - [09/Dec/2021:00:33:09 -0300] "GET /manager/html HTTP/1.1" 401 2474
40.77.190.14 - - [09/Dec/2021:00:35:54 -0300] "GET /cormun/static/PXToolsJavascripts/pexe_upload.js HTTP/1.1" 200 1423
40.77.188.70 - - [09/Dec/2021:00:35:54 -0300] "GET /cormun/static/PXToolsJavascripts/pexe_scrolldiv.js HTTP/1.1" 200 4138
5.189.152.10 - - [09/Dec/2021:00:37:04 -0300] "GET /manager/html HTTP/1.1" 401 2474
5.189.152.10 - - [09/Dec/2021:00:41:11 -0300] "GET /manager/html HTTP/1.1" 401 2474
193.118.53.202 - - [09/Dec/2021:00:42:04 -0300] "GET / HTTP/1.1" 200 11217
5.189.152.10 - - [09/Dec/2021:00:45:14 -0300] "GET /manager/html HTTP/1.1" 401 2474
5.189.152.10 - - [09/Dec/2021:00:49:49 -0300] "GET /manager/html HTTP/1.1" 401 2474
5.189.152.10 - - [09/Dec/2021:00:54:45 -0300] "GET /manager/html HTTP/1.1" 401 2474
40.77.167.73 - - [09/Dec/2021:00:55:38 -0300] "GET /cormun/servlet/hpexe_return HTTP/1.1" 200 979
5.189.152.10 - - [09/Dec/2021:00:58:46 -0300] "GET /manager/html HTTP/1.1" 401 2474
5.189.152.10 - - [09/Dec/2021:01:02:18 -0300] "GET /manager/html HTTP/1.1" 401 2474
128.14.209.162 - - [09/Dec/2021:01:02:39 -0300] "GET /login HTTP/1.1" 404 971
5.189.152.10 - - [09/Dec/2021:01:05:25 -0300] "GET /manager/html HTTP/1.1" 401 2474
5.189.152.10 - - [09/Dec/2021:01:12:32 -0300] "GET /manager/html HTTP/1.1" 401 2474
36.70.117.95 - - [09/Dec/2021:01:16:23 -0300] "GET / HTTP/1.1" 200 11217
5.189.152.10 - - [09/Dec/2021:01:17:00 -0300] "GET /manager/html HTTP/1.1" 401 2474
5.189.152.10 - - [09/Dec/2021:01:21:03 -0300] "GET /manager/html HTTP/1.1" 401 2474
5.189.152.10 - - [09/Dec/2021:01:25:33 -0300] "GET /manager/html HTTP/1.1" 401 2474
5.189.152.10 - - [09/Dec/2021:01:31:12 -0300] "GET /manager/html HTTP/1.1" 401 2474
5.189.152.10 - - [09/Dec/2021:01:35:14 -0300] "GET /manager/html HTTP/1.1" 401 2474
5.189.152.10 - - [09/Dec/2021:01:39:38 -0300] "GET /manager/html HTTP/1.1" 401 2474
5.189.152.10 - - [09/Dec/2021:01:43:14 -0300] "GET /manager/html HTTP/1.1" 401 2474
46.174.191.28 - - [09/Dec/2021:01:44:54 -0300] "GET / HTTP/1.0" 200 11197
5.189.152.10 - - [09/Dec/2021:01:46:40 -0300] "GET /manager/html HTTP/1.1" 401 2474
5.189.152.10 - - [09/Dec/2021:01:50:33 -0300] "GET /manager/html HTTP/1.1" 401 2474
5.189.152.10 - - [09/Dec/2021:01:55:26 -0300] "GET /manager/html HTTP/1.1" 401 2474
5.189.152.10 - - [09/Dec/2021:02:01:53 -0300] "GET /manager/html HTTP/1.1" 401 2474
5.189.152.10 - - [09/Dec/2021:02:07:20 -0300] "GET /manager/html HTTP/1.1" 401 2474
5.189.152.10 - - [09/Dec/2021:02:11:52 -0300] "GET /manager/html HTTP/1.1" 401 2474
5.189.152.10 - - [09/Dec/2021:02:15:13 -0300] "GET /manager/html HTTP/1.1" 401 2474
5.189.152.10 - - [09/Dec/2021:02:18:44 -0300] "GET /manager/html HTTP/1.1" 401 2474
5.189.152.10 - - [09/Dec/2021:02:22:20 -0300] "GET /manager/html HTTP/1.1" 401 2474
5.189.152.10 - - [09/Dec/2021:02:27:02 -0300] "GET /manager/html HTTP/1.1" 401 2474
157.55.39.136 - - [09/Dec/2021:02:28:27 -0300] "GET /cormun/servlet/trlicenciaspermisosadjuntos?17521700,20210408000000,L,_escaped_fragment_%3D HTTP/1.1" 200 5336
40.77.167.73 - - [09/Dec/2021:02:28:43 -0300] "GET /cormun/static/calendar-system.css?75620 HTTP/1.1" 200 5572
40.77.167.55 - - [09/Dec/2021:02:28:43 -0300] "GET /cormun/static/PXToolsJavascripts/pexe_cookies.js HTTP/1.1" 200 792
157.55.39.136 - - [09/Dec/2021:02:28:45 -0300] "GET /cormun/static/Shared/ext/resources/css/ext-all.css?205870 HTTP/1.1" 200 416045
40.77.167.73 - - [09/Dec/2021:02:28:46 -0300] "GET /cormun/static/calendar-system.css?75620 HTTP/1.1" 200 5572
157.55.39.136 - - [09/Dec/2021:02:28:46 -0300] "GET /cormun/static/trlicenciaspermisosadjuntos.js?20199142244593 HTTP/1.1" 200 21036
40.77.167.55 - - [09/Dec/2021:02:28:46 -0300] "GET /cormun/static/PXToolsJavascripts/pexe_cookies.js HTTP/1.1" 200 792
157.55.39.197 - - [09/Dec/2021:02:28:48 -0300] "GET /cormun/static/gxcfg.js?201991422445549 HTTP/1.1" 200 953
40.77.167.13 - - [09/Dec/2021:02:28:49 -0300] "GET /cormun/static/hwchdr01.js?20201214473739 HTTP/1.1" 200 996
157.55.39.136 - - [09/Dec/2021:02:28:50 -0300] "GET /cormun/static/Shared/ext/resources/css/ext-all.css?205870 HTTP/1.1" 200 416045
157.55.39.197 - - [09/Dec/2021:02:28:50 -0300] "GET /cormun/static/gxcfg.js?201991422445549 HTTP/1.1" 200 953
40.77.167.13 - - [09/Dec/2021:02:28:51 -0300] "GET /cormun/static/hwchdr01.js?20201214473739 HTTP/1.1" 200 996
157.55.39.136 - - [09/Dec/2021:02:28:52 -0300] "GET /cormun/static/trlicenciaspermisosadjuntos.js?20199142244593 HTTP/1.1" 200 21036
157.90.177.230 - - [09/Dec/2021:02:30:24 -0300] "GET /cormun/servlet/hlogin HTTP/1.1" 200 1716
5.189.152.10 - - [09/Dec/2021:02:31:22 -0300] "GET /manager/html HTTP/1.1" 401 2474
5.189.152.10 - - [09/Dec/2021:02:36:04 -0300] "GET /manager/html HTTP/1.1" 401 2474
5.189.152.10 - - [09/Dec/2021:02:40:14 -0300] "GET /manager/html HTTP/1.1" 401 2474
5.189.152.10 - - [09/Dec/2021:02:44:10 -0300] "GET /manager/html HTTP/1.1" 401 2474
5.189.152.10 - - [09/Dec/2021:02:48:48 -0300] "GET /manager/html HTTP/1.1" 401 2474
5.189.152.10 - - [09/Dec/2021:02:52:23 -0300] "GET /manager/html HTTP/1.1" 401 2474
43.131.23.132 - - [09/Dec/2021:02:55:12 -0300] "GET / HTTP/1.0" 200 11197
5.189.152.10 - - [09/Dec/2021:02:56:15 -0300] "GET /manager/html HTTP/1.1" 401 2474
37.0.9.198 - - [09/Dec/2021:02:58:26 -0300] "GET / HTTP/1.1" 200 11217
5.189.152.10 - - [09/Dec/2021:03:00:04 -0300] "GET /manager/html HTTP/1.1" 401 2474
5.189.152.10 - - [09/Dec/2021:03:03:34 -0300] "GET /manager/html HTTP/1.1" 401 2474
5.189.152.10 - - [09/Dec/2021:03:07:48 -0300] "GET /manager/html HTTP/1.1" 401 2474
5.189.152.10 - - [09/Dec/2021:03:13:37 -0300] "GET /manager/html HTTP/1.1" 401 2474
193.200.211.154 - - [09/Dec/2021:03:14:54 -0300] "GET / HTTP/1.1" 200 11217
5.189.152.10 - - [09/Dec/2021:03:17:13 -0300] "GET /manager/html HTTP/1.1" 401 2474
5.189.152.10 - - [09/Dec/2021:03:24:38 -0300] "GET /manager/html HTTP/1.1" 401 2474
5.189.152.10 - - [09/Dec/2021:03:28:36 -0300] "GET /manager/html HTTP/1.1" 401 2474
5.189.152.10 - - [09/Dec/2021:03:49:21 -0300] "GET /manager/html HTTP/1.1" 401 2474
5.189.152.10 - - [09/Dec/2021:03:53:24 -0300] "GET /manager/html HTTP/1.1" 401 2474
5.189.152.10 - - [09/Dec/2021:03:57:42 -0300] "GET /manager/html HTTP/1.1" 401 2474
5.189.152.10 - - [09/Dec/2021:04:01:37 -0300] "GET /manager/html HTTP/1.1" 401 2474
5.189.152.10 - - [09/Dec/2021:04:05:23 -0300] "GET /manager/html HTTP/1.1" 401 2474
5.189.152.10 - - [09/Dec/2021:04:09:11 -0300] "GET /manager/html HTTP/1.1" 401 2474
5.189.152.10 - - [09/Dec/2021:04:13:58 -0300] "GET /manager/html HTTP/1.1" 401 2474
5.189.152.10 - - [09/Dec/2021:04:17:24 -0300] "GET /manager/html HTTP/1.1" 401 2474
207.46.13.79 - - [09/Dec/2021:04:20:42 -0300] "GET /cormun/servlet/permisogoce?INS,0,,, HTTP/1.1" 200 5997
5.189.152.10 - - [09/Dec/2021:04:21:04 -0300] "GET /manager/html HTTP/1.1" 401 2474
5.189.152.10 - - [09/Dec/2021:04:24:32 -0300] "GET /manager/html HTTP/1.1" 401 2474
5.189.152.10 - - [09/Dec/2021:04:28:18 -0300] "GET /manager/html HTTP/1.1" 401 2474
5.189.152.10 - - [09/Dec/2021:04:32:12 -0300] "GET /manager/html HTTP/1.1" 401 2474
5.189.152.10 - - [09/Dec/2021:04:37:06 -0300] "GET /manager/html HTTP/1.1" 401 2474
5.189.152.10 - - [09/Dec/2021:04:40:50 -0300] "GET /manager/html HTTP/1.1" 401 2474
5.189.152.10 - - [09/Dec/2021:04:44:34 -0300] "GET /manager/html HTTP/1.1" 401 2474
5.189.152.10 - - [09/Dec/2021:04:48:24 -0300] "GET /manager/html HTTP/1.1" 401 2474
5.189.152.10 - - [09/Dec/2021:04:52:02 -0300] "GET /manager/html HTTP/1.1" 401 2474
5.189.152.10 - - [09/Dec/2021:04:57:09 -0300] "GET /manager/html HTTP/1.1" 401 2474
5.189.152.10 - - [09/Dec/2021:05:00:40 -0300] "GET /manager/html HTTP/1.1" 401 2474
185.180.143.79 - - [09/Dec/2021:05:03:58 -0300] "GET / HTTP/1.1" 200 11217
5.189.152.10 - - [09/Dec/2021:05:05:15 -0300] "GET /manager/html HTTP/1.1" 401 2474
5.189.152.10 - - [09/Dec/2021:05:08:45 -0300] "GET /manager/html HTTP/1.1" 401 2474
5.189.152.10 - - [09/Dec/2021:05:12:12 -0300] "GET /manager/html HTTP/1.1" 401 2474
5.189.152.10 - - [09/Dec/2021:05:15:43 -0300] "GET /manager/html HTTP/1.1" 401 2474
5.189.152.10 - - [09/Dec/2021:05:20:11 -0300] "GET /manager/html HTTP/1.1" 401 2474
5.189.152.10 - - [09/Dec/2021:05:25:25 -0300] "GET /manager/html HTTP/1.1" 401 2474
5.189.152.10 - - [09/Dec/2021:05:29:57 -0300] "GET /manager/html HTTP/1.1" 401 2474
5.189.152.10 - - [09/Dec/2021:05:36:12 -0300] "GET /manager/html HTTP/1.1" 401 2474
5.189.152.10 - - [09/Dec/2021:05:39:57 -0300] "GET /manager/html HTTP/1.1" 401 2474
5.189.152.10 - - [09/Dec/2021:05:45:26 -0300] "GET /manager/html HTTP/1.1" 401 2474
5.189.152.10 - - [09/Dec/2021:05:48:56 -0300] "GET /manager/html HTTP/1.1" 401 2474
5.189.152.10 - - [09/Dec/2021:05:55:11 -0300] "GET /manager/html HTTP/1.1" 401 2474
5.189.152.10 - - [09/Dec/2021:05:58:48 -0300] "GET /manager/html HTTP/1.1" 401 2474
5.189.152.10 - - [09/Dec/2021:06:03:53 -0300] "GET /manager/html HTTP/1.1" 401 2474
5.189.152.10 - - [09/Dec/2021:06:31:25 -0300] "GET /manager/html HTTP/1.1" 401 2474
5.189.152.10 - - [09/Dec/2021:06:37:06 -0300] "GET /manager/html HTTP/1.1" 401 2474
5.189.152.10 - - [09/Dec/2021:06:40:49 -0300] "GET /manager/html HTTP/1.1" 401 2474
5.189.152.10 - - [09/Dec/2021:06:44:30 -0300] "GET /manager/html HTTP/1.1" 401 2474
5.189.152.10 - - [09/Dec/2021:06:48:46 -0300] "GET /manager/html HTTP/1.1" 401 2474
5.189.152.10 - - [09/Dec/2021:06:59:57 -0300] "GET /manager/html HTTP/1.1" 401 2474
5.189.152.10 - - [09/Dec/2021:07:03:44 -0300] "GET /manager/html HTTP/1.1" 401 2474
5.189.152.10 - - [09/Dec/2021:07:08:27 -0300] "GET /manager/html HTTP/1.1" 401 2474
5.189.152.10 - - [09/Dec/2021:07:13:21 -0300] "GET /manager/html HTTP/1.1" 401 2474
5.189.152.10 - - [09/Dec/2021:07:19:36 -0300] "GET /manager/html HTTP/1.1" 401 2474
5.189.152.10 - - [09/Dec/2021:07:25:43 -0300] "GET /manager/html HTTP/1.1" 401 2474
5.189.152.10 - - [09/Dec/2021:07:29:47 -0300] "GET /manager/html HTTP/1.1" 401 2474
5.189.152.10 - - [09/Dec/2021:07:35:40 -0300] "GET /manager/html HTTP/1.1" 401 2474
5.189.152.10 - - [09/Dec/2021:07:39:16 -0300] "GET /manager/html HTTP/1.1" 401 2474
5.189.152.10 - - [09/Dec/2021:07:46:01 -0300] "GET /manager/html HTTP/1.1" 401 2474
5.189.152.10 - - [09/Dec/2021:07:49:17 -0300] "GET /manager/html HTTP/1.1" 401 2474
190.171.153.26 - - [09/Dec/2021:07:53:03 -0300] "GET /cormun/servlet/hlogin HTTP/1.1" 200 1726
190.171.153.26 - - [09/Dec/2021:07:53:03 -0300] "GET /cormun/servlet/hlogin HTTP/1.1" 200 1737
190.171.153.26 - - [09/Dec/2021:07:53:03 -0300] "GET /favicon.ico HTTP/1.1" 200 21630
190.171.153.26 - - [09/Dec/2021:07:53:10 -0300] "POST /cormun/servlet/hlogin?d6d6ae168e62093826c23301395812ef,gx-no-cache=1639049998195 HTTP/1.1" 200 90
190.171.153.26 - - [09/Dec/2021:07:53:10 -0300] "GET /cormun/servlet/hpexe_link HTTP/1.1" 200 955
190.171.153.26 - - [09/Dec/2021:07:53:10 -0300] "GET /cormun/servlet/hhome HTTP/1.1" 200 4288
190.171.153.26 - - [09/Dec/2021:07:53:10 -0300] "GET /cormun/servlet/hhome HTTP/1.1" 200 4286
190.171.153.26 - - [09/Dec/2021:07:53:16 -0300] "GET /cormun/servlet/trlicencias? HTTP/1.1" 200 11336
5.189.152.10 - - [09/Dec/2021:07:53:16 -0300] "GET /manager/html HTTP/1.1" 401 2474
190.171.153.26 - - [09/Dec/2021:07:53:16 -0300] "GET /cormun/servlet/trlicencias? HTTP/1.1" 200 11334
190.171.153.26 - - [09/Dec/2021:07:53:54 -0300] "GET /cormun/static/menuarrow.gif HTTP/1.1" 404 1015
190.171.153.26 - - [09/Dec/2021:07:54:06 -0300] "POST /cormun/servlet/trlicencias?d6d6ae168e62093826c23301395812ef,,gx-no-cache=1639050054571 HTTP/1.1" 200 17830
5.189.152.10 - - [09/Dec/2021:07:57:29 -0300] "GET /manager/html HTTP/1.1" 401 2474
190.171.152.138 - - [09/Dec/2021:07:58:51 -0300] "GET /cormun/servlet/hlogin HTTP/1.1" 200 1729
190.171.152.138 - - [09/Dec/2021:07:58:52 -0300] "GET /cormun/servlet/hlogin HTTP/1.1" 200 1739
190.171.152.138 - - [09/Dec/2021:07:59:10 -0300] "POST /cormun/servlet/hlogin?41deae18f95cb6585853afda76591269,gx-no-cache=1639046832442 HTTP/1.1" 200 90
190.171.152.138 - - [09/Dec/2021:07:59:10 -0300] "GET /cormun/servlet/hpexe_link HTTP/1.1" 200 955
190.171.152.138 - - [09/Dec/2021:07:59:10 -0300] "GET /cormun/servlet/hhome HTTP/1.1" 200 3856
190.171.152.138 - - [09/Dec/2021:07:59:11 -0300] "GET /cormun/servlet/hhome HTTP/1.1" 200 3852
190.171.152.138 - - [09/Dec/2021:07:59:28 -0300] "GET /cormun/servlet/trlicencias? HTTP/1.1" 200 11758
190.171.152.138 - - [09/Dec/2021:07:59:28 -0300] "GET /cormun/servlet/trlicencias? HTTP/1.1" 200 11779
190.171.149.90 - - [09/Dec/2021:08:00:15 -0300] "GET /cormun/servlet/hlogin HTTP/1.1" 200 1725
190.171.149.90 - - [09/Dec/2021:08:00:16 -0300] "GET /cormun/servlet/hlogin HTTP/1.1" 200 1736
190.171.149.90 - - [09/Dec/2021:08:00:19 -0300] "POST /cormun/servlet/hlogin?1b7f636e1987275a294566c1c91b617a,gx-no-cache=1639046901277 HTTP/1.1" 200 90
190.171.149.90 - - [09/Dec/2021:08:00:19 -0300] "GET /cormun/servlet/hpexe_link HTTP/1.1" 200 952
190.171.149.90 - - [09/Dec/2021:08:00:19 -0300] "GET /cormun/servlet/hhome HTTP/1.1" 200 3948
190.171.149.90 - - [09/Dec/2021:08:00:20 -0300] "GET /cormun/servlet/hhome HTTP/1.1" 200 3945
190.171.149.90 - - [09/Dec/2021:08:00:22 -0300] "GET /cormun/servlet/trpermisosgoce? HTTP/1.1" 200 13773
190.171.149.90 - - [09/Dec/2021:08:00:22 -0300] "GET /cormun/servlet/trpermisosgoce? HTTP/1.1" 200 13771
190.171.149.90 - - [09/Dec/2021:08:00:25 -0300] "GET /cormun/servlet/permisogoce?INS,0,,, HTTP/1.1" 200 6812
190.171.149.90 - - [09/Dec/2021:08:00:25 -0300] "GET /cormun/servlet/permisogoce?INS,0,,, HTTP/1.1" 200 6813
190.171.149.90 - - [09/Dec/2021:08:00:35 -0300] "GET /cormun/servlet/permisogoce?e40cd831cbf7b2ef12ce12a26d7855528ba350f376fb7999c57123516468c50c5d5799aacf4b67d3d5dbfeae9dbd0e8b907d27ff1722316b8f77573b621233ed,gx-no-cache=1639046917165 HTTP/1.1" 200 226
190.171.149.90 - - [09/Dec/2021:08:00:35 -0300] "GET /cormun/static/Shared/jqueryui/images/ui-icons_82798d_256x240.png HTTP/1.1" 404 1089
190.171.149.90 - - [09/Dec/2021:08:00:35 -0300] "GET /cormun/static/Shared/jqueryui/images/ui-bg_highlight-soft_100_c6c2c8_1x100.png HTTP/1.1" 404 1117
190.171.149.90 - - [09/Dec/2021:08:00:35 -0300] "GET /cormun/static/Shared/jqueryui/images/ui-icons_ebccce_256x240.png HTTP/1.1" 404 1089
190.171.149.90 - - [09/Dec/2021:08:00:35 -0300] "GET /cormun/static/Shared/jqueryui/images/ui-bg_flat_55_994d53_40x100.png HTTP/1.1" 404 1097
190.171.149.90 - - [09/Dec/2021:08:00:40 -0300] "GET /cormun/servlet/permisogoce?e40cd831cbf7b2ef12ce12a26d78555231ad138605837305c9274ab64c2d362579325f17a9e9a5c658ffc8231273cf3dce5e9bd063cb0313ecfa99e6cb66980d,gx-no-cache=1639046921935 HTTP/1.1" 200 226
190.171.149.90 - - [09/Dec/2021:08:00:54 -0300] "GET /cormun/servlet/permisogoce?e40cd831cbf7b2ef12ce12a26d7855527044d651596f910ce168de5b291afb4b79325f17a9e9a5c658ffc8231273cf3dce5e9bd063cb0313ecfa99e6cb66980d,gx-no-cache=1639046936120 HTTP/1.1" 200 90
190.171.149.90 - - [09/Dec/2021:08:00:56 -0300] "GET /cormun/static/menuarrow.gif HTTP/1.1" 404 1015
5.189.152.10 - - [09/Dec/2021:08:01:02 -0300] "GET /manager/html HTTP/1.1" 401 2474
190.171.149.90 - - [09/Dec/2021:08:01:03 -0300] "GET /cormun/servlet/permisogoce?e40cd831cbf7b2ef12ce12a26d785552f12ba5ec6fba0ce824f89e4ef549c0d81d0563633cae89b8abd8d2191cfcfd6342c6d84d3e98a6862911d3641a7442a9,gx-no-cache=1639046945093 HTTP/1.1" 200 47
190.171.149.90 - - [09/Dec/2021:08:01:03 -0300] "POST /cormun/servlet/permisogoce?1b7f636e1987275a294566c1c91b617a,INS,0,,,,gx-no-cache=1639046945284 HTTP/1.1" 200 93
190.171.149.90 - - [09/Dec/2021:08:01:04 -0300] "GET /cormun/servlet/hpexe_return? HTTP/1.1" 200 1010
190.171.149.90 - - [09/Dec/2021:08:01:04 -0300] "GET /cormun/servlet/trpermisosgoce HTTP/1.1" 200 13998
190.171.149.90 - - [09/Dec/2021:08:01:04 -0300] "GET /cormun/servlet/trpermisosgoce HTTP/1.1" 200 13993
190.171.149.90 - - [09/Dec/2021:08:01:07 -0300] "GET /cormun/servlet/apermisogoceprn?9404476,P,20211209074601,PU HTTP/1.1" 200 1663
190.171.152.138 - - [09/Dec/2021:08:01:16 -0300] "GET /cormun/servlet/hlogin HTTP/1.1" 200 1745
190.171.149.90 - - [09/Dec/2021:08:01:53 -0300] "GET /cormun/servlet/permisogoce?INS,0,,, HTTP/1.1" 200 6811
190.171.149.90 - - [09/Dec/2021:08:01:53 -0300] "GET /cormun/servlet/permisogoce?INS,0,,, HTTP/1.1" 200 6811
190.171.149.90 - - [09/Dec/2021:08:02:00 -0300] "GET /cormun/servlet/permisogoce?e40cd831cbf7b2ef12ce12a26d7855527044d651596f910ce168de5b291afb4b79325f17a9e9a5c658ffc8231273cf3dce5e9bd063cb0313ecfa99e6cb66980d,gx-no-cache=1639047002454 HTTP/1.1" 200 91
190.171.149.90 - - [09/Dec/2021:08:02:01 -0300] "GET /cormun/static/menuarrow.gif HTTP/1.1" 404 1015
190.171.149.90 - - [09/Dec/2021:08:02:06 -0300] "GET /cormun/servlet/permisogoce?e40cd831cbf7b2ef12ce12a26d785552f12ba5ec6fba0ce824f89e4ef549c0d82d2366a6b3894fd674352f715764708c42c6d84d3e98a6862911d3641a7442a9,gx-no-cache=1639047008694 HTTP/1.1" 200 47
190.171.149.90 - - [09/Dec/2021:08:02:08 -0300] "POST /cormun/servlet/permisogoce?1b7f636e1987275a294566c1c91b617a,INS,0,,,,gx-no-cache=1639047009876 HTTP/1.1" 200 93
190.171.149.90 - - [09/Dec/2021:08:02:08 -0300] "GET /cormun/servlet/hpexe_return? HTTP/1.1" 200 1010
190.171.149.90 - - [09/Dec/2021:08:02:08 -0300] "GET /cormun/servlet/trpermisosgoce HTTP/1.1" 200 14155
190.171.149.90 - - [09/Dec/2021:08:02:08 -0300] "GET /cormun/servlet/trpermisosgoce HTTP/1.1" 200 14150
190.171.149.90 - - [09/Dec/2021:08:02:14 -0300] "GET /cormun/servlet/apermisogoceprn?9404476,P,20211209074730,PU HTTP/1.1" 200 1660
66.249.85.127 - - [09/Dec/2021:08:02:44 -0300] "GET /cormun/static/Resources/Logo2019_Grande.png HTTP/1.1" 200 31733
5.189.152.10 - - [09/Dec/2021:08:06:34 -0300] "GET /manager/html HTTP/1.1" 401 2474
5.189.152.10 - - [09/Dec/2021:08:13:19 -0300] "GET /manager/html HTTP/1.1" 401 2474
5.189.152.10 - - [09/Dec/2021:08:17:36 -0300] "GET /manager/html HTTP/1.1" 401 2474
190.171.143.82 - - [09/Dec/2021:08:21:04 -0300] "GET /cormun/servlet/hlogin HTTP/1.1" 200 1728
5.189.152.10 - - [09/Dec/2021:08:21:04 -0300] "GET /manager/html HTTP/1.1" 401 2474
190.171.143.82 - - [09/Dec/2021:08:21:06 -0300] "GET /cormun/servlet/hlogin HTTP/1.1" 200 1738
190.171.143.82 - - [09/Dec/2021:08:21:09 -0300] "POST /cormun/servlet/hlogin?fe69082c56be7d0971d9b4b906536aca,gx-no-cache=1639048147796 HTTP/1.1" 200 90
190.171.143.82 - - [09/Dec/2021:08:21:09 -0300] "GET /cormun/servlet/hpexe_link HTTP/1.1" 200 953
190.171.143.82 - - [09/Dec/2021:08:21:10 -0300] "GET /cormun/servlet/hhome HTTP/1.1" 200 4356
190.171.143.82 - - [09/Dec/2021:08:21:14 -0300] "GET /cormun/servlet/hhome HTTP/1.1" 200 4353
190.171.143.82 - - [09/Dec/2021:08:21:22 -0300] "GET /cormun/servlet/trpermisosgoce? HTTP/1.1" 200 12834
190.171.143.82 - - [09/Dec/2021:08:21:25 -0300] "GET /cormun/servlet/trpermisosgoce? HTTP/1.1" 200 12832
190.171.143.82 - - [09/Dec/2021:08:21:35 -0300] "GET /cormun/servlet/trlicencias? HTTP/1.1" 200 11199
190.171.143.82 - - [09/Dec/2021:08:21:37 -0300] "GET /cormun/servlet/trlicencias? HTTP/1.1" 200 11209
190.171.141.114 - - [09/Dec/2021:08:24:27 -0300] "GET /cormun/servlet/hlogin HTTP/1.1" 200 1729
190.171.141.114 - - [09/Dec/2021:08:24:27 -0300] "GET /cormun/servlet/hlogin HTTP/1.1" 200 1740
190.171.141.114 - - [09/Dec/2021:08:24:41 -0300] "POST /cormun/servlet/hlogin?eaf3069bf2480dd310ddd6345b8597bc,gx-no-cache=1639048361810 HTTP/1.1" 200 90
190.171.141.114 - - [09/Dec/2021:08:24:41 -0300] "GET /cormun/servlet/hpexe_link HTTP/1.1" 200 957
190.171.141.114 - - [09/Dec/2021:08:24:41 -0300] "GET /cormun/servlet/hhome HTTP/1.1" 200 4000
190.171.141.114 - - [09/Dec/2021:08:24:41 -0300] "GET /cormun/servlet/hhome HTTP/1.1" 200 3996
190.171.141.114 - - [09/Dec/2021:08:24:45 -0300] "GET /cormun/servlet/trpermisosgoce? HTTP/1.1" 200 14173
190.171.141.114 - - [09/Dec/2021:08:24:45 -0300] "GET /cormun/servlet/trpermisosgoce? HTTP/1.1" 200 14171
5.189.152.10 - - [09/Dec/2021:08:24:50 -0300] "GET /manager/html HTTP/1.1" 401 2474
190.171.141.114 - - [09/Dec/2021:08:24:50 -0300] "GET /cormun/servlet/permisogoce?INS,0,,, HTTP/1.1" 200 6866
190.171.141.114 - - [09/Dec/2021:08:24:51 -0300] "GET /cormun/servlet/permisogoce?INS,0,,, HTTP/1.1" 200 6865
190.171.141.114 - - [09/Dec/2021:08:25:07 -0300] "GET /cormun/servlet/permisogoce?584e3779e8471584483c1609676719d18e890dcb1a6795939dcc4cc1bffb05891c5945bfb95ffdec13e1c613227caccebe62c80278e309ac0fb405c4710bdcf8,gx-no-cache=1639048388056 HTTP/1.1" 200 76
190.171.141.114 - - [09/Dec/2021:08:25:07 -0300] "GET /cormun/static/menuarrow.gif HTTP/1.1" 404 1015
190.171.141.114 - - [09/Dec/2021:08:25:21 -0300] "GET /cormun/servlet/permisogoce?584e3779e8471584483c1609676719d1bbf78a3570d880080f7f3cc4c8f64cd8b2458ae030f12b28bc3523d50625e579e835225ea6189dae0e7e14ce5fb95303,gx-no-cache=1639048402487 HTTP/1.1" 200 47
190.171.141.114 - - [09/Dec/2021:08:25:35 -0300] "POST /cormun/servlet/permisogoce?eaf3069bf2480dd310ddd6345b8597bc,INS,0,,,,gx-no-cache=1639048416506 HTTP/1.1" 200 93
190.171.141.114 - - [09/Dec/2021:08:25:35 -0300] "GET /cormun/servlet/hpexe_return? HTTP/1.1" 200 1015
190.171.141.114 - - [09/Dec/2021:08:25:35 -0300] "GET /cormun/servlet/trpermisosgoce HTTP/1.1" 200 14176
190.171.141.114 - - [09/Dec/2021:08:25:36 -0300] "GET /cormun/servlet/trpermisosgoce HTTP/1.1" 200 14171
5.189.152.10 - - [09/Dec/2021:08:29:33 -0300] "GET /manager/html HTTP/1.1" 401 2474
190.171.154.42 - - [09/Dec/2021:08:32:14 -0300] "GET /cormun/servlet/hlogin HTTP/1.1" 200 1718
190.171.154.42 - - [09/Dec/2021:08:32:15 -0300] "GET /cormun/servlet/hlogin HTTP/1.1" 200 1729
190.171.154.42 - - [09/Dec/2021:08:32:19 -0300] "POST /cormun/servlet/hlogin?427d67ece9dae9390fc0f41fe1df59ba,gx-no-cache=1639048817384 HTTP/1.1" 200 90
190.171.154.42 - - [09/Dec/2021:08:32:19 -0300] "GET /cormun/servlet/hpexe_link HTTP/1.1" 200 944
190.171.154.42 - - [09/Dec/2021:08:32:20 -0300] "GET /cormun/servlet/hhome HTTP/1.1" 200 4348
190.171.154.42 - - [09/Dec/2021:08:32:22 -0300] "GET /cormun/servlet/hhome HTTP/1.1" 200 4344
5.189.152.10 - - [09/Dec/2021:08:33:23 -0300] "GET /manager/html HTTP/1.1" 401 2474
5.189.152.10 - - [09/Dec/2021:08:39:18 -0300] "GET /manager/html HTTP/1.1" 401 2474
157.55.39.136 - - [09/Dec/2021:08:39:43 -0300] "GET /cormun/servlet/vesolicitudot?2021,17359,_escaped_fragment_%3D,&_escaped_fragment_= HTTP/1.1" 200 7085
40.77.167.73 - - [09/Dec/2021:08:39:58 -0300] "GET /cormun/pexe_scrolldiv.js HTTP/1.1" 404 1009
40.77.167.55 - - [09/Dec/2021:08:39:59 -0300] "GET /cormun/static/PXToolsJavascripts/pexe_cookies.js HTTP/1.1" 200 792
157.55.39.136 - - [09/Dec/2021:08:40:00 -0300] "GET /cormun/static/hwcviewtabs.js?201991422154026 HTTP/1.1" 200 1074
207.46.13.79 - - [09/Dec/2021:08:40:01 -0300] "GET /cormun/static/hpexe_tabsview.js?2020121447381 HTTP/1.1" 200 1661
40.77.167.73 - - [09/Dec/2021:08:40:01 -0300] "GET /cormun/static/RunJS/RunJS.js HTTP/1.1" 200 288
157.55.39.136 - - [09/Dec/2021:08:40:03 -0300] "GET /cormun/static/hwcviewtabs.js?201991422154026 HTTP/1.1" 200 1074
40.77.167.55 - - [09/Dec/2021:08:40:03 -0300] "GET /cormun/static/Shared/jquery/jquery-1.10.2.min.js HTTP/1.1" 200 273199
40.77.167.73 - - [09/Dec/2021:08:40:03 -0300] "GET /cormun/static/vesolicitudot.js?201991422423984 HTTP/1.1" 200 6091
207.46.13.79 - - [09/Dec/2021:08:40:05 -0300] "GET /cormun/static/tbsolicitudot01.js?20201214462316 HTTP/1.1" 200 30566
40.77.167.13 - - [09/Dec/2021:08:40:05 -0300] "GET /cormun/servlet/vesolicitudot?2021,17359,_escaped_fragment_%3D, HTTP/1.1" 200 7065
40.77.167.55 - - [09/Dec/2021:08:40:06 -0300] "GET /cormun/static/PXToolsJavascripts/pexe_cookies.js HTTP/1.1" 200 792
40.77.167.73 - - [09/Dec/2021:08:40:06 -0300] "GET /cormun/pexe_scrolldiv.js HTTP/1.1" 404 1009
207.46.13.79 - - [09/Dec/2021:08:40:07 -0300] "GET /cormun/static/hpexe_tabsview.js?2020121447381 HTTP/1.1" 200 1661
40.77.167.13 - - [09/Dec/2021:08:40:08 -0300] "GET /cormun/static/gxcfg.js?201991422423914 HTTP/1.1" 200 953
190.171.141.122 - - [09/Dec/2021:08:40:09 -0300] "GET /cormun/servlet/trautorizarsolicitud? HTTP/1.1" 200 6216
40.77.167.73 - - [09/Dec/2021:08:40:09 -0300] "GET /cormun/static/RunJS/RunJS.js HTTP/1.1" 200 288
207.46.13.79 - - [09/Dec/2021:08:40:09 -0300] "GET /cormun/static/tbsolicitudot01.js?20201214462316 HTTP/1.1" 200 30566
40.77.167.13 - - [09/Dec/2021:08:40:11 -0300] "GET /cormun/static/hwchdr01.js?20201214473739 HTTP/1.1" 200 996
40.77.167.73 - - [09/Dec/2021:08:40:12 -0300] "GET /cormun/static/vesolicitudot.js?201991422423984 HTTP/1.1" 200 6091
40.77.167.13 - - [09/Dec/2021:08:40:14 -0300] "GET /cormun/servlet/vesolicitudot?2021,17359,_escaped_fragment_%3D, HTTP/1.1" 200 7070
157.55.39.194 - - [09/Dec/2021:08:40:15 -0300] "GET /robots.txt HTTP/1.1" 404 981
190.171.141.122 - - [09/Dec/2021:08:40:16 -0300] "GET /cormun/servlet/trautorizarsolicitud? HTTP/1.1" 200 6216
190.171.141.122 - - [09/Dec/2021:08:40:16 -0300] "GET /cormun/servlet/hlogin HTTP/1.1" 200 1752
190.171.141.122 - - [09/Dec/2021:08:40:16 -0300] "GET /cormun/servlet/trautorizarsolicitud? HTTP/1.1" 200 6216
40.77.167.13 - - [09/Dec/2021:08:40:17 -0300] "GET /cormun/static/gxcfg.js?201991422423914 HTTP/1.1" 200 953
40.77.167.13 - - [09/Dec/2021:08:40:20 -0300] "GET /cormun/static/hwchdr01.js?20201214473739 HTTP/1.1" 200 996
183.136.225.56 - - [09/Dec/2021:08:40:36 -0300] "GET / HTTP/1.1" 200 11217
190.171.141.122 - - [09/Dec/2021:08:40:54 -0300] "GET /cormun/servlet/hlogin HTTP/1.1" 200 1730
190.171.141.122 - - [09/Dec/2021:08:40:54 -0300] "GET /cormun/servlet/hlogin HTTP/1.1" 200 1730
190.171.141.122 - - [09/Dec/2021:08:41:04 -0300] "POST /cormun/servlet/hlogin?3247d2163963fa0fdc80f90be4c7e8a2,gx-no-cache=1639049345111 HTTP/1.1" 200 90
190.171.141.122 - - [09/Dec/2021:08:41:04 -0300] "GET /cormun/servlet/hpexe_link HTTP/1.1" 200 967
190.171.141.122 - - [09/Dec/2021:08:41:05 -0300] "GET /cormun/servlet/trautorizarsolicitud HTTP/1.1" 200 7181
190.171.141.122 - - [09/Dec/2021:08:41:06 -0300] "GET /cormun/servlet/trautorizarsolicitud HTTP/1.1" 200 7179
190.171.141.122 - - [09/Dec/2021:08:41:19 -0300] "GET /cormun/servlet/trautorizarsolicitud? HTTP/1.1" 200 7179
190.171.141.122 - - [09/Dec/2021:08:41:20 -0300] "GET /cormun/servlet/trautorizarsolicitud? HTTP/1.1" 200 7180
190.171.141.122 - - [09/Dec/2021:08:41:48 -0300] "GET /cormun/servlet/trpermisosgoce? HTTP/1.1" 200 9666
190.171.141.122 - - [09/Dec/2021:08:41:48 -0300] "GET /cormun/servlet/trpermisosgoce? HTTP/1.1" 200 9665
190.171.141.122 - - [09/Dec/2021:08:42:36 -0300] "GET /cormun/servlet/trautorizarsolicitud? HTTP/1.1" 200 7179
190.171.141.122 - - [09/Dec/2021:08:42:36 -0300] "GET /cormun/servlet/trautorizarsolicitud? HTTP/1.1" 200 7180
190.171.141.122 - - [09/Dec/2021:08:42:40 -0300] "POST /cormun/servlet/trautorizarsolicitud?3247d2163963fa0fdc80f90be4c7e8a2,,gx-no-cache=1639049440266 HTTP/1.1" 200 110
190.171.141.122 - - [09/Dec/2021:08:42:40 -0300] "GET /cormun/AutorizarSolicitud-9818.xls HTTP/1.1" 200 4608
190.171.141.122 - - [09/Dec/2021:08:42:47 -0300] "POST /cormun/servlet/trautorizarsolicitud?3247d2163963fa0fdc80f90be4c7e8a2,,gx-no-cache=1639049447535 HTTP/1.1" 200 4289
190.171.154.42 - - [09/Dec/2021:08:43:17 -0300] "GET /cormun/servlet/trlicencias? HTTP/1.1" 200 10361
190.171.154.42 - - [09/Dec/2021:08:43:20 -0300] "GET /cormun/servlet/trlicencias? HTTP/1.1" 200 10354
5.189.152.10 - - [09/Dec/2021:08:44:10 -0300] "GET /manager/html HTTP/1.1" 401 2474
190.171.154.42 - - [09/Dec/2021:08:45:43 -0300] "GET /cormun/servlet/trlicencias? HTTP/1.1" 200 10354
190.171.154.42 - - [09/Dec/2021:08:45:46 -0300] "GET /cormun/servlet/trlicencias? HTTP/1.1" 200 10358
190.171.154.42 - - [09/Dec/2021:08:45:49 -0300] "POST /cormun/servlet/trlicencias?427d67ece9dae9390fc0f41fe1df59ba,,gx-no-cache=1639049628035 HTTP/1.1" 200 7782
5.189.152.10 - - [09/Dec/2021:08:49:00 -0300] "GET /manager/html HTTP/1.1" 401 2474
192.168.10.18 - - [09/Dec/2021:08:50:50 -0300] "-" 400 -
192.168.10.18 - - [09/Dec/2021:08:50:50 -0300] "üyžj)=÷ÍȺSi‘M;4ú:ÚeÅÒ²¼œ×oA _òå¾âèmX—c½:µ]l0çÚd1|Ï4Õ0ŸK ::À+À/À,À0̨̩ÀÀœ/5“ªªservicios.cormun.clÿ" 400 -
66.249.85.97 - - [09/Dec/2021:08:50:50 -0300] "GET /cormun/static/Resources/Logo2019_Grande.png HTTP/1.1" 200 31733
192.168.10.18 - - [09/Dec/2021:08:52:14 -0300] "üyÍÙÅX¨tB_ÑœÕ ØC‹Â‰qMæðÃúõ~O)Ù1 õpVמéšÉ'X³ ¨Ö±DË6+]¨½øIr’° ÊÊÀ+À/À,À0̨̩ÀÀœ/5“::servicios.cormun.clÿ" 400 -
192.168.10.18 - - [09/Dec/2021:08:52:14 -0300] "üLs(¨´Ïíw«KgúuøÆ='É/Üɏ¼Žª3Û=pà h…Pï‘A³iwA|XÙÐêfÙºtü, " 400 -
190.171.141.138 - - [09/Dec/2021:08:55:41 -0300] "GET /cormun/servlet/hlogin HTTP/1.1" 200 1720
190.171.141.138 - - [09/Dec/2021:08:55:42 -0300] "GET /cormun/servlet/hlogin HTTP/1.1" 200 1730
190.171.141.138 - - [09/Dec/2021:08:55:49 -0300] "POST /cormun/servlet/hlogin?119dd1b49b52745add504f3e3e4f3e49,gx-no-cache=1639050232074 HTTP/1.1" 200 90
190.171.141.138 - - [09/Dec/2021:08:55:49 -0300] "GET /cormun/servlet/hpexe_link HTTP/1.1" 200 947
190.171.141.138 - - [09/Dec/2021:08:55:50 -0300] "GET /cormun/servlet/hhome HTTP/1.1" 200 4463
190.171.141.138 - - [09/Dec/2021:08:55:51 -0300] "GET /cormun/servlet/hhome HTTP/1.1" 200 4459
190.171.141.138 - - [09/Dec/2021:08:56:04 -0300] "GET /cormun/servlet/trlicencias? HTTP/1.1" 200 13331
190.171.141.138 - - [09/Dec/2021:08:56:05 -0300] "GET /cormun/servlet/trlicencias? HTTP/1.1" 200 13330
178.32.197.95 - - [09/Dec/2021:08:58:07 -0300] "GET / HTTP/1.1" 200 11217
5.189.152.10 - - [09/Dec/2021:08:59:13 -0300] "GET /manager/html HTTP/1.1" 401 2474
190.171.154.42 - - [09/Dec/2021:09:00:33 -0300] "POST /cormun/servlet/trlicencias?427d67ece9dae9390fc0f41fe1df59ba,,gx-no-cache=1639050512752 HTTP/1.1" 200 101
190.171.154.42 - - [09/Dec/2021:09:00:33 -0300] "GET /cormun/Licencias-5548.xls HTTP/1.1" 200 6656
161.35.64.95 - - [09/Dec/2021:09:00:34 -0300] "HEAD / HTTP/1.0" 200 -
161.35.64.95 - - [09/Dec/2021:09:00:35 -0300] "GET /system_api.php HTTP/1.1" 404 989
161.35.64.95 - - [09/Dec/2021:09:00:40 -0300] "GET /c/version.js HTTP/1.1" 404 985
161.35.64.95 - - [09/Dec/2021:09:00:44 -0300] "GET /streaming/clients_live.php HTTP/1.1" 404 1013
161.35.64.95 - - [09/Dec/2021:09:00:49 -0300] "GET /stalker_portal/c/version.js HTTP/1.1" 404 1015
161.35.64.95 - - [09/Dec/2021:09:00:54 -0300] "GET /stream/live.php HTTP/1.1" 404 991
161.35.64.95 - - [09/Dec/2021:09:00:58 -0300] "GET /flu/403.html HTTP/1.1" 404 985
161.35.64.95 - - [09/Dec/2021:09:01:03 -0300] "GET /gemini-iptv/vod.json HTTP/1.1" 404 1001
161.35.64.95 - - [09/Dec/2021:09:01:04 -0300] "GET /gemini-iptv/get_prc.php HTTP/1.1" 404 1007
161.35.64.95 - - [09/Dec/2021:09:01:12 -0300] "GET / HTTP/1.1" 200 11217
190.171.141.138 - - [09/Dec/2021:09:02:11 -0300] "GET /cormun/servlet/trpermisosgoce? HTTP/1.1" 200 12452
190.171.141.138 - - [09/Dec/2021:09:02:12 -0300] "GET /cormun/servlet/trpermisosgoce? HTTP/1.1" 200 12452
190.171.141.138 - - [09/Dec/2021:09:03:23 -0300] "GET /cormun/servlet/trlicencias? HTTP/1.1" 200 13334
190.171.141.138 - - [09/Dec/2021:09:03:24 -0300] "GET /cormun/servlet/trlicencias? HTTP/1.1" 200 13333
5.189.152.10 - - [09/Dec/2021:09:03:24 -0300] "GET /manager/html HTTP/1.1" 401 2474
190.171.141.138 - - [09/Dec/2021:09:03:30 -0300] "GET /cormun/servlet/trpermisosgoce? HTTP/1.1" 200 12452
190.171.141.138 - - [09/Dec/2021:09:03:31 -0300] "GET /cormun/servlet/trpermisosgoce? HTTP/1.1" 200 12452
191.114.82.182 - - [09/Dec/2021:09:03:33 -0300] "GET /cormun/servlet/hlogin HTTP/1.1" 200 1727
191.114.82.182 - - [09/Dec/2021:09:03:35 -0300] "GET /cormun/servlet/hlogin HTTP/1.1" 200 1736
190.171.141.138 - - [09/Dec/2021:09:03:50 -0300] "GET /cormun/servlet/trpermisosgoce? HTTP/1.1" 200 12452
190.171.141.138 - - [09/Dec/2021:09:03:51 -0300] "GET /cormun/servlet/trpermisosgoce? HTTP/1.1" 200 12452
190.171.141.138 - - [09/Dec/2021:09:06:45 -0300] "POST /cormun/servlet/trpermisosgoce?119dd1b49b52745add504f3e3e4f3e49,,gx-no-cache=1639050887451 HTTP/1.1" 200 9539
190.171.141.138 - - [09/Dec/2021:09:06:45 -0300] "GET /cormun/static/Shared/jqueryui/images/ui-bg_highlight-soft_100_c6c2c8_1x100.png HTTP/1.1" 404 1117
190.171.141.138 - - [09/Dec/2021:09:06:45 -0300] "GET /cormun/static/Shared/jqueryui/images/ui-icons_82798d_256x240.png HTTP/1.1" 404 1089
190.171.141.138 - - [09/Dec/2021:09:06:45 -0300] "GET /cormun/static/Shared/jqueryui/images/ui-bg_flat_55_fafafa_40x100.png HTTP/1.1" 404 1097
190.171.141.138 - - [09/Dec/2021:09:06:45 -0300] "GET /cormun/static/Shared/jqueryui/images/ui-icons_8d78a5_256x240.png HTTP/1.1" 404 1089
190.171.154.42 - - [09/Dec/2021:09:06:49 -0300] "GET /cormun/servlet/trsolicitudot? HTTP/1.1" 200 8957
190.171.141.138 - - [09/Dec/2021:09:06:50 -0300] "GET /cormun/servlet/permisogoce?DSP,11671234,P,20211206172629, HTTP/1.1" 200 7217
190.171.141.138 - - [09/Dec/2021:09:06:51 -0300] "GET /cormun/servlet/permisogoce?DSP,11671234,P,20211206172629, HTTP/1.1" 200 7217
190.171.154.42 - - [09/Dec/2021:09:06:52 -0300] "GET /cormun/servlet/trsolicitudot? HTTP/1.1" 200 8957
190.171.141.138 - - [09/Dec/2021:09:06:56 -0300] "GET /cormun/servlet/trpermisosgoce? HTTP/1.1" 200 12452
190.171.141.138 - - [09/Dec/2021:09:06:56 -0300] "GET /cormun/servlet/trpermisosgoce? HTTP/1.1" 200 12452
190.171.141.138 - - [09/Dec/2021:09:06:58 -0300] "GET /cormun/servlet/permisogoce?DSP,11671234,P,20211206172817, HTTP/1.1" 200 7217
190.171.141.138 - - [09/Dec/2021:09:06:59 -0300] "GET /cormun/servlet/permisogoce?DSP,11671234,P,20211206172817, HTTP/1.1" 200 7218
190.171.141.138 - - [09/Dec/2021:09:07:01 -0300] "GET /cormun/servlet/trpermisosgoce? HTTP/1.1" 200 12452
190.171.141.138 - - [09/Dec/2021:09:07:02 -0300] "GET /cormun/servlet/trpermisosgoce? HTTP/1.1" 200 12452
190.171.154.42 - - [09/Dec/2021:09:07:14 -0300] "GET /cormun/servlet/trautorizarsolicitud? HTTP/1.1" 200 7464
190.171.154.42 - - [09/Dec/2021:09:07:16 -0300] "GET /cormun/servlet/trautorizarsolicitud? HTTP/1.1" 200 7464
190.171.154.42 - - [09/Dec/2021:09:07:23 -0300] "POST /cormun/servlet/trautorizarsolicitud?427d67ece9dae9390fc0f41fe1df59ba,,gx-no-cache=1639050923352 HTTP/1.1" 200 4556
190.171.154.42 - - [09/Dec/2021:09:07:26 -0300] "GET /cormun/servlet/trautorizarsolicitud? HTTP/1.1" 200 7464
190.171.154.42 - - [09/Dec/2021:09:07:28 -0300] "GET /cormun/servlet/trautorizarsolicitud? HTTP/1.1" 200 7464
5.189.152.10 - - [09/Dec/2021:09:07:30 -0300] "GET /manager/html HTTP/1.1" 401 2474
190.171.154.42 - - [09/Dec/2021:09:07:32 -0300] "POST /cormun/servlet/trautorizarsolicitud?427d67ece9dae9390fc0f41fe1df59ba,,gx-no-cache=1639050932603 HTTP/1.1" 200 4554
190.171.154.42 - - [09/Dec/2021:09:07:41 -0300] "POST /cormun/servlet/trautorizarsolicitud?427d67ece9dae9390fc0f41fe1df59ba,,gx-no-cache=1639050941822 HTTP/1.1" 200 7305
190.171.154.42 - - [09/Dec/2021:09:08:01 -0300] "POST /cormun/servlet/trautorizarsolicitud?427d67ece9dae9390fc0f41fe1df59ba,,gx-no-cache=1639050961745 HTTP/1.1" 200 7317
190.171.154.42 - - [09/Dec/2021:09:08:02 -0300] "GET /cormun/static/Shared/jqueryui/images/ui-bg_highlight-soft_100_c6c2c8_1x100.png HTTP/1.1" 404 1117
190.171.154.42 - - [09/Dec/2021:09:08:02 -0300] "GET /cormun/static/Shared/jqueryui/images/ui-icons_82798d_256x240.png HTTP/1.1" 404 1089
190.171.154.42 - - [09/Dec/2021:09:08:02 -0300] "GET /cormun/static/Shared/jqueryui/images/ui-bg_flat_55_fafafa_40x100.png HTTP/1.1" 404 1097
190.171.154.42 - - [09/Dec/2021:09:08:02 -0300] "GET /cormun/static/Shared/jqueryui/images/ui-icons_8d78a5_256x240.png HTTP/1.1" 404 1089
190.171.154.42 - - [09/Dec/2021:09:08:09 -0300] "GET /cormun/servlet/trvisualizadoreventos? HTTP/1.1" 200 7122
40.77.167.13 - - [09/Dec/2021:09:08:09 -0300] "GET /cormun/servlet/trpermisosgoce?_escaped_fragment_= HTTP/1.1" 200 5807
190.171.154.42 - - [09/Dec/2021:09:08:11 -0300] "GET /cormun/servlet/trvisualizadoreventos? HTTP/1.1" 200 7122
190.171.154.42 - - [09/Dec/2021:09:08:17 -0300] "POST /cormun/servlet/trvisualizadoreventos?427d67ece9dae9390fc0f41fe1df59ba,,gx-no-cache=1639050977267 HTTP/1.1" 200 4282
190.171.154.42 - - [09/Dec/2021:09:08:28 -0300] "POST /cormun/servlet/trvisualizadoreventos?427d67ece9dae9390fc0f41fe1df59ba,,gx-no-cache=1639050988692 HTTP/1.1" 200 4287
190.171.154.42 - - [09/Dec/2021:09:08:32 -0300] "POST /cormun/servlet/trvisualizadoreventos?427d67ece9dae9390fc0f41fe1df59ba,,gx-no-cache=1639050992081 HTTP/1.1" 200 4287
190.171.154.42 - - [09/Dec/2021:09:08:41 -0300] "GET /cormun/servlet/trautorizarsolicitud? HTTP/1.1" 200 10179
190.171.154.42 - - [09/Dec/2021:09:08:42 -0300] "GET /cormun/servlet/trautorizarsolicitud? HTTP/1.1" 200 10178
190.171.154.42 - - [09/Dec/2021:09:08:45 -0300] "POST /cormun/servlet/trautorizarsolicitud?427d67ece9dae9390fc0f41fe1df59ba,,gx-no-cache=1639051005636 HTTP/1.1" 200 7311
191.114.82.182 - - [09/Dec/2021:09:08:47 -0300] "GET /cormun/servlet/hlogin HTTP/1.1" 200 1722
191.114.82.182 - - [09/Dec/2021:09:08:47 -0300] "GET /cormun/servlet/hlogin HTTP/1.1" 200 1722
190.171.154.42 - - [09/Dec/2021:09:08:57 -0300] "GET /cormun/servlet/trautorizarsolicitud? HTTP/1.1" 200 10178
190.171.154.42 - - [09/Dec/2021:09:08:59 -0300] "GET /cormun/servlet/trautorizarsolicitud? HTTP/1.1" 200 10178
190.171.154.42 - - [09/Dec/2021:09:09:19 -0300] "POST /cormun/servlet/trautorizarsolicitud?427d67ece9dae9390fc0f41fe1df59ba,,gx-no-cache=1639051039783 HTTP/1.1" 200 7317
190.171.154.42 - - [09/Dec/2021:09:09:20 -0300] "GET /cormun/static/Shared/jqueryui/images/ui-bg_highlight-soft_100_c6c2c8_1x100.png HTTP/1.1" 404 1117
190.171.154.42 - - [09/Dec/2021:09:09:20 -0300] "GET /cormun/static/Shared/jqueryui/images/ui-icons_82798d_256x240.png HTTP/1.1" 404 1089
190.171.154.42 - - [09/Dec/2021:09:09:20 -0300] "GET /cormun/static/Shared/jqueryui/images/ui-bg_flat_55_fafafa_40x100.png HTTP/1.1" 404 1097
190.171.154.42 - - [09/Dec/2021:09:09:20 -0300] "GET /cormun/static/Shared/jqueryui/images/ui-icons_8d78a5_256x240.png HTTP/1.1" 404 1089
190.171.154.42 - - [09/Dec/2021:09:09:26 -0300] "GET /cormun/servlet/trsolicitudot? HTTP/1.1" 200 8958
190.171.154.42 - - [09/Dec/2021:09:09:28 -0300] "GET /cormun/servlet/trsolicitudot? HTTP/1.1" 200 8957
190.171.154.42 - - [09/Dec/2021:09:09:33 -0300] "POST /cormun/servlet/trsolicitudot?427d67ece9dae9390fc0f41fe1df59ba,,gx-no-cache=1639051053874 HTTP/1.1" 200 4624
190.171.154.42 - - [09/Dec/2021:09:09:35 -0300] "POST /cormun/servlet/trsolicitudot?427d67ece9dae9390fc0f41fe1df59ba,,gx-no-cache=1639051055221 HTTP/1.1" 200 4623
190.171.154.42 - - [09/Dec/2021:09:09:40 -0300] "POST /cormun/servlet/trsolicitudot?427d67ece9dae9390fc0f41fe1df59ba,,gx-no-cache=1639051059987 HTTP/1.1" 200 6013
190.171.154.42 - - [09/Dec/2021:09:09:53 -0300] "POST /cormun/servlet/trsolicitudot?427d67ece9dae9390fc0f41fe1df59ba,,gx-no-cache=1639051073668 HTTP/1.1" 200 4848
190.171.154.42 - - [09/Dec/2021:09:09:53 -0300] "GET /cormun/static/Shared/jqueryui/images/ui-bg_highlight-soft_100_c6c2c8_1x100.png HTTP/1.1" 404 1117
190.171.154.42 - - [09/Dec/2021:09:09:53 -0300] "GET /cormun/static/Shared/jqueryui/images/ui-icons_82798d_256x240.png HTTP/1.1" 404 1089
190.171.154.42 - - [09/Dec/2021:09:09:53 -0300] "GET /cormun/static/Shared/jqueryui/images/ui-bg_flat_55_fafafa_40x100.png HTTP/1.1" 404 1097
190.171.154.42 - - [09/Dec/2021:09:09:53 -0300] "GET /cormun/static/Shared/jqueryui/images/ui-icons_8d78a5_256x240.png HTTP/1.1" 404 1089
190.171.154.42 - - [09/Dec/2021:09:09:54 -0300] "POST /cormun/servlet/trsolicitudot?427d67ece9dae9390fc0f41fe1df59ba,,gx-no-cache=1639051074050 HTTP/1.1" 200 4605
190.171.154.42 - - [09/Dec/2021:09:09:59 -0300] "GET /cormun/servlet/trautorizarsolicitud? HTTP/1.1" 200 10178
190.171.154.42 - - [09/Dec/2021:09:10:01 -0300] "GET /cormun/servlet/trautorizarsolicitud? HTTP/1.1" 200 10178
190.171.141.138 - - [09/Dec/2021:09:10:08 -0300] "GET /cormun/servlet/apermisogoceprn?11671234,P,20211206172629,PU HTTP/1.1" 200 1664
190.171.154.42 - - [09/Dec/2021:09:10:10 -0300] "GET /cormun/servlet/trautorizarsolicitud? HTTP/1.1" 200 10178
190.171.141.138 - - [09/Dec/2021:09:10:10 -0300] "GET /cormun/servlet/permisogoce?UPD,11671234,P,20211206172629, HTTP/1.1" 200 7422
190.171.154.42 - - [09/Dec/2021:09:10:12 -0300] "GET /cormun/servlet/trautorizarsolicitud? HTTP/1.1" 200 10178
190.171.141.138 - - [09/Dec/2021:09:10:12 -0300] "GET /cormun/servlet/permisogoce?UPD,11671234,P,20211206172629, HTTP/1.1" 200 7423
190.171.141.138 - - [09/Dec/2021:09:10:13 -0300] "GET /cormun/servlet/permisogoce?5d9038737090d34f1cc5cc045e75307595995fd406426077f573be44121c5593572fadbc02bf4fd2aa9af19dd2f58491f9c52fab62b3afb9fd4ae812daf4b852,gx-no-cache=1639051096110 HTTP/1.1" 200 81
190.171.141.138 - - [09/Dec/2021:09:10:19 -0300] "GET /cormun/servlet/permisogoce?5d9038737090d34f1cc5cc045e7530752280a816a5950cc2c1e74b6ab00934ca225692f9c14a2236d1233286994d9ad9ddbfcd91b03f24160181126ed971d805,gx-no-cache=1639051101827 HTTP/1.1" 200 47
190.171.154.42 - - [09/Dec/2021:09:10:19 -0300] "POST /cormun/servlet/trautorizarsolicitud?427d67ece9dae9390fc0f41fe1df59ba,,gx-no-cache=1639051099440 HTTP/1.1" 200 7332
190.171.141.138 - - [09/Dec/2021:09:10:20 -0300] "POST /cormun/servlet/permisogoce?119dd1b49b52745add504f3e3e4f3e49,UPD,11671234,P,20211206172629,,gx-no-cache=1639051101914 HTTP/1.1" 200 93
190.171.154.42 - - [09/Dec/2021:09:10:20 -0300] "GET /cormun/static/Shared/jqueryui/images/ui-bg_highlight-soft_100_c6c2c8_1x100.png HTTP/1.1" 404 1117
190.171.154.42 - - [09/Dec/2021:09:10:20 -0300] "GET /cormun/static/Shared/jqueryui/images/ui-icons_82798d_256x240.png HTTP/1.1" 404 1089
190.171.154.42 - - [09/Dec/2021:09:10:20 -0300] "GET /cormun/static/Shared/jqueryui/images/ui-bg_flat_55_fafafa_40x100.png HTTP/1.1" 404 1097
190.171.154.42 - - [09/Dec/2021:09:10:20 -0300] "GET /cormun/static/Shared/jqueryui/images/ui-icons_8d78a5_256x240.png HTTP/1.1" 404 1089
190.171.141.138 - - [09/Dec/2021:09:10:20 -0300] "GET /cormun/servlet/hpexe_return? HTTP/1.1" 200 1024
190.171.154.42 - - [09/Dec/2021:09:10:20 -0300] "POST /cormun/servlet/trautorizarsolicitud?427d67ece9dae9390fc0f41fe1df59ba,,gx-no-cache=1639051100312 HTTP/1.1" 200 7276
190.171.141.138 - - [09/Dec/2021:09:10:21 -0300] "GET /cormun/servlet/trpermisosgoce HTTP/1.1" 200 12456
190.171.141.138 - - [09/Dec/2021:09:10:24 -0300] "GET /cormun/servlet/trpermisosgoce HTTP/1.1" 200 12452
190.171.141.138 - - [09/Dec/2021:09:10:27 -0300] "GET /cormun/servlet/apermisogoceprn?11671234,P,20211206172629,PU HTTP/1.1" 200 1663
181.74.251.246 - - [09/Dec/2021:09:10:51 -0300] "GET /cormun/servlet/hlogin HTTP/1.1" 200 1728
190.171.141.138 - - [09/Dec/2021:09:10:54 -0300] "GET /cormun/servlet/permisogoce?UPD,11671234,P,20211206172817, HTTP/1.1" 200 7423
190.171.141.138 - - [09/Dec/2021:09:10:55 -0300] "GET /cormun/servlet/permisogoce?UPD,11671234,P,20211206172817, HTTP/1.1" 200 7423
190.171.141.138 - - [09/Dec/2021:09:10:56 -0300] "GET /cormun/servlet/permisogoce?5d9038737090d34f1cc5cc045e75307595995fd406426077f573be44121c5593572fadbc02bf4fd2aa9af19dd2f58491f9c52fab62b3afb9fd4ae812daf4b852,gx-no-cache=1639051138639 HTTP/1.1" 200 81
190.171.141.138 - - [09/Dec/2021:09:10:58 -0300] "POST /cormun/servlet/permisogoce?119dd1b49b52745add504f3e3e4f3e49,UPD,11671234,P,20211206172817,,gx-no-cache=1639051141521 HTTP/1.1" 200 93
190.171.141.138 - - [09/Dec/2021:09:10:58 -0300] "GET /cormun/servlet/hpexe_return? HTTP/1.1" 200 1024
190.171.141.138 - - [09/Dec/2021:09:10:59 -0300] "GET /cormun/servlet/trpermisosgoce HTTP/1.1" 200 12456
190.171.141.138 - - [09/Dec/2021:09:11:00 -0300] "GET /cormun/servlet/trpermisosgoce HTTP/1.1" 200 12452
40.77.189.167 - - [09/Dec/2021:09:11:00 -0300] "GET /cormun/static/calendar-system.css HTTP/1.1" 200 5572
40.77.189.47 - - [09/Dec/2021:09:11:01 -0300] "GET /cormun/static/calendar-system.css HTTP/1.1" 200 5572
181.74.251.246 - - [09/Dec/2021:09:11:04 -0300] "POST /cormun/servlet/hlogin?ac18b42133802ea90f91228c026aead3,gx-no-cache=1639051145417 HTTP/1.1" 200 429
181.74.251.246 - - [09/Dec/2021:09:11:13 -0300] "POST /cormun/servlet/hlogin?ac18b42133802ea90f91228c026aead3,gx-no-cache=1639051154074 HTTP/1.1" 200 429
190.171.141.138 - - [09/Dec/2021:09:11:15 -0300] "POST /cormun/servlet/trpermisosgoce?119dd1b49b52745add504f3e3e4f3e49,gx-no-cache=1639051158123 HTTP/1.1" 200 9073
190.171.141.138 - - [09/Dec/2021:09:11:16 -0300] "POST /cormun/servlet/trpermisosgoce?119dd1b49b52745add504f3e3e4f3e49,gx-no-cache=1639051158589 HTTP/1.1" 200 9053
181.74.251.246 - - [09/Dec/2021:09:11:19 -0300] "POST /cormun/servlet/hlogin?ac18b42133802ea90f91228c026aead3,gx-no-cache=1639051160307 HTTP/1.1" 200 90
181.74.251.246 - - [09/Dec/2021:09:11:19 -0300] "GET /cormun/servlet/hpexe_link HTTP/1.1" 200 955
181.74.251.246 - - [09/Dec/2021:09:11:19 -0300] "GET /cormun/servlet/hhome HTTP/1.1" 200 4274
181.74.251.246 - - [09/Dec/2021:09:11:20 -0300] "GET /cormun/servlet/hhome HTTP/1.1" 200 4270
5.189.152.10 - - [09/Dec/2021:09:11:21 -0300] "GET /manager/html HTTP/1.1" 401 2474
181.74.251.246 - - [09/Dec/2021:09:11:25 -0300] "GET /cormun/servlet/trlicencias? HTTP/1.1" 200 14660
181.74.251.246 - - [09/Dec/2021:09:11:25 -0300] "GET /cormun/servlet/trlicencias? HTTP/1.1" 200 14657
190.171.141.138 - - [09/Dec/2021:09:11:38 -0300] "POST /cormun/servlet/trpermisosgoce?119dd1b49b52745add504f3e3e4f3e49,gx-no-cache=1639051181180 HTTP/1.1" 200 9089
190.171.141.138 - - [09/Dec/2021:09:11:41 -0300] "GET /cormun/servlet/permisogoce?INS,0,,, HTTP/1.1" 200 7367
190.171.141.138 - - [09/Dec/2021:09:11:42 -0300] "GET /cormun/servlet/permisogoce?INS,0,,, HTTP/1.1" 200 7366
190.171.141.138 - - [09/Dec/2021:09:11:49 -0300] "GET /cormun/servlet/permisogoce?5d9038737090d34f1cc5cc045e75307595995fd406426077f573be44121c559355f601e9d0c5c90ed4f8737e00eb26efcbcc0af1603e3eec1777037a71633943,gx-no-cache=1639051191699 HTTP/1.1" 200 84
190.171.141.138 - - [09/Dec/2021:09:11:49 -0300] "GET /cormun/static/menuarrow.gif HTTP/1.1" 404 1015
190.171.141.138 - - [09/Dec/2021:09:11:54 -0300] "GET /cormun/servlet/permisogoce?5d9038737090d34f1cc5cc045e7530752280a816a5950cc2c1e74b6ab00934ca792a387303230e1a47b19bdfb786973f1d9cde0f882c252cac065135fb53bd8b,gx-no-cache=1639051196965 HTTP/1.1" 200 47
190.171.141.138 - - [09/Dec/2021:09:11:59 -0300] "POST /cormun/servlet/permisogoce?119dd1b49b52745add504f3e3e4f3e49,INS,0,,,,gx-no-cache=1639051201764 HTTP/1.1" 200 93
190.171.141.138 - - [09/Dec/2021:09:11:59 -0300] "GET /cormun/servlet/hpexe_return? HTTP/1.1" 200 1025
190.171.141.138 - - [09/Dec/2021:09:11:59 -0300] "GET /cormun/servlet/trpermisosgoce?gx-no-cache=1639051181180 HTTP/1.1" 200 12280
190.171.141.138 - - [09/Dec/2021:09:12:00 -0300] "GET /cormun/servlet/trpermisosgoce?gx-no-cache=1639051181180 HTTP/1.1" 200 12295
