186.103.157.42 - - [07/Dec/2021:17:26:54 -0300] "GET /cormun/static/PXToolsJavascripts/pexe_scrolldiv.js HTTP/1.1" 200 4138
186.103.157.42 - - [07/Dec/2021:17:26:54 -0300] "GET /cormun/static/PXToolsJavascripts/pexe_tabdivfix.js HTTP/1.1" 200 876
186.103.157.42 - - [07/Dec/2021:17:26:54 -0300] "GET /cormun/static/PXToolsJavascripts/pexe_tabs.js HTTP/1.1" 200 3748
186.103.157.42 - - [07/Dec/2021:17:26:54 -0300] "GET /cormun/static/PXToolsJavascripts/pexe_upload.js HTTP/1.1" 200 1423
186.103.157.42 - - [07/Dec/2021:17:26:54 -0300] "GET /cormun/static/PXToolsJavascripts/PXToolsJavascriptsRender.js HTTP/1.1" 200 367
186.103.157.42 - - [07/Dec/2021:17:26:54 -0300] "GET /cormun/static/RunJS/RunJS.js HTTP/1.1" 200 288
186.103.157.42 - - [07/Dec/2021:17:26:54 -0300] "GET /cormun/static/Shared/ext/locale/ext-lang-en.js HTTP/1.1" 200 10940
186.103.157.42 - - [07/Dec/2021:17:26:54 -0300] "GET /cormun/static/hhome.js?20201215495544 HTTP/1.1" 200 777
186.103.157.42 - - [07/Dec/2021:17:26:54 -0300] "GET /cormun/static/hwchdr01.js?20201214473739 HTTP/1.1" 200 996
186.103.157.42 - - [07/Dec/2021:17:26:54 -0300] "GET /cormun/static/hpexe_recentlink.js?20201214471090 HTTP/1.1" 200 2144
186.103.157.42 - - [07/Dec/2021:17:26:54 -0300] "GET /cormun/static/hpexe_scripts.js?20201214471411 HTTP/1.1" 200 1544
186.103.157.42 - - [07/Dec/2021:17:26:54 -0300] "GET /cormun/static/hpexe_messagecontroller.js?201991422154126 HTTP/1.1" 200 870
186.103.157.42 - - [07/Dec/2021:17:26:54 -0300] "GET /cormun/static/hpexe_messagepopupcomponent.js?2020121447232 HTTP/1.1" 200 605
186.103.157.42 - - [07/Dec/2021:17:26:54 -0300] "GET /cormun/static/hpexe_messagegenexuscomponent.js?2020121447173 HTTP/1.1" 200 587
186.103.157.42 - - [07/Dec/2021:17:26:54 -0300] "GET /cormun/static/gxui/gxui-all.js HTTP/1.1" 200 107772
186.103.157.42 - - [07/Dec/2021:17:26:54 -0300] "GET /cormun/static/cmcontrolpreferences.js?20199141926336 HTTP/1.1" 200 1375
186.103.157.42 - - [07/Dec/2021:17:26:54 -0300] "GET /cormun/static/SmoothNavMenu/resources/ddsmoothmenu.js HTTP/1.1" 200 12712
186.103.157.42 - - [07/Dec/2021:17:26:54 -0300] "GET /cormun/static/SmoothNavMenu/resources/SmoothNavMenuRender.js HTTP/1.1" 200 5951
186.103.157.42 - - [07/Dec/2021:17:26:54 -0300] "GET /cormun/static/scaMessage/js/jquery.pnotify.min.js HTTP/1.1" 200 13038
186.103.157.42 - - [07/Dec/2021:17:26:54 -0300] "GET /cormun/static/Shared/jquery/jquery-1.4.2.min.js HTTP/1.1" 200 72174
186.103.157.42 - - [07/Dec/2021:17:26:55 -0300] "GET /cormun/static/scaMessage/scaMessageRender.js HTTP/1.1" 200 11977
186.103.157.42 - - [07/Dec/2021:17:26:55 -0300] "GET /cormun/static/hmpwkw03.js?20201215501896 HTTP/1.1" 200 3973
186.103.157.42 - - [07/Dec/2021:17:26:55 -0300] "GET /cormun/static/Resources/Logo2019_Small.png HTTP/1.1" 200 10855
186.103.157.42 - - [07/Dec/2021:17:26:55 -0300] "GET /cormun/static/Resources/ImgHome.png HTTP/1.1" 200 1364
186.103.157.42 - - [07/Dec/2021:17:26:55 -0300] "GET /cormun/static/Resources/ImgLogin.png HTTP/1.1" 200 1432
186.103.157.42 - - [07/Dec/2021:17:26:55 -0300] "GET /cormun/static/Resources/PXToolsDataTitle.png HTTP/1.1" 200 1173
186.103.157.42 - - [07/Dec/2021:17:26:55 -0300] "GET /cormun/static/Resources/Llave.png HTTP/1.1" 200 1395
186.103.157.42 - - [07/Dec/2021:17:26:55 -0300] "GET /cormun/static/Shared/jqueryui/jquery-ui.min.js HTTP/1.1" 200 240427
190.171.154.42 - - [07/Dec/2021:17:26:55 -0300] "POST /cormun/servlet/trsolicitudot?e3357693e091551d4181dd636a1c710c,,gx-no-cache=1638908095279 HTTP/1.1" 200 4633
186.103.157.42 - - [07/Dec/2021:17:26:55 -0300] "GET /cormun/static/Shared/jquery/jquery-1.10.2.min.js HTTP/1.1" 200 273199
186.103.157.42 - - [07/Dec/2021:17:26:56 -0300] "GET /cormun/static/Shared/ext/ext-all.js HTTP/1.1" 200 1289687
186.103.157.42 - - [07/Dec/2021:17:26:56 -0300] "GET /cormun/static/SmoothNavMenu/resources/images/down.gif HTTP/1.1" 200 854
186.103.157.42 - - [07/Dec/2021:17:26:56 -0300] "GET /cormun/static/SmoothNavMenu/resources/images/right.gif HTTP/1.1" 200 860
186.103.157.42 - - [07/Dec/2021:17:26:56 -0300] "GET /cormun/servlet/hhome HTTP/1.1" 200 4354
186.103.157.42 - - [07/Dec/2021:17:27:00 -0300] "GET /cormun/servlet/trlicencias? HTTP/1.1" 200 10242
186.103.157.42 - - [07/Dec/2021:17:27:00 -0300] "GET /cormun/static/gxui/gxui-all.css?120300 HTTP/1.1" 200 2179
186.103.157.42 - - [07/Dec/2021:17:27:00 -0300] "GET /cormun/static/calendar-system.css?85620 HTTP/1.1" 200 5572
186.103.157.42 - - [07/Dec/2021:17:27:00 -0300] "GET /cormun/static/gxcfg.js?2020121613995 HTTP/1.1" 200 953
186.103.157.42 - - [07/Dec/2021:17:27:00 -0300] "GET /cormun/static/calendar.js?85251 HTTP/1.1" 200 26246
186.103.157.42 - - [07/Dec/2021:17:27:00 -0300] "GET /cormun/static/calendar-setup.js?85251 HTTP/1.1" 200 2588
186.103.157.42 - - [07/Dec/2021:17:27:00 -0300] "GET /cormun/static/calendar-es.js?85251 HTTP/1.1" 200 1901
186.103.157.42 - - [07/Dec/2021:17:27:00 -0300] "GET /cormun/static/gxdec.js?85251 HTTP/1.1" 200 19579
186.103.157.42 - - [07/Dec/2021:17:27:00 -0300] "GET /cormun/static/Shared/ext/resources/css/ext-all.css?215870 HTTP/1.1" 200 416045
186.103.157.42 - - [07/Dec/2021:17:27:00 -0300] "GET /cormun/static/trlicencias.js?202012162481 HTTP/1.1" 200 41883
186.103.157.42 - - [07/Dec/2021:17:27:00 -0300] "GET /cormun/static/Resources/PXTools/calendar.png HTTP/1.1" 200 1306
186.103.157.42 - - [07/Dec/2021:17:27:00 -0300] "GET /cormun/static/Resources/PXToolsDataSearch.png HTTP/1.1" 200 435
186.103.157.42 - - [07/Dec/2021:17:27:00 -0300] "GET /cormun/static/Resources/PXToolsGridFirstDisabled.gif HTTP/1.1" 200 100
186.103.157.42 - - [07/Dec/2021:17:27:00 -0300] "GET /cormun/static/Resources/PXToolsGridLastDisabled.gif HTTP/1.1" 200 98
186.103.157.42 - - [07/Dec/2021:17:27:00 -0300] "GET /cormun/static/Resources/PXToolsGridPage.gif HTTP/1.1" 200 725
186.103.157.42 - - [07/Dec/2021:17:27:00 -0300] "GET /cormun/static/Resources/PXToolsGridNextDisabled.gif HTTP/1.1" 200 90
186.103.157.42 - - [07/Dec/2021:17:27:00 -0300] "GET /cormun/static/Resources/PXToolsGridPreviousDisabled.gif HTTP/1.1" 200 90
186.103.157.42 - - [07/Dec/2021:17:27:00 -0300] "GET /cormun/static/Resources/PXToolsActionExcel.png HTTP/1.1" 200 727
186.103.157.42 - - [07/Dec/2021:17:27:00 -0300] "GET /cormun/static/Resources/PXToolsAddAllAction.png HTTP/1.1" 200 495
186.103.157.42 - - [07/Dec/2021:17:27:00 -0300] "GET /cormun/static/Resources/desc.gif HTTP/1.1" 200 65
186.103.157.42 - - [07/Dec/2021:17:27:00 -0300] "GET /cormun//static/Resources/PXToolsActionDisabled.gif HTTP/1.1" 200 53
186.103.157.42 - - [07/Dec/2021:17:27:00 -0300] "GET /cormun//static/Resources/PXToolsGridDisplay.png HTTP/1.1" 200 525
186.103.157.42 - - [07/Dec/2021:17:27:00 -0300] "GET /cormun//static/Resources/PXTools/ActionInsert.png HTTP/1.1" 200 1482
186.103.157.42 - - [07/Dec/2021:17:27:00 -0300] "GET /cormun/static/Resources/asc.gif HTTP/1.1" 200 67
186.103.157.42 - - [07/Dec/2021:17:27:00 -0300] "GET /cormun//static/Resources/PXToolsActionPrint.png HTTP/1.1" 200 404
186.103.157.42 - - [07/Dec/2021:17:27:00 -0300] "GET /cormun//static/Resources/PXToolsHeaderHelp.png HTTP/1.1" 200 1333
186.103.157.42 - - [07/Dec/2021:17:27:00 -0300] "GET /cormun//static/Resources/PXToolsHeaderFavorites.png HTTP/1.1" 200 1414
190.171.154.42 - - [07/Dec/2021:17:27:00 -0300] "POST /cormun/servlet/trsolicitudot?e3357693e091551d4181dd636a1c710c,,gx-no-cache=1638908101162 HTTP/1.1" 200 4635
186.103.157.42 - - [07/Dec/2021:17:27:00 -0300] "GET /cormun/static/Shared/ext/resources/themes/images/default/panel/bg-headersPanel.png HTTP/1.1" 200 255
186.103.157.42 - - [07/Dec/2021:17:27:00 -0300] "GET /cormun/static/Shared/ext/resources/themes/images/default/tools/tool-sprites.gif HTTP/1.1" 200 5434
186.103.157.42 - - [07/Dec/2021:17:27:00 -0300] "GET /cormun/servlet/trlicencias? HTTP/1.1" 200 10243
186.103.157.42 - - [07/Dec/2021:17:27:07 -0300] "GET /cormun/servlet/trpermisosgoce? HTTP/1.1" 200 9586
186.103.157.42 - - [07/Dec/2021:17:27:07 -0300] "GET /cormun/static/gxcfg.js?2020121631564 HTTP/1.1" 200 953
186.103.157.42 - - [07/Dec/2021:17:27:07 -0300] "GET /cormun/static/trpermisosgoce.js?2020121633681 HTTP/1.1" 200 35904
186.103.157.42 - - [07/Dec/2021:17:27:07 -0300] "GET /cormun//static/Resources/PXToolsGridDelete.png HTTP/1.1" 200 538
186.103.157.42 - - [07/Dec/2021:17:27:07 -0300] "GET /cormun/servlet/trpermisosgoce? HTTP/1.1" 200 9586
190.171.141.122 - - [07/Dec/2021:17:27:10 -0300] "GET /cormun/servlet/solicitudot?2a97dc2d059b4bbf539c32e04c3c7267536ffcb02461637f05cae1795137a72b3e13336dba1a5583c019970b1a8b1023,gx-no-cache=1638908110966 HTTP/1.1" 200 103
186.103.157.42 - - [07/Dec/2021:17:27:11 -0300] "GET /cormun/servlet/permisogoce?INS,0,,, HTTP/1.1" 200 7241
186.103.157.42 - - [07/Dec/2021:17:27:11 -0300] "GET /cormun/static/gxcfg.js?20201215124560 HTTP/1.1" 200 953
186.103.157.42 - - [07/Dec/2021:17:27:11 -0300] "GET /cormun/static/permisogoce.js?20201215124939 HTTP/1.1" 200 27919
186.103.157.42 - - [07/Dec/2021:17:27:11 -0300] "GET /cormun/static/Resources/prompt.gif HTTP/1.1" 200 902
186.103.157.42 - - [07/Dec/2021:17:27:11 -0300] "GET /cormun/servlet/permisogoce?INS,0,,, HTTP/1.1" 200 7241
186.103.157.42 - - [07/Dec/2021:17:27:15 -0300] "GET /cormun/static/Resources/resize.gif HTTP/1.1" 200 77
186.103.157.42 - - [07/Dec/2021:17:27:15 -0300] "GET /cormun/static/Resources/PXTools/ClosePrompt.png HTTP/1.1" 200 1036
186.103.157.42 - - [07/Dec/2021:17:27:16 -0300] "GET /cormun/servlet/prfichaempleado?,MD,,gxPopupLevel%3D0%3B HTTP/1.1" 200 9399
186.103.157.42 - - [07/Dec/2021:17:27:16 -0300] "GET /cormun/static/gxcfg.js?20201215571085 HTTP/1.1" 200 953
186.103.157.42 - - [07/Dec/2021:17:27:16 -0300] "GET /cormun/static/prfichaempleado.js?20201215572193 HTTP/1.1" 200 16006
186.103.157.42 - - [07/Dec/2021:17:27:16 -0300] "GET /cormun/static/menusearch.js?20201214473581 HTTP/1.1" 200 1424
186.103.157.42 - - [07/Dec/2021:17:27:16 -0300] "GET /cormun/static/hmpwkw011.js?20201215495555 HTTP/1.1" 200 1968
186.103.157.42 - - [07/Dec/2021:17:27:16 -0300] "GET /cormun/static/Resources/PXToolsMenuSearch.png HTTP/1.1" 200 336
186.103.157.42 - - [07/Dec/2021:17:27:16 -0300] "GET /cormun/static/Resources/PXToolsMenuSearchCancel.png HTTP/1.1" 200 306
10.40.40.2 - - [07/Dec/2021:17:27:22 -0300] "GET /cormun/servlet/solicitudot?aa5eeb0db3254a616ef32fc119e3dbdf62331bcf6bde19f381fc62356c14bf6c,gx-no-cache=1638908024017 HTTP/1.1" 200 94
5.189.152.10 - - [07/Dec/2021:17:27:38 -0300] "GET /manager/html HTTP/1.1" 401 2474
190.171.154.42 - - [07/Dec/2021:17:27:50 -0300] "POST /cormun/servlet/trsolicitudot?e3357693e091551d4181dd636a1c710c,,gx-no-cache=1638908151007 HTTP/1.1" 200 4635
190.171.154.42 - - [07/Dec/2021:17:27:58 -0300] "POST /cormun/servlet/trsolicitudot?e3357693e091551d4181dd636a1c710c,,gx-no-cache=1638908158413 HTTP/1.1" 200 6036
10.40.40.2 - - [07/Dec/2021:17:28:01 -0300] "GET /cormun/servlet/solicitudot?aa5eeb0db3254a616ef32fc119e3dbdf476c8d8273084b481475cae1115b2764,gx-no-cache=1638908063347 HTTP/1.1" 200 29
10.40.40.2 - - [07/Dec/2021:17:28:01 -0300] "POST /cormun/servlet/solicitudot?gx-no-cache=1638908063375 HTTP/1.1" 200 297
10.40.40.2 - - [07/Dec/2021:17:28:01 -0300] "GET /cormun/servlet/solicitudot?aa5eeb0db3254a616ef32fc119e3dbdfc132799ceaf279df96f89fbe0e91b75746bd66824faced5021249831b7e54c58afe0462cd5b780e38bd102ab62921a0a766d14b5fa83f5a5592ff8d8ce79b6fc8cc2d54a6a6872aac5af153cd3825054e0d1f4852467203d2d6e870448bce8783e1d7b505d4235a29890c32588e6dd454b161f35f97f55e0ca4de751d4c0a66781cecca1f5f3c7f394338178f58b2f8acafe89ca47d7808970fa0af66db6882059267755cccbd668b3d047b825ec8554ec3a134402cde5609527a5ba9c894f76908402e42ed19f20f8ada67342aeb00a247bc4f57bc60e405edff853ebc7bd389eced545301d3af60192e62f2a11e605c217a3757124686c247c5d4c4bd27d12bd947984f0983f71468d2ee1f5083b221e0a5d92f1358301fdcd5fc18405f7d3ded1e34aaf0b83d3f68b8295c363b4dd51d4dbf6e962fe4a76acc7ac2c8fb8379b9830a1c2242e66849ef3230577bd639a979513a3be6dd3cb4b198c2998e711a26fec5f5ddd08012155e24cefb52b08940d0ac01ff64fc348414eb64fd1f663,gx-no-cache=1638908063401 HTTP/1.1" 200 30
190.171.141.122 - - [07/Dec/2021:17:28:02 -0300] "GET /cormun/servlet/solicitudot?2a97dc2d059b4bbf539c32e04c3c7267bdbec09fa1ad3cdd4c1a14eb44de3298,gx-no-cache=1638908163178 HTTP/1.1" 200 53
190.171.141.122 - - [07/Dec/2021:17:28:07 -0300] "POST /cormun/servlet/solicitudot?gx-no-cache=1638908167703 HTTP/1.1" 200 30
10.40.40.2 - - [07/Dec/2021:17:28:10 -0300] "POST /cormun/servlet/solicitudot?gx-no-cache=1638908071783 HTTP/1.1" 200 30
190.171.141.122 - - [07/Dec/2021:17:28:12 -0300] "POST /cormun/servlet/solicitudot?gx-no-cache=1638908172875 HTTP/1.1" 200 1440
190.171.141.122 - - [07/Dec/2021:17:28:12 -0300] "POST /cormun/servlet/solicitudot?gx-no-cache=1638908172930 HTTP/1.1" 200 38
10.40.40.2 - - [07/Dec/2021:17:28:23 -0300] "POST /cormun/servlet/solicitudot?gx-no-cache=1638908084601 HTTP/1.1" 200 1440
10.40.40.2 - - [07/Dec/2021:17:28:23 -0300] "POST /cormun/servlet/solicitudot?gx-no-cache=1638908084634 HTTP/1.1" 200 38
190.171.154.42 - - [07/Dec/2021:17:28:34 -0300] "GET /cormun/servlet/solicitudot?INS,0,0,false, HTTP/1.1" 200 15993
190.171.154.42 - - [07/Dec/2021:17:28:34 -0300] "GET /cormun/static/gxcfg.js?20203414241232 HTTP/1.1" 200 953
190.171.154.42 - - [07/Dec/2021:17:28:34 -0300] "GET /cormun/static/Resources/prompt.gif HTTP/1.1" 200 902
190.171.154.42 - - [07/Dec/2021:17:28:34 -0300] "GET /cormun/static/solicitudot.js?20203414242792 HTTP/1.1" 200 74114
190.171.154.42 - - [07/Dec/2021:17:28:37 -0300] "GET /cormun/servlet/solicitudot?INS,0,0,false, HTTP/1.1" 200 16000
10.40.40.2 - - [07/Dec/2021:17:28:37 -0300] "GET /cormun/servlet/solicitudot?aa5eeb0db3254a616ef32fc119e3dbdf3406d3bb0dec1fc4885ae65d5b68761f88d75aac427093fac4e66f7a7dfc42795f741ded5fd5fd5b1a36cb1f196758da2fbdd3c3a7d332a190a2fc57d5cb3ef9e0887487652dcb1287055ea47357c6e13816521b7d6df7f546ee761b14b52135,gx-no-cache=1638908099099 HTTP/1.1" 200 110
190.171.154.42 - - [07/Dec/2021:17:28:49 -0300] "POST /cormun/servlet/solicitudot?gx-no-cache=1638908208137 HTTP/1.1" 200 3790
190.171.154.42 - - [07/Dec/2021:17:28:50 -0300] "POST /cormun/servlet/solicitudot?e3357693e091551d4181dd636a1c710c,INS,0,0,false,,gx-no-cache=1638908210195 HTTP/1.1" 200 12579
190.171.154.42 - - [07/Dec/2021:17:29:01 -0300] "GET /cormun/static/Resources/resize.gif HTTP/1.1" 200 77
190.171.154.42 - - [07/Dec/2021:17:29:01 -0300] "GET /cormun/static/Resources/PXTools/ClosePrompt.png HTTP/1.1" 200 1036
190.171.154.42 - - [07/Dec/2021:17:29:01 -0300] "GET /cormun/servlet/prfichaempleado?,MD,,gxPopupLevel%3D0%3B HTTP/1.1" 200 9395
190.171.154.42 - - [07/Dec/2021:17:29:01 -0300] "GET /cormun/static/gxcfg.js?20201215571085 HTTP/1.1" 200 953
190.171.154.42 - - [07/Dec/2021:17:29:02 -0300] "GET /cormun/static/prfichaempleado.js?20201215572193 HTTP/1.1" 200 16006
190.171.154.42 - - [07/Dec/2021:17:29:17 -0300] "POST /cormun/servlet/prfichaempleado?e3357693e091551d4181dd636a1c710c,,MD,,gxPopupLevel%3D0%3B,gx-no-cache=1638908237355 HTTP/1.1" 200 5870
190.171.154.42 - - [07/Dec/2021:17:29:27 -0300] "POST /cormun/servlet/prfichaempleado?e3357693e091551d4181dd636a1c710c,,MD,,gxPopupLevel%3D0%3B,gx-no-cache=1638908247701 HTTP/1.1" 200 3405
190.171.154.42 - - [07/Dec/2021:17:29:46 -0300] "POST /cormun/servlet/solicitudot?gx-no-cache=1638908266636 HTTP/1.1" 200 3902
190.171.154.42 - - [07/Dec/2021:17:29:46 -0300] "POST /cormun/servlet/solicitudot?e3357693e091551d4181dd636a1c710c,INS,0,0,false,,gx-no-cache=1638908266910 HTTP/1.1" 200 12776
190.171.154.42 - - [07/Dec/2021:17:29:46 -0300] "GET /cormun/servlet/solicitudot?d2efb72ade0f2d91d19aed98507c33ed86a50a2f6b1e59a3fcbdd044e790f5d31db69825fff71332e30a85c31ad6aef7,gx-no-cache=1638908267259 HTTP/1.1" 200 111
190.171.154.42 - - [07/Dec/2021:17:29:46 -0300] "GET /cormun/static/Shared/jqueryui/images/ui-bg_highlight-soft_100_c6c2c8_1x100.png HTTP/1.1" 404 1117
190.171.154.42 - - [07/Dec/2021:17:29:46 -0300] "GET /cormun/static/Shared/jqueryui/images/ui-icons_82798d_256x240.png HTTP/1.1" 404 1089
190.171.154.42 - - [07/Dec/2021:17:29:46 -0300] "GET /cormun/static/Shared/jqueryui/images/ui-bg_flat_55_994d53_40x100.png HTTP/1.1" 404 1097
190.171.154.42 - - [07/Dec/2021:17:29:46 -0300] "GET /cormun/static/Shared/jqueryui/images/ui-icons_ebccce_256x240.png HTTP/1.1" 404 1089
190.171.141.122 - - [07/Dec/2021:17:30:07 -0300] "GET /cormun/servlet/solicitudot?2a97dc2d059b4bbf539c32e04c3c7267d505337aa208262f1044f0a93ffc7395d6566f82613d4fb6fe820e7ac4e29186ad89a1f5ccd082320eb78adb41906687ee20314bf660c9a23bf4f2e1a4e82ad34dec7d63e6d509f50167839b3d131d5fd5403898ad20e951b4ce226854af7ede,gx-no-cache=1638908287380 HTTP/1.1" 200 110
190.171.154.42 - - [07/Dec/2021:17:30:08 -0300] "POST /cormun/servlet/solicitudot?gx-no-cache=1638908289032 HTTP/1.1" 200 3940
10.40.40.2 - - [07/Dec/2021:17:30:15 -0300] "GET /cormun/servlet/solicitudot?aa5eeb0db3254a616ef32fc119e3dbdf3406d3bb0dec1fc4885ae65d5b68761f88d75aac427093fac4e66f7a7dfc42795f741ded5fd5fd5b1a36cb1f196758da2fbdd3c3a7d332a190a2fc57d5cb3ef9e0887487652dcb1287055ea47357c6e13816521b7d6df7f546ee761b14b52135,gx-no-cache=1638908196496 HTTP/1.1" 200 110
10.40.40.2 - - [07/Dec/2021:17:30:27 -0300] "POST /cormun/servlet/solicitudot?gx-no-cache=1638908208484 HTTP/1.1" 200 64
190.171.141.122 - - [07/Dec/2021:17:30:28 -0300] "POST /cormun/servlet/solicitudot?gx-no-cache=1638908308608 HTTP/1.1" 200 64
186.103.157.42 - - [07/Dec/2021:17:30:40 -0300] "POST /cormun/servlet/prfichaempleado?bba177f885fce19829a89f31ca4b132d,,MD,,gxPopupLevel%3D0%3B,gx-no-cache=1638908321886 HTTP/1.1" 200 3411
186.103.157.42 - - [07/Dec/2021:17:30:45 -0300] "GET /cormun/servlet/permisogoce?75d2b7b1f359a684e4124135df59f54f14a9b500054a5f8a4d2ea2c2a3398da665b8bd30687b3ec38a9e07bc53c3c588a2e904cd8f3e403f980a0d2f1734f45e,gx-no-cache=1638908326992 HTTP/1.1" 200 85
186.103.157.42 - - [07/Dec/2021:17:30:50 -0300] "GET /cormun/static/menuarrow.gif HTTP/1.1" 404 1015
186.103.157.42 - - [07/Dec/2021:17:30:57 -0300] "GET /cormun/servlet/permisogoce?75d2b7b1f359a684e4124135df59f54ffcf206ef5033f1ad824383e984b2b5e7bdc339c9b750c4e56f86cccfba5658cab034bf48bdfebb37bd8f0ae73cbbf70f,gx-no-cache=1638908338904 HTTP/1.1" 200 46
190.171.154.42 - - [07/Dec/2021:17:31:03 -0300] "GET /cormun/servlet/prfichaempleado?,MD,,gxPopupLevel%3D0%3B HTTP/1.1" 200 9395
190.171.141.122 - - [07/Dec/2021:17:31:03 -0300] "GET /cormun/servlet/solicitudot?2a97dc2d059b4bbf539c32e04c3c726714b609c3b9d6b2514a49da36cdc4357399aa67eb8ccfff120d941267b214bb5b607351522dc2df10406a242d350679fbb3e75aa34407783797de4dd9e53eed071a9b9e3fa081f2998fb9d2125acede87833585074708017ee59db6cf9e8250d7,gx-no-cache=1638908344219 HTTP/1.1" 200 29
190.171.141.122 - - [07/Dec/2021:17:31:03 -0300] "GET /cormun/static/menuarrow.gif HTTP/1.1" 404 1015
186.103.157.42 - - [07/Dec/2021:17:31:04 -0300] "POST /cormun/servlet/permisogoce?bba177f885fce19829a89f31ca4b132d,INS,0,,,,gx-no-cache=1638908344421 HTTP/1.1" 200 93
186.103.157.42 - - [07/Dec/2021:17:31:04 -0300] "GET /cormun/servlet/hpexe_return? HTTP/1.1" 200 1008
186.103.157.42 - - [07/Dec/2021:17:31:04 -0300] "GET /cormun/static/gxcfg.js?201991422392976 HTTP/1.1" 200 953
186.103.157.42 - - [07/Dec/2021:17:31:04 -0300] "GET /cormun/static/hpexe_return.js?201991422392984 HTTP/1.1" 200 1633
186.103.157.42 - - [07/Dec/2021:17:31:04 -0300] "GET /cormun/servlet/trpermisosgoce HTTP/1.1" 200 9867
186.103.157.42 - - [07/Dec/2021:17:31:05 -0300] "GET /cormun//static/Resources/PXToolsGridUpdate.png HTTP/1.1" 200 470
186.103.157.42 - - [07/Dec/2021:17:31:05 -0300] "GET /cormun/servlet/trpermisosgoce HTTP/1.1" 200 9863
186.103.157.42 - - [07/Dec/2021:17:31:09 -0300] "GET /cormun/servlet/trpermisosadjuntos?13098022,20211207171248,P, HTTP/1.1" 200 6677
186.103.157.42 - - [07/Dec/2021:17:31:09 -0300] "GET /cormun/static/gxcfg.js?2020121641683 HTTP/1.1" 200 953
186.103.157.42 - - [07/Dec/2021:17:31:09 -0300] "GET /cormun/static/trpermisosadjuntos.js?2020121642996 HTTP/1.1" 200 20158
186.103.157.42 - - [07/Dec/2021:17:31:09 -0300] "GET /cormun/servlet/trpermisosadjuntos?13098022,20211207171248,P, HTTP/1.1" 200 6677
186.103.157.42 - - [07/Dec/2021:17:31:12 -0300] "GET /cormun/servlet/permisosadjuntos?INS,13098022,P,20211207171248,, HTTP/1.1" 200 6006
186.103.157.42 - - [07/Dec/2021:17:31:12 -0300] "GET /cormun/static/gxcfg.js?20201215134212 HTTP/1.1" 200 953
186.103.157.42 - - [07/Dec/2021:17:31:12 -0300] "GET /cormun/static/permisosadjuntos.js?20201215134285 HTTP/1.1" 200 8724
186.103.157.42 - - [07/Dec/2021:17:31:12 -0300] "GET /cormun/static/about:blank HTTP/1.1" 404 1011
186.103.157.42 - - [07/Dec/2021:17:31:12 -0300] "GET /cormun/servlet/permisosadjuntos?INS,13098022,P,20211207171248,, HTTP/1.1" 200 5996
190.171.154.42 - - [07/Dec/2021:17:31:17 -0300] "POST /cormun/servlet/prfichaempleado?e3357693e091551d4181dd636a1c710c,,MD,,gxPopupLevel%3D0%3B,gx-no-cache=1638908357305 HTTP/1.1" 200 3405
186.103.157.42 - - [07/Dec/2021:17:31:25 -0300] "POST /cormun/servlet/permisosadjuntos?bba177f885fce19829a89f31ca4b132d,INS,13098022,P,20211207171248,, HTTP/1.1" 200 116
186.103.157.42 - - [07/Dec/2021:17:31:25 -0300] "GET /cormun/servlet/hpexe_return? HTTP/1.1" 200 1035
186.103.157.42 - - [07/Dec/2021:17:31:26 -0300] "GET /cormun/servlet/trpermisosadjuntos?13098022,20211207171248,P, HTTP/1.1" 200 7188
186.103.157.42 - - [07/Dec/2021:17:31:26 -0300] "GET /cormun/servlet/trpermisosadjuntos?13098022,20211207171248,P, HTTP/1.1" 200 7185
190.171.141.122 - - [07/Dec/2021:17:31:29 -0300] "GET /cormun/servlet/solicitudot?2a97dc2d059b4bbf539c32e04c3c7267cbac956269f57ec0377da1624c8b6aeef25e5310918057a024e0700d5626cd75,gx-no-cache=1638908369786 HTTP/1.1" 200 134
186.103.157.42 - - [07/Dec/2021:17:31:32 -0300] "GET /cormun/servlet/trpermisosgoce? HTTP/1.1" 200 9863
186.103.157.42 - - [07/Dec/2021:17:31:33 -0300] "GET /cormun/servlet/trpermisosgoce? HTTP/1.1" 200 9863
186.103.157.42 - - [07/Dec/2021:17:31:36 -0300] "POST /cormun/servlet/trpermisosgoce?bba177f885fce19829a89f31ca4b132d,,gx-no-cache=1638908377237 HTTP/1.1" 200 7011
186.103.157.42 - - [07/Dec/2021:17:31:36 -0300] "GET /cormun/static/Shared/jqueryui/images/ui-bg_highlight-soft_100_c6c2c8_1x100.png HTTP/1.1" 404 1117
186.103.157.42 - - [07/Dec/2021:17:31:36 -0300] "GET /cormun/static/Shared/jqueryui/images/ui-icons_82798d_256x240.png HTTP/1.1" 404 1089
186.103.157.42 - - [07/Dec/2021:17:31:36 -0300] "GET /cormun/static/Shared/jqueryui/images/ui-bg_flat_55_fafafa_40x100.png HTTP/1.1" 404 1097
186.103.157.42 - - [07/Dec/2021:17:31:36 -0300] "GET /cormun/static/Shared/jqueryui/images/ui-icons_8d78a5_256x240.png HTTP/1.1" 404 1089
190.171.154.42 - - [07/Dec/2021:17:31:42 -0300] "POST /cormun/servlet/solicitudot?gx-no-cache=1638908383048 HTTP/1.1" 200 3883
190.171.154.42 - - [07/Dec/2021:17:31:43 -0300] "POST /cormun/servlet/solicitudot?e3357693e091551d4181dd636a1c710c,INS,0,0,false,,gx-no-cache=1638908383282 HTTP/1.1" 200 12774
190.171.154.42 - - [07/Dec/2021:17:31:52 -0300] "GET /cormun/servlet/solicitudot?d2efb72ade0f2d91d19aed98507c33ed6e4cb9b692e960c0da95ab47807684121db69825fff71332e30a85c31ad6aef7,gx-no-cache=1638908390105 HTTP/1.1" 200 30
190.171.154.42 - - [07/Dec/2021:17:31:52 -0300] "GET /cormun/servlet/solicitudot?d2efb72ade0f2d91d19aed98507c33ed6535e00878e7d9c676f2326859b0724d743a32af84db25ea3ce73e2149b8f93ff426ad1933ece868473fcfc91945c6cf,gx-no-cache=1638908392890 HTTP/1.1" 200 103
190.171.154.42 - - [07/Dec/2021:17:31:52 -0300] "GET /cormun/servlet/solicitudot?d2efb72ade0f2d91d19aed98507c33ede2fa84e5da1bcc77cb1c1bf9b933073a,gx-no-cache=1638908392947 HTTP/1.1" 200 53
190.171.154.42 - - [07/Dec/2021:17:31:52 -0300] "POST /cormun/servlet/solicitudot?gx-no-cache=1638908393098 HTTP/1.1" 200 296
190.171.154.42 - - [07/Dec/2021:17:31:52 -0300] "GET /cormun/servlet/solicitudot?d2efb72ade0f2d91d19aed98507c33ed43e24aca59d48ae485967ef17f9703fa6098aef1f429f7e6658987a984277a0ed5941f09e9915b053bb30f3429b58f6c308fd408b0e1086ff0ebe1b7ffbb620e8af2ecf3a3eea6670f97dc62fc0e1b4773359c7302271fd6ff24f6536f31078ec1f9737b081b3cb82bbf37904c682b760bdc8b0c56b055ef3142292356d1aa862f7e36ed62ab47104cf4d1461a5bcc83db65df6774637a2eaa9395b4dc2ffcde3cee900ea2fe639166a4391b644b24d2e2ee85ea89e65420dbaf77506d30dd71e405e844c72f3b7a0b2cdfd42b4091a81a8193c2f1edccad2cf21b9ef0a42f4b12d31223e9473c8f37c1e09a54dafb784da78a1269a61e294ca7de726d7af24c25c1269df4efe4234396a6b164caf5eeef316d9e0b3decef207d4c686981b2f490497b0f111c92500ff51f7e0aca429633f4ee279d2a8cbf36af68eb0898ab01e6a8b626770d25d6d1b9f1c295535bf1c0431acb3822d96cdf900f0cb612204ea8727750b5f1037a07356f33eeb7207cf426ad1933ece868473fcfc91945c6cf,gx-no-cache=1638908393177 HTTP/1.1" 200 30
186.103.157.42 - - [07/Dec/2021:17:31:56 -0300] "GET /cormun/servlet/permisogoce?INS,0,,, HTTP/1.1" 200 7240
186.103.157.42 - - [07/Dec/2021:17:31:56 -0300] "GET /cormun/servlet/permisogoce?INS,0,,, HTTP/1.1" 200 7240
10.40.40.2 - - [07/Dec/2021:17:31:59 -0300] "GET /cormun/servlet/solicitudot?aa5eeb0db3254a616ef32fc119e3dbdfcfe1d54299355494212958f5b7a79e8ba30c1298c2263b008eccd57550fac98af0cf0ce40c67e6e8e0a36970413ddd9032ec55d9eaf27739e5a86271077c418a8c7d330aa5e6e4829b797e47a851c79ed87188a4b1813b170cd5d9e1295e6cc2,gx-no-cache=1638908300660 HTTP/1.1" 200 29
10.40.40.2 - - [07/Dec/2021:17:31:59 -0300] "GET /cormun/servlet/solicitudot?aa5eeb0db3254a616ef32fc119e3dbdf49692acfe861a747b2061267f65b71a7,gx-no-cache=1638908300711 HTTP/1.1" 200 30
190.171.141.122 - - [07/Dec/2021:17:31:59 -0300] "GET /cormun/servlet/solicitudot?2a97dc2d059b4bbf539c32e04c3c72676f979aae6414556693cde350c4e35281f25e5310918057a024e0700d5626cd75,gx-no-cache=1638908399713 HTTP/1.1" 200 30
10.40.40.2 - - [07/Dec/2021:17:31:59 -0300] "POST /cormun/servlet/solicitudot?gx-no-cache=1638908300751 HTTP/1.1" 200 30
186.103.157.42 - - [07/Dec/2021:17:31:59 -0300] "GET /cormun/servlet/prfichaempleado?,MD,,gxPopupLevel%3D0%3B HTTP/1.1" 200 9399
190.171.141.122 - - [07/Dec/2021:17:32:02 -0300] "POST /cormun/servlet/solicitudot?gx-no-cache=1638908402704 HTTP/1.1" 200 30
186.103.157.42 - - [07/Dec/2021:17:32:16 -0300] "POST /cormun/servlet/prfichaempleado?bba177f885fce19829a89f31ca4b132d,,MD,,gxPopupLevel%3D0%3B,gx-no-cache=1638908417900 HTTP/1.1" 200 3175
190.171.154.42 - - [07/Dec/2021:17:32:20 -0300] "GET /cormun/servlet/solicitudot?d2efb72ade0f2d91d19aed98507c33edb37aae89046eb7e2189488a3ae9292e7f2848ef071fe8cd10582a8618351a760,gx-no-cache=1638908420829 HTTP/1.1" 200 30
190.171.154.42 - - [07/Dec/2021:17:32:24 -0300] "POST /cormun/servlet/solicitudot?gx-no-cache=1638908424546 HTTP/1.1" 200 30
190.171.154.42 - - [07/Dec/2021:17:32:36 -0300] "POST /cormun/servlet/solicitudot?gx-no-cache=1638908436892 HTTP/1.1" 200 1440
190.171.154.42 - - [07/Dec/2021:17:32:36 -0300] "POST /cormun/servlet/solicitudot?gx-no-cache=1638908436976 HTTP/1.1" 200 38
186.103.157.42 - - [07/Dec/2021:17:33:03 -0300] "GET /cormun/servlet/permisogoce?75d2b7b1f359a684e4124135df59f54fab4e8d902369096aae5ffd75a3a4439965b8bd30687b3ec38a9e07bc53c3c588a2e904cd8f3e403f980a0d2f1734f45e,gx-no-cache=1638908458828 HTTP/1.1" 200 78
186.103.157.42 - - [07/Dec/2021:17:33:03 -0300] "GET /cormun/static/menuarrow.gif HTTP/1.1" 404 1015
190.171.154.42 - - [07/Dec/2021:17:33:07 -0300] "GET /cormun/servlet/trsolicitudot? HTTP/1.1" 200 8985
190.171.154.42 - - [07/Dec/2021:17:33:09 -0300] "GET /cormun/servlet/trsolicitudot? HTTP/1.1" 200 8983
190.171.154.42 - - [07/Dec/2021:17:33:12 -0300] "POST /cormun/servlet/trsolicitudot?e3357693e091551d4181dd636a1c710c,,gx-no-cache=1638908472341 HTTP/1.1" 200 6034
186.103.157.42 - - [07/Dec/2021:17:33:15 -0300] "GET /cormun/servlet/permisogoce?75d2b7b1f359a684e4124135df59f54f97277231154ce2520abd3c6447fcbfdb172820c8a628b065d9f721093423a55cb034bf48bdfebb37bd8f0ae73cbbf70f,gx-no-cache=1638908476478 HTTP/1.1" 200 45
190.171.154.42 - - [07/Dec/2021:17:33:20 -0300] "GET /cormun/servlet/vesolicitudot?2021,17685,, HTTP/1.1" 200 8665
186.103.157.42 - - [07/Dec/2021:17:33:21 -0300] "POST /cormun/servlet/permisogoce?bba177f885fce19829a89f31ca4b132d,INS,0,,,,gx-no-cache=1638908481734 HTTP/1.1" 200 93
186.103.157.42 - - [07/Dec/2021:17:33:21 -0300] "GET /cormun/servlet/hpexe_return? HTTP/1.1" 200 1008
186.103.157.42 - - [07/Dec/2021:17:33:21 -0300] "GET /cormun/servlet/trpermisosgoce? HTTP/1.1" 200 10074
190.171.154.42 - - [07/Dec/2021:17:33:21 -0300] "GET /cormun/pexe_scrolldiv.js HTTP/1.1" 404 1009
190.171.154.42 - - [07/Dec/2021:17:33:21 -0300] "GET /cormun/pexe_scrolldiv.js HTTP/1.1" 404 1009
186.103.157.42 - - [07/Dec/2021:17:33:21 -0300] "GET /cormun/servlet/trpermisosgoce? HTTP/1.1" 200 10069
190.171.154.42 - - [07/Dec/2021:17:33:22 -0300] "GET /cormun/servlet/vesolicitudot?2021,17685,, HTTP/1.1" 200 8666
186.103.157.42 - - [07/Dec/2021:17:33:26 -0300] "GET /cormun/servlet/trpermisosadjuntos?19590188,20211207171731,P, HTTP/1.1" 200 6673
186.103.157.42 - - [07/Dec/2021:17:33:26 -0300] "GET /cormun/servlet/trpermisosadjuntos?19590188,20211207171731,P, HTTP/1.1" 200 6673
5.189.152.10 - - [07/Dec/2021:17:33:28 -0300] "GET /manager/html HTTP/1.1" 401 2474
186.103.157.42 - - [07/Dec/2021:17:33:29 -0300] "GET /cormun/servlet/permisosadjuntos?INS,19590188,P,20211207171731,, HTTP/1.1" 200 5999
186.103.157.42 - - [07/Dec/2021:17:33:29 -0300] "GET /cormun/static/about:blank HTTP/1.1" 404 1011
186.103.157.42 - - [07/Dec/2021:17:33:29 -0300] "GET /cormun/servlet/permisosadjuntos?INS,19590188,P,20211207171731,, HTTP/1.1" 200 5989
190.171.141.122 - - [07/Dec/2021:17:33:33 -0300] "GET /cormun/servlet/solicitudot?2a97dc2d059b4bbf539c32e04c3c7267bcb9b8929170be21bf5534051ce705b06d6b2aa6c12c0f2fe64aeb0a38675130437adbf8bf2f5553f509d14f05c552f6,gx-no-cache=1638908494227 HTTP/1.1" 200 30
190.171.141.122 - - [07/Dec/2021:17:33:33 -0300] "GET /cormun/servlet/solicitudot?2a97dc2d059b4bbf539c32e04c3c72678d162b7f7b9642c43d62292b79cb197eecb596aaf308207ffb9f17e87b05d8f51b8c28dabf755e73080a0ed41fa685bf618420fc97513954277d41be710f572af71ac1faf61f66c4d435c9c27679ca479bb6b120651f42bf3cf6e2b859c8a4516eb1ae7db740c26515717637620202d99e925ec5f5399b9364ef4d0ceb98aaa50a95b07b3cfa5e0a07aef80016d2c8ec3aee34408e96a2475d1706776d6d967fc1468bab0768b53304ca5461a3b22e2ef77500ca0ce2cd92d5182940c26d11a63594c7b884eb5e2f0f321574cf8625b96c6b5f80eab151aa7d219220e351b39ca4cca6826655e5a2f38ec28f2e310ad00ba9d821657d7beaf0fde0a2834b2ed3c6a54da79a969e75aec16893f67f3a8daa6f80ce36a3c0d13f3a7890314bcc7a5d0832ef999825d78ac0b5d99cfee761b58c00feefafcabd51ad87e0f706bd983800d9230d9ce161a8cb7bb4b277c239406f07d09e53f3bfd473dc3d6b2aef2d7ce2e74455229b171102c19c38fe8f4fa47323b168d210f732a333e0790216ec,gx-no-cache=1638908494298 HTTP/1.1" 200 30
190.171.141.122 - - [07/Dec/2021:17:33:33 -0300] "POST /cormun/servlet/solicitudot?gx-no-cache=1638908494345 HTTP/1.1" 200 30
190.171.141.122 - - [07/Dec/2021:17:33:33 -0300] "POST /cormun/servlet/solicitudot?gx-no-cache=1638908494397 HTTP/1.1" 200 1440
190.171.141.122 - - [07/Dec/2021:17:33:34 -0300] "POST /cormun/servlet/solicitudot?gx-no-cache=1638908494456 HTTP/1.1" 200 41
190.171.141.122 - - [07/Dec/2021:17:33:34 -0300] "GET /cormun/servlet/solicitudot?2a97dc2d059b4bbf539c32e04c3c7267d505337aa208262f1044f0a93ffc7395d6566f82613d4fb6fe820e7ac4e29186ad89a1f5ccd082320eb78adb41906687ee20314bf660c9a23bf4f2e1a4e82ad34dec7d63e6d509f50167839b3d131d5fd5403898ad20e951b4ce226854af7ede,gx-no-cache=1638908494501 HTTP/1.1" 200 110
190.171.141.122 - - [07/Dec/2021:17:33:34 -0300] "POST /cormun/servlet/solicitudot?gx-no-cache=1638908494547 HTTP/1.1" 200 79
190.171.141.122 - - [07/Dec/2021:17:33:34 -0300] "GET /cormun/servlet/solicitudot?2a97dc2d059b4bbf539c32e04c3c72676f979aae6414556693cde350c4e35281f25e5310918057a024e0700d5626cd75,gx-no-cache=1638908494601 HTTP/1.1" 200 30
190.171.141.122 - - [07/Dec/2021:17:33:34 -0300] "POST /cormun/servlet/solicitudot?gx-no-cache=1638908494646 HTTP/1.1" 200 30
190.171.141.122 - - [07/Dec/2021:17:33:34 -0300] "POST /cormun/servlet/solicitudot?3d9ebf961b91c859a1607ba2b7f563e0,INS,0,0,false,,gx-no-cache=1638908494701 HTTP/1.1" 200 12791
186.103.157.42 - - [07/Dec/2021:17:33:42 -0300] "POST /cormun/servlet/permisosadjuntos?bba177f885fce19829a89f31ca4b132d,INS,19590188,P,20211207171731,, HTTP/1.1" 200 116
186.103.157.42 - - [07/Dec/2021:17:33:42 -0300] "GET /cormun/servlet/hpexe_return? HTTP/1.1" 200 1035
186.103.157.42 - - [07/Dec/2021:17:33:42 -0300] "GET /cormun/servlet/trpermisosadjuntos?19590188,20211207171731,P, HTTP/1.1" 200 7184
186.103.157.42 - - [07/Dec/2021:17:33:43 -0300] "GET /cormun/servlet/trpermisosadjuntos?19590188,20211207171731,P, HTTP/1.1" 200 7180
190.171.154.42 - - [07/Dec/2021:17:33:47 -0300] "GET /cormun/servlet/trsolicitudot? HTTP/1.1" 200 8985
190.171.141.122 - - [07/Dec/2021:17:33:48 -0300] "GET /cormun/servlet/solicitudot?2a97dc2d059b4bbf539c32e04c3c7267e4111e4e25db4101fb94e290f3771e3fb1f23ef7eca35945dd35f15bd139c5eb,gx-no-cache=1638908509073 HTTP/1.1" 200 30
190.171.154.42 - - [07/Dec/2021:17:33:48 -0300] "GET /cormun/servlet/trsolicitudot? HTTP/1.1" 200 8983
190.171.141.122 - - [07/Dec/2021:17:33:48 -0300] "GET /cormun/servlet/solicitudot?2a97dc2d059b4bbf539c32e04c3c72678d162b7f7b9642c43d62292b79cb197eecb596aaf308207ffb9f17e87b05d8f51b8c28dabf755e73080a0ed41fa685bf618420fc97513954277d41be710f572af71ac1faf61f66c4d435c9c27679ca479bb6b120651f42bf3cf6e2b859c8a4516eb1ae7db740c26515717637620202d99e925ec5f5399b9364ef4d0ceb98aaa50a95b07b3cfa5e0a07aef80016d2c8ec3aee34408e96a2475d1706776d6d967fc1468bab0768b53304ca5461a3b22e2ef77500ca0ce2cd92d5182940c26d11a63594c7b884eb5e2f0f321574cf8625b96c6b5f80eab151aa7d219220e351b39ca4cca6826655e5a2f38ec28f2e310ad00ba9d821657d7beaf0fde0a2834b2ed3c6a54da79a969e75aec16893f67f3a8daa6f80ce36a3c0d13f3a7890314bcc7a5d0832ef999825d78ac0b5d99cfee761b58c00feefafcabd51ad87e0f706bd983800d9230d9ce161a8cb7bb4b277c239406f07d09e53f3bfd473dc3d6b2aef2d7ce2e74455229b171102c19c38fe8f4fa47323b168d210f732a333e0790216ec,gx-no-cache=1638908509335 HTTP/1.1" 200 30
190.171.141.122 - - [07/Dec/2021:17:33:49 -0300] "POST /cormun/servlet/solicitudot?gx-no-cache=1638908509422 HTTP/1.1" 200 30
190.171.141.122 - - [07/Dec/2021:17:33:49 -0300] "POST /cormun/servlet/solicitudot?gx-no-cache=1638908509508 HTTP/1.1" 200 1440
190.171.141.122 - - [07/Dec/2021:17:33:49 -0300] "POST /cormun/servlet/solicitudot?gx-no-cache=1638908509591 HTTP/1.1" 200 41
190.171.141.122 - - [07/Dec/2021:17:33:49 -0300] "GET /cormun/servlet/solicitudot?2a97dc2d059b4bbf539c32e04c3c7267d505337aa208262f1044f0a93ffc7395d6566f82613d4fb6fe820e7ac4e29186ad89a1f5ccd082320eb78adb41906687ee20314bf660c9a23bf4f2e1a4e82ad34dec7d63e6d509f50167839b3d131d5fd5403898ad20e951b4ce226854af7ede,gx-no-cache=1638908509658 HTTP/1.1" 200 110
190.171.141.122 - - [07/Dec/2021:17:33:49 -0300] "POST /cormun/servlet/solicitudot?gx-no-cache=1638908509711 HTTP/1.1" 200 79
190.171.141.122 - - [07/Dec/2021:17:33:49 -0300] "GET /cormun/servlet/solicitudot?2a97dc2d059b4bbf539c32e04c3c72676f979aae6414556693cde350c4e35281f25e5310918057a024e0700d5626cd75,gx-no-cache=1638908509775 HTTP/1.1" 200 30
190.171.141.122 - - [07/Dec/2021:17:33:49 -0300] "POST /cormun/servlet/solicitudot?gx-no-cache=1638908509815 HTTP/1.1" 200 30
190.171.141.122 - - [07/Dec/2021:17:33:50 -0300] "POST /cormun/servlet/solicitudot?3d9ebf961b91c859a1607ba2b7f563e0,INS,0,0,false,,gx-no-cache=1638908509857 HTTP/1.1" 200 93
190.171.141.122 - - [07/Dec/2021:17:33:50 -0300] "GET /cormun/servlet/hpexe_return? HTTP/1.1" 200 1004
190.171.141.122 - - [07/Dec/2021:17:33:51 -0300] "GET /cormun/static/gxcfg.js?201991422392976 HTTP/1.1" 200 953
190.171.141.122 - - [07/Dec/2021:17:33:51 -0300] "GET /cormun/static/hpexe_return.js?201991422392984 HTTP/1.1" 200 1633
186.103.157.42 - - [07/Dec/2021:17:33:51 -0300] "GET /cormun/servlet/trpermisosgoce? HTTP/1.1" 200 10070
190.171.141.122 - - [07/Dec/2021:17:33:51 -0300] "GET /cormun/servlet/trsolicitudot HTTP/1.1" 200 8430
190.171.154.42 - - [07/Dec/2021:17:33:51 -0300] "GET /cormun/servlet/solicitudot?INS,0,0,false, HTTP/1.1" 200 15993
186.103.157.42 - - [07/Dec/2021:17:33:51 -0300] "GET /cormun/servlet/trpermisosgoce? HTTP/1.1" 200 10069
190.171.141.122 - - [07/Dec/2021:17:33:51 -0300] "GET /cormun//static/Resources/PXToolsActionView.png HTTP/1.1" 200 398
190.171.141.122 - - [07/Dec/2021:17:33:52 -0300] "GET /cormun//static/Resources/PXToolsGridDelete.png HTTP/1.1" 200 538
190.171.141.122 - - [07/Dec/2021:17:33:52 -0300] "GET /cormun//static/Resources/PXToolsRemoveAllAction.png HTTP/1.1" 200 487
190.171.141.122 - - [07/Dec/2021:17:33:52 -0300] "GET /cormun//static/Resources/PXTools/ActionInsert.png HTTP/1.1" 200 1482
190.171.141.122 - - [07/Dec/2021:17:33:52 -0300] "GET /cormun//static/Resources/PXToolsGridUpdate.png HTTP/1.1" 200 470
190.171.141.122 - - [07/Dec/2021:17:33:52 -0300] "GET /cormun/servlet/trsolicitudot HTTP/1.1" 200 8426
190.171.154.42 - - [07/Dec/2021:17:33:53 -0300] "GET /cormun/servlet/solicitudot?INS,0,0,false, HTTP/1.1" 200 16000
186.103.157.42 - - [07/Dec/2021:17:33:55 -0300] "POST /cormun/servlet/trpermisosgoce?bba177f885fce19829a89f31ca4b132d,,gx-no-cache=1638908516636 HTTP/1.1" 200 7269
186.103.157.42 - - [07/Dec/2021:17:33:55 -0300] "GET /cormun/static/Shared/jqueryui/images/ui-bg_highlight-soft_100_c6c2c8_1x100.png HTTP/1.1" 404 1117
186.103.157.42 - - [07/Dec/2021:17:33:56 -0300] "GET /cormun/static/Shared/jqueryui/images/ui-icons_82798d_256x240.png HTTP/1.1" 404 1089
186.103.157.42 - - [07/Dec/2021:17:33:56 -0300] "GET /cormun/static/Shared/jqueryui/images/ui-bg_flat_55_fafafa_40x100.png HTTP/1.1" 404 1097
186.103.157.42 - - [07/Dec/2021:17:33:56 -0300] "GET /cormun/static/Shared/jqueryui/images/ui-icons_8d78a5_256x240.png HTTP/1.1" 404 1089
10.40.40.2 - - [07/Dec/2021:17:34:00 -0300] "GET /cormun/servlet/trsolicitudot? HTTP/1.1" 200 8435
10.40.40.2 - - [07/Dec/2021:17:34:01 -0300] "GET /cormun/servlet/trsolicitudot? HTTP/1.1" 200 8434
186.103.157.42 - - [07/Dec/2021:17:34:12 -0300] "GET /cormun/servlet/trpermisosgoce? HTTP/1.1" 200 10032
186.103.157.42 - - [07/Dec/2021:17:34:12 -0300] "GET /cormun/servlet/trpermisosgoce? HTTP/1.1" 200 10032
190.171.154.42 - - [07/Dec/2021:17:34:14 -0300] "POST /cormun/servlet/solicitudot?gx-no-cache=1638908534680 HTTP/1.1" 200 3872
190.171.154.42 - - [07/Dec/2021:17:34:14 -0300] "POST /cormun/servlet/solicitudot?e3357693e091551d4181dd636a1c710c,INS,0,0,false,,gx-no-cache=1638908535105 HTTP/1.1" 200 12669
190.171.154.42 - - [07/Dec/2021:17:34:15 -0300] "GET /cormun/servlet/solicitudot?d2efb72ade0f2d91d19aed98507c33ed6e4cb9b692e960c0da95ab47807684121db69825fff71332e30a85c31ad6aef7,gx-no-cache=1638908535482 HTTP/1.1" 200 30
190.171.154.42 - - [07/Dec/2021:17:34:15 -0300] "GET /cormun/servlet/solicitudot?d2efb72ade0f2d91d19aed98507c33edb37aae89046eb7e2189488a3ae9292e7f2848ef071fe8cd10582a8618351a760,gx-no-cache=1638908535544 HTTP/1.1" 200 30
190.171.154.42 - - [07/Dec/2021:17:34:15 -0300] "GET /cormun/servlet/solicitudot?d2efb72ade0f2d91d19aed98507c33ede2fa84e5da1bcc77cb1c1bf9b933073a,gx-no-cache=1638908535584 HTTP/1.1" 200 53
190.171.154.42 - - [07/Dec/2021:17:34:15 -0300] "POST /cormun/servlet/solicitudot?gx-no-cache=1638908535645 HTTP/1.1" 200 297
186.103.157.42 - - [07/Dec/2021:17:34:17 -0300] "GET /cormun/servlet/permisogoce?INS,0,,, HTTP/1.1" 200 7241
186.103.157.42 - - [07/Dec/2021:17:34:17 -0300] "GET /cormun/servlet/permisogoce?INS,0,,, HTTP/1.1" 200 7241
190.171.154.42 - - [07/Dec/2021:17:34:19 -0300] "GET /cormun/servlet/solicitudot?d2efb72ade0f2d91d19aed98507c33ed43e24aca59d48ae485967ef17f9703fa6098aef1f429f7e6658987a984277a0ed5941f09e9915b053bb30f3429b58f6c308fd408b0e1086ff0ebe1b7ffbb620e8af2ecf3a3eea6670f97dc62fc0e1b4773359c7302271fd6ff24f6536f31078ec1f9737b081b3cb82bbf37904c682b760bdc8b0c56b055ef3142292356d1aa862f7e36ed62ab47104cf4d1461a5bcc83db65df6774637a2eaa9395b4dc2ffcde3cee900ea2fe639166a4391b644b24d2e2ee85ea89e65420dbaf77506d30dd71e405e844c72f3b7a0b2cdfd42b4091a81a8193c2f1edccad2cf21b9ef0a42f4bf31ecc4ac14d85fcc20904a743dc91244da78a1269a61e294ca7de726d7af24c25c1269df4efe4234396a6b164caf5eeef316d9e0b3decef207d4c686981b2f490497b0f111c92500ff51f7e0aca429633f4ee279d2a8cbf36af68eb0898ab01e6a8b626770d25d6d1b9f1c295535bf1c0431acb3822d96cdf900f0cb612204ea8727750b5f1037a07356f33eeb7207cf426ad1933ece868473fcfc91945c6cf,gx-no-cache=1638908539480 HTTP/1.1" 200 30
186.103.157.42 - - [07/Dec/2021:17:34:20 -0300] "GET /cormun/servlet/prfichaempleado?,MD,,gxPopupLevel%3D0%3B HTTP/1.1" 200 9399
190.171.154.42 - - [07/Dec/2021:17:34:21 -0300] "POST /cormun/servlet/solicitudot?gx-no-cache=1638908542068 HTTP/1.1" 200 30
190.171.154.42 - - [07/Dec/2021:17:34:28 -0300] "POST /cormun/servlet/solicitudot?gx-no-cache=1638908549143 HTTP/1.1" 200 1440
190.171.154.42 - - [07/Dec/2021:17:34:28 -0300] "POST /cormun/servlet/solicitudot?gx-no-cache=1638908549301 HTTP/1.1" 200 38
186.103.157.42 - - [07/Dec/2021:17:34:37 -0300] "POST /cormun/servlet/prfichaempleado?bba177f885fce19829a89f31ca4b132d,,MD,,gxPopupLevel%3D0%3B,gx-no-cache=1638908558379 HTTP/1.1" 200 3410
190.171.143.106 - - [07/Dec/2021:17:34:38 -0300] "GET /cormun/servlet/hlogin HTTP/1.1" 200 1750
186.103.157.42 - - [07/Dec/2021:17:34:41 -0300] "GET /cormun/servlet/permisogoce?75d2b7b1f359a684e4124135df59f54f40f9ff0ad59eb687a7598a48cf0cc57c65b8bd30687b3ec38a9e07bc53c3c588a2e904cd8f3e403f980a0d2f1734f45e,gx-no-cache=1638908562768 HTTP/1.1" 200 82
186.103.157.42 - - [07/Dec/2021:17:34:42 -0300] "GET /cormun/static/menuarrow.gif HTTP/1.1" 404 1015
190.171.154.42 - - [07/Dec/2021:17:34:47 -0300] "GET /cormun/servlet/solicitudot?d2efb72ade0f2d91d19aed98507c33ed15fd27164d4951e732e3926f3dd6511bbce2fcce7c6241f12b34302e1e032ac64de322c9d4d43ead0c2671ecc30be9df8e2ac40d497973b957012c81a5d9d06dce0610bbd942d5ebe29852945a3739110063d8b297941a2f4a7257e213bb869c,gx-no-cache=1638908567478 HTTP/1.1" 200 110
190.171.154.42 - - [07/Dec/2021:17:34:47 -0300] "POST /cormun/servlet/solicitudot?gx-no-cache=1638908567569 HTTP/1.1" 200 79
186.103.157.42 - - [07/Dec/2021:17:34:52 -0300] "GET /cormun/servlet/permisogoce?75d2b7b1f359a684e4124135df59f54fa41415b6635465cbc9b741404319a15679b7f8e3e59655b20585828b020aeac4b034bf48bdfebb37bd8f0ae73cbbf70f,gx-no-cache=1638908573989 HTTP/1.1" 200 45
190.171.154.42 - - [07/Dec/2021:17:34:53 -0300] "GET /cormun/servlet/solicitudot?d2efb72ade0f2d91d19aed98507c33ed97a4e9a5a0d106d4d61d21106187be7d4a00fdf7ebb371cfc0c629124eb1928fd31ed94987bd98b026194909861367412a3d0d70736cd61291f8c0483f5e871f3e3f0bd5577672f2639bf97512db791a7e67780040127bbb95e1c2e96350e67f,gx-no-cache=1638908574048 HTTP/1.1" 200 29
190.171.154.42 - - [07/Dec/2021:17:34:53 -0300] "GET /cormun/static/menuarrow.gif HTTP/1.1" 404 1015
186.103.157.42 - - [07/Dec/2021:17:34:56 -0300] "GET /cormun/servlet/puconsultapgoce?15122330,MD,gxPopupLevel%3D0%3B HTTP/1.1" 200 3773
186.103.157.42 - - [07/Dec/2021:17:34:56 -0300] "GET /cormun/static/gxcfg.js?2020121674770 HTTP/1.1" 200 953
186.103.157.42 - - [07/Dec/2021:17:34:56 -0300] "GET /cormun/pexe_menus.js HTTP/1.1" 404 1001
186.103.157.42 - - [07/Dec/2021:17:34:56 -0300] "GET /cormun/pexe_windows.js HTTP/1.1" 404 1005
186.103.157.42 - - [07/Dec/2021:17:34:56 -0300] "GET /cormun/pexe_link.js HTTP/1.1" 404 999
186.103.157.42 - - [07/Dec/2021:17:34:56 -0300] "GET /cormun/pexe_cookies.js HTTP/1.1" 404 1005
186.103.157.42 - - [07/Dec/2021:17:34:56 -0300] "GET /cormun/pexe_grid.js HTTP/1.1" 404 999
186.103.157.42 - - [07/Dec/2021:17:34:56 -0300] "GET /cormun/pexe_layers.js HTTP/1.1" 404 1003
186.103.157.42 - - [07/Dec/2021:17:34:56 -0300] "GET /cormun/pexe_griddivfix.js HTTP/1.1" 404 1011
186.103.157.42 - - [07/Dec/2021:17:34:56 -0300] "GET /cormun/pexe_picture.js HTTP/1.1" 404 1005
186.103.157.42 - - [07/Dec/2021:17:34:56 -0300] "GET /cormun/pexe_treedivfix.js HTTP/1.1" 404 1011
186.103.157.42 - - [07/Dec/2021:17:34:56 -0300] "GET /cormun/pexe_autoreload.js HTTP/1.1" 404 1011
186.103.157.42 - - [07/Dec/2021:17:34:56 -0300] "GET /cormun/pexe_tabdivfix.js HTTP/1.1" 404 1009
186.103.157.42 - - [07/Dec/2021:17:34:56 -0300] "GET /cormun/static/mpprompt.js?20201215583973 HTTP/1.1" 200 940
186.103.157.42 - - [07/Dec/2021:17:34:56 -0300] "GET /cormun/pexe_menudivfix.js HTTP/1.1" 404 1011
186.103.157.42 - - [07/Dec/2021:17:34:56 -0300] "GET /cormun/pexe_windows.js HTTP/1.1" 404 1005
186.103.157.42 - - [07/Dec/2021:17:34:56 -0300] "GET /cormun/static/puconsultapgoce.js?2020121675052 HTTP/1.1" 200 22470
186.103.157.42 - - [07/Dec/2021:17:34:56 -0300] "GET /cormun/pexe_link.js HTTP/1.1" 404 999
186.103.157.42 - - [07/Dec/2021:17:34:56 -0300] "GET /cormun/pexe_cookies.js HTTP/1.1" 404 1005
186.103.157.42 - - [07/Dec/2021:17:34:56 -0300] "GET /cormun/pexe_grid.js HTTP/1.1" 404 999
186.103.157.42 - - [07/Dec/2021:17:34:56 -0300] "GET /cormun/pexe_griddivfix.js HTTP/1.1" 404 1011
186.103.157.42 - - [07/Dec/2021:17:34:56 -0300] "GET /cormun/pexe_picture.js HTTP/1.1" 404 1005
186.103.157.42 - - [07/Dec/2021:17:34:56 -0300] "GET /cormun/pexe_treedivfix.js HTTP/1.1" 404 1011
186.103.157.42 - - [07/Dec/2021:17:34:56 -0300] "GET /cormun/pexe_autoreload.js HTTP/1.1" 404 1011
186.103.157.42 - - [07/Dec/2021:17:34:56 -0300] "GET /cormun/static/Resources/PXToolsMenuTopBackground.png HTTP/1.1" 200 1153
186.103.157.42 - - [07/Dec/2021:17:34:56 -0300] "GET /cormun/pexe_menudivfix.js HTTP/1.1" 404 1011
186.103.157.42 - - [07/Dec/2021:17:34:56 -0300] "GET /cormun/pexe_tabdivfix.js HTTP/1.1" 404 1009
190.171.154.42 - - [07/Dec/2021:17:34:57 -0300] "GET /cormun/servlet/solicitudot?d2efb72ade0f2d91d19aed98507c33edbf8b9b60c6b9c4f2ac420055fd669272ada52185fe6509caf35714b31c593e63,gx-no-cache=1638908578294 HTTP/1.1" 200 30
186.103.157.42 - - [07/Dec/2021:17:35:01 -0300] "POST /cormun/servlet/permisogoce?bba177f885fce19829a89f31ca4b132d,INS,0,,,,gx-no-cache=1638908582212 HTTP/1.1" 200 93
186.103.157.42 - - [07/Dec/2021:17:35:01 -0300] "GET /cormun/servlet/hpexe_return? HTTP/1.1" 200 1008
186.103.157.42 - - [07/Dec/2021:17:35:01 -0300] "GET /cormun/servlet/trpermisosgoce HTTP/1.1" 200 10324
186.103.157.42 - - [07/Dec/2021:17:35:02 -0300] "GET /cormun/servlet/trpermisosgoce HTTP/1.1" 200 10320
186.103.157.42 - - [07/Dec/2021:17:35:05 -0300] "GET /cormun/servlet/trpermisosadjuntos?15122330,20211207171953,P, HTTP/1.1" 200 6677
190.171.154.42 - - [07/Dec/2021:17:35:05 -0300] "POST /cormun/servlet/solicitudot?gx-no-cache=1638908586324 HTTP/1.1" 200 30
186.103.157.42 - - [07/Dec/2021:17:35:06 -0300] "GET /cormun/servlet/trpermisosadjuntos?15122330,20211207171953,P, HTTP/1.1" 200 6677
186.103.157.42 - - [07/Dec/2021:17:35:09 -0300] "GET /cormun/servlet/permisosadjuntos?INS,15122330,P,20211207171953,, HTTP/1.1" 200 6004
186.103.157.42 - - [07/Dec/2021:17:35:09 -0300] "GET /cormun/static/about:blank HTTP/1.1" 404 1011
186.103.157.42 - - [07/Dec/2021:17:35:09 -0300] "GET /cormun/servlet/permisosadjuntos?INS,15122330,P,20211207171953,, HTTP/1.1" 200 5993
186.103.157.42 - - [07/Dec/2021:17:35:44 -0300] "POST /cormun/servlet/permisosadjuntos?bba177f885fce19829a89f31ca4b132d,INS,15122330,P,20211207171953,, HTTP/1.1" 200 116
186.103.157.42 - - [07/Dec/2021:17:35:44 -0300] "GET /cormun/servlet/hpexe_return? HTTP/1.1" 200 1035
186.103.157.42 - - [07/Dec/2021:17:35:44 -0300] "GET /cormun/servlet/trpermisosadjuntos?15122330,20211207171953,P, HTTP/1.1" 200 7191
186.103.157.42 - - [07/Dec/2021:17:35:44 -0300] "GET /cormun/servlet/trpermisosadjuntos?15122330,20211207171953,P, HTTP/1.1" 200 7185
186.103.157.42 - - [07/Dec/2021:17:35:51 -0300] "GET /cormun/servlet/trpermisosgoce? HTTP/1.1" 200 10320
186.103.157.42 - - [07/Dec/2021:17:35:51 -0300] "GET /cormun/servlet/trpermisosgoce? HTTP/1.1" 200 10320
186.103.157.42 - - [07/Dec/2021:17:36:00 -0300] "POST /cormun/servlet/trpermisosgoce?bba177f885fce19829a89f31ca4b132d,,gx-no-cache=1638908641965 HTTP/1.1" 200 7532
186.103.157.42 - - [07/Dec/2021:17:36:01 -0300] "GET /cormun/static/Shared/jqueryui/images/ui-bg_highlight-soft_100_c6c2c8_1x100.png HTTP/1.1" 404 1117
186.103.157.42 - - [07/Dec/2021:17:36:01 -0300] "GET /cormun/static/Shared/jqueryui/images/ui-icons_82798d_256x240.png HTTP/1.1" 404 1089
186.103.157.42 - - [07/Dec/2021:17:36:01 -0300] "GET /cormun/static/Shared/jqueryui/images/ui-bg_flat_55_fafafa_40x100.png HTTP/1.1" 404 1097
186.103.157.42 - - [07/Dec/2021:17:36:01 -0300] "GET /cormun/static/Shared/jqueryui/images/ui-icons_8d78a5_256x240.png HTTP/1.1" 404 1089
192.168.10.96 - - [07/Dec/2021:17:36:04 -0300] "GET /cormun/servlet/trsolicitudgral? HTTP/1.1" 500 10
192.168.10.96 - - [07/Dec/2021:17:36:06 -0300] "GET /cormun/servlet/hlogin HTTP/1.1" 200 1728
192.168.10.96 - - [07/Dec/2021:17:36:09 -0300] "POST /cormun/servlet/hlogin?68b3a43772090a0f643b5dd5e8382288,gx-no-cache=1638908506671 HTTP/1.1" 200 90
192.168.10.96 - - [07/Dec/2021:17:36:09 -0300] "GET /cormun/servlet/hpexe_link HTTP/1.1" 200 953
192.168.10.96 - - [07/Dec/2021:17:36:09 -0300] "GET /cormun/servlet/hhome HTTP/1.1" 200 3769
192.168.10.96 - - [07/Dec/2021:17:36:10 -0300] "GET /cormun/servlet/hhome HTTP/1.1" 200 3766
192.168.10.96 - - [07/Dec/2021:17:36:11 -0300] "GET /cormun/servlet/trsolicitudgral? HTTP/1.1" 200 10245
192.168.10.96 - - [07/Dec/2021:17:36:11 -0300] "GET /cormun/servlet/trsolicitudgral? HTTP/1.1" 200 10243
186.103.157.42 - - [07/Dec/2021:17:36:13 -0300] "GET /cormun/servlet/permisogoce?INS,0,,, HTTP/1.1" 200 7241
186.103.157.42 - - [07/Dec/2021:17:36:13 -0300] "GET /cormun/servlet/permisogoce?INS,0,,, HTTP/1.1" 200 7241
10.40.40.2 - - [07/Dec/2021:17:36:17 -0300] "GET /cormun/servlet/trsolicitudot? HTTP/1.1" 200 8434
10.40.40.2 - - [07/Dec/2021:17:36:17 -0300] "GET /cormun/servlet/trsolicitudot? HTTP/1.1" 200 8434
190.171.141.122 - - [07/Dec/2021:17:36:18 -0300] "GET /cormun/servlet/trsolicitudot? HTTP/1.1" 200 8426
190.171.141.122 - - [07/Dec/2021:17:36:19 -0300] "GET /cormun/servlet/trsolicitudot? HTTP/1.1" 200 8426
192.168.10.96 - - [07/Dec/2021:17:36:19 -0300] "GET /cormun/servlet/trautorizarot? HTTP/1.1" 200 11571
192.168.10.96 - - [07/Dec/2021:17:36:19 -0300] "GET /cormun/servlet/trautorizarot? HTTP/1.1" 200 11571
190.171.141.122 - - [07/Dec/2021:17:36:42 -0300] "POST /cormun/servlet/trsolicitudot?3d9ebf961b91c859a1607ba2b7f563e0,,gx-no-cache=1638908682972 HTTP/1.1" 200 4574
