190.171.149.82 - - [07/Dec/2021:12:08:27 -0300] "POST /cormun/servlet/permisogoce?c3ca045cc58565b9948ddf8b652cc7c3,INS,0,,,,gx-no-cache=1638888987444 HTTP/1.1" 200 93
190.171.149.82 - - [07/Dec/2021:12:08:27 -0300] "GET /cormun/servlet/hpexe_return? HTTP/1.1" 200 1011
190.171.149.82 - - [07/Dec/2021:12:08:27 -0300] "GET /cormun/static/hpexe_return.js?201991422392984 HTTP/1.1" 200 1633
190.171.149.82 - - [07/Dec/2021:12:08:27 -0300] "GET /cormun/static/gxcfg.js?201991422392976 HTTP/1.1" 200 953
190.171.149.82 - - [07/Dec/2021:12:08:27 -0300] "GET /cormun/servlet/trpermisosgoce? HTTP/1.1" 200 9077
190.171.149.82 - - [07/Dec/2021:12:08:28 -0300] "GET /cormun//static/Resources/PXToolsGridUpdate.png HTTP/1.1" 200 470
190.171.149.82 - - [07/Dec/2021:12:08:28 -0300] "GET /cormun/servlet/trpermisosgoce? HTTP/1.1" 200 9072
190.171.149.82 - - [07/Dec/2021:12:08:31 -0300] "GET /cormun/servlet/apermisogoceprn?9447962,P,20211207115331,PU HTTP/1.1" 200 1634
190.171.149.82 - - [07/Dec/2021:12:10:29 -0300] "GET /cormun/servlet/apermisogoceprn?9447962,P,20211207115331,PU HTTP/1.1" 200 1631
5.189.152.10 - - [07/Dec/2021:12:11:22 -0300] "GET /manager/html HTTP/1.1" 401 2474
5.189.152.10 - - [07/Dec/2021:12:15:15 -0300] "GET /manager/html HTTP/1.1" 401 2474
5.189.152.10 - - [07/Dec/2021:12:20:34 -0300] "GET /manager/html HTTP/1.1" 401 2474
5.189.152.10 - - [07/Dec/2021:12:24:57 -0300] "GET /manager/html HTTP/1.1" 401 2474
190.171.143.82 - - [07/Dec/2021:12:25:46 -0300] "GET /cormun/servlet/trpermisosadjuntos?19018878,20211207095348,P, HTTP/1.1" 200 5448
190.171.143.82 - - [07/Dec/2021:12:25:49 -0300] "GET /cormun/servlet/hlogin HTTP/1.1" 200 1774
190.171.143.82 - - [07/Dec/2021:12:25:49 -0300] "GET /cormun/servlet/trpermisosadjuntos?19018878,20211207095348,P, HTTP/1.1" 200 5444
190.171.143.82 - - [07/Dec/2021:12:25:55 -0300] "POST /cormun/servlet/hlogin?67b7de210559528b9c94c770a954c724,gx-no-cache=1638890036209 HTTP/1.1" 200 90
190.171.143.82 - - [07/Dec/2021:12:25:55 -0300] "GET /cormun/servlet/hpexe_link HTTP/1.1" 200 991
190.171.143.82 - - [07/Dec/2021:12:25:55 -0300] "GET /cormun/servlet/trpermisosadjuntos?19018878,20211207095348,P, HTTP/1.1" 200 6497
190.171.143.82 - - [07/Dec/2021:12:25:57 -0300] "GET /cormun/servlet/trpermisosadjuntos?19018878,20211207095348,P, HTTP/1.1" 200 6496
190.171.143.82 - - [07/Dec/2021:12:26:11 -0300] "GET /cormun/servlet/trpermisosgoce? HTTP/1.1" 200 13536
190.171.143.82 - - [07/Dec/2021:12:26:13 -0300] "GET /cormun/servlet/trpermisosgoce? HTTP/1.1" 200 13524
190.171.143.82 - - [07/Dec/2021:12:26:34 -0300] "GET /cormun/servlet/trpermisosadjuntos?19018878,20211207095348,P, HTTP/1.1" 200 6496
190.171.143.82 - - [07/Dec/2021:12:26:36 -0300] "GET /cormun/servlet/trpermisosadjuntos?19018878,20211207095348,P, HTTP/1.1" 200 6496
190.171.143.82 - - [07/Dec/2021:12:26:41 -0300] "GET /cormun/servlet/permisosadjuntos?INS,19018878,P,20211207095348,, HTTP/1.1" 200 6003
190.171.143.82 - - [07/Dec/2021:12:26:42 -0300] "GET /cormun/static/about:blank HTTP/1.1" 404 1011
190.171.143.82 - - [07/Dec/2021:12:26:43 -0300] "GET /cormun/servlet/permisosadjuntos?INS,19018878,P,20211207095348,, HTTP/1.1" 200 5994
190.171.143.82 - - [07/Dec/2021:12:27:20 -0300] "POST /cormun/servlet/permisosadjuntos?67b7de210559528b9c94c770a954c724,INS,19018878,P,20211207095348,, HTTP/1.1" 200 116
190.171.143.82 - - [07/Dec/2021:12:27:20 -0300] "GET /cormun/servlet/hpexe_return? HTTP/1.1" 200 1044
190.171.143.82 - - [07/Dec/2021:12:27:20 -0300] "GET /cormun/servlet/trpermisosadjuntos?19018878,20211207095348,P, HTTP/1.1" 200 7080
190.171.143.82 - - [07/Dec/2021:12:27:22 -0300] "GET /cormun/servlet/trpermisosadjuntos?19018878,20211207095348,P, HTTP/1.1" 200 7075
200.54.107.2 - - [07/Dec/2021:12:27:23 -0300] "GET /cormun/servlet/hlogin HTTP/1.1" 200 1728
200.54.107.2 - - [07/Dec/2021:12:27:24 -0300] "GET /cormun/servlet/hlogin HTTP/1.1" 200 1738
190.171.143.82 - - [07/Dec/2021:12:27:31 -0300] "GET /cormun/servlet/trpermisosgoce? HTTP/1.1" 200 13536
190.171.143.82 - - [07/Dec/2021:12:27:33 -0300] "GET /cormun/servlet/trpermisosgoce? HTTP/1.1" 200 13524
200.54.107.2 - - [07/Dec/2021:12:27:34 -0300] "POST /cormun/servlet/hlogin?7debcbca4e9b196d682b41732adbe4c1,gx-no-cache=1638890135305 HTTP/1.1" 200 90
200.54.107.2 - - [07/Dec/2021:12:27:34 -0300] "GET /cormun/servlet/hpexe_link HTTP/1.1" 200 954
200.54.107.2 - - [07/Dec/2021:12:27:34 -0300] "GET /cormun/servlet/hhome HTTP/1.1" 200 4353
200.54.107.2 - - [07/Dec/2021:12:27:35 -0300] "GET /cormun/servlet/hhome HTTP/1.1" 200 4349
190.171.143.82 - - [07/Dec/2021:12:27:39 -0300] "POST /cormun/servlet/trpermisosgoce?67b7de210559528b9c94c770a954c724,,gx-no-cache=1638890139893 HTTP/1.1" 200 10750
190.171.143.82 - - [07/Dec/2021:12:27:39 -0300] "GET /cormun/static/Shared/jqueryui/images/ui-bg_highlight-soft_100_c6c2c8_1x100.png HTTP/1.1" 404 1117
190.171.143.82 - - [07/Dec/2021:12:27:39 -0300] "GET /cormun/static/Shared/jqueryui/images/ui-icons_82798d_256x240.png HTTP/1.1" 404 1089
190.171.143.82 - - [07/Dec/2021:12:27:39 -0300] "GET /cormun/static/Shared/jqueryui/images/ui-bg_flat_55_fafafa_40x100.png HTTP/1.1" 404 1097
190.171.143.82 - - [07/Dec/2021:12:27:39 -0300] "GET /cormun/static/Shared/jqueryui/images/ui-icons_8d78a5_256x240.png HTTP/1.1" 404 1089
200.54.107.2 - - [07/Dec/2021:12:27:39 -0300] "GET /cormun/servlet/trpermisosgoce? HTTP/1.1" 200 11450
200.54.107.2 - - [07/Dec/2021:12:27:40 -0300] "GET /cormun/servlet/trpermisosgoce? HTTP/1.1" 200 11448
200.54.107.2 - - [07/Dec/2021:12:27:45 -0300] "GET /cormun/servlet/permisogoce?INS,0,,, HTTP/1.1" 200 7250
200.54.107.2 - - [07/Dec/2021:12:27:46 -0300] "GET /cormun/servlet/permisogoce?INS,0,,, HTTP/1.1" 200 7250
190.171.143.82 - - [07/Dec/2021:12:27:48 -0300] "GET /cormun/servlet/trautorizarpermisogoce? HTTP/1.1" 200 8032
190.171.143.82 - - [07/Dec/2021:12:27:50 -0300] "GET /cormun/servlet/trautorizarpermisogoce? HTTP/1.1" 200 8032
190.171.143.82 - - [07/Dec/2021:12:27:53 -0300] "POST /cormun/servlet/trautorizarpermisogoce?67b7de210559528b9c94c770a954c724,,gx-no-cache=1638890154528 HTTP/1.1" 200 4515
200.54.107.2 - - [07/Dec/2021:12:28:33 -0300] "GET /cormun/servlet/permisogoce?df5d53143710d9b79fda5b796b5fcb0d0c5b082df339fea686c0aa382e7713d49894329fa83440dd6685e841f572138fb68456841ab2eb4c1e86536f75114ab7,gx-no-cache=1638890194055 HTTP/1.1" 200 77
200.54.107.2 - - [07/Dec/2021:12:28:33 -0300] "GET /cormun/static/menuarrow.gif HTTP/1.1" 404 1015
200.54.107.2 - - [07/Dec/2021:12:28:39 -0300] "GET /cormun/servlet/permisogoce?df5d53143710d9b79fda5b796b5fcb0d93c3519b8c5c9dac424cb959fd1b062841d207e5255d4226d931c4d241f8cfb6250f2b504d845ed78a15284da8eed396,gx-no-cache=1638890200439 HTTP/1.1" 200 46
200.54.107.2 - - [07/Dec/2021:12:28:46 -0300] "POST /cormun/servlet/permisogoce?7debcbca4e9b196d682b41732adbe4c1,INS,0,,,,gx-no-cache=1638890205916 HTTP/1.1" 200 93
200.54.107.2 - - [07/Dec/2021:12:28:46 -0300] "GET /cormun/servlet/hpexe_return? HTTP/1.1" 200 1012
200.54.107.2 - - [07/Dec/2021:12:28:46 -0300] "GET /cormun/servlet/trpermisosgoce HTTP/1.1" 200 11703
200.54.107.2 - - [07/Dec/2021:12:28:46 -0300] "GET /cormun/servlet/trpermisosgoce HTTP/1.1" 200 11698
5.189.152.10 - - [07/Dec/2021:12:28:57 -0300] "GET /manager/html HTTP/1.1" 401 2474
5.189.152.10 - - [07/Dec/2021:12:32:25 -0300] "GET /manager/html HTTP/1.1" 401 2474
200.54.107.2 - - [07/Dec/2021:12:33:28 -0300] "GET /cormun/servlet/apermisogoceprn?14201339,P,20211207121323,PU HTTP/1.1" 200 1659
190.171.143.82 - - [07/Dec/2021:12:34:19 -0300] "GET /cormun/servlet/trlicencias? HTTP/1.1" 200 10349
190.171.143.82 - - [07/Dec/2021:12:34:19 -0300] "GET /cormun/static/gxcfg.js?2020121613995 HTTP/1.1" 200 953
190.171.143.82 - - [07/Dec/2021:12:34:20 -0300] "GET /cormun/static/trlicencias.js?202012162481 HTTP/1.1" 200 41883
190.171.143.82 - - [07/Dec/2021:12:34:21 -0300] "GET /cormun/servlet/trlicencias? HTTP/1.1" 200 10348
5.189.152.10 - - [07/Dec/2021:12:37:38 -0300] "GET /manager/html HTTP/1.1" 401 2474
190.171.143.106 - - [07/Dec/2021:12:38:44 -0300] "GET /cormun/servlet/hhome HTTP/1.1" 200 3316
190.171.143.106 - - [07/Dec/2021:12:38:45 -0300] "GET /cormun/servlet/hhome HTTP/1.1" 200 3325
190.171.143.106 - - [07/Dec/2021:12:38:45 -0300] "GET /cormun/servlet/hhome HTTP/1.1" 200 3325
190.171.143.106 - - [07/Dec/2021:12:38:45 -0300] "GET /cormun/servlet/hlogin HTTP/1.1" 200 1737
190.171.143.106 - - [07/Dec/2021:12:38:50 -0300] "POST /cormun/servlet/hlogin?6e221aeb65800fbcac0390f72a64d941,gx-no-cache=1638890810726 HTTP/1.1" 200 90
190.171.143.106 - - [07/Dec/2021:12:38:50 -0300] "GET /cormun/servlet/hpexe_link HTTP/1.1" 200 953
190.171.143.106 - - [07/Dec/2021:12:38:50 -0300] "GET /cormun/servlet/hhome HTTP/1.1" 200 4335
190.171.143.106 - - [07/Dec/2021:12:38:50 -0300] "GET /cormun/servlet/hhome HTTP/1.1" 200 4331
190.171.143.106 - - [07/Dec/2021:12:39:07 -0300] "GET /cormun/servlet/trlicencias? HTTP/1.1" 200 11364
190.171.143.106 - - [07/Dec/2021:12:39:07 -0300] "GET /cormun/servlet/trlicencias? HTTP/1.1" 200 11362
190.171.143.106 - - [07/Dec/2021:12:39:48 -0300] "GET /cormun/servlet/hlogin HTTP/1.1" 200 1743
190.171.141.114 - - [07/Dec/2021:12:42:26 -0300] "GET /cormun/servlet/trpermisosgoce? HTTP/1.1" 200 6016
190.171.141.114 - - [07/Dec/2021:12:42:27 -0300] "GET /cormun/servlet/hlogin HTTP/1.1" 200 1743
190.171.141.114 - - [07/Dec/2021:12:42:27 -0300] "GET /cormun/servlet/trpermisosgoce? HTTP/1.1" 200 6016
190.171.141.114 - - [07/Dec/2021:12:42:27 -0300] "GET /cormun/servlet/trpermisosgoce? HTTP/1.1" 200 6016
190.171.141.114 - - [07/Dec/2021:12:42:40 -0300] "POST /cormun/servlet/hlogin?32bef99c869d66e9c4a379565ea29d31,gx-no-cache=1638891041784 HTTP/1.1" 200 445
5.189.152.10 - - [07/Dec/2021:12:42:42 -0300] "GET /manager/html HTTP/1.1" 401 2474
190.171.141.114 - - [07/Dec/2021:12:42:46 -0300] "POST /cormun/servlet/hlogin?32bef99c869d66e9c4a379565ea29d31,gx-no-cache=1638891047388 HTTP/1.1" 200 90
190.171.141.114 - - [07/Dec/2021:12:42:46 -0300] "GET /cormun/servlet/hpexe_link HTTP/1.1" 200 955
190.171.141.114 - - [07/Dec/2021:12:42:46 -0300] "GET /cormun/servlet/trpermisosgoce HTTP/1.1" 200 14066
190.171.141.114 - - [07/Dec/2021:12:42:46 -0300] "GET /cormun/servlet/trpermisosgoce HTTP/1.1" 200 14065
190.171.141.114 - - [07/Dec/2021:12:43:18 -0300] "GET /cormun/servlet/permisogoce?INS,0,,, HTTP/1.1" 200 6861
190.171.141.114 - - [07/Dec/2021:12:43:19 -0300] "GET /cormun/servlet/permisogoce?INS,0,,, HTTP/1.1" 200 6861
190.171.141.114 - - [07/Dec/2021:12:43:23 -0300] "GET /cormun/static/Resources/resize.gif HTTP/1.1" 200 77
190.171.141.114 - - [07/Dec/2021:12:43:23 -0300] "GET /cormun/static/Resources/PXTools/ClosePrompt.png HTTP/1.1" 200 1036
190.171.141.114 - - [07/Dec/2021:12:43:23 -0300] "GET /cormun/servlet/prfichaempleado?,MD,,gxPopupLevel%3D0%3B HTTP/1.1" 200 9299
190.171.141.114 - - [07/Dec/2021:12:43:23 -0300] "GET /cormun/static/gxcfg.js?20201215571085 HTTP/1.1" 200 953
190.171.141.114 - - [07/Dec/2021:12:43:23 -0300] "GET /cormun/static/prfichaempleado.js?20201215572193 HTTP/1.1" 200 16006
190.171.141.114 - - [07/Dec/2021:12:43:23 -0300] "GET /cormun/static/menusearch.js?20201214473581 HTTP/1.1" 200 1424
190.171.141.114 - - [07/Dec/2021:12:43:23 -0300] "GET /cormun/static/Resources/PXToolsMenuSearchCancel.png HTTP/1.1" 200 306
190.171.141.114 - - [07/Dec/2021:12:43:23 -0300] "GET /cormun/static/Resources/PXToolsMenuSearch.png HTTP/1.1" 200 336
190.171.141.114 - - [07/Dec/2021:12:43:23 -0300] "GET /cormun/static/hmpwkw011.js?20201215495555 HTTP/1.1" 200 1968
190.171.141.114 - - [07/Dec/2021:12:43:47 -0300] "POST /cormun/servlet/prfichaempleado?32bef99c869d66e9c4a379565ea29d31,,MD,,gxPopupLevel%3D0%3B,gx-no-cache=1638891109104 HTTP/1.1" 200 3412
190.171.141.114 - - [07/Dec/2021:12:43:56 -0300] "GET /cormun/servlet/permisogoce?3a525e0164f16593f36ea5e41afd41227a72a16542cd7f14ced7699a95f4bcd766a7a6512d3c5498962734cfe3c560e989b98723ee693e6fa0177212b7ba22f7,gx-no-cache=1638891117831 HTTP/1.1" 200 91
190.171.141.114 - - [07/Dec/2021:12:43:56 -0300] "GET /cormun/static/menuarrow.gif HTTP/1.1" 404 1015
190.171.141.114 - - [07/Dec/2021:12:44:02 -0300] "GET /cormun/servlet/permisogoce?3a525e0164f16593f36ea5e41afd412234ff7376337c1adbc8722a0ae9e8215a85b9661c8952f8163519882b8cac33400ac03f0d71c84ab51bdc8980a742106f,gx-no-cache=1638891123928 HTTP/1.1" 200 47
190.171.141.114 - - [07/Dec/2021:12:45:19 -0300] "POST /cormun/servlet/permisogoce?32bef99c869d66e9c4a379565ea29d31,INS,0,,,,gx-no-cache=1638891200578 HTTP/1.1" 200 93
190.171.141.114 - - [07/Dec/2021:12:45:19 -0300] "GET /cormun/servlet/hpexe_return? HTTP/1.1" 200 1007
190.171.141.114 - - [07/Dec/2021:12:45:20 -0300] "GET /cormun/servlet/trpermisosgoce HTTP/1.1" 200 14391
190.171.141.114 - - [07/Dec/2021:12:45:20 -0300] "GET /cormun/servlet/trpermisosgoce HTTP/1.1" 200 14387
190.171.141.114 - - [07/Dec/2021:12:45:28 -0300] "GET /cormun/servlet/apermisogoceprn?11364882,P,20211207122856,PU HTTP/1.1" 200 1707
190.171.141.114 - - [07/Dec/2021:12:45:28 -0300] "GET /cormun/servlet/apermisogoceprn?11364882,P,20211207122856,PU HTTP/1.1" 200 1704
190.171.143.82 - - [07/Dec/2021:12:45:52 -0300] "POST /cormun/servlet/trlicencias?67b7de210559528b9c94c770a954c724,,gx-no-cache=1638891233728 HTTP/1.1" 200 7760
5.189.152.10 - - [07/Dec/2021:12:46:46 -0300] "GET /manager/html HTTP/1.1" 401 2474
200.54.107.2 - - [07/Dec/2021:12:48:57 -0300] "GET /cormun/servlet/hlogin HTTP/1.1" 200 1728
200.54.107.2 - - [07/Dec/2021:12:49:09 -0300] "POST /cormun/servlet/hlogin?7debcbca4e9b196d682b41732adbe4c1,gx-no-cache=1638891430321 HTTP/1.1" 200 90
200.54.107.2 - - [07/Dec/2021:12:49:09 -0300] "GET /cormun/servlet/hpexe_link HTTP/1.1" 200 959
200.54.107.2 - - [07/Dec/2021:12:49:10 -0300] "GET /cormun/servlet/trpermisosgoce HTTP/1.1" 200 11700
200.54.107.2 - - [07/Dec/2021:12:49:11 -0300] "GET /cormun/servlet/trpermisosgoce HTTP/1.1" 200 11698
200.54.107.2 - - [07/Dec/2021:12:49:16 -0300] "GET /cormun/servlet/trlicencias? HTTP/1.1" 200 10026
200.54.107.2 - - [07/Dec/2021:12:49:17 -0300] "GET /cormun/servlet/trlicencias? HTTP/1.1" 200 10025
190.171.141.122 - - [07/Dec/2021:12:49:41 -0300] "GET /cormun/servlet/hlogin HTTP/1.1" 200 1727
190.171.141.122 - - [07/Dec/2021:12:49:41 -0300] "GET /cormun/servlet/hlogin HTTP/1.1" 200 1727
190.171.141.122 - - [07/Dec/2021:12:49:42 -0300] "GET /cormun/servlet/hlogin HTTP/1.1" 200 1738
190.171.141.122 - - [07/Dec/2021:12:49:46 -0300] "POST /cormun/servlet/hlogin?af6a2132729c3cfa9e2a577f7ef22572,gx-no-cache=1638891467624 HTTP/1.1" 200 90
190.171.141.122 - - [07/Dec/2021:12:49:46 -0300] "GET /cormun/servlet/hpexe_link HTTP/1.1" 200 952
190.171.141.122 - - [07/Dec/2021:12:49:46 -0300] "GET /cormun/servlet/hhome HTTP/1.1" 200 4239
190.171.141.122 - - [07/Dec/2021:12:49:47 -0300] "GET /cormun/servlet/hhome HTTP/1.1" 200 4235
190.171.141.122 - - [07/Dec/2021:12:49:55 -0300] "GET /cormun/servlet/trpermisosgoce? HTTP/1.1" 200 8927
190.171.141.122 - - [07/Dec/2021:12:49:55 -0300] "GET /cormun/servlet/trpermisosgoce? HTTP/1.1" 200 8925
190.171.141.122 - - [07/Dec/2021:12:50:17 -0300] "GET /cormun/servlet/hhome HTTP/1.1" 200 4239
190.171.141.122 - - [07/Dec/2021:12:50:17 -0300] "GET /cormun/servlet/hhome HTTP/1.1" 200 4235
190.171.141.122 - - [07/Dec/2021:12:50:21 -0300] "GET /cormun/servlet/trsolicitudot? HTTP/1.1" 200 7461
190.171.141.122 - - [07/Dec/2021:12:50:21 -0300] "GET /cormun/servlet/trsolicitudot? HTTP/1.1" 200 7460
190.171.141.122 - - [07/Dec/2021:12:50:28 -0300] "GET /cormun/servlet/trpermisosgoce? HTTP/1.1" 200 8934
190.171.141.122 - - [07/Dec/2021:12:50:28 -0300] "GET /cormun/servlet/trpermisosgoce? HTTP/1.1" 200 8933
190.171.141.122 - - [07/Dec/2021:12:50:45 -0300] "GET /cormun/static/menuarrow.gif HTTP/1.1" 404 1015
5.189.152.10 - - [07/Dec/2021:12:50:51 -0300] "GET /manager/html HTTP/1.1" 401 2474
190.171.141.122 - - [07/Dec/2021:12:53:09 -0300] "POST /cormun/servlet/trpermisosgoce?af6a2132729c3cfa9e2a577f7ef22572,,gx-no-cache=1638891669970 HTTP/1.1" 200 4493
190.171.141.122 - - [07/Dec/2021:12:53:18 -0300] "POST /cormun/servlet/trpermisosgoce?af6a2132729c3cfa9e2a577f7ef22572,,gx-no-cache=1638891679833 HTTP/1.1" 200 4490
190.171.141.122 - - [07/Dec/2021:12:53:20 -0300] "POST /cormun/servlet/trpermisosgoce?af6a2132729c3cfa9e2a577f7ef22572,,gx-no-cache=1638891681071 HTTP/1.1" 200 4487
190.171.141.122 - - [07/Dec/2021:12:53:24 -0300] "POST /cormun/servlet/trpermisosgoce?af6a2132729c3cfa9e2a577f7ef22572,,gx-no-cache=1638891685776 HTTP/1.1" 200 4488
190.171.141.122 - - [07/Dec/2021:12:53:25 -0300] "POST /cormun/servlet/trpermisosgoce?af6a2132729c3cfa9e2a577f7ef22572,,gx-no-cache=1638891686934 HTTP/1.1" 200 4488
190.171.141.122 - - [07/Dec/2021:12:53:30 -0300] "GET /cormun/servlet/trsolicitudot? HTTP/1.1" 200 7461
190.171.141.122 - - [07/Dec/2021:12:53:30 -0300] "GET /cormun/servlet/trsolicitudot? HTTP/1.1" 200 7460
5.189.152.10 - - [07/Dec/2021:12:54:26 -0300] "GET /manager/html HTTP/1.1" 401 2474
190.171.141.122 - - [07/Dec/2021:12:55:53 -0300] "GET /cormun/servlet/trsolicitudot? HTTP/1.1" 200 7461
190.171.141.122 - - [07/Dec/2021:12:55:53 -0300] "GET /cormun/servlet/trsolicitudot? HTTP/1.1" 200 7460
190.171.141.122 - - [07/Dec/2021:12:56:07 -0300] "GET /cormun/servlet/hlogin HTTP/1.1" 200 1727
190.171.141.122 - - [07/Dec/2021:12:56:11 -0300] "POST /cormun/servlet/hlogin?af6a2132729c3cfa9e2a577f7ef22572,gx-no-cache=1638891852016 HTTP/1.1" 200 90
190.171.141.122 - - [07/Dec/2021:12:56:11 -0300] "GET /cormun/servlet/hpexe_link HTTP/1.1" 200 958
190.171.141.122 - - [07/Dec/2021:12:56:11 -0300] "GET /cormun/servlet/trsolicitudot HTTP/1.1" 200 7461
190.171.141.122 - - [07/Dec/2021:12:56:11 -0300] "GET /cormun/servlet/trsolicitudot HTTP/1.1" 200 7460
190.171.141.122 - - [07/Dec/2021:12:56:22 -0300] "GET /cormun/servlet/trsolicitudot? HTTP/1.1" 200 7460
190.171.141.122 - - [07/Dec/2021:12:56:22 -0300] "GET /cormun/servlet/trsolicitudot? HTTP/1.1" 200 7460
190.171.141.122 - - [07/Dec/2021:12:56:27 -0300] "GET /cormun/servlet/trpermisosgoce? HTTP/1.1" 200 7194
190.171.141.122 - - [07/Dec/2021:12:56:28 -0300] "GET /cormun/servlet/trpermisosgoce? HTTP/1.1" 200 7194
190.171.141.122 - - [07/Dec/2021:12:56:50 -0300] "GET /cormun/servlet/trautorizarpermisogoce? HTTP/1.1" 200 7067
190.171.141.122 - - [07/Dec/2021:12:56:50 -0300] "GET /cormun/servlet/trautorizarpermisogoce? HTTP/1.1" 200 7067
190.171.141.122 - - [07/Dec/2021:12:57:01 -0300] "GET /cormun/servlet/trpermisosgoce? HTTP/1.1" 200 7194
190.171.141.122 - - [07/Dec/2021:12:57:01 -0300] "GET /cormun/servlet/trpermisosgoce? HTTP/1.1" 200 7194
190.171.141.122 - - [07/Dec/2021:12:57:34 -0300] "POST /cormun/servlet/acontrolpreferencessavestate?None,JFERRARI,true HTTP/1.1" 200 35
190.171.141.122 - - [07/Dec/2021:12:57:36 -0300] "POST /cormun/servlet/acontrolpreferencessavestate?None,JFERRARI,true HTTP/1.1" 200 35
5.189.152.10 - - [07/Dec/2021:12:58:06 -0300] "GET /manager/html HTTP/1.1" 401 2474
190.171.154.42 - - [07/Dec/2021:12:58:59 -0300] "GET /cormun/servlet/trlicencias? HTTP/1.1" 200 7220
190.171.154.42 - - [07/Dec/2021:12:59:02 -0300] "GET /cormun/servlet/hlogin HTTP/1.1" 200 1739
190.171.154.42 - - [07/Dec/2021:12:59:02 -0300] "GET /cormun/servlet/trlicencias? HTTP/1.1" 200 7206
190.171.141.122 - - [07/Dec/2021:12:59:11 -0300] "POST /cormun/servlet/trpermisosgoce?af6a2132729c3cfa9e2a577f7ef22572,,gx-no-cache=1638892032562 HTTP/1.1" 200 4496
190.171.141.122 - - [07/Dec/2021:12:59:12 -0300] "POST /cormun/servlet/trpermisosgoce?af6a2132729c3cfa9e2a577f7ef22572,,gx-no-cache=1638892033503 HTTP/1.1" 200 4495
190.171.141.122 - - [07/Dec/2021:12:59:13 -0300] "POST /cormun/servlet/trpermisosgoce?af6a2132729c3cfa9e2a577f7ef22572,,gx-no-cache=1638892034519 HTTP/1.1" 200 4496
190.171.141.122 - - [07/Dec/2021:12:59:13 -0300] "POST /cormun/servlet/trpermisosgoce?af6a2132729c3cfa9e2a577f7ef22572,,gx-no-cache=1638892034759 HTTP/1.1" 200 4494
190.171.141.122 - - [07/Dec/2021:12:59:14 -0300] "POST /cormun/servlet/trpermisosgoce?af6a2132729c3cfa9e2a577f7ef22572,,gx-no-cache=1638892034991 HTTP/1.1" 200 4496
190.171.141.122 - - [07/Dec/2021:12:59:18 -0300] "POST /cormun/servlet/acontrolpreferencessavestate?None,JFERRARI,true HTTP/1.1" 200 35
190.171.141.122 - - [07/Dec/2021:12:59:25 -0300] "GET /cormun/servlet/permisogoce?INS,0,,, HTTP/1.1" 200 7128
190.171.141.122 - - [07/Dec/2021:12:59:26 -0300] "GET /cormun/servlet/permisogoce?INS,0,,, HTTP/1.1" 200 7128
190.171.141.122 - - [07/Dec/2021:12:59:52 -0300] "GET /cormun/servlet/permisogoce?8e4b88cb2ba3287d53f674d11e3739d4eebc028210a8b82c66d63c9360f626c43cd71d4fdb249e533ce984f7c531fb44d27131b75b1df269784bb75daa9e8ae3,gx-no-cache=1638892073215 HTTP/1.1" 200 74
190.171.141.122 - - [07/Dec/2021:12:59:52 -0300] "GET /cormun/static/menuarrow.gif HTTP/1.1" 404 1015
190.171.141.122 - - [07/Dec/2021:12:59:56 -0300] "GET /cormun/servlet/permisogoce?8e4b88cb2ba3287d53f674d11e3739d4eebc028210a8b82c66d63c9360f626c41e6ba87400aef4a6ea6df7717e4d09402a4f8462f8a22bbac74499dc04caff1eb6baa6f2c8910d1088951ab8ea1dae01b468dd9eacfc6958b859fb523bd9bf42,gx-no-cache=1638892077131 HTTP/1.1" 200 74
190.171.141.122 - - [07/Dec/2021:12:59:57 -0300] "GET /cormun/servlet/permisogoce?8e4b88cb2ba3287d53f674d11e3739d4da8da9b22301cf92ca931e2106efc59708b89c2971dd7fda3c5531d1d69cc22d16c73b2053216b41b0aad8c415b80adb,gx-no-cache=1638892078369 HTTP/1.1" 200 129
190.171.141.122 - - [07/Dec/2021:12:59:57 -0300] "GET /cormun/static/Shared/jqueryui/images/ui-bg_highlight-soft_100_c6c2c8_1x100.png HTTP/1.1" 404 1117
190.171.141.122 - - [07/Dec/2021:12:59:57 -0300] "GET /cormun/static/Shared/jqueryui/images/ui-icons_82798d_256x240.png HTTP/1.1" 404 1089
190.171.141.122 - - [07/Dec/2021:12:59:57 -0300] "GET /cormun/static/Shared/jqueryui/images/ui-bg_flat_55_994d53_40x100.png HTTP/1.1" 404 1097
190.171.141.122 - - [07/Dec/2021:12:59:57 -0300] "GET /cormun/static/Shared/jqueryui/images/ui-icons_ebccce_256x240.png HTTP/1.1" 404 1089
190.171.154.42 - - [07/Dec/2021:13:00:00 -0300] "POST /cormun/servlet/hlogin?93ca3c500f99a6c3c1989d81e9174854,gx-no-cache=1638892080282 HTTP/1.1" 200 90
190.171.154.42 - - [07/Dec/2021:13:00:01 -0300] "GET /cormun/servlet/hpexe_link HTTP/1.1" 200 954
190.171.154.42 - - [07/Dec/2021:13:00:01 -0300] "GET /cormun/servlet/trlicencias HTTP/1.1" 200 11047
190.171.154.42 - - [07/Dec/2021:13:00:04 -0300] "GET /cormun/servlet/trlicencias HTTP/1.1" 200 11045
190.171.154.42 - - [07/Dec/2021:13:00:07 -0300] "GET /cormun/servlet/trlicencias? HTTP/1.1" 200 11045
190.171.154.42 - - [07/Dec/2021:13:00:09 -0300] "GET /cormun/servlet/trlicencias? HTTP/1.1" 200 11045
190.171.141.122 - - [07/Dec/2021:13:00:15 -0300] "GET /cormun/servlet/permisogoce?8e4b88cb2ba3287d53f674d11e3739d4da8da9b22301cf92ca931e2106efc59779fe85328af5ddaf552faa99c30a5fadfe5e525fb461d1353f30d32448e4ceb8,gx-no-cache=1638892096105 HTTP/1.1" 200 120
190.171.154.42 - - [07/Dec/2021:13:00:37 -0300] "POST /cormun/servlet/trlicencias?93ca3c500f99a6c3c1989d81e9174854,,gx-no-cache=1638892117054 HTTP/1.1" 200 5468
190.171.154.42 - - [07/Dec/2021:13:00:44 -0300] "POST /cormun/servlet/trlicencias?93ca3c500f99a6c3c1989d81e9174854,,gx-no-cache=1638892123827 HTTP/1.1" 200 5759
190.171.141.122 - - [07/Dec/2021:13:00:48 -0300] "GET /cormun/servlet/permisogoce?8e4b88cb2ba3287d53f674d11e3739d4da8da9b22301cf92ca931e2106efc59708b89c2971dd7fda3c5531d1d69cc22d16c73b2053216b41b0aad8c415b80adb,gx-no-cache=1638892129695 HTTP/1.1" 200 129
190.171.141.122 - - [07/Dec/2021:13:00:53 -0300] "GET /cormun/servlet/permisogoce?8e4b88cb2ba3287d53f674d11e3739d4da8da9b22301cf92ca931e2106efc597c3beb0722434acd12461cdf40802303b16c73b2053216b41b0aad8c415b80adb,gx-no-cache=1638892134184 HTTP/1.1" 200 46
190.171.141.122 - - [07/Dec/2021:13:01:38 -0300] "GET /cormun/servlet/permisogoce?8e4b88cb2ba3287d53f674d11e3739d4eebc028210a8b82c66d63c9360f626c41e6ba87400aef4a6ea6df7717e4d09402a4f8462f8a22bbac74499dc04caff1eb6baa6f2c8910d1088951ab8ea1dae01b468dd9eacfc6958b859fb523bd9bf42,gx-no-cache=1638892179896 HTTP/1.1" 200 74
190.171.141.122 - - [07/Dec/2021:13:01:39 -0300] "POST /cormun/servlet/permisogoce?af6a2132729c3cfa9e2a577f7ef22572,INS,0,,,,gx-no-cache=1638892180118 HTTP/1.1" 200 93
190.171.141.122 - - [07/Dec/2021:13:01:39 -0300] "GET /cormun/servlet/trfichaempleado? HTTP/1.1" 200 9575
190.171.141.122 - - [07/Dec/2021:13:01:39 -0300] "GET /cormun/servlet/hpexe_return? HTTP/1.1" 200 1012
190.171.141.122 - - [07/Dec/2021:13:01:39 -0300] "GET /cormun/servlet/trpermisosgoce? HTTP/1.1" 200 7201
190.171.141.122 - - [07/Dec/2021:13:01:40 -0300] "GET /cormun/servlet/trpermisosgoce? HTTP/1.1" 200 7197
190.171.141.122 - - [07/Dec/2021:13:01:43 -0300] "GET /cormun/servlet/trfichaempleado? HTTP/1.1" 200 9473
190.171.141.122 - - [07/Dec/2021:13:01:44 -0300] "GET /cormun/servlet/trfichaempleado? HTTP/1.1" 200 9473
190.171.141.122 - - [07/Dec/2021:13:01:45 -0300] "POST /cormun/servlet/trpermisosgoce?af6a2132729c3cfa9e2a577f7ef22572,,gx-no-cache=1638892186644 HTTP/1.1" 200 4495
190.171.141.122 - - [07/Dec/2021:13:01:46 -0300] "POST /cormun/servlet/trpermisosgoce?af6a2132729c3cfa9e2a577f7ef22572,,gx-no-cache=1638892187737 HTTP/1.1" 200 4494
190.171.141.122 - - [07/Dec/2021:13:01:47 -0300] "GET /cormun/servlet/trfichaempleado? HTTP/1.1" 200 9492
190.171.141.122 - - [07/Dec/2021:13:01:52 -0300] "POST /cormun/servlet/acontrolpreferencessavestate?None,JFERRARI,true HTTP/1.1" 200 35
190.171.141.122 - - [07/Dec/2021:13:01:53 -0300] "GET /cormun/servlet/permisogoce?INS,0,,, HTTP/1.1" 200 7128
190.171.141.122 - - [07/Dec/2021:13:01:53 -0300] "GET /cormun/servlet/permisogoce?INS,0,,, HTTP/1.1" 200 7128
190.171.141.122 - - [07/Dec/2021:13:02:01 -0300] "GET /cormun/servlet/trautorizarsolicitud? HTTP/1.1" 200 7360
190.171.141.122 - - [07/Dec/2021:13:02:02 -0300] "GET /cormun/servlet/trautorizarsolicitud? HTTP/1.1" 200 7352
190.171.141.122 - - [07/Dec/2021:13:02:04 -0300] "GET /cormun/servlet/trfichaempleado? HTTP/1.1" 200 9636
190.171.141.122 - - [07/Dec/2021:13:02:04 -0300] "GET /cormun/servlet/trfichaempleado? HTTP/1.1" 200 9636
190.171.141.122 - - [07/Dec/2021:13:02:08 -0300] "GET /cormun/servlet/trvisualizadoreventos? HTTP/1.1" 200 7008
190.171.141.122 - - [07/Dec/2021:13:02:08 -0300] "GET /cormun/servlet/trvisualizadoreventos? HTTP/1.1" 200 7007
190.171.141.122 - - [07/Dec/2021:13:02:20 -0300] "GET /cormun/servlet/trautorizarpermisogoce? HTTP/1.1" 200 7071
190.171.141.122 - - [07/Dec/2021:13:02:20 -0300] "GET /cormun/servlet/trautorizarpermisogoce? HTTP/1.1" 200 7071
190.171.141.122 - - [07/Dec/2021:13:02:35 -0300] "GET /cormun/servlet/trdiat? HTTP/1.1" 200 7138
190.171.141.122 - - [07/Dec/2021:13:02:35 -0300] "GET /cormun/static/gxcfg.js?20201216295890 HTTP/1.1" 200 953
190.171.141.122 - - [07/Dec/2021:13:02:35 -0300] "GET /cormun/static/trdiat.js?2020121630440 HTTP/1.1" 200 35345
190.171.141.122 - - [07/Dec/2021:13:02:35 -0300] "GET /cormun/servlet/trdiat? HTTP/1.1" 200 7135
190.171.141.122 - - [07/Dec/2021:13:02:36 -0300] "POST /cormun/servlet/acontrolpreferencessavestate?None,JFERRARI,true HTTP/1.1" 200 35
5.189.152.10 - - [07/Dec/2021:13:02:39 -0300] "GET /manager/html HTTP/1.1" 401 2474
190.171.141.122 - - [07/Dec/2021:13:02:42 -0300] "GET /cormun/servlet/trpermisosgoce? HTTP/1.1" 200 7202
190.171.141.122 - - [07/Dec/2021:13:02:42 -0300] "GET /cormun/servlet/trpermisosgoce? HTTP/1.1" 200 7202
190.171.141.122 - - [07/Dec/2021:13:02:59 -0300] "POST /cormun/servlet/trpermisosgoce?af6a2132729c3cfa9e2a577f7ef22572,,gx-no-cache=1638892260262 HTTP/1.1" 200 4492
190.171.141.122 - - [07/Dec/2021:13:03:00 -0300] "POST /cormun/servlet/trpermisosgoce?af6a2132729c3cfa9e2a577f7ef22572,,gx-no-cache=1638892261272 HTTP/1.1" 200 4492
190.171.141.122 - - [07/Dec/2021:13:03:01 -0300] "POST /cormun/servlet/trpermisosgoce?af6a2132729c3cfa9e2a577f7ef22572,,gx-no-cache=1638892262456 HTTP/1.1" 200 4491
190.171.141.122 - - [07/Dec/2021:13:03:08 -0300] "POST /cormun/servlet/trpermisosgoce?af6a2132729c3cfa9e2a577f7ef22572,,gx-no-cache=1638892269072 HTTP/1.1" 200 104
190.171.141.122 - - [07/Dec/2021:13:03:08 -0300] "POST /cormun/servlet/trpermisosgoce?af6a2132729c3cfa9e2a577f7ef22572,,gx-no-cache=1638892269270 HTTP/1.1" 200 4469
190.171.141.122 - - [07/Dec/2021:13:03:08 -0300] "GET /cormun/PermisosGoce-6551.xls HTTP/1.1" 200 4096
190.171.141.122 - - [07/Dec/2021:13:03:09 -0300] "POST /cormun/servlet/trpermisosgoce?af6a2132729c3cfa9e2a577f7ef22572,,gx-no-cache=1638892270079 HTTP/1.1" 200 104
190.171.141.122 - - [07/Dec/2021:13:03:09 -0300] "POST /cormun/servlet/trpermisosgoce?af6a2132729c3cfa9e2a577f7ef22572,,gx-no-cache=1638892270165 HTTP/1.1" 200 4469
190.171.141.122 - - [07/Dec/2021:13:03:09 -0300] "GET /cormun/PermisosGoce-9418.xls HTTP/1.1" 200 4096
190.171.141.122 - - [07/Dec/2021:13:03:10 -0300] "GET /cormun/servlet/permisogoce?INS,0,,, HTTP/1.1" 200 7133
190.171.141.122 - - [07/Dec/2021:13:03:10 -0300] "GET /cormun/servlet/permisogoce?INS,0,,, HTTP/1.1" 200 7133
190.171.141.122 - - [07/Dec/2021:13:03:21 -0300] "POST /cormun/servlet/permisogoce?af6a2132729c3cfa9e2a577f7ef22572,INS,0,,,,gx-no-cache=1638892282991 HTTP/1.1" 200 90
190.171.141.122 - - [07/Dec/2021:13:03:21 -0300] "GET /cormun/servlet/hpexe_link HTTP/1.1" 200 968
190.171.141.122 - - [07/Dec/2021:13:03:22 -0300] "GET /cormun/servlet/trpermisosgoce? HTTP/1.1" 200 7204
190.171.141.122 - - [07/Dec/2021:13:03:22 -0300] "GET /cormun/servlet/trpermisosgoce? HTTP/1.1" 200 7202
190.171.141.122 - - [07/Dec/2021:13:03:23 -0300] "POST /cormun/servlet/trpermisosgoce?af6a2132729c3cfa9e2a577f7ef22572,,gx-no-cache=1638892284395 HTTP/1.1" 200 90
190.171.141.122 - - [07/Dec/2021:13:03:23 -0300] "GET /cormun/servlet/hpexe_link HTTP/1.1" 200 964
190.171.141.122 - - [07/Dec/2021:13:03:23 -0300] "GET /cormun/servlet/trsolicitudot HTTP/1.1" 200 7467
190.171.141.122 - - [07/Dec/2021:13:03:23 -0300] "GET /cormun/servlet/trsolicitudot HTTP/1.1" 200 7466
190.171.141.122 - - [07/Dec/2021:13:03:33 -0300] "POST /cormun/servlet/acontrolpreferencessavestate?None,JFERRARI,true HTTP/1.1" 200 35
190.171.141.122 - - [07/Dec/2021:13:03:56 -0300] "POST /cormun/servlet/trsolicitudot?af6a2132729c3cfa9e2a577f7ef22572,gx-no-cache=1638892317396 HTTP/1.1" 200 4632
190.171.141.122 - - [07/Dec/2021:13:04:02 -0300] "GET /cormun/servlet/trpermisosgoce? HTTP/1.1" 200 7203
190.171.141.122 - - [07/Dec/2021:13:04:03 -0300] "GET /cormun/servlet/trpermisosgoce? HTTP/1.1" 200 7202
190.171.141.122 - - [07/Dec/2021:13:04:14 -0300] "GET /cormun/servlet/trautorizarpermisogoce? HTTP/1.1" 200 7074
190.171.141.122 - - [07/Dec/2021:13:04:14 -0300] "GET /cormun/servlet/trautorizarpermisogoce? HTTP/1.1" 200 7073
190.171.141.122 - - [07/Dec/2021:13:04:19 -0300] "POST /cormun/servlet/trautorizarpermisogoce?af6a2132729c3cfa9e2a577f7ef22572,,gx-no-cache=1638892340119 HTTP/1.1" 200 4407
190.171.141.122 - - [07/Dec/2021:13:04:23 -0300] "GET /cormun/static/menuarrow.gif HTTP/1.1" 404 1015
192.168.10.17 - - [07/Dec/2021:13:05:42 -0300] "GET /cormun/servlet/hlogin HTTP/1.1" 200 1725
192.168.10.17 - - [07/Dec/2021:13:05:42 -0300] "GET /cormun/servlet/hlogin HTTP/1.1" 200 1736
190.171.141.122 - - [07/Dec/2021:13:05:42 -0300] "POST /cormun/servlet/trautorizarpermisogoce?af6a2132729c3cfa9e2a577f7ef22572,,gx-no-cache=1638892423090 HTTP/1.1" 200 4423
192.168.10.17 - - [07/Dec/2021:13:05:44 -0300] "POST /cormun/servlet/hlogin?f5e6fa7699d358931e0e8f535479ecbf,gx-no-cache=1638892282066 HTTP/1.1" 200 90
192.168.10.17 - - [07/Dec/2021:13:05:44 -0300] "GET /cormun/servlet/hpexe_link HTTP/1.1" 200 951
192.168.10.17 - - [07/Dec/2021:13:05:45 -0300] "GET /cormun/servlet/hhome HTTP/1.1" 200 3766
192.168.10.17 - - [07/Dec/2021:13:05:45 -0300] "GET /cormun/servlet/hhome HTTP/1.1" 200 3763
190.171.141.122 - - [07/Dec/2021:13:05:47 -0300] "POST /cormun/servlet/trautorizarpermisogoce?af6a2132729c3cfa9e2a577f7ef22572,,gx-no-cache=1638892428562 HTTP/1.1" 200 112
190.171.141.122 - - [07/Dec/2021:13:05:47 -0300] "POST /cormun/servlet/trautorizarpermisogoce?af6a2132729c3cfa9e2a577f7ef22572,,gx-no-cache=1638892428705 HTTP/1.1" 200 4401
190.171.141.122 - - [07/Dec/2021:13:05:47 -0300] "GET /cormun/AutorizarPermisoGoce-3195.xls HTTP/1.1" 200 4096
192.168.10.17 - - [07/Dec/2021:13:05:58 -0300] "GET /cormun/servlet/trsolicitudgral? HTTP/1.1" 200 10241
192.168.10.17 - - [07/Dec/2021:13:05:58 -0300] "GET /cormun/servlet/trsolicitudgral? HTTP/1.1" 200 10239
190.171.141.122 - - [07/Dec/2021:13:05:59 -0300] "POST /cormun/servlet/trautorizarpermisogoce?af6a2132729c3cfa9e2a577f7ef22572,,gx-no-cache=1638892440848 HTTP/1.1" 200 4421
190.171.141.122 - - [07/Dec/2021:13:06:01 -0300] "POST /cormun/servlet/trautorizarpermisogoce?af6a2132729c3cfa9e2a577f7ef22572,,gx-no-cache=1638892442096 HTTP/1.1" 200 4421
190.171.141.122 - - [07/Dec/2021:13:06:02 -0300] "POST /cormun/servlet/trautorizarpermisogoce?af6a2132729c3cfa9e2a577f7ef22572,,gx-no-cache=1638892443103 HTTP/1.1" 200 4422
190.171.141.122 - - [07/Dec/2021:13:06:02 -0300] "POST /cormun/servlet/trautorizarpermisogoce?af6a2132729c3cfa9e2a577f7ef22572,,gx-no-cache=1638892443386 HTTP/1.1" 200 4421
190.171.141.122 - - [07/Dec/2021:13:06:02 -0300] "POST /cormun/servlet/trautorizarpermisogoce?af6a2132729c3cfa9e2a577f7ef22572,,gx-no-cache=1638892443663 HTTP/1.1" 200 4422
190.171.141.122 - - [07/Dec/2021:13:06:26 -0300] "GET /cormun/servlet/hlogin HTTP/1.1" 200 1727
192.168.10.17 - - [07/Dec/2021:13:06:26 -0300] "POST /cormun/servlet/trsolicitudgral?f5e6fa7699d358931e0e8f535479ecbf,,gx-no-cache=1638892323983 HTTP/1.1" 200 5253
190.171.141.122 - - [07/Dec/2021:13:06:29 -0300] "POST /cormun/servlet/hlogin?af6a2132729c3cfa9e2a577f7ef22572,gx-no-cache=1638892470625 HTTP/1.1" 200 90
190.171.141.122 - - [07/Dec/2021:13:06:29 -0300] "GET /cormun/servlet/hpexe_link HTTP/1.1" 200 965
190.171.141.122 - - [07/Dec/2021:13:06:29 -0300] "GET /cormun/servlet/trautorizarpermisogoce? HTTP/1.1" 200 7097
190.171.141.122 - - [07/Dec/2021:13:06:30 -0300] "GET /cormun/servlet/trautorizarpermisogoce? HTTP/1.1" 200 7096
192.168.10.17 - - [07/Dec/2021:13:06:33 -0300] "GET /cormun/static/menuarrow.gif HTTP/1.1" 404 1015
190.171.141.114 - - [07/Dec/2021:13:06:42 -0300] "GET /cormun/servlet/hlogin HTTP/1.1" 200 1730
190.171.141.114 - - [07/Dec/2021:13:06:42 -0300] "GET /cormun/servlet/hlogin HTTP/1.1" 200 1740
192.168.10.17 - - [07/Dec/2021:13:06:43 -0300] "POST /cormun/servlet/trsolicitudgral?f5e6fa7699d358931e0e8f535479ecbf,,gx-no-cache=1638892340804 HTTP/1.1" 200 5257
192.168.10.17 - - [07/Dec/2021:13:06:44 -0300] "POST /cormun/servlet/trsolicitudgral?f5e6fa7699d358931e0e8f535479ecbf,,gx-no-cache=1638892341506 HTTP/1.1" 200 5257
190.171.141.114 - - [07/Dec/2021:13:06:50 -0300] "POST /cormun/servlet/hlogin?47586899649555efd21b4621507cf764,gx-no-cache=1638892490421 HTTP/1.1" 200 90
190.171.141.114 - - [07/Dec/2021:13:06:50 -0300] "GET /cormun/servlet/hpexe_link HTTP/1.1" 200 956
190.171.141.114 - - [07/Dec/2021:13:06:50 -0300] "GET /cormun/servlet/hhome HTTP/1.1" 200 4001
192.168.10.17 - - [07/Dec/2021:13:06:50 -0300] "POST /cormun/servlet/trsolicitudgral?f5e6fa7699d358931e0e8f535479ecbf,,gx-no-cache=1638892347625 HTTP/1.1" 200 5257
190.171.141.114 - - [07/Dec/2021:13:06:50 -0300] "GET /cormun/servlet/hhome HTTP/1.1" 200 3997
190.171.141.114 - - [07/Dec/2021:13:07:17 -0300] "GET /cormun/servlet/trpermisosgoce? HTTP/1.1" 200 14534
190.171.141.114 - - [07/Dec/2021:13:07:18 -0300] "GET /cormun/servlet/trpermisosgoce? HTTP/1.1" 200 14531
192.168.10.17 - - [07/Dec/2021:13:07:22 -0300] "POST /cormun/servlet/trsolicitudgral?f5e6fa7699d358931e0e8f535479ecbf,,gx-no-cache=1638892379946 HTTP/1.1" 200 5257
192.168.10.96 - - [07/Dec/2021:13:07:29 -0300] "GET /cormun/servlet/hlogin HTTP/1.1" 200 1723
192.168.10.96 - - [07/Dec/2021:13:07:29 -0300] "GET /cormun/servlet/hlogin HTTP/1.1" 200 1733
192.168.10.17 - - [07/Dec/2021:13:07:31 -0300] "POST /cormun/servlet/trsolicitudgral?f5e6fa7699d358931e0e8f535479ecbf,,gx-no-cache=1638892388121 HTTP/1.1" 200 5255
192.168.10.96 - - [07/Dec/2021:13:07:31 -0300] "POST /cormun/servlet/hlogin?1bc8c3139410f2e8e7e32ed8efe24666,gx-no-cache=1638892388398 HTTP/1.1" 200 90
192.168.10.96 - - [07/Dec/2021:13:07:31 -0300] "GET /cormun/servlet/hpexe_link HTTP/1.1" 200 951
192.168.10.96 - - [07/Dec/2021:13:07:31 -0300] "GET /cormun/servlet/hhome HTTP/1.1" 200 3765
192.168.10.96 - - [07/Dec/2021:13:07:31 -0300] "GET /cormun/servlet/hhome HTTP/1.1" 200 3761
190.171.141.114 - - [07/Dec/2021:13:07:32 -0300] "GET /cormun/servlet/trpermisosadjuntos?18044640,20211206124134,P, HTTP/1.1" 200 6320
192.168.10.96 - - [07/Dec/2021:13:07:33 -0300] "GET /cormun/servlet/trsolicitudgral? HTTP/1.1" 200 10240
190.171.141.114 - - [07/Dec/2021:13:07:33 -0300] "GET /cormun/servlet/trpermisosadjuntos?18044640,20211206124134,P, HTTP/1.1" 200 6321
192.168.10.96 - - [07/Dec/2021:13:07:33 -0300] "GET /cormun/servlet/trsolicitudgral? HTTP/1.1" 200 10238
190.171.141.122 - - [07/Dec/2021:13:07:40 -0300] "GET /cormun/servlet/trpermisosgoce? HTTP/1.1" 200 7203
190.171.141.114 - - [07/Dec/2021:13:07:40 -0300] "GET /cormun/servlet/permisosadjuntos?INS,18044640,P,20211206124134,, HTTP/1.1" 200 5645
190.171.141.114 - - [07/Dec/2021:13:07:40 -0300] "GET /cormun/static/about:blank HTTP/1.1" 404 1011
190.171.141.122 - - [07/Dec/2021:13:07:40 -0300] "GET /cormun/servlet/trpermisosgoce? HTTP/1.1" 200 7202
190.171.141.114 - - [07/Dec/2021:13:07:40 -0300] "GET /cormun/servlet/permisosadjuntos?INS,18044640,P,20211206124134,, HTTP/1.1" 200 5635
192.168.10.96 - - [07/Dec/2021:13:07:47 -0300] "POST /cormun/servlet/trsolicitudgral?1bc8c3139410f2e8e7e32ed8efe24666,,gx-no-cache=1638892404225 HTTP/1.1" 200 5242
192.168.10.96 - - [07/Dec/2021:13:07:51 -0300] "POST /cormun/servlet/trsolicitudgral?1bc8c3139410f2e8e7e32ed8efe24666,,gx-no-cache=1638892408151 HTTP/1.1" 200 6646
190.171.141.114 - - [07/Dec/2021:13:07:52 -0300] "POST /cormun/servlet/permisosadjuntos?47586899649555efd21b4621507cf764,INS,18044640,P,20211206124134,, HTTP/1.1" 200 116
190.171.141.114 - - [07/Dec/2021:13:07:52 -0300] "GET /cormun/servlet/hpexe_return? HTTP/1.1" 200 1042
190.171.141.114 - - [07/Dec/2021:13:07:52 -0300] "GET /cormun/servlet/trpermisosadjuntos?18044640,20211206124134,P, HTTP/1.1" 200 6846
190.171.141.114 - - [07/Dec/2021:13:07:52 -0300] "GET /cormun/servlet/trpermisosadjuntos?18044640,20211206124134,P, HTTP/1.1" 200 6843
190.171.141.122 - - [07/Dec/2021:13:07:53 -0300] "POST /cormun/servlet/trpermisosgoce?af6a2132729c3cfa9e2a577f7ef22572,,gx-no-cache=1638892554284 HTTP/1.1" 200 4498
190.171.141.114 - - [07/Dec/2021:13:07:55 -0300] "POST /cormun/servlet/trpermisosadjuntos?47586899649555efd21b4621507cf764,18044640,20211206124134,P,,gx-no-cache=1638892555776 HTTP/1.1" 200 90
190.171.141.114 - - [07/Dec/2021:13:07:55 -0300] "GET /cormun/servlet/hpexe_link HTTP/1.1" 200 989
190.171.141.114 - - [07/Dec/2021:13:07:55 -0300] "GET /cormun/servlet/trpermisosgoce HTTP/1.1" 200 14533
190.171.141.114 - - [07/Dec/2021:13:07:56 -0300] "GET /cormun/servlet/trpermisosgoce HTTP/1.1" 200 14531
192.168.10.96 - - [07/Dec/2021:13:07:57 -0300] "POST /cormun/servlet/trsolicitudgral?1bc8c3139410f2e8e7e32ed8efe24666,,gx-no-cache=1638892414947 HTTP/1.1" 200 7212
190.171.141.114 - - [07/Dec/2021:13:08:01 -0300] "POST /cormun/servlet/trpermisosgoce?47586899649555efd21b4621507cf764,gx-no-cache=1638892561027 HTTP/1.1" 200 11852
190.171.141.114 - - [07/Dec/2021:13:08:01 -0300] "GET /cormun/static/Shared/jqueryui/images/ui-bg_highlight-soft_100_c6c2c8_1x100.png HTTP/1.1" 404 1117
190.171.141.114 - - [07/Dec/2021:13:08:01 -0300] "GET /cormun/static/Shared/jqueryui/images/ui-icons_82798d_256x240.png HTTP/1.1" 404 1089
190.171.141.114 - - [07/Dec/2021:13:08:01 -0300] "GET /cormun/static/Shared/jqueryui/images/ui-bg_flat_55_fafafa_40x100.png HTTP/1.1" 404 1097
190.171.141.114 - - [07/Dec/2021:13:08:01 -0300] "GET /cormun/static/Shared/jqueryui/images/ui-icons_8d78a5_256x240.png HTTP/1.1" 404 1089
190.171.141.122 - - [07/Dec/2021:13:08:01 -0300] "GET /cormun/static/menuarrow.gif HTTP/1.1" 404 1015
192.168.10.96 - - [07/Dec/2021:13:08:04 -0300] "POST /cormun/servlet/trsolicitudgral?1bc8c3139410f2e8e7e32ed8efe24666,,gx-no-cache=1638892421307 HTTP/1.1" 200 8509
190.171.141.122 - - [07/Dec/2021:13:08:09 -0300] "GET /cormun/servlet/permisogoce?INS,0,,, HTTP/1.1" 200 7134
190.171.141.122 - - [07/Dec/2021:13:08:10 -0300] "GET /cormun/servlet/permisogoce?INS,0,,, HTTP/1.1" 200 7134
190.171.141.122 - - [07/Dec/2021:13:08:26 -0300] "GET /cormun/servlet/permisogoce?8e4b88cb2ba3287d53f674d11e3739d4eebc028210a8b82c66d63c9360f626c43cd71d4fdb249e533ce984f7c531fb44d27131b75b1df269784bb75daa9e8ae3,gx-no-cache=1638892587216 HTTP/1.1" 200 77
190.171.141.122 - - [07/Dec/2021:13:08:26 -0300] "GET /cormun/static/menuarrow.gif HTTP/1.1" 404 1015
190.171.141.122 - - [07/Dec/2021:13:08:28 -0300] "GET /cormun/servlet/permisogoce?8e4b88cb2ba3287d53f674d11e3739d4eebc028210a8b82c66d63c9360f626c41e6ba87400aef4a6ea6df7717e4d09402a4f8462f8a22bbac74499dc04caff1eb6baa6f2c8910d1088951ab8ea1dae01c674b9a496939840ed81e809c5c4bbef,gx-no-cache=1638892589843 HTTP/1.1" 200 77
190.171.141.122 - - [07/Dec/2021:13:08:31 -0300] "GET /cormun/servlet/permisogoce?8e4b88cb2ba3287d53f674d11e3739d4da8da9b22301cf92ca931e2106efc59708b89c2971dd7fda3c5531d1d69cc22d16c73b2053216b41b0aad8c415b80adb,gx-no-cache=1638892592727 HTTP/1.1" 200 129
190.171.141.122 - - [07/Dec/2021:13:08:31 -0300] "GET /cormun/static/Shared/jqueryui/images/ui-bg_highlight-soft_100_c6c2c8_1x100.png HTTP/1.1" 404 1117
190.171.141.122 - - [07/Dec/2021:13:08:31 -0300] "GET /cormun/static/Shared/jqueryui/images/ui-icons_82798d_256x240.png HTTP/1.1" 404 1089
190.171.141.122 - - [07/Dec/2021:13:08:31 -0300] "GET /cormun/static/Shared/jqueryui/images/ui-bg_flat_55_994d53_40x100.png HTTP/1.1" 404 1097
190.171.141.122 - - [07/Dec/2021:13:08:31 -0300] "GET /cormun/static/Shared/jqueryui/images/ui-icons_ebccce_256x240.png HTTP/1.1" 404 1089
190.171.141.122 - - [07/Dec/2021:13:08:40 -0300] "GET /cormun/servlet/permisogoce?8e4b88cb2ba3287d53f674d11e3739d4da8da9b22301cf92ca931e2106efc597c3beb0722434acd12461cdf40802303b16c73b2053216b41b0aad8c415b80adb,gx-no-cache=1638892601559 HTTP/1.1" 200 46
200.83.224.3 - - [07/Dec/2021:13:08:43 -0300] "GET /cormun/servlet/hlogin HTTP/1.1" 200 1715
200.83.224.3 - - [07/Dec/2021:13:08:43 -0300] "GET /cormun/static/gxtimezone.js?85251 HTTP/1.1" 200 5781
200.83.224.3 - - [07/Dec/2021:13:08:43 -0300] "GET /cormun/static/Resources/Spanish/PXTools.css?2294816 HTTP/1.1" 200 100853
200.83.224.3 - - [07/Dec/2021:13:08:43 -0300] "GET /cormun/static/gxcfg.js?201910216285969 HTTP/1.1" 200 953
200.83.224.3 - - [07/Dec/2021:13:08:43 -0300] "GET /cormun/static/gxgral.js?85251 HTTP/1.1" 200 384558
200.83.224.3 - - [07/Dec/2021:13:08:43 -0300] "GET /cormun/static/messages.spa.js?85251 HTTP/1.1" 200 30736
200.83.224.3 - - [07/Dec/2021:13:08:44 -0300] "GET /cormun/static/hlogin.js?201910216285995 HTTP/1.1" 200 2136
200.83.224.3 - - [07/Dec/2021:13:08:44 -0300] "GET /cormun/static/Resources/Logo2019_Grande.png HTTP/1.1" 200 31733
200.83.224.3 - - [07/Dec/2021:13:08:44 -0300] "GET /cormun/static/Resources/PXToolsLoginTop.png HTTP/1.1" 200 1337
200.83.224.3 - - [07/Dec/2021:13:08:44 -0300] "GET /cormun/static/Resources/PXToolsLoginBackground.png HTTP/1.1" 200 1164
200.83.224.3 - - [07/Dec/2021:13:08:44 -0300] "GET /cormun/static/Resources/PXToolsButtonRight.png HTTP/1.1" 200 1294
200.83.224.3 - - [07/Dec/2021:13:08:44 -0300] "GET /cormun/static/Resources/PXToolsButtonLeft.png HTTP/1.1" 200 1310
200.83.224.3 - - [07/Dec/2021:13:08:44 -0300] "GET /cormun/static/Resources/PXToolsButtonBackground.png HTTP/1.1" 200 1176
200.83.224.3 - - [07/Dec/2021:13:08:44 -0300] "GET /cormun/static/Resources/PXToolsLoginBottom.png HTTP/1.1" 200 1389
200.83.224.3 - - [07/Dec/2021:13:08:44 -0300] "GET /cormun/servlet/hlogin HTTP/1.1" 200 1726
200.83.224.3 - - [07/Dec/2021:13:08:44 -0300] "GET /cormun/static/Resources/indicator.gif HTTP/1.1" 200 1553
200.83.224.3 - - [07/Dec/2021:13:08:45 -0300] "GET /cormun/static/Resources/indicator.gif HTTP/1.1" 200 1553
200.83.224.3 - - [07/Dec/2021:13:08:45 -0300] "GET /favicon.ico HTTP/1.1" 200 21630
200.83.224.3 - - [07/Dec/2021:13:08:48 -0300] "POST /cormun/servlet/hlogin?31ad67bbfab6510ab2418bf11f72035e,gx-no-cache=1638892609995 HTTP/1.1" 200 90
200.83.224.3 - - [07/Dec/2021:13:08:49 -0300] "GET /cormun/servlet/hpexe_link HTTP/1.1" 200 941
200.83.224.3 - - [07/Dec/2021:13:08:49 -0300] "GET /cormun/static/gxcfg.js?201991422392958 HTTP/1.1" 200 953
200.83.224.3 - - [07/Dec/2021:13:08:49 -0300] "GET /cormun/static/hpexe_link.js?201991422392963 HTTP/1.1" 200 625
200.83.224.3 - - [07/Dec/2021:13:08:49 -0300] "GET /cormun/servlet/hhome HTTP/1.1" 200 4290
200.83.224.3 - - [07/Dec/2021:13:08:49 -0300] "GET /cormun/static/Shared/jqueryui/jquery-ui.min.css?1345370 HTTP/1.1" 200 30288
200.83.224.3 - - [07/Dec/2021:13:08:49 -0300] "GET /cormun/static/gxcfg.js?20201215495537 HTTP/1.1" 200 953
200.83.224.3 - - [07/Dec/2021:13:08:49 -0300] "GET /cormun/static/Resources/Spanish/PXTools.css?14345360 HTTP/1.1" 200 100853
200.83.224.3 - - [07/Dec/2021:13:08:49 -0300] "GET /cormun/static/SmoothNavMenu/resources/ddsmoothmenu-v.css?1112540 HTTP/1.1" 200 1188
200.83.224.3 - - [07/Dec/2021:13:08:49 -0300] "GET /cormun/static/scaMessage/css/jquery.pnotify.default.css?1816380 HTTP/1.1" 200 1707
200.83.224.3 - - [07/Dec/2021:13:08:49 -0300] "GET /cormun/static/SmoothNavMenu/resources/ddsmoothmenu.css?1112540 HTTP/1.1" 200 2223
200.83.224.3 - - [07/Dec/2021:13:08:49 -0300] "GET /cormun/static/PXToolsJavascripts/pexe_autoreload.js HTTP/1.1" 200 1762
200.83.224.3 - - [07/Dec/2021:13:08:50 -0300] "GET /cormun/static/PXToolsJavascripts/pexe_cookies.js HTTP/1.1" 200 792
200.83.224.3 - - [07/Dec/2021:13:08:50 -0300] "GET /cormun/static/PXToolsJavascripts/pexe_windows.js HTTP/1.1" 200 15207
200.83.224.3 - - [07/Dec/2021:13:08:50 -0300] "GET /cormun/static/PXToolsJavascripts/pexe_grid.js HTTP/1.1" 200 7559
200.83.224.3 - - [07/Dec/2021:13:08:50 -0300] "GET /cormun/static/PXToolsJavascripts/pexe_link.js HTTP/1.1" 200 5671
200.83.224.3 - - [07/Dec/2021:13:08:50 -0300] "GET /cormun/static/PXToolsJavascripts/pexe_griddivfix.js HTTP/1.1" 200 6644
200.83.224.3 - - [07/Dec/2021:13:08:50 -0300] "GET /cormun/static/PXToolsJavascripts/pexe_menudivfix.js HTTP/1.1" 200 333
200.83.224.3 - - [07/Dec/2021:13:08:50 -0300] "GET /cormun/static/PXToolsJavascripts/pexe_menus.js HTTP/1.1" 200 1286
200.83.224.3 - - [07/Dec/2021:13:08:50 -0300] "GET /cormun/static/PXToolsJavascripts/pexe_layers.js HTTP/1.1" 200 4114
200.83.224.3 - - [07/Dec/2021:13:08:50 -0300] "GET /cormun/static/PXToolsJavascripts/pexe_oav.js HTTP/1.1" 200 645
200.83.224.3 - - [07/Dec/2021:13:08:50 -0300] "GET /cormun/static/PXToolsJavascripts/pexe_oavdivfix.js HTTP/1.1" 200 639
200.83.224.3 - - [07/Dec/2021:13:08:50 -0300] "GET /cormun/static/PXToolsJavascripts/pexe_picture.js HTTP/1.1" 200 689
200.83.224.3 - - [07/Dec/2021:13:08:50 -0300] "GET /cormun/static/PXToolsJavascripts/pexe_popup.js HTTP/1.1" 200 13458
200.83.224.3 - - [07/Dec/2021:13:08:50 -0300] "GET /cormun/static/PXToolsJavascripts/pexe_scrolldiv.js HTTP/1.1" 200 4138
200.83.224.3 - - [07/Dec/2021:13:08:50 -0300] "GET /cormun/static/PXToolsJavascripts/pexe_tabdivfix.js HTTP/1.1" 200 876
200.83.224.3 - - [07/Dec/2021:13:08:50 -0300] "GET /cormun/static/PXToolsJavascripts/PXToolsJavascriptsRender.js HTTP/1.1" 200 367
200.83.224.3 - - [07/Dec/2021:13:08:50 -0300] "GET /cormun/static/PXToolsJavascripts/pexe_tabs.js HTTP/1.1" 200 3748
200.83.224.3 - - [07/Dec/2021:13:08:50 -0300] "GET /cormun/static/PXToolsJavascripts/pexe_upload.js HTTP/1.1" 200 1423
200.83.224.3 - - [07/Dec/2021:13:08:50 -0300] "GET /cormun/static/RunJS/RunJS.js HTTP/1.1" 200 288
200.83.224.3 - - [07/Dec/2021:13:08:50 -0300] "GET /cormun/static/Shared/ext/locale/ext-lang-en.js HTTP/1.1" 200 10940
200.83.224.3 - - [07/Dec/2021:13:08:50 -0300] "GET /cormun/static/hwchdr01.js?20201214473739 HTTP/1.1" 200 996
200.83.224.3 - - [07/Dec/2021:13:08:50 -0300] "GET /cormun/static/hhome.js?20201215495544 HTTP/1.1" 200 777
200.83.224.3 - - [07/Dec/2021:13:08:50 -0300] "GET /cormun/static/hpexe_recentlink.js?20201214471090 HTTP/1.1" 200 2144
200.83.224.3 - - [07/Dec/2021:13:08:50 -0300] "GET /cormun/static/gxui/gxui-all.js HTTP/1.1" 200 107772
200.83.224.3 - - [07/Dec/2021:13:08:50 -0300] "GET /cormun/static/hpexe_scripts.js?20201214471411 HTTP/1.1" 200 1544
200.83.224.3 - - [07/Dec/2021:13:08:50 -0300] "GET /cormun/static/hpexe_messagecontroller.js?201991422154126 HTTP/1.1" 200 870
200.83.224.3 - - [07/Dec/2021:13:08:50 -0300] "GET /cormun/static/hpexe_messagepopupcomponent.js?2020121447232 HTTP/1.1" 200 605
200.83.224.3 - - [07/Dec/2021:13:08:50 -0300] "GET /cormun/static/Shared/ext/ext-all.js HTTP/1.1" 200 1289687
200.83.224.3 - - [07/Dec/2021:13:08:50 -0300] "GET /cormun/static/hpexe_messagegenexuscomponent.js?2020121447173 HTTP/1.1" 200 587
200.83.224.3 - - [07/Dec/2021:13:08:51 -0300] "GET /cormun/static/cmcontrolpreferences.js?20199141926336 HTTP/1.1" 200 1375
200.83.224.3 - - [07/Dec/2021:13:08:51 -0300] "GET /cormun/static/Shared/jquery/jquery-1.4.2.min.js HTTP/1.1" 200 72174
200.83.224.3 - - [07/Dec/2021:13:08:51 -0300] "GET /cormun/static/Shared/jquery/jquery-1.10.2.min.js HTTP/1.1" 200 273199
200.83.224.3 - - [07/Dec/2021:13:08:51 -0300] "GET /cormun/static/Shared/jqueryui/jquery-ui.min.js HTTP/1.1" 200 240427
200.83.224.3 - - [07/Dec/2021:13:08:51 -0300] "GET /cormun/static/SmoothNavMenu/resources/ddsmoothmenu.js HTTP/1.1" 200 12712
200.83.224.3 - - [07/Dec/2021:13:08:51 -0300] "GET /cormun/static/Resources/PXToolsDataTitle.png HTTP/1.1" 200 1173
200.83.224.3 - - [07/Dec/2021:13:08:51 -0300] "GET /cormun/static/Resources/Logo2019_Small.png HTTP/1.1" 200 10855
200.83.224.3 - - [07/Dec/2021:13:08:51 -0300] "GET /cormun/static/Resources/ImgLogin.png HTTP/1.1" 200 1432
200.83.224.3 - - [07/Dec/2021:13:08:51 -0300] "GET /cormun/static/Resources/Llave.png HTTP/1.1" 200 1395
200.83.224.3 - - [07/Dec/2021:13:08:51 -0300] "GET /cormun/static/Resources/ImgHome.png HTTP/1.1" 200 1364
200.83.224.3 - - [07/Dec/2021:13:08:51 -0300] "GET /cormun/static/SmoothNavMenu/resources/SmoothNavMenuRender.js HTTP/1.1" 200 5951
