77.88.5.217 - - [06/Dec/2021:00:16:05 -0300] "GET /examples/servlets/reqparams.html HTTP/1.1" 200 4572
77.88.5.46 - - [06/Dec/2021:00:16:33 -0300] "GET /examples/servlets/index.html HTTP/1.1" 200 6959
77.88.5.46 - - [06/Dec/2021:00:16:38 -0300] "GET /examples/servlets/servlet/RequestParamExample HTTP/1.1" 200 662
77.88.5.46 - - [06/Dec/2021:00:17:06 -0300] "GET /examples/servlets/images/return.gif HTTP/1.1" 200 1231
77.88.5.46 - - [06/Dec/2021:00:17:09 -0300] "GET /examples/servlets/images/code.gif HTTP/1.1" 200 292
5.189.152.10 - - [06/Dec/2021:00:19:00 -0300] "GET /manager/html HTTP/1.1" 401 2474
5.189.152.10 - - [06/Dec/2021:00:23:19 -0300] "GET /manager/html HTTP/1.1" 401 2474
5.189.152.10 - - [06/Dec/2021:00:27:43 -0300] "GET /manager/html HTTP/1.1" 401 2474
5.189.152.10 - - [06/Dec/2021:00:31:51 -0300] "GET /manager/html HTTP/1.1" 401 2474
5.189.152.10 - - [06/Dec/2021:00:35:43 -0300] "GET /manager/html HTTP/1.1" 401 2474
5.8.10.202 - - [06/Dec/2021:00:38:02 -0300] "okRHÅ#÷:Nßⴂ/ÿ TŸ§Äy°hÆŒ¤="ᘠ„´,…¯nãY»bhlÿ(=':©‚ÙoȢד˜´ï€å¹(À" 400 -
5.189.152.10 - - [06/Dec/2021:00:39:45 -0300] "GET /manager/html HTTP/1.1" 401 2474
5.189.152.10 - - [06/Dec/2021:00:43:13 -0300] "GET /manager/html HTTP/1.1" 401 2474
5.189.152.10 - - [06/Dec/2021:00:47:51 -0300] "GET /manager/html HTTP/1.1" 401 2474
5.189.152.10 - - [06/Dec/2021:00:52:54 -0300] "GET /manager/html HTTP/1.1" 401 2474
46.174.191.29 - - [06/Dec/2021:00:55:05 -0300] "GET / HTTP/1.0" 200 11197
5.189.152.10 - - [06/Dec/2021:00:56:41 -0300] "GET /manager/html HTTP/1.1" 401 2474
40.77.167.73 - - [06/Dec/2021:00:58:37 -0300] "GET /cormun/servlet/hpexe_return HTTP/1.1" 200 976
5.189.152.10 - - [06/Dec/2021:01:00:05 -0300] "GET /manager/html HTTP/1.1" 401 2474
5.189.152.10 - - [06/Dec/2021:01:03:27 -0300] "GET /manager/html HTTP/1.1" 401 2474
5.189.152.10 - - [06/Dec/2021:01:06:42 -0300] "GET /manager/html HTTP/1.1" 401 2474
5.189.152.10 - - [06/Dec/2021:01:11:29 -0300] "GET /manager/html HTTP/1.1" 401 2474
5.189.152.10 - - [06/Dec/2021:01:14:41 -0300] "GET /manager/html HTTP/1.1" 401 2474
5.189.152.10 - - [06/Dec/2021:01:18:13 -0300] "GET /manager/html HTTP/1.1" 401 2474
5.189.152.10 - - [06/Dec/2021:01:21:32 -0300] "GET /manager/html HTTP/1.1" 401 2474
5.189.152.10 - - [06/Dec/2021:01:24:40 -0300] "GET /manager/html HTTP/1.1" 401 2474
5.189.152.10 - - [06/Dec/2021:01:27:51 -0300] "GET /manager/html HTTP/1.1" 401 2474
5.189.152.10 - - [06/Dec/2021:01:32:34 -0300] "GET /manager/html HTTP/1.1" 401 2474
192.241.212.86 - - [06/Dec/2021:01:34:02 -0300] "GET /manager/html HTTP/1.1" 401 2474
5.189.152.10 - - [06/Dec/2021:01:36:27 -0300] "GET /manager/html HTTP/1.1" 401 2474
5.189.152.10 - - [06/Dec/2021:01:39:45 -0300] "GET /manager/html HTTP/1.1" 401 2474
5.189.152.10 - - [06/Dec/2021:01:43:07 -0300] "GET /manager/html HTTP/1.1" 401 2474
5.189.152.10 - - [06/Dec/2021:01:46:34 -0300] "GET /manager/html HTTP/1.1" 401 2474
5.189.152.10 - - [06/Dec/2021:01:49:58 -0300] "GET /manager/html HTTP/1.1" 401 2474
43.131.22.118 - - [06/Dec/2021:01:53:51 -0300] "GET / HTTP/1.0" 200 11197
5.189.152.10 - - [06/Dec/2021:01:54:34 -0300] "GET /manager/html HTTP/1.1" 401 2474
5.189.152.10 - - [06/Dec/2021:01:58:52 -0300] "GET /manager/html HTTP/1.1" 401 2474
5.189.152.10 - - [06/Dec/2021:02:03:58 -0300] "GET /manager/html HTTP/1.1" 401 2474
5.189.152.10 - - [06/Dec/2021:02:07:20 -0300] "GET /manager/html HTTP/1.1" 401 2474
5.189.152.10 - - [06/Dec/2021:02:10:32 -0300] "GET /manager/html HTTP/1.1" 401 2474
5.189.152.10 - - [06/Dec/2021:02:14:34 -0300] "GET /manager/html HTTP/1.1" 401 2474
5.189.152.10 - - [06/Dec/2021:02:19:11 -0300] "GET /manager/html HTTP/1.1" 401 2474
5.189.152.10 - - [06/Dec/2021:02:23:54 -0300] "GET /manager/html HTTP/1.1" 401 2474
5.189.152.10 - - [06/Dec/2021:02:28:36 -0300] "GET /manager/html HTTP/1.1" 401 2474
5.189.152.10 - - [06/Dec/2021:02:32:13 -0300] "GET /manager/html HTTP/1.1" 401 2474
5.189.152.10 - - [06/Dec/2021:02:36:03 -0300] "GET /manager/html HTTP/1.1" 401 2474
5.189.152.10 - - [06/Dec/2021:02:41:24 -0300] "GET /manager/html HTTP/1.1" 401 2474
5.189.152.10 - - [06/Dec/2021:02:49:01 -0300] "GET /manager/html HTTP/1.1" 401 2474
5.189.152.10 - - [06/Dec/2021:02:53:46 -0300] "GET /manager/html HTTP/1.1" 401 2474
5.189.152.10 - - [06/Dec/2021:02:57:25 -0300] "GET /manager/html HTTP/1.1" 401 2474
5.189.152.10 - - [06/Dec/2021:03:01:19 -0300] "GET /manager/html HTTP/1.1" 401 2474
5.8.10.202 - - [06/Dec/2021:03:04:47 -0300] "GET / HTTP/1.1" 200 11217
5.189.152.10 - - [06/Dec/2021:03:05:49 -0300] "GET /manager/html HTTP/1.1" 401 2474
5.189.152.10 - - [06/Dec/2021:03:09:31 -0300] "GET /manager/html HTTP/1.1" 401 2474
5.189.152.10 - - [06/Dec/2021:03:13:41 -0300] "GET /manager/html HTTP/1.1" 401 2474
77.88.5.46 - - [06/Dec/2021:03:16:46 -0300] "GET /robots.txt HTTP/1.1" 404 981
77.88.5.46 - - [06/Dec/2021:03:16:49 -0300] "GET /examples/jsp/jsp2/jspattribute/shuffle.jsp.html HTTP/1.1" 200 3733
5.189.152.10 - - [06/Dec/2021:03:17:55 -0300] "GET /manager/html HTTP/1.1" 401 2474
5.189.152.10 - - [06/Dec/2021:03:28:50 -0300] "GET /manager/html HTTP/1.1" 401 2474
5.189.152.10 - - [06/Dec/2021:03:34:24 -0300] "GET /manager/html HTTP/1.1" 401 2474
5.189.152.10 - - [06/Dec/2021:03:38:03 -0300] "GET /manager/html HTTP/1.1" 401 2474
5.189.152.10 - - [06/Dec/2021:03:41:42 -0300] "GET /manager/html HTTP/1.1" 401 2474
5.189.152.10 - - [06/Dec/2021:03:45:09 -0300] "GET /manager/html HTTP/1.1" 401 2474
5.189.152.10 - - [06/Dec/2021:03:48:36 -0300] "GET /manager/html HTTP/1.1" 401 2474
5.189.152.10 - - [06/Dec/2021:03:53:14 -0300] "GET /manager/html HTTP/1.1" 401 2474
5.189.152.10 - - [06/Dec/2021:03:56:54 -0300] "GET /manager/html HTTP/1.1" 401 2474
5.189.152.10 - - [06/Dec/2021:04:00:08 -0300] "GET /manager/html HTTP/1.1" 401 2474
5.189.152.10 - - [06/Dec/2021:04:03:41 -0300] "GET /manager/html HTTP/1.1" 401 2474
5.189.152.10 - - [06/Dec/2021:04:07:03 -0300] "GET /manager/html HTTP/1.1" 401 2474
186.33.89.212 - - [06/Dec/2021:04:21:56 -0300] "GET / HTTP/1.1" 200 11217
213.96.27.120 - - [06/Dec/2021:04:26:40 -0300] "GET / HTTP/1.1" 200 11217
5.189.152.10 - - [06/Dec/2021:04:39:51 -0300] "GET /manager/html HTTP/1.1" 401 2474
167.71.132.161 - - [06/Dec/2021:04:39:52 -0300] "-" 400 -
167.71.132.161 - - [06/Dec/2021:04:39:53 -0300] "POST / HTTP/1.1" 200 11217
5.189.152.10 - - [06/Dec/2021:04:44:25 -0300] "GET /manager/html HTTP/1.1" 401 2474
5.189.152.10 - - [06/Dec/2021:04:47:31 -0300] "GET /manager/html HTTP/1.1" 401 2474
5.189.152.10 - - [06/Dec/2021:04:51:29 -0300] "GET /manager/html HTTP/1.1" 401 2474
5.189.152.10 - - [06/Dec/2021:04:54:49 -0300] "GET /manager/html HTTP/1.1" 401 2474
5.189.152.10 - - [06/Dec/2021:04:58:14 -0300] "GET /manager/html HTTP/1.1" 401 2474
5.189.152.10 - - [06/Dec/2021:05:01:36 -0300] "GET /manager/html HTTP/1.1" 401 2474
5.189.152.10 - - [06/Dec/2021:05:06:32 -0300] "GET /manager/html HTTP/1.1" 401 2474
103.203.57.9 - - [06/Dec/2021:05:07:30 -0300] "GET / HTTP/1.1" 200 11217
5.189.152.10 - - [06/Dec/2021:05:10:28 -0300] "GET /manager/html HTTP/1.1" 401 2474
5.189.152.10 - - [06/Dec/2021:05:14:17 -0300] "GET /manager/html HTTP/1.1" 401 2474
5.189.152.10 - - [06/Dec/2021:05:18:01 -0300] "GET /manager/html HTTP/1.1" 401 2474
5.189.152.10 - - [06/Dec/2021:05:21:14 -0300] "GET /manager/html HTTP/1.1" 401 2474
5.189.152.10 - - [06/Dec/2021:05:26:22 -0300] "GET /manager/html HTTP/1.1" 401 2474
5.189.152.10 - - [06/Dec/2021:05:32:11 -0300] "GET /manager/html HTTP/1.1" 401 2474
5.189.152.10 - - [06/Dec/2021:05:37:42 -0300] "GET /manager/html HTTP/1.1" 401 2474
92.114.191.82 - - [06/Dec/2021:05:39:56 -0300] "GET / HTTP/1.1" 200 11217
200.9.99.55 - - [06/Dec/2021:05:40:29 -0300] "GET / HTTP/1.1" 200 11217
5.189.152.10 - - [06/Dec/2021:05:42:04 -0300] "GET /manager/html HTTP/1.1" 401 2474
5.189.152.10 - - [06/Dec/2021:05:45:35 -0300] "GET /manager/html HTTP/1.1" 401 2474
5.189.152.10 - - [06/Dec/2021:05:52:19 -0300] "GET /manager/html HTTP/1.1" 401 2474
5.189.152.10 - - [06/Dec/2021:05:56:32 -0300] "GET /manager/html HTTP/1.1" 401 2474
5.189.152.10 - - [06/Dec/2021:06:03:04 -0300] "GET /manager/html HTTP/1.1" 401 2474
103.141.90.132 - - [06/Dec/2021:06:04:57 -0300] "POST /HNAP1/ HTTP/1.1" 500 -
5.189.152.10 - - [06/Dec/2021:06:08:55 -0300] "GET /manager/html HTTP/1.1" 401 2474
5.189.152.10 - - [06/Dec/2021:06:13:02 -0300] "GET /manager/html HTTP/1.1" 401 2474
5.189.152.10 - - [06/Dec/2021:06:18:47 -0300] "GET /manager/html HTTP/1.1" 401 2474
5.189.152.10 - - [06/Dec/2021:06:22:13 -0300] "GET /manager/html HTTP/1.1" 401 2474
5.189.152.10 - - [06/Dec/2021:06:25:20 -0300] "GET /manager/html HTTP/1.1" 401 2474
5.189.152.10 - - [06/Dec/2021:06:28:45 -0300] "GET /manager/html HTTP/1.1" 401 2474
5.189.152.10 - - [06/Dec/2021:06:32:23 -0300] "GET /manager/html HTTP/1.1" 401 2474
5.189.152.10 - - [06/Dec/2021:06:36:25 -0300] "GET /manager/html HTTP/1.1" 401 2474
5.189.152.10 - - [06/Dec/2021:06:41:14 -0300] "GET /manager/html HTTP/1.1" 401 2474
5.189.152.10 - - [06/Dec/2021:06:45:10 -0300] "GET /manager/html HTTP/1.1" 401 2474
5.189.152.10 - - [06/Dec/2021:06:48:54 -0300] "GET /manager/html HTTP/1.1" 401 2474
5.189.152.10 - - [06/Dec/2021:06:52:23 -0300] "GET /manager/html HTTP/1.1" 401 2474
157.55.39.136 - - [06/Dec/2021:06:56:00 -0300] "GET /cormun/servlet/hhome?_escaped_fragment_= HTTP/1.1" 200 3131
5.189.152.10 - - [06/Dec/2021:06:56:04 -0300] "GET /manager/html HTTP/1.1" 401 2474
40.77.167.55 - - [06/Dec/2021:06:56:16 -0300] "GET /cormun/static/PXToolsJavascripts/pexe_cookies.js HTTP/1.1" 200 792
207.46.13.117 - - [06/Dec/2021:06:56:17 -0300] "GET /cormun/static/PXToolsJavascripts/pexe_menudivfix.js HTTP/1.1" 200 333
40.77.167.55 - - [06/Dec/2021:06:56:17 -0300] "GET /cormun/static/PXToolsJavascripts/pexe_upload.js HTTP/1.1" 200 1423
207.46.13.117 - - [06/Dec/2021:06:56:18 -0300] "GET /cormun/static/PXToolsJavascripts/pexe_menus.js HTTP/1.1" 200 1286
40.77.167.55 - - [06/Dec/2021:06:56:19 -0300] "GET /cormun/static/Shared/ext/locale/ext-lang-en.js HTTP/1.1" 200 10940
40.77.167.73 - - [06/Dec/2021:06:56:20 -0300] "GET /cormun/static/PXToolsJavascripts/pexe_scrolldiv.js HTTP/1.1" 200 4138
157.55.39.197 - - [06/Dec/2021:06:56:20 -0300] "GET /cormun/static/PXToolsJavascripts/pexe_oavdivfix.js HTTP/1.1" 200 639
207.46.13.117 - - [06/Dec/2021:06:56:20 -0300] "GET /cormun/static/Resources/Spanish/PXTools.css?14345360 HTTP/1.1" 200 100853
40.77.167.55 - - [06/Dec/2021:06:56:22 -0300] "GET /cormun/static/Shared/jquery/jquery-1.10.2.min.js HTTP/1.1" 200 273199
207.46.13.117 - - [06/Dec/2021:06:56:22 -0300] "GET /cormun/static/Shared/jqueryui/jquery-ui.min.css?1345370 HTTP/1.1" 200 30288
40.77.167.55 - - [06/Dec/2021:06:56:23 -0300] "GET /cormun/static/hpexe_recentlink.js?20201214471090 HTTP/1.1" 200 2144
207.46.13.117 - - [06/Dec/2021:06:56:24 -0300] "GET /cormun/static/gxcfg.js?20201215495537 HTTP/1.1" 200 953
40.77.167.55 - - [06/Dec/2021:06:56:25 -0300] "GET /cormun/static/scaMessage/css/jquery.pnotify.default.css?1816380 HTTP/1.1" 200 1707
207.46.13.117 - - [06/Dec/2021:06:56:26 -0300] "GET /cormun/static/hmpwkw03.js?20201215501896 HTTP/1.1" 200 3973
157.55.39.136 - - [06/Dec/2021:06:56:27 -0300] "GET /cormun/static/SmoothNavMenu/resources/ddsmoothmenu-v.css?1112540 HTTP/1.1" 200 1188
207.46.13.117 - - [06/Dec/2021:06:56:29 -0300] "GET /cormun/static/hpexe_scripts.js?20201214471411 HTTP/1.1" 200 1544
157.55.39.136 - - [06/Dec/2021:06:56:29 -0300] "GET /cormun/static/SmoothNavMenu/resources/ddsmoothmenu.css?1112540 HTTP/1.1" 200 2223
207.46.13.117 - - [06/Dec/2021:06:56:30 -0300] "GET /cormun/static/hwchdr01.js?20201214473739 HTTP/1.1" 200 996
40.77.167.73 - - [06/Dec/2021:06:56:32 -0300] "GET /cormun/static/PXToolsJavascripts/pexe_tabs.js HTTP/1.1" 200 3748
40.77.167.73 - - [06/Dec/2021:06:56:34 -0300] "GET /cormun/static/RunJS/RunJS.js HTTP/1.1" 200 288
40.77.167.73 - - [06/Dec/2021:06:56:36 -0300] "GET /cormun/static/Shared/jquery/jquery-1.4.2.min.js HTTP/1.1" 200 72174
40.77.167.73 - - [06/Dec/2021:06:56:39 -0300] "GET /cormun/static/gxgral.js?85251 HTTP/1.1" 200 384558
157.55.39.197 - - [06/Dec/2021:06:56:40 -0300] "GET /cormun/static/SmoothNavMenu/resources/SmoothNavMenuRender.js HTTP/1.1" 200 5951
207.46.13.79 - - [06/Dec/2021:06:56:41 -0300] "GET /cormun/static/PXToolsJavascripts/pexe_picture.js HTTP/1.1" 200 689
207.46.13.79 - - [06/Dec/2021:06:56:43 -0300] "GET /cormun/static/PXToolsJavascripts/pexe_windows.js HTTP/1.1" 200 15207
207.46.13.79 - - [06/Dec/2021:06:56:45 -0300] "GET /cormun/static/gxtimezone.js?85251 HTTP/1.1" 200 5781
207.46.13.79 - - [06/Dec/2021:06:56:47 -0300] "GET /cormun/static/hhome.js?20201215495544 HTTP/1.1" 200 777
207.46.13.79 - - [06/Dec/2021:06:56:49 -0300] "GET /cormun/static/hpexe_messagecontroller.js?201991422154126 HTTP/1.1" 200 870
207.46.13.79 - - [06/Dec/2021:06:56:51 -0300] "GET /cormun/static/messages.spa.js?85251 HTTP/1.1" 200 30736
5.189.152.10 - - [06/Dec/2021:06:59:27 -0300] "GET /manager/html HTTP/1.1" 401 2474
5.189.152.10 - - [06/Dec/2021:07:04:11 -0300] "GET /manager/html HTTP/1.1" 401 2474
117.221.181.125 - - [06/Dec/2021:07:05:11 -0300] "GET /boaform/admin/formLogin?username=ec8&psd=ec8 HTTP/1.0" 404 1007
5.189.152.10 - - [06/Dec/2021:07:07:41 -0300] "GET /manager/html HTTP/1.1" 401 2474
5.189.152.10 - - [06/Dec/2021:07:11:19 -0300] "GET /manager/html HTTP/1.1" 401 2474
5.189.152.10 - - [06/Dec/2021:07:14:34 -0300] "GET /manager/html HTTP/1.1" 401 2474
5.189.152.10 - - [06/Dec/2021:07:18:04 -0300] "GET /manager/html HTTP/1.1" 401 2474
5.189.152.10 - - [06/Dec/2021:07:21:53 -0300] "GET /manager/html HTTP/1.1" 401 2474
5.189.152.10 - - [06/Dec/2021:07:26:23 -0300] "GET /manager/html HTTP/1.1" 401 2474
134.209.171.45 - - [06/Dec/2021:07:27:13 -0300] "HEAD / HTTP/1.0" 200 -
134.209.171.45 - - [06/Dec/2021:07:27:14 -0300] "GET /system_api.php HTTP/1.1" 404 989
40.77.189.137 - - [06/Dec/2021:07:27:15 -0300] "GET /cormun/static/hpexe_messagepopupcomponent.js?2020121447232 HTTP/1.1" 200 605
40.77.189.137 - - [06/Dec/2021:07:27:16 -0300] "GET /cormun/servlet/hhome HTTP/1.1" 200 14216
40.77.188.177 - - [06/Dec/2021:07:27:16 -0300] "GET /cormun/servlet/hhome HTTP/1.1" 200 14216
134.209.171.45 - - [06/Dec/2021:07:27:17 -0300] "GET /c/version.js HTTP/1.1" 404 985
134.209.171.45 - - [06/Dec/2021:07:27:20 -0300] "GET /streaming/clients_live.php HTTP/1.1" 404 1013
134.209.171.45 - - [06/Dec/2021:07:27:23 -0300] "GET /stalker_portal/c/version.js HTTP/1.1" 404 1015
134.209.171.45 - - [06/Dec/2021:07:27:26 -0300] "GET /stream/live.php HTTP/1.1" 404 991
134.209.171.45 - - [06/Dec/2021:07:27:29 -0300] "GET /flu/403.html HTTP/1.1" 404 985
134.209.171.45 - - [06/Dec/2021:07:27:32 -0300] "GET / HTTP/1.1" 200 11217
5.189.152.10 - - [06/Dec/2021:07:30:12 -0300] "GET /manager/html HTTP/1.1" 401 2474
5.189.152.10 - - [06/Dec/2021:07:35:39 -0300] "GET /manager/html HTTP/1.1" 401 2474
105.213.64.126 - - [06/Dec/2021:07:37:37 -0300] "GET / HTTP/1.1" 200 11217
5.189.152.10 - - [06/Dec/2021:07:39:05 -0300] "GET /manager/html HTTP/1.1" 401 2474
5.189.152.10 - - [06/Dec/2021:07:42:16 -0300] "GET /manager/html HTTP/1.1" 401 2474
198.98.51.210 - - [06/Dec/2021:07:46:22 -0300] "GET /config/getuser?index=0 HTTP/1.1" 404 989
5.189.152.10 - - [06/Dec/2021:07:47:34 -0300] "GET /manager/html HTTP/1.1" 401 2474
5.189.152.10 - - [06/Dec/2021:07:51:05 -0300] "GET /manager/html HTTP/1.1" 401 2474
5.189.152.10 - - [06/Dec/2021:07:55:01 -0300] "GET /manager/html HTTP/1.1" 401 2474
5.189.152.10 - - [06/Dec/2021:07:58:13 -0300] "GET /manager/html HTTP/1.1" 401 2474
165.227.163.55 - - [06/Dec/2021:07:58:23 -0300] "-" 400 -
66.249.85.127 - - [06/Dec/2021:08:00:55 -0300] "GET /cormun/static/Resources/Logo2019_Grande.png HTTP/1.1" 200 31733
5.189.152.10 - - [06/Dec/2021:08:02:18 -0300] "GET /manager/html HTTP/1.1" 401 2474
5.189.152.10 - - [06/Dec/2021:08:06:05 -0300] "GET /manager/html HTTP/1.1" 401 2474
5.189.152.10 - - [06/Dec/2021:08:11:00 -0300] "GET /manager/html HTTP/1.1" 401 2474
5.189.152.10 - - [06/Dec/2021:08:15:11 -0300] "GET /manager/html HTTP/1.1" 401 2474
190.171.152.138 - - [06/Dec/2021:08:16:07 -0300] "GET /cormun/servlet/hlogin HTTP/1.1" 200 1729
190.171.152.138 - - [06/Dec/2021:08:16:07 -0300] "GET /cormun/servlet/hlogin HTTP/1.1" 200 1738
190.171.152.138 - - [06/Dec/2021:08:16:19 -0300] "POST /cormun/servlet/hlogin?c641f86aefefecf8195f6113c692d7af,gx-no-cache=1638788659780 HTTP/1.1" 200 90
190.171.152.138 - - [06/Dec/2021:08:16:19 -0300] "GET /cormun/servlet/hpexe_link HTTP/1.1" 200 956
190.171.152.138 - - [06/Dec/2021:08:16:19 -0300] "GET /cormun/servlet/hhome HTTP/1.1" 200 3858
190.171.152.138 - - [06/Dec/2021:08:16:20 -0300] "GET /cormun/servlet/hhome HTTP/1.1" 200 3854
190.171.152.138 - - [06/Dec/2021:08:16:24 -0300] "GET /cormun/servlet/trlicencias? HTTP/1.1" 200 12027
190.171.152.138 - - [06/Dec/2021:08:16:26 -0300] "GET /cormun/servlet/trlicencias? HTTP/1.1" 200 12024
190.171.142.10 - - [06/Dec/2021:08:16:55 -0300] "GET /cormun/servlet/hlogin HTTP/1.1" 200 1726
190.171.142.10 - - [06/Dec/2021:08:16:57 -0300] "GET /cormun/servlet/hlogin HTTP/1.1" 200 1736
190.171.142.10 - - [06/Dec/2021:08:17:05 -0300] "POST /cormun/servlet/hlogin?069fcf4f3df293e9edd7c7be2b814e8a,gx-no-cache=1638788706331 HTTP/1.1" 200 90
190.171.142.10 - - [06/Dec/2021:08:17:05 -0300] "GET /cormun/servlet/hpexe_link HTTP/1.1" 200 951
190.171.152.138 - - [06/Dec/2021:08:17:06 -0300] "GET /cormun/servlet/alicenciaprn?18375139,L,20211206000000,PU HTTP/1.1" 200 1550
190.171.142.10 - - [06/Dec/2021:08:17:06 -0300] "GET /cormun/servlet/hhome HTTP/1.1" 200 3966
190.171.142.10 - - [06/Dec/2021:08:17:07 -0300] "GET /cormun/servlet/hhome HTTP/1.1" 200 3962
190.171.142.10 - - [06/Dec/2021:08:17:14 -0300] "GET /cormun/servlet/trlicencias? HTTP/1.1" 200 12915
190.171.142.10 - - [06/Dec/2021:08:17:15 -0300] "GET /cormun/servlet/trlicencias? HTTP/1.1" 200 12912
190.171.142.10 - - [06/Dec/2021:08:17:20 -0300] "POST /cormun/servlet/trlicencias?069fcf4f3df293e9edd7c7be2b814e8a,,gx-no-cache=1638788720942 HTTP/1.1" 200 10650
190.171.153.50 - - [06/Dec/2021:08:18:45 -0300] "GET /cormun/servlet/hlogin HTTP/1.1" 200 1732
190.171.153.50 - - [06/Dec/2021:08:18:46 -0300] "GET /cormun/static/Resources/indicator.gif HTTP/1.1" 200 1553
190.171.153.50 - - [06/Dec/2021:08:18:46 -0300] "GET /cormun/servlet/hlogin HTTP/1.1" 200 1743
190.171.153.50 - - [06/Dec/2021:08:18:46 -0300] "GET /favicon.ico HTTP/1.1" 200 21630
5.189.152.10 - - [06/Dec/2021:08:18:46 -0300] "GET /manager/html HTTP/1.1" 401 2474
190.171.153.50 - - [06/Dec/2021:08:19:04 -0300] "POST /cormun/servlet/hlogin?22bfd50af808240b5a01c673e6b7fef8,gx-no-cache=1638788949284 HTTP/1.1" 200 90
190.171.153.50 - - [06/Dec/2021:08:19:04 -0300] "GET /cormun/servlet/hpexe_link HTTP/1.1" 200 958
190.171.153.50 - - [06/Dec/2021:08:19:04 -0300] "GET /cormun/servlet/hhome HTTP/1.1" 200 4229
190.171.153.50 - - [06/Dec/2021:08:19:05 -0300] "GET /cormun/servlet/hhome HTTP/1.1" 200 4226
190.171.153.50 - - [06/Dec/2021:08:19:08 -0300] "GET /cormun/servlet/trlicencias? HTTP/1.1" 200 10471
190.171.153.50 - - [06/Dec/2021:08:19:09 -0300] "GET /cormun/servlet/trlicencias? HTTP/1.1" 200 10469
190.171.153.50 - - [06/Dec/2021:08:19:35 -0300] "POST /cormun/servlet/trlicencias?22bfd50af808240b5a01c673e6b7fef8,,gx-no-cache=1638788980239 HTTP/1.1" 200 4456
190.171.153.50 - - [06/Dec/2021:08:19:37 -0300] "GET /cormun/servlet/hlogin HTTP/1.1" 200 1749
190.171.154.42 - - [06/Dec/2021:08:21:31 -0300] "GET /cormun/servlet/hlogin HTTP/1.1" 200 1726
190.171.154.42 - - [06/Dec/2021:08:21:36 -0300] "GET /cormun/servlet/hlogin HTTP/1.1" 200 1736
190.171.154.42 - - [06/Dec/2021:08:21:54 -0300] "POST /cormun/servlet/hlogin?4947e514ef8bd86ba3d0f1f4aacae9ef,gx-no-cache=1638788990526 HTTP/1.1" 200 90
190.171.154.42 - - [06/Dec/2021:08:21:55 -0300] "GET /cormun/servlet/hpexe_link HTTP/1.1" 200 951
190.171.154.42 - - [06/Dec/2021:08:21:57 -0300] "GET /cormun/servlet/hhome HTTP/1.1" 200 4355
190.171.154.42 - - [06/Dec/2021:08:22:01 -0300] "GET /cormun/servlet/hhome HTTP/1.1" 200 4351
190.171.154.42 - - [06/Dec/2021:08:22:06 -0300] "GET /cormun/servlet/trlicencias? HTTP/1.1" 200 11211
190.171.154.42 - - [06/Dec/2021:08:22:09 -0300] "GET /cormun/servlet/trlicencias? HTTP/1.1" 200 11209
190.171.154.42 - - [06/Dec/2021:08:22:12 -0300] "POST /cormun/servlet/trlicencias?4947e514ef8bd86ba3d0f1f4aacae9ef,,gx-no-cache=1638789009067 HTTP/1.1" 200 8653
190.171.141.114 - - [06/Dec/2021:08:24:09 -0300] "GET /cormun/servlet/hlogin HTTP/1.1" 200 1724
190.171.141.114 - - [06/Dec/2021:08:24:09 -0300] "GET /cormun/servlet/hlogin HTTP/1.1" 200 1735
190.171.141.114 - - [06/Dec/2021:08:24:18 -0300] "POST /cormun/servlet/hlogin?2ee2c3fb4d2cbdd951171abc5ac0c911,gx-no-cache=1638789139342 HTTP/1.1" 200 90
190.171.141.114 - - [06/Dec/2021:08:24:18 -0300] "GET /cormun/servlet/hpexe_link HTTP/1.1" 200 951
190.171.141.114 - - [06/Dec/2021:08:24:18 -0300] "GET /cormun/servlet/hhome HTTP/1.1" 200 3995
190.171.141.114 - - [06/Dec/2021:08:24:19 -0300] "GET /cormun/servlet/hhome HTTP/1.1" 200 3992
190.171.141.114 - - [06/Dec/2021:08:24:36 -0300] "GET /cormun/servlet/trpermisosgoce? HTTP/1.1" 200 12537
190.171.141.114 - - [06/Dec/2021:08:24:36 -0300] "GET /cormun/servlet/trpermisosgoce? HTTP/1.1" 200 12535
190.171.141.114 - - [06/Dec/2021:08:24:40 -0300] "GET /cormun/servlet/permisogoce?INS,0,,, HTTP/1.1" 200 6861
190.171.141.114 - - [06/Dec/2021:08:24:40 -0300] "GET /cormun/servlet/permisogoce?INS,0,,, HTTP/1.1" 200 6861
190.171.141.114 - - [06/Dec/2021:08:24:43 -0300] "GET /cormun/servlet/prfichaempleado?,MD,,gxPopupLevel%3D0%3B HTTP/1.1" 200 9298
190.171.141.114 - - [06/Dec/2021:08:24:53 -0300] "POST /cormun/servlet/prfichaempleado?2ee2c3fb4d2cbdd951171abc5ac0c911,,MD,,gxPopupLevel%3D0%3B,gx-no-cache=1638789174589 HTTP/1.1" 200 3468
190.171.141.114 - - [06/Dec/2021:08:24:59 -0300] "GET /cormun/servlet/permisogoce?70e705822cb632c014fa35eb72701ca9ff3ccbf01cc3c237071ca37c54cb091cc50339407f6d88004bf974f314bd480c5a268b1fdf1efed10cacba5bdee41632,gx-no-cache=1638789179866 HTTP/1.1" 200 83
190.171.141.114 - - [06/Dec/2021:08:24:59 -0300] "GET /cormun/static/menuarrow.gif HTTP/1.1" 404 1015
190.171.141.114 - - [06/Dec/2021:08:25:04 -0300] "GET /cormun/servlet/permisogoce?70e705822cb632c014fa35eb72701ca94fdd47b895ab7c39e78618e95e40d653e87850716471e9cde8f1ff0ba02ac3ba338a9230d4d6b871fee70583bd26d946,gx-no-cache=1638789185100 HTTP/1.1" 200 46
190.171.154.42 - - [06/Dec/2021:08:25:06 -0300] "POST /cormun/servlet/trlicencias?4947e514ef8bd86ba3d0f1f4aacae9ef,,gx-no-cache=1638789183095 HTTP/1.1" 200 8653
190.171.154.42 - - [06/Dec/2021:08:25:20 -0300] "POST /cormun/servlet/trlicencias?4947e514ef8bd86ba3d0f1f4aacae9ef,,gx-no-cache=1638789196279 HTTP/1.1" 200 5980
190.171.143.82 - - [06/Dec/2021:08:25:35 -0300] "GET /cormun/servlet/hlogin HTTP/1.1" 200 1721
190.171.141.114 - - [06/Dec/2021:08:25:37 -0300] "POST /cormun/servlet/permisogoce?2ee2c3fb4d2cbdd951171abc5ac0c911,INS,0,,,,gx-no-cache=1638789217879 HTTP/1.1" 200 93
190.171.141.114 - - [06/Dec/2021:08:25:37 -0300] "GET /cormun/servlet/hpexe_return? HTTP/1.1" 200 1009
190.171.141.114 - - [06/Dec/2021:08:25:38 -0300] "GET /cormun/servlet/trpermisosgoce HTTP/1.1" 200 12898
190.171.141.114 - - [06/Dec/2021:08:25:38 -0300] "GET /cormun/servlet/trpermisosgoce HTTP/1.1" 200 12893
190.171.143.82 - - [06/Dec/2021:08:25:40 -0300] "GET /cormun/servlet/hlogin HTTP/1.1" 200 1731
190.171.141.114 - - [06/Dec/2021:08:25:42 -0300] "GET /cormun/servlet/apermisogoceprn?7910799,P,20211206081018,PU HTTP/1.1" 200 1670
190.171.141.114 - - [06/Dec/2021:08:25:58 -0300] "GET /cormun/servlet/permisogoce?INS,0,,, HTTP/1.1" 200 6862
190.171.141.114 - - [06/Dec/2021:08:25:58 -0300] "GET /cormun/servlet/permisogoce?INS,0,,, HTTP/1.1" 200 6861
190.171.143.82 - - [06/Dec/2021:08:26:03 -0300] "POST /cormun/servlet/hlogin?b2d77574adbdcf079842ff78e098b5b2,gx-no-cache=1638789243929 HTTP/1.1" 200 90
190.171.143.82 - - [06/Dec/2021:08:26:03 -0300] "GET /cormun/servlet/hpexe_link HTTP/1.1" 200 947
190.171.143.82 - - [06/Dec/2021:08:26:04 -0300] "GET /cormun/servlet/hhome HTTP/1.1" 200 4348
190.171.141.114 - - [06/Dec/2021:08:26:07 -0300] "GET /cormun/servlet/permisogoce?70e705822cb632c014fa35eb72701ca957d5e1dfdca9bd5888d1202b0fb6df38c50339407f6d88004bf974f314bd480c5a268b1fdf1efed10cacba5bdee41632,gx-no-cache=1638789247805 HTTP/1.1" 200 83
190.171.141.114 - - [06/Dec/2021:08:26:07 -0300] "GET /cormun/static/menuarrow.gif HTTP/1.1" 404 1015
190.171.141.114 - - [06/Dec/2021:08:26:12 -0300] "GET /cormun/servlet/permisogoce?70e705822cb632c014fa35eb72701ca93650cb5ad8901360989f1535c788a5ed07fad73c22a628c27ce173835e8a46ef338a9230d4d6b871fee70583bd26d946,gx-no-cache=1638789253442 HTTP/1.1" 200 46
190.171.143.82 - - [06/Dec/2021:08:26:15 -0300] "GET /cormun/servlet/hhome HTTP/1.1" 200 4344
190.171.143.82 - - [06/Dec/2021:08:26:36 -0300] "GET /cormun/servlet/trpermisosgoce? HTTP/1.1" 200 12188
5.189.152.10 - - [06/Dec/2021:08:26:37 -0300] "GET /manager/html HTTP/1.1" 401 2474
190.171.143.82 - - [06/Dec/2021:08:26:38 -0300] "GET /cormun/servlet/trpermisosgoce? HTTP/1.1" 200 12186
190.171.143.82 - - [06/Dec/2021:08:26:47 -0300] "GET /cormun/servlet/trpermisosadjuntos?13300012,20211203115135,P, HTTP/1.1" 200 7210
190.171.143.82 - - [06/Dec/2021:08:26:49 -0300] "GET /cormun/servlet/trpermisosadjuntos?13300012,20211203115135,P, HTTP/1.1" 200 7210
190.171.143.82 - - [06/Dec/2021:08:26:57 -0300] "GET /cormun/PublicTempStorage/sin_ti%B4tulo_170_%281%294947641.pdf HTTP/1.1" 200 2687018
190.171.143.82 - - [06/Dec/2021:08:27:06 -0300] "GET /cormun/servlet/trpermisosadjuntos?13300012,20211203115135,P, HTTP/1.1" 200 7209
190.171.143.82 - - [06/Dec/2021:08:27:08 -0300] "GET /cormun/servlet/trpermisosadjuntos?13300012,20211203115135,P, HTTP/1.1" 200 7210
190.171.141.114 - - [06/Dec/2021:08:27:26 -0300] "POST /cormun/servlet/permisogoce?2ee2c3fb4d2cbdd951171abc5ac0c911,INS,0,,,,gx-no-cache=1638789327023 HTTP/1.1" 200 93
190.171.141.114 - - [06/Dec/2021:08:27:26 -0300] "GET /cormun/servlet/hpexe_return? HTTP/1.1" 200 1009
190.171.141.114 - - [06/Dec/2021:08:27:26 -0300] "GET /cormun/servlet/trpermisosgoce HTTP/1.1" 200 13191
190.171.141.114 - - [06/Dec/2021:08:27:27 -0300] "GET /cormun/servlet/trpermisosgoce HTTP/1.1" 200 13187
190.171.141.114 - - [06/Dec/2021:08:27:31 -0300] "GET /cormun/servlet/apermisogoceprn?9106330,P,20211206081136,PU HTTP/1.1" 200 1689
190.171.143.82 - - [06/Dec/2021:08:28:00 -0300] "GET /cormun/servlet/trpermisosgoce? HTTP/1.1" 200 12187
190.171.143.82 - - [06/Dec/2021:08:28:02 -0300] "GET /cormun/servlet/trpermisosgoce? HTTP/1.1" 200 12186
190.171.141.114 - - [06/Dec/2021:08:28:32 -0300] "GET /cormun/servlet/permisogoce?UPD,9106330,P,20211206081136, HTTP/1.1" 200 6956
190.171.141.114 - - [06/Dec/2021:08:28:32 -0300] "GET /cormun/servlet/permisogoce?UPD,9106330,P,20211206081136, HTTP/1.1" 200 6956
190.171.141.114 - - [06/Dec/2021:08:28:32 -0300] "GET /cormun/servlet/permisogoce?70e705822cb632c014fa35eb72701ca957d5e1dfdca9bd5888d1202b0fb6df38222a9bf30b2f35e8c6c15ee792af9638eacc13f9c4af7d277bc17d71fa963e33,gx-no-cache=1638789393683 HTTP/1.1" 200 82
190.171.141.114 - - [06/Dec/2021:08:28:34 -0300] "GET /cormun/static/menuarrow.gif HTTP/1.1" 404 1015
5.189.152.10 - - [06/Dec/2021:08:29:57 -0300] "GET /manager/html HTTP/1.1" 401 2474
190.171.141.114 - - [06/Dec/2021:08:30:03 -0300] "GET /cormun/servlet/permisogoce?70e705822cb632c014fa35eb72701ca93650cb5ad8901360989f1535c788a5edcb529a6b7322e9b52f2b6f871841ad4075880675548169017bed3db728f5004b,gx-no-cache=1638789484456 HTTP/1.1" 200 47
190.171.141.114 - - [06/Dec/2021:08:30:03 -0300] "POST /cormun/servlet/permisogoce?2ee2c3fb4d2cbdd951171abc5ac0c911,UPD,9106330,P,20211206081136,,gx-no-cache=1638789484493 HTTP/1.1" 200 93
190.171.141.114 - - [06/Dec/2021:08:30:04 -0300] "GET /cormun/servlet/hpexe_return? HTTP/1.1" 200 1026
190.171.141.114 - - [06/Dec/2021:08:30:04 -0300] "GET /cormun/servlet/trpermisosgoce HTTP/1.1" 200 13191
190.171.141.114 - - [06/Dec/2021:08:30:04 -0300] "GET /cormun/servlet/trpermisosgoce HTTP/1.1" 200 13187
190.171.143.82 - - [06/Dec/2021:08:31:41 -0300] "GET /cormun/servlet/permisogoce?INS,0,,, HTTP/1.1" 200 7241
190.171.143.82 - - [06/Dec/2021:08:31:44 -0300] "GET /cormun/servlet/permisogoce?INS,0,,, HTTP/1.1" 200 7240
190.171.143.82 - - [06/Dec/2021:08:31:48 -0300] "GET /cormun/static/Resources/resize.gif HTTP/1.1" 200 77
190.171.143.82 - - [06/Dec/2021:08:31:48 -0300] "GET /cormun/static/Resources/PXTools/ClosePrompt.png HTTP/1.1" 200 1036
190.171.143.82 - - [06/Dec/2021:08:31:48 -0300] "GET /cormun/servlet/prfichaempleado?,MD,,gxPopupLevel%3D0%3B HTTP/1.1" 200 9395
190.171.143.82 - - [06/Dec/2021:08:31:48 -0300] "GET /cormun/static/gxcfg.js?20201215571085 HTTP/1.1" 200 953
190.171.143.82 - - [06/Dec/2021:08:31:49 -0300] "GET /cormun/static/menusearch.js?20201214473581 HTTP/1.1" 200 1424
190.171.143.82 - - [06/Dec/2021:08:31:49 -0300] "GET /cormun/static/prfichaempleado.js?20201215572193 HTTP/1.1" 200 16006
190.171.143.82 - - [06/Dec/2021:08:31:49 -0300] "GET /cormun/static/hmpwkw011.js?20201215495555 HTTP/1.1" 200 1968
190.171.143.82 - - [06/Dec/2021:08:31:49 -0300] "GET /cormun/static/Resources/PXToolsMenuSearch.png HTTP/1.1" 200 336
190.171.143.82 - - [06/Dec/2021:08:31:49 -0300] "GET /cormun/static/Resources/PXToolsMenuSearchCancel.png HTTP/1.1" 200 306
190.171.143.82 - - [06/Dec/2021:08:31:57 -0300] "POST /cormun/servlet/prfichaempleado?b2d77574adbdcf079842ff78e098b5b2,,MD,,gxPopupLevel%3D0%3B,gx-no-cache=1638789598097 HTTP/1.1" 200 4393
190.171.143.82 - - [06/Dec/2021:08:32:14 -0300] "GET /cormun/servlet/permisogoce?d28e2a5fd24ea54f5d4236519859fd11b58b740146f9d9e7913ca0000c50a454d63536ebed0cecd74c739f02218b78ff56c63a4d53d942a2134f7c332bde19f7,gx-no-cache=1638789614767 HTTP/1.1" 200 78
190.171.143.82 - - [06/Dec/2021:08:32:40 -0300] "GET /cormun/static/menuarrow.gif HTTP/1.1" 404 1015
190.171.143.82 - - [06/Dec/2021:08:32:57 -0300] "GET /cormun/servlet/permisogoce?d28e2a5fd24ea54f5d4236519859fd11898c77ecdd906209045a0873fb8403b71a115039c5242e13b8eb8e094e53a0d656f5a168c9570797fcea0f50e6aa1e67,gx-no-cache=1638789658170 HTTP/1.1" 200 47
190.171.143.82 - - [06/Dec/2021:08:33:04 -0300] "GET /cormun/servlet/permisogoce?d28e2a5fd24ea54f5d4236519859fd11898c77ecdd906209045a0873fb8403b772b0db0e7649a18c75ecf17ab949c43ed80600c634c7f6c2ae1078817de9f33a,gx-no-cache=1638789665474 HTTP/1.1" 200 47
190.171.143.82 - - [06/Dec/2021:08:33:09 -0300] "POST /cormun/servlet/permisogoce?b2d77574adbdcf079842ff78e098b5b2,INS,0,,,,gx-no-cache=1638789669968 HTTP/1.1" 200 93
190.171.143.82 - - [06/Dec/2021:08:33:09 -0300] "GET /cormun/servlet/hpexe_return? HTTP/1.1" 200 1004
190.171.143.82 - - [06/Dec/2021:08:33:10 -0300] "GET /cormun/servlet/trpermisosgoce HTTP/1.1" 200 12417
190.171.143.82 - - [06/Dec/2021:08:33:12 -0300] "GET /cormun/servlet/trpermisosgoce HTTP/1.1" 200 12413
190.171.143.82 - - [06/Dec/2021:08:33:15 -0300] "GET /cormun/servlet/permisogoce?INS,0,,, HTTP/1.1" 200 7240
190.171.143.82 - - [06/Dec/2021:08:33:16 -0300] "GET /cormun/servlet/permisogoce?INS,0,,, HTTP/1.1" 200 7240
190.171.143.82 - - [06/Dec/2021:08:33:19 -0300] "GET /cormun/servlet/prfichaempleado?,MD,,gxPopupLevel%3D0%3B HTTP/1.1" 200 9395
190.171.143.82 - - [06/Dec/2021:08:33:25 -0300] "POST /cormun/servlet/prfichaempleado?b2d77574adbdcf079842ff78e098b5b2,,MD,,gxPopupLevel%3D0%3B,gx-no-cache=1638789685577 HTTP/1.1" 200 4393
190.171.143.82 - - [06/Dec/2021:08:33:32 -0300] "GET /cormun/servlet/permisogoce?d28e2a5fd24ea54f5d4236519859fd11b58b740146f9d9e7913ca0000c50a454d63536ebed0cecd74c739f02218b78ff56c63a4d53d942a2134f7c332bde19f7,gx-no-cache=1638789693291 HTTP/1.1" 200 80
190.171.143.82 - - [06/Dec/2021:08:33:38 -0300] "GET /cormun/static/menuarrow.gif HTTP/1.1" 404 1015
190.171.143.82 - - [06/Dec/2021:08:33:45 -0300] "GET /cormun/servlet/permisogoce?d28e2a5fd24ea54f5d4236519859fd11898c77ecdd906209045a0873fb8403b72c5b79523c354fedecc0cdb046d1c85656f5a168c9570797fcea0f50e6aa1e67,gx-no-cache=1638789706216 HTTP/1.1" 200 48
190.171.143.82 - - [06/Dec/2021:08:33:47 -0300] "POST /cormun/servlet/permisogoce?b2d77574adbdcf079842ff78e098b5b2,INS,0,,,,gx-no-cache=1638789708136 HTTP/1.1" 200 93
190.171.143.82 - - [06/Dec/2021:08:33:47 -0300] "GET /cormun/servlet/hpexe_return? HTTP/1.1" 200 1004
190.171.143.82 - - [06/Dec/2021:08:33:48 -0300] "GET /cormun/servlet/trpermisosgoce HTTP/1.1" 200 12632
190.171.143.82 - - [06/Dec/2021:08:33:50 -0300] "GET /cormun/servlet/trpermisosgoce HTTP/1.1" 200 12627
5.189.152.10 - - [06/Dec/2021:08:34:56 -0300] "GET /manager/html HTTP/1.1" 401 2474
186.103.157.42 - - [06/Dec/2021:08:36:29 -0300] "GET /cormun/servlet/hlogin HTTP/1.1" 200 1728
186.103.157.42 - - [06/Dec/2021:08:36:30 -0300] "GET /cormun/servlet/hlogin HTTP/1.1" 200 1738
186.103.157.42 - - [06/Dec/2021:08:36:53 -0300] "POST /cormun/servlet/hlogin?77acc041a8cebe4b823a2de5908584f7,gx-no-cache=1638789894495 HTTP/1.1" 200 90
186.103.157.42 - - [06/Dec/2021:08:36:53 -0300] "GET /cormun/servlet/hpexe_link HTTP/1.1" 200 955
186.103.157.42 - - [06/Dec/2021:08:36:53 -0300] "GET /cormun/servlet/hhome HTTP/1.1" 200 4364
186.103.157.42 - - [06/Dec/2021:08:36:54 -0300] "GET /cormun/servlet/hhome HTTP/1.1" 200 4361
186.103.157.42 - - [06/Dec/2021:08:36:57 -0300] "GET /cormun/servlet/trlicencias? HTTP/1.1" 200 9974
186.103.157.42 - - [06/Dec/2021:08:36:58 -0300] "GET /cormun/servlet/trlicencias? HTTP/1.1" 200 9972
190.171.152.138 - - [06/Dec/2021:08:37:07 -0300] "GET /cormun/servlet/trlicencias? HTTP/1.1" 200 12027
190.171.152.138 - - [06/Dec/2021:08:37:10 -0300] "GET /cormun/servlet/trlicencias? HTTP/1.1" 200 12024
190.171.152.138 - - [06/Dec/2021:08:37:11 -0300] "GET /favicon.ico HTTP/1.1" 200 21630
190.171.141.114 - - [06/Dec/2021:08:37:38 -0300] "GET /cormun/servlet/trlicencias? HTTP/1.1" 200 9461
190.171.141.114 - - [06/Dec/2021:08:37:38 -0300] "GET /cormun/servlet/trlicencias? HTTP/1.1" 200 9460
190.171.143.82 - - [06/Dec/2021:08:39:05 -0300] "GET /cormun/servlet/apermisogoceprn?8671836,P,20211206081719,PU HTTP/1.1" 200 1663
190.171.152.138 - - [06/Dec/2021:08:39:15 -0300] "GET /cormun/servlet/hlogin HTTP/1.1" 200 1745
190.171.143.82 - - [06/Dec/2021:08:39:30 -0300] "GET /cormun/servlet/apermisogoceprn?8671836,P,20211206081853,PU HTTP/1.1" 200 1662
5.189.152.10 - - [06/Dec/2021:08:39:44 -0300] "GET /manager/html HTTP/1.1" 401 2474
190.171.152.114 - - [06/Dec/2021:08:43:14 -0300] "GET /cormun/servlet/hlogin HTTP/1.1" 200 1723
190.171.152.114 - - [06/Dec/2021:08:43:14 -0300] "GET /cormun/servlet/hlogin HTTP/1.1" 200 1734
5.189.152.10 - - [06/Dec/2021:08:43:20 -0300] "GET /manager/html HTTP/1.1" 401 2474
190.171.152.114 - - [06/Dec/2021:08:43:33 -0300] "POST /cormun/servlet/hlogin?9f9a5b58eb25374292a950fdbbe08f34,gx-no-cache=1638790294535 HTTP/1.1" 200 90
190.171.152.114 - - [06/Dec/2021:08:43:33 -0300] "GET /cormun/servlet/hpexe_link HTTP/1.1" 200 951
190.171.152.114 - - [06/Dec/2021:08:43:33 -0300] "GET /cormun/servlet/hhome HTTP/1.1" 200 4302
190.171.152.114 - - [06/Dec/2021:08:43:34 -0300] "GET /cormun/servlet/hhome HTTP/1.1" 200 4298
190.171.152.114 - - [06/Dec/2021:08:43:38 -0300] "GET /cormun/servlet/trlicencias? HTTP/1.1" 200 13589
190.171.152.114 - - [06/Dec/2021:08:43:38 -0300] "GET /cormun/servlet/trlicencias? HTTP/1.1" 200 13586
190.171.152.114 - - [06/Dec/2021:08:43:44 -0300] "GET /cormun/servlet/alicenciaprn?15804934,L,20211206000000,PU HTTP/1.1" 200 1545
190.171.152.114 - - [06/Dec/2021:08:44:04 -0300] "GET /cormun/servlet/trpermisosgoce? HTTP/1.1" 200 9472
190.171.152.114 - - [06/Dec/2021:08:44:04 -0300] "GET /cormun/servlet/trpermisosgoce? HTTP/1.1" 200 9472
190.171.152.114 - - [06/Dec/2021:08:44:06 -0300] "GET /cormun/servlet/permisogoce?INS,0,,, HTTP/1.1" 200 7192
190.171.152.114 - - [06/Dec/2021:08:44:07 -0300] "GET /cormun/servlet/permisogoce?INS,0,,, HTTP/1.1" 200 7192
190.171.152.114 - - [06/Dec/2021:08:44:14 -0300] "GET /cormun/servlet/permisogoce?378b0f445b7f3cc62d03e0b0bc9359b318069866ec8fdcb3d8038df1bb0a783a458974205233fa24b5a92f5e7343ef8522bdd9e644e5653d647f062e3dc7f10e,gx-no-cache=1638790335662 HTTP/1.1" 200 79
190.171.152.114 - - [06/Dec/2021:08:45:01 -0300] "GET /cormun/servlet/permisogoce?378b0f445b7f3cc62d03e0b0bc9359b3c24a6e13310d5f68d80d445191105f4b6cfa707ce9b1c54bbe73785ad76759869587ae1123cd40a56315a7320e401e5a,gx-no-cache=1638790382586 HTTP/1.1" 200 46
190.171.152.114 - - [06/Dec/2021:08:45:04 -0300] "POST /cormun/servlet/permisogoce?9f9a5b58eb25374292a950fdbbe08f34,INS,0,,,,gx-no-cache=1638790385104 HTTP/1.1" 200 93
190.171.152.114 - - [06/Dec/2021:08:45:04 -0300] "GET /cormun/servlet/hpexe_return? HTTP/1.1" 200 1009
190.171.152.114 - - [06/Dec/2021:08:45:04 -0300] "GET /cormun/servlet/trpermisosgoce HTTP/1.1" 200 9709
190.171.152.114 - - [06/Dec/2021:08:45:05 -0300] "GET /cormun/servlet/trpermisosgoce HTTP/1.1" 200 9704
190.171.152.114 - - [06/Dec/2021:08:45:08 -0300] "GET /cormun/servlet/apermisogoceprn?16885055,P,20211206082944,PU HTTP/1.1" 200 1660
190.171.152.114 - - [06/Dec/2021:08:45:34 -0300] "GET /cormun/servlet/trpermisosgoce? HTTP/1.1" 200 9704
190.171.152.114 - - [06/Dec/2021:08:45:34 -0300] "GET /cormun/servlet/trpermisosgoce? HTTP/1.1" 200 9704
190.171.152.114 - - [06/Dec/2021:08:45:38 -0300] "GET /cormun/servlet/permisogoce?INS,0,,, HTTP/1.1" 200 7192
190.171.152.114 - - [06/Dec/2021:08:45:38 -0300] "GET /cormun/servlet/permisogoce?INS,0,,, HTTP/1.1" 200 7192
190.171.152.114 - - [06/Dec/2021:08:45:51 -0300] "GET /cormun/servlet/trpermisosgoce? HTTP/1.1" 200 9712
190.171.152.114 - - [06/Dec/2021:08:45:51 -0300] "GET /cormun/servlet/trpermisosgoce? HTTP/1.1" 200 9704
190.171.152.114 - - [06/Dec/2021:08:45:55 -0300] "GET /cormun/servlet/apermisogoceprn?16885055,P,20211206082944,PU HTTP/1.1" 200 1658
5.189.152.10 - - [06/Dec/2021:08:47:07 -0300] "GET /manager/html HTTP/1.1" 401 2474
190.171.154.42 - - [06/Dec/2021:08:47:27 -0300] "POST /cormun/servlet/trlicencias?4947e514ef8bd86ba3d0f1f4aacae9ef,,gx-no-cache=1638790527800 HTTP/1.1" 200 8653
5.189.152.10 - - [06/Dec/2021:08:51:08 -0300] "GET /manager/html HTTP/1.1" 401 2474
190.171.141.122 - - [06/Dec/2021:08:53:46 -0300] "GET /cormun/servlet/hlogin HTTP/1.1" 200 1726
190.171.141.122 - - [06/Dec/2021:08:53:47 -0300] "GET /cormun/servlet/hlogin HTTP/1.1" 200 1736
190.171.141.122 - - [06/Dec/2021:08:53:52 -0300] "POST /cormun/servlet/hlogin?17dcb2b6a24ce4028076ac6d81fe257e,gx-no-cache=1638790913636 HTTP/1.1" 200 90
190.171.141.122 - - [06/Dec/2021:08:53:52 -0300] "GET /cormun/servlet/hpexe_link HTTP/1.1" 200 953
190.171.141.122 - - [06/Dec/2021:08:53:52 -0300] "GET /cormun/servlet/hhome HTTP/1.1" 200 4239
190.171.141.122 - - [06/Dec/2021:08:54:07 -0300] "GET /cormun/servlet/hhome HTTP/1.1" 200 4235
190.171.141.122 - - [06/Dec/2021:08:54:22 -0300] "GET /cormun/servlet/trpermisosgoce? HTTP/1.1" 200 9312
190.171.141.122 - - [06/Dec/2021:08:54:23 -0300] "GET /cormun/servlet/trpermisosgoce? HTTP/1.1" 200 9310
5.189.152.10 - - [06/Dec/2021:08:54:31 -0300] "GET /manager/html HTTP/1.1" 401 2474
190.171.141.122 - - [06/Dec/2021:08:54:35 -0300] "GET /cormun/servlet/apermisogoceprn?9434017,P,20211203115640,PU HTTP/1.1" 200 1644
190.171.141.122 - - [06/Dec/2021:08:56:26 -0300] "POST /cormun/servlet/trpermisosgoce?17dcb2b6a24ce4028076ac6d81fe257e,,gx-no-cache=1638791068336 HTTP/1.1" 200 6205
190.171.141.122 - - [06/Dec/2021:08:56:27 -0300] "POST /cormun/servlet/trpermisosgoce?17dcb2b6a24ce4028076ac6d81fe257e,,gx-no-cache=1638791068913 HTTP/1.1" 200 6184
200.54.107.2 - - [06/Dec/2021:08:58:12 -0300] "GET /cormun/servlet/hlogin HTTP/1.1" 200 1728
200.54.107.2 - - [06/Dec/2021:08:58:12 -0300] "GET /cormun/servlet/hlogin HTTP/1.1" 200 1738
200.54.107.2 - - [06/Dec/2021:08:58:25 -0300] "POST /cormun/servlet/hlogin?62bf9f4533449a720108d6e87e5e4626,gx-no-cache=1638791186350 HTTP/1.1" 200 90
200.54.107.2 - - [06/Dec/2021:08:58:25 -0300] "GET /cormun/servlet/hpexe_link HTTP/1.1" 200 951
200.54.107.2 - - [06/Dec/2021:08:58:25 -0300] "GET /cormun/servlet/hhome HTTP/1.1" 200 4352
200.54.107.2 - - [06/Dec/2021:08:58:26 -0300] "GET /cormun/servlet/hhome HTTP/1.1" 200 4348
200.54.107.2 - - [06/Dec/2021:08:58:31 -0300] "GET /cormun/servlet/trpermisosgoce? HTTP/1.1" 200 11203
200.54.107.2 - - [06/Dec/2021:08:58:32 -0300] "GET /cormun//static/Resources/PXToolsGridUpdate.png HTTP/1.1" 200 470
200.54.107.2 - - [06/Dec/2021:08:58:32 -0300] "GET /cormun//static/Resources/PXToolsGridDelete.png HTTP/1.1" 200 538
200.54.107.2 - - [06/Dec/2021:08:58:32 -0300] "GET /cormun/servlet/trpermisosgoce? HTTP/1.1" 200 11201
186.103.157.42 - - [06/Dec/2021:08:59:01 -0300] "GET /cormun/servlet/hlogin HTTP/1.1" 200 1728
200.54.107.2 - - [06/Dec/2021:08:59:56 -0300] "POST /cormun/servlet/trpermisosgoce?62bf9f4533449a720108d6e87e5e4626,,gx-no-cache=1638791276560 HTTP/1.1" 200 16022
200.54.107.2 - - [06/Dec/2021:08:59:56 -0300] "GET /cormun/static/Resources/PXToolsGridNext.gif HTTP/1.1" 200 369
200.54.107.2 - - [06/Dec/2021:08:59:56 -0300] "GET /cormun/static/Resources/PXToolsGridLast.gif HTTP/1.1" 200 370
5.189.152.10 - - [06/Dec/2021:09:00:29 -0300] "GET /manager/html HTTP/1.1" 401 2474
200.54.107.2 - - [06/Dec/2021:09:00:32 -0300] "POST /cormun/servlet/trpermisosgoce?62bf9f4533449a720108d6e87e5e4626,,gx-no-cache=1638791312849 HTTP/1.1" 200 6161
200.54.107.2 - - [06/Dec/2021:09:00:32 -0300] "GET /cormun/static/Resources/PXToolsGridFirst.gif HTTP/1.1" 200 379
200.54.107.2 - - [06/Dec/2021:09:00:32 -0300] "GET /cormun/static/Resources/PXToolsGridPrevious.gif HTTP/1.1" 200 369
190.171.154.42 - - [06/Dec/2021:09:00:46 -0300] "POST /cormun/servlet/trlicencias?4947e514ef8bd86ba3d0f1f4aacae9ef,,gx-no-cache=1638791327043 HTTP/1.1" 200 8653
5.189.152.10 - - [06/Dec/2021:09:05:46 -0300] "GET /manager/html HTTP/1.1" 401 2474
5.189.152.10 - - [06/Dec/2021:09:09:45 -0300] "GET /manager/html HTTP/1.1" 401 2474
200.54.107.2 - - [06/Dec/2021:09:11:28 -0300] "GET /cormun/servlet/trcontratosolicitud? HTTP/1.1" 200 14631
200.54.107.2 - - [06/Dec/2021:09:11:28 -0300] "GET /cormun/static/calendar-system.css?75620 HTTP/1.1" 200 5572
200.54.107.2 - - [06/Dec/2021:09:11:28 -0300] "GET /cormun/static/gxcfg.js?20199142011887 HTTP/1.1" 200 953
200.54.107.2 - - [06/Dec/2021:09:11:28 -0300] "GET /cormun/static/gxui/gxui-all.css?110300 HTTP/1.1" 200 2179
200.54.107.2 - - [06/Dec/2021:09:11:28 -0300] "GET /cormun/static/Resources/Spanish/PXTools.css?19172979 HTTP/1.1" 200 100853
200.54.107.2 - - [06/Dec/2021:09:11:28 -0300] "GET /cormun/static/trcontratosolicitud.js?201991420111348 HTTP/1.1" 200 28237
200.54.107.2 - - [06/Dec/2021:09:11:28 -0300] "GET /cormun/static/Shared/ext/resources/css/ext-all.css?205870 HTTP/1.1" 200 416045
200.54.107.2 - - [06/Dec/2021:09:11:29 -0300] "GET /cormun//static/Resources/PXToolsGridNew.png HTTP/1.1" 200 427
200.54.107.2 - - [06/Dec/2021:09:11:29 -0300] "GET /cormun/servlet/trcontratosolicitud? HTTP/1.1" 200 14620
40.77.167.73 - - [06/Dec/2021:09:12:05 -0300] "GET /cormun/Licencias-1502.xls HTTP/1.1" 200 7680
5.189.152.10 - - [06/Dec/2021:09:13:22 -0300] "GET /manager/html HTTP/1.1" 401 2474
190.171.141.114 - - [06/Dec/2021:09:13:48 -0300] "GET /cormun/servlet/trpermisosgoce? HTTP/1.1" 200 6025
190.171.141.114 - - [06/Dec/2021:09:13:48 -0300] "GET /cormun/servlet/hlogin HTTP/1.1" 200 1747
190.171.141.114 - - [06/Dec/2021:09:13:48 -0300] "GET /cormun/servlet/trpermisosgoce? HTTP/1.1" 200 6021
190.171.141.114 - - [06/Dec/2021:09:13:58 -0300] "POST /cormun/servlet/hlogin?e08f4a62313f511c5958e628efb324bc,gx-no-cache=1638792118974 HTTP/1.1" 200 90
190.171.141.114 - - [06/Dec/2021:09:13:58 -0300] "GET /cormun/servlet/hpexe_link HTTP/1.1" 200 958
190.171.141.114 - - [06/Dec/2021:09:13:58 -0300] "GET /cormun/servlet/trpermisosgoce HTTP/1.1" 200 13062
190.171.141.114 - - [06/Dec/2021:09:13:59 -0300] "GET /cormun/servlet/trpermisosgoce HTTP/1.1" 200 13061
190.171.141.114 - - [06/Dec/2021:09:14:02 -0300] "GET /cormun/servlet/permisogoce?INS,0,,, HTTP/1.1" 200 6865
190.171.141.114 - - [06/Dec/2021:09:14:02 -0300] "GET /cormun/servlet/permisogoce?INS,0,,, HTTP/1.1" 200 6864
190.171.141.114 - - [06/Dec/2021:09:14:10 -0300] "GET /cormun/servlet/prfichaempleado?,MD,,gxPopupLevel%3D0%3B HTTP/1.1" 200 9302
190.171.141.114 - - [06/Dec/2021:09:14:19 -0300] "POST /cormun/servlet/prfichaempleado?e08f4a62313f511c5958e628efb324bc,,MD,,gxPopupLevel%3D0%3B,gx-no-cache=1638792139879 HTTP/1.1" 200 3399
190.171.141.114 - - [06/Dec/2021:09:14:22 -0300] "GET /cormun/servlet/permisogoce?eb41f554b1cbdfc0768029a31deb9d2b76991e07fccb6418d5bf4c351de9095f481048c29f62efceff654358cfec7aebe5d724eed26765c9c30b600e77a189bc,gx-no-cache=1638792143299 HTTP/1.1" 200 77
190.171.141.114 - - [06/Dec/2021:09:14:22 -0300] "GET /cormun/static/menuarrow.gif HTTP/1.1" 404 1015
190.171.141.114 - - [06/Dec/2021:09:14:31 -0300] "GET /cormun/servlet/permisogoce?eb41f554b1cbdfc0768029a31deb9d2bc131930b6011f911cd454b7970ea41a3335dcf2e2cc804bd197f8c5ce1c0f13cefb52a211bb61f4f9a718da7c71e823c,gx-no-cache=1638792151989 HTTP/1.1" 200 129
190.171.141.114 - - [06/Dec/2021:09:14:31 -0300] "GET /cormun/static/Shared/jqueryui/images/ui-bg_highlight-soft_100_c6c2c8_1x100.png HTTP/1.1" 404 1117
190.171.141.114 - - [06/Dec/2021:09:14:31 -0300] "GET /cormun/static/Shared/jqueryui/images/ui-icons_82798d_256x240.png HTTP/1.1" 404 1089
190.171.141.114 - - [06/Dec/2021:09:14:31 -0300] "GET /cormun/static/Shared/jqueryui/images/ui-bg_flat_55_994d53_40x100.png HTTP/1.1" 404 1097
190.171.141.114 - - [06/Dec/2021:09:14:31 -0300] "GET /cormun/static/Shared/jqueryui/images/ui-icons_ebccce_256x240.png HTTP/1.1" 404 1089
190.171.141.114 - - [06/Dec/2021:09:14:45 -0300] "GET /cormun/servlet/permisogoce?eb41f554b1cbdfc0768029a31deb9d2bc131930b6011f911cd454b7970ea41a3335dcf2e2cc804bd197f8c5ce1c0f13cefb52a211bb61f4f9a718da7c71e823c,gx-no-cache=1638792166364 HTTP/1.1" 200 129
190.171.141.114 - - [06/Dec/2021:09:14:51 -0300] "GET /cormun/servlet/permisogoce?eb41f554b1cbdfc0768029a31deb9d2bc131930b6011f911cd454b7970ea41a3ba0e68ec03ed59e5ab8ecb1b0e87d5e5efb52a211bb61f4f9a718da7c71e823c,gx-no-cache=1638792171826 HTTP/1.1" 200 46
190.171.141.114 - - [06/Dec/2021:09:14:54 -0300] "POST /cormun/servlet/permisogoce?e08f4a62313f511c5958e628efb324bc,INS,0,,,,gx-no-cache=1638792175256 HTTP/1.1" 200 93
190.171.141.114 - - [06/Dec/2021:09:14:54 -0300] "GET /cormun/servlet/hpexe_return? HTTP/1.1" 200 1011
190.171.141.114 - - [06/Dec/2021:09:14:55 -0300] "GET /cormun/servlet/trpermisosgoce HTTP/1.1" 200 13273
190.171.141.114 - - [06/Dec/2021:09:14:55 -0300] "GET /cormun/servlet/trpermisosgoce HTTP/1.1" 200 13268
190.171.141.114 - - [06/Dec/2021:09:15:01 -0300] "GET /cormun/servlet/apermisogoceprn?13096115,P,20211206085940,PU HTTP/1.1" 200 1656
5.189.152.10 - - [06/Dec/2021:09:16:30 -0300] "GET /manager/html HTTP/1.1" 401 2474
209.141.57.164 - - [06/Dec/2021:09:17:35 -0300] "GET /swagger/v1/swagger.json HTTP/1.1" 404 1007
191.114.90.111 - - [06/Dec/2021:09:20:42 -0300] "GET /cormun/servlet/hlogin HTTP/1.1" 200 1719
191.114.90.111 - - [06/Dec/2021:09:20:44 -0300] "GET /cormun/servlet/hlogin HTTP/1.1" 200 1728
5.189.152.10 - - [06/Dec/2021:09:21:14 -0300] "GET /manager/html HTTP/1.1" 401 2474
190.171.154.42 - - [06/Dec/2021:09:21:47 -0300] "POST /cormun/servlet/trlicencias?4947e514ef8bd86ba3d0f1f4aacae9ef,,gx-no-cache=1638792587344 HTTP/1.1" 200 8653
190.171.153.50 - - [06/Dec/2021:09:22:04 -0300] "GET /cormun/servlet/hlogin HTTP/1.1" 200 1731
190.171.153.50 - - [06/Dec/2021:09:22:04 -0300] "GET /cormun/static/gxtimezone.js?85251 HTTP/1.1" 200 5781
190.171.153.50 - - [06/Dec/2021:09:22:04 -0300] "GET /cormun/static/gxcfg.js?201910216285969 HTTP/1.1" 200 953
190.171.153.50 - - [06/Dec/2021:09:22:04 -0300] "GET /cormun/static/Resources/Spanish/PXTools.css?2294816 HTTP/1.1" 200 100853
190.171.153.50 - - [06/Dec/2021:09:22:04 -0300] "GET /cormun/static/messages.spa.js?85251 HTTP/1.1" 200 30736
190.171.153.50 - - [06/Dec/2021:09:22:04 -0300] "GET /cormun/static/hlogin.js?201910216285995 HTTP/1.1" 200 2136
190.171.153.50 - - [06/Dec/2021:09:22:04 -0300] "GET /cormun/static/Resources/Logo2019_Grande.png HTTP/1.1" 200 31733
190.171.153.50 - - [06/Dec/2021:09:22:04 -0300] "GET /cormun/static/gxgral.js?85251 HTTP/1.1" 200 384558
190.171.153.50 - - [06/Dec/2021:09:22:04 -0300] "GET /cormun/static/Resources/PXToolsLoginTop.png HTTP/1.1" 200 1337
190.171.153.50 - - [06/Dec/2021:09:22:04 -0300] "GET /cormun/static/Resources/PXToolsLoginBackground.png HTTP/1.1" 200 1164
190.171.153.50 - - [06/Dec/2021:09:22:04 -0300] "GET /cormun/static/Resources/PXToolsButtonLeft.png HTTP/1.1" 200 1310
190.171.153.50 - - [06/Dec/2021:09:22:04 -0300] "GET /cormun/static/Resources/PXToolsButtonRight.png HTTP/1.1" 200 1294
190.171.153.50 - - [06/Dec/2021:09:22:04 -0300] "GET /cormun/static/Resources/PXToolsLoginBottom.png HTTP/1.1" 200 1389
190.171.153.50 - - [06/Dec/2021:09:22:04 -0300] "GET /cormun/static/Resources/PXToolsButtonBackground.png HTTP/1.1" 200 1176
190.171.153.50 - - [06/Dec/2021:09:22:04 -0300] "GET /cormun/servlet/hlogin HTTP/1.1" 200 1742
190.171.153.50 - - [06/Dec/2021:09:22:04 -0300] "GET /cormun/static/Resources/indicator.gif HTTP/1.1" 200 1553
190.171.153.50 - - [06/Dec/2021:09:22:07 -0300] "POST /cormun/servlet/hlogin?b78990852831f44d74d35d3a46089e9a,gx-no-cache=1638792608442 HTTP/1.1" 200 90
190.171.153.50 - - [06/Dec/2021:09:22:07 -0300] "GET /cormun/servlet/hpexe_link HTTP/1.1" 200 958
190.171.153.50 - - [06/Dec/2021:09:22:07 -0300] "GET /cormun/static/hpexe_link.js?201991422392963 HTTP/1.1" 200 625
190.171.153.50 - - [06/Dec/2021:09:22:07 -0300] "GET /cormun/static/gxcfg.js?201991422392958 HTTP/1.1" 200 953
190.171.153.50 - - [06/Dec/2021:09:22:07 -0300] "GET /cormun/servlet/hhome HTTP/1.1" 200 4230
190.171.153.50 - - [06/Dec/2021:09:22:07 -0300] "GET /cormun/static/gxcfg.js?20201215495537 HTTP/1.1" 200 953
190.171.153.50 - - [06/Dec/2021:09:22:07 -0300] "GET /cormun/static/SmoothNavMenu/resources/ddsmoothmenu.css?1112540 HTTP/1.1" 200 2223
190.171.153.50 - - [06/Dec/2021:09:22:07 -0300] "GET /cormun/static/Shared/jqueryui/jquery-ui.min.css?1345370 HTTP/1.1" 200 30288
