190.171.143.90 - - [02/Dec/2021:13:30:25 -0300] "GET /cormun/servlet/licenciaspermisos?5ba35fea141677d3d8d84632751dd56597ef46068ecd8a3200162e73a1e25937955032d887bc431870daf6f079b82cc0f09c2fcda5328da173305919a31896de74376cd84f87b8b1ea810768b8ce9428c375409b8cb8a109c4f2faa25dd24b4f87540585e233c7cb274f6457fb20ee62b57bc31741cb2ac51795a4c7c5b0b210f47b6bbed87d8f5f7a68f39d2d4806ede2379b2277f69d7cf1ded3f4822b0df8310eae894c7b62e7380e1a04bc8fad3e57980fc270b3113684792f31349e738c47f0c327cf25dd392b005c310687699b7c96c7ca75f2cce5519d7610871ecde4,gx-no-cache=1638461908741 HTTP/1.1" 200 30
190.171.143.90 - - [02/Dec/2021:13:30:25 -0300] "GET /cormun/servlet/licenciaspermisos?5ba35fea141677d3d8d84632751dd56539758eba097d4772e561d0d2ed75fa76add1858829d9af63a48badfa0b680bd6a6c8e5d96f05f1ecb090a2fbba43f2687c0379f207a51a80c543d3181a217d9c39854fae32d40ce58949371a50236b7d73783ef4a03ea4099c23020ec11a0cfeade5684b828409aba545d77ab0560351ea53cc0c0f412bce26c64b839a7fc3778239a6e1e0489d3a8af90f3176e736758d725773485d09a5cb8ee1b205e2a2375b319f3db38944e836787c8bb284c8280645c1b670eaf14f37e15074ceb99864c23e6adea4e7f465797cd3b8885dee85,gx-no-cache=1638461908777 HTTP/1.1" 200 29
190.171.143.90 - - [02/Dec/2021:13:30:25 -0300] "POST /cormun/servlet/licenciaspermisos?f2a309dd8236ed377395862a18327893,INS,0,,,,gx-no-cache=1638461908799 HTTP/1.1" 200 93
190.171.143.90 - - [02/Dec/2021:13:30:25 -0300] "GET /cormun/servlet/hpexe_return? HTTP/1.1" 200 1008
190.171.143.90 - - [02/Dec/2021:13:30:25 -0300] "GET /cormun/servlet/trlicencias HTTP/1.1" 200 11949
190.171.143.90 - - [02/Dec/2021:13:30:26 -0300] "GET /cormun/servlet/trlicencias HTTP/1.1" 200 11943
190.171.143.90 - - [02/Dec/2021:13:30:48 -0300] "GET /cormun/servlet/licenciaspermisos?INS,0,,, HTTP/1.1" 200 7908
190.171.143.90 - - [02/Dec/2021:13:30:48 -0300] "GET /cormun/servlet/licenciaspermisos?INS,0,,, HTTP/1.1" 200 7915
190.171.143.90 - - [02/Dec/2021:13:31:09 -0300] "GET /cormun/servlet/licenciaspermisos?5ba35fea141677d3d8d84632751dd5655d3c3dfb23a5e2b50674d86495059b51df54c596f4268c6b34edb405e8c58851dfcfc5fe90f717524cdfcf9c8f90dbea,gx-no-cache=1638461952941 HTTP/1.1" 200 93
190.171.143.90 - - [02/Dec/2021:13:31:09 -0300] "POST /cormun/servlet/licenciaspermisos?f2a309dd8236ed377395862a18327893,INS,0,,,,gx-no-cache=1638461952978 HTTP/1.1" 200 5112
190.171.143.90 - - [02/Dec/2021:13:31:49 -0300] "GET /cormun/static/menuarrow.gif HTTP/1.1" 404 1015
89.248.165.52 - - [02/Dec/2021:13:41:16 -0300] "CONNECT hotmail-com.olc.protection.outlook.com:25 HTTP/1.1" 400 -
190.171.142.26 - - [02/Dec/2021:13:44:24 -0300] "GET /cormun/servlet/hlogin HTTP/1.1" 200 1732
190.171.142.26 - - [02/Dec/2021:13:44:25 -0300] "GET /cormun/servlet/hlogin HTTP/1.1" 200 1742
190.171.142.26 - - [02/Dec/2021:13:44:32 -0300] "POST /cormun/servlet/hlogin?f56f474400d3deec4c01b1c92ab9a011,gx-no-cache=1638462753552 HTTP/1.1" 200 90
190.171.142.26 - - [02/Dec/2021:13:44:32 -0300] "GET /cormun/servlet/hpexe_link HTTP/1.1" 200 956
190.171.142.26 - - [02/Dec/2021:13:44:32 -0300] "GET /cormun/servlet/hhome HTTP/1.1" 200 3976
190.171.142.26 - - [02/Dec/2021:13:44:32 -0300] "GET /cormun/servlet/hhome HTTP/1.1" 200 3972
190.171.142.26 - - [02/Dec/2021:13:44:35 -0300] "GET /cormun/servlet/trlicencias? HTTP/1.1" 200 12846
190.171.142.26 - - [02/Dec/2021:13:44:36 -0300] "GET /cormun/servlet/trlicencias? HTTP/1.1" 200 12843
190.171.142.26 - - [02/Dec/2021:13:45:01 -0300] "GET /cormun/servlet/licenciaspermisos?DSP,7123814,L,20211201000000, HTTP/1.1" 200 7097
190.171.142.26 - - [02/Dec/2021:13:45:02 -0300] "GET /cormun/servlet/licenciaspermisos?DSP,7123814,L,20211201000000, HTTP/1.1" 200 7097
190.171.142.26 - - [02/Dec/2021:13:45:05 -0300] "POST /cormun/servlet/licenciaspermisos?f56f474400d3deec4c01b1c92ab9a011,DSP,7123814,L,20211201000000,,gx-no-cache=1638462786512 HTTP/1.1" 200 93
190.171.142.26 - - [02/Dec/2021:13:45:05 -0300] "GET /cormun/servlet/hpexe_return? HTTP/1.1" 200 1032
190.171.142.26 - - [02/Dec/2021:13:45:05 -0300] "GET /cormun/servlet/trlicencias HTTP/1.1" 200 12849
190.171.142.26 - - [02/Dec/2021:13:45:06 -0300] "GET /cormun/servlet/trlicencias HTTP/1.1" 200 12843
190.171.141.82 - - [02/Dec/2021:13:47:34 -0300] "POST /cormun/servlet/hlogin?db292b7290dabf8e642d3cbff6c032d6,gx-no-cache=1638462935533 HTTP/1.1" 440 972
190.171.141.82 - - [02/Dec/2021:13:47:39 -0300] "GET /cormun/servlet/hlogin HTTP/1.1" 200 1737
190.171.141.82 - - [02/Dec/2021:13:47:39 -0300] "GET /cormun/servlet/hlogin HTTP/1.1" 200 1737
186.67.172.234 - - [02/Dec/2021:13:47:43 -0300] "GET /cormun/servlet/hlogin HTTP/1.1" 200 1727
186.67.172.234 - - [02/Dec/2021:13:47:43 -0300] "GET /favicon.ico HTTP/1.1" 200 21630
190.171.141.82 - - [02/Dec/2021:13:47:45 -0300] "POST /cormun/servlet/hlogin?364a11422d416a22cd92cbdb690e2ee6,gx-no-cache=1638462945969 HTTP/1.1" 200 90
190.171.141.82 - - [02/Dec/2021:13:47:45 -0300] "GET /cormun/servlet/hpexe_link HTTP/1.1" 200 953
190.171.141.82 - - [02/Dec/2021:13:47:45 -0300] "GET /cormun/servlet/hhome HTTP/1.1" 200 3953
190.171.141.82 - - [02/Dec/2021:13:47:47 -0300] "GET /cormun/servlet/hhome HTTP/1.1" 200 3950
10.40.40.2 - - [02/Dec/2021:13:47:52 -0300] "GET /cormun/servlet/hlogin HTTP/1.1" 200 1723
10.40.40.2 - - [02/Dec/2021:13:47:53 -0300] "GET /cormun/servlet/hlogin HTTP/1.1" 200 1733
186.67.172.234 - - [02/Dec/2021:13:47:54 -0300] "POST /cormun/servlet/hlogin?f1992dc584afeacf269e28601cd3be01,gx-no-cache=1638462891329 HTTP/1.1" 200 90
186.67.172.234 - - [02/Dec/2021:13:47:54 -0300] "GET /cormun/servlet/hpexe_link HTTP/1.1" 200 954
186.67.172.234 - - [02/Dec/2021:13:47:54 -0300] "GET /cormun/servlet/hhome HTTP/1.1" 200 4374
186.67.172.234 - - [02/Dec/2021:13:47:54 -0300] "GET /cormun/servlet/hhome HTTP/1.1" 200 4371
186.67.172.234 - - [02/Dec/2021:13:47:58 -0300] "GET /cormun/servlet/trlicencias? HTTP/1.1" 200 16925
10.40.40.2 - - [02/Dec/2021:13:47:58 -0300] "POST /cormun/servlet/hlogin?2392c1db10466dbcf78a1288fe2d8442,gx-no-cache=1638462855939 HTTP/1.1" 200 90
10.40.40.2 - - [02/Dec/2021:13:47:58 -0300] "GET /cormun/servlet/hpexe_link HTTP/1.1" 200 951
10.40.40.2 - - [02/Dec/2021:13:47:59 -0300] "GET /cormun/servlet/hhome HTTP/1.1" 200 3827
186.67.172.234 - - [02/Dec/2021:13:47:59 -0300] "GET /cormun/servlet/trlicencias? HTTP/1.1" 200 16922
10.40.40.2 - - [02/Dec/2021:13:47:59 -0300] "GET /cormun/servlet/hhome HTTP/1.1" 200 3824
190.171.141.82 - - [02/Dec/2021:13:47:59 -0300] "GET /cormun/servlet/trcontratoobservacion? HTTP/1.1" 200 6121
190.171.141.82 - - [02/Dec/2021:13:48:01 -0300] "GET /cormun/static/gxcfg.js?2020121604219 HTTP/1.1" 200 953
190.171.141.82 - - [02/Dec/2021:13:48:01 -0300] "GET /cormun/static/trcontratoobservacion.js?2020121604638 HTTP/1.1" 200 25148
10.40.40.2 - - [02/Dec/2021:13:48:01 -0300] "GET /cormun/servlet/trsolicitudgral? HTTP/1.1" 200 16359
10.40.40.2 - - [02/Dec/2021:13:48:02 -0300] "GET /cormun/servlet/trsolicitudgral? HTTP/1.1" 200 16357
190.171.141.82 - - [02/Dec/2021:13:48:02 -0300] "GET /cormun/servlet/trcontratoobservacion? HTTP/1.1" 200 6120
190.171.141.82 - - [02/Dec/2021:13:48:18 -0300] "POST /cormun/servlet/trcontratoobservacion?364a11422d416a22cd92cbdb690e2ee6,,gx-no-cache=1638462978899 HTTP/1.1" 200 3825
190.171.142.26 - - [02/Dec/2021:13:48:22 -0300] "GET /cormun/servlet/licenciaspermisos?DSP,7460730,L,20211202000000, HTTP/1.1" 200 7060
190.171.142.26 - - [02/Dec/2021:13:48:23 -0300] "GET /cormun/servlet/licenciaspermisos?DSP,7460730,L,20211202000000, HTTP/1.1" 200 7061
190.171.141.82 - - [02/Dec/2021:13:48:26 -0300] "POST /cormun/servlet/trcontratoobservacion?364a11422d416a22cd92cbdb690e2ee6,,gx-no-cache=1638462986836 HTTP/1.1" 200 3826
190.171.141.82 - - [02/Dec/2021:13:48:27 -0300] "POST /cormun/servlet/trcontratoobservacion?364a11422d416a22cd92cbdb690e2ee6,,gx-no-cache=1638462988763 HTTP/1.1" 200 3823
190.171.142.26 - - [02/Dec/2021:13:48:28 -0300] "POST /cormun/servlet/licenciaspermisos?f56f474400d3deec4c01b1c92ab9a011,DSP,7460730,L,20211202000000,,gx-no-cache=1638462989520 HTTP/1.1" 200 93
190.171.142.26 - - [02/Dec/2021:13:48:28 -0300] "GET /cormun/servlet/hpexe_return? HTTP/1.1" 200 1031
190.171.142.26 - - [02/Dec/2021:13:48:28 -0300] "GET /cormun/servlet/trlicencias HTTP/1.1" 200 12849
190.171.142.26 - - [02/Dec/2021:13:48:29 -0300] "GET /cormun/servlet/trlicencias HTTP/1.1" 200 12843
190.171.141.82 - - [02/Dec/2021:13:48:30 -0300] "POST /cormun/servlet/trcontratoobservacion?364a11422d416a22cd92cbdb690e2ee6,,gx-no-cache=1638462991574 HTTP/1.1" 200 3824
190.171.142.26 - - [02/Dec/2021:13:48:32 -0300] "GET /cormun/servlet/licenciaspermisos?DSP,10523974,L,20211129000000, HTTP/1.1" 200 7093
190.171.142.26 - - [02/Dec/2021:13:48:32 -0300] "GET /cormun/servlet/licenciaspermisos?DSP,10523974,L,20211129000000, HTTP/1.1" 200 7093
190.171.141.82 - - [02/Dec/2021:13:48:32 -0300] "POST /cormun/servlet/trcontratoobservacion?364a11422d416a22cd92cbdb690e2ee6,,gx-no-cache=1638462993701 HTTP/1.1" 200 3825
190.171.142.26 - - [02/Dec/2021:13:48:34 -0300] "POST /cormun/servlet/licenciaspermisos?f56f474400d3deec4c01b1c92ab9a011,DSP,10523974,L,20211129000000,,gx-no-cache=1638462995517 HTTP/1.1" 200 93
190.171.141.82 - - [02/Dec/2021:13:48:34 -0300] "POST /cormun/servlet/trcontratoobservacion?364a11422d416a22cd92cbdb690e2ee6,,gx-no-cache=1638462995181 HTTP/1.1" 200 3825
190.171.142.26 - - [02/Dec/2021:13:48:34 -0300] "GET /cormun/servlet/hpexe_return? HTTP/1.1" 200 1033
190.171.142.26 - - [02/Dec/2021:13:48:34 -0300] "GET /cormun/servlet/trlicencias HTTP/1.1" 200 12849
190.171.142.26 - - [02/Dec/2021:13:48:35 -0300] "GET /cormun/servlet/trlicencias HTTP/1.1" 200 12843
10.40.40.2 - - [02/Dec/2021:13:48:35 -0300] "POST /cormun/servlet/trsolicitudgral?2392c1db10466dbcf78a1288fe2d8442,,gx-no-cache=1638462892873 HTTP/1.1" 200 6676
190.171.142.26 - - [02/Dec/2021:13:48:38 -0300] "GET /cormun/servlet/licenciaspermisos?DSP,10998993,L,20211128000000, HTTP/1.1" 200 7085
10.40.40.2 - - [02/Dec/2021:13:48:38 -0300] "GET /cormun/servlet/vesolicitudgral?2021,17829,, HTTP/1.1" 200 8419
10.40.40.2 - - [02/Dec/2021:13:48:39 -0300] "GET /cormun/pexe_scrolldiv.js HTTP/1.1" 404 1009
190.171.142.26 - - [02/Dec/2021:13:48:39 -0300] "GET /cormun/servlet/licenciaspermisos?DSP,10998993,L,20211128000000, HTTP/1.1" 200 7084
10.40.40.2 - - [02/Dec/2021:13:48:39 -0300] "GET /cormun/servlet/vesolicitudgral?2021,17829,, HTTP/1.1" 200 8418
190.171.153.26 - - [02/Dec/2021:13:48:41 -0300] "GET /cormun/servlet/hlogin HTTP/1.1" 200 1727
10.40.40.2 - - [02/Dec/2021:13:48:41 -0300] "GET /cormun/servlet/vesolicitudgral?2021,17829,,SolicitudOTLog HTTP/1.1" 200 7079
10.40.40.2 - - [02/Dec/2021:13:48:41 -0300] "GET /cormun/pexe_scrolldiv.js HTTP/1.1" 404 1009
190.171.153.26 - - [02/Dec/2021:13:48:41 -0300] "GET /cormun/servlet/hlogin HTTP/1.1" 200 1737
10.40.40.2 - - [02/Dec/2021:13:48:41 -0300] "GET /cormun/servlet/vesolicitudgral?2021,17829,,SolicitudOTLog HTTP/1.1" 200 7080
190.171.142.26 - - [02/Dec/2021:13:48:42 -0300] "POST /cormun/servlet/licenciaspermisos?f56f474400d3deec4c01b1c92ab9a011,DSP,10998993,L,20211128000000,,gx-no-cache=1638463003445 HTTP/1.1" 200 93
190.171.142.26 - - [02/Dec/2021:13:48:42 -0300] "GET /cormun/servlet/hpexe_return? HTTP/1.1" 200 1033
10.40.40.2 - - [02/Dec/2021:13:48:42 -0300] "POST /cormun/servlet/acontrolpreferencessavestate?None,RRHH+CATALINA+CACERES,true HTTP/1.1" 200 35
190.171.142.26 - - [02/Dec/2021:13:48:42 -0300] "GET /cormun/servlet/trlicencias HTTP/1.1" 200 12849
190.171.142.26 - - [02/Dec/2021:13:48:43 -0300] "GET /cormun/servlet/trlicencias HTTP/1.1" 200 12843
10.40.40.2 - - [02/Dec/2021:13:48:43 -0300] "GET /cormun/servlet/vesolicitudgral?2021,17829,,SolicitudOTAdjuntos HTTP/1.1" 200 10763
10.40.40.2 - - [02/Dec/2021:13:48:43 -0300] "GET /cormun/pexe_scrolldiv.js HTTP/1.1" 404 1009
10.40.40.2 - - [02/Dec/2021:13:48:44 -0300] "GET /cormun/servlet/vesolicitudgral?2021,17829,,SolicitudOTAdjuntos HTTP/1.1" 200 10760
10.40.40.2 - - [02/Dec/2021:13:48:45 -0300] "POST /cormun/servlet/acontrolpreferencessavestate?None,RRHH+CATALINA+CACERES,true HTTP/1.1" 200 35
10.40.40.2 - - [02/Dec/2021:13:48:47 -0300] "GET /cormun/PublicTempStorage/curriculum4979172.pdf HTTP/1.1" 200 145487
190.171.153.26 - - [02/Dec/2021:13:48:51 -0300] "POST /cormun/servlet/hlogin?d30f134568239bf905755a005f652c09,gx-no-cache=1638463009019 HTTP/1.1" 200 90
190.171.153.26 - - [02/Dec/2021:13:48:51 -0300] "GET /cormun/servlet/hpexe_link HTTP/1.1" 200 952
190.171.153.26 - - [02/Dec/2021:13:48:51 -0300] "GET /cormun/servlet/hhome HTTP/1.1" 200 4287
190.171.153.26 - - [02/Dec/2021:13:48:51 -0300] "GET /cormun/servlet/hhome HTTP/1.1" 200 4283
10.40.40.2 - - [02/Dec/2021:13:48:53 -0300] "GET /cormun/servlet/vesolicitudgral?2021,17829,,SolicitudOTAdjuntos HTTP/1.1" 200 10763
10.40.40.2 - - [02/Dec/2021:13:48:53 -0300] "GET /cormun/servlet/vesolicitudgral?2021,17829,,SolicitudOTAdjuntos HTTP/1.1" 200 10757
10.40.40.2 - - [02/Dec/2021:13:48:54 -0300] "POST /cormun/servlet/acontrolpreferencessavestate?None,RRHH+CATALINA+CACERES,true HTTP/1.1" 200 35
190.171.153.26 - - [02/Dec/2021:13:48:55 -0300] "GET /cormun/servlet/trlicencias? HTTP/1.1" 200 11327
190.171.153.26 - - [02/Dec/2021:13:48:56 -0300] "GET /cormun/servlet/trlicencias? HTTP/1.1" 200 11324
10.40.40.2 - - [02/Dec/2021:13:48:56 -0300] "GET /cormun/servlet/vesolicitudgral?2021,17829,,General HTTP/1.1" 200 8421
10.40.40.2 - - [02/Dec/2021:13:48:56 -0300] "GET /cormun/pexe_scrolldiv.js HTTP/1.1" 404 1009
10.40.40.2 - - [02/Dec/2021:13:48:57 -0300] "GET /cormun/servlet/vesolicitudgral?2021,17829,,General HTTP/1.1" 200 8420
190.171.143.90 - - [02/Dec/2021:13:49:34 -0300] "GET /cormun/servlet/licenciaspermisos?5ba35fea141677d3d8d84632751dd56597ef46068ecd8a3200162e73a1e25937955032d887bc431870daf6f079b82cc0f09c2fcda5328da173305919a31896de74376cd84f87b8b1ea810768b8ce9428c375409b8cb8a109c4f2faa25dd24b4f87540585e233c7cb274f6457fb20ee62b57bc31741cb2ac51795a4c7c5b0b210f47b6bbed87d8f5f7a68f39d2d4806ede2379b2277f69d7cf1ded3f4822b0df8310eae894c7b62e7380e1a04bc8fad3e57980fc270b3113684792f31349e738c47f0c327cf25dd392b005c310687699b7c96c7ca75f2cce5519d7610871ecde4,gx-no-cache=1638463058000 HTTP/1.1" 200 30
190.171.143.90 - - [02/Dec/2021:13:49:34 -0300] "GET /cormun/servlet/licenciaspermisos?5ba35fea141677d3d8d84632751dd56539758eba097d4772e561d0d2ed75fa76add1858829d9af63a48badfa0b680bd6a6c8e5d96f05f1ecb090a2fbba43f2687c0379f207a51a80c543d3181a217d9c39854fae32d40ce58949371a50236b7d73783ef4a03ea4099c23020ec11a0cfeade5684b828409aba545d77ab0560351ea53cc0c0f412bce26c64b839a7fc3778239a6e1e0489d3a8af90f3176e736758d725773485d09a5cb8ee1b205e2a2375b319f3db38944e836787c8bb284c8280645c1b670eaf14f37e15074ceb99864320e1b6bedca3735c011603b8d0472f2,gx-no-cache=1638463058041 HTTP/1.1" 200 29
190.171.143.90 - - [02/Dec/2021:13:49:34 -0300] "POST /cormun/servlet/licenciaspermisos?f2a309dd8236ed377395862a18327893,INS,0,,,,gx-no-cache=1638463058072 HTTP/1.1" 200 93
190.171.143.90 - - [02/Dec/2021:13:49:34 -0300] "GET /cormun/servlet/hpexe_return? HTTP/1.1" 200 1008
190.171.143.90 - - [02/Dec/2021:13:49:35 -0300] "GET /cormun/servlet/trlicencias HTTP/1.1" 200 12245
190.171.143.90 - - [02/Dec/2021:13:49:35 -0300] "GET /cormun/servlet/trlicencias HTTP/1.1" 200 12240
10.40.40.2 - - [02/Dec/2021:13:49:43 -0300] "GET /cormun/servlet/hlogin HTTP/1.1" 200 1759
190.171.143.90 - - [02/Dec/2021:13:49:54 -0300] "GET /cormun/servlet/trlicenciaspermisosadjuntos?19020342,20211202000000,L, HTTP/1.1" 200 6653
190.171.143.90 - - [02/Dec/2021:13:49:54 -0300] "GET /cormun/servlet/trlicenciaspermisosadjuntos?19020342,20211202000000,L, HTTP/1.1" 200 6654
190.171.143.90 - - [02/Dec/2021:13:49:57 -0300] "GET /cormun/servlet/licenciaspermisosadjuntos?INS,19020342,L,20211202000000,, HTTP/1.1" 200 5947
190.171.143.90 - - [02/Dec/2021:13:49:58 -0300] "GET /cormun/static/about:blank HTTP/1.1" 404 1011
190.171.143.90 - - [02/Dec/2021:13:49:58 -0300] "GET /cormun/servlet/licenciaspermisosadjuntos?INS,19020342,L,20211202000000,, HTTP/1.1" 200 5937
10.40.40.2 - - [02/Dec/2021:13:50:41 -0300] "POST /cormun/servlet/hlogin?2392c1db10466dbcf78a1288fe2d8442,gx-no-cache=1638463018688 HTTP/1.1" 200 90
10.40.40.2 - - [02/Dec/2021:13:50:41 -0300] "GET /cormun/servlet/hpexe_link HTTP/1.1" 200 951
10.40.40.2 - - [02/Dec/2021:13:50:41 -0300] "GET /cormun/servlet/hhome HTTP/1.1" 200 4187
10.40.40.2 - - [02/Dec/2021:13:50:41 -0300] "GET /cormun/servlet/hhome HTTP/1.1" 200 4185
10.40.40.2 - - [02/Dec/2021:13:50:44 -0300] "GET /cormun/servlet/trautorizarsolicitud? HTTP/1.1" 200 7295
10.40.40.2 - - [02/Dec/2021:13:50:44 -0300] "GET /cormun/servlet/trautorizarsolicitud? HTTP/1.1" 200 7295
10.40.40.2 - - [02/Dec/2021:13:50:51 -0300] "GET /cormun/servlet/trsolicitudot? HTTP/1.1" 200 9819
10.40.40.2 - - [02/Dec/2021:13:50:51 -0300] "GET /cormun/static/gxcfg.js?201991910464971 HTTP/1.1" 200 953
10.40.40.2 - - [02/Dec/2021:13:50:51 -0300] "GET /cormun/static/Resources/PXToolsAddAllAction.png HTTP/1.1" 200 495
10.40.40.2 - - [02/Dec/2021:13:50:51 -0300] "GET /cormun/static/trsolicitudot.js?201991910465845 HTTP/1.1" 200 54041
10.40.40.2 - - [02/Dec/2021:13:50:52 -0300] "GET /cormun/servlet/trsolicitudot? HTTP/1.1" 200 9819
10.40.40.2 - - [02/Dec/2021:13:51:09 -0300] "GET /cormun/servlet/vesolicitudot?2021,17814,, HTTP/1.1" 200 8568
10.40.40.2 - - [02/Dec/2021:13:51:09 -0300] "GET /cormun/static/gxcfg.js?201991422423914 HTTP/1.1" 200 953
10.40.40.2 - - [02/Dec/2021:13:51:09 -0300] "GET /cormun/pexe_scrolldiv.js HTTP/1.1" 404 1009
10.40.40.2 - - [02/Dec/2021:13:51:09 -0300] "GET /cormun/static/tbsolicitudot01.js?20201214462316 HTTP/1.1" 200 30566
10.40.40.2 - - [02/Dec/2021:13:51:09 -0300] "GET /cormun/static/vesolicitudot.js?201991422423984 HTTP/1.1" 200 6091
10.40.40.2 - - [02/Dec/2021:13:51:09 -0300] "GET /cormun/servlet/vesolicitudot?2021,17814,, HTTP/1.1" 200 8568
10.40.40.2 - - [02/Dec/2021:13:51:12 -0300] "GET /cormun/servlet/vesolicitudot?2021,17814,,SolicitudOTLog HTTP/1.1" 200 7397
10.40.40.2 - - [02/Dec/2021:13:51:12 -0300] "GET /cormun/pexe_scrolldiv.js HTTP/1.1" 404 1009
10.40.40.2 - - [02/Dec/2021:13:51:12 -0300] "GET /cormun/static/tbsolicitudot03.js?201991422145967 HTTP/1.1" 200 13332
10.40.40.2 - - [02/Dec/2021:13:51:12 -0300] "GET /cormun/servlet/vesolicitudot?2021,17814,,SolicitudOTLog HTTP/1.1" 200 7397
10.40.40.2 - - [02/Dec/2021:13:51:13 -0300] "POST /cormun/servlet/acontrolpreferencessavestate?None,IC-D30,true HTTP/1.1" 200 35
10.40.40.2 - - [02/Dec/2021:13:51:14 -0300] "GET /cormun/servlet/vesolicitudot?2021,17814,,SolicitudOTAdjuntos HTTP/1.1" 200 7578
10.40.40.2 - - [02/Dec/2021:13:51:14 -0300] "GET /cormun/static/tbsolicitudot02.js?20199142224537 HTTP/1.1" 200 15626
10.40.40.2 - - [02/Dec/2021:13:51:14 -0300] "GET /cormun/pexe_scrolldiv.js HTTP/1.1" 404 1009
10.40.40.2 - - [02/Dec/2021:13:51:14 -0300] "GET /cormun/static/Resources/PXToolsGridNew.png HTTP/1.1" 200 427
10.40.40.2 - - [02/Dec/2021:13:51:14 -0300] "GET /cormun/servlet/vesolicitudot?2021,17814,,SolicitudOTAdjuntos HTTP/1.1" 200 7578
10.40.40.2 - - [02/Dec/2021:13:51:15 -0300] "POST /cormun/servlet/acontrolpreferencessavestate?None,IC-D30,true HTTP/1.1" 200 35
10.40.40.2 - - [02/Dec/2021:13:51:16 -0300] "GET /cormun/servlet/vesolicitudot?2021,17814,,General HTTP/1.1" 200 8583
10.40.40.2 - - [02/Dec/2021:13:51:16 -0300] "GET /cormun/pexe_scrolldiv.js HTTP/1.1" 404 1009
10.40.40.2 - - [02/Dec/2021:13:51:16 -0300] "GET /cormun/servlet/vesolicitudot?2021,17814,,General HTTP/1.1" 200 8583
190.171.153.26 - - [02/Dec/2021:13:51:17 -0300] "GET /cormun/servlet/hlogin HTTP/1.1" 200 1733
10.40.40.2 - - [02/Dec/2021:13:51:20 -0300] "POST /cormun/servlet/vesolicitudot?2392c1db10466dbcf78a1288fe2d8442,2021,17814,,General,gx-no-cache=1638463057215 HTTP/1.1" 200 90
10.40.40.2 - - [02/Dec/2021:13:51:20 -0300] "GET /cormun/servlet/hpexe_link HTTP/1.1" 200 971
10.40.40.2 - - [02/Dec/2021:13:51:20 -0300] "GET /cormun/servlet/trsolicitudot HTTP/1.1" 200 9829
10.40.40.2 - - [02/Dec/2021:13:51:20 -0300] "GET /cormun/servlet/trsolicitudot HTTP/1.1" 200 9828
10.40.40.2 - - [02/Dec/2021:13:51:24 -0300] "GET /cormun/servlet/vesolicitudot?2021,17814,, HTTP/1.1" 200 8578
10.40.40.2 - - [02/Dec/2021:13:51:24 -0300] "GET /cormun/pexe_scrolldiv.js HTTP/1.1" 404 1009
10.40.40.2 - - [02/Dec/2021:13:51:24 -0300] "GET /cormun/servlet/vesolicitudot?2021,17814,, HTTP/1.1" 200 8578
10.40.40.2 - - [02/Dec/2021:13:51:25 -0300] "GET /cormun/servlet/vesolicitudot?2021,17814,,SolicitudOTAdjuntos HTTP/1.1" 200 7581
10.40.40.2 - - [02/Dec/2021:13:51:25 -0300] "GET /cormun/pexe_scrolldiv.js HTTP/1.1" 404 1009
10.40.40.2 - - [02/Dec/2021:13:51:25 -0300] "GET /cormun/servlet/vesolicitudot?2021,17814,,SolicitudOTAdjuntos HTTP/1.1" 200 7580
10.40.40.2 - - [02/Dec/2021:13:51:26 -0300] "POST /cormun/servlet/acontrolpreferencessavestate?None,IC-D30,true HTTP/1.1" 200 35
10.40.40.2 - - [02/Dec/2021:13:51:30 -0300] "GET /cormun/servlet/vesolicitudot?2021,17814,,General HTTP/1.1" 200 8583
10.40.40.2 - - [02/Dec/2021:13:51:30 -0300] "GET /cormun/pexe_scrolldiv.js HTTP/1.1" 404 1009
10.40.40.2 - - [02/Dec/2021:13:51:30 -0300] "GET /cormun/servlet/vesolicitudot?2021,17814,,General HTTP/1.1" 200 8583
10.40.40.2 - - [02/Dec/2021:13:51:33 -0300] "POST /cormun/servlet/vesolicitudot?2392c1db10466dbcf78a1288fe2d8442,2021,17814,,General,gx-no-cache=1638463070767 HTTP/1.1" 200 90
10.40.40.2 - - [02/Dec/2021:13:51:33 -0300] "GET /cormun/servlet/hpexe_link HTTP/1.1" 200 971
10.40.40.2 - - [02/Dec/2021:13:51:33 -0300] "GET /cormun/servlet/trsolicitudot HTTP/1.1" 200 9829
10.40.40.2 - - [02/Dec/2021:13:51:34 -0300] "GET /cormun/servlet/trsolicitudot HTTP/1.1" 200 9828
10.40.40.2 - - [02/Dec/2021:13:51:46 -0300] "GET /cormun/servlet/vesolicitudot?2021,17829,, HTTP/1.1" 200 8563
10.40.40.2 - - [02/Dec/2021:13:51:46 -0300] "GET /cormun/pexe_scrolldiv.js HTTP/1.1" 404 1009
10.40.40.2 - - [02/Dec/2021:13:51:46 -0300] "GET /cormun/servlet/vesolicitudot?2021,17829,, HTTP/1.1" 200 8563
190.171.142.42 - - [02/Dec/2021:13:51:48 -0300] "GET /cormun/servlet/hlogin HTTP/1.1" 200 1730
10.40.40.2 - - [02/Dec/2021:13:51:50 -0300] "GET /cormun/servlet/vesolicitudot?2021,17829,,SolicitudOTAdjuntos HTTP/1.1" 200 11401
10.40.40.2 - - [02/Dec/2021:13:51:50 -0300] "GET /cormun/pexe_scrolldiv.js HTTP/1.1" 404 1009
10.40.40.2 - - [02/Dec/2021:13:51:50 -0300] "GET /cormun/servlet/vesolicitudot?2021,17829,,SolicitudOTAdjuntos HTTP/1.1" 200 11403
10.40.40.2 - - [02/Dec/2021:13:51:51 -0300] "POST /cormun/servlet/acontrolpreferencessavestate?None,IC-D30,true HTTP/1.1" 200 35
10.40.40.2 - - [02/Dec/2021:13:51:53 -0300] "POST /cormun/servlet/vesolicitudot?2392c1db10466dbcf78a1288fe2d8442,2021,17829,,SolicitudOTAdjuntos,gx-no-cache=1638463090709 HTTP/1.1" 200 90
10.40.40.2 - - [02/Dec/2021:13:51:53 -0300] "GET /cormun/servlet/hpexe_link HTTP/1.1" 200 978
10.40.40.2 - - [02/Dec/2021:13:51:53 -0300] "GET /cormun/servlet/trsolicitudot HTTP/1.1" 200 9829
10.40.40.2 - - [02/Dec/2021:13:51:53 -0300] "GET /cormun/servlet/trsolicitudot HTTP/1.1" 200 9828
190.171.142.42 - - [02/Dec/2021:13:52:08 -0300] "POST /cormun/servlet/hlogin?d13b33a545351475ae7341ceb29730cf,gx-no-cache=1638463209996 HTTP/1.1" 200 428
10.40.40.2 - - [02/Dec/2021:13:52:17 -0300] "POST /cormun/servlet/trsolicitudot?2392c1db10466dbcf78a1288fe2d8442,gx-no-cache=1638463114427 HTTP/1.1" 200 7192
10.40.40.2 - - [02/Dec/2021:13:52:17 -0300] "GET /cormun/static/Shared/jqueryui/images/ui-bg_highlight-soft_100_c6c2c8_1x100.png HTTP/1.1" 404 1117
10.40.40.2 - - [02/Dec/2021:13:52:17 -0300] "GET /cormun/static/Shared/jqueryui/images/ui-icons_82798d_256x240.png HTTP/1.1" 404 1089
10.40.40.2 - - [02/Dec/2021:13:52:17 -0300] "GET /cormun/static/Shared/jqueryui/images/ui-bg_flat_55_fafafa_40x100.png HTTP/1.1" 404 1097
10.40.40.2 - - [02/Dec/2021:13:52:17 -0300] "GET /cormun/static/Shared/jqueryui/images/ui-icons_8d78a5_256x240.png HTTP/1.1" 404 1089
190.171.142.42 - - [02/Dec/2021:13:52:25 -0300] "POST /cormun/servlet/hlogin?d13b33a545351475ae7341ceb29730cf,gx-no-cache=1638463226750 HTTP/1.1" 200 90
190.171.142.42 - - [02/Dec/2021:13:52:25 -0300] "GET /cormun/servlet/hpexe_link HTTP/1.1" 200 956
190.171.142.42 - - [02/Dec/2021:13:52:25 -0300] "GET /cormun/servlet/hhome HTTP/1.1" 200 4202
190.171.142.42 - - [02/Dec/2021:13:52:25 -0300] "GET /cormun/servlet/hhome HTTP/1.1" 200 4200
10.40.40.2 - - [02/Dec/2021:13:52:26 -0300] "GET /cormun/servlet/vesolicitudot?2021,17829,, HTTP/1.1" 200 8563
10.40.40.2 - - [02/Dec/2021:13:52:26 -0300] "GET /cormun/pexe_scrolldiv.js HTTP/1.1" 404 1009
10.40.40.2 - - [02/Dec/2021:13:52:26 -0300] "GET /cormun/servlet/vesolicitudot?2021,17829,, HTTP/1.1" 200 8563
10.40.40.2 - - [02/Dec/2021:13:52:28 -0300] "GET /cormun/servlet/vesolicitudot?2021,17829,,SolicitudOTAdjuntos HTTP/1.1" 200 11401
10.40.40.2 - - [02/Dec/2021:13:52:28 -0300] "GET /cormun/pexe_scrolldiv.js HTTP/1.1" 404 1009
10.40.40.2 - - [02/Dec/2021:13:52:28 -0300] "GET /cormun/servlet/vesolicitudot?2021,17829,,SolicitudOTAdjuntos HTTP/1.1" 200 11404
10.40.40.2 - - [02/Dec/2021:13:52:29 -0300] "POST /cormun/servlet/acontrolpreferencessavestate?None,IC-D30,true HTTP/1.1" 200 35
10.40.40.2 - - [02/Dec/2021:13:52:43 -0300] "GET /cormun/servlet/solicitudotadjuntos?INS,2021,17829,,1, HTTP/1.1" 200 6255
10.40.40.2 - - [02/Dec/2021:13:52:43 -0300] "GET /cormun/static/calendar-system.css?85620 HTTP/1.1" 200 5572
10.40.40.2 - - [02/Dec/2021:13:52:43 -0300] "GET /cormun/static/gxcfg.js?202012157947 HTTP/1.1" 200 953
10.40.40.2 - - [02/Dec/2021:13:52:43 -0300] "GET /cormun/static/about:blank HTTP/1.1" 404 1011
10.40.40.2 - - [02/Dec/2021:13:52:43 -0300] "GET /cormun/static/solicitudotadjuntos.js?202012157966 HTTP/1.1" 200 11771
10.40.40.2 - - [02/Dec/2021:13:52:43 -0300] "GET /cormun/servlet/solicitudotadjuntos?INS,2021,17829,,1, HTTP/1.1" 200 6247
10.40.40.2 - - [02/Dec/2021:13:52:43 -0300] "GET /cormun/servlet/solicitudotadjuntos?5ba20dda33bd90bc03135636419e5b3835e75f205c1c2142f913ca211856a48a2623e53e36ce38f0220ce36f3832473a,gx-no-cache=1638463141174 HTTP/1.1" 200 30
10.40.40.2 - - [02/Dec/2021:13:52:44 -0300] "POST /cormun/servlet/solicitudotadjuntos?2392c1db10466dbcf78a1288fe2d8442,INS,2021,17829,,1,,gx-no-cache=1638463141196 HTTP/1.1" 200 4155
190.171.143.90 - - [02/Dec/2021:13:52:46 -0300] "POST /cormun/servlet/licenciaspermisosadjuntos?f2a309dd8236ed377395862a18327893,INS,19020342,L,20211202000000,,,gx-no-cache=1638463250082 HTTP/1.1" 200 93
190.171.143.90 - - [02/Dec/2021:13:52:46 -0300] "GET /cormun/servlet/hpexe_return? HTTP/1.1" 200 1038
190.171.143.90 - - [02/Dec/2021:13:52:46 -0300] "GET /cormun/servlet/trlicenciaspermisosadjuntos?19020342,20211202000000,L, HTTP/1.1" 200 6657
190.171.143.90 - - [02/Dec/2021:13:52:46 -0300] "GET /cormun/servlet/trlicenciaspermisosadjuntos?19020342,20211202000000,L, HTTP/1.1" 200 6654
10.40.40.2 - - [02/Dec/2021:13:52:48 -0300] "POST /cormun/servlet/solicitudotadjuntos?2392c1db10466dbcf78a1288fe2d8442,INS,2021,17829,,1,,gx-no-cache=1638463145217 HTTP/1.1" 200 93
10.40.40.2 - - [02/Dec/2021:13:52:48 -0300] "GET /cormun/servlet/hpexe_return? HTTP/1.1" 200 1032
10.40.40.2 - - [02/Dec/2021:13:52:48 -0300] "GET /cormun/static/hpexe_return.js?201991422392984 HTTP/1.1" 200 1633
10.40.40.2 - - [02/Dec/2021:13:52:48 -0300] "GET /cormun/static/gxcfg.js?201991422392976 HTTP/1.1" 200 953
10.40.40.2 - - [02/Dec/2021:13:52:48 -0300] "GET /cormun/servlet/vesolicitudot?2021,17829,,SolicitudOTAdjuntos HTTP/1.1" 200 11396
10.40.40.2 - - [02/Dec/2021:13:52:48 -0300] "GET /cormun/pexe_scrolldiv.js HTTP/1.1" 404 1009
10.40.40.2 - - [02/Dec/2021:13:52:48 -0300] "GET /cormun/servlet/vesolicitudot?2021,17829,,SolicitudOTAdjuntos HTTP/1.1" 200 11403
10.40.40.2 - - [02/Dec/2021:13:52:49 -0300] "POST /cormun/servlet/acontrolpreferencessavestate?None,IC-D30,true HTTP/1.1" 200 35
10.40.40.2 - - [02/Dec/2021:13:52:52 -0300] "GET /cormun/servlet/vesolicitudot?2021,17829,,General HTTP/1.1" 200 8568
10.40.40.2 - - [02/Dec/2021:13:52:52 -0300] "GET /cormun/pexe_scrolldiv.js HTTP/1.1" 404 1009
10.40.40.2 - - [02/Dec/2021:13:52:52 -0300] "GET /cormun/servlet/vesolicitudot?2021,17829,,General HTTP/1.1" 200 8568
190.171.143.90 - - [02/Dec/2021:13:52:56 -0300] "GET /cormun/servlet/licenciaspermisosadjuntos?INS,19020342,L,20211202000000,, HTTP/1.1" 200 5947
190.171.143.90 - - [02/Dec/2021:13:52:56 -0300] "GET /cormun/static/about:blank HTTP/1.1" 404 1011
190.171.143.90 - - [02/Dec/2021:13:52:56 -0300] "GET /cormun/servlet/licenciaspermisosadjuntos?INS,19020342,L,20211202000000,, HTTP/1.1" 200 5937
10.40.40.2 - - [02/Dec/2021:13:52:58 -0300] "POST /cormun/servlet/vesolicitudot?2392c1db10466dbcf78a1288fe2d8442,2021,17829,,General,gx-no-cache=1638463155371 HTTP/1.1" 200 90
10.40.40.2 - - [02/Dec/2021:13:52:58 -0300] "GET /cormun/servlet/hpexe_link HTTP/1.1" 200 992
10.40.40.2 - - [02/Dec/2021:13:52:58 -0300] "GET /cormun/servlet/trsolicitudot?gx-no-cache=1638463114427 HTTP/1.1" 200 9829
10.40.40.2 - - [02/Dec/2021:13:52:58 -0300] "GET /cormun/servlet/trsolicitudot?gx-no-cache=1638463114427 HTTP/1.1" 200 9848
10.40.40.2 - - [02/Dec/2021:13:53:04 -0300] "POST /cormun/servlet/trsolicitudot?2392c1db10466dbcf78a1288fe2d8442,gx-no-cache=1638463114427,gx-no-cache=1638463161456 HTTP/1.1" 200 7192
10.40.40.2 - - [02/Dec/2021:13:53:04 -0300] "GET /cormun/static/Shared/jqueryui/images/ui-icons_82798d_256x240.png HTTP/1.1" 404 1089
10.40.40.2 - - [02/Dec/2021:13:53:04 -0300] "GET /cormun/static/Shared/jqueryui/images/ui-bg_highlight-soft_100_c6c2c8_1x100.png HTTP/1.1" 404 1117
10.40.40.2 - - [02/Dec/2021:13:53:04 -0300] "GET /cormun/static/Shared/jqueryui/images/ui-bg_flat_55_fafafa_40x100.png HTTP/1.1" 404 1097
10.40.40.2 - - [02/Dec/2021:13:53:04 -0300] "GET /cormun/static/Shared/jqueryui/images/ui-icons_8d78a5_256x240.png HTTP/1.1" 404 1089
10.40.40.2 - - [02/Dec/2021:13:53:10 -0300] "POST /cormun/servlet/trsolicitudot?2392c1db10466dbcf78a1288fe2d8442,gx-no-cache=1638463114427,gx-no-cache=1638463167602 HTTP/1.1" 200 107
10.40.40.2 - - [02/Dec/2021:13:53:10 -0300] "GET /cormun/servlet/trsolicitudadjuntos?2021,17829, HTTP/1.1" 200 10121
10.40.40.2 - - [02/Dec/2021:13:53:10 -0300] "GET /cormun/static/gxui/gxui-all.css?120300 HTTP/1.1" 200 2179
10.40.40.2 - - [02/Dec/2021:13:53:10 -0300] "GET /cormun/static/gxcfg.js?20201215574222 HTTP/1.1" 200 953
10.40.40.2 - - [02/Dec/2021:13:53:10 -0300] "GET /cormun/static/trsolicitudadjuntos.js?20201215574932 HTTP/1.1" 200 17922
10.40.40.2 - - [02/Dec/2021:13:53:10 -0300] "GET /cormun/static/Shared/ext/resources/css/ext-all.css?215870 HTTP/1.1" 200 416045
190.171.143.90 - - [02/Dec/2021:13:53:10 -0300] "POST /cormun/servlet/licenciaspermisosadjuntos?f2a309dd8236ed377395862a18327893,INS,19020342,L,20211202000000,, HTTP/1.1" 200 116
190.171.143.90 - - [02/Dec/2021:13:53:10 -0300] "GET /cormun/servlet/hpexe_return? HTTP/1.1" 200 1038
190.171.143.90 - - [02/Dec/2021:13:53:11 -0300] "GET /cormun/servlet/trlicenciaspermisosadjuntos?19020342,20211202000000,L, HTTP/1.1" 200 7197
10.40.40.2 - - [02/Dec/2021:13:53:11 -0300] "GET /cormun/servlet/trsolicitudadjuntos?2021,17829, HTTP/1.1" 200 10104
190.171.143.90 - - [02/Dec/2021:13:53:11 -0300] "GET /cormun/servlet/trlicenciaspermisosadjuntos?19020342,20211202000000,L, HTTP/1.1" 200 7194
10.40.40.2 - - [02/Dec/2021:13:53:17 -0300] "GET /cormun/servlet/solicitudotadjuntos?INS,2021,17829,,1, HTTP/1.1" 200 6246
10.40.40.2 - - [02/Dec/2021:13:53:17 -0300] "GET /cormun/static/about:blank HTTP/1.1" 404 1011
10.40.40.2 - - [02/Dec/2021:13:53:17 -0300] "GET /cormun/servlet/solicitudotadjuntos?INS,2021,17829,,1, HTTP/1.1" 200 6239
10.40.40.2 - - [02/Dec/2021:13:53:17 -0300] "GET /cormun/servlet/solicitudotadjuntos?5ba20dda33bd90bc03135636419e5b3835e75f205c1c2142f913ca211856a48a2623e53e36ce38f0220ce36f3832473a,gx-no-cache=1638463175172 HTTP/1.1" 200 30
10.40.40.2 - - [02/Dec/2021:13:53:18 -0300] "POST /cormun/servlet/solicitudotadjuntos?2392c1db10466dbcf78a1288fe2d8442,INS,2021,17829,,1,,gx-no-cache=1638463175194 HTTP/1.1" 200 4143
10.40.40.2 - - [02/Dec/2021:13:53:21 -0300] "POST /cormun/servlet/solicitudotadjuntos?gx-no-cache=1638463178887 HTTP/1.1" 200 26
190.171.143.90 - - [02/Dec/2021:13:53:22 -0300] "GET /cormun/servlet/trlicencias? HTTP/1.1" 200 12248
190.171.143.90 - - [02/Dec/2021:13:53:23 -0300] "GET /cormun/servlet/trlicencias? HTTP/1.1" 200 12240
190.171.143.90 - - [02/Dec/2021:13:53:30 -0300] "GET /cormun/servlet/trlicenciaspermisosadjuntos?19020342,20211202000000,L, HTTP/1.1" 200 7193
190.171.143.90 - - [02/Dec/2021:13:53:30 -0300] "GET /cormun/servlet/trlicenciaspermisosadjuntos?19020342,20211202000000,L, HTTP/1.1" 200 7194
10.40.40.2 - - [02/Dec/2021:13:53:33 -0300] "POST /cormun/servlet/solicitudotadjuntos?2392c1db10466dbcf78a1288fe2d8442,INS,2021,17829,,1,,gx-no-cache=1638463191178 HTTP/1.1" 200 93
10.40.40.2 - - [02/Dec/2021:13:53:34 -0300] "GET /cormun/servlet/hpexe_return? HTTP/1.1" 200 1026
10.40.40.2 - - [02/Dec/2021:13:53:34 -0300] "GET /cormun/servlet/trsolicitudadjuntos?2021,17829, HTTP/1.1" 200 10105
10.40.40.2 - - [02/Dec/2021:13:53:34 -0300] "GET /cormun/servlet/trsolicitudadjuntos?2021,17829, HTTP/1.1" 200 10104
190.171.143.90 - - [02/Dec/2021:13:53:36 -0300] "GET /cormun/servlet/licenciaspermisosadjuntos?DLT,19020342,L,20211202000000,20211202133835, HTTP/1.1" 200 5993
190.171.143.90 - - [02/Dec/2021:13:53:36 -0300] "GET /cormun/PublicTempStorage/lic.med._sacha_camus9862762.pdf HTTP/1.1" 200 91517
190.171.143.90 - - [02/Dec/2021:13:53:36 -0300] "GET /cormun/static/Shared/jqueryui/images/ui-bg_highlight-soft_100_c6c2c8_1x100.png HTTP/1.1" 404 1117
190.171.143.90 - - [02/Dec/2021:13:53:36 -0300] "GET /cormun/static/Shared/jqueryui/images/ui-icons_82798d_256x240.png HTTP/1.1" 404 1089
190.171.143.90 - - [02/Dec/2021:13:53:36 -0300] "GET /cormun/static/Shared/jqueryui/images/ui-bg_flat_55_fafafa_40x100.png HTTP/1.1" 404 1097
190.171.143.90 - - [02/Dec/2021:13:53:36 -0300] "GET /cormun/static/Shared/jqueryui/images/ui-icons_8d78a5_256x240.png HTTP/1.1" 404 1089
190.171.143.90 - - [02/Dec/2021:13:53:36 -0300] "GET /cormun/servlet/licenciaspermisosadjuntos?DLT,19020342,L,20211202000000,20211202133835, HTTP/1.1" 200 5982
10.40.40.2 - - [02/Dec/2021:13:53:41 -0300] "GET /cormun/PublicTempStorage/foto_copia_de_carne2821953.pdf HTTP/1.1" 200 106115
190.171.143.90 - - [02/Dec/2021:13:53:44 -0300] "GET /cormun/servlet/trlicencias? HTTP/1.1" 200 12259
190.171.143.90 - - [02/Dec/2021:13:53:44 -0300] "GET /cormun/servlet/trlicencias? HTTP/1.1" 200 12240
190.171.142.42 - - [02/Dec/2021:13:53:55 -0300] "GET /cormun/servlet/trautorizarsolicitud? HTTP/1.1" 200 7309
190.171.142.42 - - [02/Dec/2021:13:53:55 -0300] "GET /cormun/static/gxcfg.js?201991422414522 HTTP/1.1" 200 953
190.171.142.42 - - [02/Dec/2021:13:53:55 -0300] "GET /cormun/static/trautorizarsolicitud.js?201991422415463 HTTP/1.1" 200 53910
190.171.142.42 - - [02/Dec/2021:13:53:56 -0300] "GET /cormun/servlet/trautorizarsolicitud? HTTP/1.1" 200 7308
190.171.143.90 - - [02/Dec/2021:13:53:56 -0300] "GET /cormun/servlet/trlicenciaspermisosadjuntos?19853233,20211202000000,L, HTTP/1.1" 200 6656
190.171.143.90 - - [02/Dec/2021:13:53:57 -0300] "GET /cormun/servlet/trlicenciaspermisosadjuntos?19853233,20211202000000,L, HTTP/1.1" 200 6656
10.40.40.2 - - [02/Dec/2021:13:53:57 -0300] "GET /cormun/servlet/trsolicitudadjuntos?2021,17829, HTTP/1.1" 200 10106
10.40.40.2 - - [02/Dec/2021:13:53:57 -0300] "GET /cormun/servlet/trsolicitudadjuntos?2021,17829, HTTP/1.1" 200 10104
190.171.143.90 - - [02/Dec/2021:13:54:00 -0300] "GET /cormun/servlet/licenciaspermisosadjuntos?INS,19853233,L,20211202000000,, HTTP/1.1" 200 5949
190.171.143.90 - - [02/Dec/2021:13:54:00 -0300] "GET /cormun/static/about:blank HTTP/1.1" 404 1011
190.171.143.90 - - [02/Dec/2021:13:54:01 -0300] "GET /cormun/servlet/licenciaspermisosadjuntos?INS,19853233,L,20211202000000,, HTTP/1.1" 200 5938
10.40.40.2 - - [02/Dec/2021:13:54:02 -0300] "POST /cormun/servlet/trsolicitudadjuntos?2392c1db10466dbcf78a1288fe2d8442,2021,17829,,gx-no-cache=1638463219640 HTTP/1.1" 200 90
10.40.40.2 - - [02/Dec/2021:13:54:02 -0300] "GET /cormun/servlet/hpexe_link HTTP/1.1" 200 991
10.40.40.2 - - [02/Dec/2021:13:54:02 -0300] "GET /cormun/servlet/trsolicitudot?gx-no-cache=1638463114427 HTTP/1.1" 200 9829
10.40.40.2 - - [02/Dec/2021:13:54:03 -0300] "GET /cormun/servlet/trsolicitudot?gx-no-cache=1638463114427 HTTP/1.1" 200 9848
190.171.142.42 - - [02/Dec/2021:13:54:13 -0300] "GET /cormun/servlet/hhome HTTP/1.1" 200 4202
190.171.142.42 - - [02/Dec/2021:13:54:13 -0300] "GET /cormun/servlet/hhome HTTP/1.1" 200 4200
190.171.143.90 - - [02/Dec/2021:13:54:23 -0300] "POST /cormun/servlet/licenciaspermisosadjuntos?f2a309dd8236ed377395862a18327893,INS,19853233,L,20211202000000,, HTTP/1.1" 200 116
190.171.143.90 - - [02/Dec/2021:13:54:23 -0300] "GET /cormun/servlet/hpexe_return? HTTP/1.1" 200 1038
190.171.143.90 - - [02/Dec/2021:13:54:24 -0300] "GET /cormun/servlet/trlicenciaspermisosadjuntos?19853233,20211202000000,L, HTTP/1.1" 200 7201
10.40.40.2 - - [02/Dec/2021:13:54:24 -0300] "POST /cormun/servlet/trsolicitudot?2392c1db10466dbcf78a1288fe2d8442,gx-no-cache=1638463114427,gx-no-cache=1638463241402 HTTP/1.1" 200 107
190.171.143.90 - - [02/Dec/2021:13:54:24 -0300] "GET /cormun/servlet/trlicenciaspermisosadjuntos?19853233,20211202000000,L, HTTP/1.1" 200 7197
10.40.40.2 - - [02/Dec/2021:13:54:24 -0300] "GET /cormun/servlet/trsolicitudadjuntos?2021,17829, HTTP/1.1" 200 10119
10.40.40.2 - - [02/Dec/2021:13:54:25 -0300] "GET /cormun/servlet/trsolicitudadjuntos?2021,17829, HTTP/1.1" 200 10102
10.40.40.2 - - [02/Dec/2021:13:54:27 -0300] "GET /cormun/servlet/solicitudotadjuntos?INS,2021,17829,,1, HTTP/1.1" 200 6247
10.40.40.2 - - [02/Dec/2021:13:54:27 -0300] "GET /cormun/static/about:blank HTTP/1.1" 404 1011
10.40.40.2 - - [02/Dec/2021:13:54:28 -0300] "GET /cormun/servlet/solicitudotadjuntos?INS,2021,17829,,1, HTTP/1.1" 200 6240
10.40.40.2 - - [02/Dec/2021:13:54:28 -0300] "GET /cormun/servlet/solicitudotadjuntos?5ba20dda33bd90bc03135636419e5b3835e75f205c1c2142f913ca211856a48a2623e53e36ce38f0220ce36f3832473a,gx-no-cache=1638463245820 HTTP/1.1" 200 30
10.40.40.2 - - [02/Dec/2021:13:54:28 -0300] "POST /cormun/servlet/solicitudotadjuntos?2392c1db10466dbcf78a1288fe2d8442,INS,2021,17829,,1,,gx-no-cache=1638463245837 HTTP/1.1" 200 4145
190.171.143.90 - - [02/Dec/2021:13:54:29 -0300] "GET /cormun/servlet/trlicencias? HTTP/1.1" 200 12240
190.171.143.90 - - [02/Dec/2021:13:54:30 -0300] "GET /cormun/servlet/trlicencias? HTTP/1.1" 200 12240
10.40.40.2 - - [02/Dec/2021:13:54:31 -0300] "POST /cormun/servlet/solicitudotadjuntos?gx-no-cache=1638463249147 HTTP/1.1" 200 26
190.171.143.90 - - [02/Dec/2021:13:54:34 -0300] "GET /cormun/servlet/trlicenciaspermisosadjuntos?19020342,20211202000000,L, HTTP/1.1" 200 7194
190.171.143.90 - - [02/Dec/2021:13:54:34 -0300] "GET /cormun/servlet/trlicenciaspermisosadjuntos?19020342,20211202000000,L, HTTP/1.1" 200 7194
10.40.40.2 - - [02/Dec/2021:13:54:36 -0300] "GET /cormun/servlet/solicitudotadjuntos?5ba20dda33bd90bc03135636419e5b38b6d54dfc213ca818b28d9528ae775a95,gx-no-cache=1638463253787 HTTP/1.1" 200 30
10.40.40.2 - - [02/Dec/2021:13:54:36 -0300] "GET /cormun/servlet/solicitudotadjuntos?5ba20dda33bd90bc03135636419e5b38b6d54dfc213ca818b28d9528ae775a95,gx-no-cache=1638463253800 HTTP/1.1" 200 30
10.40.40.2 - - [02/Dec/2021:13:54:36 -0300] "POST /cormun/servlet/solicitudotadjuntos?2392c1db10466dbcf78a1288fe2d8442,INS,2021,17829,,1, HTTP/1.1" 200 116
10.40.40.2 - - [02/Dec/2021:13:54:36 -0300] "GET /cormun/servlet/hpexe_return? HTTP/1.1" 200 1026
10.40.40.2 - - [02/Dec/2021:13:54:37 -0300] "GET /cormun/servlet/trsolicitudadjuntos?2021,17829, HTTP/1.1" 200 10283
10.40.40.2 - - [02/Dec/2021:13:54:37 -0300] "GET /cormun/servlet/trsolicitudadjuntos?2021,17829, HTTP/1.1" 200 10279
10.40.40.2 - - [02/Dec/2021:13:54:41 -0300] "POST /cormun/servlet/trsolicitudadjuntos?2392c1db10466dbcf78a1288fe2d8442,2021,17829,,gx-no-cache=1638463259023 HTTP/1.1" 200 90
10.40.40.2 - - [02/Dec/2021:13:54:41 -0300] "GET /cormun/servlet/hpexe_link HTTP/1.1" 200 991
10.40.40.2 - - [02/Dec/2021:13:54:41 -0300] "GET /cormun/servlet/trsolicitudot?gx-no-cache=1638463114427 HTTP/1.1" 200 9829
10.40.40.2 - - [02/Dec/2021:13:54:42 -0300] "GET /cormun/servlet/trsolicitudot?gx-no-cache=1638463114427 HTTP/1.1" 200 9848
10.40.40.2 - - [02/Dec/2021:13:54:44 -0300] "POST /cormun/servlet/trsolicitudot?2392c1db10466dbcf78a1288fe2d8442,gx-no-cache=1638463114427,gx-no-cache=1638463261452 HTTP/1.1" 200 7143
10.40.40.2 - - [02/Dec/2021:13:54:44 -0300] "GET /cormun/static/Shared/jqueryui/images/ui-bg_highlight-soft_100_c6c2c8_1x100.png HTTP/1.1" 404 1117
10.40.40.2 - - [02/Dec/2021:13:54:44 -0300] "GET /cormun/static/Shared/jqueryui/images/ui-icons_82798d_256x240.png HTTP/1.1" 404 1089
10.40.40.2 - - [02/Dec/2021:13:54:44 -0300] "GET /cormun/static/Shared/jqueryui/images/ui-bg_flat_55_fafafa_40x100.png HTTP/1.1" 404 1097
10.40.40.2 - - [02/Dec/2021:13:54:44 -0300] "GET /cormun/static/Shared/jqueryui/images/ui-icons_8d78a5_256x240.png HTTP/1.1" 404 1089
190.171.143.90 - - [02/Dec/2021:13:54:46 -0300] "GET /cormun/servlet/trlicencias? HTTP/1.1" 200 12248
190.171.143.90 - - [02/Dec/2021:13:54:46 -0300] "GET /cormun/servlet/trlicencias? HTTP/1.1" 200 12240
190.171.143.90 - - [02/Dec/2021:13:54:50 -0300] "GET /cormun/servlet/alicenciaprn?19853233,L,20211202000000,PU HTTP/1.1" 200 1551
10.40.40.2 - - [02/Dec/2021:13:55:01 -0300] "GET /cormun/servlet/vesolicitudot?2021,17829,, HTTP/1.1" 200 8584
10.40.40.2 - - [02/Dec/2021:13:55:01 -0300] "GET /cormun/pexe_scrolldiv.js HTTP/1.1" 404 1009
10.40.40.2 - - [02/Dec/2021:13:55:01 -0300] "GET /cormun/servlet/vesolicitudot?2021,17829,, HTTP/1.1" 200 8563
10.40.40.2 - - [02/Dec/2021:13:55:03 -0300] "GET /cormun/servlet/vesolicitudot?2021,17829,,SolicitudOTAdjuntos HTTP/1.1" 200 11577
10.40.40.2 - - [02/Dec/2021:13:55:03 -0300] "GET /cormun/pexe_scrolldiv.js HTTP/1.1" 404 1009
10.40.40.2 - - [02/Dec/2021:13:55:04 -0300] "GET /cormun/servlet/vesolicitudot?2021,17829,,SolicitudOTAdjuntos HTTP/1.1" 200 11577
10.40.40.2 - - [02/Dec/2021:13:55:04 -0300] "POST /cormun/servlet/acontrolpreferencessavestate?None,IC-D30,true HTTP/1.1" 200 35
190.171.143.90 - - [02/Dec/2021:13:55:10 -0300] "GET /cormun/servlet/trlicenciaspermisosadjuntos?19020342,20211202000000,L, HTTP/1.1" 200 7194
190.171.143.90 - - [02/Dec/2021:13:55:10 -0300] "GET /cormun/servlet/trlicenciaspermisosadjuntos?19020342,20211202000000,L, HTTP/1.1" 200 7195
10.40.40.2 - - [02/Dec/2021:13:55:12 -0300] "GET /cormun/servlet/solicitudotadjuntos?INS,2021,17829,,1, HTTP/1.1" 200 6256
10.40.40.2 - - [02/Dec/2021:13:55:13 -0300] "GET /cormun/static/about:blank HTTP/1.1" 404 1011
10.40.40.2 - - [02/Dec/2021:13:55:13 -0300] "GET /cormun/servlet/solicitudotadjuntos?INS,2021,17829,,1, HTTP/1.1" 200 6248
10.40.40.2 - - [02/Dec/2021:13:55:13 -0300] "GET /cormun/servlet/solicitudotadjuntos?5ba20dda33bd90bc03135636419e5b3835e75f205c1c2142f913ca211856a48a2623e53e36ce38f0220ce36f3832473a,gx-no-cache=1638463290760 HTTP/1.1" 200 30
10.40.40.2 - - [02/Dec/2021:13:55:13 -0300] "POST /cormun/servlet/solicitudotadjuntos?2392c1db10466dbcf78a1288fe2d8442,INS,2021,17829,,1,,gx-no-cache=1638463290777 HTTP/1.1" 200 4153
190.171.143.90 - - [02/Dec/2021:13:55:16 -0300] "GET /cormun/servlet/trlicencias? HTTP/1.1" 200 12248
190.171.143.90 - - [02/Dec/2021:13:55:16 -0300] "GET /cormun/servlet/trlicencias? HTTP/1.1" 200 12240
10.40.40.2 - - [02/Dec/2021:13:55:17 -0300] "POST /cormun/servlet/solicitudotadjuntos?gx-no-cache=1638463294323 HTTP/1.1" 200 26
190.171.143.90 - - [02/Dec/2021:13:55:20 -0300] "GET /cormun/servlet/alicenciaprn?19020342,L,20211202000000,PU HTTP/1.1" 200 1557
10.40.40.2 - - [02/Dec/2021:13:55:23 -0300] "GET /cormun/servlet/solicitudotadjuntos?5ba20dda33bd90bc03135636419e5b38b6d54dfc213ca818b28d9528ae775a95,gx-no-cache=1638463300856 HTTP/1.1" 200 30
10.40.40.2 - - [02/Dec/2021:13:55:23 -0300] "GET /cormun/servlet/solicitudotadjuntos?5ba20dda33bd90bc03135636419e5b38b6d54dfc213ca818b28d9528ae775a95,gx-no-cache=1638463300869 HTTP/1.1" 200 30
10.40.40.2 - - [02/Dec/2021:13:55:23 -0300] "POST /cormun/servlet/solicitudotadjuntos?2392c1db10466dbcf78a1288fe2d8442,INS,2021,17829,,1, HTTP/1.1" 200 116
10.40.40.2 - - [02/Dec/2021:13:55:23 -0300] "GET /cormun/servlet/hpexe_return? HTTP/1.1" 200 1032
10.40.40.2 - - [02/Dec/2021:13:55:24 -0300] "GET /cormun/servlet/vesolicitudot?2021,17829,,SolicitudOTAdjuntos HTTP/1.1" 200 11704
10.40.40.2 - - [02/Dec/2021:13:55:24 -0300] "GET /cormun/pexe_scrolldiv.js HTTP/1.1" 404 1009
10.40.40.2 - - [02/Dec/2021:13:55:24 -0300] "GET /cormun/servlet/vesolicitudot?2021,17829,,SolicitudOTAdjuntos HTTP/1.1" 200 11713
10.40.40.2 - - [02/Dec/2021:13:55:25 -0300] "POST /cormun/servlet/acontrolpreferencessavestate?None,IC-D30,true HTTP/1.1" 200 35
10.40.40.2 - - [02/Dec/2021:13:55:31 -0300] "GET /cormun/servlet/solicitudotadjuntos?INS,2021,17829,,1, HTTP/1.1" 200 6255
10.40.40.2 - - [02/Dec/2021:13:55:31 -0300] "GET /cormun/static/about:blank HTTP/1.1" 404 1011
10.40.40.2 - - [02/Dec/2021:13:55:31 -0300] "GET /cormun/servlet/solicitudotadjuntos?INS,2021,17829,,1, HTTP/1.1" 200 6247
10.40.40.2 - - [02/Dec/2021:13:55:31 -0300] "GET /cormun/servlet/solicitudotadjuntos?5ba20dda33bd90bc03135636419e5b3835e75f205c1c2142f913ca211856a48a2623e53e36ce38f0220ce36f3832473a,gx-no-cache=1638463309148 HTTP/1.1" 200 30
10.40.40.2 - - [02/Dec/2021:13:55:32 -0300] "POST /cormun/servlet/solicitudotadjuntos?2392c1db10466dbcf78a1288fe2d8442,INS,2021,17829,,1,,gx-no-cache=1638463309168 HTTP/1.1" 200 4152
10.40.40.2 - - [02/Dec/2021:13:55:35 -0300] "POST /cormun/servlet/solicitudotadjuntos?gx-no-cache=1638463313105 HTTP/1.1" 200 26
10.40.40.2 - - [02/Dec/2021:13:55:42 -0300] "GET /cormun/servlet/solicitudotadjuntos?5ba20dda33bd90bc03135636419e5b38b6d54dfc213ca818b28d9528ae775a95,gx-no-cache=1638463319445 HTTP/1.1" 200 30
10.40.40.2 - - [02/Dec/2021:13:55:42 -0300] "GET /cormun/servlet/solicitudotadjuntos?5ba20dda33bd90bc03135636419e5b38b6d54dfc213ca818b28d9528ae775a95,gx-no-cache=1638463319464 HTTP/1.1" 200 30
10.40.40.2 - - [02/Dec/2021:13:55:42 -0300] "POST /cormun/servlet/solicitudotadjuntos?2392c1db10466dbcf78a1288fe2d8442,INS,2021,17829,,1, HTTP/1.1" 200 116
10.40.40.2 - - [02/Dec/2021:13:55:42 -0300] "GET /cormun/servlet/hpexe_return? HTTP/1.1" 200 1032
10.40.40.2 - - [02/Dec/2021:13:55:42 -0300] "GET /cormun/servlet/vesolicitudot?2021,17829,,SolicitudOTAdjuntos HTTP/1.1" 200 11836
10.40.40.2 - - [02/Dec/2021:13:55:42 -0300] "GET /cormun/pexe_scrolldiv.js HTTP/1.1" 404 1009
10.40.40.2 - - [02/Dec/2021:13:55:43 -0300] "GET /cormun/servlet/vesolicitudot?2021,17829,,SolicitudOTAdjuntos HTTP/1.1" 200 11840
10.40.40.2 - - [02/Dec/2021:13:55:43 -0300] "POST /cormun/servlet/acontrolpreferencessavestate?None,IC-D30,true HTTP/1.1" 200 35
10.40.40.2 - - [02/Dec/2021:13:55:46 -0300] "POST /cormun/servlet/vesolicitudot?2392c1db10466dbcf78a1288fe2d8442,2021,17829,,SolicitudOTAdjuntos,gx-no-cache=1638463324126 HTTP/1.1" 200 90
10.40.40.2 - - [02/Dec/2021:13:55:46 -0300] "GET /cormun/servlet/hpexe_link HTTP/1.1" 200 998
10.40.40.2 - - [02/Dec/2021:13:55:47 -0300] "GET /cormun/servlet/trsolicitudot?gx-no-cache=1638463114427 HTTP/1.1" 200 9829
10.40.40.2 - - [02/Dec/2021:13:55:47 -0300] "GET /cormun/servlet/trsolicitudot?gx-no-cache=1638463114427 HTTP/1.1" 200 9848
10.40.40.2 - - [02/Dec/2021:13:55:50 -0300] "POST /cormun/servlet/trsolicitudot?2392c1db10466dbcf78a1288fe2d8442,gx-no-cache=1638463114427,gx-no-cache=1638463327228 HTTP/1.1" 200 6664
10.40.40.2 - - [02/Dec/2021:13:55:50 -0300] "GET /cormun/static/Shared/jqueryui/images/ui-icons_82798d_256x240.png HTTP/1.1" 404 1089
10.40.40.2 - - [02/Dec/2021:13:55:50 -0300] "GET /cormun/static/Shared/jqueryui/images/ui-bg_highlight-soft_100_c6c2c8_1x100.png HTTP/1.1" 404 1117
10.40.40.2 - - [02/Dec/2021:13:55:50 -0300] "GET /cormun/static/Shared/jqueryui/images/ui-bg_flat_55_fafafa_40x100.png HTTP/1.1" 404 1097
10.40.40.2 - - [02/Dec/2021:13:55:50 -0300] "GET /cormun/static/Shared/jqueryui/images/ui-icons_8d78a5_256x240.png HTTP/1.1" 404 1089
10.40.40.2 - - [02/Dec/2021:13:55:50 -0300] "POST /cormun/servlet/trsolicitudot?2392c1db10466dbcf78a1288fe2d8442,gx-no-cache=1638463114427,gx-no-cache=1638463327418 HTTP/1.1" 200 6607
157.55.39.136 - - [02/Dec/2021:13:55:59 -0300] "GET /cormun/servlet/trsolicitudot HTTP/1.1" 200 6304
207.46.13.117 - - [02/Dec/2021:13:56:20 -0300] "GET /cormun/static/hwchdr01.js?20201214473739 HTTP/1.1" 200 996
40.77.167.55 - - [02/Dec/2021:13:56:20 -0300] "GET /cormun/static/PXToolsJavascripts/pexe_cookies.js HTTP/1.1" 200 792
40.77.167.73 - - [02/Dec/2021:13:56:21 -0300] "GET /cormun/static/RunJS/RunJS.js HTTP/1.1" 200 288
40.77.167.55 - - [02/Dec/2021:13:56:21 -0300] "GET /cormun/static/gxcfg.js?201991910464971 HTTP/1.1" 200 953
207.46.13.30 - - [02/Dec/2021:13:56:24 -0300] "GET /cormun/static/trsolicitudot.js?201991910465845 HTTP/1.1" 200 54041
10.40.40.2 - - [02/Dec/2021:13:57:13 -0300] "GET /cormun/servlet/trsolicitudot? HTTP/1.1" 200 9425
10.40.40.2 - - [02/Dec/2021:13:57:14 -0300] "GET /cormun/servlet/trsolicitudot? HTTP/1.1" 200 9405
10.40.40.2 - - [02/Dec/2021:13:58:07 -0300] "POST /cormun/servlet/trsolicitudot?2392c1db10466dbcf78a1288fe2d8442,,gx-no-cache=1638463464322 HTTP/1.1" 200 6637
10.40.40.2 - - [02/Dec/2021:13:58:07 -0300] "POST /cormun/servlet/trsolicitudot?2392c1db10466dbcf78a1288fe2d8442,,gx-no-cache=1638463464579 HTTP/1.1" 200 6638
10.40.40.2 - - [02/Dec/2021:13:58:07 -0300] "POST /cormun/servlet/trsolicitudot?2392c1db10466dbcf78a1288fe2d8442,,gx-no-cache=1638463464836 HTTP/1.1" 200 6637
10.40.40.2 - - [02/Dec/2021:13:58:07 -0300] "POST /cormun/servlet/trsolicitudot?2392c1db10466dbcf78a1288fe2d8442,,gx-no-cache=1638463465061 HTTP/1.1" 200 6637
10.40.40.2 - - [02/Dec/2021:13:58:08 -0300] "POST /cormun/servlet/trsolicitudot?2392c1db10466dbcf78a1288fe2d8442,,gx-no-cache=1638463465283 HTTP/1.1" 200 6637
10.40.40.2 - - [02/Dec/2021:13:58:08 -0300] "POST /cormun/servlet/trsolicitudot?2392c1db10466dbcf78a1288fe2d8442,,gx-no-cache=1638463465514 HTTP/1.1" 200 6637
