190.114.60.149 - - [30/Nov/2021:11:32:09 -0300] "GET /cormun/servlet/trautorizarsolicitud? HTTP/1.1" 200 7295
190.114.60.149 - - [30/Nov/2021:11:32:10 -0300] "GET /cormun/servlet/trautorizarsolicitud? HTTP/1.1" 200 7295
190.114.60.149 - - [30/Nov/2021:11:32:18 -0300] "POST /cormun/servlet/trautorizarsolicitud?bb37c4feca69ddaa0664c929f0b32f11,,gx-no-cache=1638282019297 HTTP/1.1" 200 7302
205.185.121.173 - - [30/Nov/2021:11:33:15 -0300] "GET /manager/html HTTP/1.1" 401 2474
190.114.60.149 - - [30/Nov/2021:11:34:42 -0300] "GET /cormun/servlet/trautorizarsolicitud? HTTP/1.1" 200 10002
190.114.60.149 - - [30/Nov/2021:11:34:43 -0300] "GET /cormun/servlet/trautorizarsolicitud? HTTP/1.1" 200 10002
190.114.60.149 - - [30/Nov/2021:11:35:02 -0300] "POST /cormun/servlet/trautorizarsolicitud?bb37c4feca69ddaa0664c929f0b32f11,,gx-no-cache=1638282182458 HTTP/1.1" 200 4569
190.114.60.149 - - [30/Nov/2021:11:35:13 -0300] "POST /cormun/servlet/trautorizarsolicitud?bb37c4feca69ddaa0664c929f0b32f11,,gx-no-cache=1638282194256 HTTP/1.1" 200 4569
190.114.60.149 - - [30/Nov/2021:11:35:16 -0300] "POST /cormun/servlet/trautorizarsolicitud?bb37c4feca69ddaa0664c929f0b32f11,,gx-no-cache=1638282196671 HTTP/1.1" 200 4569
190.114.60.149 - - [30/Nov/2021:11:35:17 -0300] "POST /cormun/servlet/trautorizarsolicitud?bb37c4feca69ddaa0664c929f0b32f11,,gx-no-cache=1638282197820 HTTP/1.1" 200 4569
190.114.60.149 - - [30/Nov/2021:11:35:55 -0300] "POST /cormun/servlet/trautorizarsolicitud?bb37c4feca69ddaa0664c929f0b32f11,,gx-no-cache=1638282234765 HTTP/1.1" 200 4577
205.185.121.173 - - [30/Nov/2021:11:35:56 -0300] "GET /manager/html HTTP/1.1" 401 2474
190.114.60.149 - - [30/Nov/2021:11:36:05 -0300] "GET /cormun/static/menuarrow.gif HTTP/1.1" 404 1015
190.114.60.149 - - [30/Nov/2021:11:36:33 -0300] "POST /cormun/servlet/trautorizarsolicitud?bb37c4feca69ddaa0664c929f0b32f11,,gx-no-cache=1638282272100 HTTP/1.1" 200 4576
190.171.153.34 - - [30/Nov/2021:11:36:40 -0300] "GET /cormun/servlet/trlicencias? HTTP/1.1" 200 7329
190.171.153.34 - - [30/Nov/2021:11:36:41 -0300] "GET /cormun/servlet/trlicencias? HTTP/1.1" 200 7329
190.114.60.149 - - [30/Nov/2021:11:36:57 -0300] "GET /cormun/servlet/trsolicitudot? HTTP/1.1" 200 9396
190.171.149.74 - - [30/Nov/2021:11:36:57 -0300] "GET /cormun/servlet/hlogin HTTP/1.1" 200 1727
190.114.60.149 - - [30/Nov/2021:11:36:58 -0300] "GET /cormun/servlet/trsolicitudot? HTTP/1.1" 200 9395
190.171.149.74 - - [30/Nov/2021:11:37:03 -0300] "POST /cormun/servlet/hlogin?ab3e1e051a319d173498792edfa28cbf,gx-no-cache=1638285957963 HTTP/1.1" 200 90
190.171.149.74 - - [30/Nov/2021:11:37:03 -0300] "GET /cormun/servlet/hpexe_link HTTP/1.1" 200 958
190.171.149.74 - - [30/Nov/2021:11:37:03 -0300] "GET /cormun/servlet/trlicencias HTTP/1.1" 200 11020
190.171.149.74 - - [30/Nov/2021:11:37:03 -0300] "GET /cormun/servlet/trlicencias HTTP/1.1" 200 11018
190.171.149.74 - - [30/Nov/2021:11:37:07 -0300] "GET /cormun/servlet/trlicenciaspermisosadjuntos?13944631,20211130000000,L, HTTP/1.1" 200 6332
190.171.149.74 - - [30/Nov/2021:11:37:08 -0300] "GET /cormun/servlet/trlicenciaspermisosadjuntos?13944631,20211130000000,L, HTTP/1.1" 200 6333
190.171.149.74 - - [30/Nov/2021:11:37:10 -0300] "GET /cormun/servlet/trlicencias? HTTP/1.1" 200 11013
190.171.149.74 - - [30/Nov/2021:11:37:10 -0300] "GET /cormun/servlet/trlicencias? HTTP/1.1" 200 11012
190.171.149.74 - - [30/Nov/2021:11:37:14 -0300] "GET /cormun/servlet/trlicenciaspermisosadjuntos?13944631,20211130000000,L, HTTP/1.1" 200 6332
190.171.149.74 - - [30/Nov/2021:11:37:14 -0300] "GET /cormun/servlet/trlicenciaspermisosadjuntos?13944631,20211130000000,L, HTTP/1.1" 200 6333
190.171.149.74 - - [30/Nov/2021:11:37:16 -0300] "GET /cormun/servlet/licenciaspermisosadjuntos?INS,13944631,L,20211130000000,, HTTP/1.1" 200 5623
190.171.149.74 - - [30/Nov/2021:11:37:16 -0300] "GET /cormun/static/about:blank HTTP/1.1" 404 1011
190.171.149.74 - - [30/Nov/2021:11:37:16 -0300] "GET /cormun/servlet/licenciaspermisosadjuntos?INS,13944631,L,20211130000000,, HTTP/1.1" 200 5612
190.114.60.149 - - [30/Nov/2021:11:37:22 -0300] "POST /cormun/servlet/trsolicitudot?bb37c4feca69ddaa0664c929f0b32f11,,gx-no-cache=1638282321410 HTTP/1.1" 200 4646
190.114.60.149 - - [30/Nov/2021:11:37:25 -0300] "POST /cormun/servlet/trsolicitudot?bb37c4feca69ddaa0664c929f0b32f11,,gx-no-cache=1638282325804 HTTP/1.1" 200 4646
190.114.60.149 - - [30/Nov/2021:11:37:31 -0300] "GET /cormun/servlet/solicitudot?INS,0,0,false, HTTP/1.1" 200 15823
190.114.60.149 - - [30/Nov/2021:11:37:33 -0300] "GET /cormun/static/gxcfg.js?20203414241232 HTTP/1.1" 200 953
190.114.60.149 - - [30/Nov/2021:11:37:35 -0300] "GET /cormun/static/solicitudot.js?20203414242792 HTTP/1.1" 200 74114
190.114.60.149 - - [30/Nov/2021:11:37:36 -0300] "GET /cormun/servlet/solicitudot?INS,0,0,false, HTTP/1.1" 200 15831
190.171.149.74 - - [30/Nov/2021:11:37:43 -0300] "POST /cormun/servlet/licenciaspermisosadjuntos?ab3e1e051a319d173498792edfa28cbf,INS,13944631,L,20211130000000,, HTTP/1.1" 200 116
190.171.149.74 - - [30/Nov/2021:11:37:43 -0300] "GET /cormun/servlet/hpexe_return? HTTP/1.1" 200 1044
190.171.149.74 - - [30/Nov/2021:11:37:44 -0300] "GET /cormun/servlet/trlicenciaspermisosadjuntos?13944631,20211130000000,L, HTTP/1.1" 200 6827
190.171.149.74 - - [30/Nov/2021:11:37:45 -0300] "GET /cormun/servlet/trlicenciaspermisosadjuntos?13944631,20211130000000,L, HTTP/1.1" 200 6823
190.171.149.74 - - [30/Nov/2021:11:37:48 -0300] "GET /cormun/servlet/trlicencias? HTTP/1.1" 200 11020
190.171.149.74 - - [30/Nov/2021:11:37:48 -0300] "GET /cormun/servlet/trlicencias? HTTP/1.1" 200 11012
190.171.149.74 - - [30/Nov/2021:11:37:56 -0300] "POST /cormun/servlet/trlicencias?ab3e1e051a319d173498792edfa28cbf,,gx-no-cache=1638286010291 HTTP/1.1" 200 8480
190.171.149.74 - - [30/Nov/2021:11:37:56 -0300] "GET /cormun/static/Shared/jqueryui/images/ui-bg_highlight-soft_100_c6c2c8_1x100.png HTTP/1.1" 404 1117
190.171.149.74 - - [30/Nov/2021:11:37:56 -0300] "GET /cormun/static/Shared/jqueryui/images/ui-icons_82798d_256x240.png HTTP/1.1" 404 1089
190.171.149.74 - - [30/Nov/2021:11:37:56 -0300] "GET /cormun/static/Shared/jqueryui/images/ui-bg_flat_55_fafafa_40x100.png HTTP/1.1" 404 1097
190.171.149.74 - - [30/Nov/2021:11:37:56 -0300] "GET /cormun/static/Shared/jqueryui/images/ui-icons_8d78a5_256x240.png HTTP/1.1" 404 1089
190.114.60.149 - - [30/Nov/2021:11:38:03 -0300] "POST /cormun/servlet/solicitudot?gx-no-cache=1638282360764 HTTP/1.1" 200 3783
190.114.60.149 - - [30/Nov/2021:11:38:05 -0300] "POST /cormun/servlet/solicitudot?bb37c4feca69ddaa0664c929f0b32f11,INS,0,0,false,,gx-no-cache=1638282364792 HTTP/1.1" 200 12569
190.114.60.149 - - [30/Nov/2021:11:38:06 -0300] "GET /cormun/static/Resources/resize.gif HTTP/1.1" 200 77
190.114.60.149 - - [30/Nov/2021:11:38:06 -0300] "GET /cormun/static/Resources/PXTools/ClosePrompt.png HTTP/1.1" 200 1036
10.40.40.2 - - [30/Nov/2021:11:38:06 -0300] "GET /cormun/servlet/hlogin HTTP/1.1" 200 1722
10.40.40.2 - - [30/Nov/2021:11:38:06 -0300] "GET /cormun/servlet/hlogin HTTP/1.1" 200 1733
10.40.40.2 - - [30/Nov/2021:11:38:06 -0300] "GET /favicon.ico HTTP/1.1" 200 21630
190.114.60.149 - - [30/Nov/2021:11:38:07 -0300] "GET /cormun/servlet/prfichaempleado?,MD,,gxPopupLevel%3D0%3B HTTP/1.1" 200 9201
190.114.60.149 - - [30/Nov/2021:11:38:08 -0300] "GET /cormun/static/gxcfg.js?20201215571085 HTTP/1.1" 200 953
190.114.60.149 - - [30/Nov/2021:11:38:09 -0300] "GET /cormun/static/prfichaempleado.js?20201215572193 HTTP/1.1" 200 16006
190.114.60.149 - - [30/Nov/2021:11:38:09 -0300] "GET /cormun/static/menusearch.js?20201214473581 HTTP/1.1" 200 1424
190.114.60.149 - - [30/Nov/2021:11:38:10 -0300] "GET /cormun/static/hmpwkw011.js?20201215495555 HTTP/1.1" 200 1968
190.114.60.149 - - [30/Nov/2021:11:38:10 -0300] "GET /cormun/static/Resources/PXToolsMenuSearch.png HTTP/1.1" 200 336
190.114.60.149 - - [30/Nov/2021:11:38:10 -0300] "GET /cormun/static/Resources/PXToolsMenuSearchCancel.png HTTP/1.1" 200 306
10.40.40.2 - - [30/Nov/2021:11:38:14 -0300] "POST /cormun/servlet/hlogin?1c95b5f6e4d06aac7e2d2767ef261f73,gx-no-cache=1638282270738 HTTP/1.1" 200 90
10.40.40.2 - - [30/Nov/2021:11:38:14 -0300] "GET /cormun/servlet/hpexe_link HTTP/1.1" 200 949
10.40.40.2 - - [30/Nov/2021:11:38:14 -0300] "GET /cormun/servlet/hhome HTTP/1.1" 200 3824
10.40.40.2 - - [30/Nov/2021:11:38:15 -0300] "GET /cormun/static/gxcfg.js?20201215495537 HTTP/1.1" 200 953
10.40.40.2 - - [30/Nov/2021:11:38:15 -0300] "GET /cormun/static/PXToolsJavascripts/pexe_autoreload.js HTTP/1.1" 200 1762
10.40.40.2 - - [30/Nov/2021:11:38:15 -0300] "GET /cormun/static/PXToolsJavascripts/pexe_cookies.js HTTP/1.1" 200 792
10.40.40.2 - - [30/Nov/2021:11:38:15 -0300] "GET /cormun/static/PXToolsJavascripts/pexe_link.js HTTP/1.1" 200 5671
10.40.40.2 - - [30/Nov/2021:11:38:15 -0300] "GET /cormun/static/PXToolsJavascripts/pexe_menudivfix.js HTTP/1.1" 200 333
10.40.40.2 - - [30/Nov/2021:11:38:15 -0300] "GET /cormun/static/PXToolsJavascripts/pexe_oav.js HTTP/1.1" 200 645
10.40.40.2 - - [30/Nov/2021:11:38:15 -0300] "GET /cormun/static/PXToolsJavascripts/pexe_griddivfix.js HTTP/1.1" 200 6644
10.40.40.2 - - [30/Nov/2021:11:38:15 -0300] "GET /cormun/static/PXToolsJavascripts/pexe_windows.js HTTP/1.1" 200 15207
10.40.40.2 - - [30/Nov/2021:11:38:15 -0300] "GET /cormun/static/PXToolsJavascripts/pexe_grid.js HTTP/1.1" 200 7559
10.40.40.2 - - [30/Nov/2021:11:38:15 -0300] "GET /cormun/static/PXToolsJavascripts/pexe_layers.js HTTP/1.1" 200 4114
10.40.40.2 - - [30/Nov/2021:11:38:15 -0300] "GET /cormun/static/PXToolsJavascripts/pexe_menus.js HTTP/1.1" 200 1286
10.40.40.2 - - [30/Nov/2021:11:38:15 -0300] "GET /cormun/static/PXToolsJavascripts/pexe_oavdivfix.js HTTP/1.1" 200 639
10.40.40.2 - - [30/Nov/2021:11:38:15 -0300] "GET /cormun/static/PXToolsJavascripts/pexe_picture.js HTTP/1.1" 200 689
10.40.40.2 - - [30/Nov/2021:11:38:15 -0300] "GET /cormun/static/PXToolsJavascripts/pexe_popup.js HTTP/1.1" 200 13458
10.40.40.2 - - [30/Nov/2021:11:38:15 -0300] "GET /cormun/static/PXToolsJavascripts/pexe_scrolldiv.js HTTP/1.1" 200 4138
10.40.40.2 - - [30/Nov/2021:11:38:15 -0300] "GET /cormun/static/PXToolsJavascripts/pexe_tabdivfix.js HTTP/1.1" 200 876
10.40.40.2 - - [30/Nov/2021:11:38:15 -0300] "GET /cormun/static/PXToolsJavascripts/pexe_tabs.js HTTP/1.1" 200 3748
10.40.40.2 - - [30/Nov/2021:11:38:15 -0300] "GET /cormun/static/PXToolsJavascripts/pexe_upload.js HTTP/1.1" 200 1423
10.40.40.2 - - [30/Nov/2021:11:38:15 -0300] "GET /cormun/static/PXToolsJavascripts/PXToolsJavascriptsRender.js HTTP/1.1" 200 367
10.40.40.2 - - [30/Nov/2021:11:38:15 -0300] "GET /cormun/static/RunJS/RunJS.js HTTP/1.1" 200 288
10.40.40.2 - - [30/Nov/2021:11:38:15 -0300] "GET /cormun/static/hhome.js?20201215495544 HTTP/1.1" 200 777
10.40.40.2 - - [30/Nov/2021:11:38:15 -0300] "GET /cormun/static/Shared/ext/locale/ext-lang-en.js HTTP/1.1" 200 10940
10.40.40.2 - - [30/Nov/2021:11:38:15 -0300] "GET /cormun/static/hwchdr01.js?20201214473739 HTTP/1.1" 200 996
10.40.40.2 - - [30/Nov/2021:11:38:15 -0300] "GET /cormun/static/hpexe_recentlink.js?20201214471090 HTTP/1.1" 200 2144
10.40.40.2 - - [30/Nov/2021:11:38:15 -0300] "GET /cormun/static/Resources/Llave.png HTTP/1.1" 200 1395
10.40.40.2 - - [30/Nov/2021:11:38:15 -0300] "GET /cormun/static/Resources/ImgHome.png HTTP/1.1" 200 1364
10.40.40.2 - - [30/Nov/2021:11:38:15 -0300] "GET /cormun/static/Resources/ImgLogin.png HTTP/1.1" 200 1432
10.40.40.2 - - [30/Nov/2021:11:38:15 -0300] "GET /cormun/static/Resources/PXToolsDataTitle.png HTTP/1.1" 200 1173
10.40.40.2 - - [30/Nov/2021:11:38:15 -0300] "GET /cormun/static/gxui/gxui-all.js HTTP/1.1" 200 107772
10.40.40.2 - - [30/Nov/2021:11:38:15 -0300] "GET /cormun/static/hpexe_scripts.js?20201214471411 HTTP/1.1" 200 1544
10.40.40.2 - - [30/Nov/2021:11:38:15 -0300] "GET /cormun/static/Resources/Logo2019_Small.png HTTP/1.1" 200 10855
10.40.40.2 - - [30/Nov/2021:11:38:15 -0300] "GET /cormun/static/hpexe_messagecontroller.js?201991422154126 HTTP/1.1" 200 870
10.40.40.2 - - [30/Nov/2021:11:38:15 -0300] "GET /cormun/static/hpexe_messagepopupcomponent.js?2020121447232 HTTP/1.1" 200 605
10.40.40.2 - - [30/Nov/2021:11:38:15 -0300] "GET /cormun/static/cmcontrolpreferences.js?20199141926336 HTTP/1.1" 200 1375
10.40.40.2 - - [30/Nov/2021:11:38:15 -0300] "GET /cormun/static/hpexe_messagegenexuscomponent.js?2020121447173 HTTP/1.1" 200 587
10.40.40.2 - - [30/Nov/2021:11:38:15 -0300] "GET /cormun/static/SmoothNavMenu/resources/SmoothNavMenuRender.js HTTP/1.1" 200 5951
10.40.40.2 - - [30/Nov/2021:11:38:15 -0300] "GET /cormun/static/SmoothNavMenu/resources/ddsmoothmenu.js HTTP/1.1" 200 12712
10.40.40.2 - - [30/Nov/2021:11:38:15 -0300] "GET /cormun/static/scaMessage/js/jquery.pnotify.min.js HTTP/1.1" 200 13038
10.40.40.2 - - [30/Nov/2021:11:38:15 -0300] "GET /cormun/static/scaMessage/scaMessageRender.js HTTP/1.1" 200 11977
10.40.40.2 - - [30/Nov/2021:11:38:15 -0300] "GET /cormun/static/Shared/jquery/jquery-1.10.2.min.js HTTP/1.1" 200 273199
10.40.40.2 - - [30/Nov/2021:11:38:15 -0300] "GET /cormun/static/hmpwkw03.js?20201215501896 HTTP/1.1" 200 3973
10.40.40.2 - - [30/Nov/2021:11:38:15 -0300] "GET /cormun/static/Shared/ext/ext-all.js HTTP/1.1" 200 1289687
10.40.40.2 - - [30/Nov/2021:11:38:15 -0300] "GET /cormun/static/Shared/jquery/jquery-1.4.2.min.js HTTP/1.1" 200 72174
10.40.40.2 - - [30/Nov/2021:11:38:15 -0300] "GET /cormun/static/Shared/jqueryui/jquery-ui.min.js HTTP/1.1" 200 240427
10.40.40.2 - - [30/Nov/2021:11:38:16 -0300] "GET /cormun/static/SmoothNavMenu/resources/images/down.gif HTTP/1.1" 200 854
10.40.40.2 - - [30/Nov/2021:11:38:16 -0300] "GET /cormun/servlet/hhome HTTP/1.1" 200 3820
10.40.40.2 - - [30/Nov/2021:11:38:18 -0300] "GET /cormun/servlet/trsolicitudgral? HTTP/1.1" 200 15050
10.40.40.2 - - [30/Nov/2021:11:38:18 -0300] "GET /cormun/static/calendar.js?85251 HTTP/1.1" 200 26246
10.40.40.2 - - [30/Nov/2021:11:38:18 -0300] "GET /cormun/static/calendar-setup.js?85251 HTTP/1.1" 200 2588
10.40.40.2 - - [30/Nov/2021:11:38:18 -0300] "GET /cormun/static/calendar-es.js?85251 HTTP/1.1" 200 1901
10.40.40.2 - - [30/Nov/2021:11:38:18 -0300] "GET /cormun/static/gxdec.js?85251 HTTP/1.1" 200 19579
10.40.40.2 - - [30/Nov/2021:11:38:18 -0300] "GET /cormun/servlet/trsolicitudgral? HTTP/1.1" 200 15047
10.40.40.2 - - [30/Nov/2021:11:38:21 -0300] "GET /cormun/static/menuarrow.gif HTTP/1.1" 404 1015
190.114.60.149 - - [30/Nov/2021:11:38:26 -0300] "POST /cormun/servlet/prfichaempleado?bb37c4feca69ddaa0664c929f0b32f11,,MD,,gxPopupLevel%3D0%3B,gx-no-cache=1638282386081 HTTP/1.1" 200 3166
205.185.121.173 - - [30/Nov/2021:11:38:31 -0300] "GET /manager/html HTTP/1.1" 401 2474
190.114.60.149 - - [30/Nov/2021:11:38:39 -0300] "GET /cormun/servlet/solicitudot?a7e0ba0f5320d0d95ade8df2dcf3e28f0fc160332be8bf9715e1812fbe3778641f7183941ba9bcea598f7486a0cf7c33,gx-no-cache=1638282399641 HTTP/1.1" 200 30
10.40.40.2 - - [30/Nov/2021:11:39:16 -0300] "POST /cormun/servlet/trsolicitudgral?1c95b5f6e4d06aac7e2d2767ef261f73,,gx-no-cache=1638282332469 HTTP/1.1" 200 5260
190.114.60.149 - - [30/Nov/2021:11:40:40 -0300] "GET /cormun/servlet/solicitudot?a7e0ba0f5320d0d95ade8df2dcf3e28fec8fa0df602f4e274859696e4ef2786775bdaca29cbae7e5fb9a74274fbfa4cd91fa5693df441bde8db574382837fcff,gx-no-cache=1638282521389 HTTP/1.1" 200 30
190.114.60.149 - - [30/Nov/2021:11:40:41 -0300] "GET /cormun/servlet/solicitudot?a7e0ba0f5320d0d95ade8df2dcf3e28f1956555cf1bc7fcc5735eb835fc942c2,gx-no-cache=1638282521450 HTTP/1.1" 200 29
205.185.121.173 - - [30/Nov/2021:11:41:14 -0300] "GET /manager/html HTTP/1.1" 401 2474
190.114.60.149 - - [30/Nov/2021:11:41:46 -0300] "POST /cormun/servlet/solicitudot?bb37c4feca69ddaa0664c929f0b32f11,INS,0,0,false,,gx-no-cache=1638282586560 HTTP/1.1" 200 12752
190.114.60.149 - - [30/Nov/2021:11:41:46 -0300] "GET /cormun/static/Shared/jqueryui/images/ui-bg_highlight-soft_100_c6c2c8_1x100.png HTTP/1.1" 404 1117
190.114.60.149 - - [30/Nov/2021:11:41:46 -0300] "GET /cormun/static/Shared/jqueryui/images/ui-icons_82798d_256x240.png HTTP/1.1" 404 1089
190.114.60.149 - - [30/Nov/2021:11:41:46 -0300] "GET /cormun/static/Shared/jqueryui/images/ui-icons_8d78a5_256x240.png HTTP/1.1" 404 1089
190.114.60.149 - - [30/Nov/2021:11:41:46 -0300] "GET /cormun/static/Shared/jqueryui/images/ui-bg_flat_55_fafafa_40x100.png HTTP/1.1" 404 1097
190.114.60.149 - - [30/Nov/2021:11:41:51 -0300] "GET /cormun/servlet/solicitudot?a7e0ba0f5320d0d95ade8df2dcf3e28fec8fa0df602f4e274859696e4ef2786775bdaca29cbae7e5fb9a74274fbfa4cdfa5698e18fb319f6a1a016b17b789587,gx-no-cache=1638282592403 HTTP/1.1" 200 30
190.114.60.149 - - [30/Nov/2021:11:41:51 -0300] "GET /cormun/servlet/solicitudot?a7e0ba0f5320d0d95ade8df2dcf3e28f1956555cf1bc7fcc5735eb835fc942c2,gx-no-cache=1638282592440 HTTP/1.1" 200 29
190.114.60.149 - - [30/Nov/2021:11:41:52 -0300] "POST /cormun/servlet/solicitudot?gx-no-cache=1638282592518 HTTP/1.1" 200 297
190.114.60.149 - - [30/Nov/2021:11:41:52 -0300] "GET /cormun/servlet/solicitudot?a7e0ba0f5320d0d95ade8df2dcf3e28f4a99d892309f171c7cb91e0975e56fcc02ff8ee924c65bd06a97cf94504945745a78160de7c81ab05a15645ee76e922b6db687ea05f959686f9c027557eb69a1dabbef983d8b01f6908311b631a8bd2d50bc72d3144a74d10ae28a719158de4a8939a86fc7bdd81e0f84203a508227d7758548a5e8f419398db8e38ae0ff863d6d6bfcd77c1735e88873e2e2439ddc528d49e1e7028fc8050d1e6b858086141314edf007e348a862c8d384fa626943d875e34db122ab02d721a26f5c135d1c4634694bcd31ad9f83a89c8295727b58ed7f3a96962295a32402ebffa9b6a881b15e7977f20f4543f45d902fb9d8177f9a10f69bd761810dcf9e58a4c5b844bc79dd25f86ea6cd83716491a680ed378a76ca8c6f01314a80ba43c6001e99790f9c8161efa34bfde1cfdc57378ec24ca78665463f7798a4f0b4ccc1c82eaa8eca6aeb3648ae6fcff34dd1e94056fc87fc41c4d4553ea3f1fe8bf49a226f326e3e2e0cc13d3acc9ad6d29f1c4e2c99bccfeb6bec41f737660375a7928f17cceffd22,gx-no-cache=1638282592554 HTTP/1.1" 200 30
190.114.60.149 - - [30/Nov/2021:11:41:52 -0300] "POST /cormun/servlet/solicitudot?gx-no-cache=1638282592639 HTTP/1.1" 200 30
190.114.60.149 - - [30/Nov/2021:11:41:52 -0300] "POST /cormun/servlet/solicitudot?gx-no-cache=1638282592725 HTTP/1.1" 200 1438
190.114.60.149 - - [30/Nov/2021:11:41:52 -0300] "POST /cormun/servlet/solicitudot?gx-no-cache=1638282592778 HTTP/1.1" 200 38
190.114.60.149 - - [30/Nov/2021:11:43:11 -0300] "POST /cormun/servlet/solicitudot?gx-no-cache=1638282671171 HTTP/1.1" 200 30
190.114.60.149 - - [30/Nov/2021:11:43:13 -0300] "POST /cormun/servlet/solicitudot?gx-no-cache=1638282673672 HTTP/1.1" 200 1438
190.114.60.149 - - [30/Nov/2021:11:43:13 -0300] "POST /cormun/servlet/solicitudot?gx-no-cache=1638282674121 HTTP/1.1" 200 38
190.114.60.149 - - [30/Nov/2021:11:43:19 -0300] "GET /cormun/servlet/solicitudot?a7e0ba0f5320d0d95ade8df2dcf3e28fe56e39980efed8f482693bce80efaf7a8c052706ac7f50cae41d5194a5a84b531fd1850c87eb52fa6bea9da4e8216e961af6ab57e69c1bc0af291d3151921a852d0abb4c04d1d9b307f864557b8219e0b8d2b9455ac1a769bb7f9d4ccbd381bb,gx-no-cache=1638282680365 HTTP/1.1" 200 110
190.114.60.149 - - [30/Nov/2021:11:43:45 -0300] "GET /cormun/servlet/solicitudot?a7e0ba0f5320d0d95ade8df2dcf3e28fe56e39980efed8f482693bce80efaf7a8c052706ac7f50cae41d5194a5a84b531fd1850c87eb52fa6bea9da4e8216e961af6ab57e69c1bc0af291d3151921a852d0abb4c04d1d9b307f864557b8219e0b8d2b9455ac1a769bb7f9d4ccbd381bb,gx-no-cache=1638282705234 HTTP/1.1" 200 110
205.185.121.173 - - [30/Nov/2021:11:43:55 -0300] "GET /manager/html HTTP/1.1" 401 2474
190.114.60.149 - - [30/Nov/2021:11:44:14 -0300] "POST /cormun/servlet/solicitudot?gx-no-cache=1638282735100 HTTP/1.1" 200 79
190.114.60.149 - - [30/Nov/2021:11:44:24 -0300] "GET /cormun/servlet/solicitudot?a7e0ba0f5320d0d95ade8df2dcf3e28fb84e7f4f85eded3a0db2a8ce5aece67c67f68d4c20a94ad45085399d7a0b7e9788a232727ee1181b1d00db4eb90b60cfbc5a7f74b94480ad795bd678c7ad0e246fbd4c5879a17e7ea809df733ddc4b3b8014824831f78bcc13e1a18a7af83764,gx-no-cache=1638282744626 HTTP/1.1" 200 29
190.114.60.149 - - [30/Nov/2021:11:44:24 -0300] "GET /cormun/static/menuarrow.gif HTTP/1.1" 404 1015
190.114.60.149 - - [30/Nov/2021:11:44:33 -0300] "GET /cormun/servlet/solicitudot?a7e0ba0f5320d0d95ade8df2dcf3e28f7d92e58568578e7017d686ec41990ea01862a241ef37c534a7fe7ba38ac2a374,gx-no-cache=1638282753796 HTTP/1.1" 200 30
190.114.60.149 - - [30/Nov/2021:11:44:51 -0300] "POST /cormun/servlet/solicitudot?gx-no-cache=1638282771795 HTTP/1.1" 200 30
190.114.60.149 - - [30/Nov/2021:11:45:43 -0300] "POST /cormun/servlet/solicitudot?bb37c4feca69ddaa0664c929f0b32f11,INS,0,0,false,,gx-no-cache=1638282820585 HTTP/1.1" 200 93
190.114.60.149 - - [30/Nov/2021:11:45:44 -0300] "GET /cormun/servlet/hpexe_return? HTTP/1.1" 200 1006
190.114.60.149 - - [30/Nov/2021:11:45:47 -0300] "GET /cormun/servlet/trsolicitudot? HTTP/1.1" 200 8834
190.114.60.149 - - [30/Nov/2021:11:45:49 -0300] "GET /cormun/servlet/trsolicitudot? HTTP/1.1" 200 8832
205.185.121.173 - - [30/Nov/2021:11:46:35 -0300] "GET /manager/html HTTP/1.1" 401 2474
190.114.60.149 - - [30/Nov/2021:11:47:11 -0300] "POST /cormun/servlet/trsolicitudot?bb37c4feca69ddaa0664c929f0b32f11,,gx-no-cache=1638282911691 HTTP/1.1" 200 6045
205.185.121.173 - - [30/Nov/2021:11:49:15 -0300] "GET /manager/html HTTP/1.1" 401 2474
200.54.107.2 - - [30/Nov/2021:11:49:32 -0300] "GET /cormun/servlet/hlogin HTTP/1.1" 200 1725
200.54.107.2 - - [30/Nov/2021:11:49:33 -0300] "GET /cormun/servlet/hlogin HTTP/1.1" 200 1736
200.54.107.2 - - [30/Nov/2021:11:49:33 -0300] "GET /cormun/static/Resources/indicator.gif HTTP/1.1" 200 1553
200.54.107.2 - - [30/Nov/2021:11:49:46 -0300] "POST /cormun/servlet/hlogin?bf964fb29a98a6fde521b13061f1b4e0,gx-no-cache=1638283068001 HTTP/1.1" 200 90
200.54.107.2 - - [30/Nov/2021:11:49:46 -0300] "GET /cormun/servlet/hpexe_link HTTP/1.1" 200 952
200.54.107.2 - - [30/Nov/2021:11:49:46 -0300] "GET /cormun/servlet/hhome HTTP/1.1" 200 4348
200.54.107.2 - - [30/Nov/2021:11:49:47 -0300] "GET /cormun/servlet/hhome HTTP/1.1" 200 4345
200.54.107.2 - - [30/Nov/2021:11:49:52 -0300] "GET /cormun/servlet/trpermisosgoce? HTTP/1.1" 200 12532
200.54.107.2 - - [30/Nov/2021:11:49:52 -0300] "GET /cormun/servlet/trpermisosgoce? HTTP/1.1" 200 12532
200.54.107.2 - - [30/Nov/2021:11:49:56 -0300] "GET /cormun/servlet/permisogoce?INS,0,,, HTTP/1.1" 200 7244
200.54.107.2 - - [30/Nov/2021:11:49:57 -0300] "GET /cormun/servlet/permisogoce?INS,0,,, HTTP/1.1" 200 7245
205.185.121.173 - - [30/Nov/2021:11:51:51 -0300] "GET /manager/html HTTP/1.1" 401 2474
205.185.121.173 - - [30/Nov/2021:11:54:27 -0300] "GET /manager/html HTTP/1.1" 401 2474
10.40.40.2 - - [30/Nov/2021:11:55:55 -0300] "POST /cormun/servlet/trsolicitudgral?1c95b5f6e4d06aac7e2d2767ef261f73,,gx-no-cache=1638283331608 HTTP/1.1" 200 6676
10.40.40.2 - - [30/Nov/2021:11:56:06 -0300] "GET /cormun/servlet/vesolicitudgral?2021,17829,, HTTP/1.1" 200 8417
10.40.40.2 - - [30/Nov/2021:11:56:06 -0300] "GET /cormun/static/gxcfg.js?20201215594983 HTTP/1.1" 200 953
10.40.40.2 - - [30/Nov/2021:11:56:06 -0300] "GET /cormun/static/vesolicitudgral.js?20201215595069 HTTP/1.1" 200 6721
10.40.40.2 - - [30/Nov/2021:11:56:06 -0300] "GET /cormun/pexe_scrolldiv.js HTTP/1.1" 404 1009
10.40.40.2 - - [30/Nov/2021:11:56:06 -0300] "GET /cormun/static/hwcviewtabs.js?201991422154026 HTTP/1.1" 200 1074
10.40.40.2 - - [30/Nov/2021:11:56:06 -0300] "GET /cormun/static/hpexe_tabsview.js?2020121447381 HTTP/1.1" 200 1661
10.40.40.2 - - [30/Nov/2021:11:56:06 -0300] "GET /cormun/static/Resources/PXToolsTabFirstSelected.png HTTP/1.1" 200 1270
10.40.40.2 - - [30/Nov/2021:11:56:06 -0300] "GET /cormun/static/Resources/PXToolsTabPrevious.gif HTTP/1.1" 200 172
10.40.40.2 - - [30/Nov/2021:11:56:06 -0300] "GET /cormun/static/Resources/PXToolsTabNext.gif HTTP/1.1" 200 168
10.40.40.2 - - [30/Nov/2021:11:56:06 -0300] "GET /cormun/static/Resources/PXToolsTabBackUnselected.png HTTP/1.1" 200 1175
10.40.40.2 - - [30/Nov/2021:11:56:06 -0300] "GET /cormun/static/Resources/PXToolsTabBackSelected.png HTTP/1.1" 200 1157
10.40.40.2 - - [30/Nov/2021:11:56:06 -0300] "GET /cormun/static/Resources/PXToolsTabUnselectedUnselected.png HTTP/1.1" 200 1470
10.40.40.2 - - [30/Nov/2021:11:56:07 -0300] "GET /cormun/servlet/vesolicitudgral?2021,17829,, HTTP/1.1" 200 8416
10.40.40.2 - - [30/Nov/2021:11:56:12 -0300] "GET /cormun/servlet/vesolicitudgral?2021,17829,,SolicitudOTLog HTTP/1.1" 200 7077
10.40.40.2 - - [30/Nov/2021:11:56:12 -0300] "GET /cormun/pexe_scrolldiv.js HTTP/1.1" 404 1009
10.40.40.2 - - [30/Nov/2021:11:56:12 -0300] "GET /cormun/static/tbsolicitudgral03.js?20199142214306 HTTP/1.1" 200 13342
10.40.40.2 - - [30/Nov/2021:11:56:12 -0300] "GET /cormun/static/Resources/PXToolsTabLastSelected.png HTTP/1.1" 200 1274
10.40.40.2 - - [30/Nov/2021:11:56:12 -0300] "GET /cormun/pexe_scrolldiv.js HTTP/1.1" 404 1009
10.40.40.2 - - [30/Nov/2021:11:56:12 -0300] "GET /cormun/static/Resources/PXToolsTabUnselectedSelected.png HTTP/1.1" 200 1458
10.40.40.2 - - [30/Nov/2021:11:56:12 -0300] "GET /cormun/static/Resources/PXToolsTabFirstUnselected.png HTTP/1.1" 200 1278
10.40.40.2 - - [30/Nov/2021:11:56:12 -0300] "GET /cormun/servlet/vesolicitudgral?2021,17829,,SolicitudOTLog HTTP/1.1" 200 7077
10.40.40.2 - - [30/Nov/2021:11:56:13 -0300] "POST /cormun/servlet/acontrolpreferencessavestate?None,RRHH+CATALINA+CACERES,true HTTP/1.1" 200 35
10.40.40.2 - - [30/Nov/2021:11:56:14 -0300] "GET /cormun/servlet/vesolicitudgral?2021,17829,,SolicitudOTAdjuntos HTTP/1.1" 200 7084
10.40.40.2 - - [30/Nov/2021:11:56:14 -0300] "GET /cormun/pexe_scrolldiv.js HTTP/1.1" 404 1009
10.40.40.2 - - [30/Nov/2021:11:56:14 -0300] "GET /cormun/static/tbsolicitudgral02.js?201991422143548 HTTP/1.1" 200 13312
10.40.40.2 - - [30/Nov/2021:11:56:15 -0300] "GET /cormun/servlet/vesolicitudgral?2021,17829,,SolicitudOTAdjuntos HTTP/1.1" 200 7084
10.40.40.2 - - [30/Nov/2021:11:56:15 -0300] "POST /cormun/servlet/acontrolpreferencessavestate?None,RRHH+CATALINA+CACERES,true HTTP/1.1" 200 35
10.40.40.2 - - [30/Nov/2021:11:56:16 -0300] "GET /cormun/servlet/vesolicitudgral?2021,17829,,SolicitudOTLog HTTP/1.1" 200 7077
10.40.40.2 - - [30/Nov/2021:11:56:16 -0300] "GET /cormun/pexe_scrolldiv.js HTTP/1.1" 404 1009
10.40.40.2 - - [30/Nov/2021:11:56:16 -0300] "GET /cormun/servlet/vesolicitudgral?2021,17829,,SolicitudOTLog HTTP/1.1" 200 7077
10.40.40.2 - - [30/Nov/2021:11:56:17 -0300] "POST /cormun/servlet/acontrolpreferencessavestate?None,RRHH+CATALINA+CACERES,true HTTP/1.1" 200 35
10.40.40.2 - - [30/Nov/2021:11:56:57 -0300] "GET /cormun/servlet/vesolicitudgral?2021,17829,,SolicitudOTAdjuntos HTTP/1.1" 200 7084
10.40.40.2 - - [30/Nov/2021:11:56:57 -0300] "GET /cormun/pexe_scrolldiv.js HTTP/1.1" 404 1009
10.40.40.2 - - [30/Nov/2021:11:56:57 -0300] "GET /cormun/servlet/vesolicitudgral?2021,17829,,SolicitudOTAdjuntos HTTP/1.1" 200 7084
10.40.40.2 - - [30/Nov/2021:11:56:58 -0300] "POST /cormun/servlet/acontrolpreferencessavestate?None,RRHH+CATALINA+CACERES,true HTTP/1.1" 200 35
10.40.40.2 - - [30/Nov/2021:11:57:07 -0300] "GET /cormun/servlet/vesolicitudgral?2021,17829,,General HTTP/1.1" 200 8418
10.40.40.2 - - [30/Nov/2021:11:57:07 -0300] "GET /cormun/pexe_scrolldiv.js HTTP/1.1" 404 1009
10.40.40.2 - - [30/Nov/2021:11:57:07 -0300] "GET /cormun/servlet/vesolicitudgral?2021,17829,,General HTTP/1.1" 200 8417
205.185.121.173 - - [30/Nov/2021:11:57:10 -0300] "GET /manager/html HTTP/1.1" 401 2474
10.40.40.2 - - [30/Nov/2021:11:57:22 -0300] "GET /cormun/servlet/vesolicitudgral?2021,17829,,SolicitudOTAdjuntos HTTP/1.1" 200 7084
10.40.40.2 - - [30/Nov/2021:11:57:23 -0300] "GET /cormun/pexe_scrolldiv.js HTTP/1.1" 404 1009
10.40.40.2 - - [30/Nov/2021:11:57:23 -0300] "GET /cormun/servlet/vesolicitudgral?2021,17829,,SolicitudOTAdjuntos HTTP/1.1" 200 7084
10.40.40.2 - - [30/Nov/2021:11:57:24 -0300] "POST /cormun/servlet/acontrolpreferencessavestate?None,RRHH+CATALINA+CACERES,true HTTP/1.1" 200 35
10.40.40.2 - - [30/Nov/2021:11:57:24 -0300] "GET /cormun/servlet/vesolicitudgral?2021,17829,,SolicitudOTLog HTTP/1.1" 200 7077
10.40.40.2 - - [30/Nov/2021:11:57:24 -0300] "GET /cormun/pexe_scrolldiv.js HTTP/1.1" 404 1009
10.40.40.2 - - [30/Nov/2021:11:57:25 -0300] "GET /cormun/servlet/vesolicitudgral?2021,17829,,SolicitudOTLog HTTP/1.1" 200 7077
10.40.40.2 - - [30/Nov/2021:11:57:26 -0300] "POST /cormun/servlet/acontrolpreferencessavestate?None,RRHH+CATALINA+CACERES,true HTTP/1.1" 200 35
10.40.40.2 - - [30/Nov/2021:11:57:31 -0300] "GET /cormun/servlet/hlogin HTTP/1.1" 200 1760
10.40.40.2 - - [30/Nov/2021:11:58:08 -0300] "POST /cormun/servlet/hlogin?1c95b5f6e4d06aac7e2d2767ef261f73,gx-no-cache=1638283465040 HTTP/1.1" 200 465
10.40.40.2 - - [30/Nov/2021:11:58:17 -0300] "POST /cormun/servlet/hlogin?1c95b5f6e4d06aac7e2d2767ef261f73,gx-no-cache=1638283473661 HTTP/1.1" 200 465
10.40.40.2 - - [30/Nov/2021:11:58:35 -0300] "POST /cormun/servlet/hlogin?1c95b5f6e4d06aac7e2d2767ef261f73,gx-no-cache=1638283491847 HTTP/1.1" 200 90
10.40.40.2 - - [30/Nov/2021:11:58:35 -0300] "GET /cormun/servlet/hpexe_link HTTP/1.1" 200 949
10.40.40.2 - - [30/Nov/2021:11:58:36 -0300] "GET /cormun/servlet/hhome HTTP/1.1" 200 4185
10.40.40.2 - - [30/Nov/2021:11:58:36 -0300] "GET /cormun/static/SmoothNavMenu/resources/images/right.gif HTTP/1.1" 200 860
10.40.40.2 - - [30/Nov/2021:11:58:36 -0300] "GET /cormun/servlet/hhome HTTP/1.1" 200 4184
10.40.40.2 - - [30/Nov/2021:11:58:42 -0300] "GET /cormun/servlet/trautorizarsolicitud? HTTP/1.1" 200 7295
10.40.40.2 - - [30/Nov/2021:11:58:42 -0300] "GET /cormun/static/gxcfg.js?201991422414522 HTTP/1.1" 200 953
10.40.40.2 - - [30/Nov/2021:11:58:42 -0300] "GET /cormun/static/trautorizarsolicitud.js?201991422415463 HTTP/1.1" 200 53910
10.40.40.2 - - [30/Nov/2021:11:58:42 -0300] "GET /cormun/servlet/trautorizarsolicitud? HTTP/1.1" 200 7295
10.40.40.2 - - [30/Nov/2021:11:58:47 -0300] "POST /cormun/servlet/trautorizarsolicitud?1c95b5f6e4d06aac7e2d2767ef261f73,,gx-no-cache=1638283503704 HTTP/1.1" 200 6975
10.40.40.2 - - [30/Nov/2021:11:58:47 -0300] "GET /cormun//static/Resources/PXToolsActionView.png HTTP/1.1" 200 398
10.40.40.2 - - [30/Nov/2021:11:58:47 -0300] "GET /cormun//static/Resources/PXToolsRemoveAllAction.png HTTP/1.1" 200 487
10.40.40.2 - - [30/Nov/2021:11:58:47 -0300] "GET /cormun//static/Resources/PXTools/ActionInsert.png HTTP/1.1" 200 1482
190.114.60.149 - - [30/Nov/2021:11:59:07 -0300] "GET /cormun/servlet/trautorizarsolicitud? HTTP/1.1" 200 7330
190.114.60.149 - - [30/Nov/2021:11:59:09 -0300] "GET /cormun/servlet/trautorizarsolicitud? HTTP/1.1" 200 7330
190.114.60.149 - - [30/Nov/2021:11:59:12 -0300] "POST /cormun/servlet/trautorizarsolicitud?bb37c4feca69ddaa0664c929f0b32f11,,gx-no-cache=1638283633293 HTTP/1.1" 200 4577
10.40.40.2 - - [30/Nov/2021:11:59:24 -0300] "GET /cormun/servlet/veautorizarsolicitud?2021,17829,, HTTP/1.1" 200 8555
10.40.40.2 - - [30/Nov/2021:11:59:24 -0300] "GET /cormun/static/gxcfg.js?201991422424023 HTTP/1.1" 200 953
10.40.40.2 - - [30/Nov/2021:11:59:24 -0300] "GET /cormun/pexe_scrolldiv.js HTTP/1.1" 404 1009
10.40.40.2 - - [30/Nov/2021:11:59:24 -0300] "GET /cormun/pexe_scrolldiv.js HTTP/1.1" 404 1009
10.40.40.2 - - [30/Nov/2021:11:59:24 -0300] "GET /cormun/static/veautorizarsolicitud.js?201991422424092 HTTP/1.1" 200 6140
10.40.40.2 - - [30/Nov/2021:11:59:24 -0300] "GET /cormun/static/tbautorizarsolicitud01.js?201991419252835 HTTP/1.1" 200 30580
10.40.40.2 - - [30/Nov/2021:11:59:24 -0300] "GET /cormun/servlet/veautorizarsolicitud?2021,17829,, HTTP/1.1" 200 8555
10.40.40.2 - - [30/Nov/2021:11:59:26 -0300] "GET /cormun/servlet/veautorizarsolicitud?2021,17829,,SolicitudOTAdjuntos HTTP/1.1" 200 7408
10.40.40.2 - - [30/Nov/2021:11:59:26 -0300] "GET /cormun/pexe_scrolldiv.js HTTP/1.1" 404 1009
10.40.40.2 - - [30/Nov/2021:11:59:26 -0300] "GET /cormun/static/tbautorizarsolicitud02.js?201991419251923 HTTP/1.1" 200 14747
10.40.40.2 - - [30/Nov/2021:11:59:26 -0300] "GET /cormun/servlet/veautorizarsolicitud?2021,17829,,SolicitudOTAdjuntos HTTP/1.1" 200 7409
10.40.40.2 - - [30/Nov/2021:11:59:27 -0300] "POST /cormun/servlet/acontrolpreferencessavestate?None,IC-D30,true HTTP/1.1" 200 35
10.40.40.2 - - [30/Nov/2021:11:59:28 -0300] "GET /cormun/servlet/veautorizarsolicitud?2021,17829,,General HTTP/1.1" 200 8560
10.40.40.2 - - [30/Nov/2021:11:59:28 -0300] "GET /cormun/pexe_scrolldiv.js HTTP/1.1" 404 1009
10.40.40.2 - - [30/Nov/2021:11:59:28 -0300] "GET /cormun/servlet/veautorizarsolicitud?2021,17829,,General HTTP/1.1" 200 8560
10.40.40.2 - - [30/Nov/2021:11:59:30 -0300] "POST /cormun/servlet/veautorizarsolicitud?1c95b5f6e4d06aac7e2d2767ef261f73,2021,17829,,General,gx-no-cache=1638283546921 HTTP/1.1" 200 93
10.40.40.2 - - [30/Nov/2021:11:59:30 -0300] "GET /cormun/servlet/hpexe_return? HTTP/1.1" 200 1019
10.40.40.2 - - [30/Nov/2021:11:59:31 -0300] "GET /cormun/static/gxcfg.js?201991422392976 HTTP/1.1" 200 953
10.40.40.2 - - [30/Nov/2021:11:59:31 -0300] "GET /cormun/static/hpexe_return.js?201991422392984 HTTP/1.1" 200 1633
10.40.40.2 - - [30/Nov/2021:11:59:31 -0300] "GET /cormun/servlet/trautorizarsolicitud? HTTP/1.1" 200 9704
10.40.40.2 - - [30/Nov/2021:11:59:31 -0300] "GET /cormun/servlet/trautorizarsolicitud? HTTP/1.1" 200 9700
10.40.40.2 - - [30/Nov/2021:11:59:34 -0300] "GET /cormun/servlet/veautorizarsolicitud?2021,17814,, HTTP/1.1" 200 8570
10.40.40.2 - - [30/Nov/2021:11:59:34 -0300] "GET /cormun/pexe_scrolldiv.js HTTP/1.1" 404 1009
10.40.40.2 - - [30/Nov/2021:11:59:35 -0300] "GET /cormun/servlet/veautorizarsolicitud?2021,17814,, HTTP/1.1" 200 8570
10.40.40.2 - - [30/Nov/2021:11:59:36 -0300] "GET /cormun/servlet/veautorizarsolicitud?2021,17814,,SolicitudOTAdjuntos HTTP/1.1" 200 7409
10.40.40.2 - - [30/Nov/2021:11:59:36 -0300] "GET /cormun/pexe_scrolldiv.js HTTP/1.1" 404 1009
10.40.40.2 - - [30/Nov/2021:11:59:36 -0300] "GET /cormun/servlet/veautorizarsolicitud?2021,17814,,SolicitudOTAdjuntos HTTP/1.1" 200 7409
10.40.40.2 - - [30/Nov/2021:11:59:37 -0300] "POST /cormun/servlet/acontrolpreferencessavestate?None,IC-D30,true HTTP/1.1" 200 35
10.40.40.2 - - [30/Nov/2021:11:59:39 -0300] "POST /cormun/servlet/veautorizarsolicitud?1c95b5f6e4d06aac7e2d2767ef261f73,2021,17814,,SolicitudOTAdjuntos,gx-no-cache=1638283555385 HTTP/1.1" 200 90
10.40.40.2 - - [30/Nov/2021:11:59:39 -0300] "GET /cormun/servlet/hpexe_link HTTP/1.1" 200 982
10.40.40.2 - - [30/Nov/2021:11:59:39 -0300] "GET /cormun/servlet/trautorizarsolicitud HTTP/1.1" 200 9701
10.40.40.2 - - [30/Nov/2021:11:59:39 -0300] "GET /cormun/servlet/trautorizarsolicitud HTTP/1.1" 200 9700
205.185.121.173 - - [30/Nov/2021:11:59:53 -0300] "GET /manager/html HTTP/1.1" 401 2474
190.114.60.149 - - [30/Nov/2021:11:59:59 -0300] "GET /cormun/servlet/trautorizarsolicitud? HTTP/1.1" 200 7330
10.40.40.2 - - [30/Nov/2021:11:59:59 -0300] "GET /cormun/servlet/trautorizarsolicitud? HTTP/1.1" 200 9700
10.40.40.2 - - [30/Nov/2021:12:00:00 -0300] "GET /cormun/servlet/trautorizarsolicitud? HTTP/1.1" 200 9700
190.114.60.149 - - [30/Nov/2021:12:00:01 -0300] "GET /cormun/servlet/trautorizarsolicitud? HTTP/1.1" 200 7330
190.114.60.149 - - [30/Nov/2021:12:00:11 -0300] "POST /cormun/servlet/trautorizarsolicitud?bb37c4feca69ddaa0664c929f0b32f11,,gx-no-cache=1638283691496 HTTP/1.1" 200 4574
10.40.40.2 - - [30/Nov/2021:12:00:18 -0300] "POST /cormun/servlet/trautorizarsolicitud?1c95b5f6e4d06aac7e2d2767ef261f73,,gx-no-cache=1638283594100 HTTP/1.1" 200 6977
10.40.40.2 - - [30/Nov/2021:12:00:20 -0300] "POST /cormun/servlet/trautorizarsolicitud?1c95b5f6e4d06aac7e2d2767ef261f73,,gx-no-cache=1638283596314 HTTP/1.1" 200 6977
190.114.60.149 - - [30/Nov/2021:12:00:20 -0300] "POST /cormun/servlet/trautorizarsolicitud?bb37c4feca69ddaa0664c929f0b32f11,,gx-no-cache=1638283700714 HTTP/1.1" 200 4572
10.40.40.2 - - [30/Nov/2021:12:00:20 -0300] "POST /cormun/servlet/trautorizarsolicitud?1c95b5f6e4d06aac7e2d2767ef261f73,,gx-no-cache=1638283596511 HTTP/1.1" 200 6977
10.40.40.2 - - [30/Nov/2021:12:00:20 -0300] "POST /cormun/servlet/trautorizarsolicitud?1c95b5f6e4d06aac7e2d2767ef261f73,,gx-no-cache=1638283596716 HTTP/1.1" 200 6977
10.40.40.2 - - [30/Nov/2021:12:00:20 -0300] "POST /cormun/servlet/trautorizarsolicitud?1c95b5f6e4d06aac7e2d2767ef261f73,,gx-no-cache=1638283596922 HTTP/1.1" 200 6977
190.114.60.149 - - [30/Nov/2021:12:00:24 -0300] "POST /cormun/servlet/trautorizarsolicitud?bb37c4feca69ddaa0664c929f0b32f11,,gx-no-cache=1638283704850 HTTP/1.1" 200 4572
190.114.60.149 - - [30/Nov/2021:12:00:25 -0300] "POST /cormun/servlet/trautorizarsolicitud?bb37c4feca69ddaa0664c929f0b32f11,,gx-no-cache=1638283705823 HTTP/1.1" 200 4573
190.114.60.149 - - [30/Nov/2021:12:00:25 -0300] "POST /cormun/servlet/trautorizarsolicitud?bb37c4feca69ddaa0664c929f0b32f11,,gx-no-cache=1638283706076 HTTP/1.1" 200 4573
181.162.168.39 - - [30/Nov/2021:12:00:26 -0300] "GET /cormun/servlet/hlogin HTTP/1.1" 200 1726
181.162.168.39 - - [30/Nov/2021:12:00:28 -0300] "GET /cormun/static/gxtimezone.js?85251 HTTP/1.1" 200 5781
181.162.168.39 - - [30/Nov/2021:12:00:28 -0300] "GET /cormun/static/gxcfg.js?201910216285969 HTTP/1.1" 200 953
181.162.168.39 - - [30/Nov/2021:12:00:28 -0300] "GET /cormun/static/Resources/Spanish/PXTools.css?2294816 HTTP/1.1" 200 100853
181.162.168.39 - - [30/Nov/2021:12:00:29 -0300] "GET /cormun/static/messages.spa.js?85251 HTTP/1.1" 200 30736
181.162.168.39 - - [30/Nov/2021:12:00:30 -0300] "GET /cormun/static/hlogin.js?201910216285995 HTTP/1.1" 200 2136
181.162.168.39 - - [30/Nov/2021:12:00:30 -0300] "GET /cormun/static/Resources/Logo2019_Grande.png HTTP/1.1" 200 31733
181.162.168.39 - - [30/Nov/2021:12:00:30 -0300] "GET /cormun/static/gxgral.js?85251 HTTP/1.1" 200 384558
181.162.168.39 - - [30/Nov/2021:12:00:31 -0300] "GET /cormun/static/Resources/PXToolsLoginTop.png HTTP/1.1" 200 1337
181.162.168.39 - - [30/Nov/2021:12:00:31 -0300] "GET /cormun/static/Resources/PXToolsLoginBackground.png HTTP/1.1" 200 1164
181.162.168.39 - - [30/Nov/2021:12:00:31 -0300] "GET /cormun/static/Resources/PXToolsButtonRight.png HTTP/1.1" 200 1294
181.162.168.39 - - [30/Nov/2021:12:00:31 -0300] "GET /cormun/static/Resources/PXToolsButtonLeft.png HTTP/1.1" 200 1310
181.162.168.39 - - [30/Nov/2021:12:00:32 -0300] "GET /cormun/static/Resources/PXToolsButtonBackground.png HTTP/1.1" 200 1176
181.162.168.39 - - [30/Nov/2021:12:00:32 -0300] "GET /cormun/static/Resources/PXToolsLoginBottom.png HTTP/1.1" 200 1389
181.162.168.39 - - [30/Nov/2021:12:00:32 -0300] "GET /cormun/servlet/hlogin HTTP/1.1" 200 1736
181.162.168.39 - - [30/Nov/2021:12:00:32 -0300] "GET /cormun/static/Resources/indicator.gif HTTP/1.1" 200 1553
181.162.168.39 - - [30/Nov/2021:12:00:33 -0300] "GET /cormun/static/Resources/indicator.gif HTTP/1.1" 200 1553
181.162.168.39 - - [30/Nov/2021:12:00:33 -0300] "GET /favicon.ico HTTP/1.1" 200 21630
190.171.141.90 - - [30/Nov/2021:12:00:33 -0300] "GET /cormun/servlet/hlogin HTTP/1.1" 200 1723
190.114.60.149 - - [30/Nov/2021:12:00:35 -0300] "POST /cormun/servlet/trautorizarsolicitud?bb37c4feca69ddaa0664c929f0b32f11,,gx-no-cache=1638283716276 HTTP/1.1" 200 4573
190.171.141.90 - - [30/Nov/2021:12:00:36 -0300] "POST /cormun/servlet/hlogin?8db16d8260b7116ef94d6276617ed6a3,gx-no-cache=1638283718397 HTTP/1.1" 200 421
190.114.60.149 - - [30/Nov/2021:12:00:37 -0300] "POST /cormun/servlet/trautorizarsolicitud?bb37c4feca69ddaa0664c929f0b32f11,,gx-no-cache=1638283717444 HTTP/1.1" 200 109
190.114.60.149 - - [30/Nov/2021:12:00:37 -0300] "POST /cormun/servlet/trautorizarsolicitud?bb37c4feca69ddaa0664c929f0b32f11,,gx-no-cache=1638283717579 HTTP/1.1" 200 4554
190.114.60.149 - - [30/Nov/2021:12:00:37 -0300] "GET /cormun/AutorizarSolicitud-490.xls HTTP/1.1" 200 4608
10.40.40.2 - - [30/Nov/2021:12:00:49 -0300] "POST /cormun/servlet/trautorizarsolicitud?1c95b5f6e4d06aac7e2d2767ef261f73,,gx-no-cache=1638283625735 HTTP/1.1" 200 6977
10.40.40.2 - - [30/Nov/2021:12:00:50 -0300] "POST /cormun/servlet/trautorizarsolicitud?1c95b5f6e4d06aac7e2d2767ef261f73,,gx-no-cache=1638283626530 HTTP/1.1" 200 6975
10.40.40.2 - - [30/Nov/2021:12:00:50 -0300] "POST /cormun/servlet/trautorizarsolicitud?1c95b5f6e4d06aac7e2d2767ef261f73,,gx-no-cache=1638283626763 HTTP/1.1" 200 6976
10.40.40.2 - - [30/Nov/2021:12:00:50 -0300] "POST /cormun/servlet/trautorizarsolicitud?1c95b5f6e4d06aac7e2d2767ef261f73,,gx-no-cache=1638283626971 HTTP/1.1" 200 6976
10.40.40.2 - - [30/Nov/2021:12:00:51 -0300] "POST /cormun/servlet/trautorizarsolicitud?1c95b5f6e4d06aac7e2d2767ef261f73,,gx-no-cache=1638283627181 HTTP/1.1" 200 6977
190.114.60.149 - - [30/Nov/2021:12:00:52 -0300] "POST /cormun/servlet/trautorizarsolicitud?bb37c4feca69ddaa0664c929f0b32f11,,gx-no-cache=1638283732698 HTTP/1.1" 200 4573
190.114.60.149 - - [30/Nov/2021:12:00:53 -0300] "POST /cormun/servlet/trautorizarsolicitud?bb37c4feca69ddaa0664c929f0b32f11,,gx-no-cache=1638283734149 HTTP/1.1" 200 4572
190.114.60.149 - - [30/Nov/2021:12:00:54 -0300] "POST /cormun/servlet/trautorizarsolicitud?bb37c4feca69ddaa0664c929f0b32f11,,gx-no-cache=1638283734587 HTTP/1.1" 200 4572
190.114.60.149 - - [30/Nov/2021:12:00:54 -0300] "POST /cormun/servlet/trautorizarsolicitud?bb37c4feca69ddaa0664c929f0b32f11,,gx-no-cache=1638283735034 HTTP/1.1" 200 4573
190.114.60.149 - - [30/Nov/2021:12:00:54 -0300] "POST /cormun/servlet/trautorizarsolicitud?bb37c4feca69ddaa0664c929f0b32f11,,gx-no-cache=1638283735300 HTTP/1.1" 200 4572
181.162.168.39 - - [30/Nov/2021:12:00:58 -0300] "GET /cormun/servlet/hlogin HTTP/1.1" 200 1726
190.114.60.149 - - [30/Nov/2021:12:01:04 -0300] "GET /cormun/static/menuarrow.gif HTTP/1.1" 404 1015
190.114.60.149 - - [30/Nov/2021:12:01:12 -0300] "POST /cormun/servlet/trautorizarsolicitud?bb37c4feca69ddaa0664c929f0b32f11,,gx-no-cache=1638283752738 HTTP/1.1" 200 4568
190.114.60.149 - - [30/Nov/2021:12:01:13 -0300] "POST /cormun/servlet/trautorizarsolicitud?bb37c4feca69ddaa0664c929f0b32f11,,gx-no-cache=1638283753742 HTTP/1.1" 200 4568
190.114.60.149 - - [30/Nov/2021:12:01:25 -0300] "POST /cormun/servlet/trautorizarsolicitud?bb37c4feca69ddaa0664c929f0b32f11,,gx-no-cache=1638283765653 HTTP/1.1" 200 7373
10.40.40.2 - - [30/Nov/2021:12:01:25 -0300] "GET /cormun/servlet/trvisualizadoreventos? HTTP/1.1" 200 6943
10.40.40.2 - - [30/Nov/2021:12:01:25 -0300] "GET /cormun/static/gxcfg.js?20199142243133 HTTP/1.1" 200 953
10.40.40.2 - - [30/Nov/2021:12:01:25 -0300] "GET /cormun/static/trvisualizadoreventos.js?201991422431650 HTTP/1.1" 200 19318
10.40.40.2 - - [30/Nov/2021:12:01:25 -0300] "GET /cormun/static/Resources/PXToolsActionPrint.png HTTP/1.1" 200 404
10.40.40.2 - - [30/Nov/2021:12:01:26 -0300] "GET /cormun/servlet/trvisualizadoreventos? HTTP/1.1" 200 6942
10.40.40.2 - - [30/Nov/2021:12:01:28 -0300] "GET /cormun/servlet/trautorizarsolicitud? HTTP/1.1" 200 9700
10.40.40.2 - - [30/Nov/2021:12:01:29 -0300] "GET /cormun/servlet/trautorizarsolicitud? HTTP/1.1" 200 9700
10.40.40.2 - - [30/Nov/2021:12:01:32 -0300] "POST /cormun/servlet/trautorizarsolicitud?1c95b5f6e4d06aac7e2d2767ef261f73,,gx-no-cache=1638283668854 HTTP/1.1" 200 6983
10.40.40.2 - - [30/Nov/2021:12:01:33 -0300] "POST /cormun/servlet/trautorizarsolicitud?1c95b5f6e4d06aac7e2d2767ef261f73,,gx-no-cache=1638283669068 HTTP/1.1" 200 6984
10.40.40.2 - - [30/Nov/2021:12:01:33 -0300] "POST /cormun/servlet/trautorizarsolicitud?1c95b5f6e4d06aac7e2d2767ef261f73,,gx-no-cache=1638283669280 HTTP/1.1" 200 6983
10.40.40.2 - - [30/Nov/2021:12:01:33 -0300] "POST /cormun/servlet/trautorizarsolicitud?1c95b5f6e4d06aac7e2d2767ef261f73,,gx-no-cache=1638283669508 HTTP/1.1" 200 6984
10.40.40.2 - - [30/Nov/2021:12:01:34 -0300] "POST /cormun/servlet/trautorizarsolicitud?1c95b5f6e4d06aac7e2d2767ef261f73,,gx-no-cache=1638283669753 HTTP/1.1" 200 6984
190.114.60.149 - - [30/Nov/2021:12:01:36 -0300] "POST /cormun/servlet/trautorizarsolicitud?bb37c4feca69ddaa0664c929f0b32f11,,gx-no-cache=1638283776564 HTTP/1.1" 200 107
190.114.60.149 - - [30/Nov/2021:12:01:36 -0300] "GET /cormun/servlet/trsolicitudadjuntos?2021,17829, HTTP/1.1" 200 6276
190.114.60.149 - - [30/Nov/2021:12:01:37 -0300] "GET /cormun/static/gxcfg.js?20201215574222 HTTP/1.1" 200 953
190.114.60.149 - - [30/Nov/2021:12:01:37 -0300] "GET /cormun/static/Resources/PXToolsGridNew.png HTTP/1.1" 200 427
190.114.60.149 - - [30/Nov/2021:12:01:37 -0300] "GET /cormun/static/trsolicitudadjuntos.js?20201215574932 HTTP/1.1" 200 17922
190.114.60.149 - - [30/Nov/2021:12:01:37 -0300] "GET /cormun/servlet/trsolicitudadjuntos?2021,17829, HTTP/1.1" 200 6276
190.114.60.149 - - [30/Nov/2021:12:01:45 -0300] "GET /cormun/servlet/solicitudotadjuntos?INS,2021,17829,,1, HTTP/1.1" 200 6234
190.114.60.149 - - [30/Nov/2021:12:01:47 -0300] "GET /cormun/static/gxcfg.js?202012157947 HTTP/1.1" 200 953
190.114.60.149 - - [30/Nov/2021:12:01:47 -0300] "GET /cormun/static/about:blank HTTP/1.1" 404 1011
190.114.60.149 - - [30/Nov/2021:12:01:47 -0300] "GET /cormun/static/solicitudotadjuntos.js?202012157966 HTTP/1.1" 200 11771
190.114.60.149 - - [30/Nov/2021:12:01:47 -0300] "GET /cormun/servlet/solicitudotadjuntos?INS,2021,17829,,1, HTTP/1.1" 200 6227
190.114.60.149 - - [30/Nov/2021:12:01:48 -0300] "GET /cormun/servlet/solicitudotadjuntos?a7e0ba0f5320d0d95ade8df2dcf3e28fb04aea08dfddf29cfef2634f8fa8b8852c816d4b73b0f07982b2123b1100bbb8,gx-no-cache=1638283788721 HTTP/1.1" 200 30
190.114.60.149 - - [30/Nov/2021:12:01:48 -0300] "POST /cormun/servlet/solicitudotadjuntos?bb37c4feca69ddaa0664c929f0b32f11,INS,2021,17829,,1,,gx-no-cache=1638283788758 HTTP/1.1" 200 4145
190.114.60.149 - - [30/Nov/2021:12:02:04 -0300] "POST /cormun/servlet/solicitudotadjuntos?bb37c4feca69ddaa0664c929f0b32f11,INS,2021,17829,,1,,gx-no-cache=1638283804837 HTTP/1.1" 200 93
190.114.60.149 - - [30/Nov/2021:12:02:04 -0300] "GET /cormun/servlet/hpexe_return? HTTP/1.1" 200 1024
190.114.60.149 - - [30/Nov/2021:12:02:05 -0300] "GET /cormun/servlet/trsolicitudadjuntos?2021,17829, HTTP/1.1" 200 6280
190.114.60.149 - - [30/Nov/2021:12:02:06 -0300] "GET /cormun/servlet/trsolicitudadjuntos?2021,17829, HTTP/1.1" 200 6276
190.114.60.149 - - [30/Nov/2021:12:02:10 -0300] "GET /cormun/servlet/trautorizarsolicitud? HTTP/1.1" 200 10095
190.114.60.149 - - [30/Nov/2021:12:02:10 -0300] "GET /cormun/servlet/trautorizarsolicitud? HTTP/1.1" 200 10088
10.40.40.2 - - [30/Nov/2021:12:02:22 -0300] "GET /cormun/servlet/trautorizarsolicitud? HTTP/1.1" 200 9700
10.40.40.2 - - [30/Nov/2021:12:02:22 -0300] "GET /cormun/servlet/trautorizarsolicitud? HTTP/1.1" 200 9700
10.40.40.2 - - [30/Nov/2021:12:02:28 -0300] "POST /cormun/servlet/trautorizarsolicitud?1c95b5f6e4d06aac7e2d2767ef261f73,,gx-no-cache=1638283724766 HTTP/1.1" 200 4545
205.185.121.173 - - [30/Nov/2021:12:02:37 -0300] "GET /manager/html HTTP/1.1" 401 2474
10.40.40.2 - - [30/Nov/2021:12:02:57 -0300] "GET /cormun/servlet/trautorizarsolicitud? HTTP/1.1" 200 7295
10.40.40.2 - - [30/Nov/2021:12:02:57 -0300] "GET /cormun/servlet/trautorizarsolicitud? HTTP/1.1" 200 7295
10.40.40.2 - - [30/Nov/2021:12:03:01 -0300] "POST /cormun/servlet/trautorizarsolicitud?1c95b5f6e4d06aac7e2d2767ef261f73,,gx-no-cache=1638283757362 HTTP/1.1" 200 7762
10.40.40.2 - - [30/Nov/2021:12:03:06 -0300] "GET /cormun/static/menuarrow.gif HTTP/1.1" 404 1015
10.40.40.2 - - [30/Nov/2021:12:03:11 -0300] "POST /cormun/servlet/trautorizarsolicitud?1c95b5f6e4d06aac7e2d2767ef261f73,,gx-no-cache=1638283767655 HTTP/1.1" 200 14972
190.171.141.90 - - [30/Nov/2021:12:03:20 -0300] "POST /cormun/servlet/hlogin?8db16d8260b7116ef94d6276617ed6a3,gx-no-cache=1638283881578 HTTP/1.1" 200 421
190.114.60.149 - - [30/Nov/2021:12:03:24 -0300] "GET /cormun/static/menuarrow.gif HTTP/1.1" 404 1015
10.40.40.2 - - [30/Nov/2021:12:03:32 -0300] "POST /cormun/servlet/trautorizarsolicitud?1c95b5f6e4d06aac7e2d2767ef261f73,,gx-no-cache=1638283788212 HTTP/1.1" 200 7778
190.114.60.149 - - [30/Nov/2021:12:03:34 -0300] "POST /cormun/servlet/trautorizarsolicitud?bb37c4feca69ddaa0664c929f0b32f11,,gx-no-cache=1638283894461 HTTP/1.1" 200 7791
200.54.107.2 - - [30/Nov/2021:12:04:40 -0300] "GET /cormun/servlet/permisogoce?3fc1ccc3b01104176a877763e52ec8bfaabf74037b8f40aed38f704dc7239157d9012dacbb2e22f27f0787a99be3f543e2bf21af53a00f4cec9213fb768aa0ac,gx-no-cache=1638283962204 HTTP/1.1" 200 77
200.54.107.2 - - [30/Nov/2021:12:04:40 -0300] "GET /cormun/static/menuarrow.gif HTTP/1.1" 404 1015
200.54.107.2 - - [30/Nov/2021:12:04:51 -0300] "GET /cormun/servlet/permisogoce?3fc1ccc3b01104176a877763e52ec8bf183a73b8e9fc6f6c4dcba5af14af36e9ab13c0efef07e9ade4a4b66e38d45f968cfc4fcb15fe0b1f82d0c2c8bd7f83b8,gx-no-cache=1638283972721 HTTP/1.1" 200 46
200.54.107.2 - - [30/Nov/2021:12:04:53 -0300] "POST /cormun/servlet/permisogoce?bf964fb29a98a6fde521b13061f1b4e0,INS,0,,,,gx-no-cache=1638283974860 HTTP/1.1" 200 93
200.54.107.2 - - [30/Nov/2021:12:04:53 -0300] "GET /cormun/servlet/hpexe_return? HTTP/1.1" 200 1010
200.54.107.2 - - [30/Nov/2021:12:04:53 -0300] "GET /cormun/servlet/trpermisosgoce HTTP/1.1" 200 12861
200.54.107.2 - - [30/Nov/2021:12:04:54 -0300] "GET /cormun/servlet/trpermisosgoce HTTP/1.1" 200 12864
200.54.107.2 - - [30/Nov/2021:12:04:57 -0300] "GET /cormun/servlet/apermisogoceprn?10092060,P,20211130113536,PU HTTP/1.1" 200 1659
205.185.121.173 - - [30/Nov/2021:12:05:20 -0300] "GET /manager/html HTTP/1.1" 401 2474
190.171.141.90 - - [30/Nov/2021:12:05:43 -0300] "GET /cormun/servlet/hlogin HTTP/1.1" 200 1723
190.114.60.149 - - [30/Nov/2021:12:05:45 -0300] "POST /cormun/servlet/trautorizarsolicitud?bb37c4feca69ddaa0664c929f0b32f11,,gx-no-cache=1638284026101 HTTP/1.1" 200 107
190.114.60.149 - - [30/Nov/2021:12:05:45 -0300] "GET /cormun/servlet/trsolicitudadjuntos?2021,17829, HTTP/1.1" 200 6276
190.114.60.149 - - [30/Nov/2021:12:05:48 -0300] "GET /cormun/servlet/trsolicitudadjuntos?2021,17829, HTTP/1.1" 200 6276
10.40.40.2 - - [30/Nov/2021:12:05:49 -0300] "POST /cormun/servlet/trautorizarsolicitud?1c95b5f6e4d06aac7e2d2767ef261f73,,gx-no-cache=1638283925044 HTTP/1.1" 200 107
10.40.40.2 - - [30/Nov/2021:12:05:49 -0300] "GET /cormun/servlet/trsolicitudadjuntos?2021,17829, HTTP/1.1" 200 6276
10.40.40.2 - - [30/Nov/2021:12:05:49 -0300] "GET /cormun/static/gxui/gxui-all.css?120300 HTTP/1.1" 200 2179
10.40.40.2 - - [30/Nov/2021:12:05:49 -0300] "GET /cormun/static/calendar-system.css?85620 HTTP/1.1" 200 5572
10.40.40.2 - - [30/Nov/2021:12:05:49 -0300] "GET /cormun/static/gxcfg.js?20201215574222 HTTP/1.1" 200 953
10.40.40.2 - - [30/Nov/2021:12:05:49 -0300] "GET /cormun/static/trsolicitudadjuntos.js?20201215574932 HTTP/1.1" 200 17922
