205.185.121.173 - - [30/Nov/2021:00:01:35 -0300] "GET /manager/html HTTP/1.1" 401 2474
205.185.121.173 - - [30/Nov/2021:00:04:14 -0300] "GET /manager/html HTTP/1.1" 401 2474
205.185.121.173 - - [30/Nov/2021:00:07:01 -0300] "GET /manager/html HTTP/1.1" 401 2474
205.185.121.173 - - [30/Nov/2021:00:09:45 -0300] "GET /manager/html HTTP/1.1" 401 2474
205.185.121.173 - - [30/Nov/2021:00:12:36 -0300] "GET /manager/html HTTP/1.1" 401 2474
205.185.121.173 - - [30/Nov/2021:00:15:25 -0300] "GET /manager/html HTTP/1.1" 401 2474
205.185.121.173 - - [30/Nov/2021:00:18:18 -0300] "GET /manager/html HTTP/1.1" 401 2474
205.185.121.173 - - [30/Nov/2021:00:21:15 -0300] "GET /manager/html HTTP/1.1" 401 2474
205.185.121.173 - - [30/Nov/2021:00:24:04 -0300] "GET /manager/html HTTP/1.1" 401 2474
205.185.121.173 - - [30/Nov/2021:00:26:48 -0300] "GET /manager/html HTTP/1.1" 401 2474
205.185.121.173 - - [30/Nov/2021:00:29:29 -0300] "GET /manager/html HTTP/1.1" 401 2474
205.185.121.173 - - [30/Nov/2021:00:32:17 -0300] "GET /manager/html HTTP/1.1" 401 2474
205.185.121.173 - - [30/Nov/2021:00:35:07 -0300] "GET /manager/html HTTP/1.1" 401 2474
205.185.121.173 - - [30/Nov/2021:00:37:49 -0300] "GET /manager/html HTTP/1.1" 401 2474
205.185.121.173 - - [30/Nov/2021:00:40:44 -0300] "GET /manager/html HTTP/1.1" 401 2474
205.185.121.173 - - [30/Nov/2021:00:43:28 -0300] "GET /manager/html HTTP/1.1" 401 2474
205.185.121.173 - - [30/Nov/2021:00:46:15 -0300] "GET /manager/html HTTP/1.1" 401 2474
205.185.121.173 - - [30/Nov/2021:00:48:59 -0300] "GET /manager/html HTTP/1.1" 401 2474
205.185.121.173 - - [30/Nov/2021:00:51:47 -0300] "GET /manager/html HTTP/1.1" 401 2474
205.185.121.173 - - [30/Nov/2021:00:54:35 -0300] "GET /manager/html HTTP/1.1" 401 2474
205.185.121.173 - - [30/Nov/2021:00:57:34 -0300] "GET /manager/html HTTP/1.1" 401 2474
205.185.121.173 - - [30/Nov/2021:01:00:25 -0300] "GET /manager/html HTTP/1.1" 401 2474
205.185.121.173 - - [30/Nov/2021:01:03:02 -0300] "GET /manager/html HTTP/1.1" 401 2474
167.94.138.114 - - [30/Nov/2021:01:04:07 -0300] "GET / HTTP/1.1" 200 11217
167.94.138.114 - - [30/Nov/2021:01:04:07 -0300] "GET / HTTP/1.1" 200 11217
205.185.121.173 - - [30/Nov/2021:01:05:43 -0300] "GET /manager/html HTTP/1.1" 401 2474
207.46.13.117 - - [30/Nov/2021:01:06:03 -0300] "GET /cormun/servlet/licenciaspermisos?INS,0,,, HTTP/1.1" 200 6734
40.77.167.55 - - [30/Nov/2021:01:06:20 -0300] "GET /cormun/static/PXToolsJavascripts/pexe_cookies.js HTTP/1.1" 200 792
205.185.121.173 - - [30/Nov/2021:01:08:35 -0300] "GET /manager/html HTTP/1.1" 401 2474
205.185.121.173 - - [30/Nov/2021:01:11:29 -0300] "GET /manager/html HTTP/1.1" 401 2474
207.46.13.3 - - [30/Nov/2021:01:13:25 -0300] "GET /cormun/static/trcontratoobservacion.js?2020121604638 HTTP/1.1" 200 25148
205.185.121.173 - - [30/Nov/2021:01:14:13 -0300] "GET /manager/html HTTP/1.1" 401 2474
205.185.121.173 - - [30/Nov/2021:01:16:52 -0300] "GET /manager/html HTTP/1.1" 401 2474
205.185.121.173 - - [30/Nov/2021:01:19:44 -0300] "GET /manager/html HTTP/1.1" 401 2474
205.185.121.173 - - [30/Nov/2021:01:22:34 -0300] "GET /manager/html HTTP/1.1" 401 2474
205.185.121.173 - - [30/Nov/2021:01:25:14 -0300] "GET /manager/html HTTP/1.1" 401 2474
205.185.121.173 - - [30/Nov/2021:01:28:11 -0300] "GET /manager/html HTTP/1.1" 401 2474
157.55.39.194 - - [30/Nov/2021:01:29:43 -0300] "GET /robots.txt HTTP/1.1" 404 981
205.185.121.173 - - [30/Nov/2021:01:30:58 -0300] "GET /manager/html HTTP/1.1" 401 2474
205.185.121.173 - - [30/Nov/2021:01:33:44 -0300] "GET /manager/html HTTP/1.1" 401 2474
205.185.121.173 - - [30/Nov/2021:01:36:35 -0300] "GET /manager/html HTTP/1.1" 401 2474
40.77.188.216 - - [30/Nov/2021:01:37:16 -0300] "GET /cormun/static/hwchdr01.js?20201214473739 HTTP/1.1" 200 996
205.185.121.173 - - [30/Nov/2021:01:39:23 -0300] "GET /manager/html HTTP/1.1" 401 2474
205.185.121.173 - - [30/Nov/2021:01:42:11 -0300] "GET /manager/html HTTP/1.1" 401 2474
205.185.121.173 - - [30/Nov/2021:01:45:02 -0300] "GET /manager/html HTTP/1.1" 401 2474
205.185.121.173 - - [30/Nov/2021:01:47:54 -0300] "GET /manager/html HTTP/1.1" 401 2474
205.185.121.173 - - [30/Nov/2021:01:50:45 -0300] "GET /manager/html HTTP/1.1" 401 2474
205.185.121.173 - - [30/Nov/2021:01:53:27 -0300] "GET /manager/html HTTP/1.1" 401 2474
205.185.121.173 - - [30/Nov/2021:01:56:18 -0300] "GET /manager/html HTTP/1.1" 401 2474
205.185.121.173 - - [30/Nov/2021:01:59:01 -0300] "GET /manager/html HTTP/1.1" 401 2474
205.185.121.173 - - [30/Nov/2021:02:01:46 -0300] "GET /manager/html HTTP/1.1" 401 2474
205.185.121.173 - - [30/Nov/2021:02:04:27 -0300] "GET /manager/html HTTP/1.1" 401 2474
34.77.162.20 - - [30/Nov/2021:02:05:47 -0300] "GET / HTTP/1.1" 200 11217
205.185.121.173 - - [30/Nov/2021:02:07:23 -0300] "GET /manager/html HTTP/1.1" 401 2474
190.215.168.193 - - [30/Nov/2021:02:08:18 -0300] "GET / HTTP/1.1" 200 11217
205.185.121.173 - - [30/Nov/2021:02:10:11 -0300] "GET /manager/html HTTP/1.1" 401 2474
205.185.121.173 - - [30/Nov/2021:02:12:52 -0300] "GET /manager/html HTTP/1.1" 401 2474
205.185.121.173 - - [30/Nov/2021:02:15:44 -0300] "GET /manager/html HTTP/1.1" 401 2474
205.185.121.173 - - [30/Nov/2021:02:18:39 -0300] "GET /manager/html HTTP/1.1" 401 2474
205.185.121.173 - - [30/Nov/2021:02:21:31 -0300] "GET /manager/html HTTP/1.1" 401 2474
205.185.121.173 - - [30/Nov/2021:02:24:26 -0300] "GET /manager/html HTTP/1.1" 401 2474
205.185.121.173 - - [30/Nov/2021:02:27:22 -0300] "GET /manager/html HTTP/1.1" 401 2474
205.185.121.173 - - [30/Nov/2021:02:30:15 -0300] "GET /manager/html HTTP/1.1" 401 2474
205.185.121.173 - - [30/Nov/2021:02:33:04 -0300] "GET /manager/html HTTP/1.1" 401 2474
205.185.121.173 - - [30/Nov/2021:02:36:00 -0300] "GET /manager/html HTTP/1.1" 401 2474
205.185.121.173 - - [30/Nov/2021:02:38:51 -0300] "GET /manager/html HTTP/1.1" 401 2474
205.185.121.173 - - [30/Nov/2021:02:41:40 -0300] "GET /manager/html HTTP/1.1" 401 2474
205.185.121.173 - - [30/Nov/2021:02:44:34 -0300] "GET /manager/html HTTP/1.1" 401 2474
205.185.121.173 - - [30/Nov/2021:02:47:17 -0300] "GET /manager/html HTTP/1.1" 401 2474
205.185.121.173 - - [30/Nov/2021:02:50:04 -0300] "GET /manager/html HTTP/1.1" 401 2474
205.185.121.173 - - [30/Nov/2021:02:52:54 -0300] "GET /manager/html HTTP/1.1" 401 2474
205.185.121.173 - - [30/Nov/2021:02:55:53 -0300] "GET /manager/html HTTP/1.1" 401 2474
205.185.121.173 - - [30/Nov/2021:02:58:42 -0300] "GET /manager/html HTTP/1.1" 401 2474
205.185.121.173 - - [30/Nov/2021:03:01:31 -0300] "GET /manager/html HTTP/1.1" 401 2474
205.185.121.173 - - [30/Nov/2021:03:04:20 -0300] "GET /manager/html HTTP/1.1" 401 2474
205.185.121.173 - - [30/Nov/2021:03:07:10 -0300] "GET /manager/html HTTP/1.1" 401 2474
205.185.121.173 - - [30/Nov/2021:03:09:55 -0300] "GET /manager/html HTTP/1.1" 401 2474
205.185.121.173 - - [30/Nov/2021:03:12:47 -0300] "GET /manager/html HTTP/1.1" 401 2474
205.185.121.173 - - [30/Nov/2021:03:15:38 -0300] "GET /manager/html HTTP/1.1" 401 2474
205.185.121.173 - - [30/Nov/2021:03:18:27 -0300] "GET /manager/html HTTP/1.1" 401 2474
205.185.121.173 - - [30/Nov/2021:03:21:20 -0300] "GET /manager/html HTTP/1.1" 401 2474
205.185.121.173 - - [30/Nov/2021:03:24:16 -0300] "GET /manager/html HTTP/1.1" 401 2474
205.185.121.173 - - [30/Nov/2021:03:27:20 -0300] "GET /manager/html HTTP/1.1" 401 2474
205.185.121.173 - - [30/Nov/2021:03:30:18 -0300] "GET /manager/html HTTP/1.1" 401 2474
205.185.121.173 - - [30/Nov/2021:03:33:07 -0300] "GET /manager/html HTTP/1.1" 401 2474
205.185.121.173 - - [30/Nov/2021:03:36:03 -0300] "GET /manager/html HTTP/1.1" 401 2474
205.185.121.173 - - [30/Nov/2021:03:38:46 -0300] "GET /manager/html HTTP/1.1" 401 2474
207.46.13.117 - - [30/Nov/2021:03:40:21 -0300] "GET /cormun/servlet/licenciaspermisos?DSP,18834102,L,20190415000000,_escaped_fragment_%3D&_escaped_fragment_= HTTP/1.1" 200 6080
40.77.167.55 - - [30/Nov/2021:03:40:35 -0300] "GET /cormun/static/PXToolsJavascripts/pexe_cookies.js HTTP/1.1" 200 792
40.77.167.55 - - [30/Nov/2021:03:40:37 -0300] "GET /cormun/static/calendar-system.css?85620 HTTP/1.1" 200 5572
207.46.13.117 - - [30/Nov/2021:03:40:38 -0300] "GET /cormun/static/hwchdr01.js?20201214473739 HTTP/1.1" 200 996
40.77.167.55 - - [30/Nov/2021:03:40:39 -0300] "GET /cormun/static/PXToolsJavascripts/pexe_cookies.js HTTP/1.1" 200 792
207.46.13.117 - - [30/Nov/2021:03:40:39 -0300] "GET /cormun/static/hwchdr01.js?20201214473739 HTTP/1.1" 200 996
40.77.167.55 - - [30/Nov/2021:03:40:41 -0300] "GET /cormun/static/calendar-system.css?85620 HTTP/1.1" 200 5572
207.46.13.30 - - [30/Nov/2021:03:40:42 -0300] "GET /cormun/servlet/licenciaspermisos?DSP,18834102,L,20190415000000,_escaped_fragment_%3D HTTP/1.1" 200 6070
207.46.13.30 - - [30/Nov/2021:03:40:45 -0300] "GET /cormun/servlet/licenciaspermisos?DSP,18834102,L,20190415000000,_escaped_fragment_%3D HTTP/1.1" 200 6074
205.185.121.173 - - [30/Nov/2021:03:41:31 -0300] "GET /manager/html HTTP/1.1" 401 2474
205.185.121.173 - - [30/Nov/2021:03:44:21 -0300] "GET /manager/html HTTP/1.1" 401 2474
205.185.121.173 - - [30/Nov/2021:03:47:02 -0300] "GET /manager/html HTTP/1.1" 401 2474
205.185.121.173 - - [30/Nov/2021:03:49:45 -0300] "GET /manager/html HTTP/1.1" 401 2474
205.185.121.173 - - [30/Nov/2021:03:52:47 -0300] "GET /manager/html HTTP/1.1" 401 2474
205.185.121.173 - - [30/Nov/2021:03:55:38 -0300] "GET /manager/html HTTP/1.1" 401 2474
205.185.121.173 - - [30/Nov/2021:03:58:20 -0300] "GET /manager/html HTTP/1.1" 401 2474
205.185.121.173 - - [30/Nov/2021:04:01:12 -0300] "GET /manager/html HTTP/1.1" 401 2474
205.185.121.173 - - [30/Nov/2021:04:04:08 -0300] "GET /manager/html HTTP/1.1" 401 2474
205.185.121.173 - - [30/Nov/2021:04:07:03 -0300] "GET /manager/html HTTP/1.1" 401 2474
205.185.121.173 - - [30/Nov/2021:04:09:56 -0300] "GET /manager/html HTTP/1.1" 401 2474
205.185.121.173 - - [30/Nov/2021:04:12:49 -0300] "GET /manager/html HTTP/1.1" 401 2474
205.185.121.173 - - [30/Nov/2021:04:15:34 -0300] "GET /manager/html HTTP/1.1" 401 2474
205.185.121.173 - - [30/Nov/2021:04:18:29 -0300] "GET /manager/html HTTP/1.1" 401 2474
205.185.121.173 - - [30/Nov/2021:04:21:17 -0300] "GET /manager/html HTTP/1.1" 401 2474
205.185.121.173 - - [30/Nov/2021:04:24:05 -0300] "GET /manager/html HTTP/1.1" 401 2474
205.185.121.173 - - [30/Nov/2021:04:26:59 -0300] "GET /manager/html HTTP/1.1" 401 2474
205.185.121.173 - - [30/Nov/2021:04:29:41 -0300] "GET /manager/html HTTP/1.1" 401 2474
198.98.49.124 - - [30/Nov/2021:04:31:34 -0300] "GET / HTTP/1.1" 200 11217
205.185.121.173 - - [30/Nov/2021:04:32:30 -0300] "GET /manager/html HTTP/1.1" 401 2474
207.46.13.117 - - [30/Nov/2021:04:33:34 -0300] "GET /cormun/servlet/hpexe_link HTTP/1.1" 200 922
205.185.121.173 - - [30/Nov/2021:04:35:13 -0300] "GET /manager/html HTTP/1.1" 401 2474
205.185.121.173 - - [30/Nov/2021:04:37:54 -0300] "GET /manager/html HTTP/1.1" 401 2474
205.185.121.173 - - [30/Nov/2021:04:40:41 -0300] "GET /manager/html HTTP/1.1" 401 2474
205.185.121.173 - - [30/Nov/2021:04:43:27 -0300] "GET /manager/html HTTP/1.1" 401 2474
205.185.121.173 - - [30/Nov/2021:04:46:18 -0300] "GET /manager/html HTTP/1.1" 401 2474
205.185.121.173 - - [30/Nov/2021:04:48:57 -0300] "GET /manager/html HTTP/1.1" 401 2474
84.244.66.255 - - [30/Nov/2021:04:51:16 -0300] "GET / HTTP/1.1" 200 11217
205.185.121.173 - - [30/Nov/2021:04:51:51 -0300] "GET /manager/html HTTP/1.1" 401 2474
205.185.121.173 - - [30/Nov/2021:04:54:35 -0300] "GET /manager/html HTTP/1.1" 401 2474
205.185.121.173 - - [30/Nov/2021:04:57:20 -0300] "GET /manager/html HTTP/1.1" 401 2474
207.46.13.30 - - [30/Nov/2021:04:57:52 -0300] "GET /cormun/static/gxcfg.js?2020121604219 HTTP/1.1" 200 953
205.185.121.173 - - [30/Nov/2021:05:00:04 -0300] "GET /manager/html HTTP/1.1" 401 2474
205.185.121.173 - - [30/Nov/2021:05:02:50 -0300] "GET /manager/html HTTP/1.1" 401 2474
205.185.121.173 - - [30/Nov/2021:05:05:33 -0300] "GET /manager/html HTTP/1.1" 401 2474
205.185.121.173 - - [30/Nov/2021:05:08:11 -0300] "GET /manager/html HTTP/1.1" 401 2474
205.185.121.173 - - [30/Nov/2021:05:10:43 -0300] "GET /manager/html HTTP/1.1" 401 2474
205.185.121.173 - - [30/Nov/2021:05:13:43 -0300] "GET /manager/html HTTP/1.1" 401 2474
205.185.121.173 - - [30/Nov/2021:05:16:33 -0300] "GET /manager/html HTTP/1.1" 401 2474
205.185.121.173 - - [30/Nov/2021:05:19:24 -0300] "GET /manager/html HTTP/1.1" 401 2474
205.185.121.173 - - [30/Nov/2021:05:22:11 -0300] "GET /manager/html HTTP/1.1" 401 2474
205.185.121.173 - - [30/Nov/2021:05:24:52 -0300] "GET /manager/html HTTP/1.1" 401 2474
205.185.121.173 - - [30/Nov/2021:05:27:49 -0300] "GET /manager/html HTTP/1.1" 401 2474
205.185.121.173 - - [30/Nov/2021:05:30:27 -0300] "GET /manager/html HTTP/1.1" 401 2474
205.185.121.173 - - [30/Nov/2021:05:33:06 -0300] "GET /manager/html HTTP/1.1" 401 2474
205.185.121.173 - - [30/Nov/2021:05:35:53 -0300] "GET /manager/html HTTP/1.1" 401 2474
205.185.121.173 - - [30/Nov/2021:05:38:38 -0300] "GET /manager/html HTTP/1.1" 401 2474
205.185.121.173 - - [30/Nov/2021:05:41:28 -0300] "GET /manager/html HTTP/1.1" 401 2474
205.185.121.173 - - [30/Nov/2021:05:44:12 -0300] "GET /manager/html HTTP/1.1" 401 2474
205.185.121.173 - - [30/Nov/2021:05:46:55 -0300] "GET /manager/html HTTP/1.1" 401 2474
205.185.121.173 - - [30/Nov/2021:05:49:39 -0300] "GET /manager/html HTTP/1.1" 401 2474
205.185.121.173 - - [30/Nov/2021:05:52:33 -0300] "GET /manager/html HTTP/1.1" 401 2474
186.33.91.92 - - [30/Nov/2021:05:53:48 -0300] "GET /boaform/admin/formLogin?username=admin&psd=admin HTTP/1.0" 404 1007
205.185.121.173 - - [30/Nov/2021:05:55:11 -0300] "GET /manager/html HTTP/1.1" 401 2474
205.185.121.173 - - [30/Nov/2021:05:57:59 -0300] "GET /manager/html HTTP/1.1" 401 2474
205.185.121.173 - - [30/Nov/2021:06:00:55 -0300] "GET /manager/html HTTP/1.1" 401 2474
205.185.121.173 - - [30/Nov/2021:06:03:38 -0300] "GET /manager/html HTTP/1.1" 401 2474
205.185.121.173 - - [30/Nov/2021:06:06:19 -0300] "GET /manager/html HTTP/1.1" 401 2474
205.185.121.173 - - [30/Nov/2021:06:09:11 -0300] "GET /manager/html HTTP/1.1" 401 2474
205.185.121.173 - - [30/Nov/2021:06:11:52 -0300] "GET /manager/html HTTP/1.1" 401 2474
205.185.121.173 - - [30/Nov/2021:06:14:37 -0300] "GET /manager/html HTTP/1.1" 401 2474
205.185.121.173 - - [30/Nov/2021:06:17:18 -0300] "GET /manager/html HTTP/1.1" 401 2474
205.185.121.173 - - [30/Nov/2021:06:20:13 -0300] "GET /manager/html HTTP/1.1" 401 2474
205.185.121.173 - - [30/Nov/2021:06:23:00 -0300] "GET /manager/html HTTP/1.1" 401 2474
205.185.121.173 - - [30/Nov/2021:06:25:42 -0300] "GET /manager/html HTTP/1.1" 401 2474
205.185.121.173 - - [30/Nov/2021:06:28:25 -0300] "GET /manager/html HTTP/1.1" 401 2474
205.185.121.173 - - [30/Nov/2021:06:31:10 -0300] "GET /manager/html HTTP/1.1" 401 2474
205.185.121.173 - - [30/Nov/2021:06:33:59 -0300] "GET /manager/html HTTP/1.1" 401 2474
5.35.34.223 - - [30/Nov/2021:06:35:28 -0300] "GET / HTTP/1.1" 200 11217
205.185.121.173 - - [30/Nov/2021:06:36:49 -0300] "GET /manager/html HTTP/1.1" 401 2474
205.185.121.173 - - [30/Nov/2021:06:39:31 -0300] "GET /manager/html HTTP/1.1" 401 2474
205.185.121.173 - - [30/Nov/2021:06:42:21 -0300] "GET /manager/html HTTP/1.1" 401 2474
205.185.121.173 - - [30/Nov/2021:06:45:18 -0300] "GET /manager/html HTTP/1.1" 401 2474
205.185.121.173 - - [30/Nov/2021:06:48:07 -0300] "GET /manager/html HTTP/1.1" 401 2474
205.185.121.173 - - [30/Nov/2021:06:50:57 -0300] "GET /manager/html HTTP/1.1" 401 2474
205.185.121.173 - - [30/Nov/2021:06:53:38 -0300] "GET /manager/html HTTP/1.1" 401 2474
205.185.121.173 - - [30/Nov/2021:06:56:15 -0300] "GET /manager/html HTTP/1.1" 401 2474
205.185.121.173 - - [30/Nov/2021:06:58:54 -0300] "GET /manager/html HTTP/1.1" 401 2474
184.105.247.254 - - [30/Nov/2021:06:59:00 -0300] "GET / HTTP/1.1" 200 11217
205.185.121.173 - - [30/Nov/2021:07:01:33 -0300] "GET /manager/html HTTP/1.1" 401 2474
205.185.121.173 - - [30/Nov/2021:07:04:18 -0300] "GET /manager/html HTTP/1.1" 401 2474
205.185.121.173 - - [30/Nov/2021:07:07:17 -0300] "GET /manager/html HTTP/1.1" 401 2474
205.185.121.173 - - [30/Nov/2021:07:09:54 -0300] "GET /manager/html HTTP/1.1" 401 2474
193.29.14.156 - - [30/Nov/2021:07:09:55 -0300] "GET / HTTP/1.1" 200 11217
193.29.14.156 - - [30/Nov/2021:07:09:56 -0300] "-" 400 -
205.185.121.173 - - [30/Nov/2021:07:12:36 -0300] "GET /manager/html HTTP/1.1" 401 2474
205.185.121.173 - - [30/Nov/2021:07:15:13 -0300] "GET /manager/html HTTP/1.1" 401 2474
205.185.121.173 - - [30/Nov/2021:07:17:52 -0300] "GET /manager/html HTTP/1.1" 401 2474
205.185.121.173 - - [30/Nov/2021:07:20:35 -0300] "GET /manager/html HTTP/1.1" 401 2474
134.209.146.233 - - [30/Nov/2021:07:22:30 -0300] "GET / HTTP/1.0" 200 11197
205.185.121.173 - - [30/Nov/2021:07:23:06 -0300] "GET /manager/html HTTP/1.1" 401 2474
205.185.121.173 - - [30/Nov/2021:07:25:41 -0300] "GET /manager/html HTTP/1.1" 401 2474
205.185.121.173 - - [30/Nov/2021:07:28:23 -0300] "GET /manager/html HTTP/1.1" 401 2474
205.185.121.173 - - [30/Nov/2021:07:30:59 -0300] "GET /manager/html HTTP/1.1" 401 2474
119.82.242.214 - - [30/Nov/2021:07:33:25 -0300] "GET / HTTP/1.1" 200 11217
205.185.121.173 - - [30/Nov/2021:07:33:31 -0300] "GET /manager/html HTTP/1.1" 401 2474
205.185.121.173 - - [30/Nov/2021:07:36:17 -0300] "GET /manager/html HTTP/1.1" 401 2474
205.185.121.173 - - [30/Nov/2021:07:39:08 -0300] "GET /manager/html HTTP/1.1" 401 2474
205.185.121.173 - - [30/Nov/2021:07:41:38 -0300] "GET /manager/html HTTP/1.1" 401 2474
205.185.121.173 - - [30/Nov/2021:07:44:19 -0300] "GET /manager/html HTTP/1.1" 401 2474
192.241.213.114 - - [30/Nov/2021:07:46:46 -0300] "GET / HTTP/1.1" 200 11217
205.185.121.173 - - [30/Nov/2021:07:46:59 -0300] "GET /manager/html HTTP/1.1" 401 2474
205.185.121.173 - - [30/Nov/2021:07:49:39 -0300] "GET /manager/html HTTP/1.1" 401 2474
205.185.121.173 - - [30/Nov/2021:07:52:22 -0300] "GET /manager/html HTTP/1.1" 401 2474
205.185.121.173 - - [30/Nov/2021:07:54:59 -0300] "GET /manager/html HTTP/1.1" 401 2474
205.185.121.173 - - [30/Nov/2021:07:57:43 -0300] "GET /manager/html HTTP/1.1" 401 2474
205.185.121.173 - - [30/Nov/2021:08:00:19 -0300] "GET /manager/html HTTP/1.1" 401 2474
205.185.121.173 - - [30/Nov/2021:08:02:57 -0300] "GET /manager/html HTTP/1.1" 401 2474
205.185.121.173 - - [30/Nov/2021:08:05:39 -0300] "GET /manager/html HTTP/1.1" 401 2474
40.77.167.73 - - [30/Nov/2021:08:05:43 -0300] "GET /cormun/servlet/hpexe_return HTTP/1.1" 200 974
205.185.121.173 - - [30/Nov/2021:08:08:10 -0300] "GET /manager/html HTTP/1.1" 401 2474
205.185.121.173 - - [30/Nov/2021:08:10:47 -0300] "GET /manager/html HTTP/1.1" 401 2474
190.171.152.138 - - [30/Nov/2021:08:12:23 -0300] "GET /cormun/servlet/hlogin HTTP/1.1" 200 1723
190.171.152.138 - - [30/Nov/2021:08:12:36 -0300] "POST /cormun/servlet/hlogin?415b5b1af920ded69b08efaddba6c6c4,gx-no-cache=1638270038867 HTTP/1.1" 200 90
190.171.152.138 - - [30/Nov/2021:08:12:36 -0300] "GET /cormun/servlet/hpexe_link HTTP/1.1" 200 948
190.171.152.138 - - [30/Nov/2021:08:12:36 -0300] "GET /cormun/servlet/hhome HTTP/1.1" 200 3848
190.171.152.138 - - [30/Nov/2021:08:12:37 -0300] "GET /cormun/servlet/hhome HTTP/1.1" 200 3844
190.171.152.138 - - [30/Nov/2021:08:12:40 -0300] "GET /cormun/servlet/trlicencias? HTTP/1.1" 200 11954
190.171.152.138 - - [30/Nov/2021:08:12:41 -0300] "GET /cormun/servlet/trlicencias? HTTP/1.1" 200 11952
190.171.152.138 - - [30/Nov/2021:08:12:49 -0300] "GET /cormun/servlet/alicenciaprn?11889625,L,20211129000000,PU HTTP/1.1" 200 1552
205.185.121.173 - - [30/Nov/2021:08:13:28 -0300] "GET /manager/html HTTP/1.1" 401 2474
114.119.136.224 - - [30/Nov/2021:08:13:30 -0300] "GET /robots.txt HTTP/1.1" 404 981
205.185.121.173 - - [30/Nov/2021:08:16:14 -0300] "GET /manager/html HTTP/1.1" 401 2474
205.185.121.173 - - [30/Nov/2021:08:18:47 -0300] "GET /manager/html HTTP/1.1" 401 2474
190.171.152.138 - - [30/Nov/2021:08:20:12 -0300] "GET /cormun/servlet/trlicencias? HTTP/1.1" 200 11954
190.171.152.138 - - [30/Nov/2021:08:20:21 -0300] "GET /cormun/servlet/trlicencias? HTTP/1.1" 200 11952
205.185.121.173 - - [30/Nov/2021:08:21:30 -0300] "GET /manager/html HTTP/1.1" 401 2474
190.171.152.138 - - [30/Nov/2021:08:22:06 -0300] "GET /cormun/servlet/hlogin HTTP/1.1" 200 1739
192.168.10.96 - - [30/Nov/2021:08:22:45 -0300] "GET /cormun/servlet/hlogin HTTP/1.1" 200 1724
192.168.10.96 - - [30/Nov/2021:08:22:48 -0300] "POST /cormun/servlet/hlogin?19a2f2b80599ce5478ab7d1ad59283f0,gx-no-cache=1638270506476 HTTP/1.1" 200 90
192.168.10.96 - - [30/Nov/2021:08:22:48 -0300] "GET /cormun/servlet/hpexe_link HTTP/1.1" 200 951
192.168.10.96 - - [30/Nov/2021:08:22:48 -0300] "GET /cormun/servlet/hhome HTTP/1.1" 200 3768
192.168.10.96 - - [30/Nov/2021:08:22:48 -0300] "GET /cormun/servlet/hhome HTTP/1.1" 200 3765
192.168.10.96 - - [30/Nov/2021:08:22:57 -0300] "GET /cormun/servlet/trsolicitudgral? HTTP/1.1" 200 14645
192.168.10.96 - - [30/Nov/2021:08:22:57 -0300] "GET /cormun/servlet/trsolicitudgral? HTTP/1.1" 200 14642
192.168.10.96 - - [30/Nov/2021:08:23:17 -0300] "POST /cormun/servlet/trsolicitudgral?19a2f2b80599ce5478ab7d1ad59283f0,,gx-no-cache=1638270536750 HTTP/1.1" 200 6648
192.168.10.96 - - [30/Nov/2021:08:23:20 -0300] "GET /cormun/servlet/vesolicitudgral?2021,17475,, HTTP/1.1" 200 8363
192.168.10.96 - - [30/Nov/2021:08:23:20 -0300] "GET /cormun/pexe_scrolldiv.js HTTP/1.1" 404 1009
192.168.10.96 - - [30/Nov/2021:08:23:20 -0300] "GET /cormun/servlet/vesolicitudgral?2021,17475,, HTTP/1.1" 200 8362
192.168.10.96 - - [30/Nov/2021:08:23:21 -0300] "GET /cormun/servlet/vesolicitudgral?2021,17475,,SolicitudOTAdjuntos HTTP/1.1" 200 7020
192.168.10.96 - - [30/Nov/2021:08:23:21 -0300] "GET /cormun/pexe_scrolldiv.js HTTP/1.1" 404 1009
192.168.10.96 - - [30/Nov/2021:08:23:21 -0300] "GET /cormun/pexe_scrolldiv.js HTTP/1.1" 404 1009
192.168.10.96 - - [30/Nov/2021:08:23:22 -0300] "GET /cormun/servlet/vesolicitudgral?2021,17475,,SolicitudOTAdjuntos HTTP/1.1" 200 7021
192.168.10.96 - - [30/Nov/2021:08:23:23 -0300] "POST /cormun/servlet/acontrolpreferencessavestate?None,RRHH+DANIELA,true HTTP/1.1" 200 35
192.168.10.96 - - [30/Nov/2021:08:23:24 -0300] "POST /cormun/servlet/vesolicitudgral?19a2f2b80599ce5478ab7d1ad59283f0,2021,17475,,SolicitudOTAdjuntos,gx-no-cache=1638270543654 HTTP/1.1" 200 90
192.168.10.96 - - [30/Nov/2021:08:23:24 -0300] "GET /cormun/servlet/hpexe_link HTTP/1.1" 200 980
192.168.10.96 - - [30/Nov/2021:08:23:24 -0300] "GET /cormun/servlet/trsolicitudgral? HTTP/1.1" 200 9690
192.168.10.96 - - [30/Nov/2021:08:23:24 -0300] "GET /cormun/servlet/trsolicitudgral? HTTP/1.1" 200 9690
205.185.121.173 - - [30/Nov/2021:08:24:14 -0300] "GET /manager/html HTTP/1.1" 401 2474
190.171.141.90 - - [30/Nov/2021:08:26:53 -0300] "GET /cormun/servlet/hlogin HTTP/1.1" 200 1724
205.185.121.173 - - [30/Nov/2021:08:26:54 -0300] "GET /manager/html HTTP/1.1" 401 2474
190.171.141.90 - - [30/Nov/2021:08:26:58 -0300] "POST /cormun/servlet/hlogin?d48db38da1973c7a408066c626a1ede9,gx-no-cache=1638270899634 HTTP/1.1" 200 90
190.171.141.90 - - [30/Nov/2021:08:26:58 -0300] "GET /cormun/servlet/hpexe_link HTTP/1.1" 200 952
190.171.141.90 - - [30/Nov/2021:08:26:58 -0300] "GET /cormun/servlet/hhome HTTP/1.1" 200 3971
190.171.141.90 - - [30/Nov/2021:08:26:59 -0300] "GET /cormun/servlet/hhome HTTP/1.1" 200 3967
190.171.141.90 - - [30/Nov/2021:08:27:08 -0300] "GET /cormun/servlet/trlicencias? HTTP/1.1" 200 18446
190.171.141.90 - - [30/Nov/2021:08:27:09 -0300] "GET /cormun/servlet/trlicencias? HTTP/1.1" 200 18421
205.185.121.173 - - [30/Nov/2021:08:29:39 -0300] "GET /manager/html HTTP/1.1" 401 2474
205.185.121.173 - - [30/Nov/2021:08:32:19 -0300] "GET /manager/html HTTP/1.1" 401 2474
205.185.121.173 - - [30/Nov/2021:08:35:10 -0300] "GET /manager/html HTTP/1.1" 401 2474
190.171.142.10 - - [30/Nov/2021:08:35:15 -0300] "GET /cormun/servlet/hlogin HTTP/1.1" 200 1726
190.171.142.10 - - [30/Nov/2021:08:35:16 -0300] "GET /cormun/servlet/hlogin HTTP/1.1" 200 1736
190.171.142.10 - - [30/Nov/2021:08:35:16 -0300] "GET /cormun/static/Resources/indicator.gif HTTP/1.1" 200 1553
190.171.142.10 - - [30/Nov/2021:08:35:24 -0300] "POST /cormun/servlet/hlogin?9526ff1793b5f41a0742d853bb2453a2,gx-no-cache=1638271405451 HTTP/1.1" 200 90
190.171.142.10 - - [30/Nov/2021:08:35:24 -0300] "GET /cormun/servlet/hpexe_link HTTP/1.1" 200 952
190.171.142.10 - - [30/Nov/2021:08:35:24 -0300] "GET /cormun/servlet/hhome HTTP/1.1" 200 3971
190.171.142.10 - - [30/Nov/2021:08:35:26 -0300] "GET /cormun/servlet/hhome HTTP/1.1" 200 3967
190.171.142.10 - - [30/Nov/2021:08:35:30 -0300] "GET /cormun/servlet/trlicencias? HTTP/1.1" 200 13866
190.171.142.10 - - [30/Nov/2021:08:35:31 -0300] "GET /cormun/servlet/trlicencias? HTTP/1.1" 200 13863
190.171.142.10 - - [30/Nov/2021:08:35:35 -0300] "POST /cormun/servlet/trlicencias?9526ff1793b5f41a0742d853bb2453a2,,gx-no-cache=1638271416583 HTTP/1.1" 200 11672
190.171.141.138 - - [30/Nov/2021:08:37:52 -0300] "GET /cormun/servlet/hlogin HTTP/1.1" 200 1724
205.185.121.173 - - [30/Nov/2021:08:37:53 -0300] "GET /manager/html HTTP/1.1" 401 2474
190.171.141.138 - - [30/Nov/2021:08:37:56 -0300] "POST /cormun/servlet/hlogin?f5160891f699b99bded88b834702545d,gx-no-cache=1638271558103 HTTP/1.1" 200 90
190.171.141.138 - - [30/Nov/2021:08:37:56 -0300] "GET /cormun/servlet/hpexe_link HTTP/1.1" 200 952
190.171.141.138 - - [30/Nov/2021:08:37:56 -0300] "GET /cormun/servlet/hhome HTTP/1.1" 200 4470
190.171.141.138 - - [30/Nov/2021:08:37:58 -0300] "GET /cormun/servlet/hhome HTTP/1.1" 200 4466
190.171.142.50 - - [30/Nov/2021:08:37:59 -0300] "GET /cormun/servlet/hlogin HTTP/1.1" 200 1733
190.171.141.138 - - [30/Nov/2021:08:38:04 -0300] "GET /cormun/servlet/trpermisosgoce? HTTP/1.1" 200 12253
190.171.141.138 - - [30/Nov/2021:08:38:05 -0300] "GET /cormun/servlet/trpermisosgoce? HTTP/1.1" 200 12236
190.171.142.50 - - [30/Nov/2021:08:38:06 -0300] "POST /cormun/servlet/hlogin?7999885b779ff04c1cb522d98d45baa3,gx-no-cache=1638270525527 HTTP/1.1" 200 90
190.171.142.50 - - [30/Nov/2021:08:38:06 -0300] "GET /cormun/servlet/hpexe_link HTTP/1.1" 200 957
190.171.142.50 - - [30/Nov/2021:08:38:06 -0300] "GET /cormun/servlet/hhome HTTP/1.1" 200 3949
190.171.142.50 - - [30/Nov/2021:08:38:06 -0300] "GET /cormun/servlet/hhome HTTP/1.1" 200 3945
190.171.141.138 - - [30/Nov/2021:08:38:08 -0300] "GET /cormun/servlet/permisogoce?INS,0,,, HTTP/1.1" 200 7369
190.171.141.138 - - [30/Nov/2021:08:38:08 -0300] "GET /cormun/servlet/permisogoce?INS,0,,, HTTP/1.1" 200 7369
190.171.142.50 - - [30/Nov/2021:08:38:09 -0300] "GET /cormun/servlet/trpermisosgoce? HTTP/1.1" 200 10982
190.171.142.50 - - [30/Nov/2021:08:38:09 -0300] "GET /cormun/servlet/trpermisosgoce? HTTP/1.1" 200 10980
190.171.142.50 - - [30/Nov/2021:08:38:11 -0300] "GET /cormun/servlet/permisogoce?INS,0,,, HTTP/1.1" 200 6812
190.171.142.50 - - [30/Nov/2021:08:38:12 -0300] "GET /cormun/static/gxcfg.js?20201215124560 HTTP/1.1" 200 953
190.171.142.50 - - [30/Nov/2021:08:38:12 -0300] "GET /cormun/static/permisogoce.js?20201215124939 HTTP/1.1" 200 27919
190.171.142.50 - - [30/Nov/2021:08:38:12 -0300] "GET /cormun/servlet/permisogoce?INS,0,,, HTTP/1.1" 200 6811
190.171.141.138 - - [30/Nov/2021:08:38:19 -0300] "GET /cormun/servlet/permisogoce?b110bb017c40773d59522e075cdf123fcea0d96ead71d99ffbbad73f8ccfaddff484b00579a7e311ab39c2dd4f9ab388181a6f1590e6e74443e0014205307db1,gx-no-cache=1638271581090 HTTP/1.1" 200 76
190.171.141.138 - - [30/Nov/2021:08:38:20 -0300] "GET /cormun/static/menuarrow.gif HTTP/1.1" 404 1015
190.171.142.50 - - [30/Nov/2021:08:38:21 -0300] "GET /cormun/servlet/permisogoce?59071a2effea27694c53ded39f15c01095000c7d7dabe80c1c2bab8ba0289a98f5f634b04408d4d62a0061ef72b905baa165ae1692b95bc088ee02c0c1cdd5d3,gx-no-cache=1638270541076 HTTP/1.1" 200 79
190.171.142.50 - - [30/Nov/2021:08:38:21 -0300] "GET /cormun/static/menuarrow.gif HTTP/1.1" 404 1015
190.171.141.138 - - [30/Nov/2021:08:38:24 -0300] "GET /cormun/servlet/permisogoce?b110bb017c40773d59522e075cdf123f74e0f9eae1d495d6c5a99eb3aa541af8e34dc5ba5557dff55daf0de5788947c56b2ce11c864368068ff47c8469ba95f8,gx-no-cache=1638271586920 HTTP/1.1" 200 46
190.171.142.50 - - [30/Nov/2021:08:38:26 -0300] "GET /cormun/servlet/permisogoce?59071a2effea27694c53ded39f15c010b8f7e6164ecd45c1c9d4380e2ea9e7a6dce3934c7d2bb51eef696f560594699d4e601d273f05c432fe164dd94e09f8d7,gx-no-cache=1638270545702 HTTP/1.1" 200 46
190.171.141.138 - - [30/Nov/2021:08:38:29 -0300] "POST /cormun/servlet/permisogoce?f5160891f699b99bded88b834702545d,INS,0,,,,gx-no-cache=1638271591217 HTTP/1.1" 200 93
190.171.141.138 - - [30/Nov/2021:08:38:29 -0300] "GET /cormun/servlet/hpexe_return? HTTP/1.1" 200 1010
190.171.141.138 - - [30/Nov/2021:08:38:30 -0300] "GET /cormun/servlet/trpermisosgoce HTTP/1.1" 200 12597
190.171.142.50 - - [30/Nov/2021:08:38:31 -0300] "POST /cormun/servlet/permisogoce?7999885b779ff04c1cb522d98d45baa3,INS,0,,,,gx-no-cache=1638270550130 HTTP/1.1" 200 93
190.171.142.50 - - [30/Nov/2021:08:38:31 -0300] "GET /cormun/servlet/hpexe_return? HTTP/1.1" 200 1015
190.171.142.50 - - [30/Nov/2021:08:38:31 -0300] "GET /cormun/servlet/trpermisosgoce HTTP/1.1" 200 11302
190.171.141.138 - - [30/Nov/2021:08:38:31 -0300] "GET /cormun/servlet/trpermisosgoce HTTP/1.1" 200 12604
190.171.142.50 - - [30/Nov/2021:08:38:31 -0300] "GET /cormun/servlet/trpermisosgoce HTTP/1.1" 200 11289
190.171.141.138 - - [30/Nov/2021:08:38:33 -0300] "GET /cormun/servlet/apermisogoceprn?10729801,P,20211130082347,PU HTTP/1.1" 200 1661
190.171.142.50 - - [30/Nov/2021:08:38:34 -0300] "GET /cormun/servlet/apermisogoceprn?17724338,P,20211130082350,PU HTTP/1.1" 200 1653
190.171.141.138 - - [30/Nov/2021:08:38:52 -0300] "GET /cormun/servlet/trlicencias? HTTP/1.1" 200 13125
190.171.141.138 - - [30/Nov/2021:08:38:53 -0300] "GET /cormun/servlet/trlicencias? HTTP/1.1" 200 13127
190.171.142.50 - - [30/Nov/2021:08:39:02 -0300] "GET /cormun/servlet/trlicencias? HTTP/1.1" 200 10177
190.171.142.50 - - [30/Nov/2021:08:39:02 -0300] "GET /cormun/servlet/trlicencias? HTTP/1.1" 200 10176
190.171.142.50 - - [30/Nov/2021:08:40:11 -0300] "GET /cormun/servlet/trpermisosgoce? HTTP/1.1" 200 11297
190.171.142.50 - - [30/Nov/2021:08:40:11 -0300] "GET /cormun/servlet/trpermisosgoce? HTTP/1.1" 200 11297
190.171.142.50 - - [30/Nov/2021:08:40:15 -0300] "GET /cormun/servlet/permisogoce?INS,0,,, HTTP/1.1" 200 6812
190.171.142.50 - - [30/Nov/2021:08:40:15 -0300] "GET /cormun/servlet/permisogoce?INS,0,,, HTTP/1.1" 200 6812
205.185.121.173 - - [30/Nov/2021:08:40:30 -0300] "GET /manager/html HTTP/1.1" 401 2474
190.171.142.50 - - [30/Nov/2021:08:40:31 -0300] "GET /cormun/servlet/permisogoce?59071a2effea27694c53ded39f15c010f62a4d021944354d82bce59adc7696b6f5f634b04408d4d62a0061ef72b905baa165ae1692b95bc088ee02c0c1cdd5d3,gx-no-cache=1638270670174 HTTP/1.1" 200 77
190.171.142.50 - - [30/Nov/2021:08:40:31 -0300] "GET /cormun/static/menuarrow.gif HTTP/1.1" 404 1015
190.171.142.50 - - [30/Nov/2021:08:40:36 -0300] "GET /cormun/servlet/permisogoce?59071a2effea27694c53ded39f15c010097736b0f6ae8e893c94921346f201c109f274a6eef1b7957760bbec7315d2e94e601d273f05c432fe164dd94e09f8d7,gx-no-cache=1638270675810 HTTP/1.1" 200 47
190.171.142.50 - - [30/Nov/2021:08:40:40 -0300] "POST /cormun/servlet/permisogoce?7999885b779ff04c1cb522d98d45baa3,INS,0,,,,gx-no-cache=1638270678637 HTTP/1.1" 200 93
190.171.142.50 - - [30/Nov/2021:08:40:40 -0300] "GET /cormun/servlet/hpexe_return? HTTP/1.1" 200 1015
190.171.142.50 - - [30/Nov/2021:08:40:40 -0300] "GET /cormun/servlet/trpermisosgoce HTTP/1.1" 200 11554
190.171.142.50 - - [30/Nov/2021:08:40:40 -0300] "GET /cormun/servlet/trpermisosgoce HTTP/1.1" 200 11544
190.171.142.50 - - [30/Nov/2021:08:40:43 -0300] "GET /cormun/servlet/apermisogoceprn?19849624,P,20211130082554,PU HTTP/1.1" 200 1652
205.185.121.173 - - [30/Nov/2021:08:43:16 -0300] "GET /manager/html HTTP/1.1" 401 2474
205.185.121.173 - - [30/Nov/2021:08:45:51 -0300] "GET /manager/html HTTP/1.1" 401 2474
190.171.141.114 - - [30/Nov/2021:08:45:53 -0300] "GET /cormun/servlet/hlogin HTTP/1.1" 200 1730
190.171.141.114 - - [30/Nov/2021:08:45:53 -0300] "GET /cormun/servlet/hlogin HTTP/1.1" 200 1741
190.171.141.114 - - [30/Nov/2021:08:46:04 -0300] "POST /cormun/servlet/hlogin?5e25e0b1615558a441f9fd4dd3bb59e4,gx-no-cache=1638272046501 HTTP/1.1" 200 90
190.171.141.114 - - [30/Nov/2021:08:46:04 -0300] "GET /cormun/servlet/hpexe_link HTTP/1.1" 200 956
190.171.141.114 - - [30/Nov/2021:08:46:04 -0300] "GET /cormun/servlet/hhome HTTP/1.1" 200 4001
190.171.141.114 - - [30/Nov/2021:08:46:04 -0300] "GET /cormun/servlet/hhome HTTP/1.1" 200 3997
190.171.141.114 - - [30/Nov/2021:08:46:09 -0300] "GET /cormun/servlet/trlicencias? HTTP/1.1" 200 9736
190.171.141.114 - - [30/Nov/2021:08:46:09 -0300] "GET /cormun/static/gxcfg.js?2020121613995 HTTP/1.1" 200 953
190.171.141.114 - - [30/Nov/2021:08:46:09 -0300] "GET /cormun/static/trlicencias.js?202012162481 HTTP/1.1" 200 41883
190.171.141.114 - - [30/Nov/2021:08:46:09 -0300] "GET /cormun/servlet/trlicencias? HTTP/1.1" 200 9733
190.171.153.50 - - [30/Nov/2021:08:46:25 -0300] "GET /cormun/servlet/hlogin HTTP/1.1" 200 1727
190.171.153.50 - - [30/Nov/2021:08:46:30 -0300] "POST /cormun/servlet/hlogin?53d318e50010147c91cde46ea47ce3b9,gx-no-cache=1638272071353 HTTP/1.1" 200 90
190.171.153.50 - - [30/Nov/2021:08:46:30 -0300] "GET /cormun/servlet/hpexe_link HTTP/1.1" 200 954
190.171.153.50 - - [30/Nov/2021:08:46:30 -0300] "GET /cormun/servlet/hhome HTTP/1.1" 200 4224
190.171.153.50 - - [30/Nov/2021:08:46:31 -0300] "GET /cormun/servlet/hhome HTTP/1.1" 200 4221
190.171.153.50 - - [30/Nov/2021:08:46:48 -0300] "GET /cormun/servlet/trlicencias? HTTP/1.1" 200 10408
190.171.153.50 - - [30/Nov/2021:08:46:49 -0300] "GET /cormun/servlet/trlicencias? HTTP/1.1" 200 10405
190.171.141.114 - - [30/Nov/2021:08:47:19 -0300] "GET /cormun/servlet/trsolicitudot? HTTP/1.1" 200 7219
190.171.141.114 - - [30/Nov/2021:08:47:19 -0300] "GET /cormun/static/gxcfg.js?201991910464971 HTTP/1.1" 200 953
190.171.141.114 - - [30/Nov/2021:08:47:19 -0300] "GET /cormun/static/trsolicitudot.js?201991910465845 HTTP/1.1" 200 54041
190.171.141.114 - - [30/Nov/2021:08:47:20 -0300] "GET /cormun/servlet/trsolicitudot? HTTP/1.1" 200 7219
190.171.141.114 - - [30/Nov/2021:08:48:11 -0300] "GET /cormun/servlet/solicitudot?INS,0,0,false, HTTP/1.1" 200 15644
190.171.141.114 - - [30/Nov/2021:08:48:11 -0300] "GET /cormun/static/gxcfg.js?20203414241232 HTTP/1.1" 200 953
190.171.141.114 - - [30/Nov/2021:08:48:11 -0300] "GET /cormun/static/solicitudot.js?20203414242792 HTTP/1.1" 200 74114
190.171.141.114 - - [30/Nov/2021:08:48:11 -0300] "GET /cormun/servlet/solicitudot?INS,0,0,false, HTTP/1.1" 200 15652
190.171.141.114 - - [30/Nov/2021:08:48:13 -0300] "GET /cormun/static/Resources/resize.gif HTTP/1.1" 200 77
190.171.141.114 - - [30/Nov/2021:08:48:13 -0300] "GET /cormun/static/Resources/PXTools/ClosePrompt.png HTTP/1.1" 200 1036
190.171.141.114 - - [30/Nov/2021:08:48:14 -0300] "GET /cormun/servlet/prfichaempleado?,MD,,gxPopupLevel%3D0%3B HTTP/1.1" 200 9302
190.171.141.114 - - [30/Nov/2021:08:48:14 -0300] "GET /cormun/static/gxcfg.js?20201215571085 HTTP/1.1" 200 953
190.171.141.114 - - [30/Nov/2021:08:48:14 -0300] "GET /cormun/static/prfichaempleado.js?20201215572193 HTTP/1.1" 200 16006
190.171.141.114 - - [30/Nov/2021:08:48:14 -0300] "GET /cormun/static/menusearch.js?20201214473581 HTTP/1.1" 200 1424
190.171.141.114 - - [30/Nov/2021:08:48:14 -0300] "GET /cormun/static/Resources/PXToolsMenuSearchCancel.png HTTP/1.1" 200 306
190.171.141.114 - - [30/Nov/2021:08:48:14 -0300] "GET /cormun/static/Resources/PXToolsMenuSearch.png HTTP/1.1" 200 336
190.171.141.114 - - [30/Nov/2021:08:48:14 -0300] "GET /cormun/static/hmpwkw011.js?20201215495555 HTTP/1.1" 200 1968
52.203.8.72 - - [30/Nov/2021:08:48:18 -0300] "GET / HTTP/1.1" 200 11217
205.185.121.173 - - [30/Nov/2021:08:48:28 -0300] "GET /manager/html HTTP/1.1" 401 2474
190.171.152.114 - - [30/Nov/2021:08:48:53 -0300] "GET /cormun/servlet/hlogin HTTP/1.1" 200 1727
190.171.141.114 - - [30/Nov/2021:08:49:01 -0300] "POST /cormun/servlet/prfichaempleado?5e25e0b1615558a441f9fd4dd3bb59e4,,MD,,gxPopupLevel%3D0%3B,gx-no-cache=1638272223558 HTTP/1.1" 200 3179
190.171.141.114 - - [30/Nov/2021:08:49:09 -0300] "POST /cormun/servlet/prfichaempleado?5e25e0b1615558a441f9fd4dd3bb59e4,,MD,,gxPopupLevel%3D0%3B,gx-no-cache=1638272231844 HTTP/1.1" 200 3179
190.171.141.114 - - [30/Nov/2021:08:49:11 -0300] "POST /cormun/servlet/prfichaempleado?5e25e0b1615558a441f9fd4dd3bb59e4,,MD,,gxPopupLevel%3D0%3B,gx-no-cache=1638272234153 HTTP/1.1" 200 3179
190.171.154.42 - - [30/Nov/2021:08:49:35 -0300] "GET /cormun/servlet/hlogin HTTP/1.1" 200 1719
190.171.141.114 - - [30/Nov/2021:08:49:37 -0300] "POST /cormun/servlet/solicitudot?gx-no-cache=1638272259269 HTTP/1.1" 200 3790
190.171.154.42 - - [30/Nov/2021:08:49:37 -0300] "GET /cormun/servlet/hlogin HTTP/1.1" 200 1730
190.171.141.114 - - [30/Nov/2021:08:49:37 -0300] "POST /cormun/servlet/solicitudot?5e25e0b1615558a441f9fd4dd3bb59e4,INS,0,0,false,,gx-no-cache=1638272259415 HTTP/1.1" 200 12300
190.171.154.42 - - [30/Nov/2021:08:49:40 -0300] "POST /cormun/servlet/hlogin?b8d47b5cbc2cd50f99174e899ae94999,gx-no-cache=1638272259138 HTTP/1.1" 200 90
190.171.154.42 - - [30/Nov/2021:08:49:40 -0300] "GET /cormun/servlet/hpexe_link HTTP/1.1" 200 947
190.171.154.42 - - [30/Nov/2021:08:49:40 -0300] "GET /cormun/servlet/hhome HTTP/1.1" 200 4353
190.171.141.114 - - [30/Nov/2021:08:49:41 -0300] "GET /cormun/servlet/solicitudot?4b7232972683fbc7a568dc3d5dcbb0d7b8381c35d6e255c4b5732097c94ec68b939ad5c7f689334ca31edc6bc6a1e81e,gx-no-cache=1638272263698 HTTP/1.1" 200 30
190.171.154.42 - - [30/Nov/2021:08:49:42 -0300] "GET /cormun/servlet/hhome HTTP/1.1" 200 4348
190.171.154.42 - - [30/Nov/2021:08:49:45 -0300] "GET /cormun/servlet/trlicencias? HTTP/1.1" 200 11216
190.171.154.42 - - [30/Nov/2021:08:49:47 -0300] "GET /cormun/servlet/trlicencias? HTTP/1.1" 200 11213
190.171.154.42 - - [30/Nov/2021:08:49:50 -0300] "POST /cormun/servlet/trlicencias?b8d47b5cbc2cd50f99174e899ae94999,,gx-no-cache=1638272269445 HTTP/1.1" 200 8655
205.185.121.173 - - [30/Nov/2021:08:51:05 -0300] "GET /manager/html HTTP/1.1" 401 2474
190.171.141.114 - - [30/Nov/2021:08:51:21 -0300] "GET /cormun/servlet/solicitudot?4b7232972683fbc7a568dc3d5dcbb0d704e7ee227bd397a97e83050e489bf9c9e92d529e6c722fbda2e108b3ebff15a3914770f0380a2212d1881270a1e7ecef,gx-no-cache=1638272363669 HTTP/1.1" 200 30
190.171.141.114 - - [30/Nov/2021:08:51:21 -0300] "GET /cormun/servlet/solicitudot?4b7232972683fbc7a568dc3d5dcbb0d7f78f8ad13189186bc49958aefe5d8c07,gx-no-cache=1638272363719 HTTP/1.1" 200 29
190.171.141.114 - - [30/Nov/2021:08:51:26 -0300] "POST /cormun/servlet/solicitudot?gx-no-cache=1638272369276 HTTP/1.1" 200 255
190.171.141.114 - - [30/Nov/2021:08:51:30 -0300] "GET /cormun/servlet/solicitudot?4b7232972683fbc7a568dc3d5dcbb0d779ebb7325dc2b93a88df394449c2241f0994f70997cb063487edbb3a1f83fde5c8647ee58ae244544ae79a2c3723dea5d947201e2d722d377ecaac8763d7631fe9c3ee9e10a3bbbf46786daa2457aca4d2ded96649b3ff8e14bb164193fc2c8f27193382e3360948a13eac6a05371e8908c873ca4d76e32befc75cd2abf256e4641cc5a776342fc88a636eb1f8ec33a17aff7a5eee28141a62008a25b4ed421452666db4e75e51641f37dc917bb930be5a4e26ef046f7a9c715e88df3bf5d9af72946dc3fcecaa32e481165b19e5799ff570e571bd01023ac324441322b9500ba9be02b7bf5b657bde9540de4b0375d716f18adf9dd291145e2f11f18181ca683ef64c1f76d957460f9e051e0b2681ca5c23074d3750566bedab61bce5082ae31d6cfe67f88662135873d6c13f887eecae1b7fb91f15e2d9c90082722085020a66ea98a21c5607e646d9b5630cbcbbb893762c610b7bbd235eca7d01312df1f599d8bfd1174372d76e1d2f0042a37f96,gx-no-cache=1638272372674 HTTP/1.1" 200 30
190.171.141.114 - - [30/Nov/2021:08:51:39 -0300] "POST /cormun/servlet/solicitudot?gx-no-cache=1638272381491 HTTP/1.1" 200 30
190.171.141.114 - - [30/Nov/2021:08:51:42 -0300] "GET /cormun/servlet/prcontratosol?18074320,,,,,MD,,gxPopupLevel%3D0%3B HTTP/1.1" 200 7985
190.171.141.114 - - [30/Nov/2021:08:51:42 -0300] "GET /cormun/static/gxcfg.js?2019914201458 HTTP/1.1" 200 953
190.171.141.114 - - [30/Nov/2021:08:51:42 -0300] "GET /cormun/static/prcontratosol.js?20199142014772 HTTP/1.1" 200 15806
190.171.141.114 - - [30/Nov/2021:08:51:44 -0300] "POST /cormun/servlet/solicitudot?gx-no-cache=1638272387124 HTTP/1.1" 200 1522
190.171.141.114 - - [30/Nov/2021:08:51:44 -0300] "POST /cormun/servlet/solicitudot?gx-no-cache=1638272387180 HTTP/1.1" 200 117
190.171.141.114 - - [30/Nov/2021:08:51:44 -0300] "GET /cormun/static/Shared/jqueryui/images/ui-icons_ebccce_256x240.png HTTP/1.1" 404 1089
190.171.141.114 - - [30/Nov/2021:08:51:44 -0300] "GET /cormun/static/Shared/jqueryui/images/ui-icons_82798d_256x240.png HTTP/1.1" 404 1089
190.171.141.114 - - [30/Nov/2021:08:51:44 -0300] "GET /cormun/static/Shared/jqueryui/images/ui-bg_highlight-soft_100_c6c2c8_1x100.png HTTP/1.1" 404 1117
190.171.141.114 - - [30/Nov/2021:08:51:44 -0300] "GET /cormun/static/Shared/jqueryui/images/ui-bg_flat_55_994d53_40x100.png HTTP/1.1" 404 1097
190.171.141.114 - - [30/Nov/2021:08:51:44 -0300] "GET /cormun/servlet/solicitudot?4b7232972683fbc7a568dc3d5dcbb0d766b5160d5c2eb5bcf88b4e939f73a8ee6e4bd7c520cfd3ac279b88a569cdfe281bc8a3e7e59cbef7605d6f7a76db0e09ccb3de3613de881719f5cb44a4d30a1b5c2b12166f7f4ea2c2b096f6bed652a53061b0787595c6c633517efca474d634,gx-no-cache=1638272387223 HTTP/1.1" 200 110
190.171.141.114 - - [30/Nov/2021:08:51:44 -0300] "POST /cormun/servlet/solicitudot?gx-no-cache=1638272387266 HTTP/1.1" 200 64
190.171.141.114 - - [30/Nov/2021:08:51:44 -0300] "GET /cormun/servlet/solicitudot?4b7232972683fbc7a568dc3d5dcbb0d778daae97d77cc5212d0f4a10e3a11f57e5f7fa44baf9bb58c937f56d6b939bc6077853f01593982cdfc1ac840c04dedb3f1a5f6b7ede0502d97563113bd8897e80c59a17500fd993d1c7853d2d85a970cbd0c505b44aae202d4c2f38410048e6,gx-no-cache=1638272387295 HTTP/1.1" 200 29
190.171.141.114 - - [30/Nov/2021:08:51:44 -0300] "GET /cormun/servlet/solicitudot?4b7232972683fbc7a568dc3d5dcbb0d721c1058fb43ea379d0ab902cc03eaaac9dab4e1f1f0cca080e340576a72f7168,gx-no-cache=1638272387328 HTTP/1.1" 200 134
190.171.141.114 - - [30/Nov/2021:08:51:49 -0300] "GET /cormun/servlet/prfichaempleado?,MD,,gxPopupLevel%3D0%3B HTTP/1.1" 200 9302
190.171.141.114 - - [30/Nov/2021:08:52:07 -0300] "POST /cormun/servlet/prfichaempleado?5e25e0b1615558a441f9fd4dd3bb59e4,,MD,,gxPopupLevel%3D0%3B,gx-no-cache=1638272409765 HTTP/1.1" 200 3411
190.171.141.114 - - [30/Nov/2021:08:52:14 -0300] "POST /cormun/servlet/solicitudot?gx-no-cache=1638272416455 HTTP/1.1" 200 1440
190.171.141.114 - - [30/Nov/2021:08:52:16 -0300] "GET /cormun/static/menuarrow.gif HTTP/1.1" 404 1015
190.171.141.114 - - [30/Nov/2021:08:52:21 -0300] "POST /cormun/servlet/solicitudot?gx-no-cache=1638272424140 HTTP/1.1" 200 122
190.171.141.114 - - [30/Nov/2021:08:53:06 -0300] "GET /cormun/servlet/solicitudot?4b7232972683fbc7a568dc3d5dcbb0d766b5160d5c2eb5bcf88b4e939f73a8ee6e4bd7c520cfd3ac279b88a569cdfe281bc8a3e7e59cbef7605d6f7a76db0e09ccb3de3613de881719f5cb44a4d30a1b5c2b12166f7f4ea2c2b096f6bed652a53061b0787595c6c633517efca474d634,gx-no-cache=1638272468479 HTTP/1.1" 200 110
190.171.141.114 - - [30/Nov/2021:08:53:06 -0300] "POST /cormun/servlet/solicitudot?gx-no-cache=1638272468515 HTTP/1.1" 200 97
190.171.141.114 - - [30/Nov/2021:08:53:19 -0300] "GET /cormun/servlet/solicitudot?4b7232972683fbc7a568dc3d5dcbb0d772b20c9a50982c5b2c014ad03da4db8e3884495731fe44954d7311a8468ed234,gx-no-cache=1638272481841 HTTP/1.1" 200 30
205.185.121.173 - - [30/Nov/2021:08:53:45 -0300] "GET /manager/html HTTP/1.1" 401 2474
190.171.141.114 - - [30/Nov/2021:08:53:48 -0300] "POST /cormun/servlet/solicitudot?gx-no-cache=1638272510505 HTTP/1.1" 200 122
190.171.141.114 - - [30/Nov/2021:08:54:45 -0300] "POST /cormun/servlet/solicitudot?gx-no-cache=1638272567861 HTTP/1.1" 200 122
190.171.141.114 - - [30/Nov/2021:08:54:45 -0300] "GET /cormun/servlet/solicitudot?4b7232972683fbc7a568dc3d5dcbb0d766b5160d5c2eb5bcf88b4e939f73a8ee6e4bd7c520cfd3ac279b88a569cdfe281bc8a3e7e59cbef7605d6f7a76db0e09ccb3de3613de881719f5cb44a4d30a1b5c2b12166f7f4ea2c2b096f6bed652a53061b0787595c6c633517efca474d634,gx-no-cache=1638272567903 HTTP/1.1" 200 110
190.171.141.114 - - [30/Nov/2021:08:54:45 -0300] "POST /cormun/servlet/solicitudot?gx-no-cache=1638272567935 HTTP/1.1" 200 122
190.171.141.114 - - [30/Nov/2021:08:54:45 -0300] "POST /cormun/servlet/solicitudot?5e25e0b1615558a441f9fd4dd3bb59e4,INS,0,0,false,,gx-no-cache=1638272567995 HTTP/1.1" 200 12776
190.171.141.114 - - [30/Nov/2021:08:54:58 -0300] "POST /cormun/servlet/solicitudot?gx-no-cache=1638272580456 HTTP/1.1" 200 122
190.171.141.114 - - [30/Nov/2021:08:54:58 -0300] "GET /cormun/servlet/solicitudot?4b7232972683fbc7a568dc3d5dcbb0d766b5160d5c2eb5bcf88b4e939f73a8ee6e4bd7c520cfd3ac279b88a569cdfe281bc8a3e7e59cbef7605d6f7a76db0e09ccb3de3613de881719f5cb44a4d30a1b5c2b12166f7f4ea2c2b096f6bed652a53061b0787595c6c633517efca474d634,gx-no-cache=1638272580506 HTTP/1.1" 200 110
190.171.141.114 - - [30/Nov/2021:08:54:58 -0300] "POST /cormun/servlet/solicitudot?gx-no-cache=1638272580546 HTTP/1.1" 200 122
190.171.141.114 - - [30/Nov/2021:08:54:58 -0300] "POST /cormun/servlet/solicitudot?5e25e0b1615558a441f9fd4dd3bb59e4,INS,0,0,false,,gx-no-cache=1638272580617 HTTP/1.1" 200 12819
190.171.141.114 - - [30/Nov/2021:08:55:09 -0300] "POST /cormun/servlet/solicitudot?gx-no-cache=1638272591383 HTTP/1.1" 200 122
190.171.141.114 - - [30/Nov/2021:08:55:09 -0300] "GET /cormun/servlet/solicitudot?4b7232972683fbc7a568dc3d5dcbb0d766b5160d5c2eb5bcf88b4e939f73a8ee6e4bd7c520cfd3ac279b88a569cdfe281bc8a3e7e59cbef7605d6f7a76db0e09ccb3de3613de881719f5cb44a4d30a1b5c2b12166f7f4ea2c2b096f6bed652a53061b0787595c6c633517efca474d634,gx-no-cache=1638272591414 HTTP/1.1" 200 110
190.171.141.114 - - [30/Nov/2021:08:55:09 -0300] "POST /cormun/servlet/solicitudot?gx-no-cache=1638272591440 HTTP/1.1" 200 122
190.171.141.114 - - [30/Nov/2021:08:55:09 -0300] "POST /cormun/servlet/solicitudot?5e25e0b1615558a441f9fd4dd3bb59e4,INS,0,0,false,,gx-no-cache=1638272591501 HTTP/1.1" 200 12898
205.185.121.173 - - [30/Nov/2021:08:56:33 -0300] "GET /manager/html HTTP/1.1" 401 2474
190.171.141.138 - - [30/Nov/2021:08:56:40 -0300] "GET /cormun/servlet/hlogin HTTP/1.1" 200 1728
190.171.141.138 - - [30/Nov/2021:08:56:40 -0300] "GET /cormun/static/gxcfg.js?201910216285969 HTTP/1.1" 200 953
190.171.141.138 - - [30/Nov/2021:08:56:40 -0300] "GET /cormun/static/gxtimezone.js?85251 HTTP/1.1" 200 5781
190.171.141.138 - - [30/Nov/2021:08:56:40 -0300] "GET /cormun/static/Resources/Spanish/PXTools.css?2294816 HTTP/1.1" 200 100853
190.171.141.138 - - [30/Nov/2021:08:56:40 -0300] "GET /cormun/static/messages.spa.js?85251 HTTP/1.1" 200 30736
190.171.141.138 - - [30/Nov/2021:08:56:40 -0300] "GET /cormun/static/hlogin.js?201910216285995 HTTP/1.1" 200 2136
190.171.141.138 - - [30/Nov/2021:08:56:40 -0300] "GET /cormun/static/Resources/Logo2019_Grande.png HTTP/1.1" 200 31733
190.171.141.138 - - [30/Nov/2021:08:56:40 -0300] "GET /cormun/static/gxgral.js?85251 HTTP/1.1" 200 384558
190.171.141.138 - - [30/Nov/2021:08:56:40 -0300] "GET /cormun/static/Resources/PXToolsLoginBackground.png HTTP/1.1" 200 1164
190.171.141.138 - - [30/Nov/2021:08:56:40 -0300] "GET /cormun/static/Resources/PXToolsLoginTop.png HTTP/1.1" 200 1337
190.171.141.138 - - [30/Nov/2021:08:56:40 -0300] "GET /cormun/static/Resources/PXToolsButtonLeft.png HTTP/1.1" 200 1310
190.171.141.138 - - [30/Nov/2021:08:56:40 -0300] "GET /cormun/static/Resources/PXToolsButtonBackground.png HTTP/1.1" 200 1176
190.171.141.138 - - [30/Nov/2021:08:56:40 -0300] "GET /cormun/static/Resources/PXToolsLoginBottom.png HTTP/1.1" 200 1389
190.171.141.138 - - [30/Nov/2021:08:56:40 -0300] "GET /cormun/static/Resources/PXToolsButtonRight.png HTTP/1.1" 200 1294
190.171.141.138 - - [30/Nov/2021:08:56:40 -0300] "GET /cormun/static/Resources/indicator.gif HTTP/1.1" 200 1553
190.171.141.138 - - [30/Nov/2021:08:56:40 -0300] "GET /cormun/servlet/hlogin HTTP/1.1" 200 1739
190.171.141.138 - - [30/Nov/2021:08:56:40 -0300] "GET /favicon.ico HTTP/1.1" 200 21630
190.171.141.138 - - [30/Nov/2021:08:56:43 -0300] "POST /cormun/servlet/hlogin?34a265e1708ded4f08d563ba71970fef,gx-no-cache=1638272685298 HTTP/1.1" 200 90
190.171.141.138 - - [30/Nov/2021:08:56:43 -0300] "GET /cormun/servlet/hpexe_link HTTP/1.1" 200 954
190.171.141.138 - - [30/Nov/2021:08:56:43 -0300] "GET /cormun/static/gxcfg.js?201991422392958 HTTP/1.1" 200 953
190.171.141.138 - - [30/Nov/2021:08:56:43 -0300] "GET /cormun/static/hpexe_link.js?201991422392963 HTTP/1.1" 200 625
190.171.141.138 - - [30/Nov/2021:08:56:43 -0300] "GET /cormun/servlet/hhome HTTP/1.1" 200 4475
190.171.141.138 - - [30/Nov/2021:08:56:43 -0300] "GET /cormun/static/Shared/jqueryui/jquery-ui.min.css?1345370 HTTP/1.1" 200 30288
190.171.141.138 - - [30/Nov/2021:08:56:43 -0300] "GET /cormun/static/SmoothNavMenu/resources/ddsmoothmenu.css?1112540 HTTP/1.1" 200 2223
190.171.141.138 - - [30/Nov/2021:08:56:43 -0300] "GET /cormun/static/SmoothNavMenu/resources/ddsmoothmenu-v.css?1112540 HTTP/1.1" 200 1188
190.171.141.138 - - [30/Nov/2021:08:56:43 -0300] "GET /cormun/static/gxcfg.js?20201215495537 HTTP/1.1" 200 953
190.171.141.138 - - [30/Nov/2021:08:56:43 -0300] "GET /cormun/static/scaMessage/css/jquery.pnotify.default.css?1816380 HTTP/1.1" 200 1707
190.171.141.138 - - [30/Nov/2021:08:56:43 -0300] "GET /cormun/static/PXToolsJavascripts/pexe_autoreload.js HTTP/1.1" 200 1762
190.171.141.138 - - [30/Nov/2021:08:56:43 -0300] "GET /cormun/static/PXToolsJavascripts/pexe_cookies.js HTTP/1.1" 200 792
190.171.141.138 - - [30/Nov/2021:08:56:43 -0300] "GET /cormun/static/PXToolsJavascripts/pexe_windows.js HTTP/1.1" 200 15207
190.171.141.138 - - [30/Nov/2021:08:56:43 -0300] "GET /cormun/static/PXToolsJavascripts/pexe_grid.js HTTP/1.1" 200 7559
190.171.141.138 - - [30/Nov/2021:08:56:43 -0300] "GET /cormun/static/PXToolsJavascripts/pexe_griddivfix.js HTTP/1.1" 200 6644
190.171.141.138 - - [30/Nov/2021:08:56:43 -0300] "GET /cormun/static/Resources/Spanish/PXTools.css?14345360 HTTP/1.1" 200 100853
190.171.141.138 - - [30/Nov/2021:08:56:43 -0300] "GET /cormun/static/PXToolsJavascripts/pexe_link.js HTTP/1.1" 200 5671
190.171.141.138 - - [30/Nov/2021:08:56:43 -0300] "GET /cormun/static/PXToolsJavascripts/pexe_menudivfix.js HTTP/1.1" 200 333
