190.171.149.74 - - [29/Nov/2021:10:57:42 -0300] "POST /cormun/servlet/trlicencias?bc9d0e1bf74f0333aa0e8adba68f391c,gx-no-cache=1638197196596 HTTP/1.1" 200 7232
190.171.141.90 - - [29/Nov/2021:10:59:22 -0300] "POST /cormun/servlet/trlicencias?03890817aecbca3b685b9418f868738f,,gx-no-cache=1638193645410 HTTP/1.1" 200 16986
205.185.121.173 - - [29/Nov/2021:10:59:25 -0300] "GET /manager/html HTTP/1.1" 401 2474
205.185.121.173 - - [29/Nov/2021:11:02:13 -0300] "GET /manager/html HTTP/1.1" 401 2474
190.171.154.42 - - [29/Nov/2021:11:03:31 -0300] "POST /cormun/servlet/trlicencias?b40d36ee7bc9fbcd114ec90127232d4e,,gx-no-cache=1638193893014 HTTP/1.1" 440 972
190.171.154.42 - - [29/Nov/2021:11:03:33 -0300] "GET /cormun/servlet/trlicencias? HTTP/1.1" 200 6037
190.171.154.42 - - [29/Nov/2021:11:03:35 -0300] "GET /cormun/servlet/hlogin HTTP/1.1" 200 1739
190.171.154.42 - - [29/Nov/2021:11:03:35 -0300] "GET /cormun/servlet/trlicencias? HTTP/1.1" 200 6037
190.171.154.42 - - [29/Nov/2021:11:03:39 -0300] "POST /cormun/servlet/hlogin?f0dbb7730a9c4a62473e3be2ded0b40b,gx-no-cache=1638193901297 HTTP/1.1" 200 90
190.171.154.42 - - [29/Nov/2021:11:03:39 -0300] "GET /cormun/servlet/hpexe_link HTTP/1.1" 200 953
190.171.154.42 - - [29/Nov/2021:11:03:40 -0300] "GET /cormun/servlet/trlicencias HTTP/1.1" 200 10782
186.67.172.234 - - [29/Nov/2021:11:03:41 -0300] "POST /cormun/servlet/trlicencias?c6b2a5cea317a7b9daae04ed31f0a5c3,,gx-no-cache=1638226300965 HTTP/1.1" 200 4466
186.67.172.234 - - [29/Nov/2021:11:03:41 -0300] "POST /cormun/servlet/trlicencias?c6b2a5cea317a7b9daae04ed31f0a5c3,,gx-no-cache=1638226301461 HTTP/1.1" 200 4465
186.67.172.234 - - [29/Nov/2021:11:03:42 -0300] "POST /cormun/servlet/trlicencias?c6b2a5cea317a7b9daae04ed31f0a5c3,,gx-no-cache=1638226301981 HTTP/1.1" 200 4466
190.171.154.42 - - [29/Nov/2021:11:03:43 -0300] "GET /cormun/servlet/trlicencias HTTP/1.1" 200 10780
186.67.172.234 - - [29/Nov/2021:11:03:43 -0300] "POST /cormun/servlet/trlicencias?c6b2a5cea317a7b9daae04ed31f0a5c3,,gx-no-cache=1638226302820 HTTP/1.1" 200 4466
186.67.172.234 - - [29/Nov/2021:11:03:43 -0300] "POST /cormun/servlet/trlicencias?c6b2a5cea317a7b9daae04ed31f0a5c3,,gx-no-cache=1638226303453 HTTP/1.1" 200 4466
186.67.172.234 - - [29/Nov/2021:11:03:44 -0300] "POST /cormun/servlet/trlicencias?c6b2a5cea317a7b9daae04ed31f0a5c3,,gx-no-cache=1638226303765 HTTP/1.1" 200 4467
186.67.172.234 - - [29/Nov/2021:11:03:44 -0300] "POST /cormun/servlet/trlicencias?c6b2a5cea317a7b9daae04ed31f0a5c3,,gx-no-cache=1638226303997 HTTP/1.1" 200 4466
186.67.172.234 - - [29/Nov/2021:11:03:44 -0300] "POST /cormun/servlet/trlicencias?c6b2a5cea317a7b9daae04ed31f0a5c3,,gx-no-cache=1638226304221 HTTP/1.1" 200 4465
186.67.172.234 - - [29/Nov/2021:11:03:44 -0300] "POST /cormun/servlet/trlicencias?c6b2a5cea317a7b9daae04ed31f0a5c3,,gx-no-cache=1638226304412 HTTP/1.1" 200 4465
186.67.172.234 - - [29/Nov/2021:11:03:44 -0300] "POST /cormun/servlet/trlicencias?c6b2a5cea317a7b9daae04ed31f0a5c3,,gx-no-cache=1638226304572 HTTP/1.1" 200 4465
190.171.154.42 - - [29/Nov/2021:11:03:44 -0300] "POST /cormun/servlet/trlicencias?f0dbb7730a9c4a62473e3be2ded0b40b,gx-no-cache=1638193906354 HTTP/1.1" 200 8147
186.67.172.234 - - [29/Nov/2021:11:03:48 -0300] "POST /cormun/servlet/trlicencias?c6b2a5cea317a7b9daae04ed31f0a5c3,,gx-no-cache=1638226308589 HTTP/1.1" 200 90
186.67.172.234 - - [29/Nov/2021:11:03:48 -0300] "GET /cormun/servlet/hpexe_link HTTP/1.1" 200 955
186.67.172.234 - - [29/Nov/2021:11:03:49 -0300] "GET /cormun/servlet/hhome HTTP/1.1" 200 4367
186.67.172.234 - - [29/Nov/2021:11:03:49 -0300] "GET /cormun/servlet/hhome HTTP/1.1" 200 4364
205.185.121.173 - - [29/Nov/2021:11:05:21 -0300] "GET /manager/html HTTP/1.1" 401 2474
205.185.121.173 - - [29/Nov/2021:11:08:17 -0300] "GET /manager/html HTTP/1.1" 401 2474
190.171.141.114 - - [29/Nov/2021:11:10:02 -0300] "GET /cormun/servlet/hlogin HTTP/1.1" 200 1728
190.171.141.114 - - [29/Nov/2021:11:10:14 -0300] "POST /cormun/servlet/hlogin?3dc2a65e62543a8b07ddb475c0f6d124,gx-no-cache=1638194296137 HTTP/1.1" 200 90
190.171.141.114 - - [29/Nov/2021:11:10:14 -0300] "GET /cormun/servlet/hpexe_link HTTP/1.1" 200 953
190.171.141.114 - - [29/Nov/2021:11:10:14 -0300] "GET /cormun/servlet/hhome HTTP/1.1" 200 3997
190.171.141.114 - - [29/Nov/2021:11:10:14 -0300] "GET /cormun/servlet/hhome HTTP/1.1" 200 3993
190.171.141.114 - - [29/Nov/2021:11:10:24 -0300] "GET /cormun/servlet/trlicencias? HTTP/1.1" 200 9199
190.171.141.114 - - [29/Nov/2021:11:10:24 -0300] "GET /cormun/servlet/trlicencias? HTTP/1.1" 200 9197
190.171.141.114 - - [29/Nov/2021:11:10:33 -0300] "GET /cormun/servlet/licenciaspermisos?INS,0,,, HTTP/1.1" 200 7612
190.171.141.114 - - [29/Nov/2021:11:10:33 -0300] "GET /cormun/static/gxcfg.js?202012153173 HTTP/1.1" 200 953
190.171.141.114 - - [29/Nov/2021:11:10:34 -0300] "GET /cormun/static/licenciaspermisos.js?2020121532136 HTTP/1.1" 200 38824
190.171.141.114 - - [29/Nov/2021:11:10:34 -0300] "GET /cormun/static/Resources/prompt.gif HTTP/1.1" 200 902
190.171.141.114 - - [29/Nov/2021:11:10:34 -0300] "GET /cormun/servlet/licenciaspermisos?INS,0,,, HTTP/1.1" 200 7620
205.185.121.173 - - [29/Nov/2021:11:11:03 -0300] "GET /manager/html HTTP/1.1" 401 2474
192.168.10.96 - - [29/Nov/2021:11:11:11 -0300] "GET /cormun/servlet/trsolicitudgral? HTTP/1.1" 500 10
192.168.10.96 - - [29/Nov/2021:11:11:14 -0300] "GET /cormun/servlet/trsolicitudgral? HTTP/1.1" 500 10
114.119.134.196 - - [29/Nov/2021:11:12:31 -0300] "GET /robots.txt HTTP/1.1" 404 981
190.171.141.114 - - [29/Nov/2021:11:13:21 -0300] "GET /cormun/servlet/licenciaspermisos?c1b1a2c2009ec2ded44058a6986eaca33b9d1a4a5e7fce4fae31e8893a9640b20ef1151258843623da0d459f5f47767f5eacd114d30f7b674bcab1d227ffa5df,gx-no-cache=1638194483502 HTTP/1.1" 200 102
190.171.141.114 - - [29/Nov/2021:11:13:21 -0300] "POST /cormun/servlet/licenciaspermisos?3dc2a65e62543a8b07ddb475c0f6d124,INS,0,,,,gx-no-cache=1638194483565 HTTP/1.1" 200 4829
205.185.121.173 - - [29/Nov/2021:11:13:49 -0300] "GET /manager/html HTTP/1.1" 401 2474
190.171.141.114 - - [29/Nov/2021:11:14:59 -0300] "GET /cormun/static/menuarrow.gif HTTP/1.1" 404 1015
190.171.141.114 - - [29/Nov/2021:11:16:31 -0300] "GET /cormun/servlet/licenciaspermisos?c1b1a2c2009ec2ded44058a6986eaca31570a0d3a900dd7f9ed28e563a78b3a4843d1070c5e01ccf41d01557320b23430ab8b2a47791d905e4a5e38df9cb9a88370a19ead4c06cc17080a70d92554c44ce4d46425a430e9522472451059e81353fedddb6868068d68100bcac7cc085cd92753e4c71d470aebda579f5d219c41c96c4636eacd8cfb5ec69440cdf99291cf54976da20cfe8fa7f7e9abe3fb6df740925e8810a738beaa495def64aa4856e,gx-no-cache=1638194673953 HTTP/1.1" 200 30
190.171.141.114 - - [29/Nov/2021:11:16:31 -0300] "POST /cormun/servlet/licenciaspermisos?3dc2a65e62543a8b07ddb475c0f6d124,INS,0,,,,gx-no-cache=1638194674030 HTTP/1.1" 200 4903
205.185.121.173 - - [29/Nov/2021:11:16:38 -0300] "GET /manager/html HTTP/1.1" 401 2474
190.171.141.114 - - [29/Nov/2021:11:17:24 -0300] "GET /cormun/servlet/licenciaspermisos?c1b1a2c2009ec2ded44058a6986eaca38efebc9708fa3acb5e2f68108fe555f014f528d7e129595816da3b3a88db6bee50d374770c9652627442ef24b5e063467e7f1f03c869cef6e88a46c806606876f20a799f1ce921a6bcd89fe8285736d76c03fc0f8fdecfbe513405be36ff4fb609bbe46af647d4089fc345f5f906463504a38d18f95bcad87b9117caf7a4f8a2db1abc3b2d5bdc508af7b0e421f411fec5e7a1435699d1d4911fe0eaaf8f470b8738e09f638b6b3869093beb4ad73eb9932e9f1465eff7beb4138087005a969d5a4d9df4c89dc9f43e6456ef1d357dc0f0445d7e4c023886e1eb51c2ae0d2831,gx-no-cache=1638194726209 HTTP/1.1" 200 29
190.171.141.114 - - [29/Nov/2021:11:17:24 -0300] "POST /cormun/servlet/licenciaspermisos?3dc2a65e62543a8b07ddb475c0f6d124,INS,0,,,,gx-no-cache=1638194726325 HTTP/1.1" 200 93
190.171.141.114 - - [29/Nov/2021:11:17:24 -0300] "GET /cormun/servlet/hpexe_return? HTTP/1.1" 200 1013
190.171.141.114 - - [29/Nov/2021:11:17:24 -0300] "GET /cormun/static/gxcfg.js?201991422392976 HTTP/1.1" 200 953
190.171.141.114 - - [29/Nov/2021:11:17:24 -0300] "GET /cormun/static/hpexe_return.js?201991422392984 HTTP/1.1" 200 1633
190.171.141.114 - - [29/Nov/2021:11:17:24 -0300] "GET /cormun/servlet/trlicencias HTTP/1.1" 200 9667
190.171.141.114 - - [29/Nov/2021:11:17:25 -0300] "GET /cormun/servlet/trlicencias HTTP/1.1" 200 9662
205.185.121.173 - - [29/Nov/2021:11:19:26 -0300] "GET /manager/html HTTP/1.1" 401 2474
205.185.121.173 - - [29/Nov/2021:11:22:12 -0300] "GET /manager/html HTTP/1.1" 401 2474
205.185.121.173 - - [29/Nov/2021:11:24:56 -0300] "GET /manager/html HTTP/1.1" 401 2474
205.185.121.173 - - [29/Nov/2021:11:27:47 -0300] "GET /manager/html HTTP/1.1" 401 2474
40.77.167.73 - - [29/Nov/2021:11:29:14 -0300] "GET /cormun/servlet/hpexe_return HTTP/1.1" 200 969
205.185.121.173 - - [29/Nov/2021:11:30:37 -0300] "GET /manager/html HTTP/1.1" 401 2474
190.171.141.114 - - [29/Nov/2021:11:31:13 -0300] "GET /cormun/servlet/trlicenciaspermisosadjuntos?8686170,20211129000000,L, HTTP/1.1" 200 6350
190.171.141.114 - - [29/Nov/2021:11:31:13 -0300] "GET /cormun/static/gxui/gxui-all.css?110300 HTTP/1.1" 200 2179
190.171.141.114 - - [29/Nov/2021:11:31:13 -0300] "GET /cormun/static/gxcfg.js?201991422445549 HTTP/1.1" 200 953
190.171.141.114 - - [29/Nov/2021:11:31:13 -0300] "GET /cormun/static/calendar-system.css?75620 HTTP/1.1" 200 5572
190.171.141.114 - - [29/Nov/2021:11:31:13 -0300] "GET /cormun/static/trlicenciaspermisosadjuntos.js?20199142244593 HTTP/1.1" 200 21036
190.171.141.114 - - [29/Nov/2021:11:31:13 -0300] "GET /cormun/static/Shared/ext/resources/css/ext-all.css?205870 HTTP/1.1" 200 416045
190.171.141.114 - - [29/Nov/2021:11:31:14 -0300] "GET /cormun/servlet/trlicenciaspermisosadjuntos?8686170,20211129000000,L, HTTP/1.1" 200 6351
190.171.141.114 - - [29/Nov/2021:11:31:18 -0300] "GET /cormun/servlet/licenciaspermisosadjuntos?INS,8686170,L,20211129000000,, HTTP/1.1" 200 5638
190.171.141.114 - - [29/Nov/2021:11:31:18 -0300] "GET /cormun/static/gxcfg.js?20201215114875 HTTP/1.1" 200 953
190.171.141.114 - - [29/Nov/2021:11:31:18 -0300] "GET /cormun/static/licenciaspermisosadjuntos.js?20201215114932 HTTP/1.1" 200 8760
190.171.141.114 - - [29/Nov/2021:11:31:18 -0300] "GET /cormun/static/about:blank HTTP/1.1" 404 1011
190.171.141.114 - - [29/Nov/2021:11:31:18 -0300] "GET /cormun/servlet/licenciaspermisosadjuntos?INS,8686170,L,20211129000000,, HTTP/1.1" 200 5628
190.171.141.114 - - [29/Nov/2021:11:31:45 -0300] "POST /cormun/servlet/licenciaspermisosadjuntos?3dc2a65e62543a8b07ddb475c0f6d124,INS,8686170,L,20211129000000,, HTTP/1.1" 200 116
190.171.141.114 - - [29/Nov/2021:11:31:45 -0300] "GET /cormun/servlet/hpexe_return? HTTP/1.1" 200 1041
190.171.141.114 - - [29/Nov/2021:11:31:45 -0300] "GET /cormun/servlet/trlicenciaspermisosadjuntos?8686170,20211129000000,L, HTTP/1.1" 200 6842
190.171.141.114 - - [29/Nov/2021:11:31:46 -0300] "GET /cormun/servlet/trlicenciaspermisosadjuntos?8686170,20211129000000,L, HTTP/1.1" 200 6838
190.171.141.114 - - [29/Nov/2021:11:31:50 -0300] "POST /cormun/servlet/trlicenciaspermisosadjuntos?3dc2a65e62543a8b07ddb475c0f6d124,8686170,20211129000000,L,,gx-no-cache=1638195592285 HTTP/1.1" 200 90
190.171.141.114 - - [29/Nov/2021:11:31:50 -0300] "GET /cormun/servlet/hpexe_link HTTP/1.1" 200 984
190.171.141.114 - - [29/Nov/2021:11:31:50 -0300] "GET /cormun/servlet/trlicencias HTTP/1.1" 200 9664
190.171.141.114 - - [29/Nov/2021:11:31:50 -0300] "GET /cormun/servlet/trlicencias HTTP/1.1" 200 9662
190.171.141.114 - - [29/Nov/2021:11:31:53 -0300] "POST /cormun/servlet/trlicencias?3dc2a65e62543a8b07ddb475c0f6d124,gx-no-cache=1638195595459 HTTP/1.1" 200 7035
190.171.141.114 - - [29/Nov/2021:11:31:53 -0300] "GET /cormun/static/Shared/jqueryui/images/ui-bg_highlight-soft_100_c6c2c8_1x100.png HTTP/1.1" 404 1117
190.171.141.114 - - [29/Nov/2021:11:31:53 -0300] "GET /cormun/static/Shared/jqueryui/images/ui-icons_82798d_256x240.png HTTP/1.1" 404 1089
190.171.141.114 - - [29/Nov/2021:11:31:53 -0300] "GET /cormun/static/Shared/jqueryui/images/ui-bg_flat_55_fafafa_40x100.png HTTP/1.1" 404 1097
190.171.141.114 - - [29/Nov/2021:11:31:53 -0300] "GET /cormun/static/Shared/jqueryui/images/ui-icons_8d78a5_256x240.png HTTP/1.1" 404 1089
190.171.141.114 - - [29/Nov/2021:11:32:02 -0300] "GET /cormun/servlet/trsolicitudot? HTTP/1.1" 200 7215
190.171.141.114 - - [29/Nov/2021:11:32:02 -0300] "GET /cormun/static/gxcfg.js?201991910464971 HTTP/1.1" 200 953
190.171.141.114 - - [29/Nov/2021:11:32:02 -0300] "GET /cormun/static/trsolicitudot.js?201991910465845 HTTP/1.1" 200 54041
190.171.141.114 - - [29/Nov/2021:11:32:02 -0300] "GET /cormun/servlet/trsolicitudot? HTTP/1.1" 200 7215
190.171.141.114 - - [29/Nov/2021:11:32:04 -0300] "GET /cormun/servlet/solicitudot?INS,0,0,false, HTTP/1.1" 200 15640
190.171.141.114 - - [29/Nov/2021:11:32:04 -0300] "GET /cormun/static/gxcfg.js?20203414241232 HTTP/1.1" 200 953
190.171.141.114 - - [29/Nov/2021:11:32:05 -0300] "GET /cormun/static/solicitudot.js?20203414242792 HTTP/1.1" 200 74114
190.171.141.114 - - [29/Nov/2021:11:32:05 -0300] "GET /cormun/servlet/solicitudot?INS,0,0,false, HTTP/1.1" 200 15648
205.185.121.173 - - [29/Nov/2021:11:33:32 -0300] "GET /manager/html HTTP/1.1" 401 2474
205.185.121.173 - - [29/Nov/2021:11:36:29 -0300] "GET /manager/html HTTP/1.1" 401 2474
205.185.121.173 - - [29/Nov/2021:11:39:23 -0300] "GET /manager/html HTTP/1.1" 401 2474
186.103.157.42 - - [29/Nov/2021:11:40:23 -0300] "GET /cormun/servlet/hlogin HTTP/1.1" 200 1726
190.171.142.10 - - [29/Nov/2021:11:40:27 -0300] "POST /cormun/servlet/trlicencias?6e601654476a8bc461f2be00007f5f52,gx-no-cache=1638196108722 HTTP/1.1" 440 972
190.171.142.10 - - [29/Nov/2021:11:40:29 -0300] "GET /cormun/servlet/trlicencias HTTP/1.1" 200 6042
190.171.142.10 - - [29/Nov/2021:11:40:31 -0300] "GET /cormun/servlet/trlicencias HTTP/1.1" 200 6042
190.171.142.10 - - [29/Nov/2021:11:40:31 -0300] "GET /cormun/servlet/hlogin HTTP/1.1" 200 1742
186.103.157.42 - - [29/Nov/2021:11:40:34 -0300] "POST /cormun/servlet/hlogin?e35a0e5a4ea6a81e19322ab4941c0e40,gx-no-cache=1638196118599 HTTP/1.1" 200 90
186.103.157.42 - - [29/Nov/2021:11:40:34 -0300] "GET /cormun/servlet/hpexe_link HTTP/1.1" 200 954
186.103.157.42 - - [29/Nov/2021:11:40:34 -0300] "GET /cormun/servlet/hhome HTTP/1.1" 200 4362
186.103.157.42 - - [29/Nov/2021:11:40:34 -0300] "GET /cormun/servlet/hhome HTTP/1.1" 200 4358
186.103.157.42 - - [29/Nov/2021:11:40:39 -0300] "GET /cormun/servlet/trpermisosgoce? HTTP/1.1" 200 8898
186.103.157.42 - - [29/Nov/2021:11:40:40 -0300] "GET /cormun/servlet/trpermisosgoce? HTTP/1.1" 200 8896
190.171.142.10 - - [29/Nov/2021:11:40:47 -0300] "POST /cormun/servlet/hlogin?3daaf6bd0772b50a0fcd2da65e7800a4,gx-no-cache=1638196128781 HTTP/1.1" 200 452
190.171.142.10 - - [29/Nov/2021:11:40:52 -0300] "POST /cormun/servlet/hlogin?3daaf6bd0772b50a0fcd2da65e7800a4,gx-no-cache=1638196134297 HTTP/1.1" 200 90
190.171.142.10 - - [29/Nov/2021:11:40:53 -0300] "GET /cormun/servlet/hpexe_link HTTP/1.1" 200 956
190.171.142.10 - - [29/Nov/2021:11:40:53 -0300] "GET /cormun/servlet/trlicencias HTTP/1.1" 200 13477
190.171.142.10 - - [29/Nov/2021:11:40:55 -0300] "GET /cormun/servlet/trlicencias HTTP/1.1" 200 13469
186.103.157.42 - - [29/Nov/2021:11:42:04 -0300] "GET /cormun/servlet/permisogoce?INS,0,,, HTTP/1.1" 200 7245
186.103.157.42 - - [29/Nov/2021:11:42:04 -0300] "GET /cormun/servlet/permisogoce?INS,0,,, HTTP/1.1" 200 7245
186.103.157.42 - - [29/Nov/2021:11:42:11 -0300] "GET /cormun/servlet/prfichaempleado?,MD,,gxPopupLevel%3D0%3B HTTP/1.1" 200 9401
205.185.121.173 - - [29/Nov/2021:11:42:14 -0300] "GET /manager/html HTTP/1.1" 401 2474
186.103.157.42 - - [29/Nov/2021:11:42:25 -0300] "POST /cormun/servlet/prfichaempleado?e35a0e5a4ea6a81e19322ab4941c0e40,,MD,,gxPopupLevel%3D0%3B,gx-no-cache=1638196229636 HTTP/1.1" 200 3406
186.103.157.42 - - [29/Nov/2021:11:42:39 -0300] "GET /cormun/servlet/permisogoce?102fd73ec7c1242db4c40e7dd97a4903ec67f5415e5d6b1e3621939b0531dda2f1b57a789d8df71d9bb218e3af439f5f9444007b8757a7cd95c8942dc9de5b5a,gx-no-cache=1638196243630 HTTP/1.1" 200 78
186.103.157.42 - - [29/Nov/2021:11:42:39 -0300] "GET /cormun/static/menuarrow.gif HTTP/1.1" 404 1015
186.103.157.42 - - [29/Nov/2021:11:42:46 -0300] "GET /cormun/servlet/permisogoce?102fd73ec7c1242db4c40e7dd97a4903a4beb2edeaa6a0dcfa24f0c700e5246b9539ddba28632656e8e54df95f73ab7621668110552d2d10f6ece63bfd372b06,gx-no-cache=1638196250946 HTTP/1.1" 200 47
186.103.157.42 - - [29/Nov/2021:11:43:20 -0300] "POST /cormun/servlet/permisogoce?e35a0e5a4ea6a81e19322ab4941c0e40,INS,0,,,,gx-no-cache=1638196284528 HTTP/1.1" 200 93
186.103.157.42 - - [29/Nov/2021:11:43:20 -0300] "GET /cormun/servlet/hpexe_return? HTTP/1.1" 200 1011
186.103.157.42 - - [29/Nov/2021:11:43:20 -0300] "GET /cormun/servlet/trpermisosgoce HTTP/1.1" 200 9198
186.103.157.42 - - [29/Nov/2021:11:43:21 -0300] "GET /cormun/servlet/trpermisosgoce HTTP/1.1" 200 9193
190.171.142.10 - - [29/Nov/2021:11:43:21 -0300] "GET /cormun/servlet/trsolicitudot? HTTP/1.1" 200 7191
190.171.142.10 - - [29/Nov/2021:11:43:23 -0300] "GET /cormun/servlet/trsolicitudot? HTTP/1.1" 200 7190
186.103.157.42 - - [29/Nov/2021:11:43:25 -0300] "GET /cormun/servlet/trpermisosadjuntos?10148987,20211129112744,P, HTTP/1.1" 200 6676
186.103.157.42 - - [29/Nov/2021:11:43:25 -0300] "GET /cormun/servlet/trpermisosadjuntos?10148987,20211129112744,P, HTTP/1.1" 200 6676
186.103.157.42 - - [29/Nov/2021:11:43:27 -0300] "GET /cormun/servlet/permisosadjuntos?INS,10148987,P,20211129112744,, HTTP/1.1" 200 6002
186.103.157.42 - - [29/Nov/2021:11:43:27 -0300] "GET /cormun/static/about:blank HTTP/1.1" 404 1011
186.103.157.42 - - [29/Nov/2021:11:43:28 -0300] "GET /cormun/servlet/permisosadjuntos?INS,10148987,P,20211129112744,, HTTP/1.1" 200 5991
186.103.157.42 - - [29/Nov/2021:11:43:40 -0300] "POST /cormun/servlet/permisosadjuntos?e35a0e5a4ea6a81e19322ab4941c0e40,INS,10148987,P,20211129112744,, HTTP/1.1" 200 116
186.103.157.42 - - [29/Nov/2021:11:43:40 -0300] "GET /cormun/servlet/hpexe_return? HTTP/1.1" 200 1040
186.103.157.42 - - [29/Nov/2021:11:43:41 -0300] "GET /cormun/servlet/trpermisosadjuntos?10148987,20211129112744,P, HTTP/1.1" 200 7175
186.103.157.42 - - [29/Nov/2021:11:43:41 -0300] "GET /cormun/servlet/trpermisosadjuntos?10148987,20211129112744,P, HTTP/1.1" 200 7171
190.171.142.10 - - [29/Nov/2021:11:43:41 -0300] "GET /cormun/servlet/trsolicitudot? HTTP/1.1" 200 7190
190.171.142.10 - - [29/Nov/2021:11:43:42 -0300] "GET /cormun/servlet/trsolicitudot? HTTP/1.1" 200 7190
190.171.142.10 - - [29/Nov/2021:11:43:44 -0300] "GET /cormun/servlet/solicitudot?INS,0,0,false, HTTP/1.1" 200 15613
190.171.142.10 - - [29/Nov/2021:11:43:46 -0300] "GET /cormun/servlet/solicitudot?INS,0,0,false, HTTP/1.1" 200 15621
186.103.157.42 - - [29/Nov/2021:11:43:53 -0300] "GET /cormun/servlet/trpermisosgoce? HTTP/1.1" 200 9194
186.103.157.42 - - [29/Nov/2021:11:43:53 -0300] "GET /cormun/servlet/trpermisosgoce? HTTP/1.1" 200 9193
186.103.157.42 - - [29/Nov/2021:11:44:02 -0300] "POST /cormun/servlet/trpermisosgoce?e35a0e5a4ea6a81e19322ab4941c0e40,,gx-no-cache=1638196326826 HTTP/1.1" 200 6341
186.103.157.42 - - [29/Nov/2021:11:44:02 -0300] "GET /cormun/static/Shared/jqueryui/images/ui-bg_highlight-soft_100_c6c2c8_1x100.png HTTP/1.1" 404 1117
186.103.157.42 - - [29/Nov/2021:11:44:02 -0300] "GET /cormun/static/Shared/jqueryui/images/ui-icons_82798d_256x240.png HTTP/1.1" 404 1089
186.103.157.42 - - [29/Nov/2021:11:44:02 -0300] "GET /cormun/static/Shared/jqueryui/images/ui-bg_flat_55_fafafa_40x100.png HTTP/1.1" 404 1097
186.103.157.42 - - [29/Nov/2021:11:44:02 -0300] "GET /cormun/static/Shared/jqueryui/images/ui-icons_8d78a5_256x240.png HTTP/1.1" 404 1089
198.98.49.124 - - [29/Nov/2021:11:44:03 -0300] "GET /config/getuser?index=0 HTTP/1.1" 404 989
190.171.142.10 - - [29/Nov/2021:11:44:41 -0300] "POST /cormun/servlet/solicitudot?gx-no-cache=1638196362474 HTTP/1.1" 200 3783
190.171.142.10 - - [29/Nov/2021:11:44:41 -0300] "POST /cormun/servlet/solicitudot?3daaf6bd0772b50a0fcd2da65e7800a4,INS,0,0,false,,gx-no-cache=1638196362774 HTTP/1.1" 200 12295
190.171.142.10 - - [29/Nov/2021:11:44:48 -0300] "GET /cormun/servlet/solicitudot?b07311755580d70e201019929fa7d90eadb83585679466e6bbaf2d97feb8d10032eda28b289f842929e6c73adb5c8bd7,gx-no-cache=1638196369532 HTTP/1.1" 200 30
190.171.141.114 - - [29/Nov/2021:11:45:00 -0300] "POST /cormun/servlet/solicitudot?gx-no-cache=1638196382508 HTTP/1.1" 200 3783
190.171.141.114 - - [29/Nov/2021:11:45:00 -0300] "POST /cormun/servlet/solicitudot?3dc2a65e62543a8b07ddb475c0f6d124,INS,0,0,false,,gx-no-cache=1638196382646 HTTP/1.1" 200 12294
190.171.141.114 - - [29/Nov/2021:11:45:04 -0300] "GET /cormun/servlet/solicitudot?94904d0e53b1df2baee5db7a45bfebc161d0f1de975c99bd484f2c1fd9902bbd1082fa9a57675c825039b01d11648275,gx-no-cache=1638196386453 HTTP/1.1" 200 30
205.185.121.173 - - [29/Nov/2021:11:45:09 -0300] "GET /manager/html HTTP/1.1" 401 2474
190.171.141.114 - - [29/Nov/2021:11:46:12 -0300] "GET /cormun/servlet/solicitudot?94904d0e53b1df2baee5db7a45bfebc1e971e2d016cd3838bb8a71f469c0c8dd,gx-no-cache=1638196454318 HTTP/1.1" 200 94
190.171.141.114 - - [29/Nov/2021:11:46:12 -0300] "GET /cormun/static/Shared/jqueryui/images/ui-bg_highlight-soft_100_c6c2c8_1x100.png HTTP/1.1" 404 1117
190.171.141.114 - - [29/Nov/2021:11:46:12 -0300] "GET /cormun/static/Shared/jqueryui/images/ui-bg_flat_55_994d53_40x100.png HTTP/1.1" 404 1097
190.171.141.114 - - [29/Nov/2021:11:46:12 -0300] "GET /cormun/static/Shared/jqueryui/images/ui-icons_82798d_256x240.png HTTP/1.1" 404 1089
190.171.141.114 - - [29/Nov/2021:11:46:12 -0300] "GET /cormun/static/Shared/jqueryui/images/ui-icons_ebccce_256x240.png HTTP/1.1" 404 1089
190.171.141.114 - - [29/Nov/2021:11:46:12 -0300] "GET /cormun/servlet/solicitudot?94904d0e53b1df2baee5db7a45bfebc1b046b8f735727031c83cddb2185ad349,gx-no-cache=1638196454384 HTTP/1.1" 200 29
190.171.141.114 - - [29/Nov/2021:11:46:13 -0300] "POST /cormun/servlet/solicitudot?gx-no-cache=1638196455998 HTTP/1.1" 200 255
190.171.141.114 - - [29/Nov/2021:11:46:15 -0300] "GET /cormun/servlet/solicitudot?94904d0e53b1df2baee5db7a45bfebc1822cbe51e813518186b9441175f6acc7459d0935048e1ca1df82aeb6ba250a1aab362ed931cd9eb8913a379d00d6e301858bf52e177a9a7295ad6d3e903ce11b46847075246698e2d5153979c7468f485cce96d3119a633721ffca13fc5478e8aa44c95a97f7ad4c27430f96580a79064c0148fd97705b1c400e00e80a7f0bdf5ebd4eee86014d54761a883aef8744300a0953bac5b2973500a46bd21f7c8cdbff64c1ef3f59148d59ba2b3619e989a3bb337467dd3422efd43b0439becd75f88dd880ac0427916efee04cb909035e2564008445e58e13cb34589d935ed4da82bd98c6fc1294b5003e09789c885faf4a0ab8b2a47791d905e4a5e38df9cb9a88ae95cb864a64699e139462cfd6eaa8e293371eee619d5c87a58e114e9a5f6c586ff61f403b6fb0319e3918ad4e7af19d8a80a8abcf0a63a09803f195400cff76dee535ab8d2acfc37dada17e0999cc5a78db9ba812ecfc2f748eefc2ce7a90cd03f5956039ca3b96627f7ecc0dbdc5d1,gx-no-cache=1638196457952 HTTP/1.1" 200 30
190.171.141.114 - - [29/Nov/2021:11:46:33 -0300] "POST /cormun/servlet/solicitudot?gx-no-cache=1638196475540 HTTP/1.1" 200 240
190.171.141.114 - - [29/Nov/2021:11:46:35 -0300] "GET /cormun/servlet/solicitudot?94904d0e53b1df2baee5db7a45bfebc1822cbe51e813518186b9441175f6acc739019e82ea4cd724c3b681491be24037ab362ed931cd9eb8913a379d00d6e301858bf52e177a9a7295ad6d3e903ce11b46847075246698e2d5153979c7468f485cce96d3119a633721ffca13fc5478e8aa44c95a97f7ad4c27430f96580a79064c0148fd97705b1c400e00e80a7f0bdf5ebd4eee86014d54761a883aef8744300a0953bac5b2973500a46bd21f7c8cdbff64c1ef3f59148d59ba2b3619e989a3bb337467dd3422efd43b0439becd75f88dd880ac0427916efee04cb909035e2564008445e58e13cb34589d935ed4da82bd98c6fc1294b5003e09789c885faf4a0ab8b2a47791d905e4a5e38df9cb9a8818a8a99e7b1e5a2f3e93ea6234bb888df6714b18e6bfeeb192df742f6516d042fb6f25e843e10cf13b406819b295b8939f072fc47dba7b91f503b45abc663b6a635b12ab7ec58752ba77fb03ffc14125b632d54af5129a4a7d9e85e02efc9026fc6dbbf0bd3b3c4f2eddddeabcaaefbb,gx-no-cache=1638196477556 HTTP/1.1" 200 30
190.171.141.114 - - [29/Nov/2021:11:46:38 -0300] "POST /cormun/servlet/solicitudot?gx-no-cache=1638196480301 HTTP/1.1" 200 30
190.171.142.10 - - [29/Nov/2021:11:46:46 -0300] "GET /cormun/servlet/prbanco?,MD,,gxPopupLevel%3D0%3B HTTP/1.1" 200 6530
190.171.142.10 - - [29/Nov/2021:11:46:50 -0300] "GET /cormun/servlet/solicitudot?b07311755580d70e201019929fa7d90eb50424e523faf5c596395d01e9bb8b12ca85af2fa509c2dd023eb8b48d1b54e3dc406aa2971d75b3486d2b35326e3d20acf3aa17821a1a434f92d7fa93495482,gx-no-cache=1638196492216 HTTP/1.1" 200 30
190.171.142.10 - - [29/Nov/2021:11:46:52 -0300] "GET /cormun/servlet/solicitudot?b07311755580d70e201019929fa7d90ee22fccb3ed76c7e296d37838f8c4e617,gx-no-cache=1638196493955 HTTP/1.1" 200 53
190.171.141.114 - - [29/Nov/2021:11:46:57 -0300] "POST /cormun/servlet/solicitudot?gx-no-cache=1638196499278 HTTP/1.1" 200 1440
190.171.141.114 - - [29/Nov/2021:11:46:57 -0300] "GET /cormun/static/menuarrow.gif HTTP/1.1" 404 1015
190.171.141.114 - - [29/Nov/2021:11:47:01 -0300] "POST /cormun/servlet/solicitudot?gx-no-cache=1638196503878 HTTP/1.1" 200 118
190.171.141.114 - - [29/Nov/2021:11:47:07 -0300] "GET /cormun/servlet/solicitudot?94904d0e53b1df2baee5db7a45bfebc17ba84ccb482a33a1da15038abb66b92b7c388a7cd3f8e23a7ee6257258267f7500449296a19bfa561c62b126da5e932353865dd3ba453874e013309b937a3aadd397686cf1b6240ce21fa4b230f757af5475eed1828dc53311908def30e9bac1,gx-no-cache=1638196509393 HTTP/1.1" 200 110
190.171.141.114 - - [29/Nov/2021:11:47:07 -0300] "POST /cormun/servlet/solicitudot?gx-no-cache=1638196509431 HTTP/1.1" 200 97
190.171.141.114 - - [29/Nov/2021:11:47:24 -0300] "POST /cormun/servlet/solicitudot?gx-no-cache=1638196527091 HTTP/1.1" 200 118
190.171.141.114 - - [29/Nov/2021:11:47:24 -0300] "GET /cormun/servlet/solicitudot?94904d0e53b1df2baee5db7a45bfebc17ba84ccb482a33a1da15038abb66b92b7c388a7cd3f8e23a7ee6257258267f7500449296a19bfa561c62b126da5e932353865dd3ba453874e013309b937a3aadd397686cf1b6240ce21fa4b230f757af5475eed1828dc53311908def30e9bac1,gx-no-cache=1638196527134 HTTP/1.1" 200 110
190.171.141.114 - - [29/Nov/2021:11:47:25 -0300] "GET /cormun/servlet/solicitudot?94904d0e53b1df2baee5db7a45bfebc1b744690246e3614a815aa12c545d84e5cef188a53328b8ebe52cda7b7adf99393a92f3cb5ca3175dc5ca56ee913fc088df21f68e87a17ce9e0fd5b77004e129dd82fda9c3c65d77f48fc5bf29382d99d7a0b11bf2ad02d042ce7e222cdad1929,gx-no-cache=1638196527167 HTTP/1.1" 200 29
190.171.141.114 - - [29/Nov/2021:11:47:28 -0300] "POST /cormun/servlet/solicitudot?gx-no-cache=1638196530640 HTTP/1.1" 200 118
190.171.141.114 - - [29/Nov/2021:11:47:28 -0300] "GET /cormun/servlet/solicitudot?94904d0e53b1df2baee5db7a45bfebc17ba84ccb482a33a1da15038abb66b92b7c388a7cd3f8e23a7ee6257258267f7500449296a19bfa561c62b126da5e932353865dd3ba453874e013309b937a3aadd397686cf1b6240ce21fa4b230f757af5475eed1828dc53311908def30e9bac1,gx-no-cache=1638196530679 HTTP/1.1" 200 110
190.171.141.114 - - [29/Nov/2021:11:47:32 -0300] "GET /cormun/servlet/solicitudot?94904d0e53b1df2baee5db7a45bfebc129b2f7cdf084d8ccf86826322d5fdc04,gx-no-cache=1638196534427 HTTP/1.1" 200 30
190.171.141.114 - - [29/Nov/2021:11:47:45 -0300] "GET /cormun/servlet/solicitudot?94904d0e53b1df2baee5db7a45bfebc19b8bd3ed2c00ddb0817733e059ed4950771fa744fe6457d5035122a636235a21,gx-no-cache=1638196547971 HTTP/1.1" 200 30
190.171.141.114 - - [29/Nov/2021:11:47:45 -0300] "POST /cormun/servlet/solicitudot?gx-no-cache=1638196548009 HTTP/1.1" 200 120
205.185.121.173 - - [29/Nov/2021:11:48:06 -0300] "GET /manager/html HTTP/1.1" 401 2474
190.171.142.10 - - [29/Nov/2021:11:48:21 -0300] "POST /cormun/servlet/solicitudot?gx-no-cache=1638196582642 HTTP/1.1" 200 297
190.171.142.10 - - [29/Nov/2021:11:48:21 -0300] "GET /cormun/servlet/solicitudot?b07311755580d70e201019929fa7d90eb944a44b2676082dae482aaa176ee301c2c1d86f54b6a3007218e26d42969eb6f2d61a9c2effcdb672504f58ece353707203c8af09b882e36e84e492bac8200f67255923e6aaf20a071f498785427aab72b31bc4057a8ba1628d2e6fc67d51be545ce4aba3433a675bab746b68c615db7acac7858b8dcd7d34f4e7ee78c737efd2c69aa359ae769782cae77825daa2febdbda4e6413a618159f1d8f9e928ae2675537a982941fd79054657b854dd09471481e36d348f461d1f20456065b8073f62f7fff2912d2e907717e34cb0b92a09dad2c9f6fb23844921694562a35b15a3e06d573cee620bb4c72c53f60b672fb1be5f25e6735d2f15f4bb0a0ba4ff7cf4984ede30681123ec027f86e89c8591b721163745bf54abd171ca06abea3f96dcb7528c9cfb13042610e370aaa11686b860f0cc6b474ce3766206c853805b76ac107c83187e79d2871346bd0652533b819558644599373232d725c28fe75c773841de8b0d7645b45b87d03e9fffecfad5dc543c09a671e8cc20a830b4e6c636fa,gx-no-cache=1638196582719 HTTP/1.1" 200 30
190.171.142.10 - - [29/Nov/2021:11:48:23 -0300] "POST /cormun/servlet/solicitudot?gx-no-cache=1638196584784 HTTP/1.1" 200 30
190.171.141.114 - - [29/Nov/2021:11:48:42 -0300] "GET /cormun/static/Resources/resize.gif HTTP/1.1" 200 77
190.171.141.114 - - [29/Nov/2021:11:48:42 -0300] "GET /cormun/static/Resources/PXTools/ClosePrompt.png HTTP/1.1" 200 1036
190.171.141.114 - - [29/Nov/2021:11:48:42 -0300] "GET /cormun/servlet/prfichaempleado?,MD,,gxPopupLevel%3D0%3B HTTP/1.1" 200 9299
190.171.141.114 - - [29/Nov/2021:11:48:43 -0300] "GET /cormun/static/gxcfg.js?20201215571085 HTTP/1.1" 200 953
190.171.141.114 - - [29/Nov/2021:11:48:43 -0300] "GET /cormun/static/prfichaempleado.js?20201215572193 HTTP/1.1" 200 16006
190.171.141.114 - - [29/Nov/2021:11:48:43 -0300] "GET /cormun/static/menusearch.js?20201214473581 HTTP/1.1" 200 1424
190.171.141.114 - - [29/Nov/2021:11:48:43 -0300] "GET /cormun/static/Resources/PXToolsMenuSearch.png HTTP/1.1" 200 336
190.171.141.114 - - [29/Nov/2021:11:48:43 -0300] "GET /cormun/static/hmpwkw011.js?20201215495555 HTTP/1.1" 200 1968
190.171.141.114 - - [29/Nov/2021:11:48:43 -0300] "GET /cormun/static/Resources/PXToolsMenuSearchCancel.png HTTP/1.1" 200 306
190.171.141.114 - - [29/Nov/2021:11:48:59 -0300] "POST /cormun/servlet/prfichaempleado?3dc2a65e62543a8b07ddb475c0f6d124,,MD,,gxPopupLevel%3D0%3B,gx-no-cache=1638196621640 HTTP/1.1" 200 3453
205.185.121.173 - - [29/Nov/2021:11:50:54 -0300] "GET /manager/html HTTP/1.1" 401 2474
190.171.141.114 - - [29/Nov/2021:11:51:49 -0300] "GET /cormun/servlet/solicitudot?94904d0e53b1df2baee5db7a45bfebc1eed9b521eaa6bd086ba35e0d37deba230d9093a40f039ed63b59d64db1f2840bdcde2198b6003feea2b4f88374d7a534,gx-no-cache=1638196791958 HTTP/1.1" 200 30
190.171.141.114 - - [29/Nov/2021:11:51:49 -0300] "GET /cormun/servlet/solicitudot?94904d0e53b1df2baee5db7a45bfebc1822cbe51e813518186b9441175f6acc739019e82ea4cd724c3b681491be24037ab362ed931cd9eb8913a379d00d6e301858bf52e177a9a7295ad6d3e903ce11b46847075246698e2d5153979c7468f485cce96d3119a633721ffca13fc5478e8aa44c95a97f7ad4c27430f96580a79064c0148fd97705b1c400e00e80a7f0bdf5ebd4eee86014d54761a883aef8744300a0953bac5b2973500a46bd21f7c8cdbff64c1ef3f59148d59ba2b3619e989a3bb337467dd3422efd43b0439becd75f88dd880ac0427916efee04cb909035e2564008445e58e13cb34589d935ed4da82bd98c6fc1294b5003e09789c885faf4a0ab8b2a47791d905e4a5e38df9cb9a8818a8a99e7b1e5a2f3e93ea6234bb888df6714b18e6bfeeb192df742f6516d042fb6f25e843e10cf13b406819b295b8939f072fc47dba7b91f503b45abc663b6a635b12ab7ec58752ba77fb03ffc14125b632d54af5129a4a7d9e85e02efc9026fc6dbbf0bd3b3c4f2eddddeabcaaefbb,gx-no-cache=1638196792062 HTTP/1.1" 200 30
190.171.141.114 - - [29/Nov/2021:11:51:49 -0300] "POST /cormun/servlet/solicitudot?gx-no-cache=1638196792101 HTTP/1.1" 200 30
190.171.141.114 - - [29/Nov/2021:11:51:50 -0300] "POST /cormun/servlet/solicitudot?gx-no-cache=1638196792142 HTTP/1.1" 200 1440
190.171.141.114 - - [29/Nov/2021:11:51:50 -0300] "POST /cormun/servlet/solicitudot?gx-no-cache=1638196792240 HTTP/1.1" 200 122
190.171.141.114 - - [29/Nov/2021:11:51:50 -0300] "GET /cormun/servlet/solicitudot?94904d0e53b1df2baee5db7a45bfebc17ba84ccb482a33a1da15038abb66b92b7c388a7cd3f8e23a7ee6257258267f7500449296a19bfa561c62b126da5e932353865dd3ba453874e013309b937a3aadd397686cf1b6240ce21fa4b230f757af5475eed1828dc53311908def30e9bac1,gx-no-cache=1638196792299 HTTP/1.1" 200 110
190.171.141.114 - - [29/Nov/2021:11:51:50 -0300] "POST /cormun/servlet/solicitudot?gx-no-cache=1638196792345 HTTP/1.1" 200 97
190.171.141.114 - - [29/Nov/2021:11:51:50 -0300] "POST /cormun/servlet/solicitudot?gx-no-cache=1638196792388 HTTP/1.1" 200 120
190.171.141.114 - - [29/Nov/2021:11:52:07 -0300] "POST /cormun/servlet/solicitudot?3dc2a65e62543a8b07ddb475c0f6d124,INS,0,0,false,,gx-no-cache=1638196809624 HTTP/1.1" 200 12736
190.171.142.10 - - [29/Nov/2021:11:52:20 -0300] "POST /cormun/servlet/solicitudot?gx-no-cache=1638196821629 HTTP/1.1" 200 1442
190.171.149.74 - - [29/Nov/2021:11:52:22 -0300] "POST /cormun/servlet/trlicencias?bc9d0e1bf74f0333aa0e8adba68f391c,gx-no-cache=1638200476723 HTTP/1.1" 440 972
190.171.149.74 - - [29/Nov/2021:11:52:23 -0300] "GET /cormun/servlet/trlicencias HTTP/1.1" 200 6038
190.171.149.74 - - [29/Nov/2021:11:52:23 -0300] "GET /cormun/servlet/hlogin HTTP/1.1" 200 1739
190.171.149.74 - - [29/Nov/2021:11:52:24 -0300] "GET /cormun/servlet/trlicencias HTTP/1.1" 200 6038
190.171.142.10 - - [29/Nov/2021:11:52:26 -0300] "GET /cormun/servlet/prlicenciaspermisos?7762010,L,,MD,,gxPopupLevel%3D0%3B HTTP/1.1" 200 5789
190.171.149.74 - - [29/Nov/2021:11:52:30 -0300] "POST /cormun/servlet/hlogin?3bc6b44ed9aee9dc26e2cf01306d0654,gx-no-cache=1638200484982 HTTP/1.1" 200 90
190.171.149.74 - - [29/Nov/2021:11:52:30 -0300] "GET /cormun/servlet/hpexe_link HTTP/1.1" 200 955
190.171.149.74 - - [29/Nov/2021:11:52:30 -0300] "GET /cormun/servlet/trlicencias HTTP/1.1" 200 9824
190.171.149.74 - - [29/Nov/2021:11:52:31 -0300] "GET /cormun/servlet/trlicencias HTTP/1.1" 200 9822
190.171.142.10 - - [29/Nov/2021:11:52:35 -0300] "POST /cormun/servlet/solicitudot?gx-no-cache=1638196836481 HTTP/1.1" 200 40
190.171.149.74 - - [29/Nov/2021:11:52:41 -0300] "POST /cormun/servlet/trlicencias?3bc6b44ed9aee9dc26e2cf01306d0654,gx-no-cache=1638200495491 HTTP/1.1" 200 7235
200.54.100.179 - - [29/Nov/2021:11:52:46 -0300] "GET /cormun/servlet/hlogin HTTP/1.1" 200 1727
200.54.100.179 - - [29/Nov/2021:11:53:00 -0300] "POST /cormun/servlet/hlogin?0ff1093984fb8745ded47ec4024fb0ce,gx-no-cache=1638196862856 HTTP/1.1" 200 90
200.54.100.179 - - [29/Nov/2021:11:53:00 -0300] "GET /cormun/servlet/hpexe_link HTTP/1.1" 200 953
200.54.100.179 - - [29/Nov/2021:11:53:00 -0300] "GET /cormun/servlet/hhome HTTP/1.1" 200 4307
200.54.100.179 - - [29/Nov/2021:11:53:01 -0300] "GET /cormun/servlet/hhome HTTP/1.1" 200 4303
200.54.100.179 - - [29/Nov/2021:11:53:04 -0300] "GET /cormun/servlet/trlicencias? HTTP/1.1" 200 10802
200.54.100.179 - - [29/Nov/2021:11:53:05 -0300] "GET /cormun/servlet/trlicencias? HTTP/1.1" 200 10800
190.171.142.10 - - [29/Nov/2021:11:53:14 -0300] "GET /cormun/servlet/solicitudot?b07311755580d70e201019929fa7d90e161e41839ded740fb1d9ac1c128bcf2f6cb58edefba6c7edc54edf50c265c44f3e2d00489064a8f8037ecdc7f06b0c446d4a7d0eafecdccd47be6920e37def51870dccc11ff51865b17bbe211ab678bb9e3e969e715e473231585fd38093a32f,gx-no-cache=1638196876217 HTTP/1.1" 200 110
190.171.142.10 - - [29/Nov/2021:11:53:14 -0300] "POST /cormun/servlet/solicitudot?gx-no-cache=1638196876318 HTTP/1.1" 200 79
190.171.142.10 - - [29/Nov/2021:11:53:15 -0300] "GET /cormun/servlet/solicitudot?b07311755580d70e201019929fa7d90e8c1c142b4e22297587ce2f24e8c981a0f9c2e136baf6d459adda3bcf05c782455c8fe3e185db5ef2f1e3da9470d4bc0f7abeac6769b7f1d6680ffd529f25b1836ee2bc664ee91c4e8a4e4c30937825ebd110baab7a991854d75e6cbbe55b94cd,gx-no-cache=1638196876409 HTTP/1.1" 200 29
190.171.142.10 - - [29/Nov/2021:11:53:20 -0300] "GET /cormun/static/menuarrow.gif HTTP/1.1" 404 1015
190.171.142.10 - - [29/Nov/2021:11:53:25 -0300] "GET /cormun/servlet/solicitudot?b07311755580d70e201019929fa7d90e161e41839ded740fb1d9ac1c128bcf2f6cb58edefba6c7edc54edf50c265c44f3e2d00489064a8f8037ecdc7f06b0c446d4a7d0eafecdccd47be6920e37def51870dccc11ff51865b17bbe211ab678bb9e3e969e715e473231585fd38093a32f,gx-no-cache=1638196886634 HTTP/1.1" 200 110
190.171.142.10 - - [29/Nov/2021:11:53:27 -0300] "GET /cormun/servlet/solicitudot?b07311755580d70e201019929fa7d90e8a57c37cd3c124fa2e7abb4a13d3899333571f19370055ae244d10c816b35f0f,gx-no-cache=1638196889091 HTTP/1.1" 200 30
190.171.142.10 - - [29/Nov/2021:11:53:27 -0300] "POST /cormun/servlet/solicitudot?gx-no-cache=1638196889134 HTTP/1.1" 200 34
190.171.142.10 - - [29/Nov/2021:11:53:35 -0300] "POST /cormun/servlet/solicitudot?3daaf6bd0772b50a0fcd2da65e7800a4,INS,0,0,false,,gx-no-cache=1638196896745 HTTP/1.1" 200 93
190.171.142.10 - - [29/Nov/2021:11:53:36 -0300] "GET /cormun/servlet/hpexe_return? HTTP/1.1" 200 1010
190.171.142.10 - - [29/Nov/2021:11:53:36 -0300] "GET /cormun/servlet/trsolicitudot HTTP/1.1" 200 8606
190.171.142.10 - - [29/Nov/2021:11:53:38 -0300] "GET /cormun/servlet/trsolicitudot HTTP/1.1" 200 8605
190.171.142.10 - - [29/Nov/2021:11:53:43 -0300] "POST /cormun/servlet/trsolicitudot?3daaf6bd0772b50a0fcd2da65e7800a4,gx-no-cache=1638196904628 HTTP/1.1" 200 107
190.171.142.10 - - [29/Nov/2021:11:53:43 -0300] "GET /cormun/servlet/trsolicitudadjuntos?2021,17826, HTTP/1.1" 200 6075
190.171.142.10 - - [29/Nov/2021:11:53:44 -0300] "GET /cormun/servlet/trsolicitudadjuntos?2021,17826, HTTP/1.1" 200 6075
205.185.121.173 - - [29/Nov/2021:11:53:48 -0300] "GET /manager/html HTTP/1.1" 401 2474
190.171.141.122 - - [29/Nov/2021:11:53:53 -0300] "GET /cormun/servlet/hlogin HTTP/1.1" 200 1729
190.171.141.122 - - [29/Nov/2021:11:53:57 -0300] "POST /cormun/servlet/hlogin?5a554cc5047c748a4a0b546f7b3e3c6b,gx-no-cache=1638196918806 HTTP/1.1" 200 419
190.171.141.122 - - [29/Nov/2021:11:53:59 -0300] "POST /cormun/servlet/hlogin?5a554cc5047c748a4a0b546f7b3e3c6b,gx-no-cache=1638196921212 HTTP/1.1" 200 90
190.171.141.122 - - [29/Nov/2021:11:53:59 -0300] "GET /cormun/servlet/hpexe_link HTTP/1.1" 200 954
190.171.141.122 - - [29/Nov/2021:11:53:59 -0300] "GET /cormun/servlet/hhome HTTP/1.1" 200 4239
190.171.141.122 - - [29/Nov/2021:11:54:01 -0300] "GET /cormun/servlet/hhome HTTP/1.1" 200 4234
190.171.141.122 - - [29/Nov/2021:11:54:08 -0300] "GET /cormun/servlet/trpermisosgoce? HTTP/1.1" 200 8592
190.171.141.122 - - [29/Nov/2021:11:54:10 -0300] "GET /cormun/servlet/trpermisosgoce? HTTP/1.1" 200 8590
190.171.141.122 - - [29/Nov/2021:11:54:39 -0300] "POST /cormun/servlet/trpermisosgoce?5a554cc5047c748a4a0b546f7b3e3c6b,,gx-no-cache=1638196960823 HTTP/1.1" 200 4487
190.171.141.122 - - [29/Nov/2021:11:54:48 -0300] "GET /cormun/servlet/permisogoce?INS,0,,, HTTP/1.1" 200 7128
190.171.142.10 - - [29/Nov/2021:11:54:50 -0300] "GET /cormun/servlet/solicitudotadjuntos?INS,2021,17826,,1, HTTP/1.1" 200 6023
190.171.141.122 - - [29/Nov/2021:11:54:50 -0300] "GET /cormun/servlet/permisogoce?INS,0,,, HTTP/1.1" 200 7127
190.171.142.10 - - [29/Nov/2021:11:54:50 -0300] "GET /cormun/static/about:blank HTTP/1.1" 404 1011
190.171.142.10 - - [29/Nov/2021:11:54:51 -0300] "GET /cormun/servlet/solicitudotadjuntos?INS,2021,17826,,1, HTTP/1.1" 200 6017
190.171.142.10 - - [29/Nov/2021:11:54:52 -0300] "GET /cormun/servlet/solicitudotadjuntos?b07311755580d70e201019929fa7d90e1ba33b27cdd70693fdc59953aeb5ad8e27b1fa88240dcb72cd33bfa6e2eeda18,gx-no-cache=1638196973489 HTTP/1.1" 200 30
190.171.142.10 - - [29/Nov/2021:11:54:52 -0300] "POST /cormun/servlet/solicitudotadjuntos?3daaf6bd0772b50a0fcd2da65e7800a4,INS,2021,17826,,1,,gx-no-cache=1638196973557 HTTP/1.1" 200 3876
190.171.141.122 - - [29/Nov/2021:11:54:52 -0300] "GET /cormun/servlet/prfichaempleado?,MD,,gxPopupLevel%3D0%3B HTTP/1.1" 200 9256
190.171.142.10 - - [29/Nov/2021:11:54:55 -0300] "POST /cormun/servlet/solicitudotadjuntos?gx-no-cache=1638196976786 HTTP/1.1" 200 26
190.171.141.122 - - [29/Nov/2021:11:55:02 -0300] "POST /cormun/servlet/prfichaempleado?5a554cc5047c748a4a0b546f7b3e3c6b,,MD,,gxPopupLevel%3D0%3B,gx-no-cache=1638196983735 HTTP/1.1" 200 3176
190.171.142.10 - - [29/Nov/2021:11:55:06 -0300] "GET /cormun/servlet/solicitudotadjuntos?b07311755580d70e201019929fa7d90edd7021f2921afdb3aef3ed6228acdedd,gx-no-cache=1638196988075 HTTP/1.1" 200 30
190.171.142.10 - - [29/Nov/2021:11:55:06 -0300] "GET /cormun/servlet/solicitudotadjuntos?b07311755580d70e201019929fa7d90edd7021f2921afdb3aef3ed6228acdedd,gx-no-cache=1638196988112 HTTP/1.1" 200 30
190.171.142.10 - - [29/Nov/2021:11:55:07 -0300] "POST /cormun/servlet/solicitudotadjuntos?3daaf6bd0772b50a0fcd2da65e7800a4,INS,2021,17826,,1, HTTP/1.1" 200 116
190.171.142.10 - - [29/Nov/2021:11:55:07 -0300] "GET /cormun/servlet/hpexe_return? HTTP/1.1" 200 1028
190.171.142.10 - - [29/Nov/2021:11:55:07 -0300] "GET /cormun/servlet/trsolicitudadjuntos?2021,17826, HTTP/1.1" 200 8860
190.171.142.10 - - [29/Nov/2021:11:55:08 -0300] "GET /cormun/servlet/trsolicitudadjuntos?2021,17826, HTTP/1.1" 200 8856
190.171.142.10 - - [29/Nov/2021:11:55:22 -0300] "GET /cormun/servlet/solicitudotadjuntos?INS,2021,17826,,1, HTTP/1.1" 200 6024
190.171.142.10 - - [29/Nov/2021:11:55:23 -0300] "GET /cormun/static/about:blank HTTP/1.1" 404 1011
190.171.142.10 - - [29/Nov/2021:11:55:23 -0300] "GET /cormun/servlet/solicitudotadjuntos?INS,2021,17826,,1, HTTP/1.1" 200 6017
190.171.142.10 - - [29/Nov/2021:11:55:24 -0300] "GET /cormun/servlet/solicitudotadjuntos?b07311755580d70e201019929fa7d90e1ba33b27cdd70693fdc59953aeb5ad8e27b1fa88240dcb72cd33bfa6e2eeda18,gx-no-cache=1638197005502 HTTP/1.1" 200 30
190.171.142.10 - - [29/Nov/2021:11:55:24 -0300] "POST /cormun/servlet/solicitudotadjuntos?3daaf6bd0772b50a0fcd2da65e7800a4,INS,2021,17826,,1,,gx-no-cache=1638197005561 HTTP/1.1" 200 3876
190.171.142.10 - - [29/Nov/2021:11:55:27 -0300] "POST /cormun/servlet/solicitudotadjuntos?gx-no-cache=1638197008949 HTTP/1.1" 200 26
190.171.142.10 - - [29/Nov/2021:11:55:33 -0300] "GET /cormun/servlet/solicitudotadjuntos?b07311755580d70e201019929fa7d90edd7021f2921afdb3aef3ed6228acdedd,gx-no-cache=1638197015106 HTTP/1.1" 200 30
190.171.142.10 - - [29/Nov/2021:11:55:33 -0300] "GET /cormun/servlet/solicitudotadjuntos?b07311755580d70e201019929fa7d90edd7021f2921afdb3aef3ed6228acdedd,gx-no-cache=1638197015140 HTTP/1.1" 200 30
190.171.142.10 - - [29/Nov/2021:11:55:34 -0300] "POST /cormun/servlet/solicitudotadjuntos?3daaf6bd0772b50a0fcd2da65e7800a4,INS,2021,17826,,1, HTTP/1.1" 200 116
190.171.142.10 - - [29/Nov/2021:11:55:34 -0300] "GET /cormun/servlet/hpexe_return? HTTP/1.1" 200 1028
190.171.142.10 - - [29/Nov/2021:11:55:34 -0300] "GET /cormun/servlet/trsolicitudadjuntos?2021,17826, HTTP/1.1" 200 9109
190.171.142.10 - - [29/Nov/2021:11:55:35 -0300] "GET /cormun/servlet/trsolicitudadjuntos?2021,17826, HTTP/1.1" 200 9111
190.171.142.10 - - [29/Nov/2021:11:55:38 -0300] "GET /cormun/servlet/solicitudotadjuntos?INS,2021,17826,,1, HTTP/1.1" 200 6024
190.171.142.10 - - [29/Nov/2021:11:55:39 -0300] "GET /cormun/static/about:blank HTTP/1.1" 404 1011
190.171.142.10 - - [29/Nov/2021:11:55:39 -0300] "GET /cormun/servlet/solicitudotadjuntos?INS,2021,17826,,1, HTTP/1.1" 200 6017
190.171.142.10 - - [29/Nov/2021:11:55:39 -0300] "GET /cormun/servlet/solicitudotadjuntos?b07311755580d70e201019929fa7d90e1ba33b27cdd70693fdc59953aeb5ad8e27b1fa88240dcb72cd33bfa6e2eeda18,gx-no-cache=1638197021369 HTTP/1.1" 200 30
190.171.142.10 - - [29/Nov/2021:11:55:40 -0300] "POST /cormun/servlet/solicitudotadjuntos?3daaf6bd0772b50a0fcd2da65e7800a4,INS,2021,17826,,1,,gx-no-cache=1638197021419 HTTP/1.1" 200 3876
190.171.142.10 - - [29/Nov/2021:11:55:43 -0300] "POST /cormun/servlet/solicitudotadjuntos?gx-no-cache=1638197024854 HTTP/1.1" 200 26
190.171.142.10 - - [29/Nov/2021:11:55:51 -0300] "GET /cormun/servlet/solicitudotadjuntos?b07311755580d70e201019929fa7d90edd7021f2921afdb3aef3ed6228acdedd,gx-no-cache=1638197032974 HTTP/1.1" 200 30
190.171.142.10 - - [29/Nov/2021:11:55:51 -0300] "GET /cormun/servlet/solicitudotadjuntos?b07311755580d70e201019929fa7d90edd7021f2921afdb3aef3ed6228acdedd,gx-no-cache=1638197033032 HTTP/1.1" 200 30
190.171.142.10 - - [29/Nov/2021:11:55:51 -0300] "POST /cormun/servlet/solicitudotadjuntos?3daaf6bd0772b50a0fcd2da65e7800a4,INS,2021,17826,,1, HTTP/1.1" 200 116
190.171.142.10 - - [29/Nov/2021:11:55:51 -0300] "GET /cormun/servlet/hpexe_return? HTTP/1.1" 200 1028
190.171.142.10 - - [29/Nov/2021:11:55:52 -0300] "GET /cormun/servlet/trsolicitudadjuntos?2021,17826, HTTP/1.1" 200 9284
190.171.141.122 - - [29/Nov/2021:11:55:53 -0300] "GET /cormun/servlet/permisogoce?b01a1a77176393c935d839199f841969598ae9c540fa75094c433ef20b9fc6bc38349ad2945167f9fc2f030e3dfedc5d2b1afcd8fc61a24b44bf98d4c57b78aa,gx-no-cache=1638197034359 HTTP/1.1" 200 226
190.171.141.122 - - [29/Nov/2021:11:55:53 -0300] "GET /cormun/static/Shared/jqueryui/images/ui-bg_highlight-soft_100_c6c2c8_1x100.png HTTP/1.1" 404 1117
190.171.141.122 - - [29/Nov/2021:11:55:53 -0300] "GET /cormun/static/Shared/jqueryui/images/ui-icons_82798d_256x240.png HTTP/1.1" 404 1089
190.171.141.122 - - [29/Nov/2021:11:55:53 -0300] "GET /cormun/static/Shared/jqueryui/images/ui-bg_flat_55_994d53_40x100.png HTTP/1.1" 404 1097
190.171.141.122 - - [29/Nov/2021:11:55:53 -0300] "GET /cormun/static/Shared/jqueryui/images/ui-icons_ebccce_256x240.png HTTP/1.1" 404 1089
190.171.142.10 - - [29/Nov/2021:11:55:53 -0300] "GET /cormun/servlet/trsolicitudadjuntos?2021,17826, HTTP/1.1" 200 9281
190.171.142.10 - - [29/Nov/2021:11:55:56 -0300] "GET /cormun/servlet/solicitudotadjuntos?INS,2021,17826,,1, HTTP/1.1" 200 6024
190.171.142.10 - - [29/Nov/2021:11:55:57 -0300] "GET /cormun/static/about:blank HTTP/1.1" 404 1011
190.171.142.10 - - [29/Nov/2021:11:55:57 -0300] "GET /cormun/servlet/solicitudotadjuntos?INS,2021,17826,,1, HTTP/1.1" 200 6017
190.171.142.10 - - [29/Nov/2021:11:55:58 -0300] "GET /cormun/servlet/solicitudotadjuntos?b07311755580d70e201019929fa7d90e1ba33b27cdd70693fdc59953aeb5ad8e27b1fa88240dcb72cd33bfa6e2eeda18,gx-no-cache=1638197039663 HTTP/1.1" 200 30
190.171.142.10 - - [29/Nov/2021:11:55:58 -0300] "POST /cormun/servlet/solicitudotadjuntos?3daaf6bd0772b50a0fcd2da65e7800a4,INS,2021,17826,,1,,gx-no-cache=1638197039720 HTTP/1.1" 200 3876
190.171.142.10 - - [29/Nov/2021:11:56:01 -0300] "POST /cormun/servlet/solicitudotadjuntos?gx-no-cache=1638197042674 HTTP/1.1" 200 26
190.171.142.10 - - [29/Nov/2021:11:56:07 -0300] "GET /cormun/servlet/solicitudotadjuntos?b07311755580d70e201019929fa7d90edd7021f2921afdb3aef3ed6228acdedd,gx-no-cache=1638197048486 HTTP/1.1" 200 30
190.171.142.10 - - [29/Nov/2021:11:56:07 -0300] "GET /cormun/servlet/solicitudotadjuntos?b07311755580d70e201019929fa7d90edd7021f2921afdb3aef3ed6228acdedd,gx-no-cache=1638197048518 HTTP/1.1" 200 30
190.171.142.10 - - [29/Nov/2021:11:56:07 -0300] "POST /cormun/servlet/solicitudotadjuntos?3daaf6bd0772b50a0fcd2da65e7800a4,INS,2021,17826,,1, HTTP/1.1" 200 116
190.171.142.10 - - [29/Nov/2021:11:56:07 -0300] "GET /cormun/servlet/hpexe_return? HTTP/1.1" 200 1028
190.171.142.10 - - [29/Nov/2021:11:56:07 -0300] "GET /cormun/servlet/trsolicitudadjuntos?2021,17826, HTTP/1.1" 200 9539
190.171.142.10 - - [29/Nov/2021:11:56:09 -0300] "GET /cormun/servlet/trsolicitudadjuntos?2021,17826, HTTP/1.1" 200 9534
190.171.142.10 - - [29/Nov/2021:11:56:12 -0300] "GET /cormun/servlet/solicitudotadjuntos?INS,2021,17826,,1, HTTP/1.1" 200 6024
190.171.142.10 - - [29/Nov/2021:11:56:12 -0300] "GET /cormun/static/about:blank HTTP/1.1" 404 1011
190.171.142.10 - - [29/Nov/2021:11:56:13 -0300] "GET /cormun/servlet/solicitudotadjuntos?INS,2021,17826,,1, HTTP/1.1" 200 6017
190.171.142.10 - - [29/Nov/2021:11:56:14 -0300] "GET /cormun/servlet/solicitudotadjuntos?b07311755580d70e201019929fa7d90e1ba33b27cdd70693fdc59953aeb5ad8e27b1fa88240dcb72cd33bfa6e2eeda18,gx-no-cache=1638197055476 HTTP/1.1" 200 30
190.171.142.10 - - [29/Nov/2021:11:56:14 -0300] "POST /cormun/servlet/solicitudotadjuntos?3daaf6bd0772b50a0fcd2da65e7800a4,INS,2021,17826,,1,,gx-no-cache=1638197055604 HTTP/1.1" 200 3876
172.104.35.186 - - [29/Nov/2021:11:56:15 -0300] "GET / HTTP/1.1" 200 11217
172.104.35.186 - - [29/Nov/2021:11:56:16 -0300] "-" 400 -
190.171.142.10 - - [29/Nov/2021:11:56:17 -0300] "POST /cormun/servlet/solicitudotadjuntos?gx-no-cache=1638197059218 HTTP/1.1" 200 26
190.171.141.122 - - [29/Nov/2021:11:56:23 -0300] "GET /cormun/static/menuarrow.gif HTTP/1.1" 404 1015
190.171.142.10 - - [29/Nov/2021:11:56:25 -0300] "GET /cormun/servlet/solicitudotadjuntos?b07311755580d70e201019929fa7d90edd7021f2921afdb3aef3ed6228acdedd,gx-no-cache=1638197067381 HTTP/1.1" 200 30
190.171.142.10 - - [29/Nov/2021:11:56:26 -0300] "GET /cormun/servlet/solicitudotadjuntos?b07311755580d70e201019929fa7d90edd7021f2921afdb3aef3ed6228acdedd,gx-no-cache=1638197067441 HTTP/1.1" 200 30
190.171.142.10 - - [29/Nov/2021:11:56:26 -0300] "POST /cormun/servlet/solicitudotadjuntos?3daaf6bd0772b50a0fcd2da65e7800a4,INS,2021,17826,,1, HTTP/1.1" 200 116
190.171.142.10 - - [29/Nov/2021:11:56:26 -0300] "GET /cormun/servlet/hpexe_return? HTTP/1.1" 200 1028
190.171.142.10 - - [29/Nov/2021:11:56:27 -0300] "GET /cormun/servlet/trsolicitudadjuntos?2021,17826, HTTP/1.1" 200 9850
190.171.142.10 - - [29/Nov/2021:11:56:28 -0300] "GET /cormun/servlet/trsolicitudadjuntos?2021,17826, HTTP/1.1" 200 9845
190.171.141.122 - - [29/Nov/2021:11:56:29 -0300] "GET /cormun/servlet/permisogoce?b01a1a77176393c935d839199f841969598ae9c540fa75094c433ef20b9fc6bc2f40775f1421866b54b596e9bebccabe998878da8feecec88e2bf938cf282d4d,gx-no-cache=1638197070971 HTTP/1.1" 200 79
190.171.142.10 - - [29/Nov/2021:11:56:30 -0300] "GET /cormun/servlet/solicitudotadjuntos?INS,2021,17826,,1, HTTP/1.1" 200 6024
190.171.142.10 - - [29/Nov/2021:11:56:30 -0300] "GET /cormun/static/about:blank HTTP/1.1" 404 1011
190.171.142.10 - - [29/Nov/2021:11:56:31 -0300] "GET /cormun/servlet/solicitudotadjuntos?INS,2021,17826,,1, HTTP/1.1" 200 6017
190.171.142.10 - - [29/Nov/2021:11:56:32 -0300] "GET /cormun/servlet/solicitudotadjuntos?b07311755580d70e201019929fa7d90e1ba33b27cdd70693fdc59953aeb5ad8e27b1fa88240dcb72cd33bfa6e2eeda18,gx-no-cache=1638197073488 HTTP/1.1" 200 30
190.171.142.10 - - [29/Nov/2021:11:56:32 -0300] "POST /cormun/servlet/solicitudotadjuntos?3daaf6bd0772b50a0fcd2da65e7800a4,INS,2021,17826,,1,,gx-no-cache=1638197073546 HTTP/1.1" 200 3877
190.171.142.10 - - [29/Nov/2021:11:56:35 -0300] "POST /cormun/servlet/solicitudotadjuntos?gx-no-cache=1638197076825 HTTP/1.1" 200 26
190.171.141.122 - - [29/Nov/2021:11:56:37 -0300] "GET /cormun/servlet/permisogoce?b01a1a77176393c935d839199f8419694011c9c2bbff5a612fc493ac1e248fc2a19adbfe06409b5434933bef3490ea7d8d22dd2ffd46ab618cfcd9dcdf260cb6,gx-no-cache=1638197078763 HTTP/1.1" 200 129
