205.185.121.173 - - [29/Nov/2021:00:00:00 -0300] "GET /manager/html HTTP/1.1" 401 2474
205.185.121.173 - - [29/Nov/2021:00:02:48 -0300] "GET /manager/html HTTP/1.1" 401 2474
205.185.121.173 - - [29/Nov/2021:00:05:32 -0300] "GET /manager/html HTTP/1.1" 401 2474
205.185.121.173 - - [29/Nov/2021:00:08:18 -0300] "GET /manager/html HTTP/1.1" 401 2474
205.185.121.173 - - [29/Nov/2021:00:11:02 -0300] "GET /manager/html HTTP/1.1" 401 2474
157.55.39.194 - - [29/Nov/2021:00:11:17 -0300] "GET /robots.txt HTTP/1.1" 404 981
40.77.167.73 - - [29/Nov/2021:00:11:20 -0300] "GET /cormun/servlet/hpexe_return HTTP/1.1" 200 978
205.185.121.173 - - [29/Nov/2021:00:13:49 -0300] "GET /manager/html HTTP/1.1" 401 2474
94.102.49.159 - - [29/Nov/2021:00:16:23 -0300] "/*àCookie: mstshash=Administr " 400 -
205.185.121.173 - - [29/Nov/2021:00:16:38 -0300] "GET /manager/html HTTP/1.1" 401 2474
40.77.167.49 - - [29/Nov/2021:00:17:19 -0300] "GET /cormun/servlet/trlicenciaspermisosadjuntos?17793934,20210406000000,L,_escaped_fragment_%3D HTTP/1.1" 200 5330
207.46.13.30 - - [29/Nov/2021:00:17:32 -0300] "GET /cormun/static/gxcfg.js?201991422445549 HTTP/1.1" 200 953
207.46.13.30 - - [29/Nov/2021:00:17:34 -0300] "GET /cormun/static/gxcfg.js?201991422445549 HTTP/1.1" 200 953
40.77.167.49 - - [29/Nov/2021:00:17:34 -0300] "GET /cormun/static/trlicenciaspermisosadjuntos.js?20199142244593 HTTP/1.1" 200 21036
40.77.167.49 - - [29/Nov/2021:00:17:36 -0300] "GET /cormun/static/trlicenciaspermisosadjuntos.js?20199142244593 HTTP/1.1" 200 21036
40.77.167.55 - - [29/Nov/2021:00:17:37 -0300] "GET /cormun/static/PXToolsJavascripts/pexe_cookies.js HTTP/1.1" 200 792
207.46.13.117 - - [29/Nov/2021:00:17:39 -0300] "GET /cormun/static/hwchdr01.js?20201214473739 HTTP/1.1" 200 996
40.77.167.55 - - [29/Nov/2021:00:17:39 -0300] "GET /cormun/static/PXToolsJavascripts/pexe_cookies.js HTTP/1.1" 200 792
207.46.13.117 - - [29/Nov/2021:00:17:42 -0300] "GET /cormun/static/hwchdr01.js?20201214473739 HTTP/1.1" 200 996
205.185.121.173 - - [29/Nov/2021:00:19:23 -0300] "GET /manager/html HTTP/1.1" 401 2474
205.185.121.173 - - [29/Nov/2021:00:22:10 -0300] "GET /manager/html HTTP/1.1" 401 2474
205.185.121.173 - - [29/Nov/2021:00:24:51 -0300] "GET /manager/html HTTP/1.1" 401 2474
205.185.121.173 - - [29/Nov/2021:00:27:57 -0300] "GET /manager/html HTTP/1.1" 401 2474
205.185.121.173 - - [29/Nov/2021:00:30:35 -0300] "GET /manager/html HTTP/1.1" 401 2474
103.203.57.9 - - [29/Nov/2021:00:32:11 -0300] "GET / HTTP/1.1" 200 11217
205.185.121.173 - - [29/Nov/2021:00:33:28 -0300] "GET /manager/html HTTP/1.1" 401 2474
205.185.121.173 - - [29/Nov/2021:00:36:08 -0300] "GET /manager/html HTTP/1.1" 401 2474
205.185.121.173 - - [29/Nov/2021:00:38:57 -0300] "GET /manager/html HTTP/1.1" 401 2474
205.185.121.173 - - [29/Nov/2021:00:41:37 -0300] "GET /manager/html HTTP/1.1" 401 2474
205.185.121.173 - - [29/Nov/2021:00:44:31 -0300] "GET /manager/html HTTP/1.1" 401 2474
205.185.121.173 - - [29/Nov/2021:00:47:14 -0300] "GET /manager/html HTTP/1.1" 401 2474
205.185.121.173 - - [29/Nov/2021:00:50:06 -0300] "GET /manager/html HTTP/1.1" 401 2474
205.185.121.173 - - [29/Nov/2021:00:52:52 -0300] "GET /manager/html HTTP/1.1" 401 2474
205.185.121.173 - - [29/Nov/2021:00:55:47 -0300] "GET /manager/html HTTP/1.1" 401 2474
205.185.121.173 - - [29/Nov/2021:00:58:45 -0300] "GET /manager/html HTTP/1.1" 401 2474
205.185.121.173 - - [29/Nov/2021:01:01:45 -0300] "GET /manager/html HTTP/1.1" 401 2474
205.185.121.173 - - [29/Nov/2021:01:04:33 -0300] "GET /manager/html HTTP/1.1" 401 2474
205.185.121.173 - - [29/Nov/2021:01:07:27 -0300] "GET /manager/html HTTP/1.1" 401 2474
205.185.121.173 - - [29/Nov/2021:01:10:16 -0300] "GET /manager/html HTTP/1.1" 401 2474
205.185.121.173 - - [29/Nov/2021:01:13:04 -0300] "GET /manager/html HTTP/1.1" 401 2474
205.185.121.173 - - [29/Nov/2021:01:16:03 -0300] "GET /manager/html HTTP/1.1" 401 2474
205.185.121.173 - - [29/Nov/2021:01:18:51 -0300] "GET /manager/html HTTP/1.1" 401 2474
205.185.121.173 - - [29/Nov/2021:01:21:41 -0300] "GET /manager/html HTTP/1.1" 401 2474
165.22.68.27 - - [29/Nov/2021:01:22:50 -0300] "-" 400 -
205.185.121.173 - - [29/Nov/2021:01:24:18 -0300] "GET /manager/html HTTP/1.1" 401 2474
205.185.121.173 - - [29/Nov/2021:01:27:07 -0300] "GET /manager/html HTTP/1.1" 401 2474
205.185.121.173 - - [29/Nov/2021:01:29:59 -0300] "GET /manager/html HTTP/1.1" 401 2474
205.185.121.173 - - [29/Nov/2021:01:32:49 -0300] "GET /manager/html HTTP/1.1" 401 2474
205.185.121.173 - - [29/Nov/2021:01:35:29 -0300] "GET /manager/html HTTP/1.1" 401 2474
192.241.199.245 - - [29/Nov/2021:01:36:12 -0300] "GET /manager/html HTTP/1.1" 401 2474
205.185.121.173 - - [29/Nov/2021:01:38:30 -0300] "GET /manager/html HTTP/1.1" 401 2474
205.185.121.173 - - [29/Nov/2021:01:41:20 -0300] "GET /manager/html HTTP/1.1" 401 2474
205.185.121.173 - - [29/Nov/2021:01:44:03 -0300] "GET /manager/html HTTP/1.1" 401 2474
205.185.121.173 - - [29/Nov/2021:01:46:45 -0300] "GET /manager/html HTTP/1.1" 401 2474
205.185.121.173 - - [29/Nov/2021:01:49:31 -0300] "GET /manager/html HTTP/1.1" 401 2474
205.185.121.173 - - [29/Nov/2021:01:52:18 -0300] "GET /manager/html HTTP/1.1" 401 2474
205.185.121.173 - - [29/Nov/2021:01:55:05 -0300] "GET /manager/html HTTP/1.1" 401 2474
205.185.121.173 - - [29/Nov/2021:01:58:00 -0300] "GET /manager/html HTTP/1.1" 401 2474
205.185.121.173 - - [29/Nov/2021:02:00:58 -0300] "GET /manager/html HTTP/1.1" 401 2474
205.185.121.173 - - [29/Nov/2021:02:03:52 -0300] "GET /manager/html HTTP/1.1" 401 2474
205.185.121.173 - - [29/Nov/2021:02:06:36 -0300] "GET /manager/html HTTP/1.1" 401 2474
205.185.121.173 - - [29/Nov/2021:02:09:25 -0300] "GET /manager/html HTTP/1.1" 401 2474
205.185.121.173 - - [29/Nov/2021:02:12:21 -0300] "GET /manager/html HTTP/1.1" 401 2474
205.185.121.173 - - [29/Nov/2021:02:15:00 -0300] "GET /manager/html HTTP/1.1" 401 2474
205.185.121.173 - - [29/Nov/2021:02:17:38 -0300] "GET /manager/html HTTP/1.1" 401 2474
205.185.121.173 - - [29/Nov/2021:02:20:24 -0300] "GET /manager/html HTTP/1.1" 401 2474
205.185.121.173 - - [29/Nov/2021:02:23:13 -0300] "GET /manager/html HTTP/1.1" 401 2474
207.46.13.117 - - [29/Nov/2021:02:23:50 -0300] "GET /cormun/servlet/trpermisosgoce?_escaped_fragment_= HTTP/1.1" 200 5804
40.77.167.49 - - [29/Nov/2021:02:24:06 -0300] "GET /cormun/servlet/trpermisosgoce HTTP/1.1" 200 6013
40.77.167.55 - - [29/Nov/2021:02:24:09 -0300] "GET /cormun/static/PXToolsJavascripts/pexe_cookies.js HTTP/1.1" 200 792
205.185.121.173 - - [29/Nov/2021:02:25:52 -0300] "GET /manager/html HTTP/1.1" 401 2474
205.185.121.173 - - [29/Nov/2021:02:28:39 -0300] "GET /manager/html HTTP/1.1" 401 2474
205.185.121.173 - - [29/Nov/2021:02:31:32 -0300] "GET /manager/html HTTP/1.1" 401 2474
205.185.121.173 - - [29/Nov/2021:02:34:18 -0300] "GET /manager/html HTTP/1.1" 401 2474
205.185.121.173 - - [29/Nov/2021:02:37:05 -0300] "GET /manager/html HTTP/1.1" 401 2474
205.185.121.173 - - [29/Nov/2021:02:40:01 -0300] "GET /manager/html HTTP/1.1" 401 2474
205.185.121.173 - - [29/Nov/2021:02:42:46 -0300] "GET /manager/html HTTP/1.1" 401 2474
205.185.121.173 - - [29/Nov/2021:02:45:49 -0300] "GET /manager/html HTTP/1.1" 401 2474
205.185.121.173 - - [29/Nov/2021:02:48:36 -0300] "GET /manager/html HTTP/1.1" 401 2474
205.185.121.173 - - [29/Nov/2021:02:51:23 -0300] "GET /manager/html HTTP/1.1" 401 2474
205.185.121.173 - - [29/Nov/2021:02:54:08 -0300] "GET /manager/html HTTP/1.1" 401 2474
40.77.189.60 - - [29/Nov/2021:02:55:00 -0300] "GET /cormun/static/gxcfg.js?2020121631564 HTTP/1.1" 200 953
40.77.189.60 - - [29/Nov/2021:02:55:01 -0300] "GET /cormun/static/trpermisosgoce.js?2020121633681 HTTP/1.1" 200 35904
40.77.189.251 - - [29/Nov/2021:02:55:01 -0300] "GET /cormun/static/hwchdr01.js?20201214473739 HTTP/1.1" 200 996
40.77.189.218 - - [29/Nov/2021:02:55:02 -0300] "GET /cormun/static/gxcfg.js?2020121631564 HTTP/1.1" 200 953
40.77.188.210 - - [29/Nov/2021:02:55:02 -0300] "GET /cormun/static/trpermisosgoce.js?2020121633681 HTTP/1.1" 200 35904
40.77.190.182 - - [29/Nov/2021:02:55:02 -0300] "GET /cormun/static/hwchdr01.js?20201214473739 HTTP/1.1" 200 996
40.77.189.142 - - [29/Nov/2021:02:55:03 -0300] "GET /cormun/static/trpermisosgoce.js?2020121633681 HTTP/1.1" 200 35904
40.77.190.125 - - [29/Nov/2021:02:55:03 -0300] "GET /cormun/static/hwchdr01.js?20201214473739 HTTP/1.1" 200 996
205.185.121.173 - - [29/Nov/2021:02:56:47 -0300] "GET /manager/html HTTP/1.1" 401 2474
205.185.121.173 - - [29/Nov/2021:02:59:38 -0300] "GET /manager/html HTTP/1.1" 401 2474
205.185.121.173 - - [29/Nov/2021:03:02:18 -0300] "GET /manager/html HTTP/1.1" 401 2474
205.185.121.173 - - [29/Nov/2021:03:04:50 -0300] "GET /manager/html HTTP/1.1" 401 2474
205.185.121.173 - - [29/Nov/2021:03:07:27 -0300] "GET /manager/html HTTP/1.1" 401 2474
205.185.121.173 - - [29/Nov/2021:03:10:13 -0300] "GET /manager/html HTTP/1.1" 401 2474
205.185.121.173 - - [29/Nov/2021:03:13:03 -0300] "GET /manager/html HTTP/1.1" 401 2474
205.185.121.173 - - [29/Nov/2021:03:15:47 -0300] "GET /manager/html HTTP/1.1" 401 2474
205.185.121.173 - - [29/Nov/2021:03:18:29 -0300] "GET /manager/html HTTP/1.1" 401 2474
205.185.121.173 - - [29/Nov/2021:03:21:12 -0300] "GET /manager/html HTTP/1.1" 401 2474
205.185.121.173 - - [29/Nov/2021:03:23:59 -0300] "GET /manager/html HTTP/1.1" 401 2474
205.185.121.173 - - [29/Nov/2021:03:26:44 -0300] "GET /manager/html HTTP/1.1" 401 2474
205.185.121.173 - - [29/Nov/2021:03:29:31 -0300] "GET /manager/html HTTP/1.1" 401 2474
205.185.121.173 - - [29/Nov/2021:03:32:17 -0300] "GET /manager/html HTTP/1.1" 401 2474
186.74.239.67 - - [29/Nov/2021:03:34:46 -0300] "GET / HTTP/1.1" 200 11217
205.185.121.173 - - [29/Nov/2021:03:35:04 -0300] "GET /manager/html HTTP/1.1" 401 2474
205.185.121.173 - - [29/Nov/2021:03:37:51 -0300] "GET /manager/html HTTP/1.1" 401 2474
205.185.121.173 - - [29/Nov/2021:03:40:37 -0300] "GET /manager/html HTTP/1.1" 401 2474
205.185.121.173 - - [29/Nov/2021:03:43:24 -0300] "GET /manager/html HTTP/1.1" 401 2474
205.185.121.173 - - [29/Nov/2021:03:46:21 -0300] "GET /manager/html HTTP/1.1" 401 2474
205.185.121.173 - - [29/Nov/2021:03:49:15 -0300] "GET /manager/html HTTP/1.1" 401 2474
205.185.121.173 - - [29/Nov/2021:03:51:49 -0300] "GET /manager/html HTTP/1.1" 401 2474
205.185.121.173 - - [29/Nov/2021:03:54:37 -0300] "GET /manager/html HTTP/1.1" 401 2474
205.185.121.173 - - [29/Nov/2021:03:57:21 -0300] "GET /manager/html HTTP/1.1" 401 2474
205.185.121.173 - - [29/Nov/2021:03:59:58 -0300] "GET /manager/html HTTP/1.1" 401 2474
205.185.121.173 - - [29/Nov/2021:04:02:43 -0300] "GET /manager/html HTTP/1.1" 401 2474
205.185.121.173 - - [29/Nov/2021:04:05:29 -0300] "GET /manager/html HTTP/1.1" 401 2474
205.185.121.173 - - [29/Nov/2021:04:08:19 -0300] "GET /manager/html HTTP/1.1" 401 2474
205.185.121.173 - - [29/Nov/2021:04:11:03 -0300] "GET /manager/html HTTP/1.1" 401 2474
205.185.121.173 - - [29/Nov/2021:04:14:06 -0300] "GET /manager/html HTTP/1.1" 401 2474
205.185.121.173 - - [29/Nov/2021:04:17:02 -0300] "GET /manager/html HTTP/1.1" 401 2474
205.185.121.173 - - [29/Nov/2021:04:19:57 -0300] "GET /manager/html HTTP/1.1" 401 2474
205.185.121.173 - - [29/Nov/2021:04:22:41 -0300] "GET /manager/html HTTP/1.1" 401 2474
205.185.121.173 - - [29/Nov/2021:04:25:33 -0300] "GET /manager/html HTTP/1.1" 401 2474
205.185.121.173 - - [29/Nov/2021:04:28:20 -0300] "GET /manager/html HTTP/1.1" 401 2474
205.185.121.173 - - [29/Nov/2021:04:31:09 -0300] "GET /manager/html HTTP/1.1" 401 2474
205.185.121.173 - - [29/Nov/2021:04:34:00 -0300] "GET /manager/html HTTP/1.1" 401 2474
205.185.121.173 - - [29/Nov/2021:04:36:47 -0300] "GET /manager/html HTTP/1.1" 401 2474
205.185.121.173 - - [29/Nov/2021:04:39:37 -0300] "GET /manager/html HTTP/1.1" 401 2474
205.185.121.173 - - [29/Nov/2021:04:42:13 -0300] "GET /manager/html HTTP/1.1" 401 2474
205.185.121.173 - - [29/Nov/2021:04:44:54 -0300] "GET /manager/html HTTP/1.1" 401 2474
205.185.121.173 - - [29/Nov/2021:04:47:38 -0300] "GET /manager/html HTTP/1.1" 401 2474
198.98.49.124 - - [29/Nov/2021:04:48:34 -0300] "GET / HTTP/1.1" 200 11217
205.185.121.173 - - [29/Nov/2021:04:50:30 -0300] "GET /manager/html HTTP/1.1" 401 2474
205.185.121.173 - - [29/Nov/2021:04:53:25 -0300] "GET /manager/html HTTP/1.1" 401 2474
205.185.121.173 - - [29/Nov/2021:04:56:00 -0300] "GET /manager/html HTTP/1.1" 401 2474
205.185.121.173 - - [29/Nov/2021:04:58:50 -0300] "GET /manager/html HTTP/1.1" 401 2474
205.185.121.173 - - [29/Nov/2021:05:01:42 -0300] "GET /manager/html HTTP/1.1" 401 2474
205.185.121.173 - - [29/Nov/2021:05:04:31 -0300] "GET /manager/html HTTP/1.1" 401 2474
205.185.121.173 - - [29/Nov/2021:05:07:18 -0300] "GET /manager/html HTTP/1.1" 401 2474
205.185.121.173 - - [29/Nov/2021:05:10:07 -0300] "GET /manager/html HTTP/1.1" 401 2474
205.185.121.173 - - [29/Nov/2021:05:13:00 -0300] "GET /manager/html HTTP/1.1" 401 2474
205.185.121.173 - - [29/Nov/2021:05:15:49 -0300] "GET /manager/html HTTP/1.1" 401 2474
205.185.121.173 - - [29/Nov/2021:05:18:42 -0300] "GET /manager/html HTTP/1.1" 401 2474
186.33.83.153 - - [29/Nov/2021:05:19:45 -0300] "GET / HTTP/1.1" 200 11217
205.185.121.173 - - [29/Nov/2021:05:21:32 -0300] "GET /manager/html HTTP/1.1" 401 2474
205.185.121.173 - - [29/Nov/2021:05:24:16 -0300] "GET /manager/html HTTP/1.1" 401 2474
205.185.121.173 - - [29/Nov/2021:05:26:58 -0300] "GET /manager/html HTTP/1.1" 401 2474
205.185.121.173 - - [29/Nov/2021:05:29:38 -0300] "GET /manager/html HTTP/1.1" 401 2474
205.185.121.173 - - [29/Nov/2021:05:32:26 -0300] "GET /manager/html HTTP/1.1" 401 2474
205.185.121.173 - - [29/Nov/2021:05:35:16 -0300] "GET /manager/html HTTP/1.1" 401 2474
205.185.121.173 - - [29/Nov/2021:05:37:59 -0300] "GET /manager/html HTTP/1.1" 401 2474
205.185.121.173 - - [29/Nov/2021:05:40:43 -0300] "GET /manager/html HTTP/1.1" 401 2474
205.185.121.173 - - [29/Nov/2021:05:43:30 -0300] "GET /manager/html HTTP/1.1" 401 2474
205.185.121.173 - - [29/Nov/2021:05:46:23 -0300] "GET /manager/html HTTP/1.1" 401 2474
205.185.121.173 - - [29/Nov/2021:05:49:21 -0300] "GET /manager/html HTTP/1.1" 401 2474
205.185.121.173 - - [29/Nov/2021:05:52:22 -0300] "GET /manager/html HTTP/1.1" 401 2474
205.185.121.173 - - [29/Nov/2021:05:55:04 -0300] "GET /manager/html HTTP/1.1" 401 2474
205.185.121.173 - - [29/Nov/2021:05:58:00 -0300] "GET /manager/html HTTP/1.1" 401 2474
205.185.121.173 - - [29/Nov/2021:06:00:43 -0300] "GET /manager/html HTTP/1.1" 401 2474
205.185.121.173 - - [29/Nov/2021:06:03:24 -0300] "GET /manager/html HTTP/1.1" 401 2474
207.46.13.117 - - [29/Nov/2021:06:05:12 -0300] "GET /cormun/servlet/hpexe_link HTTP/1.1" 200 926
205.185.121.173 - - [29/Nov/2021:06:06:20 -0300] "GET /manager/html HTTP/1.1" 401 2474
205.185.121.173 - - [29/Nov/2021:06:09:04 -0300] "GET /manager/html HTTP/1.1" 401 2474
205.185.121.173 - - [29/Nov/2021:06:11:44 -0300] "GET /manager/html HTTP/1.1" 401 2474
200.9.99.55 - - [29/Nov/2021:06:12:24 -0300] "GET / HTTP/1.1" 200 11217
205.185.121.173 - - [29/Nov/2021:06:14:21 -0300] "GET /manager/html HTTP/1.1" 401 2474
205.185.121.173 - - [29/Nov/2021:06:17:05 -0300] "GET /manager/html HTTP/1.1" 401 2474
205.185.121.173 - - [29/Nov/2021:06:19:54 -0300] "GET /manager/html HTTP/1.1" 401 2474
205.185.121.173 - - [29/Nov/2021:06:22:32 -0300] "GET /manager/html HTTP/1.1" 401 2474
205.185.121.173 - - [29/Nov/2021:06:25:11 -0300] "GET /manager/html HTTP/1.1" 401 2474
40.77.167.73 - - [29/Nov/2021:06:26:27 -0300] "GET /cormun/servlet/licenciaspermisos?DSP,19019949,L,20210408000000,_escaped_fragment_%3D&_escaped_fragment_= HTTP/1.1" 200 6090
207.46.13.30 - - [29/Nov/2021:06:26:38 -0300] "GET /cormun/servlet/licenciaspermisos?DSP,19019949,L,20210408000000,_escaped_fragment_%3D HTTP/1.1" 200 6077
207.46.13.30 - - [29/Nov/2021:06:26:40 -0300] "GET /cormun/servlet/licenciaspermisos?DSP,19019949,L,20210408000000,_escaped_fragment_%3D HTTP/1.1" 200 6084
40.77.167.55 - - [29/Nov/2021:06:26:42 -0300] "GET /cormun/static/PXToolsJavascripts/pexe_cookies.js HTTP/1.1" 200 792
207.46.13.117 - - [29/Nov/2021:06:26:43 -0300] "GET /cormun/static/hwchdr01.js?20201214473739 HTTP/1.1" 200 996
40.77.167.55 - - [29/Nov/2021:06:26:45 -0300] "GET /cormun/static/PXToolsJavascripts/pexe_cookies.js HTTP/1.1" 200 792
207.46.13.117 - - [29/Nov/2021:06:26:45 -0300] "GET /cormun/static/hwchdr01.js?20201214473739 HTTP/1.1" 200 996
40.77.167.73 - - [29/Nov/2021:06:26:47 -0300] "GET /cormun/servlet/hlogin HTTP/1.1" 200 1718
40.77.167.73 - - [29/Nov/2021:06:26:49 -0300] "GET /cormun/servlet/hlogin HTTP/1.1" 200 1714
205.185.121.173 - - [29/Nov/2021:06:28:03 -0300] "GET /manager/html HTTP/1.1" 401 2474
205.185.121.173 - - [29/Nov/2021:06:30:53 -0300] "GET /manager/html HTTP/1.1" 401 2474
205.185.121.173 - - [29/Nov/2021:06:33:42 -0300] "GET /manager/html HTTP/1.1" 401 2474
205.185.121.173 - - [29/Nov/2021:06:36:26 -0300] "GET /manager/html HTTP/1.1" 401 2474
205.185.121.173 - - [29/Nov/2021:06:39:05 -0300] "GET /manager/html HTTP/1.1" 401 2474
205.185.121.173 - - [29/Nov/2021:06:41:49 -0300] "GET /manager/html HTTP/1.1" 401 2474
205.185.121.173 - - [29/Nov/2021:06:44:32 -0300] "GET /manager/html HTTP/1.1" 401 2474
207.46.13.30 - - [29/Nov/2021:06:45:31 -0300] "GET /cormun/servlet/trlicenciaspermisoslog?19019949,L,20210408000000,_escaped_fragment_%3D&_escaped_fragment_= HTTP/1.1" 200 5244
40.77.167.73 - - [29/Nov/2021:06:45:46 -0300] "GET /cormun/static/trlicenciaspermisoslog.js?201991422452676 HTTP/1.1" 200 20074
40.77.167.73 - - [29/Nov/2021:06:45:47 -0300] "GET /cormun/static/trlicenciaspermisoslog.js?201991422452676 HTTP/1.1" 200 20074
40.77.167.55 - - [29/Nov/2021:06:45:54 -0300] "GET /cormun/servlet/trlicenciaspermisoslog?19019949,L,20210408000000,_escaped_fragment_%3D HTTP/1.1" 200 5235
205.185.121.173 - - [29/Nov/2021:06:47:16 -0300] "GET /manager/html HTTP/1.1" 401 2474
205.185.121.173 - - [29/Nov/2021:06:49:53 -0300] "GET /manager/html HTTP/1.1" 401 2474
205.185.121.173 - - [29/Nov/2021:06:52:41 -0300] "GET /manager/html HTTP/1.1" 401 2474
205.185.121.173 - - [29/Nov/2021:06:55:18 -0300] "GET /manager/html HTTP/1.1" 401 2474
205.185.121.173 - - [29/Nov/2021:06:57:58 -0300] "GET /manager/html HTTP/1.1" 401 2474
205.185.121.173 - - [29/Nov/2021:07:00:38 -0300] "GET /manager/html HTTP/1.1" 401 2474
205.185.121.173 - - [29/Nov/2021:07:03:25 -0300] "GET /manager/html HTTP/1.1" 401 2474
205.185.121.173 - - [29/Nov/2021:07:06:10 -0300] "GET /manager/html HTTP/1.1" 401 2474
205.185.121.173 - - [29/Nov/2021:07:08:58 -0300] "GET /manager/html HTTP/1.1" 401 2474
205.185.121.173 - - [29/Nov/2021:07:11:40 -0300] "GET /manager/html HTTP/1.1" 401 2474
205.185.121.173 - - [29/Nov/2021:07:14:22 -0300] "GET /manager/html HTTP/1.1" 401 2474
205.185.121.173 - - [29/Nov/2021:07:17:10 -0300] "GET /manager/html HTTP/1.1" 401 2474
205.185.121.173 - - [29/Nov/2021:07:19:57 -0300] "GET /manager/html HTTP/1.1" 401 2474
205.185.121.173 - - [29/Nov/2021:07:22:45 -0300] "GET /manager/html HTTP/1.1" 401 2474
205.185.121.173 - - [29/Nov/2021:07:25:33 -0300] "GET /manager/html HTTP/1.1" 401 2474
205.185.121.173 - - [29/Nov/2021:07:28:19 -0300] "GET /manager/html HTTP/1.1" 401 2474
205.185.121.173 - - [29/Nov/2021:07:31:09 -0300] "GET /manager/html HTTP/1.1" 401 2474
192.241.214.52 - - [29/Nov/2021:07:31:25 -0300] "GET / HTTP/1.1" 200 11217
205.185.121.173 - - [29/Nov/2021:07:33:49 -0300] "GET /manager/html HTTP/1.1" 401 2474
190.171.142.10 - - [29/Nov/2021:07:36:27 -0300] "-" 400 -
205.185.121.173 - - [29/Nov/2021:07:36:33 -0300] "GET /manager/html HTTP/1.1" 401 2474
190.171.142.10 - - [29/Nov/2021:07:36:34 -0300] "üixÕ¸ý@Z°µ.Š$À¥ªä’ˆ|Wžs®|žlÑBA òH®z/Àˆ·œEI " 400 -
190.171.142.10 - - [29/Nov/2021:07:36:34 -0300] "GET /cormun/servlet/hlogin HTTP/1.1" 200 1728
190.171.142.10 - - [29/Nov/2021:07:36:34 -0300] "ü£‡f‹2ùÑ$áÜYÒ½‹i¶Òò°R¾Õ–×£FåÖ tDâ[a֘ŠŸËŠ¹KK]w@`2q‡™HEM¿ª ªª̨̩À+À/À,À0ÀÀœ/5“zzservicios.cormun.clÿ" 400 -
190.171.142.10 - - [29/Nov/2021:07:36:35 -0300] "GET /cormun/servlet/hlogin HTTP/1.1" 200 1738
190.171.142.10 - - [29/Nov/2021:07:36:35 -0300] "GET /favicon.ico HTTP/1.1" 200 21630
190.171.142.10 - - [29/Nov/2021:07:36:45 -0300] "POST /cormun/servlet/hlogin?48d7f17061ec8ea0ad1c3dc297e0aad0,gx-no-cache=1638181486973 HTTP/1.1" 200 90
190.171.142.10 - - [29/Nov/2021:07:36:45 -0300] "GET /cormun/servlet/hpexe_link HTTP/1.1" 200 954
190.171.142.10 - - [29/Nov/2021:07:36:46 -0300] "GET /cormun/servlet/hhome HTTP/1.1" 200 3970
190.171.142.10 - - [29/Nov/2021:07:36:48 -0300] "GET /cormun/servlet/hhome HTTP/1.1" 200 3966
190.171.142.10 - - [29/Nov/2021:07:36:52 -0300] "GET /cormun/servlet/trlicencias? HTTP/1.1" 200 12899
190.171.142.10 - - [29/Nov/2021:07:36:53 -0300] "GET /cormun/servlet/trlicencias? HTTP/1.1" 200 12902
190.171.142.10 - - [29/Nov/2021:07:36:58 -0300] "POST /cormun/servlet/trlicencias?48d7f17061ec8ea0ad1c3dc297e0aad0,,gx-no-cache=1638181500180 HTTP/1.1" 200 10631
205.185.121.173 - - [29/Nov/2021:07:39:14 -0300] "GET /manager/html HTTP/1.1" 401 2474
205.185.121.173 - - [29/Nov/2021:07:41:47 -0300] "GET /manager/html HTTP/1.1" 401 2474
205.185.121.173 - - [29/Nov/2021:07:44:33 -0300] "GET /manager/html HTTP/1.1" 401 2474
205.185.121.173 - - [29/Nov/2021:07:47:13 -0300] "GET /manager/html HTTP/1.1" 401 2474
205.185.121.173 - - [29/Nov/2021:07:49:55 -0300] "GET /manager/html HTTP/1.1" 401 2474
40.77.167.73 - - [29/Nov/2021:07:51:52 -0300] "GET /cormun/servlet/hpexe_return HTTP/1.1" 200 977
40.77.167.49 - - [29/Nov/2021:07:51:57 -0300] "GET /cormun/servlet/trpermisosgoce HTTP/1.1" 200 6007
205.185.121.173 - - [29/Nov/2021:07:52:49 -0300] "GET /manager/html HTTP/1.1" 401 2474
205.185.121.173 - - [29/Nov/2021:07:55:28 -0300] "GET /manager/html HTTP/1.1" 401 2474
205.185.121.173 - - [29/Nov/2021:07:58:22 -0300] "GET /manager/html HTTP/1.1" 401 2474
207.46.13.117 - - [29/Nov/2021:07:59:24 -0300] "GET /cormun/servlet/hpexe_link HTTP/1.1" 200 934
205.185.121.173 - - [29/Nov/2021:08:01:05 -0300] "GET /manager/html HTTP/1.1" 401 2474
181.212.43.89 - - [29/Nov/2021:08:01:10 -0300] "GET /cormun/servlet/hlogin HTTP/1.1" 200 1726
181.212.43.89 - - [29/Nov/2021:08:01:10 -0300] "GET /cormun/servlet/hlogin HTTP/1.1" 200 1737
181.212.43.89 - - [29/Nov/2021:08:01:17 -0300] "POST /cormun/servlet/hlogin?becf9c1ff6ec98405d0f4463f87dd034,gx-no-cache=1638182962374 HTTP/1.1" 200 90
181.212.43.89 - - [29/Nov/2021:08:01:17 -0300] "GET /cormun/servlet/hpexe_link HTTP/1.1" 200 953
181.212.43.89 - - [29/Nov/2021:08:01:18 -0300] "GET /cormun/servlet/hhome HTTP/1.1" 200 4178
181.212.43.89 - - [29/Nov/2021:08:01:18 -0300] "GET /cormun/servlet/hhome HTTP/1.1" 200 4175
205.185.121.173 - - [29/Nov/2021:08:03:53 -0300] "GET /manager/html HTTP/1.1" 401 2474
66.249.85.127 - - [29/Nov/2021:08:04:01 -0300] "GET /cormun/static/Resources/Logo2019_Grande.png HTTP/1.1" 200 31733
181.212.43.89 - - [29/Nov/2021:08:04:07 -0300] "GET /cormun/servlet/trlicencias? HTTP/1.1" 200 13430
181.212.43.89 - - [29/Nov/2021:08:04:08 -0300] "GET /cormun/servlet/trlicencias? HTTP/1.1" 200 13425
205.185.121.173 - - [29/Nov/2021:08:06:40 -0300] "GET /manager/html HTTP/1.1" 401 2474
181.212.43.89 - - [29/Nov/2021:08:07:33 -0300] "GET /cormun/static/menuarrow.gif HTTP/1.1" 404 1015
181.212.43.89 - - [29/Nov/2021:08:07:42 -0300] "POST /cormun/servlet/trlicencias?becf9c1ff6ec98405d0f4463f87dd034,,gx-no-cache=1638183346966 HTTP/1.1" 200 13565
190.171.142.26 - - [29/Nov/2021:08:07:56 -0300] "GET /cormun/servlet/hlogin HTTP/1.1" 200 1727
190.171.142.26 - - [29/Nov/2021:08:07:56 -0300] "GET /cormun/servlet/hlogin HTTP/1.1" 200 1738
190.171.142.26 - - [29/Nov/2021:08:08:03 -0300] "POST /cormun/servlet/hlogin?c7d48ee390b982854ee1e48342442f30,gx-no-cache=1638183368076 HTTP/1.1" 200 90
190.171.142.26 - - [29/Nov/2021:08:08:03 -0300] "GET /cormun/servlet/hpexe_link HTTP/1.1" 200 955
190.171.142.26 - - [29/Nov/2021:08:08:03 -0300] "GET /cormun/servlet/hhome HTTP/1.1" 200 3974
190.171.142.26 - - [29/Nov/2021:08:08:04 -0300] "GET /cormun/servlet/hhome HTTP/1.1" 200 3970
190.171.142.26 - - [29/Nov/2021:08:08:07 -0300] "GET /cormun/servlet/trlicencias? HTTP/1.1" 200 12587
190.171.142.26 - - [29/Nov/2021:08:08:08 -0300] "GET /cormun/servlet/trlicencias? HTTP/1.1" 200 12585
205.185.121.173 - - [29/Nov/2021:08:09:35 -0300] "GET /manager/html HTTP/1.1" 401 2474
205.185.121.173 - - [29/Nov/2021:08:12:12 -0300] "GET /manager/html HTTP/1.1" 401 2474
181.212.43.89 - - [29/Nov/2021:08:13:54 -0300] "GET /cormun/servlet/hlogin HTTP/1.1" 200 1729
181.212.43.89 - - [29/Nov/2021:08:13:55 -0300] "GET /cormun/servlet/hlogin HTTP/1.1" 200 1739
181.212.43.89 - - [29/Nov/2021:08:14:03 -0300] "POST /cormun/servlet/hlogin?3d1c52cdc17e8783ae08cadcef9d9405,gx-no-cache=1638183722881 HTTP/1.1" 200 90
181.212.43.89 - - [29/Nov/2021:08:14:03 -0300] "GET /cormun/servlet/hpexe_link HTTP/1.1" 200 954
181.212.43.89 - - [29/Nov/2021:08:14:03 -0300] "GET /cormun/servlet/hhome HTTP/1.1" 200 4007
181.212.43.89 - - [29/Nov/2021:08:14:04 -0300] "GET /cormun/servlet/hhome HTTP/1.1" 200 4003
181.212.43.89 - - [29/Nov/2021:08:14:09 -0300] "GET /cormun/servlet/trlicencias? HTTP/1.1" 200 13273
181.212.43.89 - - [29/Nov/2021:08:14:10 -0300] "GET /cormun/servlet/trlicencias? HTTP/1.1" 200 13264
205.185.121.173 - - [29/Nov/2021:08:14:53 -0300] "GET /manager/html HTTP/1.1" 401 2474
205.185.121.173 - - [29/Nov/2021:08:17:38 -0300] "GET /manager/html HTTP/1.1" 401 2474
205.185.121.173 - - [29/Nov/2021:08:20:20 -0300] "GET /manager/html HTTP/1.1" 401 2474
205.185.121.173 - - [29/Nov/2021:08:23:13 -0300] "GET /manager/html HTTP/1.1" 401 2474
190.171.142.26 - - [29/Nov/2021:08:23:21 -0300] "GET /cormun/servlet/licenciaspermisos?DSP,17700853,L,20211123000000, HTTP/1.1" 200 7076
190.171.142.26 - - [29/Nov/2021:08:23:22 -0300] "GET /cormun/servlet/licenciaspermisos?DSP,17700853,L,20211123000000, HTTP/1.1" 200 7077
190.171.149.74 - - [29/Nov/2021:08:23:54 -0300] "GET /cormun/servlet/hlogin HTTP/1.1" 200 1729
190.171.149.74 - - [29/Nov/2021:08:23:54 -0300] "GET /cormun/servlet/hlogin HTTP/1.1" 200 1739
190.171.149.74 - - [29/Nov/2021:08:24:00 -0300] "POST /cormun/servlet/hlogin?a47c0af130069f8a64189e220404a50d,gx-no-cache=1638187974921 HTTP/1.1" 200 90
190.171.149.74 - - [29/Nov/2021:08:24:00 -0300] "GET /cormun/servlet/hpexe_link HTTP/1.1" 200 957
190.171.149.74 - - [29/Nov/2021:08:24:00 -0300] "GET /cormun/servlet/hhome HTTP/1.1" 200 3985
190.171.149.74 - - [29/Nov/2021:08:24:01 -0300] "GET /cormun/servlet/hhome HTTP/1.1" 200 3982
190.171.149.74 - - [29/Nov/2021:08:24:04 -0300] "GET /cormun/servlet/trlicencias? HTTP/1.1" 200 9987
190.171.149.74 - - [29/Nov/2021:08:24:04 -0300] "GET /cormun/servlet/trlicencias? HTTP/1.1" 200 9982
205.185.121.173 - - [29/Nov/2021:08:25:59 -0300] "GET /manager/html HTTP/1.1" 401 2474
190.171.141.114 - - [29/Nov/2021:08:27:15 -0300] "GET /cormun/servlet/hlogin HTTP/1.1" 200 1728
190.171.141.114 - - [29/Nov/2021:08:27:15 -0300] "GET /cormun/servlet/hlogin HTTP/1.1" 200 1738
190.171.141.114 - - [29/Nov/2021:08:27:31 -0300] "POST /cormun/servlet/hlogin?517413140af978cdcd2bcdfceeb3afd5,gx-no-cache=1638184533508 HTTP/1.1" 200 90
190.171.141.114 - - [29/Nov/2021:08:27:31 -0300] "GET /cormun/servlet/hpexe_link HTTP/1.1" 200 953
190.171.141.114 - - [29/Nov/2021:08:27:31 -0300] "GET /cormun/servlet/hhome HTTP/1.1" 200 3999
190.171.141.114 - - [29/Nov/2021:08:27:31 -0300] "GET /cormun/servlet/hhome HTTP/1.1" 200 3995
190.171.141.114 - - [29/Nov/2021:08:27:39 -0300] "GET /cormun/servlet/trlicencias? HTTP/1.1" 200 9201
190.171.141.114 - - [29/Nov/2021:08:27:40 -0300] "GET /cormun/servlet/trlicencias? HTTP/1.1" 200 9198
205.185.121.173 - - [29/Nov/2021:08:28:38 -0300] "GET /manager/html HTTP/1.1" 401 2474
190.171.154.42 - - [29/Nov/2021:08:28:42 -0300] "GET /cormun/servlet/hlogin HTTP/1.1" 200 1727
190.171.154.42 - - [29/Nov/2021:08:28:43 -0300] "GET /cormun/servlet/hlogin HTTP/1.1" 200 1738
190.171.154.42 - - [29/Nov/2021:08:28:47 -0300] "POST /cormun/servlet/hlogin?59d27f02892dc76dc2aa13de3e755341,gx-no-cache=1638184605635 HTTP/1.1" 200 90
190.171.154.42 - - [29/Nov/2021:08:28:47 -0300] "GET /cormun/servlet/hpexe_link HTTP/1.1" 200 954
190.171.154.42 - - [29/Nov/2021:08:28:47 -0300] "GET /cormun/servlet/hhome HTTP/1.1" 200 4355
190.171.154.42 - - [29/Nov/2021:08:28:49 -0300] "GET /cormun/servlet/hhome HTTP/1.1" 200 4353
190.171.154.42 - - [29/Nov/2021:08:28:52 -0300] "GET /cormun/servlet/trlicencias? HTTP/1.1" 200 10916
190.171.154.42 - - [29/Nov/2021:08:28:54 -0300] "GET /cormun/servlet/trlicencias? HTTP/1.1" 200 10914
190.171.154.42 - - [29/Nov/2021:08:28:57 -0300] "POST /cormun/servlet/trlicencias?59d27f02892dc76dc2aa13de3e755341,,gx-no-cache=1638184615524 HTTP/1.1" 200 8426
190.171.154.42 - - [29/Nov/2021:08:29:03 -0300] "POST /cormun/servlet/trlicencias?59d27f02892dc76dc2aa13de3e755341,,gx-no-cache=1638184622438 HTTP/1.1" 200 8426
190.171.152.138 - - [29/Nov/2021:08:31:14 -0300] "GET /cormun/servlet/hlogin HTTP/1.1" 200 1729
190.171.152.138 - - [29/Nov/2021:08:31:14 -0300] "GET /cormun/servlet/hlogin HTTP/1.1" 200 1740
190.171.152.138 - - [29/Nov/2021:08:31:24 -0300] "POST /cormun/servlet/hlogin?9b05995d2ef5c76ba47e505b617053cb,gx-no-cache=1638184770068 HTTP/1.1" 200 90
205.185.121.173 - - [29/Nov/2021:08:31:24 -0300] "GET /manager/html HTTP/1.1" 401 2474
190.171.152.138 - - [29/Nov/2021:08:31:24 -0300] "GET /cormun/servlet/hpexe_link HTTP/1.1" 200 956
190.171.152.138 - - [29/Nov/2021:08:31:24 -0300] "GET /cormun/servlet/hhome HTTP/1.1" 200 3858
190.171.152.138 - - [29/Nov/2021:08:31:25 -0300] "GET /cormun/servlet/hhome HTTP/1.1" 200 3855
190.171.152.138 - - [29/Nov/2021:08:31:27 -0300] "GET /cormun/servlet/trlicencias? HTTP/1.1" 200 11465
190.171.152.138 - - [29/Nov/2021:08:31:28 -0300] "GET /cormun/servlet/trlicencias? HTTP/1.1" 200 11462
192.168.10.96 - - [29/Nov/2021:08:32:19 -0300] "GET /cormun/servlet/hlogin HTTP/1.1" 200 1727
192.168.10.96 - - [29/Nov/2021:08:32:19 -0300] "GET /cormun/servlet/hlogin HTTP/1.1" 200 1738
192.168.10.96 - - [29/Nov/2021:08:32:22 -0300] "POST /cormun/servlet/hlogin?407cfdf0a8f428c0efca28c2fbac2a57,gx-no-cache=1638184681741 HTTP/1.1" 200 90
192.168.10.96 - - [29/Nov/2021:08:32:22 -0300] "GET /cormun/servlet/hpexe_link HTTP/1.1" 200 954
192.168.10.96 - - [29/Nov/2021:08:32:22 -0300] "GET /cormun/servlet/hhome HTTP/1.1" 200 3769
192.168.10.96 - - [29/Nov/2021:08:32:22 -0300] "GET /cormun/servlet/hhome HTTP/1.1" 200 3767
192.168.10.96 - - [29/Nov/2021:08:32:26 -0300] "GET /cormun/servlet/trsolicitudgral? HTTP/1.1" 200 11773
192.168.10.96 - - [29/Nov/2021:08:32:27 -0300] "GET /cormun/servlet/trsolicitudgral? HTTP/1.1" 200 11770
190.171.141.114 - - [29/Nov/2021:08:32:38 -0300] "GET /cormun/servlet/trpermisosgoce? HTTP/1.1" 200 12748
190.171.141.114 - - [29/Nov/2021:08:32:39 -0300] "GET /cormun/static/gxcfg.js?2020121631564 HTTP/1.1" 200 953
190.171.141.114 - - [29/Nov/2021:08:32:39 -0300] "GET /cormun/static/trpermisosgoce.js?2020121633681 HTTP/1.1" 200 35904
190.171.141.114 - - [29/Nov/2021:08:32:39 -0300] "GET /cormun//static/Resources/PXToolsGridUpdate.png HTTP/1.1" 200 470
190.171.141.114 - - [29/Nov/2021:08:32:39 -0300] "GET /cormun//static/Resources/PXToolsGridDelete.png HTTP/1.1" 200 538
190.171.141.114 - - [29/Nov/2021:08:32:39 -0300] "GET /cormun/servlet/trpermisosgoce? HTTP/1.1" 200 12742
181.212.43.89 - - [29/Nov/2021:08:32:40 -0300] "GET /cormun/servlet/trsolicitudot? HTTP/1.1" 200 7226
181.212.43.89 - - [29/Nov/2021:08:32:41 -0300] "GET /cormun/servlet/trsolicitudot? HTTP/1.1" 200 7227
181.212.43.89 - - [29/Nov/2021:08:33:07 -0300] "GET /cormun/servlet/solicitudot?INS,0,0,false, HTTP/1.1" 200 15654
181.212.43.89 - - [29/Nov/2021:08:33:08 -0300] "GET /cormun/servlet/solicitudot?INS,0,0,false, HTTP/1.1" 200 15661
205.185.121.173 - - [29/Nov/2021:08:34:04 -0300] "GET /manager/html HTTP/1.1" 401 2474
181.212.43.89 - - [29/Nov/2021:08:34:10 -0300] "POST /cormun/servlet/solicitudot?gx-no-cache=1638184930112 HTTP/1.1" 200 3790
181.212.43.89 - - [29/Nov/2021:08:34:10 -0300] "POST /cormun/servlet/solicitudot?3d1c52cdc17e8783ae08cadcef9d9405,INS,0,0,false,,gx-no-cache=1638184930385 HTTP/1.1" 200 12296
181.212.43.89 - - [29/Nov/2021:08:34:11 -0300] "GET /cormun/servlet/solicitudot?8d6d609130a6983c0974af1cfa33fe9744d2cb111589501d71c890707bb28f62e4dc8dfe38fc49cb18f89610ba83bde3,gx-no-cache=1638184931152 HTTP/1.1" 200 30
181.212.43.89 - - [29/Nov/2021:08:35:54 -0300] "GET /cormun/servlet/solicitudot?8d6d609130a6983c0974af1cfa33fe97cdde2b8474426a8d28866f51ecf983f36ea0b9a4896b078208136136d140506e,gx-no-cache=1638185033956 HTTP/1.1" 200 30
181.212.43.89 - - [29/Nov/2021:08:35:54 -0300] "GET /cormun/servlet/solicitudot?8d6d609130a6983c0974af1cfa33fe97bf1d3012375740cbef3392fa5deaa072,gx-no-cache=1638185034022 HTTP/1.1" 200 29
181.212.43.89 - - [29/Nov/2021:08:35:57 -0300] "POST /cormun/servlet/solicitudot?gx-no-cache=1638185037421 HTTP/1.1" 200 297
181.212.43.89 - - [29/Nov/2021:08:35:57 -0300] "GET /cormun/servlet/solicitudot?8d6d609130a6983c0974af1cfa33fe97114a6cd7b919ed530e81324cde24a116d0b36d3b46c0236feeb4bc09bf72b8ce222906c4a500f3fea47b6dad01b01311d1c4b5e9327c1bfdb8311997c257efb9351fa80e57a75bf258c27a1a208133939f02ac828a2fbc5bf585c792277d9a81418910d79d57f455893cda5c5ea5c327cc060c2be8522138540413e5738435973c92d82b2c5cbd1814940a55b801fc3086dd44d93a391ca55402b7f72ff56b01385ce55ad8dbaf85e1e10b3ace63c5b0697ced5f928c6d08bbe58b0aa12891407e6ec2032937cf949f5b131c998ca0d0b985a7bcab946592d38ad7ee7bcef3adadb21a9aa26f5a8fd0c6ebd574b70b5c4a1f0aa89b09af5402661f2b3ffc43cce7be042baa7cf88fa650d226727358d1db4751a81f704dd2a38a0f7af5bb98c9974cd1fd544286f2178de261e4a9617bc3d8f966fdb58eceacdc6f37a9f1244af9e6d6d9bfd7be901da9d99654c917530bf69dcaf62acd312a8c02fab049dd1cd9a5334c700eb3649d86c494ba40780c94f145c5ce687c45920022af7ee6c0eb,gx-no-cache=1638185037615 HTTP/1.1" 200 30
181.212.43.89 - - [29/Nov/2021:08:36:01 -0300] "POST /cormun/servlet/solicitudot?gx-no-cache=1638185040997 HTTP/1.1" 200 30
190.171.149.74 - - [29/Nov/2021:08:36:06 -0300] "GET /cormun/servlet/licenciaspermisos?DSP,13300331,L,20211123000000, HTTP/1.1" 200 7081
190.171.149.74 - - [29/Nov/2021:08:36:07 -0300] "GET /cormun/static/gxcfg.js?202012153173 HTTP/1.1" 200 953
190.171.149.74 - - [29/Nov/2021:08:36:07 -0300] "GET /cormun/static/licenciaspermisos.js?2020121532136 HTTP/1.1" 200 38824
190.171.149.74 - - [29/Nov/2021:08:36:07 -0300] "GET /cormun/servlet/licenciaspermisos?DSP,13300331,L,20211123000000, HTTP/1.1" 200 7081
190.171.149.74 - - [29/Nov/2021:08:36:14 -0300] "POST /cormun/servlet/licenciaspermisos?a47c0af130069f8a64189e220404a50d,DSP,13300331,L,20211123000000,,gx-no-cache=1638188709270 HTTP/1.1" 200 93
190.171.149.74 - - [29/Nov/2021:08:36:14 -0300] "GET /cormun/servlet/hpexe_return? HTTP/1.1" 200 1033
190.171.149.74 - - [29/Nov/2021:08:36:15 -0300] "GET /cormun/servlet/trlicencias HTTP/1.1" 200 9989
190.171.149.74 - - [29/Nov/2021:08:36:15 -0300] "GET /cormun/servlet/trlicencias HTTP/1.1" 200 9984
181.212.43.89 - - [29/Nov/2021:08:36:33 -0300] "GET /cormun/servlet/prlicenciaspermisos?20442011,L,,MD,,gxPopupLevel%3D0%3B HTTP/1.1" 200 5423
190.171.152.138 - - [29/Nov/2021:08:36:37 -0300] "GET /cormun/servlet/hlogin HTTP/1.1" 200 1747
181.212.43.89 - - [29/Nov/2021:08:36:37 -0300] "POST /cormun/servlet/solicitudot?gx-no-cache=1638185077469 HTTP/1.1" 200 1538
181.212.43.89 - - [29/Nov/2021:08:36:38 -0300] "GET /cormun/static/Shared/jqueryui/images/ui-bg_highlight-soft_100_c6c2c8_1x100.png HTTP/1.1" 404 1117
181.212.43.89 - - [29/Nov/2021:08:36:38 -0300] "GET /cormun/static/Shared/jqueryui/images/ui-bg_flat_55_994d53_40x100.png HTTP/1.1" 404 1097
181.212.43.89 - - [29/Nov/2021:08:36:38 -0300] "GET /cormun/static/Shared/jqueryui/images/ui-icons_82798d_256x240.png HTTP/1.1" 404 1089
181.212.43.89 - - [29/Nov/2021:08:36:38 -0300] "GET /cormun/static/Shared/jqueryui/images/ui-icons_ebccce_256x240.png HTTP/1.1" 404 1089
205.185.121.173 - - [29/Nov/2021:08:36:49 -0300] "GET /manager/html HTTP/1.1" 401 2474
200.54.100.179 - - [29/Nov/2021:08:38:01 -0300] "GET /cormun/servlet/hlogin HTTP/1.1" 200 1725
200.54.100.179 - - [29/Nov/2021:08:38:02 -0300] "GET /cormun/servlet/hlogin HTTP/1.1" 200 1735
200.54.100.179 - - [29/Nov/2021:08:38:15 -0300] "POST /cormun/servlet/hlogin?783c812d14538d15f8e5cf200c995247,gx-no-cache=1638185176752 HTTP/1.1" 200 90
200.54.100.179 - - [29/Nov/2021:08:38:15 -0300] "GET /cormun/servlet/hpexe_link HTTP/1.1" 200 951
200.54.100.179 - - [29/Nov/2021:08:38:15 -0300] "GET /cormun/servlet/hhome HTTP/1.1" 200 4305
200.54.100.179 - - [29/Nov/2021:08:38:16 -0300] "GET /cormun/servlet/hhome HTTP/1.1" 200 4301
200.54.100.179 - - [29/Nov/2021:08:38:18 -0300] "GET /cormun/servlet/trlicencias? HTTP/1.1" 200 10802
200.54.100.179 - - [29/Nov/2021:08:38:19 -0300] "GET /cormun/servlet/trlicencias? HTTP/1.1" 200 10799
181.212.43.89 - - [29/Nov/2021:08:38:43 -0300] "GET /cormun/servlet/prlicenciaspermisos?13946275,L,,MD,,gxPopupLevel%3D0%3B HTTP/1.1" 200 6244
181.212.43.89 - - [29/Nov/2021:08:38:48 -0300] "POST /cormun/servlet/solicitudot?gx-no-cache=1638185207780 HTTP/1.1" 200 1442
181.212.43.89 - - [29/Nov/2021:08:38:50 -0300] "POST /cormun/servlet/solicitudot?gx-no-cache=1638185210566 HTTP/1.1" 200 40
192.168.10.96 - - [29/Nov/2021:08:39:04 -0300] "GET /cormun/servlet/trsolicitudgral? HTTP/1.1" 200 11770
192.168.10.96 - - [29/Nov/2021:08:39:05 -0300] "GET /cormun/servlet/trsolicitudgral? HTTP/1.1" 200 11770
205.185.121.173 - - [29/Nov/2021:08:39:27 -0300] "GET /manager/html HTTP/1.1" 401 2474
181.212.43.89 - - [29/Nov/2021:08:39:43 -0300] "GET /cormun/servlet/solicitudot?8d6d609130a6983c0974af1cfa33fe97e096a5ba861c6c03265a07a97ed8fdb9f4e271bf957ccba6207161bff825165b9d56f48018cc06072e8cd9400c7516af39782aa658f2e0403a34dd2277beade20744cad3f7f45ba5b995f1b6d1a068582218ce8caad9fb33509abb414d975981,gx-no-cache=1638185263413 HTTP/1.1" 200 110
181.212.43.89 - - [29/Nov/2021:08:39:43 -0300] "POST /cormun/servlet/solicitudot?gx-no-cache=1638185263489 HTTP/1.1" 200 79
190.171.141.138 - - [29/Nov/2021:08:39:44 -0300] "GET /cormun/servlet/hlogin HTTP/1.1" 200 1725
190.171.141.138 - - [29/Nov/2021:08:39:45 -0300] "GET /cormun/servlet/hlogin HTTP/1.1" 200 1735
181.212.43.89 - - [29/Nov/2021:08:39:47 -0300] "GET /cormun/servlet/solicitudot?8d6d609130a6983c0974af1cfa33fe9797b7cfb5adc8b1cb943425c98a6265bb8b33b53bde53db2299d9cfcc69a756cfb93db55587dc13506c04248971b44e140607098dfdf554ffd24949a194b0a6141063caa3fd9824b856672d4cbe576115b94799a579deae47ab882243d5fd0f18,gx-no-cache=1638185267328 HTTP/1.1" 200 29
181.212.43.89 - - [29/Nov/2021:08:39:47 -0300] "GET /cormun/static/menuarrow.gif HTTP/1.1" 404 1015
190.171.141.138 - - [29/Nov/2021:08:39:48 -0300] "POST /cormun/servlet/hlogin?066018c964d40455dfbeffeac896759c,gx-no-cache=1638185270231 HTTP/1.1" 200 90
190.171.141.138 - - [29/Nov/2021:08:39:48 -0300] "GET /cormun/servlet/hpexe_link HTTP/1.1" 200 952
190.171.141.138 - - [29/Nov/2021:08:39:49 -0300] "GET /cormun/servlet/hhome HTTP/1.1" 200 4469
190.171.141.138 - - [29/Nov/2021:08:39:50 -0300] "GET /cormun/servlet/hhome HTTP/1.1" 200 4466
181.212.43.89 - - [29/Nov/2021:08:39:50 -0300] "GET /cormun/servlet/solicitudot?8d6d609130a6983c0974af1cfa33fe9753bc1902a6c0c68e25fb457e945b2ac34cc8c0f1f5ebf09a2cfb05d0a4fc4a07,gx-no-cache=1638185270647 HTTP/1.1" 200 30
181.212.43.89 - - [29/Nov/2021:08:39:50 -0300] "POST /cormun/servlet/solicitudot?gx-no-cache=1638185270691 HTTP/1.1" 200 34
190.171.141.138 - - [29/Nov/2021:08:39:53 -0300] "GET /cormun/servlet/trlicencias? HTTP/1.1" 200 13132
190.171.141.138 - - [29/Nov/2021:08:39:54 -0300] "GET /cormun/servlet/trlicencias? HTTP/1.1" 200 13125
181.212.43.89 - - [29/Nov/2021:08:39:55 -0300] "POST /cormun/servlet/solicitudot?3d1c52cdc17e8783ae08cadcef9d9405,INS,0,0,false,,gx-no-cache=1638185274428 HTTP/1.1" 200 93
181.212.43.89 - - [29/Nov/2021:08:39:55 -0300] "GET /cormun/servlet/hpexe_return? HTTP/1.1" 200 1011
181.212.43.89 - - [29/Nov/2021:08:39:55 -0300] "GET /cormun/servlet/trsolicitudot HTTP/1.1" 200 8644
181.212.43.89 - - [29/Nov/2021:08:39:56 -0300] "GET /cormun/servlet/trsolicitudot HTTP/1.1" 200 8638
192.168.10.96 - - [29/Nov/2021:08:39:59 -0300] "GET /cormun/servlet/trsolicitudgral? HTTP/1.1" 200 11770
192.168.10.96 - - [29/Nov/2021:08:40:00 -0300] "GET /cormun/servlet/trsolicitudgral? HTTP/1.1" 200 11770
181.212.43.89 - - [29/Nov/2021:08:40:25 -0300] "POST /cormun/servlet/trsolicitudot?3d1c52cdc17e8783ae08cadcef9d9405,gx-no-cache=1638185304775 HTTP/1.1" 200 4594
181.212.43.89 - - [29/Nov/2021:08:40:25 -0300] "GET /cormun/static/Shared/jqueryui/images/ui-bg_highlight-soft_100_c6c2c8_1x100.png HTTP/1.1" 404 1117
181.212.43.89 - - [29/Nov/2021:08:40:25 -0300] "GET /cormun/static/Shared/jqueryui/images/ui-icons_82798d_256x240.png HTTP/1.1" 404 1089
181.212.43.89 - - [29/Nov/2021:08:40:25 -0300] "GET /cormun/static/Shared/jqueryui/images/ui-bg_flat_55_fafafa_40x100.png HTTP/1.1" 404 1097
181.212.43.89 - - [29/Nov/2021:08:40:25 -0300] "GET /cormun/static/Shared/jqueryui/images/ui-icons_8d78a5_256x240.png HTTP/1.1" 404 1089
181.212.43.89 - - [29/Nov/2021:08:40:25 -0300] "POST /cormun/servlet/trsolicitudot?3d1c52cdc17e8783ae08cadcef9d9405,gx-no-cache=1638185305025 HTTP/1.1" 200 4348
190.171.149.74 - - [29/Nov/2021:08:41:22 -0300] "GET /cormun/servlet/hlogin HTTP/1.1" 200 1746
190.171.149.74 - - [29/Nov/2021:08:41:35 -0300] "POST /cormun/servlet/hlogin?a47c0af130069f8a64189e220404a50d,gx-no-cache=1638189029610 HTTP/1.1" 200 90
190.171.149.74 - - [29/Nov/2021:08:41:35 -0300] "GET /cormun/servlet/hpexe_link HTTP/1.1" 200 957
190.171.149.74 - - [29/Nov/2021:08:41:35 -0300] "GET /cormun/servlet/hhome HTTP/1.1" 200 4236
190.171.149.74 - - [29/Nov/2021:08:41:35 -0300] "GET /cormun/servlet/hhome HTTP/1.1" 200 4232
190.171.149.74 - - [29/Nov/2021:08:41:35 -0300] "GET /cormun/static/SmoothNavMenu/resources/images/right.gif HTTP/1.1" 200 860
190.171.149.74 - - [29/Nov/2021:08:41:39 -0300] "GET /cormun/servlet/trautorizarpermisogoce? HTTP/1.1" 200 7909
190.171.149.74 - - [29/Nov/2021:08:41:39 -0300] "GET /cormun/static/gxcfg.js?2020121645532 HTTP/1.1" 200 953
190.171.149.74 - - [29/Nov/2021:08:41:39 -0300] "GET /cormun/static/trautorizarpermisogoce.js?2020121651492 HTTP/1.1" 200 34948
190.171.149.74 - - [29/Nov/2021:08:41:39 -0300] "GET /cormun/servlet/trautorizarpermisogoce? HTTP/1.1" 200 7907
190.171.149.74 - - [29/Nov/2021:08:41:44 -0300] "POST /cormun/servlet/trautorizarpermisogoce?a47c0af130069f8a64189e220404a50d,,gx-no-cache=1638189038549 HTTP/1.1" 200 4527
190.171.149.74 - - [29/Nov/2021:08:41:44 -0300] "GET /cormun/static/Shared/jqueryui/images/ui-bg_highlight-soft_100_c6c2c8_1x100.png HTTP/1.1" 404 1117
190.171.149.74 - - [29/Nov/2021:08:41:44 -0300] "GET /cormun/static/Shared/jqueryui/images/ui-icons_82798d_256x240.png HTTP/1.1" 404 1089
190.171.149.74 - - [29/Nov/2021:08:41:44 -0300] "GET /cormun/static/Shared/jqueryui/images/ui-bg_flat_55_fafafa_40x100.png HTTP/1.1" 404 1097
190.171.149.74 - - [29/Nov/2021:08:41:44 -0300] "GET /cormun/static/Shared/jqueryui/images/ui-icons_8d78a5_256x240.png HTTP/1.1" 404 1089
190.171.141.138 - - [29/Nov/2021:08:41:54 -0300] "POST /cormun/servlet/trlicencias?066018c964d40455dfbeffeac896759c,,gx-no-cache=1638185395597 HTTP/1.1" 200 5687
190.171.149.74 - - [29/Nov/2021:08:42:03 -0300] "GET /cormun/servlet/trlicencias? HTTP/1.1" 200 10266
190.171.149.74 - - [29/Nov/2021:08:42:03 -0300] "GET /cormun/servlet/trlicencias? HTTP/1.1" 200 10264
190.171.149.74 - - [29/Nov/2021:08:42:05 -0300] "GET /cormun/servlet/hlogin HTTP/1.1" 200 1747
205.185.121.173 - - [29/Nov/2021:08:42:06 -0300] "GET /manager/html HTTP/1.1" 401 2474
190.171.149.74 - - [29/Nov/2021:08:42:11 -0300] "POST /cormun/servlet/hlogin?a47c0af130069f8a64189e220404a50d,gx-no-cache=1638189065723 HTTP/1.1" 200 90
190.171.149.74 - - [29/Nov/2021:08:42:11 -0300] "GET /cormun/servlet/hpexe_link HTTP/1.1" 200 957
190.171.149.74 - - [29/Nov/2021:08:42:11 -0300] "GET /cormun/servlet/hhome HTTP/1.1" 200 3985
190.171.149.74 - - [29/Nov/2021:08:42:11 -0300] "GET /cormun/servlet/hhome HTTP/1.1" 200 3982
190.171.141.138 - - [29/Nov/2021:08:42:12 -0300] "GET /cormun/static/menuarrow.gif HTTP/1.1" 404 1015
190.171.149.74 - - [29/Nov/2021:08:42:15 -0300] "GET /cormun/servlet/trpermisosgoce? HTTP/1.1" 200 15202
190.171.149.74 - - [29/Nov/2021:08:42:15 -0300] "GET /cormun/servlet/trpermisosgoce? HTTP/1.1" 200 15193
190.171.141.138 - - [29/Nov/2021:08:42:15 -0300] "POST /cormun/servlet/trlicencias?066018c964d40455dfbeffeac896759c,,gx-no-cache=1638185417258 HTTP/1.1" 200 6216
190.171.141.138 - - [29/Nov/2021:08:43:09 -0300] "POST /cormun/servlet/trlicencias?066018c964d40455dfbeffeac896759c,,gx-no-cache=1638185471081 HTTP/1.1" 200 5694
190.171.152.242 - - [29/Nov/2021:08:45:01 -0300] "GET /cormun/servlet/hlogin HTTP/1.1" 200 1723
190.171.152.242 - - [29/Nov/2021:08:45:01 -0300] "GET /cormun/servlet/hlogin HTTP/1.1" 200 1733
190.171.152.242 - - [29/Nov/2021:08:45:06 -0300] "POST /cormun/servlet/hlogin?bfd66f9e43e9dd86b60b76c1dbbd1bd6,gx-no-cache=1638185587706 HTTP/1.1" 200 90
190.171.152.242 - - [29/Nov/2021:08:45:06 -0300] "GET /cormun/servlet/hpexe_link HTTP/1.1" 200 952
190.171.152.242 - - [29/Nov/2021:08:45:06 -0300] "GET /cormun/servlet/hhome HTTP/1.1" 200 3996
205.185.121.173 - - [29/Nov/2021:08:45:07 -0300] "GET /manager/html HTTP/1.1" 401 2474
190.171.152.242 - - [29/Nov/2021:08:45:07 -0300] "GET /cormun/servlet/hhome HTTP/1.1" 200 3992
190.171.152.242 - - [29/Nov/2021:08:45:12 -0300] "GET /cormun/servlet/trpermisosgoce? HTTP/1.1" 200 10339
190.171.152.242 - - [29/Nov/2021:08:45:12 -0300] "GET /cormun/servlet/trpermisosgoce? HTTP/1.1" 200 10337
190.171.152.242 - - [29/Nov/2021:08:45:15 -0300] "GET /cormun/servlet/permisogoce?INS,0,,, HTTP/1.1" 200 6856
190.171.152.242 - - [29/Nov/2021:08:45:16 -0300] "GET /cormun/servlet/permisogoce?INS,0,,, HTTP/1.1" 200 6855
190.171.152.242 - - [29/Nov/2021:08:45:20 -0300] "GET /cormun/servlet/prfichaempleado?,MD,,gxPopupLevel%3D0%3B HTTP/1.1" 200 9297
190.171.152.242 - - [29/Nov/2021:08:45:41 -0300] "POST /cormun/servlet/prfichaempleado?bfd66f9e43e9dd86b60b76c1dbbd1bd6,,MD,,gxPopupLevel%3D0%3B,gx-no-cache=1638185623499 HTTP/1.1" 200 3408
190.171.152.242 - - [29/Nov/2021:08:45:51 -0300] "GET /cormun/servlet/permisogoce?9aae259765d6cee61499fb36e6a171b6c628669dd1b6d34eb4a1c10fd20fa6fa165c75d391a9e9fc1aac1d4ae2b8429f412ea789202fe310caffc851e166e8c9,gx-no-cache=1638185633292 HTTP/1.1" 200 84
190.171.152.242 - - [29/Nov/2021:08:45:51 -0300] "GET /cormun/static/menuarrow.gif HTTP/1.1" 404 1015
190.171.152.242 - - [29/Nov/2021:08:46:04 -0300] "GET /cormun/servlet/permisogoce?9aae259765d6cee61499fb36e6a171b6919869e69f891407c9d2559492a76a4f303b80b86f4a0b46153d43ceaaec10340402bdce837df59733fe15323efa6a6b,gx-no-cache=1638185646408 HTTP/1.1" 200 47
190.171.152.242 - - [29/Nov/2021:08:46:10 -0300] "POST /cormun/servlet/permisogoce?bfd66f9e43e9dd86b60b76c1dbbd1bd6,INS,0,,,,gx-no-cache=1638185650659 HTTP/1.1" 200 93
190.171.152.242 - - [29/Nov/2021:08:46:10 -0300] "GET /cormun/servlet/hpexe_return? HTTP/1.1" 200 1009
190.171.152.242 - - [29/Nov/2021:08:46:10 -0300] "GET /cormun/servlet/trpermisosgoce HTTP/1.1" 200 10608
190.171.152.242 - - [29/Nov/2021:08:46:11 -0300] "GET /cormun/servlet/trpermisosgoce HTTP/1.1" 200 10603
190.171.152.242 - - [29/Nov/2021:08:46:17 -0300] "GET /cormun/servlet/apermisogoceprn?8459773,P,20211129083055,PU HTTP/1.1" 200 1640
190.171.152.242 - - [29/Nov/2021:08:47:04 -0300] "POST /cormun/servlet/trpermisosgoce?bfd66f9e43e9dd86b60b76c1dbbd1bd6,gx-no-cache=1638185706109 HTTP/1.1" 200 7610
190.171.152.242 - - [29/Nov/2021:08:47:05 -0300] "POST /cormun/servlet/trpermisosgoce?bfd66f9e43e9dd86b60b76c1dbbd1bd6,gx-no-cache=1638185706719 HTTP/1.1" 200 7590
190.171.152.242 - - [29/Nov/2021:08:47:08 -0300] "GET /cormun/servlet/permisogoce?INS,0,,, HTTP/1.1" 200 6855
190.171.152.242 - - [29/Nov/2021:08:47:09 -0300] "GET /cormun/servlet/permisogoce?INS,0,,, HTTP/1.1" 200 6855
190.171.152.242 - - [29/Nov/2021:08:47:12 -0300] "GET /cormun/servlet/prfichaempleado?,MD,,gxPopupLevel%3D0%3B HTTP/1.1" 200 9297
190.171.152.242 - - [29/Nov/2021:08:47:20 -0300] "POST /cormun/servlet/prfichaempleado?bfd66f9e43e9dd86b60b76c1dbbd1bd6,,MD,,gxPopupLevel%3D0%3B,gx-no-cache=1638185722499 HTTP/1.1" 200 3408
190.171.152.242 - - [29/Nov/2021:08:47:26 -0300] "GET /cormun/servlet/permisogoce?9aae259765d6cee61499fb36e6a171b6c628669dd1b6d34eb4a1c10fd20fa6fa165c75d391a9e9fc1aac1d4ae2b8429f412ea789202fe310caffc851e166e8c9,gx-no-cache=1638185728588 HTTP/1.1" 200 84
190.171.152.242 - - [29/Nov/2021:08:47:27 -0300] "GET /cormun/static/menuarrow.gif HTTP/1.1" 404 1015
190.171.152.242 - - [29/Nov/2021:08:47:43 -0300] "GET /cormun/servlet/permisogoce?9aae259765d6cee61499fb36e6a171b6919869e69f891407c9d2559492a76a4f70883b8b584f8c5658c9802433c3803e3d9ef9a68cd8589629674a256b02d9d7,gx-no-cache=1638185745224 HTTP/1.1" 200 47
190.171.152.242 - - [29/Nov/2021:08:47:47 -0300] "POST /cormun/servlet/permisogoce?bfd66f9e43e9dd86b60b76c1dbbd1bd6,INS,0,,,,gx-no-cache=1638185748732 HTTP/1.1" 200 93
190.171.152.242 - - [29/Nov/2021:08:47:47 -0300] "GET /cormun/servlet/hpexe_return? HTTP/1.1" 200 1031
190.171.152.242 - - [29/Nov/2021:08:47:47 -0300] "GET /cormun/servlet/trpermisosgoce?gx-no-cache=1638185706719 HTTP/1.1" 200 10613
190.171.152.242 - - [29/Nov/2021:08:47:48 -0300] "GET /cormun/servlet/trpermisosgoce?gx-no-cache=1638185706719 HTTP/1.1" 200 10629
190.171.152.242 - - [29/Nov/2021:08:47:50 -0300] "GET /cormun/servlet/apermisogoceprn?8459773,P,20211129083248,PU HTTP/1.1" 200 1648
205.185.121.173 - - [29/Nov/2021:08:48:04 -0300] "GET /manager/html HTTP/1.1" 401 2474
190.171.149.90 - - [29/Nov/2021:08:48:59 -0300] "GET /cormun/servlet/hlogin HTTP/1.1" 200 1736
190.171.149.90 - - [29/Nov/2021:08:48:59 -0300] "GET /cormun/servlet/hlogin HTTP/1.1" 200 1747
190.171.149.90 - - [29/Nov/2021:08:49:02 -0300] "POST /cormun/servlet/hlogin?76e7d0bb384e6e7e13d5a01231653c0a,gx-no-cache=1638185823994 HTTP/1.1" 200 90
190.171.149.90 - - [29/Nov/2021:08:49:02 -0300] "GET /cormun/servlet/hpexe_link HTTP/1.1" 200 962
190.171.149.90 - - [29/Nov/2021:08:49:02 -0300] "GET /cormun/servlet/hhome HTTP/1.1" 200 3958
