190.171.149.90 - - [26/Nov/2021:13:56:27 -0300] "GET /cormun/servlet/trpermisosadjuntos?11983436,20211125101835,P, HTTP/1.1" 200 6256
190.171.149.90 - - [26/Nov/2021:13:56:32 -0300] "GET /cormun/servlet/trpermisosgoce? HTTP/1.1" 200 11700
190.171.149.90 - - [26/Nov/2021:13:56:32 -0300] "GET /cormun/servlet/trpermisosgoce? HTTP/1.1" 200 11697
190.171.149.90 - - [26/Nov/2021:13:56:39 -0300] "GET /cormun/servlet/trpermisosadjuntos?11983436,20211125101835,P, HTTP/1.1" 200 6256
190.171.149.90 - - [26/Nov/2021:13:56:39 -0300] "GET /cormun/servlet/trpermisosadjuntos?11983436,20211125101835,P, HTTP/1.1" 200 6256
190.171.149.90 - - [26/Nov/2021:13:56:42 -0300] "GET /cormun/servlet/permisosadjuntos?INS,11983436,P,20211125101835,, HTTP/1.1" 200 5576
190.171.149.90 - - [26/Nov/2021:13:56:42 -0300] "GET /cormun/static/about:blank HTTP/1.1" 404 1011
190.171.149.90 - - [26/Nov/2021:13:56:42 -0300] "GET /cormun/servlet/permisosadjuntos?INS,11983436,P,20211125101835,, HTTP/1.1" 200 5566
190.171.149.90 - - [26/Nov/2021:13:56:54 -0300] "POST /cormun/servlet/permisosadjuntos?855fdad72949259143207d281218e14d,INS,11983436,P,20211125101835,, HTTP/1.1" 200 116
190.171.149.90 - - [26/Nov/2021:13:56:54 -0300] "GET /cormun/servlet/hpexe_return? HTTP/1.1" 200 1035
190.171.149.90 - - [26/Nov/2021:13:56:55 -0300] "GET /cormun/servlet/trpermisosadjuntos?11983436,20211125101835,P, HTTP/1.1" 200 6732
190.171.149.90 - - [26/Nov/2021:13:56:55 -0300] "GET /cormun/servlet/trpermisosadjuntos?11983436,20211125101835,P, HTTP/1.1" 200 6729
190.171.149.90 - - [26/Nov/2021:13:56:57 -0300] "GET /cormun/servlet/trpermisosgoce? HTTP/1.1" 200 11659
190.171.149.90 - - [26/Nov/2021:13:56:57 -0300] "GET /cormun/servlet/trpermisosgoce? HTTP/1.1" 200 11658
190.171.149.90 - - [26/Nov/2021:13:57:05 -0300] "GET /cormun/servlet/trpermisosadjuntos?11983436,20211125101858,P, HTTP/1.1" 200 6256
190.171.149.90 - - [26/Nov/2021:13:57:06 -0300] "GET /cormun/servlet/trpermisosadjuntos?11983436,20211125101858,P, HTTP/1.1" 200 6256
190.171.149.90 - - [26/Nov/2021:13:57:07 -0300] "GET /cormun/servlet/permisosadjuntos?INS,11983436,P,20211125101858,, HTTP/1.1" 200 5577
190.171.149.90 - - [26/Nov/2021:13:57:07 -0300] "GET /cormun/static/about:blank HTTP/1.1" 404 1011
190.171.149.90 - - [26/Nov/2021:13:57:08 -0300] "GET /cormun/servlet/permisosadjuntos?INS,11983436,P,20211125101858,, HTTP/1.1" 200 5566
190.171.149.90 - - [26/Nov/2021:13:57:15 -0300] "POST /cormun/servlet/permisosadjuntos?855fdad72949259143207d281218e14d,INS,11983436,P,20211125101858,, HTTP/1.1" 200 116
190.171.149.90 - - [26/Nov/2021:13:57:15 -0300] "GET /cormun/servlet/hpexe_return? HTTP/1.1" 200 1035
190.171.149.90 - - [26/Nov/2021:13:57:15 -0300] "GET /cormun/servlet/trpermisosadjuntos?11983436,20211125101858,P, HTTP/1.1" 200 6757
190.171.149.90 - - [26/Nov/2021:13:57:15 -0300] "GET /cormun/servlet/trpermisosadjuntos?11983436,20211125101858,P, HTTP/1.1" 200 6754
190.171.149.90 - - [26/Nov/2021:13:57:17 -0300] "GET /cormun/servlet/trpermisosgoce? HTTP/1.1" 200 11659
190.171.149.90 - - [26/Nov/2021:13:57:18 -0300] "GET /cormun/servlet/trpermisosgoce? HTTP/1.1" 200 11658
190.171.149.90 - - [26/Nov/2021:13:57:21 -0300] "GET /cormun/servlet/trpermisosadjuntos?7642137,20211125112522,P, HTTP/1.1" 200 6258
190.171.149.90 - - [26/Nov/2021:13:57:22 -0300] "GET /cormun/servlet/trpermisosadjuntos?7642137,20211125112522,P, HTTP/1.1" 200 6258
190.171.149.90 - - [26/Nov/2021:13:57:23 -0300] "GET /cormun/servlet/permisosadjuntos?INS,7642137,P,20211125112522,, HTTP/1.1" 200 5579
190.171.149.90 - - [26/Nov/2021:13:57:24 -0300] "GET /cormun/static/about:blank HTTP/1.1" 404 1011
190.171.149.90 - - [26/Nov/2021:13:57:24 -0300] "GET /cormun/servlet/permisosadjuntos?INS,7642137,P,20211125112522,, HTTP/1.1" 200 5568
190.171.149.90 - - [26/Nov/2021:13:57:32 -0300] "POST /cormun/servlet/permisosadjuntos?855fdad72949259143207d281218e14d,INS,7642137,P,20211125112522,, HTTP/1.1" 200 116
190.171.149.90 - - [26/Nov/2021:13:57:32 -0300] "GET /cormun/servlet/hpexe_return? HTTP/1.1" 200 1033
190.171.149.90 - - [26/Nov/2021:13:57:32 -0300] "GET /cormun/servlet/trpermisosadjuntos?7642137,20211125112522,P, HTTP/1.1" 200 6730
190.171.149.90 - - [26/Nov/2021:13:57:32 -0300] "GET /cormun/servlet/trpermisosadjuntos?7642137,20211125112522,P, HTTP/1.1" 200 6727
190.171.149.90 - - [26/Nov/2021:13:57:36 -0300] "GET /cormun/servlet/trpermisosgoce? HTTP/1.1" 200 11659
190.171.149.90 - - [26/Nov/2021:13:57:37 -0300] "GET /cormun/servlet/trpermisosgoce? HTTP/1.1" 200 11697
190.171.149.90 - - [26/Nov/2021:13:58:24 -0300] "GET /cormun/servlet/trpermisosadjuntos?16621476,20211118131650,P, HTTP/1.1" 200 6765
190.171.149.90 - - [26/Nov/2021:13:58:24 -0300] "GET /cormun/servlet/trpermisosadjuntos?16621476,20211118131650,P, HTTP/1.1" 200 6767
190.171.149.90 - - [26/Nov/2021:13:58:28 -0300] "GET /cormun/servlet/trpermisosgoce? HTTP/1.1" 200 11660
190.171.149.90 - - [26/Nov/2021:13:58:29 -0300] "GET /cormun/servlet/trpermisosgoce? HTTP/1.1" 200 11658
190.171.149.90 - - [26/Nov/2021:13:58:32 -0300] "POST /cormun/servlet/trpermisosgoce?855fdad72949259143207d281218e14d,,gx-no-cache=1637945195226 HTTP/1.1" 200 8963
190.171.149.90 - - [26/Nov/2021:13:58:32 -0300] "GET /cormun/static/Shared/jqueryui/images/ui-bg_highlight-soft_100_c6c2c8_1x100.png HTTP/1.1" 404 1117
190.171.149.90 - - [26/Nov/2021:13:58:32 -0300] "GET /cormun/static/Shared/jqueryui/images/ui-icons_82798d_256x240.png HTTP/1.1" 404 1089
190.171.149.90 - - [26/Nov/2021:13:58:32 -0300] "GET /cormun/static/Shared/jqueryui/images/ui-bg_flat_55_fafafa_40x100.png HTTP/1.1" 404 1097
190.171.149.90 - - [26/Nov/2021:13:58:32 -0300] "GET /cormun/static/Shared/jqueryui/images/ui-icons_8d78a5_256x240.png HTTP/1.1" 404 1089
190.171.149.90 - - [26/Nov/2021:13:58:33 -0300] "POST /cormun/servlet/trpermisosgoce?855fdad72949259143207d281218e14d,,gx-no-cache=1637945196691 HTTP/1.1" 200 8948
190.171.149.90 - - [26/Nov/2021:13:58:35 -0300] "POST /cormun/servlet/trpermisosgoce?855fdad72949259143207d281218e14d,,gx-no-cache=1637945198027 HTTP/1.1" 200 8943
205.185.121.173 - - [26/Nov/2021:13:58:36 -0300] "GET /manager/html HTTP/1.1" 401 2474
190.171.149.90 - - [26/Nov/2021:13:58:37 -0300] "POST /cormun/servlet/trpermisosgoce?855fdad72949259143207d281218e14d,,gx-no-cache=1637945200448 HTTP/1.1" 200 8906
205.185.121.173 - - [26/Nov/2021:14:01:30 -0300] "GET /manager/html HTTP/1.1" 401 2474
205.185.121.173 - - [26/Nov/2021:14:04:22 -0300] "GET /manager/html HTTP/1.1" 401 2474
205.185.121.173 - - [26/Nov/2021:14:07:14 -0300] "GET /manager/html HTTP/1.1" 401 2474
190.171.143.82 - - [26/Nov/2021:14:08:50 -0300] "GET /cormun/servlet/hlogin HTTP/1.1" 200 1725
190.171.143.82 - - [26/Nov/2021:14:08:56 -0300] "POST /cormun/servlet/hlogin?3dde6d8dfefe900ebfb9e16da735769c,gx-no-cache=1637945818508 HTTP/1.1" 200 90
190.171.143.82 - - [26/Nov/2021:14:08:56 -0300] "GET /cormun/servlet/hpexe_link HTTP/1.1" 200 953
190.171.143.82 - - [26/Nov/2021:14:08:56 -0300] "GET /cormun/servlet/hhome HTTP/1.1" 200 4349
190.171.143.82 - - [26/Nov/2021:14:08:57 -0300] "GET /cormun/servlet/hhome HTTP/1.1" 200 4346
190.171.143.82 - - [26/Nov/2021:14:09:01 -0300] "GET /cormun/servlet/trpermisosgoce? HTTP/1.1" 200 12647
190.171.143.82 - - [26/Nov/2021:14:09:02 -0300] "GET /cormun/servlet/trpermisosgoce? HTTP/1.1" 200 12644
190.171.143.82 - - [26/Nov/2021:14:09:08 -0300] "GET /cormun/servlet/permisogoce?INS,0,,, HTTP/1.1" 200 7243
190.171.143.82 - - [26/Nov/2021:14:09:08 -0300] "GET /cormun/static/gxcfg.js?20201215124560 HTTP/1.1" 200 953
190.171.143.82 - - [26/Nov/2021:14:09:08 -0300] "GET /cormun/static/permisogoce.js?20201215124939 HTTP/1.1" 200 27919
190.171.143.82 - - [26/Nov/2021:14:09:08 -0300] "GET /cormun/static/Resources/prompt.gif HTTP/1.1" 200 902
190.171.143.82 - - [26/Nov/2021:14:09:09 -0300] "GET /cormun/servlet/permisogoce?INS,0,,, HTTP/1.1" 200 7243
190.171.143.82 - - [26/Nov/2021:14:09:10 -0300] "GET /cormun/static/Resources/resize.gif HTTP/1.1" 200 77
190.171.143.82 - - [26/Nov/2021:14:09:10 -0300] "GET /cormun/static/Resources/PXTools/ClosePrompt.png HTTP/1.1" 200 1036
190.171.143.82 - - [26/Nov/2021:14:09:11 -0300] "GET /cormun/servlet/prfichaempleado?,MD,,gxPopupLevel%3D0%3B HTTP/1.1" 200 9402
190.171.143.82 - - [26/Nov/2021:14:09:11 -0300] "GET /cormun/static/gxcfg.js?20201215571085 HTTP/1.1" 200 953
190.171.143.82 - - [26/Nov/2021:14:09:11 -0300] "GET /cormun/static/menusearch.js?20201214473581 HTTP/1.1" 200 1424
190.171.143.82 - - [26/Nov/2021:14:09:11 -0300] "GET /cormun/static/prfichaempleado.js?20201215572193 HTTP/1.1" 200 16006
190.171.143.82 - - [26/Nov/2021:14:09:12 -0300] "GET /cormun/static/hmpwkw011.js?20201215495555 HTTP/1.1" 200 1968
190.171.143.82 - - [26/Nov/2021:14:09:12 -0300] "GET /cormun/static/Resources/PXToolsMenuSearch.png HTTP/1.1" 200 336
190.171.143.82 - - [26/Nov/2021:14:09:12 -0300] "GET /cormun/static/Resources/PXToolsMenuSearchCancel.png HTTP/1.1" 200 306
190.171.143.82 - - [26/Nov/2021:14:09:24 -0300] "POST /cormun/servlet/prfichaempleado?3dde6d8dfefe900ebfb9e16da735769c,,MD,,gxPopupLevel%3D0%3B,gx-no-cache=1637945845923 HTTP/1.1" 200 3410
190.171.143.82 - - [26/Nov/2021:14:09:29 -0300] "GET /cormun/servlet/permisogoce?e05ea6cacd7e8c744f803979a84b62e75cff761a487383d57560eb4cc2d4b2c6c9fe816cd08b59d5a965185762e88aa51ec53dd733c3f8d8b5e34b76f186ea28,gx-no-cache=1637945851655 HTTP/1.1" 200 82
190.171.143.82 - - [26/Nov/2021:14:09:34 -0300] "GET /cormun/static/menuarrow.gif HTTP/1.1" 404 1015
190.171.143.82 - - [26/Nov/2021:14:09:44 -0300] "GET /cormun/servlet/permisogoce?e05ea6cacd7e8c744f803979a84b62e760052de88f570603d1ce1a2d1706b4fabbc1ac2d001921643c3225038073b697a99d67141d90c1bb48c8ed51c3c0e892,gx-no-cache=1637945866425 HTTP/1.1" 200 45
190.171.143.82 - - [26/Nov/2021:14:09:50 -0300] "POST /cormun/servlet/permisogoce?3dde6d8dfefe900ebfb9e16da735769c,INS,0,,,,gx-no-cache=1637945872001 HTTP/1.1" 200 93
190.171.143.82 - - [26/Nov/2021:14:09:50 -0300] "GET /cormun/servlet/hpexe_return? HTTP/1.1" 200 1010
190.171.143.82 - - [26/Nov/2021:14:09:50 -0300] "GET /cormun/static/gxcfg.js?201991422392976 HTTP/1.1" 200 953
190.171.143.82 - - [26/Nov/2021:14:09:50 -0300] "GET /cormun/static/hpexe_return.js?201991422392984 HTTP/1.1" 200 1633
190.171.143.82 - - [26/Nov/2021:14:09:50 -0300] "GET /cormun/servlet/trpermisosgoce HTTP/1.1" 200 12959
190.171.143.82 - - [26/Nov/2021:14:09:52 -0300] "GET /cormun/servlet/trpermisosgoce HTTP/1.1" 200 12940
190.171.143.82 - - [26/Nov/2021:14:09:56 -0300] "POST /cormun/servlet/trpermisosgoce?3dde6d8dfefe900ebfb9e16da735769c,gx-no-cache=1637945878613 HTTP/1.1" 200 10031
205.185.121.173 - - [26/Nov/2021:14:09:58 -0300] "GET /manager/html HTTP/1.1" 401 2474
190.171.143.82 - - [26/Nov/2021:14:10:10 -0300] "GET /cormun/servlet/apermisogoceprn?13957012,P,20211126135448,PU HTTP/1.1" 200 1655
190.171.149.74 - - [26/Nov/2021:14:10:36 -0300] "GET /cormun/servlet/hlogin HTTP/1.1" 200 1730
190.171.149.74 - - [26/Nov/2021:14:10:43 -0300] "POST /cormun/servlet/hlogin?b4974cad19ddbd0d9c8181cc4df0b54e,gx-no-cache=1637949576338 HTTP/1.1" 200 90
190.171.149.74 - - [26/Nov/2021:14:10:43 -0300] "GET /cormun/servlet/hpexe_link HTTP/1.1" 200 955
190.171.149.74 - - [26/Nov/2021:14:10:44 -0300] "GET /cormun/servlet/hhome HTTP/1.1" 200 3980
190.171.149.74 - - [26/Nov/2021:14:10:44 -0300] "GET /cormun/servlet/hhome HTTP/1.1" 200 3976
190.171.149.74 - - [26/Nov/2021:14:10:49 -0300] "GET /cormun/servlet/trpermisosgoce? HTTP/1.1" 200 15838
190.171.149.74 - - [26/Nov/2021:14:10:49 -0300] "GET /cormun/servlet/trpermisosgoce? HTTP/1.1" 200 15844
190.171.149.74 - - [26/Nov/2021:14:11:11 -0300] "GET /cormun/servlet/trpermisosadjuntos?9517647,20211124083341,P, HTTP/1.1" 200 6313
190.171.149.74 - - [26/Nov/2021:14:11:11 -0300] "GET /cormun/servlet/trpermisosadjuntos?9517647,20211124083341,P, HTTP/1.1" 200 6313
190.171.149.74 - - [26/Nov/2021:14:11:13 -0300] "GET /cormun/servlet/permisosadjuntos?INS,9517647,P,20211124083341,, HTTP/1.1" 200 5635
190.171.149.74 - - [26/Nov/2021:14:11:13 -0300] "GET /cormun/static/about:blank HTTP/1.1" 404 1011
190.171.149.74 - - [26/Nov/2021:14:11:14 -0300] "GET /cormun/servlet/permisosadjuntos?INS,9517647,P,20211124083341,, HTTP/1.1" 200 5625
190.171.149.74 - - [26/Nov/2021:14:11:26 -0300] "POST /cormun/servlet/permisosadjuntos?b4974cad19ddbd0d9c8181cc4df0b54e,INS,9517647,P,20211124083341,, HTTP/1.1" 200 116
190.171.149.74 - - [26/Nov/2021:14:11:26 -0300] "GET /cormun/servlet/hpexe_return? HTTP/1.1" 200 1040
190.171.149.74 - - [26/Nov/2021:14:11:27 -0300] "GET /cormun/servlet/trpermisosadjuntos?9517647,20211124083341,P, HTTP/1.1" 200 6801
190.171.149.74 - - [26/Nov/2021:14:11:27 -0300] "GET /cormun/servlet/trpermisosadjuntos?9517647,20211124083341,P, HTTP/1.1" 200 6798
190.171.149.74 - - [26/Nov/2021:14:11:30 -0300] "GET /cormun/servlet/trpermisosgoce? HTTP/1.1" 200 15818
190.171.149.74 - - [26/Nov/2021:14:11:31 -0300] "GET /cormun/servlet/trpermisosgoce? HTTP/1.1" 200 15832
190.171.149.74 - - [26/Nov/2021:14:11:36 -0300] "POST /cormun/servlet/trpermisosgoce?b4974cad19ddbd0d9c8181cc4df0b54e,,gx-no-cache=1637949629123 HTTP/1.1" 200 13118
190.171.149.74 - - [26/Nov/2021:14:11:37 -0300] "GET /cormun/static/Shared/jqueryui/images/ui-bg_highlight-soft_100_c6c2c8_1x100.png HTTP/1.1" 404 1117
190.171.149.74 - - [26/Nov/2021:14:11:37 -0300] "GET /cormun/static/Shared/jqueryui/images/ui-icons_82798d_256x240.png HTTP/1.1" 404 1089
190.171.149.74 - - [26/Nov/2021:14:11:37 -0300] "GET /cormun/static/Shared/jqueryui/images/ui-bg_flat_55_fafafa_40x100.png HTTP/1.1" 404 1097
190.171.149.74 - - [26/Nov/2021:14:11:37 -0300] "GET /cormun/static/Shared/jqueryui/images/ui-icons_8d78a5_256x240.png HTTP/1.1" 404 1089
190.171.149.74 - - [26/Nov/2021:14:12:50 -0300] "GET /cormun/servlet/hlogin HTTP/1.1" 200 1746
205.185.121.173 - - [26/Nov/2021:14:12:51 -0300] "GET /manager/html HTTP/1.1" 401 2474
190.171.149.74 - - [26/Nov/2021:14:13:00 -0300] "POST /cormun/servlet/hlogin?b4974cad19ddbd0d9c8181cc4df0b54e,gx-no-cache=1637949712667 HTTP/1.1" 200 90
190.171.149.74 - - [26/Nov/2021:14:13:00 -0300] "GET /cormun/servlet/hpexe_link HTTP/1.1" 200 955
190.171.149.74 - - [26/Nov/2021:14:13:00 -0300] "GET /cormun/servlet/hhome HTTP/1.1" 200 4232
190.171.149.74 - - [26/Nov/2021:14:13:00 -0300] "GET /cormun/static/SmoothNavMenu/resources/images/right.gif HTTP/1.1" 200 860
190.171.149.74 - - [26/Nov/2021:14:13:00 -0300] "GET /cormun/servlet/hhome HTTP/1.1" 200 4228
190.171.149.74 - - [26/Nov/2021:14:13:05 -0300] "GET /cormun/servlet/trautorizarpermisogoce? HTTP/1.1" 200 9632
190.171.149.74 - - [26/Nov/2021:14:13:05 -0300] "GET /cormun/static/gxcfg.js?2020121645532 HTTP/1.1" 200 953
190.171.149.74 - - [26/Nov/2021:14:13:05 -0300] "GET /cormun/static/trautorizarpermisogoce.js?2020121651492 HTTP/1.1" 200 34948
190.171.149.74 - - [26/Nov/2021:14:13:05 -0300] "GET /cormun/servlet/trautorizarpermisogoce? HTTP/1.1" 200 9630
190.171.149.74 - - [26/Nov/2021:14:13:16 -0300] "POST /cormun/servlet/trautorizarpermisogoce?b4974cad19ddbd0d9c8181cc4df0b54e,,gx-no-cache=1637949728586 HTTP/1.1" 200 6782
190.171.149.74 - - [26/Nov/2021:14:13:16 -0300] "GET /cormun/static/Shared/jqueryui/images/ui-bg_highlight-soft_100_c6c2c8_1x100.png HTTP/1.1" 404 1117
190.171.149.74 - - [26/Nov/2021:14:13:16 -0300] "GET /cormun/static/Shared/jqueryui/images/ui-icons_82798d_256x240.png HTTP/1.1" 404 1089
190.171.149.74 - - [26/Nov/2021:14:13:16 -0300] "GET /cormun/static/Shared/jqueryui/images/ui-icons_8d78a5_256x240.png HTTP/1.1" 404 1089
190.171.149.74 - - [26/Nov/2021:14:13:16 -0300] "GET /cormun/static/Shared/jqueryui/images/ui-bg_flat_55_fafafa_40x100.png HTTP/1.1" 404 1097
190.171.149.74 - - [26/Nov/2021:14:13:19 -0300] "POST /cormun/servlet/trautorizarpermisogoce?b4974cad19ddbd0d9c8181cc4df0b54e,,gx-no-cache=1637949731586 HTTP/1.1" 200 6574
190.171.149.74 - - [26/Nov/2021:14:13:21 -0300] "POST /cormun/servlet/trautorizarpermisogoce?b4974cad19ddbd0d9c8181cc4df0b54e,,gx-no-cache=1637949734202 HTTP/1.1" 200 6359
190.171.149.74 - - [26/Nov/2021:14:13:25 -0300] "POST /cormun/servlet/trautorizarpermisogoce?b4974cad19ddbd0d9c8181cc4df0b54e,,gx-no-cache=1637949737578 HTTP/1.1" 200 6194
190.171.149.74 - - [26/Nov/2021:14:13:29 -0300] "POST /cormun/servlet/trautorizarpermisogoce?b4974cad19ddbd0d9c8181cc4df0b54e,,gx-no-cache=1637949742057 HTTP/1.1" 200 5966
190.171.149.74 - - [26/Nov/2021:14:13:52 -0300] "GET /cormun/servlet/trpermisosadjuntos?13477280,20211109085745,P, HTTP/1.1" 200 7067
190.171.149.74 - - [26/Nov/2021:14:13:53 -0300] "GET /cormun/servlet/trpermisosadjuntos?13477280,20211109085745,P, HTTP/1.1" 200 7066
190.171.149.74 - - [26/Nov/2021:14:14:00 -0300] "GET /cormun/servlet/trautorizarpermisogoce? HTTP/1.1" 200 8610
190.171.149.74 - - [26/Nov/2021:14:14:01 -0300] "GET /cormun/servlet/trautorizarpermisogoce? HTTP/1.1" 200 8610
190.171.149.74 - - [26/Nov/2021:14:14:08 -0300] "POST /cormun/servlet/trautorizarpermisogoce?b4974cad19ddbd0d9c8181cc4df0b54e,,gx-no-cache=1637949781178 HTTP/1.1" 200 5586
190.171.149.74 - - [26/Nov/2021:14:14:08 -0300] "GET /cormun/static/Shared/jqueryui/images/ui-bg_highlight-soft_100_c6c2c8_1x100.png HTTP/1.1" 404 1117
190.171.149.74 - - [26/Nov/2021:14:14:08 -0300] "GET /cormun/static/Shared/jqueryui/images/ui-icons_82798d_256x240.png HTTP/1.1" 404 1089
190.171.149.74 - - [26/Nov/2021:14:14:08 -0300] "GET /cormun/static/Shared/jqueryui/images/ui-bg_flat_55_fafafa_40x100.png HTTP/1.1" 404 1097
190.171.149.74 - - [26/Nov/2021:14:14:08 -0300] "GET /cormun/static/Shared/jqueryui/images/ui-icons_8d78a5_256x240.png HTTP/1.1" 404 1089
190.171.149.74 - - [26/Nov/2021:14:14:15 -0300] "POST /cormun/servlet/trautorizarpermisogoce?b4974cad19ddbd0d9c8181cc4df0b54e,,gx-no-cache=1637949787891 HTTP/1.1" 200 5304
190.171.149.74 - - [26/Nov/2021:14:14:27 -0300] "GET /cormun/servlet/hlogin HTTP/1.1" 200 1753
205.185.121.173 - - [26/Nov/2021:14:15:37 -0300] "GET /manager/html HTTP/1.1" 401 2474
205.185.121.173 - - [26/Nov/2021:14:18:23 -0300] "GET /manager/html HTTP/1.1" 401 2474
205.185.121.173 - - [26/Nov/2021:14:21:04 -0300] "GET /manager/html HTTP/1.1" 401 2474
205.185.121.173 - - [26/Nov/2021:14:23:50 -0300] "GET /manager/html HTTP/1.1" 401 2474
205.185.121.173 - - [26/Nov/2021:14:26:34 -0300] "GET /manager/html HTTP/1.1" 401 2474
205.185.121.173 - - [26/Nov/2021:14:29:12 -0300] "GET /manager/html HTTP/1.1" 401 2474
190.171.149.74 - - [26/Nov/2021:14:30:25 -0300] "GET /cormun/servlet/trpermisosgoce? HTTP/1.1" 200 6201
190.171.149.74 - - [26/Nov/2021:14:30:26 -0300] "GET /cormun/servlet/hlogin HTTP/1.1" 200 1746
190.171.149.74 - - [26/Nov/2021:14:30:26 -0300] "GET /cormun/servlet/trpermisosgoce? HTTP/1.1" 200 6201
190.171.149.74 - - [26/Nov/2021:14:30:33 -0300] "POST /cormun/servlet/hlogin?b4974cad19ddbd0d9c8181cc4df0b54e,gx-no-cache=1637950765532 HTTP/1.1" 200 90
190.171.149.74 - - [26/Nov/2021:14:30:33 -0300] "GET /cormun/servlet/hpexe_link HTTP/1.1" 200 955
190.171.149.74 - - [26/Nov/2021:14:30:33 -0300] "GET /cormun/servlet/hhome HTTP/1.1" 200 3980
190.171.149.74 - - [26/Nov/2021:14:30:33 -0300] "GET /cormun/servlet/hhome HTTP/1.1" 200 3976
190.171.149.74 - - [26/Nov/2021:14:30:36 -0300] "GET /cormun/servlet/trlicencias? HTTP/1.1" 200 9982
190.171.149.74 - - [26/Nov/2021:14:30:36 -0300] "GET /cormun/servlet/trlicencias? HTTP/1.1" 200 9980
205.185.121.173 - - [26/Nov/2021:14:32:02 -0300] "GET /manager/html HTTP/1.1" 401 2474
190.171.149.74 - - [26/Nov/2021:14:34:10 -0300] "GET /cormun/static/menuarrow.gif HTTP/1.1" 404 1015
190.171.149.74 - - [26/Nov/2021:14:34:31 -0300] "GET /cormun/servlet/trpermisosgoce? HTTP/1.1" 200 15842
190.171.149.74 - - [26/Nov/2021:14:34:31 -0300] "GET /cormun/servlet/trpermisosgoce? HTTP/1.1" 200 15817
190.171.149.74 - - [26/Nov/2021:14:34:34 -0300] "GET /cormun/static/menuarrow.gif HTTP/1.1" 404 1015
5.188.210.227 - - [26/Nov/2021:14:34:44 -0300] "GET /echo.php HTTP/1.1" 404 977
205.185.121.173 - - [26/Nov/2021:14:34:47 -0300] "GET /manager/html HTTP/1.1" 401 2474
205.185.121.173 - - [26/Nov/2021:14:37:31 -0300] "GET /manager/html HTTP/1.1" 401 2474
205.185.121.173 - - [26/Nov/2021:14:40:15 -0300] "GET /manager/html HTTP/1.1" 401 2474
205.185.121.173 - - [26/Nov/2021:14:42:59 -0300] "GET /manager/html HTTP/1.1" 401 2474
190.171.141.138 - - [26/Nov/2021:14:43:51 -0300] "GET /cormun/servlet/hlogin HTTP/1.1" 200 1731
190.171.141.138 - - [26/Nov/2021:14:43:57 -0300] "POST /cormun/servlet/hlogin?d1a7b8fbddb53e0b018e7fb0620db514,gx-no-cache=1637947920925 HTTP/1.1" 200 90
190.171.141.138 - - [26/Nov/2021:14:43:57 -0300] "GET /cormun/servlet/hpexe_link HTTP/1.1" 200 955
190.171.141.138 - - [26/Nov/2021:14:43:58 -0300] "GET /cormun/servlet/hhome HTTP/1.1" 200 4472
190.171.141.138 - - [26/Nov/2021:14:43:59 -0300] "GET /cormun/servlet/hhome HTTP/1.1" 200 4470
190.171.141.138 - - [26/Nov/2021:14:44:05 -0300] "GET /cormun/servlet/trcargahoraria? HTTP/1.1" 200 8041
190.171.141.138 - - [26/Nov/2021:14:44:05 -0300] "GET /cormun/static/gxcfg.js?202012113392337 HTTP/1.1" 200 953
190.171.141.138 - - [26/Nov/2021:14:44:05 -0300] "GET /cormun/static/trcargahoraria.js?202012113392783 HTTP/1.1" 200 28768
190.171.141.138 - - [26/Nov/2021:14:44:05 -0300] "GET /cormun//static/Resources/PXToolsActionExcel.png HTTP/1.1" 200 727
190.171.141.138 - - [26/Nov/2021:14:44:05 -0300] "GET /cormun/servlet/trcargahoraria? HTTP/1.1" 200 8039
190.171.141.138 - - [26/Nov/2021:14:44:18 -0300] "GET /cormun/servlet/trlicencias? HTTP/1.1" 200 13109
190.171.141.138 - - [26/Nov/2021:14:44:19 -0300] "GET /cormun/servlet/trlicencias? HTTP/1.1" 200 13103
190.171.141.138 - - [26/Nov/2021:14:44:23 -0300] "POST /cormun/servlet/trlicencias?d1a7b8fbddb53e0b018e7fb0620db514,,gx-no-cache=1637947947117 HTTP/1.1" 200 10572
190.171.141.138 - - [26/Nov/2021:14:44:33 -0300] "GET /cormun/servlet/trautorizarpermisogoce? HTTP/1.1" 200 7315
190.171.141.138 - - [26/Nov/2021:14:44:34 -0300] "GET /cormun/servlet/trautorizarpermisogoce? HTTP/1.1" 200 7315
190.171.141.138 - - [26/Nov/2021:14:44:37 -0300] "GET /cormun/servlet/trpermisosgoce? HTTP/1.1" 200 12849
190.171.141.138 - - [26/Nov/2021:14:44:37 -0300] "GET /cormun/servlet/trpermisosgoce? HTTP/1.1" 200 12838
190.171.141.138 - - [26/Nov/2021:14:44:41 -0300] "GET /cormun/servlet/permisogoce?INS,0,,, HTTP/1.1" 200 7371
190.171.141.138 - - [26/Nov/2021:14:44:42 -0300] "GET /cormun/servlet/permisogoce?INS,0,,, HTTP/1.1" 200 7371
190.171.141.138 - - [26/Nov/2021:14:44:47 -0300] "GET /cormun/static/Resources/resize.gif HTTP/1.1" 200 77
190.171.141.138 - - [26/Nov/2021:14:44:47 -0300] "GET /cormun/static/Resources/PXTools/ClosePrompt.png HTTP/1.1" 200 1036
190.171.141.138 - - [26/Nov/2021:14:44:48 -0300] "GET /cormun/servlet/prfichaempleado?,MD,,gxPopupLevel%3D0%3B HTTP/1.1" 200 9525
190.171.141.138 - - [26/Nov/2021:14:44:48 -0300] "GET /cormun/static/gxcfg.js?20201215571085 HTTP/1.1" 200 953
190.171.141.138 - - [26/Nov/2021:14:44:48 -0300] "GET /cormun/static/menusearch.js?20201214473581 HTTP/1.1" 200 1424
190.171.141.138 - - [26/Nov/2021:14:44:48 -0300] "GET /cormun/static/prfichaempleado.js?20201215572193 HTTP/1.1" 200 16006
190.171.141.138 - - [26/Nov/2021:14:44:48 -0300] "GET /cormun/static/hmpwkw011.js?20201215495555 HTTP/1.1" 200 1968
190.171.141.138 - - [26/Nov/2021:14:44:48 -0300] "GET /cormun/static/Resources/PXToolsMenuSearch.png HTTP/1.1" 200 336
190.171.141.138 - - [26/Nov/2021:14:44:48 -0300] "GET /cormun/static/Resources/PXToolsMenuSearchCancel.png HTTP/1.1" 200 306
190.171.141.138 - - [26/Nov/2021:14:44:59 -0300] "GET /cormun/servlet/permisogoce?29830c3faaf13d576839bcdb65171ceaea21bf19ae37a04ae18db4a28fad4f220d0acc00d49d611b58a906bea438bb904933d2e300559a61fc6c004796704ad6,gx-no-cache=1637947982686 HTTP/1.1" 200 80
190.171.141.138 - - [26/Nov/2021:14:45:00 -0300] "GET /cormun/static/menuarrow.gif HTTP/1.1" 404 1015
190.171.141.138 - - [26/Nov/2021:14:45:03 -0300] "GET /cormun/servlet/permisogoce?29830c3faaf13d576839bcdb65171cea4ef83136cd4c6943d98d486a238e5dcf641dcbd067a5d30de7691861030ede3189f038f2692a6ccdcfc7707ed5df638e,gx-no-cache=1637947986937 HTTP/1.1" 200 47
190.171.141.138 - - [26/Nov/2021:14:45:20 -0300] "POST /cormun/servlet/permisogoce?d1a7b8fbddb53e0b018e7fb0620db514,INS,0,,,,gx-no-cache=1637948004047 HTTP/1.1" 200 93
190.171.141.138 - - [26/Nov/2021:14:45:21 -0300] "GET /cormun/servlet/hpexe_return? HTTP/1.1" 200 1013
190.171.141.138 - - [26/Nov/2021:14:45:21 -0300] "GET /cormun/servlet/trpermisosgoce HTTP/1.1" 200 13165
190.171.141.138 - - [26/Nov/2021:14:45:22 -0300] "GET /cormun/servlet/trpermisosgoce HTTP/1.1" 200 13148
190.171.141.138 - - [26/Nov/2021:14:45:24 -0300] "GET /cormun/servlet/permisogoce?INS,0,,, HTTP/1.1" 200 7371
190.171.141.138 - - [26/Nov/2021:14:45:24 -0300] "GET /cormun/servlet/permisogoce?INS,0,,, HTTP/1.1" 200 7371
190.171.141.138 - - [26/Nov/2021:14:45:31 -0300] "GET /cormun/servlet/permisogoce?29830c3faaf13d576839bcdb65171cea7abd9e221b914690f95be3d7db98f4f50d0acc00d49d611b58a906bea438bb904933d2e300559a61fc6c004796704ad6,gx-no-cache=1637948015325 HTTP/1.1" 200 226
190.171.141.138 - - [26/Nov/2021:14:45:31 -0300] "GET /cormun/static/Shared/jqueryui/images/ui-bg_highlight-soft_100_c6c2c8_1x100.png HTTP/1.1" 404 1117
190.171.141.138 - - [26/Nov/2021:14:45:31 -0300] "GET /cormun/static/Shared/jqueryui/images/ui-icons_82798d_256x240.png HTTP/1.1" 404 1089
190.171.141.138 - - [26/Nov/2021:14:45:31 -0300] "GET /cormun/static/Shared/jqueryui/images/ui-bg_flat_55_994d53_40x100.png HTTP/1.1" 404 1097
190.171.141.138 - - [26/Nov/2021:14:45:31 -0300] "GET /cormun/static/Shared/jqueryui/images/ui-icons_ebccce_256x240.png HTTP/1.1" 404 1089
190.171.141.138 - - [26/Nov/2021:14:45:37 -0300] "GET /cormun/servlet/permisogoce?29830c3faaf13d576839bcdb65171cea8a04cec40fe082f2c7b9da066d7009100d0acc00d49d611b58a906bea438bb904933d2e300559a61fc6c004796704ad6,gx-no-cache=1637948020693 HTTP/1.1" 200 80
190.171.141.138 - - [26/Nov/2021:14:45:38 -0300] "GET /cormun/static/menuarrow.gif HTTP/1.1" 404 1015
190.171.141.138 - - [26/Nov/2021:14:45:40 -0300] "GET /cormun/servlet/permisogoce?29830c3faaf13d576839bcdb65171cea3bce3d9e89eb04fc7d6cce603bf6e1255b4ea5b09fa278b63d441f1bff3fdd4e89f038f2692a6ccdcfc7707ed5df638e,gx-no-cache=1637948024284 HTTP/1.1" 200 129
205.185.121.173 - - [26/Nov/2021:14:45:50 -0300] "GET /manager/html HTTP/1.1" 401 2474
190.171.141.138 - - [26/Nov/2021:14:45:53 -0300] "GET /cormun/servlet/permisogoce?29830c3faaf13d576839bcdb65171cea3bce3d9e89eb04fc7d6cce603bf6e1256270044526720c89371607096e08f9c089f038f2692a6ccdcfc7707ed5df638e,gx-no-cache=1637948037045 HTTP/1.1" 200 46
190.171.141.138 - - [26/Nov/2021:14:45:54 -0300] "POST /cormun/servlet/permisogoce?d1a7b8fbddb53e0b018e7fb0620db514,INS,0,,,,gx-no-cache=1637948038197 HTTP/1.1" 200 93
190.171.141.138 - - [26/Nov/2021:14:45:55 -0300] "GET /cormun/servlet/hpexe_return? HTTP/1.1" 200 1013
190.171.141.138 - - [26/Nov/2021:14:45:55 -0300] "GET /cormun/servlet/trpermisosgoce HTTP/1.1" 200 13411
190.171.141.138 - - [26/Nov/2021:14:45:56 -0300] "GET /cormun/servlet/trpermisosgoce HTTP/1.1" 200 13413
190.171.141.138 - - [26/Nov/2021:14:46:00 -0300] "GET /cormun/servlet/apermisogoceprn?13097736,P,20211126143104,PU HTTP/1.1" 200 1685
190.171.141.138 - - [26/Nov/2021:14:46:10 -0300] "GET /cormun/servlet/apermisogoceprn?12693082,P,20211126143021,PU HTTP/1.1" 200 1668
190.171.149.74 - - [26/Nov/2021:14:46:20 -0300] "POST /cormun/servlet/trpermisosgoce?b4974cad19ddbd0d9c8181cc4df0b54e,,gx-no-cache=1637951713131 HTTP/1.1" 200 16221
190.171.149.74 - - [26/Nov/2021:14:46:21 -0300] "GET /cormun/static/Resources/PXToolsGridNext.gif HTTP/1.1" 200 369
190.171.149.74 - - [26/Nov/2021:14:46:21 -0300] "GET /cormun/static/Resources/PXToolsGridLast.gif HTTP/1.1" 200 370
190.171.149.74 - - [26/Nov/2021:14:46:39 -0300] "POST /cormun/servlet/trpermisosgoce?b4974cad19ddbd0d9c8181cc4df0b54e,,gx-no-cache=1637951731702 HTTP/1.1" 200 4196
190.171.149.74 - - [26/Nov/2021:14:47:01 -0300] "POST /cormun/servlet/trpermisosgoce?b4974cad19ddbd0d9c8181cc4df0b54e,,gx-no-cache=1637951753571 HTTP/1.1" 200 5039
190.171.149.74 - - [26/Nov/2021:14:47:16 -0300] "POST /cormun/servlet/trpermisosgoce?b4974cad19ddbd0d9c8181cc4df0b54e,,gx-no-cache=1637951769083 HTTP/1.1" 200 5294
190.171.149.74 - - [26/Nov/2021:14:47:34 -0300] "POST /cormun/servlet/trpermisosgoce?b4974cad19ddbd0d9c8181cc4df0b54e,,gx-no-cache=1637951786587 HTTP/1.1" 200 4197
190.171.149.74 - - [26/Nov/2021:14:47:48 -0300] "POST /cormun/servlet/trpermisosgoce?b4974cad19ddbd0d9c8181cc4df0b54e,,gx-no-cache=1637951801163 HTTP/1.1" 200 5466
190.171.149.74 - - [26/Nov/2021:14:48:13 -0300] "POST /cormun/servlet/trpermisosgoce?b4974cad19ddbd0d9c8181cc4df0b54e,,gx-no-cache=1637951825818 HTTP/1.1" 200 5503
190.171.149.74 - - [26/Nov/2021:14:48:28 -0300] "POST /cormun/servlet/trpermisosgoce?b4974cad19ddbd0d9c8181cc4df0b54e,,gx-no-cache=1637951841306 HTTP/1.1" 200 4196
205.185.121.173 - - [26/Nov/2021:14:48:44 -0300] "GET /manager/html HTTP/1.1" 401 2474
205.185.121.173 - - [26/Nov/2021:14:51:29 -0300] "GET /manager/html HTTP/1.1" 401 2474
190.171.149.74 - - [26/Nov/2021:14:52:51 -0300] "POST /cormun/servlet/trpermisosgoce?b4974cad19ddbd0d9c8181cc4df0b54e,,gx-no-cache=1637952104363 HTTP/1.1" 200 4196
190.171.149.74 - - [26/Nov/2021:14:53:06 -0300] "POST /cormun/servlet/trpermisosgoce?b4974cad19ddbd0d9c8181cc4df0b54e,,gx-no-cache=1637952118810 HTTP/1.1" 200 5502
190.171.141.138 - - [26/Nov/2021:14:53:22 -0300] "GET /cormun/servlet/hlogin HTTP/1.1" 200 1731
205.185.121.173 - - [26/Nov/2021:14:54:10 -0300] "GET /manager/html HTTP/1.1" 401 2474
190.171.149.74 - - [26/Nov/2021:14:54:22 -0300] "POST /cormun/servlet/trpermisosgoce?b4974cad19ddbd0d9c8181cc4df0b54e,,gx-no-cache=1637952195322 HTTP/1.1" 200 5038
190.171.149.74 - - [26/Nov/2021:14:54:38 -0300] "POST /cormun/servlet/trpermisosgoce?b4974cad19ddbd0d9c8181cc4df0b54e,,gx-no-cache=1637952211210 HTTP/1.1" 200 4196
190.171.149.74 - - [26/Nov/2021:14:54:49 -0300] "POST /cormun/servlet/trpermisosgoce?b4974cad19ddbd0d9c8181cc4df0b54e,,gx-no-cache=1637952222170 HTTP/1.1" 200 5057
190.171.149.74 - - [26/Nov/2021:14:55:11 -0300] "POST /cormun/servlet/trpermisosgoce?b4974cad19ddbd0d9c8181cc4df0b54e,,gx-no-cache=1637952243674 HTTP/1.1" 200 5470
190.171.149.74 - - [26/Nov/2021:14:55:38 -0300] "POST /cormun/servlet/trpermisosgoce?b4974cad19ddbd0d9c8181cc4df0b54e,,gx-no-cache=1637952271219 HTTP/1.1" 200 5297
190.171.149.74 - - [26/Nov/2021:14:55:52 -0300] "POST /cormun/servlet/trpermisosgoce?b4974cad19ddbd0d9c8181cc4df0b54e,,gx-no-cache=1637952284955 HTTP/1.1" 200 5062
109.234.153.131 - - [26/Nov/2021:14:56:08 -0300] "CONNECT 52.20.78.240:80 HTTP/1.1" 400 -
190.171.149.74 - - [26/Nov/2021:14:56:08 -0300] "POST /cormun/servlet/trpermisosgoce?b4974cad19ddbd0d9c8181cc4df0b54e,,gx-no-cache=1637952301395 HTTP/1.1" 200 4195
109.234.153.131 - - [26/Nov/2021:14:56:18 -0300] "POST /?Z79498556572Q1 HTTP/1.1" 200 11217
190.171.149.74 - - [26/Nov/2021:14:56:27 -0300] "POST /cormun/servlet/trpermisosgoce?b4974cad19ddbd0d9c8181cc4df0b54e,,gx-no-cache=1637952320178 HTTP/1.1" 200 5497
205.185.121.173 - - [26/Nov/2021:14:56:46 -0300] "GET /manager/html HTTP/1.1" 401 2474
190.171.149.74 - - [26/Nov/2021:14:56:47 -0300] "POST /cormun/servlet/trpermisosgoce?b4974cad19ddbd0d9c8181cc4df0b54e,,gx-no-cache=1637952340106 HTTP/1.1" 200 5040
190.171.149.74 - - [26/Nov/2021:14:57:04 -0300] "POST /cormun/servlet/trpermisosgoce?b4974cad19ddbd0d9c8181cc4df0b54e,,gx-no-cache=1637952356963 HTTP/1.1" 200 4195
190.171.149.74 - - [26/Nov/2021:14:57:29 -0300] "POST /cormun/servlet/trpermisosgoce?b4974cad19ddbd0d9c8181cc4df0b54e,,gx-no-cache=1637952381554 HTTP/1.1" 200 5726
190.171.149.74 - - [26/Nov/2021:14:57:51 -0300] "POST /cormun/servlet/trpermisosgoce?b4974cad19ddbd0d9c8181cc4df0b54e,,gx-no-cache=1637952404282 HTTP/1.1" 200 4196
190.171.149.74 - - [26/Nov/2021:14:58:03 -0300] "POST /cormun/servlet/trpermisosgoce?b4974cad19ddbd0d9c8181cc4df0b54e,,gx-no-cache=1637952416090 HTTP/1.1" 200 4193
190.171.149.74 - - [26/Nov/2021:14:58:14 -0300] "POST /cormun/servlet/trpermisosgoce?b4974cad19ddbd0d9c8181cc4df0b54e,,gx-no-cache=1637952427370 HTTP/1.1" 200 5503
190.171.149.74 - - [26/Nov/2021:14:58:38 -0300] "POST /cormun/servlet/trpermisosgoce?b4974cad19ddbd0d9c8181cc4df0b54e,,gx-no-cache=1637952451274 HTTP/1.1" 200 5480
190.171.149.74 - - [26/Nov/2021:14:59:02 -0300] "POST /cormun/servlet/trpermisosgoce?b4974cad19ddbd0d9c8181cc4df0b54e,,gx-no-cache=1637952474851 HTTP/1.1" 200 5072
190.171.149.74 - - [26/Nov/2021:14:59:13 -0300] "POST /cormun/servlet/trpermisosgoce?b4974cad19ddbd0d9c8181cc4df0b54e,,gx-no-cache=1637952486291 HTTP/1.1" 200 5060
205.185.121.173 - - [26/Nov/2021:14:59:22 -0300] "GET /manager/html HTTP/1.1" 401 2474
190.171.149.74 - - [26/Nov/2021:14:59:34 -0300] "POST /cormun/servlet/trpermisosgoce?b4974cad19ddbd0d9c8181cc4df0b54e,,gx-no-cache=1637952506579 HTTP/1.1" 200 5723
190.171.149.74 - - [26/Nov/2021:14:59:58 -0300] "POST /cormun/servlet/trpermisosgoce?b4974cad19ddbd0d9c8181cc4df0b54e,,gx-no-cache=1637952530707 HTTP/1.1" 200 4197
190.171.149.74 - - [26/Nov/2021:15:00:10 -0300] "POST /cormun/servlet/trpermisosgoce?b4974cad19ddbd0d9c8181cc4df0b54e,,gx-no-cache=1637952542978 HTTP/1.1" 200 4196
190.171.149.74 - - [26/Nov/2021:15:00:20 -0300] "POST /cormun/servlet/trpermisosgoce?b4974cad19ddbd0d9c8181cc4df0b54e,,gx-no-cache=1637952552986 HTTP/1.1" 200 4197
190.171.149.74 - - [26/Nov/2021:15:00:32 -0300] "POST /cormun/servlet/trpermisosgoce?b4974cad19ddbd0d9c8181cc4df0b54e,,gx-no-cache=1637952564498 HTTP/1.1" 200 5481
190.171.149.74 - - [26/Nov/2021:15:00:48 -0300] "POST /cormun/servlet/trpermisosgoce?b4974cad19ddbd0d9c8181cc4df0b54e,,gx-no-cache=1637952581426 HTTP/1.1" 200 5038
190.171.149.74 - - [26/Nov/2021:15:01:03 -0300] "POST /cormun/servlet/trpermisosgoce?b4974cad19ddbd0d9c8181cc4df0b54e,,gx-no-cache=1637952596394 HTTP/1.1" 200 5600
190.171.149.74 - - [26/Nov/2021:15:01:26 -0300] "POST /cormun/servlet/trpermisosgoce?b4974cad19ddbd0d9c8181cc4df0b54e,,gx-no-cache=1637952619346 HTTP/1.1" 200 5539
190.171.149.74 - - [26/Nov/2021:15:01:42 -0300] "POST /cormun/servlet/trpermisosgoce?b4974cad19ddbd0d9c8181cc4df0b54e,,gx-no-cache=1637952635402 HTTP/1.1" 200 5047
190.171.149.74 - - [26/Nov/2021:15:02:00 -0300] "POST /cormun/servlet/trpermisosgoce?b4974cad19ddbd0d9c8181cc4df0b54e,,gx-no-cache=1637952653195 HTTP/1.1" 200 4198
205.185.121.173 - - [26/Nov/2021:15:02:02 -0300] "GET /manager/html HTTP/1.1" 401 2474
190.171.149.74 - - [26/Nov/2021:15:02:14 -0300] "POST /cormun/servlet/trpermisosgoce?b4974cad19ddbd0d9c8181cc4df0b54e,,gx-no-cache=1637952666475 HTTP/1.1" 200 5033
190.171.149.74 - - [26/Nov/2021:15:02:27 -0300] "POST /cormun/servlet/trpermisosgoce?b4974cad19ddbd0d9c8181cc4df0b54e,,gx-no-cache=1637952679915 HTTP/1.1" 200 5480
190.171.149.74 - - [26/Nov/2021:15:02:42 -0300] "POST /cormun/servlet/trpermisosgoce?b4974cad19ddbd0d9c8181cc4df0b54e,,gx-no-cache=1637952694771 HTTP/1.1" 200 5270
190.171.149.74 - - [26/Nov/2021:15:02:58 -0300] "POST /cormun/servlet/trpermisosgoce?b4974cad19ddbd0d9c8181cc4df0b54e,,gx-no-cache=1637952711259 HTTP/1.1" 200 5032
190.171.149.74 - - [26/Nov/2021:15:03:14 -0300] "POST /cormun/servlet/trpermisosgoce?b4974cad19ddbd0d9c8181cc4df0b54e,,gx-no-cache=1637952727186 HTTP/1.1" 200 5509
190.171.149.74 - - [26/Nov/2021:15:03:40 -0300] "POST /cormun/servlet/trpermisosgoce?b4974cad19ddbd0d9c8181cc4df0b54e,,gx-no-cache=1637952752499 HTTP/1.1" 200 4197
190.171.149.74 - - [26/Nov/2021:15:03:52 -0300] "POST /cormun/servlet/trpermisosgoce?b4974cad19ddbd0d9c8181cc4df0b54e,,gx-no-cache=1637952764467 HTTP/1.1" 200 4196
190.171.149.74 - - [26/Nov/2021:15:04:03 -0300] "POST /cormun/servlet/trpermisosgoce?b4974cad19ddbd0d9c8181cc4df0b54e,,gx-no-cache=1637952776171 HTTP/1.1" 200 5070
190.171.149.74 - - [26/Nov/2021:15:04:15 -0300] "POST /cormun/servlet/trpermisosgoce?b4974cad19ddbd0d9c8181cc4df0b54e,,gx-no-cache=1637952788115 HTTP/1.1" 200 5691
205.185.121.173 - - [26/Nov/2021:15:04:44 -0300] "GET /manager/html HTTP/1.1" 401 2474
205.185.121.173 - - [26/Nov/2021:15:07:34 -0300] "GET /manager/html HTTP/1.1" 401 2474
190.171.149.74 - - [26/Nov/2021:15:10:01 -0300] "POST /cormun/servlet/trpermisosgoce?b4974cad19ddbd0d9c8181cc4df0b54e,,gx-no-cache=1637953133707 HTTP/1.1" 200 4196
190.171.149.74 - - [26/Nov/2021:15:10:18 -0300] "POST /cormun/servlet/trpermisosgoce?b4974cad19ddbd0d9c8181cc4df0b54e,,gx-no-cache=1637953150612 HTTP/1.1" 200 4196
190.171.142.10 - - [26/Nov/2021:15:10:18 -0300] "POST /cormun/servlet/trlicencias?d651c0268913d395062ddd029eadea06,gx-no-cache=1637949500612 HTTP/1.1" 440 972
190.171.142.10 - - [26/Nov/2021:15:10:20 -0300] "GET /cormun/servlet/trlicencias HTTP/1.1" 200 6037
190.171.142.10 - - [26/Nov/2021:15:10:22 -0300] "GET /cormun/servlet/trlicencias HTTP/1.1" 200 6037
190.171.142.10 - - [26/Nov/2021:15:10:22 -0300] "GET /cormun/servlet/hlogin HTTP/1.1" 200 1741
205.185.121.173 - - [26/Nov/2021:15:10:30 -0300] "GET /manager/html HTTP/1.1" 401 2474
190.171.142.10 - - [26/Nov/2021:15:10:34 -0300] "POST /cormun/servlet/hlogin?d82aba0b1138fbe5dced29aa84192ff7,gx-no-cache=1637949516155 HTTP/1.1" 200 90
190.171.142.10 - - [26/Nov/2021:15:10:34 -0300] "GET /cormun/servlet/hpexe_link HTTP/1.1" 200 955
190.171.142.10 - - [26/Nov/2021:15:10:35 -0300] "GET /cormun/servlet/trlicencias HTTP/1.1" 200 13458
190.171.142.10 - - [26/Nov/2021:15:10:36 -0300] "GET /cormun/servlet/trlicencias HTTP/1.1" 200 13454
205.185.121.173 - - [26/Nov/2021:15:13:18 -0300] "GET /manager/html HTTP/1.1" 401 2474
190.171.153.26 - - [26/Nov/2021:15:14:23 -0300] "GET /cormun/servlet/trautorizarsolicitud? HTTP/1.1" 200 6223
190.171.153.26 - - [26/Nov/2021:15:14:24 -0300] "GET /cormun/servlet/hlogin HTTP/1.1" 200 1750
190.171.153.26 - - [26/Nov/2021:15:14:24 -0300] "GET /cormun/servlet/trautorizarsolicitud? HTTP/1.1" 200 6216
190.171.153.26 - - [26/Nov/2021:15:14:30 -0300] "POST /cormun/servlet/hlogin?a02f567c8138ec71f43b2e751e005bdc,gx-no-cache=1637949747859 HTTP/1.1" 200 90
190.171.153.26 - - [26/Nov/2021:15:14:30 -0300] "GET /cormun/servlet/hpexe_link HTTP/1.1" 200 964
190.171.153.26 - - [26/Nov/2021:15:14:30 -0300] "GET /cormun/servlet/trautorizarsolicitud HTTP/1.1" 200 7226
190.171.153.26 - - [26/Nov/2021:15:14:30 -0300] "GET /cormun/servlet/trautorizarsolicitud HTTP/1.1" 200 7225
190.171.153.26 - - [26/Nov/2021:15:14:36 -0300] "GET /cormun/servlet/trautorizarsolicitud? HTTP/1.1" 200 7225
190.171.153.26 - - [26/Nov/2021:15:14:36 -0300] "GET /cormun/servlet/trautorizarsolicitud? HTTP/1.1" 200 7225
190.171.153.26 - - [26/Nov/2021:15:14:39 -0300] "GET /cormun/static/menuarrow.gif HTTP/1.1" 404 1015
205.185.121.173 - - [26/Nov/2021:15:16:06 -0300] "GET /manager/html HTTP/1.1" 401 2474
205.185.121.173 - - [26/Nov/2021:15:18:48 -0300] "GET /manager/html HTTP/1.1" 401 2474
205.185.121.173 - - [26/Nov/2021:15:21:26 -0300] "GET /manager/html HTTP/1.1" 401 2474
205.185.121.173 - - [26/Nov/2021:15:24:06 -0300] "GET /manager/html HTTP/1.1" 401 2474
190.171.141.82 - - [26/Nov/2021:15:26:12 -0300] "GET /cormun/servlet/trpermisosgoce? HTTP/1.1" 200 6021
190.171.141.82 - - [26/Nov/2021:15:26:14 -0300] "GET /cormun/servlet/trpermisosgoce? HTTP/1.1" 200 6021
190.171.141.82 - - [26/Nov/2021:15:26:14 -0300] "GET /cormun/servlet/hlogin HTTP/1.1" 200 1743
190.171.141.82 - - [26/Nov/2021:15:26:14 -0300] "GET /cormun/servlet/trpermisosgoce? HTTP/1.1" 200 6021
190.171.141.82 - - [26/Nov/2021:15:26:26 -0300] "POST /cormun/servlet/hlogin?986887c0f8575296f1a2046c8c42294c,gx-no-cache=1637950467373 HTTP/1.1" 200 90
190.171.141.82 - - [26/Nov/2021:15:26:26 -0300] "GET /cormun/servlet/hpexe_link HTTP/1.1" 200 955
190.171.141.82 - - [26/Nov/2021:15:26:26 -0300] "GET /cormun/servlet/trpermisosgoce HTTP/1.1" 200 11022
190.171.141.82 - - [26/Nov/2021:15:26:28 -0300] "GET /cormun/servlet/trpermisosgoce HTTP/1.1" 200 11021
190.171.141.82 - - [26/Nov/2021:15:26:34 -0300] "GET /cormun/servlet/permisogoce?INS,0,,, HTTP/1.1" 200 6812
190.171.141.82 - - [26/Nov/2021:15:26:36 -0300] "GET /cormun/servlet/permisogoce?INS,0,,, HTTP/1.1" 200 6812
190.171.141.82 - - [26/Nov/2021:15:26:50 -0300] "GET /cormun/servlet/permisogoce?af25298fc45ad3a4e22c0c437ac5dcfd4f6052dada462d75f387756d1e1c6ceff6f71cc202120a0c5fb99a4af54310588ae4cd6f1e1af7bb83db04a690dd7152,gx-no-cache=1637950491269 HTTP/1.1" 200 79
205.185.121.173 - - [26/Nov/2021:15:26:50 -0300] "GET /manager/html HTTP/1.1" 401 2474
190.171.141.82 - - [26/Nov/2021:15:27:05 -0300] "GET /cormun/servlet/permisogoce?af25298fc45ad3a4e22c0c437ac5dcfd584533bc7d92f82285155d83e3b7be8014e167d740f3620f31ffc12beaddb142dcede7dc0c54caf2107732b02be4ae5a,gx-no-cache=1637950506982 HTTP/1.1" 200 47
190.171.141.82 - - [26/Nov/2021:15:27:17 -0300] "POST /cormun/servlet/permisogoce?986887c0f8575296f1a2046c8c42294c,INS,0,,,,gx-no-cache=1637950517892 HTTP/1.1" 200 93
190.171.141.82 - - [26/Nov/2021:15:27:17 -0300] "GET /cormun/servlet/hpexe_return? HTTP/1.1" 200 1008
190.171.141.82 - - [26/Nov/2021:15:27:17 -0300] "GET /cormun/servlet/trpermisosgoce HTTP/1.1" 200 11236
190.171.141.82 - - [26/Nov/2021:15:27:19 -0300] "GET /cormun/servlet/trpermisosgoce HTTP/1.1" 200 11231
190.171.141.82 - - [26/Nov/2021:15:27:25 -0300] "GET /cormun/servlet/permisogoce?INS,0,,, HTTP/1.1" 200 6812
190.171.141.82 - - [26/Nov/2021:15:27:26 -0300] "GET /cormun/servlet/permisogoce?INS,0,,, HTTP/1.1" 200 6812
190.171.141.82 - - [26/Nov/2021:15:27:39 -0300] "GET /cormun/servlet/permisogoce?af25298fc45ad3a4e22c0c437ac5dcfdc2ea688b4e8c71898ec8d8dd153150daf6f71cc202120a0c5fb99a4af54310588ae4cd6f1e1af7bb83db04a690dd7152,gx-no-cache=1637950540443 HTTP/1.1" 200 83
190.171.141.82 - - [26/Nov/2021:15:27:46 -0300] "GET /cormun/servlet/permisogoce?af25298fc45ad3a4e22c0c437ac5dcfd958c8910aab2d64a93fd75563c243e34ddaa1d7319b084fb2524d29a8f3de856dcede7dc0c54caf2107732b02be4ae5a,gx-no-cache=1637950547689 HTTP/1.1" 200 48
190.171.141.82 - - [26/Nov/2021:15:27:51 -0300] "POST /cormun/servlet/permisogoce?986887c0f8575296f1a2046c8c42294c,INS,0,,,,gx-no-cache=1637950552568 HTTP/1.1" 200 93
190.171.141.82 - - [26/Nov/2021:15:27:51 -0300] "GET /cormun/servlet/hpexe_return? HTTP/1.1" 200 1008
190.171.141.82 - - [26/Nov/2021:15:27:52 -0300] "GET /cormun/servlet/trpermisosgoce HTTP/1.1" 200 11498
190.171.141.82 - - [26/Nov/2021:15:27:53 -0300] "GET /cormun/servlet/trpermisosgoce HTTP/1.1" 200 11494
190.171.141.82 - - [26/Nov/2021:15:27:56 -0300] "GET /cormun/servlet/permisogoce?INS,0,,, HTTP/1.1" 200 6812
190.171.141.82 - - [26/Nov/2021:15:27:57 -0300] "GET /cormun/servlet/permisogoce?INS,0,,, HTTP/1.1" 200 6812
190.171.141.82 - - [26/Nov/2021:15:28:10 -0300] "GET /cormun/servlet/permisogoce?af25298fc45ad3a4e22c0c437ac5dcfd7d226680c3378768f6d7ee10b00cb8bdf6f71cc202120a0c5fb99a4af54310588ae4cd6f1e1af7bb83db04a690dd7152,gx-no-cache=1637950571537 HTTP/1.1" 200 81
190.171.141.82 - - [26/Nov/2021:15:28:19 -0300] "GET /cormun/servlet/permisogoce?af25298fc45ad3a4e22c0c437ac5dcfd62d064867f92b0011ac9a754d238b2fecd0349c25824b0aba03621258f61c99adcede7dc0c54caf2107732b02be4ae5a,gx-no-cache=1637950580892 HTTP/1.1" 200 47
190.171.141.82 - - [26/Nov/2021:15:28:22 -0300] "POST /cormun/servlet/permisogoce?986887c0f8575296f1a2046c8c42294c,INS,0,,,,gx-no-cache=1637950583167 HTTP/1.1" 200 93
190.171.141.82 - - [26/Nov/2021:15:28:22 -0300] "GET /cormun/servlet/hpexe_return? HTTP/1.1" 200 1008
190.171.141.82 - - [26/Nov/2021:15:28:22 -0300] "GET /cormun/servlet/trpermisosgoce HTTP/1.1" 200 11727
190.171.141.82 - - [26/Nov/2021:15:28:24 -0300] "GET /cormun/servlet/trpermisosgoce HTTP/1.1" 200 11722
190.171.141.82 - - [26/Nov/2021:15:28:30 -0300] "GET /cormun/servlet/apermisogoceprn?16492328,P,20211126151214,PU HTTP/1.1" 200 1660
190.171.141.82 - - [26/Nov/2021:15:29:06 -0300] "GET /cormun/servlet/apermisogoceprn?17506712,P,20211126151305,PU HTTP/1.1" 200 1656
205.185.121.173 - - [26/Nov/2021:15:29:28 -0300] "GET /manager/html HTTP/1.1" 401 2474
190.171.141.82 - - [26/Nov/2021:15:30:35 -0300] "GET /cormun/servlet/apermisogoceprn?18798473,P,20211126151336,PU HTTP/1.1" 200 1664
205.185.121.173 - - [26/Nov/2021:15:32:12 -0300] "GET /manager/html HTTP/1.1" 401 2474
205.185.121.173 - - [26/Nov/2021:15:34:49 -0300] "GET /manager/html HTTP/1.1" 401 2474
205.185.121.173 - - [26/Nov/2021:15:37:40 -0300] "GET /manager/html HTTP/1.1" 401 2474
190.171.142.10 - - [26/Nov/2021:15:38:41 -0300] "POST /cormun/servlet/trlicencias?d82aba0b1138fbe5dced29aa84192ff7,gx-no-cache=1637951202497 HTTP/1.1" 200 11129
190.171.141.82 - - [26/Nov/2021:15:39:08 -0300] "GET /cormun/servlet/permisogoce?INS,0,,, HTTP/1.1" 200 6814
190.171.141.82 - - [26/Nov/2021:15:39:10 -0300] "GET /cormun/servlet/permisogoce?INS,0,,, HTTP/1.1" 200 6812
190.171.141.82 - - [26/Nov/2021:15:39:18 -0300] "GET /cormun/servlet/permisogoce?af25298fc45ad3a4e22c0c437ac5dcfd6704eaf922eafdc28e41085c9f77e8d0f6f71cc202120a0c5fb99a4af54310588ae4cd6f1e1af7bb83db04a690dd7152,gx-no-cache=1637951239673 HTTP/1.1" 200 79
190.171.141.82 - - [26/Nov/2021:15:39:30 -0300] "GET /cormun/servlet/permisogoce?af25298fc45ad3a4e22c0c437ac5dcfd9c6cbb3396a1f5259692998ffd0126fb7b43d9df50355ed383743ab271a1cde2dcede7dc0c54caf2107732b02be4ae5a,gx-no-cache=1637951251294 HTTP/1.1" 200 48
190.171.141.82 - - [26/Nov/2021:15:39:37 -0300] "POST /cormun/servlet/permisogoce?986887c0f8575296f1a2046c8c42294c,INS,0,,,,gx-no-cache=1637951258468 HTTP/1.1" 200 93
190.171.141.82 - - [26/Nov/2021:15:39:37 -0300] "GET /cormun/servlet/hpexe_return? HTTP/1.1" 200 1008
190.171.141.82 - - [26/Nov/2021:15:39:38 -0300] "GET /cormun/servlet/trpermisosgoce HTTP/1.1" 200 11996
190.171.141.82 - - [26/Nov/2021:15:39:40 -0300] "GET /cormun/servlet/trpermisosgoce HTTP/1.1" 200 11991
190.171.141.82 - - [26/Nov/2021:15:39:44 -0300] "GET /cormun/servlet/apermisogoceprn?17651056,P,20211126152449,PU HTTP/1.1" 200 1651
205.185.121.173 - - [26/Nov/2021:15:40:19 -0300] "GET /manager/html HTTP/1.1" 401 2474
190.171.141.82 - - [26/Nov/2021:15:40:55 -0300] "POST /cormun/servlet/trpermisosgoce?986887c0f8575296f1a2046c8c42294c,gx-no-cache=1637951336911 HTTP/1.1" 200 4855
190.171.141.82 - - [26/Nov/2021:15:41:16 -0300] "GET /cormun/servlet/hlogin HTTP/1.1" 200 1740
205.185.121.173 - - [26/Nov/2021:15:43:09 -0300] "GET /manager/html HTTP/1.1" 401 2474
205.185.121.173 - - [26/Nov/2021:15:45:53 -0300] "GET /manager/html HTTP/1.1" 401 2474
205.185.121.173 - - [26/Nov/2021:15:48:34 -0300] "GET /manager/html HTTP/1.1" 401 2474
205.185.121.173 - - [26/Nov/2021:15:51:10 -0300] "GET /manager/html HTTP/1.1" 401 2474
205.185.121.173 - - [26/Nov/2021:15:53:52 -0300] "GET /manager/html HTTP/1.1" 401 2474
205.185.121.173 - - [26/Nov/2021:15:56:41 -0300] "GET /manager/html HTTP/1.1" 401 2474
205.185.121.173 - - [26/Nov/2021:15:59:24 -0300] "GET /manager/html HTTP/1.1" 401 2474
205.185.121.173 - - [26/Nov/2021:16:02:08 -0300] "GET /manager/html HTTP/1.1" 401 2474
205.185.121.173 - - [26/Nov/2021:16:04:55 -0300] "GET /manager/html HTTP/1.1" 401 2474
205.185.121.173 - - [26/Nov/2021:16:07:26 -0300] "GET /manager/html HTTP/1.1" 401 2474
205.185.121.173 - - [26/Nov/2021:16:10:03 -0300] "GET /manager/html HTTP/1.1" 401 2474
205.185.121.173 - - [26/Nov/2021:16:12:40 -0300] "GET /manager/html HTTP/1.1" 401 2474
205.185.121.173 - - [26/Nov/2021:16:15:24 -0300] "GET /manager/html HTTP/1.1" 401 2474
205.185.121.173 - - [26/Nov/2021:16:18:09 -0300] "GET /manager/html HTTP/1.1" 401 2474
167.94.138.44 - - [26/Nov/2021:16:19:10 -0300] "GET / HTTP/1.1" 200 11217
167.94.138.44 - - [26/Nov/2021:16:19:10 -0300] "GET / HTTP/1.1" 200 11217
205.185.121.173 - - [26/Nov/2021:16:20:50 -0300] "GET /manager/html HTTP/1.1" 401 2474
205.185.121.173 - - [26/Nov/2021:16:23:23 -0300] "GET /manager/html HTTP/1.1" 401 2474
205.185.121.173 - - [26/Nov/2021:16:26:10 -0300] "GET /manager/html HTTP/1.1" 401 2474
205.185.121.173 - - [26/Nov/2021:16:28:49 -0300] "GET /manager/html HTTP/1.1" 401 2474
205.185.121.173 - - [26/Nov/2021:16:31:31 -0300] "GET /manager/html HTTP/1.1" 401 2474
205.185.121.173 - - [26/Nov/2021:16:34:42 -0300] "GET /manager/html HTTP/1.1" 401 2474
92.118.161.25 - - [26/Nov/2021:16:35:39 -0300] "GET / HTTP/1.1" 200 11217
205.185.121.173 - - [26/Nov/2021:16:37:19 -0300] "GET /manager/html HTTP/1.1" 401 2474
205.185.121.173 - - [26/Nov/2021:16:39:51 -0300] "GET /manager/html HTTP/1.1" 401 2474
162.142.125.194 - - [26/Nov/2021:16:40:27 -0300] "GET / HTTP/1.1" 200 11217
162.142.125.194 - - [26/Nov/2021:16:40:27 -0300] "GET / HTTP/1.1" 200 11217
205.185.121.173 - - [26/Nov/2021:16:42:35 -0300] "GET /manager/html HTTP/1.1" 401 2474
205.185.121.173 - - [26/Nov/2021:16:45:17 -0300] "GET /manager/html HTTP/1.1" 401 2474
205.185.121.173 - - [26/Nov/2021:16:47:55 -0300] "GET /manager/html HTTP/1.1" 401 2474
103.203.57.9 - - [26/Nov/2021:16:50:18 -0300] "GET / HTTP/1.1" 200 11217
205.185.121.173 - - [26/Nov/2021:16:50:23 -0300] "GET /manager/html HTTP/1.1" 401 2474
205.185.121.173 - - [26/Nov/2021:16:53:06 -0300] "GET /manager/html HTTP/1.1" 401 2474
205.185.121.173 - - [26/Nov/2021:16:55:46 -0300] "GET /manager/html HTTP/1.1" 401 2474
205.185.121.173 - - [26/Nov/2021:16:58:34 -0300] "GET /manager/html HTTP/1.1" 401 2474
205.185.121.173 - - [26/Nov/2021:17:01:11 -0300] "GET /manager/html HTTP/1.1" 401 2474
207.46.13.117 - - [26/Nov/2021:17:01:53 -0300] "GET /cormun/servlet/solicitudot?INS,0,0,false,&_escaped_fragment_= HTTP/1.1" 200 14612
207.46.13.117 - - [26/Nov/2021:17:02:02 -0300] "GET /cormun/static/hwchdr01.js?20201214473739 HTTP/1.1" 200 996
207.46.13.79 - - [26/Nov/2021:17:02:07 -0300] "GET /cormun/static/PXToolsJavascripts/pexe_griddivfix.js HTTP/1.1" 200 6644
40.77.167.49 - - [26/Nov/2021:17:02:08 -0300] "GET /cormun/servlet/solicitudot?INS,0,0,false, HTTP/1.1" 200 14752
40.77.167.55 - - [26/Nov/2021:17:02:12 -0300] "GET /cormun/static/PXToolsJavascripts/pexe_cookies.js HTTP/1.1" 200 792
205.185.121.173 - - [26/Nov/2021:17:03:57 -0300] "GET /manager/html HTTP/1.1" 401 2474
205.185.121.173 - - [26/Nov/2021:17:06:33 -0300] "GET /manager/html HTTP/1.1" 401 2474
205.185.121.173 - - [26/Nov/2021:17:09:15 -0300] "GET /manager/html HTTP/1.1" 401 2474
