190.171.141.90 - - [25/Nov/2021:15:23:07 -0300] "GET /cormun/static/Shared/jqueryui/images/ui-icons_82798d_256x240.png HTTP/1.1" 404 1089
190.171.141.90 - - [25/Nov/2021:15:23:07 -0300] "GET /cormun/static/Shared/jqueryui/images/ui-bg_flat_55_fafafa_40x100.png HTTP/1.1" 404 1097
190.171.141.90 - - [25/Nov/2021:15:23:07 -0300] "GET /cormun/static/Shared/jqueryui/images/ui-icons_8d78a5_256x240.png HTTP/1.1" 404 1089
190.171.141.90 - - [25/Nov/2021:15:23:10 -0300] "GET /cormun/servlet/apermisogoceprn?14047809,P,20211125133645,PU HTTP/1.1" 200 1647
190.171.141.90 - - [25/Nov/2021:15:24:22 -0300] "GET /cormun/servlet/permisogoce?INS,0,,, HTTP/1.1" 200 6838
190.171.141.90 - - [25/Nov/2021:15:24:23 -0300] "GET /cormun/servlet/permisogoce?INS,0,,, HTTP/1.1" 200 6838
190.171.141.90 - - [25/Nov/2021:15:24:45 -0300] "GET /cormun/servlet/permisogoce?056b18c3f85b9b072bc4f5e3dcad57b273bb523bbfc48f264f6222dcd439aef82e527146e175e0bdc9cd9e3d7901ffb2abbdff68f28767c32619b4a0614ef1f3,gx-no-cache=1637863967678 HTTP/1.1" 200 77
190.171.141.90 - - [25/Nov/2021:15:24:45 -0300] "GET /cormun/static/menuarrow.gif HTTP/1.1" 404 1015
190.171.141.90 - - [25/Nov/2021:15:25:12 -0300] "GET /cormun/servlet/permisogoce?056b18c3f85b9b072bc4f5e3dcad57b252ae91fc714e36903253d71bbb931ad1bb405691236a24d53c941ddd9e408515d5167660107579472bb765eab8008a9a,gx-no-cache=1637863994444 HTTP/1.1" 200 46
190.171.141.90 - - [25/Nov/2021:15:25:32 -0300] "GET /cormun/servlet/permisogoce?056b18c3f85b9b072bc4f5e3dcad57b252ae91fc714e36903253d71bbb931ad1384ea7c50b9680cedee5bc422d5a10f2434510ed025756c7aff26812baf51255,gx-no-cache=1637864014907 HTTP/1.1" 200 45
205.185.121.173 - - [25/Nov/2021:15:25:48 -0300] "GET /manager/html HTTP/1.1" 401 2474
190.171.141.90 - - [25/Nov/2021:15:26:43 -0300] "POST /cormun/servlet/permisogoce?4913e5e27f02dc775343e4c33d5e3ab6,INS,0,,,,gx-no-cache=1637864085352 HTTP/1.1" 200 93
190.171.141.90 - - [25/Nov/2021:15:26:43 -0300] "GET /cormun/servlet/hpexe_return? HTTP/1.1" 200 1016
190.171.141.90 - - [25/Nov/2021:15:26:43 -0300] "GET /cormun/servlet/trpermisosgoce? HTTP/1.1" 200 16283
190.171.141.90 - - [25/Nov/2021:15:26:44 -0300] "GET /cormun/servlet/trpermisosgoce? HTTP/1.1" 200 16259
190.171.141.90 - - [25/Nov/2021:15:26:58 -0300] "GET /cormun/servlet/trpermisosadjuntos?17754180,20211125151003,P, HTTP/1.1" 200 6113
190.171.141.90 - - [25/Nov/2021:15:26:58 -0300] "GET /cormun/servlet/trpermisosadjuntos?17754180,20211125151003,P, HTTP/1.1" 200 6113
190.171.141.90 - - [25/Nov/2021:15:27:03 -0300] "GET /cormun/servlet/permisosadjuntos?INS,17754180,P,20211125151003,, HTTP/1.1" 200 5612
190.171.141.90 - - [25/Nov/2021:15:27:03 -0300] "GET /cormun/static/about:blank HTTP/1.1" 404 1011
190.171.141.90 - - [25/Nov/2021:15:27:03 -0300] "GET /cormun/servlet/permisosadjuntos?INS,17754180,P,20211125151003,, HTTP/1.1" 200 5602
190.171.141.90 - - [25/Nov/2021:15:27:14 -0300] "POST /cormun/servlet/permisosadjuntos?4913e5e27f02dc775343e4c33d5e3ab6,INS,17754180,P,20211125151003,, HTTP/1.1" 200 116
190.171.141.90 - - [25/Nov/2021:15:27:14 -0300] "GET /cormun/servlet/hpexe_return? HTTP/1.1" 200 1043
190.171.141.90 - - [25/Nov/2021:15:27:14 -0300] "GET /cormun/servlet/trpermisosadjuntos?17754180,20211125151003,P, HTTP/1.1" 200 6640
190.171.141.90 - - [25/Nov/2021:15:27:14 -0300] "GET /cormun/servlet/trpermisosadjuntos?17754180,20211125151003,P, HTTP/1.1" 200 6636
190.171.141.90 - - [25/Nov/2021:15:27:20 -0300] "POST /cormun/servlet/acontrolpreferencessavestate?None,CD-07,true HTTP/1.1" 200 35
190.171.141.90 - - [25/Nov/2021:15:27:34 -0300] "POST /cormun/servlet/acontrolpreferencessavestate?None,CD-07,true HTTP/1.1" 200 35
190.171.141.90 - - [25/Nov/2021:15:27:57 -0300] "POST /cormun/servlet/acontrolpreferencessavestate?None,CD-07,true HTTP/1.1" 200 35
190.171.141.90 - - [25/Nov/2021:15:28:10 -0300] "POST /cormun/servlet/trpermisosadjuntos?4913e5e27f02dc775343e4c33d5e3ab6,17754180,20211125151003,P,,gx-no-cache=1637864173026 HTTP/1.1" 200 4328
190.171.141.90 - - [25/Nov/2021:15:28:16 -0300] "GET /cormun/servlet/permisosadjuntos?DLT,17754180,P,20211125151003,20211125151243, HTTP/1.1" 200 5638
190.171.141.90 - - [25/Nov/2021:15:28:16 -0300] "GET /cormun/PublicTempStorage/daniela_mella6419100.pdf HTTP/1.1" 200 172396
190.171.141.90 - - [25/Nov/2021:15:28:16 -0300] "GET /cormun/static/Shared/jqueryui/images/ui-bg_highlight-soft_100_c6c2c8_1x100.png HTTP/1.1" 404 1117
190.171.141.90 - - [25/Nov/2021:15:28:16 -0300] "GET /cormun/static/Shared/jqueryui/images/ui-icons_82798d_256x240.png HTTP/1.1" 404 1089
190.171.141.90 - - [25/Nov/2021:15:28:16 -0300] "GET /cormun/static/Shared/jqueryui/images/ui-bg_flat_55_fafafa_40x100.png HTTP/1.1" 404 1097
190.171.141.90 - - [25/Nov/2021:15:28:16 -0300] "GET /cormun/static/Shared/jqueryui/images/ui-icons_8d78a5_256x240.png HTTP/1.1" 404 1089
190.171.141.90 - - [25/Nov/2021:15:28:16 -0300] "GET /cormun/servlet/permisosadjuntos?DLT,17754180,P,20211125151003,20211125151243, HTTP/1.1" 200 5627
190.171.141.90 - - [25/Nov/2021:15:28:21 -0300] "POST /cormun/servlet/permisosadjuntos?4913e5e27f02dc775343e4c33d5e3ab6,DLT,17754180,P,20211125151003,20211125151243,,gx-no-cache=1637864183979 HTTP/1.1" 200 93
190.171.141.90 - - [25/Nov/2021:15:28:21 -0300] "GET /cormun/servlet/hpexe_return? HTTP/1.1" 200 1048
190.171.141.90 - - [25/Nov/2021:15:28:21 -0300] "GET /cormun/servlet/trpermisosadjuntos?17754180,20211125151003,P, HTTP/1.1" 200 6117
190.171.141.90 - - [25/Nov/2021:15:28:22 -0300] "GET /cormun/servlet/trpermisosadjuntos?17754180,20211125151003,P, HTTP/1.1" 200 6113
190.171.141.90 - - [25/Nov/2021:15:28:28 -0300] "GET /cormun/servlet/permisosadjuntos?INS,17754180,P,20211125151003,, HTTP/1.1" 200 5612
190.171.141.90 - - [25/Nov/2021:15:28:28 -0300] "GET /cormun/static/about:blank HTTP/1.1" 404 1011
190.171.141.90 - - [25/Nov/2021:15:28:28 -0300] "GET /cormun/servlet/permisosadjuntos?INS,17754180,P,20211125151003,, HTTP/1.1" 200 5602
190.171.141.90 - - [25/Nov/2021:15:28:30 -0300] "POST /cormun/servlet/permisosadjuntos?4913e5e27f02dc775343e4c33d5e3ab6,INS,17754180,P,20211125151003,,,gx-no-cache=1637864192472 HTTP/1.1" 200 93
190.171.141.90 - - [25/Nov/2021:15:28:30 -0300] "GET /cormun/servlet/hpexe_return? HTTP/1.1" 200 1043
190.171.141.90 - - [25/Nov/2021:15:28:30 -0300] "GET /cormun/servlet/trpermisosadjuntos?17754180,20211125151003,P, HTTP/1.1" 200 6117
190.171.141.90 - - [25/Nov/2021:15:28:30 -0300] "GET /cormun/servlet/trpermisosadjuntos?17754180,20211125151003,P, HTTP/1.1" 200 6113
205.185.121.173 - - [25/Nov/2021:15:28:38 -0300] "GET /manager/html HTTP/1.1" 401 2474
190.171.141.90 - - [25/Nov/2021:15:28:43 -0300] "GET /cormun/servlet/trpermisosgoce? HTTP/1.1" 200 16259
190.171.141.90 - - [25/Nov/2021:15:28:43 -0300] "GET /cormun/servlet/trpermisosgoce? HTTP/1.1" 200 16281
190.171.141.90 - - [25/Nov/2021:15:28:53 -0300] "POST /cormun/servlet/trpermisosgoce?4913e5e27f02dc775343e4c33d5e3ab6,,gx-no-cache=1637864215256 HTTP/1.1" 200 13517
190.171.141.90 - - [25/Nov/2021:15:28:53 -0300] "GET /cormun/static/Shared/jqueryui/images/ui-bg_highlight-soft_100_c6c2c8_1x100.png HTTP/1.1" 404 1117
190.171.141.90 - - [25/Nov/2021:15:28:53 -0300] "GET /cormun/static/Shared/jqueryui/images/ui-icons_82798d_256x240.png HTTP/1.1" 404 1089
190.171.141.90 - - [25/Nov/2021:15:28:53 -0300] "GET /cormun/static/Shared/jqueryui/images/ui-bg_flat_55_fafafa_40x100.png HTTP/1.1" 404 1097
190.171.141.90 - - [25/Nov/2021:15:28:53 -0300] "GET /cormun/static/Shared/jqueryui/images/ui-icons_8d78a5_256x240.png HTTP/1.1" 404 1089
190.171.141.90 - - [25/Nov/2021:15:28:57 -0300] "GET /cormun/servlet/trpermisosadjuntos?17754180,20211125151003,P, HTTP/1.1" 200 6113
190.171.141.90 - - [25/Nov/2021:15:28:58 -0300] "GET /cormun/servlet/trpermisosadjuntos?17754180,20211125151003,P, HTTP/1.1" 200 6113
190.171.141.90 - - [25/Nov/2021:15:29:03 -0300] "GET /cormun/servlet/permisosadjuntos?INS,17754180,P,20211125151003,, HTTP/1.1" 200 5612
190.171.141.90 - - [25/Nov/2021:15:29:03 -0300] "GET /cormun/static/about:blank HTTP/1.1" 404 1011
190.171.141.90 - - [25/Nov/2021:15:29:03 -0300] "GET /cormun/servlet/permisosadjuntos?INS,17754180,P,20211125151003,, HTTP/1.1" 200 5602
190.171.141.90 - - [25/Nov/2021:15:29:31 -0300] "POST /cormun/servlet/permisosadjuntos?4913e5e27f02dc775343e4c33d5e3ab6,INS,17754180,P,20211125151003,, HTTP/1.1" 200 116
190.171.141.90 - - [25/Nov/2021:15:29:31 -0300] "GET /cormun/servlet/hpexe_return? HTTP/1.1" 200 1043
190.171.141.90 - - [25/Nov/2021:15:29:31 -0300] "GET /cormun/servlet/trpermisosadjuntos?17754180,20211125151003,P, HTTP/1.1" 200 6640
190.171.141.90 - - [25/Nov/2021:15:29:32 -0300] "GET /cormun/servlet/trpermisosadjuntos?17754180,20211125151003,P, HTTP/1.1" 200 6637
190.171.141.90 - - [25/Nov/2021:15:29:42 -0300] "GET /cormun/servlet/trpermisosgoce? HTTP/1.1" 200 16259
190.171.141.90 - - [25/Nov/2021:15:29:42 -0300] "GET /cormun/servlet/trpermisosgoce? HTTP/1.1" 200 16259
190.171.141.90 - - [25/Nov/2021:15:29:49 -0300] "POST /cormun/servlet/trpermisosgoce?4913e5e27f02dc775343e4c33d5e3ab6,,gx-no-cache=1637864271800 HTTP/1.1" 200 13501
190.171.141.90 - - [25/Nov/2021:15:29:49 -0300] "GET /cormun/static/Shared/jqueryui/images/ui-bg_highlight-soft_100_c6c2c8_1x100.png HTTP/1.1" 404 1117
190.171.141.90 - - [25/Nov/2021:15:29:49 -0300] "GET /cormun/static/Shared/jqueryui/images/ui-icons_82798d_256x240.png HTTP/1.1" 404 1089
190.171.141.90 - - [25/Nov/2021:15:29:49 -0300] "GET /cormun/static/Shared/jqueryui/images/ui-bg_flat_55_fafafa_40x100.png HTTP/1.1" 404 1097
190.171.141.90 - - [25/Nov/2021:15:29:49 -0300] "GET /cormun/static/Shared/jqueryui/images/ui-icons_8d78a5_256x240.png HTTP/1.1" 404 1089
190.171.141.90 - - [25/Nov/2021:15:29:58 -0300] "GET /cormun/servlet/apermisogoceprn?17754180,P,20211125151003,PU HTTP/1.1" 200 1647
190.171.141.90 - - [25/Nov/2021:15:30:39 -0300] "GET /cormun/servlet/permisogoce?INS,0,,, HTTP/1.1" 200 6838
190.171.141.90 - - [25/Nov/2021:15:30:40 -0300] "GET /cormun/servlet/permisogoce?INS,0,,, HTTP/1.1" 200 6838
190.171.141.90 - - [25/Nov/2021:15:30:58 -0300] "GET /cormun/servlet/permisogoce?056b18c3f85b9b072bc4f5e3dcad57b2abdb44935bd42ff594ac7f3c038483ab2e527146e175e0bdc9cd9e3d7901ffb2abbdff68f28767c32619b4a0614ef1f3,gx-no-cache=1637864341016 HTTP/1.1" 200 87
190.171.141.90 - - [25/Nov/2021:15:30:58 -0300] "GET /cormun/static/menuarrow.gif HTTP/1.1" 404 1015
190.171.141.90 - - [25/Nov/2021:15:31:15 -0300] "GET /cormun/servlet/permisogoce?056b18c3f85b9b072bc4f5e3dcad57b25284dd9cc859a38d20f6739bd57575ada8a24b6004745f191372f73cb60399a7d5167660107579472bb765eab8008a9a,gx-no-cache=1637864358156 HTTP/1.1" 200 45
205.185.121.173 - - [25/Nov/2021:15:31:23 -0300] "GET /manager/html HTTP/1.1" 401 2474
190.171.141.90 - - [25/Nov/2021:15:31:37 -0300] "POST /cormun/servlet/permisogoce?4913e5e27f02dc775343e4c33d5e3ab6,INS,0,,,,gx-no-cache=1637864379351 HTTP/1.1" 200 93
190.171.141.90 - - [25/Nov/2021:15:31:37 -0300] "GET /cormun/servlet/hpexe_return? HTTP/1.1" 200 1016
190.171.141.90 - - [25/Nov/2021:15:31:37 -0300] "GET /cormun/servlet/trpermisosgoce? HTTP/1.1" 200 16523
190.171.141.90 - - [25/Nov/2021:15:31:38 -0300] "GET /cormun/servlet/trpermisosgoce? HTTP/1.1" 200 16512
190.171.141.90 - - [25/Nov/2021:15:33:54 -0300] "GET /cormun/servlet/trpermisosadjuntos?17621025,20211125151620,P, HTTP/1.1" 200 6124
190.171.141.90 - - [25/Nov/2021:15:33:54 -0300] "GET /cormun/servlet/trpermisosadjuntos?17621025,20211125151620,P, HTTP/1.1" 200 6125
190.171.141.90 - - [25/Nov/2021:15:34:02 -0300] "GET /cormun/servlet/permisosadjuntos?INS,17621025,P,20211125151620,, HTTP/1.1" 200 5621
190.171.141.90 - - [25/Nov/2021:15:34:02 -0300] "GET /cormun/static/about:blank HTTP/1.1" 404 1011
190.171.141.90 - - [25/Nov/2021:15:34:02 -0300] "GET /cormun/servlet/permisosadjuntos?INS,17621025,P,20211125151620,, HTTP/1.1" 200 5611
205.185.121.173 - - [25/Nov/2021:15:34:11 -0300] "GET /manager/html HTTP/1.1" 401 2474
190.171.141.90 - - [25/Nov/2021:15:34:19 -0300] "POST /cormun/servlet/permisosadjuntos?4913e5e27f02dc775343e4c33d5e3ab6,INS,17621025,P,20211125151620,, HTTP/1.1" 200 116
190.171.141.90 - - [25/Nov/2021:15:34:19 -0300] "GET /cormun/servlet/hpexe_return? HTTP/1.1" 200 1043
190.171.141.90 - - [25/Nov/2021:15:34:19 -0300] "GET /cormun/servlet/trpermisosadjuntos?17621025,20211125151620,P, HTTP/1.1" 200 6653
190.171.141.90 - - [25/Nov/2021:15:34:19 -0300] "GET /cormun/servlet/trpermisosadjuntos?17621025,20211125151620,P, HTTP/1.1" 200 6649
190.171.141.90 - - [25/Nov/2021:15:34:25 -0300] "GET /cormun/servlet/trpermisosgoce? HTTP/1.1" 200 16489
190.171.141.90 - - [25/Nov/2021:15:34:26 -0300] "GET /cormun/servlet/trpermisosgoce? HTTP/1.1" 200 16476
190.171.141.90 - - [25/Nov/2021:15:34:38 -0300] "POST /cormun/servlet/trpermisosgoce?4913e5e27f02dc775343e4c33d5e3ab6,,gx-no-cache=1637864560905 HTTP/1.1" 200 13765
190.171.141.90 - - [25/Nov/2021:15:34:39 -0300] "GET /cormun/static/Shared/jqueryui/images/ui-bg_highlight-soft_100_c6c2c8_1x100.png HTTP/1.1" 404 1117
190.171.141.90 - - [25/Nov/2021:15:34:39 -0300] "GET /cormun/static/Shared/jqueryui/images/ui-icons_82798d_256x240.png HTTP/1.1" 404 1089
190.171.141.90 - - [25/Nov/2021:15:34:39 -0300] "GET /cormun/static/Shared/jqueryui/images/ui-icons_8d78a5_256x240.png HTTP/1.1" 404 1089
190.171.141.90 - - [25/Nov/2021:15:34:39 -0300] "GET /cormun/static/Shared/jqueryui/images/ui-bg_flat_55_fafafa_40x100.png HTTP/1.1" 404 1097
190.171.141.90 - - [25/Nov/2021:15:34:46 -0300] "GET /cormun/servlet/apermisogoceprn?17621025,P,20211125151620,PU HTTP/1.1" 200 1670
205.185.121.173 - - [25/Nov/2021:15:37:08 -0300] "GET /manager/html HTTP/1.1" 401 2474
190.171.141.90 - - [25/Nov/2021:15:37:48 -0300] "GET /cormun/servlet/trpermisosadjuntos?20028431,20211125132557,P, HTTP/1.1" 200 6654
190.171.141.90 - - [25/Nov/2021:15:37:48 -0300] "GET /cormun/servlet/trpermisosadjuntos?20028431,20211125132557,P, HTTP/1.1" 200 6654
190.171.141.90 - - [25/Nov/2021:15:38:01 -0300] "GET /cormun/servlet/permisosadjuntos?INS,20028431,P,20211125132557,, HTTP/1.1" 200 5614
190.171.141.90 - - [25/Nov/2021:15:38:02 -0300] "GET /cormun/static/about:blank HTTP/1.1" 404 1011
190.171.141.90 - - [25/Nov/2021:15:38:02 -0300] "GET /cormun/servlet/permisosadjuntos?INS,20028431,P,20211125132557,, HTTP/1.1" 200 5604
190.171.141.90 - - [25/Nov/2021:15:38:10 -0300] "POST /cormun/servlet/permisosadjuntos?4913e5e27f02dc775343e4c33d5e3ab6,INS,20028431,P,20211125132557,, HTTP/1.1" 200 116
190.171.141.90 - - [25/Nov/2021:15:38:10 -0300] "GET /cormun/servlet/hpexe_return? HTTP/1.1" 200 1042
190.171.141.90 - - [25/Nov/2021:15:38:10 -0300] "GET /cormun/servlet/trpermisosadjuntos?20028431,20211125132557,P, HTTP/1.1" 200 6759
190.171.141.90 - - [25/Nov/2021:15:38:11 -0300] "GET /cormun/servlet/trpermisosadjuntos?20028431,20211125132557,P, HTTP/1.1" 200 6756
192.168.10.96 - - [25/Nov/2021:15:38:13 -0300] "GET /cormun/servlet/trsolicitudgral? HTTP/1.1" 500 10
192.168.10.96 - - [25/Nov/2021:15:38:14 -0300] "GET /cormun/servlet/hlogin HTTP/1.1" 200 1723
192.168.10.96 - - [25/Nov/2021:15:38:17 -0300] "POST /cormun/servlet/hlogin?4904dc5a9553b67913e5b771f2ab97ef,gx-no-cache=1637864637485 HTTP/1.1" 200 90
192.168.10.96 - - [25/Nov/2021:15:38:17 -0300] "GET /cormun/servlet/hpexe_link HTTP/1.1" 200 951
192.168.10.96 - - [25/Nov/2021:15:38:17 -0300] "GET /cormun/servlet/hhome HTTP/1.1" 200 3767
192.168.10.96 - - [25/Nov/2021:15:38:17 -0300] "GET /cormun/servlet/hhome HTTP/1.1" 200 3764
192.168.10.96 - - [25/Nov/2021:15:38:20 -0300] "GET /cormun/servlet/trsolicitudgral? HTTP/1.1" 200 13136
192.168.10.96 - - [25/Nov/2021:15:38:20 -0300] "GET /cormun/servlet/trsolicitudgral? HTTP/1.1" 200 13134
190.171.141.90 - - [25/Nov/2021:15:38:28 -0300] "GET /cormun/servlet/trpermisosgoce? HTTP/1.1" 200 16451
190.171.141.90 - - [25/Nov/2021:15:38:29 -0300] "GET /cormun/servlet/trpermisosgoce? HTTP/1.1" 200 16488
192.168.10.96 - - [25/Nov/2021:15:38:43 -0300] "GET /cormun/servlet/vesolicitudgral?2021,17796,, HTTP/1.1" 200 8339
192.168.10.96 - - [25/Nov/2021:15:38:43 -0300] "GET /cormun/pexe_scrolldiv.js HTTP/1.1" 404 1009
192.168.10.96 - - [25/Nov/2021:15:38:44 -0300] "GET /cormun/servlet/vesolicitudgral?2021,17796,, HTTP/1.1" 200 8339
192.168.10.96 - - [25/Nov/2021:15:38:46 -0300] "POST /cormun/servlet/vesolicitudgral?4904dc5a9553b67913e5b771f2ab97ef,2021,17796,,,gx-no-cache=1637864666287 HTTP/1.1" 200 90
192.168.10.96 - - [25/Nov/2021:15:38:46 -0300] "GET /cormun/servlet/hpexe_link HTTP/1.1" 200 969
192.168.10.96 - - [25/Nov/2021:15:38:46 -0300] "GET /cormun/servlet/trsolicitudgral HTTP/1.1" 200 13135
192.168.10.96 - - [25/Nov/2021:15:38:46 -0300] "GET /cormun/servlet/trsolicitudgral HTTP/1.1" 200 13134
192.168.10.96 - - [25/Nov/2021:15:39:00 -0300] "GET /cormun/servlet/vesolicitudgral?2021,17776,, HTTP/1.1" 200 8340
192.168.10.96 - - [25/Nov/2021:15:39:00 -0300] "GET /cormun/pexe_scrolldiv.js HTTP/1.1" 404 1009
192.168.10.96 - - [25/Nov/2021:15:39:00 -0300] "GET /cormun/pexe_scrolldiv.js HTTP/1.1" 404 1009
192.168.10.96 - - [25/Nov/2021:15:39:00 -0300] "GET /cormun/servlet/vesolicitudgral?2021,17776,, HTTP/1.1" 200 8339
190.171.141.90 - - [25/Nov/2021:15:39:01 -0300] "POST /cormun/servlet/trpermisosgoce?4913e5e27f02dc775343e4c33d5e3ab6,,gx-no-cache=1637864823858 HTTP/1.1" 200 13737
190.171.141.90 - - [25/Nov/2021:15:39:01 -0300] "GET /cormun/static/Shared/jqueryui/images/ui-bg_highlight-soft_100_c6c2c8_1x100.png HTTP/1.1" 404 1117
190.171.141.90 - - [25/Nov/2021:15:39:01 -0300] "GET /cormun/static/Shared/jqueryui/images/ui-icons_82798d_256x240.png HTTP/1.1" 404 1089
190.171.141.90 - - [25/Nov/2021:15:39:01 -0300] "GET /cormun/static/Shared/jqueryui/images/ui-bg_flat_55_fafafa_40x100.png HTTP/1.1" 404 1097
190.171.141.90 - - [25/Nov/2021:15:39:01 -0300] "GET /cormun/static/Shared/jqueryui/images/ui-icons_8d78a5_256x240.png HTTP/1.1" 404 1089
190.171.141.90 - - [25/Nov/2021:15:39:22 -0300] "POST /cormun/servlet/trpermisosgoce?4913e5e27f02dc775343e4c33d5e3ab6,,gx-no-cache=1637864844913 HTTP/1.1" 200 13755
190.171.141.90 - - [25/Nov/2021:15:39:25 -0300] "GET /cormun/servlet/trpermisosadjuntos?20028431,20211125132557,P, HTTP/1.1" 200 6756
190.171.141.90 - - [25/Nov/2021:15:39:26 -0300] "GET /cormun/servlet/trpermisosadjuntos?20028431,20211125132557,P, HTTP/1.1" 200 6757
190.171.141.90 - - [25/Nov/2021:15:39:29 -0300] "GET /cormun/servlet/trpermisosgoce? HTTP/1.1" 200 16493
190.171.141.90 - - [25/Nov/2021:15:39:30 -0300] "GET /cormun/servlet/trpermisosgoce? HTTP/1.1" 200 16479
190.171.141.90 - - [25/Nov/2021:15:39:39 -0300] "GET /cormun/servlet/apermisogoceprn?20028431,P,20211125132557,PU HTTP/1.1" 200 1643
192.168.10.96 - - [25/Nov/2021:15:39:41 -0300] "POST /cormun/servlet/vesolicitudgral?4904dc5a9553b67913e5b771f2ab97ef,2021,17776,,,gx-no-cache=1637864721562 HTTP/1.1" 200 90
192.168.10.96 - - [25/Nov/2021:15:39:41 -0300] "GET /cormun/servlet/hpexe_link HTTP/1.1" 200 967
192.168.10.96 - - [25/Nov/2021:15:39:41 -0300] "GET /cormun/servlet/trsolicitudgral HTTP/1.1" 200 13135
192.168.10.96 - - [25/Nov/2021:15:39:41 -0300] "GET /cormun/servlet/trsolicitudgral HTTP/1.1" 200 13134
192.168.10.96 - - [25/Nov/2021:15:39:45 -0300] "GET /cormun/servlet/vesolicitudgral?2021,17754,, HTTP/1.1" 200 8321
192.168.10.96 - - [25/Nov/2021:15:39:45 -0300] "GET /cormun/pexe_scrolldiv.js HTTP/1.1" 404 1009
192.168.10.96 - - [25/Nov/2021:15:39:45 -0300] "GET /cormun/pexe_scrolldiv.js HTTP/1.1" 404 1009
192.168.10.96 - - [25/Nov/2021:15:39:45 -0300] "GET /cormun/servlet/vesolicitudgral?2021,17754,, HTTP/1.1" 200 8321
205.185.121.173 - - [25/Nov/2021:15:39:59 -0300] "GET /manager/html HTTP/1.1" 401 2474
192.168.10.96 - - [25/Nov/2021:15:40:08 -0300] "GET /cormun/servlet/trsolicitudgral? HTTP/1.1" 200 13135
192.168.10.96 - - [25/Nov/2021:15:40:09 -0300] "GET /cormun/servlet/trsolicitudgral? HTTP/1.1" 200 13134
192.168.10.96 - - [25/Nov/2021:15:40:49 -0300] "POST /cormun/servlet/trsolicitudgral?4904dc5a9553b67913e5b771f2ab97ef,,gx-no-cache=1637864789682 HTTP/1.1" 200 9304
192.168.10.96 - - [25/Nov/2021:15:40:49 -0300] "GET /cormun/static/Shared/jqueryui/images/ui-bg_highlight-soft_100_c6c2c8_1x100.png HTTP/1.1" 404 1117
192.168.10.96 - - [25/Nov/2021:15:40:49 -0300] "GET /cormun/static/Shared/jqueryui/images/ui-icons_82798d_256x240.png HTTP/1.1" 404 1089
192.168.10.96 - - [25/Nov/2021:15:40:49 -0300] "GET /cormun/static/Shared/jqueryui/images/ui-bg_flat_55_fafafa_40x100.png HTTP/1.1" 404 1097
192.168.10.96 - - [25/Nov/2021:15:40:49 -0300] "GET /cormun/static/Shared/jqueryui/images/ui-icons_8d78a5_256x240.png HTTP/1.1" 404 1089
192.168.10.96 - - [25/Nov/2021:15:40:52 -0300] "GET /cormun/servlet/vesolicitudgral?2021,17818,, HTTP/1.1" 200 8312
192.168.10.96 - - [25/Nov/2021:15:40:52 -0300] "GET /cormun/pexe_scrolldiv.js HTTP/1.1" 404 1009
192.168.10.96 - - [25/Nov/2021:15:40:52 -0300] "GET /cormun/pexe_scrolldiv.js HTTP/1.1" 404 1009
192.168.10.96 - - [25/Nov/2021:15:40:52 -0300] "GET /cormun/servlet/vesolicitudgral?2021,17818,, HTTP/1.1" 200 8312
192.168.10.96 - - [25/Nov/2021:15:40:55 -0300] "GET /cormun/servlet/vesolicitudgral?2021,17818,,SolicitudOTAdjuntos HTTP/1.1" 200 10857
192.168.10.96 - - [25/Nov/2021:15:40:55 -0300] "GET /cormun/pexe_scrolldiv.js HTTP/1.1" 404 1009
192.168.10.96 - - [25/Nov/2021:15:40:55 -0300] "GET /cormun/pexe_scrolldiv.js HTTP/1.1" 404 1009
192.168.10.96 - - [25/Nov/2021:15:40:56 -0300] "GET /cormun/servlet/vesolicitudgral?2021,17818,,SolicitudOTAdjuntos HTTP/1.1" 200 10855
192.168.10.96 - - [25/Nov/2021:15:40:56 -0300] "POST /cormun/servlet/acontrolpreferencessavestate?None,RRHH+DANIELA,true HTTP/1.1" 200 35
192.168.10.96 - - [25/Nov/2021:15:40:58 -0300] "POST /cormun/servlet/vesolicitudgral?4904dc5a9553b67913e5b771f2ab97ef,2021,17818,,SolicitudOTAdjuntos,gx-no-cache=1637864798824 HTTP/1.1" 200 90
192.168.10.96 - - [25/Nov/2021:15:40:58 -0300] "GET /cormun/servlet/hpexe_link HTTP/1.1" 200 981
192.168.10.96 - - [25/Nov/2021:15:40:58 -0300] "GET /cormun/servlet/trsolicitudgral? HTTP/1.1" 200 12220
192.168.10.96 - - [25/Nov/2021:15:40:59 -0300] "GET /cormun/servlet/trsolicitudgral? HTTP/1.1" 200 12219
192.168.10.96 - - [25/Nov/2021:15:41:01 -0300] "POST /cormun/servlet/trsolicitudgral?4904dc5a9553b67913e5b771f2ab97ef,,gx-no-cache=1637864801650 HTTP/1.1" 200 8868
192.168.10.96 - - [25/Nov/2021:15:41:01 -0300] "GET /cormun/static/Shared/jqueryui/images/ui-icons_82798d_256x240.png HTTP/1.1" 404 1089
192.168.10.96 - - [25/Nov/2021:15:41:01 -0300] "GET /cormun/static/Shared/jqueryui/images/ui-bg_highlight-soft_100_c6c2c8_1x100.png HTTP/1.1" 404 1117
192.168.10.96 - - [25/Nov/2021:15:41:01 -0300] "GET /cormun/static/Shared/jqueryui/images/ui-bg_flat_55_fafafa_40x100.png HTTP/1.1" 404 1097
192.168.10.96 - - [25/Nov/2021:15:41:01 -0300] "GET /cormun/static/Shared/jqueryui/images/ui-icons_8d78a5_256x240.png HTTP/1.1" 404 1089
192.168.10.96 - - [25/Nov/2021:15:41:03 -0300] "GET /cormun/servlet/vesolicitudgral?2021,17819,, HTTP/1.1" 200 8360
192.168.10.96 - - [25/Nov/2021:15:41:03 -0300] "GET /cormun/pexe_scrolldiv.js HTTP/1.1" 404 1009
192.168.10.96 - - [25/Nov/2021:15:41:04 -0300] "GET /cormun/servlet/vesolicitudgral?2021,17819,, HTTP/1.1" 200 8359
192.168.10.96 - - [25/Nov/2021:15:41:07 -0300] "GET /cormun/servlet/vesolicitudgral?2021,17819,,SolicitudOTAdjuntos HTTP/1.1" 200 10844
192.168.10.96 - - [25/Nov/2021:15:41:07 -0300] "GET /cormun/pexe_scrolldiv.js HTTP/1.1" 404 1009
192.168.10.96 - - [25/Nov/2021:15:41:07 -0300] "GET /cormun/pexe_scrolldiv.js HTTP/1.1" 404 1009
192.168.10.96 - - [25/Nov/2021:15:41:07 -0300] "GET /cormun/servlet/vesolicitudgral?2021,17819,,SolicitudOTAdjuntos HTTP/1.1" 200 10846
192.168.10.96 - - [25/Nov/2021:15:41:08 -0300] "POST /cormun/servlet/acontrolpreferencessavestate?None,RRHH+DANIELA,true HTTP/1.1" 200 35
192.168.10.96 - - [25/Nov/2021:15:41:09 -0300] "POST /cormun/servlet/vesolicitudgral?4904dc5a9553b67913e5b771f2ab97ef,2021,17819,,SolicitudOTAdjuntos,gx-no-cache=1637864809360 HTTP/1.1" 200 90
192.168.10.96 - - [25/Nov/2021:15:41:09 -0300] "GET /cormun/servlet/hpexe_link HTTP/1.1" 200 981
192.168.10.96 - - [25/Nov/2021:15:41:09 -0300] "GET /cormun/servlet/trsolicitudgral? HTTP/1.1" 200 11802
192.168.10.96 - - [25/Nov/2021:15:41:09 -0300] "GET /cormun/servlet/trsolicitudgral? HTTP/1.1" 200 11800
192.168.10.96 - - [25/Nov/2021:15:41:11 -0300] "POST /cormun/servlet/trsolicitudgral?4904dc5a9553b67913e5b771f2ab97ef,,gx-no-cache=1637864811933 HTTP/1.1" 200 8404
192.168.10.96 - - [25/Nov/2021:15:41:11 -0300] "GET /cormun/static/Shared/jqueryui/images/ui-icons_82798d_256x240.png HTTP/1.1" 404 1089
192.168.10.96 - - [25/Nov/2021:15:41:11 -0300] "GET /cormun/static/Shared/jqueryui/images/ui-bg_highlight-soft_100_c6c2c8_1x100.png HTTP/1.1" 404 1117
192.168.10.96 - - [25/Nov/2021:15:41:11 -0300] "GET /cormun/static/Shared/jqueryui/images/ui-bg_flat_55_fafafa_40x100.png HTTP/1.1" 404 1097
192.168.10.96 - - [25/Nov/2021:15:41:11 -0300] "GET /cormun/static/Shared/jqueryui/images/ui-icons_8d78a5_256x240.png HTTP/1.1" 404 1089
190.171.141.90 - - [25/Nov/2021:15:41:14 -0300] "GET /cormun/servlet/permisogoce?INS,0,,, HTTP/1.1" 200 6839
190.171.141.90 - - [25/Nov/2021:15:41:15 -0300] "GET /cormun/servlet/permisogoce?INS,0,,, HTTP/1.1" 200 6838
190.171.141.90 - - [25/Nov/2021:15:42:21 -0300] "GET /cormun/servlet/permisogoce?056b18c3f85b9b072bc4f5e3dcad57b223d9abc20335e842d78fb1ce5410d67c2e527146e175e0bdc9cd9e3d7901ffb2abbdff68f28767c32619b4a0614ef1f3,gx-no-cache=1637865023345 HTTP/1.1" 200 77
190.171.141.90 - - [25/Nov/2021:15:42:21 -0300] "GET /cormun/static/menuarrow.gif HTTP/1.1" 404 1015
190.171.141.90 - - [25/Nov/2021:15:42:36 -0300] "GET /cormun/servlet/permisogoce?056b18c3f85b9b072bc4f5e3dcad57b2b754a0f5aed3ecf6f13fc80f51284136a6f5f3a3f6e386535948be4742bdc402d5167660107579472bb765eab8008a9a,gx-no-cache=1637865039067 HTTP/1.1" 200 47
190.171.141.90 - - [25/Nov/2021:15:42:43 -0300] "POST /cormun/servlet/permisogoce?4913e5e27f02dc775343e4c33d5e3ab6,INS,0,,,,gx-no-cache=1637865045471 HTTP/1.1" 200 93
190.171.141.90 - - [25/Nov/2021:15:42:43 -0300] "GET /cormun/servlet/hpexe_return? HTTP/1.1" 200 1015
190.171.141.90 - - [25/Nov/2021:15:42:43 -0300] "GET /cormun/servlet/trpermisosgoce HTTP/1.1" 200 16710
190.171.141.90 - - [25/Nov/2021:15:42:44 -0300] "GET /cormun/servlet/trpermisosgoce HTTP/1.1" 200 16636
205.185.121.173 - - [25/Nov/2021:15:42:44 -0300] "GET /manager/html HTTP/1.1" 401 2474
190.171.141.90 - - [25/Nov/2021:15:43:59 -0300] "GET /cormun/servlet/trpermisosadjuntos?20028431,20211125152655,P, HTTP/1.1" 200 6112
190.171.141.90 - - [25/Nov/2021:15:43:59 -0300] "GET /cormun/servlet/trpermisosadjuntos?20028431,20211125152655,P, HTTP/1.1" 200 6112
190.171.141.90 - - [25/Nov/2021:15:44:02 -0300] "GET /cormun/servlet/permisosadjuntos?INS,20028431,P,20211125152655,, HTTP/1.1" 200 5612
190.171.141.90 - - [25/Nov/2021:15:44:02 -0300] "GET /cormun/static/about:blank HTTP/1.1" 404 1011
190.171.141.90 - - [25/Nov/2021:15:44:02 -0300] "GET /cormun/servlet/permisosadjuntos?INS,20028431,P,20211125152655,, HTTP/1.1" 200 5602
205.185.121.173 - - [25/Nov/2021:15:45:33 -0300] "GET /manager/html HTTP/1.1" 401 2474
190.171.141.90 - - [25/Nov/2021:15:47:51 -0300] "POST /cormun/servlet/permisosadjuntos?4913e5e27f02dc775343e4c33d5e3ab6,INS,20028431,P,20211125152655,, HTTP/1.1" 200 116
190.171.141.90 - - [25/Nov/2021:15:47:52 -0300] "GET /cormun/servlet/hpexe_return? HTTP/1.1" 200 1042
190.171.141.90 - - [25/Nov/2021:15:47:52 -0300] "GET /cormun/servlet/trpermisosadjuntos?20028431,20211125152655,P, HTTP/1.1" 200 6659
190.171.141.90 - - [25/Nov/2021:15:47:52 -0300] "GET /cormun/servlet/trpermisosadjuntos?20028431,20211125152655,P, HTTP/1.1" 200 6655
190.171.141.90 - - [25/Nov/2021:15:47:54 -0300] "GET /cormun/PublicTempStorage/marcelo_donoso_%282%294724520.pdf HTTP/1.1" 200 173987
190.171.141.90 - - [25/Nov/2021:15:47:59 -0300] "GET /cormun/servlet/trpermisosadjuntos?20028431,20211125152655,P, HTTP/1.1" 200 6658
190.171.141.90 - - [25/Nov/2021:15:47:59 -0300] "GET /cormun/servlet/trpermisosadjuntos?20028431,20211125152655,P, HTTP/1.1" 200 6655
205.185.121.173 - - [25/Nov/2021:15:48:18 -0300] "GET /manager/html HTTP/1.1" 401 2474
190.171.141.90 - - [25/Nov/2021:15:48:30 -0300] "GET /cormun/servlet/trpermisosgoce? HTTP/1.1" 200 16656
190.171.141.90 - - [25/Nov/2021:15:48:31 -0300] "GET /cormun/servlet/trpermisosgoce? HTTP/1.1" 200 16636
190.171.141.90 - - [25/Nov/2021:15:48:40 -0300] "POST /cormun/servlet/trpermisosgoce?4913e5e27f02dc775343e4c33d5e3ab6,,gx-no-cache=1637865402854 HTTP/1.1" 200 13926
190.171.141.90 - - [25/Nov/2021:15:48:40 -0300] "GET /cormun/static/Shared/jqueryui/images/ui-bg_highlight-soft_100_c6c2c8_1x100.png HTTP/1.1" 404 1117
190.171.141.90 - - [25/Nov/2021:15:48:40 -0300] "GET /cormun/static/Shared/jqueryui/images/ui-icons_82798d_256x240.png HTTP/1.1" 404 1089
190.171.141.90 - - [25/Nov/2021:15:48:40 -0300] "GET /cormun/static/Shared/jqueryui/images/ui-bg_flat_55_fafafa_40x100.png HTTP/1.1" 404 1097
190.171.141.90 - - [25/Nov/2021:15:48:40 -0300] "GET /cormun/static/Shared/jqueryui/images/ui-icons_8d78a5_256x240.png HTTP/1.1" 404 1089
190.171.141.90 - - [25/Nov/2021:15:48:54 -0300] "GET /cormun/servlet/apermisogoceprn?20028431,P,20211125152655,PU HTTP/1.1" 200 1648
190.171.141.90 - - [25/Nov/2021:15:50:07 -0300] "GET /cormun/servlet/permisogoce?INS,0,,, HTTP/1.1" 200 6838
190.171.141.90 - - [25/Nov/2021:15:50:07 -0300] "GET /cormun/servlet/permisogoce?INS,0,,, HTTP/1.1" 200 6838
190.171.141.90 - - [25/Nov/2021:15:50:30 -0300] "GET /cormun/servlet/permisogoce?056b18c3f85b9b072bc4f5e3dcad57b27eff4fa18b0776c32d31c612f0c718132e527146e175e0bdc9cd9e3d7901ffb2abbdff68f28767c32619b4a0614ef1f3,gx-no-cache=1637865512466 HTTP/1.1" 200 80
190.171.141.90 - - [25/Nov/2021:15:50:30 -0300] "GET /cormun/static/menuarrow.gif HTTP/1.1" 404 1015
190.171.141.90 - - [25/Nov/2021:15:50:53 -0300] "GET /cormun/servlet/permisogoce?056b18c3f85b9b072bc4f5e3dcad57b29230e277be22dfe9576bb905ef54d84c45d0a0b7f5ccc31088d2fdcc29d7279aa08da89408733f1bd45cab4f0f3393bc,gx-no-cache=1637865535819 HTTP/1.1" 200 47
205.185.121.173 - - [25/Nov/2021:15:51:07 -0300] "GET /manager/html HTTP/1.1" 401 2474
190.171.141.90 - - [25/Nov/2021:15:51:18 -0300] "POST /cormun/servlet/permisogoce?4913e5e27f02dc775343e4c33d5e3ab6,INS,0,,,,gx-no-cache=1637865560691 HTTP/1.1" 200 93
190.171.141.90 - - [25/Nov/2021:15:51:18 -0300] "GET /cormun/servlet/hpexe_return? HTTP/1.1" 200 1016
190.171.141.90 - - [25/Nov/2021:15:51:19 -0300] "GET /cormun/servlet/trpermisosgoce? HTTP/1.1" 200 16824
190.171.141.90 - - [25/Nov/2021:15:51:19 -0300] "GET /cormun/servlet/trpermisosgoce? HTTP/1.1" 200 16820
190.171.141.90 - - [25/Nov/2021:15:52:15 -0300] "GET /cormun/servlet/trpermisosadjuntos?16162972,20211125153548,P, HTTP/1.1" 200 6118
190.171.141.90 - - [25/Nov/2021:15:52:16 -0300] "GET /cormun/servlet/trpermisosadjuntos?16162972,20211125153548,P, HTTP/1.1" 200 6118
190.171.141.90 - - [25/Nov/2021:15:52:18 -0300] "GET /cormun/servlet/permisosadjuntos?INS,16162972,P,20211125153548,, HTTP/1.1" 200 5615
190.171.141.90 - - [25/Nov/2021:15:52:18 -0300] "GET /cormun/static/about:blank HTTP/1.1" 404 1011
190.171.141.90 - - [25/Nov/2021:15:52:18 -0300] "GET /cormun/servlet/permisosadjuntos?INS,16162972,P,20211125153548,, HTTP/1.1" 200 5605
190.171.141.90 - - [25/Nov/2021:15:52:30 -0300] "POST /cormun/servlet/permisosadjuntos?4913e5e27f02dc775343e4c33d5e3ab6,INS,16162972,P,20211125153548,, HTTP/1.1" 200 116
190.171.141.90 - - [25/Nov/2021:15:52:30 -0300] "GET /cormun/servlet/hpexe_return? HTTP/1.1" 200 1043
190.171.141.90 - - [25/Nov/2021:15:52:31 -0300] "GET /cormun/servlet/trpermisosadjuntos?16162972,20211125153548,P, HTTP/1.1" 200 6664
190.171.141.90 - - [25/Nov/2021:15:52:31 -0300] "GET /cormun/servlet/trpermisosadjuntos?16162972,20211125153548,P, HTTP/1.1" 200 6660
190.171.141.90 - - [25/Nov/2021:15:52:33 -0300] "GET /cormun/PublicTempStorage/enrique_lafuente_%281%291344531.pdf HTTP/1.1" 200 190993
190.171.141.90 - - [25/Nov/2021:15:52:37 -0300] "GET /cormun/servlet/trpermisosadjuntos?16162972,20211125153548,P, HTTP/1.1" 200 6664
190.171.141.90 - - [25/Nov/2021:15:52:37 -0300] "GET /cormun/servlet/trpermisosadjuntos?16162972,20211125153548,P, HTTP/1.1" 200 6662
190.171.141.90 - - [25/Nov/2021:15:52:42 -0300] "GET /cormun/servlet/trpermisosgoce? HTTP/1.1" 200 16887
190.171.141.90 - - [25/Nov/2021:15:52:42 -0300] "GET /cormun/servlet/trpermisosgoce? HTTP/1.1" 200 16820
190.171.152.114 - - [25/Nov/2021:15:52:48 -0300] "GET /cormun/servlet/hlogin HTTP/1.1" 200 1725
190.171.141.90 - - [25/Nov/2021:15:52:59 -0300] "POST /cormun/servlet/trpermisosgoce?4913e5e27f02dc775343e4c33d5e3ab6,,gx-no-cache=1637865661680 HTTP/1.1" 200 14159
190.171.141.90 - - [25/Nov/2021:15:53:00 -0300] "GET /cormun/static/Shared/jqueryui/images/ui-bg_highlight-soft_100_c6c2c8_1x100.png HTTP/1.1" 404 1117
190.171.141.90 - - [25/Nov/2021:15:53:00 -0300] "GET /cormun/static/Shared/jqueryui/images/ui-icons_82798d_256x240.png HTTP/1.1" 404 1089
190.171.141.90 - - [25/Nov/2021:15:53:00 -0300] "GET /cormun/static/Shared/jqueryui/images/ui-bg_flat_55_fafafa_40x100.png HTTP/1.1" 404 1097
190.171.141.90 - - [25/Nov/2021:15:53:00 -0300] "GET /cormun/static/Shared/jqueryui/images/ui-icons_8d78a5_256x240.png HTTP/1.1" 404 1089
190.171.152.114 - - [25/Nov/2021:15:53:04 -0300] "POST /cormun/servlet/hlogin?76009f3684726d842ce32d158d36b08d,gx-no-cache=1637865666077 HTTP/1.1" 200 90
190.171.152.114 - - [25/Nov/2021:15:53:04 -0300] "GET /cormun/servlet/hpexe_link HTTP/1.1" 200 953
190.171.152.114 - - [25/Nov/2021:15:53:04 -0300] "GET /cormun/servlet/hhome HTTP/1.1" 200 4303
190.171.152.114 - - [25/Nov/2021:15:53:04 -0300] "GET /cormun/servlet/hhome HTTP/1.1" 200 4300
190.171.152.114 - - [25/Nov/2021:15:53:07 -0300] "GET /cormun/servlet/trlicencias? HTTP/1.1" 200 13891
190.171.152.114 - - [25/Nov/2021:15:53:07 -0300] "GET /cormun/servlet/trlicencias? HTTP/1.1" 200 13885
190.171.141.90 - - [25/Nov/2021:15:53:08 -0300] "GET /cormun/servlet/apermisogoceprn?16162972,P,20211125153548,PU HTTP/1.1" 200 1665
190.171.152.114 - - [25/Nov/2021:15:53:12 -0300] "GET /cormun/static/menuarrow.gif HTTP/1.1" 404 1015
205.185.121.173 - - [25/Nov/2021:15:53:54 -0300] "GET /manager/html HTTP/1.1" 401 2474
190.171.152.114 - - [25/Nov/2021:15:54:25 -0300] "POST /cormun/servlet/trlicencias?76009f3684726d842ce32d158d36b08d,,gx-no-cache=1637865747369 HTTP/1.1" 200 4463
190.171.152.114 - - [25/Nov/2021:15:54:26 -0300] "POST /cormun/servlet/trlicencias?76009f3684726d842ce32d158d36b08d,,gx-no-cache=1637865748365 HTTP/1.1" 200 4465
190.171.152.114 - - [25/Nov/2021:15:54:50 -0300] "POST /cormun/servlet/trlicencias?76009f3684726d842ce32d158d36b08d,,gx-no-cache=1637865772318 HTTP/1.1" 200 12192
205.185.121.173 - - [25/Nov/2021:15:56:51 -0300] "GET /manager/html HTTP/1.1" 401 2474
205.185.121.173 - - [25/Nov/2021:15:59:36 -0300] "GET /manager/html HTTP/1.1" 401 2474
190.171.149.74 - - [25/Nov/2021:15:59:39 -0300] "POST /cormun/servlet/trlicencias?8bf6947f8839d58bacdef50d527765ca,gx-no-cache=1637869711715 HTTP/1.1" 440 972
190.171.149.74 - - [25/Nov/2021:15:59:40 -0300] "GET /cormun/servlet/trlicencias HTTP/1.1" 200 6037
190.171.149.74 - - [25/Nov/2021:15:59:41 -0300] "GET /cormun/servlet/hlogin HTTP/1.1" 200 1742
190.171.149.74 - - [25/Nov/2021:15:59:41 -0300] "GET /cormun/servlet/trlicencias HTTP/1.1" 200 6037
190.171.149.74 - - [25/Nov/2021:15:59:45 -0300] "POST /cormun/servlet/hlogin?1ce871f3fc81a325c63c9dd8b1527a61,gx-no-cache=1637869718268 HTTP/1.1" 200 90
190.171.149.74 - - [25/Nov/2021:15:59:46 -0300] "GET /cormun/servlet/hpexe_link HTTP/1.1" 200 956
190.171.149.74 - - [25/Nov/2021:15:59:46 -0300] "GET /cormun/servlet/trlicencias HTTP/1.1" 200 9332
190.171.149.74 - - [25/Nov/2021:15:59:46 -0300] "GET /cormun/servlet/trlicencias HTTP/1.1" 200 9328
200.54.107.2 - - [25/Nov/2021:16:01:52 -0300] "GET /cormun/servlet/hlogin HTTP/1.1" 200 1719
200.54.107.2 - - [25/Nov/2021:16:01:53 -0300] "GET /cormun/servlet/hlogin HTTP/1.1" 200 1730
200.54.107.2 - - [25/Nov/2021:16:01:53 -0300] "GET /cormun/static/Resources/indicator.gif HTTP/1.1" 200 1553
200.54.107.2 - - [25/Nov/2021:16:02:09 -0300] "POST /cormun/servlet/hlogin?b70a6ec5871442af60ee7a0f5521d04b,gx-no-cache=1637866211395 HTTP/1.1" 200 90
200.54.107.2 - - [25/Nov/2021:16:02:09 -0300] "GET /cormun/servlet/hpexe_link HTTP/1.1" 200 944
200.54.107.2 - - [25/Nov/2021:16:02:09 -0300] "GET /cormun/servlet/hhome HTTP/1.1" 200 4342
200.54.107.2 - - [25/Nov/2021:16:02:10 -0300] "GET /cormun/servlet/hhome HTTP/1.1" 200 4338
200.54.107.2 - - [25/Nov/2021:16:02:14 -0300] "GET /cormun/servlet/trpermisosgoce? HTTP/1.1" 200 12478
200.54.107.2 - - [25/Nov/2021:16:02:15 -0300] "GET /cormun/servlet/trpermisosgoce? HTTP/1.1" 200 12481
205.185.121.173 - - [25/Nov/2021:16:02:21 -0300] "GET /manager/html HTTP/1.1" 401 2474
200.54.107.2 - - [25/Nov/2021:16:02:48 -0300] "GET /cormun/servlet/permisogoce?INS,0,,, HTTP/1.1" 200 7236
200.54.107.2 - - [25/Nov/2021:16:02:49 -0300] "GET /cormun/servlet/permisogoce?INS,0,,, HTTP/1.1" 200 7236
200.54.107.2 - - [25/Nov/2021:16:02:57 -0300] "GET /cormun/servlet/permisogoce?83c2346b183ece73ee6a0e551b66fc885cb995fefd2f738bfea79909b4e1709480c2412869a12c7834fcead4106a55f7eca8aa17759ad5b12630ddff0df46bec,gx-no-cache=1637866258883 HTTP/1.1" 200 77
200.54.107.2 - - [25/Nov/2021:16:02:57 -0300] "GET /cormun/static/menuarrow.gif HTTP/1.1" 404 1015
200.54.107.2 - - [25/Nov/2021:16:03:08 -0300] "GET /cormun/servlet/permisogoce?83c2346b183ece73ee6a0e551b66fc886fddd6f32bc986c91524c1fe85a66535d807ab5f32b125c42d125a4961a1a93ddbf33e8f32cccad90a3ea9b3739e4a61,gx-no-cache=1637866270514 HTTP/1.1" 200 46
190.171.149.74 - - [25/Nov/2021:16:03:19 -0300] "POST /cormun/servlet/trlicencias?1ce871f3fc81a325c63c9dd8b1527a61,gx-no-cache=1637869932008 HTTP/1.1" 200 6695
190.171.149.74 - - [25/Nov/2021:16:03:22 -0300] "POST /cormun/servlet/trlicencias?1ce871f3fc81a325c63c9dd8b1527a61,gx-no-cache=1637869934987 HTTP/1.1" 200 6696
205.185.121.173 - - [25/Nov/2021:16:05:10 -0300] "GET /manager/html HTTP/1.1" 401 2474
190.171.141.90 - - [25/Nov/2021:16:06:11 -0300] "GET /cormun/servlet/permisogoce?INS,0,,, HTTP/1.1" 200 6838
190.171.141.90 - - [25/Nov/2021:16:06:12 -0300] "GET /cormun/servlet/permisogoce?INS,0,,, HTTP/1.1" 200 6838
190.171.141.90 - - [25/Nov/2021:16:06:48 -0300] "GET /cormun/servlet/permisogoce?056b18c3f85b9b072bc4f5e3dcad57b2debb7d25f645ddc328f92728e07a9c0f2e527146e175e0bdc9cd9e3d7901ffb2abbdff68f28767c32619b4a0614ef1f3,gx-no-cache=1637866490587 HTTP/1.1" 200 75
190.171.141.90 - - [25/Nov/2021:16:06:48 -0300] "GET /cormun/static/menuarrow.gif HTTP/1.1" 404 1015
190.171.141.90 - - [25/Nov/2021:16:07:00 -0300] "GET /cormun/servlet/permisogoce?056b18c3f85b9b072bc4f5e3dcad57b2099eebd0f3834bd41d8f1b385d5dc5d901b99a7d007db9ece1f06b64e54f20a9d5167660107579472bb765eab8008a9a,gx-no-cache=1637866502649 HTTP/1.1" 200 46
190.171.141.90 - - [25/Nov/2021:16:07:27 -0300] "POST /cormun/servlet/permisogoce?4913e5e27f02dc775343e4c33d5e3ab6,INS,0,,,,gx-no-cache=1637866529829 HTTP/1.1" 200 93
190.171.141.90 - - [25/Nov/2021:16:07:27 -0300] "GET /cormun/servlet/hpexe_return? HTTP/1.1" 200 1016
190.171.141.90 - - [25/Nov/2021:16:07:28 -0300] "GET /cormun/servlet/trpermisosgoce? HTTP/1.1" 200 17062
190.171.141.90 - - [25/Nov/2021:16:07:28 -0300] "GET /cormun/servlet/trpermisosgoce? HTTP/1.1" 200 17057
190.171.141.90 - - [25/Nov/2021:16:07:52 -0300] "GET /cormun/servlet/trpermisosadjuntos?16495466,20211125155152,P, HTTP/1.1" 200 6113
190.171.141.90 - - [25/Nov/2021:16:07:52 -0300] "GET /cormun/servlet/trpermisosadjuntos?16495466,20211125155152,P, HTTP/1.1" 200 6114
190.171.141.90 - - [25/Nov/2021:16:07:55 -0300] "GET /cormun/servlet/permisosadjuntos?INS,16495466,P,20211125155152,, HTTP/1.1" 200 5612
190.171.141.90 - - [25/Nov/2021:16:07:56 -0300] "GET /cormun/static/about:blank HTTP/1.1" 404 1011
190.171.141.90 - - [25/Nov/2021:16:07:56 -0300] "GET /cormun/servlet/permisosadjuntos?INS,16495466,P,20211125155152,, HTTP/1.1" 200 5602
205.185.121.173 - - [25/Nov/2021:16:08:02 -0300] "GET /manager/html HTTP/1.1" 401 2474
190.171.141.90 - - [25/Nov/2021:16:08:02 -0300] "POST /cormun/servlet/permisosadjuntos?4913e5e27f02dc775343e4c33d5e3ab6,INS,16495466,P,20211125155152,, HTTP/1.1" 200 116
190.171.141.90 - - [25/Nov/2021:16:08:02 -0300] "GET /cormun/servlet/hpexe_return? HTTP/1.1" 200 1043
190.171.141.90 - - [25/Nov/2021:16:08:02 -0300] "GET /cormun/servlet/trpermisosadjuntos?16495466,20211125155152,P, HTTP/1.1" 200 6636
190.171.141.90 - - [25/Nov/2021:16:08:02 -0300] "GET /cormun/servlet/trpermisosadjuntos?16495466,20211125155152,P, HTTP/1.1" 200 6633
190.171.141.90 - - [25/Nov/2021:16:08:06 -0300] "GET /cormun/servlet/trpermisosgoce? HTTP/1.1" 200 17080
190.171.141.90 - - [25/Nov/2021:16:08:07 -0300] "GET /cormun/servlet/trpermisosgoce? HTTP/1.1" 200 17069
190.171.141.90 - - [25/Nov/2021:16:08:59 -0300] "POST /cormun/servlet/trpermisosgoce?4913e5e27f02dc775343e4c33d5e3ab6,,gx-no-cache=1637866621480 HTTP/1.1" 200 14355
190.171.141.90 - - [25/Nov/2021:16:08:59 -0300] "GET /cormun/static/Shared/jqueryui/images/ui-bg_highlight-soft_100_c6c2c8_1x100.png HTTP/1.1" 404 1117
190.171.141.90 - - [25/Nov/2021:16:08:59 -0300] "GET /cormun/static/Shared/jqueryui/images/ui-icons_82798d_256x240.png HTTP/1.1" 404 1089
190.171.141.90 - - [25/Nov/2021:16:08:59 -0300] "GET /cormun/static/Shared/jqueryui/images/ui-bg_flat_55_fafafa_40x100.png HTTP/1.1" 404 1097
190.171.141.90 - - [25/Nov/2021:16:08:59 -0300] "GET /cormun/static/Shared/jqueryui/images/ui-icons_8d78a5_256x240.png HTTP/1.1" 404 1089
190.171.141.90 - - [25/Nov/2021:16:09:02 -0300] "GET /cormun/servlet/apermisogoceprn?17621025,P,20211125151620,PU HTTP/1.1" 200 1664
192.168.10.17 - - [25/Nov/2021:16:09:06 -0300] "GET /cormun/servlet/hlogin HTTP/1.1" 200 1727
192.168.10.17 - - [25/Nov/2021:16:09:09 -0300] "POST /cormun/servlet/hlogin?c0a3f23ca6cb53541fb4e182a54456b0,gx-no-cache=1637866489930 HTTP/1.1" 200 90
192.168.10.17 - - [25/Nov/2021:16:09:09 -0300] "GET /cormun/servlet/hpexe_link HTTP/1.1" 200 950
192.168.10.17 - - [25/Nov/2021:16:09:09 -0300] "GET /cormun/servlet/hhome HTTP/1.1" 200 3766
192.168.10.17 - - [25/Nov/2021:16:09:09 -0300] "GET /cormun/servlet/hhome HTTP/1.1" 200 3763
190.171.141.90 - - [25/Nov/2021:16:09:19 -0300] "POST /cormun/servlet/trpermisosgoce?4913e5e27f02dc775343e4c33d5e3ab6,,gx-no-cache=1637866641975 HTTP/1.1" 200 104
190.171.141.90 - - [25/Nov/2021:16:09:20 -0300] "GET /cormun/PermisosGoce-2490.xls HTTP/1.1" 200 13824
190.171.141.90 - - [25/Nov/2021:16:09:23 -0300] "GET /cormun/servlet/permisogoce?INS,0,,, HTTP/1.1" 200 6838
190.171.141.90 - - [25/Nov/2021:16:09:24 -0300] "GET /cormun/servlet/permisogoce?INS,0,,, HTTP/1.1" 200 6838
190.171.141.90 - - [25/Nov/2021:16:09:40 -0300] "GET /cormun/servlet/permisogoce?056b18c3f85b9b072bc4f5e3dcad57b26eabac022d04aadfd0c23435f3d632922e527146e175e0bdc9cd9e3d7901ffb2abbdff68f28767c32619b4a0614ef1f3,gx-no-cache=1637866663235 HTTP/1.1" 200 81
190.171.141.90 - - [25/Nov/2021:16:09:41 -0300] "GET /cormun/static/menuarrow.gif HTTP/1.1" 404 1015
190.171.141.90 - - [25/Nov/2021:16:09:52 -0300] "GET /cormun/servlet/permisogoce?056b18c3f85b9b072bc4f5e3dcad57b2e03ddb50aa804e84b89b3614506b4f535fba3de00844eec6bc6e2ed8e9ddfe4fd5167660107579472bb765eab8008a9a,gx-no-cache=1637866675273 HTTP/1.1" 200 46
190.171.141.90 - - [25/Nov/2021:16:09:59 -0300] "POST /cormun/servlet/permisogoce?4913e5e27f02dc775343e4c33d5e3ab6,INS,0,,,,gx-no-cache=1637866681481 HTTP/1.1" 200 93
190.171.141.90 - - [25/Nov/2021:16:09:59 -0300] "GET /cormun/servlet/hpexe_return? HTTP/1.1" 200 1016
190.171.141.90 - - [25/Nov/2021:16:09:59 -0300] "GET /cormun/servlet/trpermisosgoce? HTTP/1.1" 200 17264
190.171.141.90 - - [25/Nov/2021:16:10:00 -0300] "GET /cormun/servlet/trpermisosgoce? HTTP/1.1" 200 17260
190.171.141.90 - - [25/Nov/2021:16:10:15 -0300] "GET /cormun/servlet/trpermisosadjuntos?15103001,20211125155504,P, HTTP/1.1" 200 6114
190.171.141.90 - - [25/Nov/2021:16:10:15 -0300] "GET /cormun/servlet/trpermisosadjuntos?15103001,20211125155504,P, HTTP/1.1" 200 6115
190.171.141.90 - - [25/Nov/2021:16:10:17 -0300] "GET /cormun/servlet/permisosadjuntos?INS,15103001,P,20211125155504,, HTTP/1.1" 200 5614
190.171.141.90 - - [25/Nov/2021:16:10:17 -0300] "GET /cormun/static/about:blank HTTP/1.1" 404 1011
190.171.141.90 - - [25/Nov/2021:16:10:17 -0300] "GET /cormun/servlet/permisosadjuntos?INS,15103001,P,20211125155504,, HTTP/1.1" 200 5603
190.171.149.74 - - [25/Nov/2021:16:10:42 -0300] "POST /cormun/servlet/trlicencias?1ce871f3fc81a325c63c9dd8b1527a61,gx-no-cache=1637870374195 HTTP/1.1" 200 6690
205.185.121.173 - - [25/Nov/2021:16:10:46 -0300] "GET /manager/html HTTP/1.1" 401 2474
192.168.10.17 - - [25/Nov/2021:16:10:55 -0300] "GET /cormun/servlet/trsolicitudgral? HTTP/1.1" 200 11351
192.168.10.17 - - [25/Nov/2021:16:10:55 -0300] "GET /cormun/servlet/trsolicitudgral? HTTP/1.1" 200 11350
192.168.10.17 - - [25/Nov/2021:16:11:03 -0300] "POST /cormun/servlet/trsolicitudgral?c0a3f23ca6cb53541fb4e182a54456b0,,gx-no-cache=1637866603725 HTTP/1.1" 200 5241
190.171.144.234 - - [25/Nov/2021:16:11:34 -0300] "GET /cormun/servlet/hlogin HTTP/1.1" 200 1725
190.171.144.234 - - [25/Nov/2021:16:11:36 -0300] "POST /cormun/servlet/hlogin?6f631c9ea33d94083ba71898522432d2,gx-no-cache=1637866778827 HTTP/1.1" 200 90
190.171.144.234 - - [25/Nov/2021:16:11:36 -0300] "GET /cormun/servlet/hpexe_link HTTP/1.1" 200 953
190.171.144.234 - - [25/Nov/2021:16:11:36 -0300] "GET /cormun/servlet/hhome HTTP/1.1" 200 3986
190.171.144.234 - - [25/Nov/2021:16:11:37 -0300] "GET /cormun/servlet/hhome HTTP/1.1" 200 3983
190.171.144.234 - - [25/Nov/2021:16:11:40 -0300] "GET /cormun/servlet/trpermisosgoce? HTTP/1.1" 200 9708
190.171.144.234 - - [25/Nov/2021:16:11:40 -0300] "GET /cormun/static/gxcfg.js?2020121631564 HTTP/1.1" 200 953
190.171.144.234 - - [25/Nov/2021:16:11:40 -0300] "GET /cormun/static/trpermisosgoce.js?2020121633681 HTTP/1.1" 200 35904
190.171.144.234 - - [25/Nov/2021:16:11:41 -0300] "GET /cormun//static/Resources/PXToolsGridUpdate.png HTTP/1.1" 200 470
190.171.144.234 - - [25/Nov/2021:16:11:41 -0300] "GET /cormun//static/Resources/PXToolsGridDelete.png HTTP/1.1" 200 538
190.171.144.234 - - [25/Nov/2021:16:11:41 -0300] "GET /cormun/servlet/trpermisosgoce? HTTP/1.1" 200 9706
192.168.10.17 - - [25/Nov/2021:16:11:53 -0300] "GET /cormun/servlet/trsolicitudgral? HTTP/1.1" 200 8255
192.168.10.17 - - [25/Nov/2021:16:11:53 -0300] "GET /cormun/servlet/trsolicitudgral? HTTP/1.1" 200 8255
192.168.10.17 - - [25/Nov/2021:16:12:00 -0300] "POST /cormun/servlet/trsolicitudgral?c0a3f23ca6cb53541fb4e182a54456b0,,gx-no-cache=1637866660679 HTTP/1.1" 200 5240
190.171.141.90 - - [25/Nov/2021:16:12:10 -0300] "POST /cormun/servlet/permisosadjuntos?4913e5e27f02dc775343e4c33d5e3ab6,INS,15103001,P,20211125155504,, HTTP/1.1" 200 116
190.171.141.90 - - [25/Nov/2021:16:12:10 -0300] "GET /cormun/servlet/hpexe_return? HTTP/1.1" 200 1044
190.171.141.90 - - [25/Nov/2021:16:12:11 -0300] "GET /cormun/servlet/trpermisosadjuntos?15103001,20211125155504,P, HTTP/1.1" 200 6644
190.171.141.90 - - [25/Nov/2021:16:12:11 -0300] "GET /cormun/servlet/trpermisosadjuntos?15103001,20211125155504,P, HTTP/1.1" 200 6641
190.171.144.234 - - [25/Nov/2021:16:12:11 -0300] "POST /cormun/servlet/trpermisosgoce?6f631c9ea33d94083ba71898522432d2,,gx-no-cache=1637866813373 HTTP/1.1" 200 5042
190.171.141.90 - - [25/Nov/2021:16:12:16 -0300] "GET /cormun/servlet/trpermisosgoce? HTTP/1.1" 200 17308
190.171.144.234 - - [25/Nov/2021:16:12:16 -0300] "GET /cormun/static/menuarrow.gif HTTP/1.1" 404 1015
190.171.141.90 - - [25/Nov/2021:16:12:16 -0300] "GET /cormun/servlet/trpermisosgoce? HTTP/1.1" 200 17313
190.171.144.234 - - [25/Nov/2021:16:12:24 -0300] "POST /cormun/servlet/trpermisosgoce?6f631c9ea33d94083ba71898522432d2,,gx-no-cache=1637866826640 HTTP/1.1" 200 5644
190.171.141.90 - - [25/Nov/2021:16:12:26 -0300] "GET /cormun/servlet/trpermisosadjuntos?15103001,20211125155504,P, HTTP/1.1" 200 6640
190.171.141.90 - - [25/Nov/2021:16:12:26 -0300] "GET /cormun/servlet/trpermisosadjuntos?15103001,20211125155504,P, HTTP/1.1" 200 6641
190.171.141.90 - - [25/Nov/2021:16:12:31 -0300] "GET /cormun/servlet/trpermisosgoce? HTTP/1.1" 200 17272
190.171.141.90 - - [25/Nov/2021:16:12:32 -0300] "GET /cormun/servlet/trpermisosgoce? HTTP/1.1" 200 17299
190.171.141.90 - - [25/Nov/2021:16:12:49 -0300] "POST /cormun/servlet/trpermisosgoce?4913e5e27f02dc775343e4c33d5e3ab6,,gx-no-cache=1637866851087 HTTP/1.1" 200 14545
190.171.141.90 - - [25/Nov/2021:16:12:49 -0300] "GET /cormun/static/Shared/jqueryui/images/ui-bg_highlight-soft_100_c6c2c8_1x100.png HTTP/1.1" 404 1117
190.171.141.90 - - [25/Nov/2021:16:12:49 -0300] "GET /cormun/static/Shared/jqueryui/images/ui-icons_82798d_256x240.png HTTP/1.1" 404 1089
190.171.141.90 - - [25/Nov/2021:16:12:49 -0300] "GET /cormun/static/Shared/jqueryui/images/ui-bg_flat_55_fafafa_40x100.png HTTP/1.1" 404 1097
190.171.141.90 - - [25/Nov/2021:16:12:49 -0300] "GET /cormun/static/Shared/jqueryui/images/ui-icons_8d78a5_256x240.png HTTP/1.1" 404 1089
190.171.141.90 - - [25/Nov/2021:16:12:52 -0300] "GET /cormun/servlet/apermisogoceprn?17621025,P,20211125151620,PU HTTP/1.1" 200 1663
190.171.141.90 - - [25/Nov/2021:16:13:12 -0300] "GET /cormun/servlet/permisogoce?INS,0,,, HTTP/1.1" 200 6838
190.171.141.90 - - [25/Nov/2021:16:13:12 -0300] "GET /cormun/servlet/permisogoce?INS,0,,, HTTP/1.1" 200 6838
205.185.121.173 - - [25/Nov/2021:16:13:41 -0300] "GET /manager/html HTTP/1.1" 401 2474
190.171.141.90 - - [25/Nov/2021:16:13:43 -0300] "GET /cormun/servlet/permisogoce?056b18c3f85b9b072bc4f5e3dcad57b2d46687ba60794e5d9b1f7848a112a6102e527146e175e0bdc9cd9e3d7901ffb2abbdff68f28767c32619b4a0614ef1f3,gx-no-cache=1637866905706 HTTP/1.1" 200 76
190.171.141.90 - - [25/Nov/2021:16:13:43 -0300] "GET /cormun/static/menuarrow.gif HTTP/1.1" 404 1015
190.171.141.90 - - [25/Nov/2021:16:13:59 -0300] "GET /cormun/servlet/permisogoce?056b18c3f85b9b072bc4f5e3dcad57b2e15f134d9dabfe8e460770abd326afbeb64631688c5d1e025c77c0817adde509d5167660107579472bb765eab8008a9a,gx-no-cache=1637866922009 HTTP/1.1" 200 46
