190.171.141.90 - - [24/Nov/2021:16:08:54 -0300] "POST /cormun/servlet/permisogoce?ad0ae95b1671a35acf04719b83424464,INS,0,,,,gx-no-cache=1637780215551 HTTP/1.1" 200 93
190.171.141.90 - - [24/Nov/2021:16:08:54 -0300] "GET /cormun/servlet/hpexe_return? HTTP/1.1" 200 1033
190.171.141.90 - - [24/Nov/2021:16:08:54 -0300] "GET /cormun/servlet/trpermisosgoce?gx-no-cache=1637776612038 HTTP/1.1" 200 10196
190.171.141.90 - - [24/Nov/2021:16:08:56 -0300] "GET /cormun/servlet/trpermisosgoce?gx-no-cache=1637776612038 HTTP/1.1" 200 10212
190.171.141.90 - - [24/Nov/2021:16:09:08 -0300] "POST /cormun/servlet/trpermisosgoce?ad0ae95b1671a35acf04719b83424464,gx-no-cache=1637776612038,gx-no-cache=1637780229927 HTTP/1.1" 200 7539
190.171.141.90 - - [24/Nov/2021:16:09:08 -0300] "GET /cormun/static/Shared/jqueryui/images/ui-bg_highlight-soft_100_c6c2c8_1x100.png HTTP/1.1" 404 1117
190.171.141.90 - - [24/Nov/2021:16:09:08 -0300] "GET /cormun/static/Shared/jqueryui/images/ui-icons_82798d_256x240.png HTTP/1.1" 404 1089
190.171.141.90 - - [24/Nov/2021:16:09:08 -0300] "GET /cormun/static/Shared/jqueryui/images/ui-bg_flat_55_fafafa_40x100.png HTTP/1.1" 404 1097
190.171.141.90 - - [24/Nov/2021:16:09:08 -0300] "GET /cormun/static/Shared/jqueryui/images/ui-icons_8d78a5_256x240.png HTTP/1.1" 404 1089
190.171.141.90 - - [24/Nov/2021:16:09:09 -0300] "GET /cormun/servlet/apermisogoceprn?16494154,P,20211124150110,PU HTTP/1.1" 200 1637
190.171.141.90 - - [24/Nov/2021:16:10:13 -0300] "POST /cormun/servlet/trpermisosgoce?ad0ae95b1671a35acf04719b83424464,gx-no-cache=1637776612038,gx-no-cache=1637780294960 HTTP/1.1" 200 7535
190.171.141.90 - - [24/Nov/2021:16:10:15 -0300] "GET /cormun/servlet/apermisogoceprn?16476601,P,20211124145528,PU HTTP/1.1" 200 1649
190.171.141.90 - - [24/Nov/2021:16:10:28 -0300] "POST /cormun/servlet/trpermisosgoce?ad0ae95b1671a35acf04719b83424464,gx-no-cache=1637776612038,gx-no-cache=1637780309815 HTTP/1.1" 200 7539
190.171.141.90 - - [24/Nov/2021:16:10:31 -0300] "GET /cormun/servlet/apermisogoceprn?16494154,P,20211124150110,PU HTTP/1.1" 200 1635
192.168.10.84 - - [24/Nov/2021:16:10:31 -0300] "POST /digitalizacion/servlet/trdocumentos?gx-no-cache=1637780172517 HTTP/1.1" 200 100
192.168.10.84 - - [24/Nov/2021:16:10:33 -0300] "POST /digitalizacion/servlet/trdocumentos?3d9481a61fae1fdaf0788e85d9005985,,gx-no-cache=1637780174454 HTTP/1.1" 200 3864
192.168.10.84 - - [24/Nov/2021:16:10:38 -0300] "GET /digitalizacion/servlet/wbadjunto?80582,PU HTTP/1.1" 302 -
192.168.10.84 - - [24/Nov/2021:16:10:39 -0300] "GET /digitalizacion/PublicTempStorage/4660459.tmp HTTP/1.1" 206 63573
192.168.10.84 - - [24/Nov/2021:16:10:39 -0300] "GET /digitalizacion/PublicTempStorage/4660459.tmp HTTP/1.1" 206 65536
192.168.10.84 - - [24/Nov/2021:16:10:39 -0300] "GET /digitalizacion/PublicTempStorage/4660459.tmp HTTP/1.1" 200 6551637
190.171.141.90 - - [24/Nov/2021:16:10:53 -0300] "GET /cormun/servlet/apermisogoceprn?16059878,P,20211124155336,PU HTTP/1.1" 200 1654
205.185.121.173 - - [24/Nov/2021:16:11:00 -0300] "GET /manager/html HTTP/1.1" 401 2474
192.168.10.83 - - [24/Nov/2021:16:11:06 -0300] "GET /digitalizacion/servlet/trdocumentos? HTTP/1.1" 200 6946
192.168.10.83 - - [24/Nov/2021:16:11:07 -0300] "GET /digitalizacion/servlet/trdocumentos? HTTP/1.1" 200 6928
192.168.10.83 - - [24/Nov/2021:16:11:08 -0300] "POST /digitalizacion/servlet/trdocumentos?gx-no-cache=1637780208327 HTTP/1.1" 200 205
192.168.10.83 - - [24/Nov/2021:16:11:08 -0300] "POST /digitalizacion/servlet/trdocumentos?gx-no-cache=1637780208355 HTTP/1.1" 200 94
192.168.10.83 - - [24/Nov/2021:16:11:15 -0300] "POST /digitalizacion/servlet/trdocumentos?gx-no-cache=1637780216115 HTTP/1.1" 200 184
192.168.10.83 - - [24/Nov/2021:16:11:28 -0300] "GET /digitalizacion/servlet/wbadjunto?80645,PU HTTP/1.1" 302 -
192.168.10.83 - - [24/Nov/2021:16:11:29 -0300] "GET /digitalizacion/servlet/wbadjunto?80645,PU HTTP/1.1" 302 -
192.168.10.83 - - [24/Nov/2021:16:11:30 -0300] "GET /digitalizacion/PublicTempStorage/4284037.tmp HTTP/1.1" 200 6167434
190.171.141.90 - - [24/Nov/2021:16:12:30 -0300] "GET /cormun/servlet/permisogoce?INS,0,,, HTTP/1.1" 200 6854
190.171.141.90 - - [24/Nov/2021:16:12:31 -0300] "GET /cormun/servlet/permisogoce?INS,0,,, HTTP/1.1" 200 6831
205.185.121.173 - - [24/Nov/2021:16:13:50 -0300] "GET /manager/html HTTP/1.1" 401 2474
192.168.10.83 - - [24/Nov/2021:16:13:50 -0300] "GET /digitalizacion/servlet/wbadjunto?80635,PU HTTP/1.1" 302 -
192.168.10.83 - - [24/Nov/2021:16:13:50 -0300] "GET /digitalizacion/PublicTempStorage/6207336.tmp HTTP/1.1" 200 1150651
192.168.10.84 - - [24/Nov/2021:16:14:01 -0300] "GET /digitalizacion/servlet/wbadjunto?80574,PU HTTP/1.1" 302 -
192.168.10.84 - - [24/Nov/2021:16:14:01 -0300] "GET /digitalizacion/PublicTempStorage/8327404.tmp HTTP/1.1" 206 59725
192.168.10.84 - - [24/Nov/2021:16:14:01 -0300] "GET /digitalizacion/PublicTempStorage/8327404.tmp HTTP/1.1" 206 65536
192.168.10.84 - - [24/Nov/2021:16:14:01 -0300] "GET /digitalizacion/PublicTempStorage/8327404.tmp HTTP/1.1" 200 5368141
192.168.10.84 - - [24/Nov/2021:16:14:08 -0300] "POST /digitalizacion/servlet/trdocumentos?gx-no-cache=1637780388810 HTTP/1.1" 200 185
192.168.10.84 - - [24/Nov/2021:16:14:13 -0300] "POST /digitalizacion/servlet/trdocumentos?3d9481a61fae1fdaf0788e85d9005985,,gx-no-cache=1637780394024 HTTP/1.1" 200 4145
192.168.10.84 - - [24/Nov/2021:16:14:15 -0300] "GET /digitalizacion/servlet/wbadjunto?80635,PU HTTP/1.1" 302 -
192.168.10.84 - - [24/Nov/2021:16:14:15 -0300] "GET /digitalizacion/PublicTempStorage/1206500.tmp HTTP/1.1" 200 1150651
192.168.10.83 - - [24/Nov/2021:16:14:31 -0300] "GET /digitalizacion/servlet/wbadjunto?80638,PU HTTP/1.1" 302 -
192.168.10.83 - - [24/Nov/2021:16:14:31 -0300] "GET /digitalizacion/PublicTempStorage/3001762.tmp HTTP/1.1" 200 1562823
192.168.10.84 - - [24/Nov/2021:16:14:33 -0300] "GET /digitalizacion/servlet/wbadjunto?80636,PU HTTP/1.1" 302 -
192.168.10.84 - - [24/Nov/2021:16:14:34 -0300] "GET /digitalizacion/PublicTempStorage/9843633.tmp HTTP/1.1" 206 10216
192.168.10.84 - - [24/Nov/2021:16:14:34 -0300] "GET /digitalizacion/PublicTempStorage/9843633.tmp HTTP/1.1" 206 65536
192.168.10.84 - - [24/Nov/2021:16:14:38 -0300] "GET /digitalizacion/PublicTempStorage/9843633.tmp HTTP/1.1" 206 65536
192.168.10.84 - - [24/Nov/2021:16:14:38 -0300] "GET /digitalizacion/PublicTempStorage/9843633.tmp HTTP/1.1" 206 65536
192.168.10.84 - - [24/Nov/2021:16:14:38 -0300] "GET /digitalizacion/PublicTempStorage/9843633.tmp HTTP/1.1" 206 65536
192.168.10.84 - - [24/Nov/2021:16:14:38 -0300] "GET /digitalizacion/PublicTempStorage/9843633.tmp HTTP/1.1" 206 65536
192.168.10.84 - - [24/Nov/2021:16:14:38 -0300] "GET /digitalizacion/PublicTempStorage/9843633.tmp HTTP/1.1" 206 65536
192.168.10.84 - - [24/Nov/2021:16:14:38 -0300] "GET /digitalizacion/PublicTempStorage/9843633.tmp HTTP/1.1" 206 65536
192.168.10.84 - - [24/Nov/2021:16:14:38 -0300] "GET /digitalizacion/PublicTempStorage/9843633.tmp HTTP/1.1" 206 65536
192.168.10.84 - - [24/Nov/2021:16:14:38 -0300] "GET /digitalizacion/PublicTempStorage/9843633.tmp HTTP/1.1" 206 65536
192.168.10.84 - - [24/Nov/2021:16:14:38 -0300] "GET /digitalizacion/PublicTempStorage/9843633.tmp HTTP/1.1" 206 65536
192.168.10.84 - - [24/Nov/2021:16:14:38 -0300] "GET /digitalizacion/PublicTempStorage/9843633.tmp HTTP/1.1" 206 65536
192.168.10.84 - - [24/Nov/2021:16:14:38 -0300] "GET /digitalizacion/PublicTempStorage/9843633.tmp HTTP/1.1" 206 65536
192.168.10.84 - - [24/Nov/2021:16:14:39 -0300] "GET /digitalizacion/PublicTempStorage/9843633.tmp HTTP/1.1" 206 65536
192.168.10.84 - - [24/Nov/2021:16:14:39 -0300] "GET /digitalizacion/PublicTempStorage/9843633.tmp HTTP/1.1" 206 65536
192.168.10.84 - - [24/Nov/2021:16:14:39 -0300] "GET /digitalizacion/PublicTempStorage/9843633.tmp HTTP/1.1" 206 65536
192.168.10.84 - - [24/Nov/2021:16:14:39 -0300] "GET /digitalizacion/PublicTempStorage/9843633.tmp HTTP/1.1" 206 65536
192.168.10.84 - - [24/Nov/2021:16:14:39 -0300] "GET /digitalizacion/PublicTempStorage/9843633.tmp HTTP/1.1" 206 65536
192.168.10.84 - - [24/Nov/2021:16:14:39 -0300] "GET /digitalizacion/PublicTempStorage/9843633.tmp HTTP/1.1" 206 65536
192.168.10.84 - - [24/Nov/2021:16:14:39 -0300] "GET /digitalizacion/PublicTempStorage/9843633.tmp HTTP/1.1" 206 65536
192.168.10.84 - - [24/Nov/2021:16:14:39 -0300] "GET /digitalizacion/PublicTempStorage/9843633.tmp HTTP/1.1" 206 65536
192.168.10.84 - - [24/Nov/2021:16:14:40 -0300] "GET /digitalizacion/PublicTempStorage/9843633.tmp HTTP/1.1" 200 59713512
192.168.10.83 - - [24/Nov/2021:16:14:40 -0300] "GET /digitalizacion/servlet/wbadjunto?80641,PU HTTP/1.1" 302 -
192.168.10.83 - - [24/Nov/2021:16:14:41 -0300] "GET /digitalizacion/PublicTempStorage/6554266.tmp HTTP/1.1" 200 5946205
207.46.13.153 - - [24/Nov/2021:16:14:43 -0300] "GET /cormun/servlet/trsolicitudot?_escaped_fragment_= HTTP/1.1" 200 6262
190.171.154.42 - - [24/Nov/2021:16:15:10 -0300] "POST /cormun/servlet/trlicencias?c69fb852fa91ba680d3573a6769ea999,,gx-no-cache=1637780591787 HTTP/1.1" 200 9276
192.168.10.83 - - [24/Nov/2021:16:15:47 -0300] "GET /digitalizacion/servlet/wbadjunto?80643,PU HTTP/1.1" 302 -
192.168.10.83 - - [24/Nov/2021:16:15:47 -0300] "GET /digitalizacion/PublicTempStorage/9883073.tmp HTTP/1.1" 200 1565463
192.168.10.83 - - [24/Nov/2021:16:15:56 -0300] "GET /digitalizacion/servlet/wbadjunto?80644,PU HTTP/1.1" 302 -
192.168.10.83 - - [24/Nov/2021:16:15:57 -0300] "GET /digitalizacion/PublicTempStorage/3638168.tmp HTTP/1.1" 200 7528311
200.111.191.213 - - [24/Nov/2021:16:16:24 -0300] "GET /cormun/servlet/trlicencias? HTTP/1.1" 200 6050
200.111.191.213 - - [24/Nov/2021:16:16:24 -0300] "GET /cormun/servlet/hlogin HTTP/1.1" 200 1746
200.111.191.213 - - [24/Nov/2021:16:16:24 -0300] "GET /cormun/servlet/trlicencias? HTTP/1.1" 200 6045
205.185.121.173 - - [24/Nov/2021:16:16:31 -0300] "GET /manager/html HTTP/1.1" 401 2474
200.111.191.213 - - [24/Nov/2021:16:16:33 -0300] "POST /cormun/servlet/hlogin?4950444fb1214a53024d92938f905fc0,gx-no-cache=1637780947930 HTTP/1.1" 200 90
200.111.191.213 - - [24/Nov/2021:16:16:34 -0300] "GET /cormun/servlet/hpexe_link HTTP/1.1" 200 962
200.111.191.213 - - [24/Nov/2021:16:16:34 -0300] "GET /cormun/servlet/trlicencias HTTP/1.1" 200 13501
200.111.191.213 - - [24/Nov/2021:16:16:34 -0300] "GET /cormun/servlet/trlicencias HTTP/1.1" 200 13499
192.168.10.83 - - [24/Nov/2021:16:17:09 -0300] "GET /digitalizacion/servlet/wbadjunto?80645,PU HTTP/1.1" 302 -
192.168.10.83 - - [24/Nov/2021:16:17:10 -0300] "GET /digitalizacion/PublicTempStorage/7154214.tmp HTTP/1.1" 200 6167434
192.168.10.83 - - [24/Nov/2021:16:17:28 -0300] "GET /digitalizacion/servlet/wbadjunto?80646,PU HTTP/1.1" 302 -
192.168.10.83 - - [24/Nov/2021:16:17:29 -0300] "GET /digitalizacion/PublicTempStorage/156127.tmp HTTP/1.1" 200 10236057
192.168.10.17 - - [24/Nov/2021:16:18:48 -0300] "GET /cormun/servlet/vesolicitudgral?2021,17715,, HTTP/1.1" 200 8324
192.168.10.17 - - [24/Nov/2021:16:18:48 -0300] "GET /cormun/pexe_scrolldiv.js HTTP/1.1" 404 1009
192.168.10.17 - - [24/Nov/2021:16:18:48 -0300] "GET /cormun/pexe_scrolldiv.js HTTP/1.1" 404 1009
192.168.10.17 - - [24/Nov/2021:16:18:48 -0300] "GET /cormun/servlet/vesolicitudgral?2021,17715,, HTTP/1.1" 200 8323
192.168.10.83 - - [24/Nov/2021:16:19:00 -0300] "GET /digitalizacion/servlet/wbadjunto?80647,PU HTTP/1.1" 302 -
192.168.10.83 - - [24/Nov/2021:16:19:00 -0300] "GET /digitalizacion/PublicTempStorage/6391062.tmp HTTP/1.1" 200 1512315
192.168.10.17 - - [24/Nov/2021:16:19:24 -0300] "GET /cormun/servlet/trsolicitudgral? HTTP/1.1" 200 12979
205.185.121.173 - - [24/Nov/2021:16:19:24 -0300] "GET /manager/html HTTP/1.1" 401 2474
192.168.10.17 - - [24/Nov/2021:16:19:24 -0300] "GET /cormun/servlet/trsolicitudgral? HTTP/1.1" 200 12979
192.168.10.83 - - [24/Nov/2021:16:19:25 -0300] "GET /digitalizacion/servlet/wbadjunto?80635,PU HTTP/1.1" 302 -
192.168.10.83 - - [24/Nov/2021:16:19:25 -0300] "GET /digitalizacion/PublicTempStorage/9565203.tmp HTTP/1.1" 200 1150651
192.168.10.83 - - [24/Nov/2021:16:20:00 -0300] "GET /digitalizacion/servlet/wbadjunto?80637,PU HTTP/1.1" 302 -
192.168.10.83 - - [24/Nov/2021:16:20:00 -0300] "GET /digitalizacion/PublicTempStorage/7151010.tmp HTTP/1.1" 200 925669
192.168.10.17 - - [24/Nov/2021:16:20:13 -0300] "GET /cormun/servlet/vesolicitudgral?2021,17817,, HTTP/1.1" 200 8342
192.168.10.17 - - [24/Nov/2021:16:20:13 -0300] "GET /cormun/pexe_scrolldiv.js HTTP/1.1" 404 1009
192.168.10.17 - - [24/Nov/2021:16:20:13 -0300] "GET /cormun/pexe_scrolldiv.js HTTP/1.1" 404 1009
192.168.10.17 - - [24/Nov/2021:16:20:13 -0300] "GET /cormun/servlet/vesolicitudgral?2021,17817,, HTTP/1.1" 200 8341
192.168.10.83 - - [24/Nov/2021:16:20:25 -0300] "GET /digitalizacion/servlet/wbadjunto?80636,PU HTTP/1.1" 302 -
192.168.10.83 - - [24/Nov/2021:16:20:29 -0300] "GET /digitalizacion/servlet/wbadjunto?80636,PU HTTP/1.1" 302 -
192.168.10.83 - - [24/Nov/2021:16:20:30 -0300] "GET /digitalizacion/servlet/wbadjunto?80639,PU HTTP/1.1" 302 -
192.168.10.83 - - [24/Nov/2021:16:20:32 -0300] "GET /digitalizacion/PublicTempStorage/190695.tmp HTTP/1.1" 200 16604317
190.171.149.74 - - [24/Nov/2021:16:21:02 -0300] "GET /cormun/servlet/hlogin HTTP/1.1" 200 1720
190.171.149.74 - - [24/Nov/2021:16:21:10 -0300] "POST /cormun/servlet/hlogin?ab593bb0d4898c15a78dca9b7f6b3db6,gx-no-cache=1637784602656 HTTP/1.1" 200 90
190.171.149.74 - - [24/Nov/2021:16:21:10 -0300] "GET /cormun/servlet/hpexe_link HTTP/1.1" 200 971
190.171.149.74 - - [24/Nov/2021:16:21:10 -0300] "GET /cormun/servlet/trlicencias?gx-no-cache=1637783837842 HTTP/1.1" 200 9434
190.171.149.74 - - [24/Nov/2021:16:21:11 -0300] "GET /cormun/servlet/trlicencias?gx-no-cache=1637783837842 HTTP/1.1" 200 9454
190.171.149.74 - - [24/Nov/2021:16:21:14 -0300] "GET /cormun/servlet/trpermisosingoce? HTTP/1.1" 200 6933
190.171.149.74 - - [24/Nov/2021:16:21:14 -0300] "GET /cormun/static/gxcfg.js?2020121653066 HTTP/1.1" 200 953
190.171.149.74 - - [24/Nov/2021:16:21:14 -0300] "GET /cormun/static/trpermisosingoce.js?2020121655097 HTTP/1.1" 200 34472
190.171.149.74 - - [24/Nov/2021:16:21:15 -0300] "GET /cormun/servlet/trpermisosingoce? HTTP/1.1" 200 6909
190.171.149.74 - - [24/Nov/2021:16:21:16 -0300] "GET /cormun/servlet/trpermisosgoce? HTTP/1.1" 200 15574
190.171.149.74 - - [24/Nov/2021:16:21:17 -0300] "GET /cormun/servlet/trpermisosgoce? HTTP/1.1" 200 15574
190.171.149.74 - - [24/Nov/2021:16:21:19 -0300] "GET /cormun/servlet/permisogoce?INS,0,,, HTTP/1.1" 200 6835
190.171.149.74 - - [24/Nov/2021:16:21:19 -0300] "GET /cormun/servlet/permisogoce?INS,0,,, HTTP/1.1" 200 6839
190.171.149.74 - - [24/Nov/2021:16:21:26 -0300] "GET /cormun/servlet/permisogoce?3d5b982d5a932d1f3eb91ebf6c74238d370765bcbdb21f66a79664fef1942f952740dc6752c80c0de532e1ab3b5b04da38616f1d4f1129566d1984646a4392c3,gx-no-cache=1637784618558 HTTP/1.1" 200 82
190.171.149.74 - - [24/Nov/2021:16:21:30 -0300] "GET /cormun/static/menuarrow.gif HTTP/1.1" 404 1015
190.171.141.90 - - [24/Nov/2021:16:21:32 -0300] "GET /cormun/servlet/permisogoce?33ff4b47fec9371dddddf9e0fbe020e88de38dcc18986b08563f587907c1c19307f337964b1e901834b97d3989cc04f6a18c2c12d61458b2e125e4e01b2dff5d,gx-no-cache=1637780974579 HTTP/1.1" 200 84
190.171.141.90 - - [24/Nov/2021:16:21:32 -0300] "GET /cormun/static/menuarrow.gif HTTP/1.1" 404 1015
190.171.149.74 - - [24/Nov/2021:16:21:35 -0300] "GET /cormun/servlet/permisogoce?3d5b982d5a932d1f3eb91ebf6c74238d20bb888cbf2f02ecffdff65a298e0e5418bcaa52739340ce3a3e2f73d0891b85705aa3e5feb5c8a7ae5fdc6ea1e2e610,gx-no-cache=1637784627984 HTTP/1.1" 200 47
190.171.149.74 - - [24/Nov/2021:16:21:39 -0300] "POST /cormun/servlet/permisogoce?ab593bb0d4898c15a78dca9b7f6b3db6,INS,0,,,,gx-no-cache=1637784631632 HTTP/1.1" 200 93
190.171.149.74 - - [24/Nov/2021:16:21:39 -0300] "GET /cormun/servlet/hpexe_return? HTTP/1.1" 200 1003
190.171.149.74 - - [24/Nov/2021:16:21:40 -0300] "GET /cormun/servlet/trpermisosgoce HTTP/1.1" 200 15834
190.171.149.74 - - [24/Nov/2021:16:21:40 -0300] "GET /cormun/servlet/trpermisosgoce HTTP/1.1" 200 15830
190.171.149.74 - - [24/Nov/2021:16:21:43 -0300] "GET /cormun/servlet/apermisogoceprn?8998776,P,20211124160659,PU HTTP/1.1" 200 1655
190.171.141.90 - - [24/Nov/2021:16:21:53 -0300] "GET /cormun/servlet/permisogoce?33ff4b47fec9371dddddf9e0fbe020e8af243afefb6898c5d4ccf056f4f9d8b3ae7eb7bf57614dd747fc58147d5d20e903abc35cc64a07f43f0e170ec887ef99,gx-no-cache=1637780994923 HTTP/1.1" 200 45
190.171.141.90 - - [24/Nov/2021:16:22:02 -0300] "POST /cormun/servlet/permisogoce?ad0ae95b1671a35acf04719b83424464,INS,0,,,,gx-no-cache=1637781003753 HTTP/1.1" 200 93
190.171.141.90 - - [24/Nov/2021:16:22:02 -0300] "GET /cormun/servlet/hpexe_return? HTTP/1.1" 200 1033
190.171.141.90 - - [24/Nov/2021:16:22:02 -0300] "GET /cormun/servlet/trpermisosgoce?gx-no-cache=1637776612038 HTTP/1.1" 200 10481
190.171.141.90 - - [24/Nov/2021:16:22:02 -0300] "GET /cormun/servlet/trpermisosgoce?gx-no-cache=1637776612038 HTTP/1.1" 200 10497
190.171.141.90 - - [24/Nov/2021:16:22:10 -0300] "POST /cormun/servlet/trpermisosgoce?ad0ae95b1671a35acf04719b83424464,gx-no-cache=1637776612038,gx-no-cache=1637781012023 HTTP/1.1" 200 7794
190.171.141.90 - - [24/Nov/2021:16:22:10 -0300] "GET /cormun/static/Shared/jqueryui/images/ui-bg_highlight-soft_100_c6c2c8_1x100.png HTTP/1.1" 404 1117
190.171.141.90 - - [24/Nov/2021:16:22:10 -0300] "GET /cormun/static/Shared/jqueryui/images/ui-icons_82798d_256x240.png HTTP/1.1" 404 1089
190.171.141.90 - - [24/Nov/2021:16:22:10 -0300] "GET /cormun/static/Shared/jqueryui/images/ui-icons_8d78a5_256x240.png HTTP/1.1" 404 1089
190.171.141.90 - - [24/Nov/2021:16:22:10 -0300] "GET /cormun/static/Shared/jqueryui/images/ui-bg_flat_55_fafafa_40x100.png HTTP/1.1" 404 1097
190.171.141.90 - - [24/Nov/2021:16:22:16 -0300] "GET /cormun/servlet/apermisogoceprn?7447504,P,20211124155811,PU HTTP/1.1" 200 1653
205.185.121.173 - - [24/Nov/2021:16:22:19 -0300] "GET /manager/html HTTP/1.1" 401 2474
190.171.141.90 - - [24/Nov/2021:16:22:36 -0300] "GET /cormun/servlet/permisogoce?INS,0,,, HTTP/1.1" 200 6855
190.171.141.90 - - [24/Nov/2021:16:22:37 -0300] "GET /cormun/servlet/permisogoce?INS,0,,, HTTP/1.1" 200 6832
192.168.10.83 - - [24/Nov/2021:16:23:06 -0300] "GET /digitalizacion/servlet/wbadjunto?80643,PU HTTP/1.1" 302 -
192.168.10.83 - - [24/Nov/2021:16:23:06 -0300] "GET /digitalizacion/PublicTempStorage/9442768.tmp HTTP/1.1" 200 1565463
190.171.141.90 - - [24/Nov/2021:16:23:10 -0300] "GET /cormun/servlet/permisogoce?33ff4b47fec9371dddddf9e0fbe020e878f4c820024e07c0d1cfb9241829719114096463ca5c63e91fc6b1cba4802674e0981ef5a2ee517fe2bd39fa71aa0217,gx-no-cache=1637781071737 HTTP/1.1" 200 65
190.171.141.90 - - [24/Nov/2021:16:23:10 -0300] "GET /cormun/static/menuarrow.gif HTTP/1.1" 404 1015
190.171.141.90 - - [24/Nov/2021:16:23:30 -0300] "GET /cormun/servlet/permisogoce?33ff4b47fec9371dddddf9e0fbe020e8d2985c47608feae44bda6e51de07ba8c3e0bbbe47728811222159aaf0e50e6c5f5283fc8667cef489e877cf750310b72,gx-no-cache=1637781091843 HTTP/1.1" 200 46
192.168.10.83 - - [24/Nov/2021:16:23:46 -0300] "POST /digitalizacion/servlet/trdocumentos?73352a8929810b1665bd857c6d6e914e,,gx-no-cache=1637780967127 HTTP/1.1" 200 3935
192.168.10.83 - - [24/Nov/2021:16:23:52 -0300] "GET /digitalizacion/servlet/wbadjunto?80649,PU HTTP/1.1" 302 -
190.171.141.90 - - [24/Nov/2021:16:23:52 -0300] "POST /cormun/servlet/permisogoce?ad0ae95b1671a35acf04719b83424464,INS,0,,,,gx-no-cache=1637781113664 HTTP/1.1" 200 93
190.171.141.90 - - [24/Nov/2021:16:23:52 -0300] "GET /cormun/servlet/hpexe_return? HTTP/1.1" 200 1033
192.168.10.83 - - [24/Nov/2021:16:23:52 -0300] "GET /digitalizacion/PublicTempStorage/403896.tmp HTTP/1.1" 200 1853083
190.171.141.90 - - [24/Nov/2021:16:23:52 -0300] "GET /cormun/servlet/trpermisosgoce?gx-no-cache=1637776612038 HTTP/1.1" 200 10695
190.171.141.90 - - [24/Nov/2021:16:23:53 -0300] "GET /cormun/servlet/trpermisosgoce?gx-no-cache=1637776612038 HTTP/1.1" 200 10711
190.171.141.90 - - [24/Nov/2021:16:24:18 -0300] "POST /cormun/servlet/trpermisosgoce?ad0ae95b1671a35acf04719b83424464,gx-no-cache=1637776612038,gx-no-cache=1637781140032 HTTP/1.1" 200 7993
190.171.141.90 - - [24/Nov/2021:16:24:18 -0300] "GET /cormun/static/Shared/jqueryui/images/ui-bg_highlight-soft_100_c6c2c8_1x100.png HTTP/1.1" 404 1117
190.171.141.90 - - [24/Nov/2021:16:24:18 -0300] "GET /cormun/static/Shared/jqueryui/images/ui-icons_82798d_256x240.png HTTP/1.1" 404 1089
190.171.141.90 - - [24/Nov/2021:16:24:18 -0300] "GET /cormun/static/Shared/jqueryui/images/ui-bg_flat_55_fafafa_40x100.png HTTP/1.1" 404 1097
190.171.141.90 - - [24/Nov/2021:16:24:18 -0300] "GET /cormun/static/Shared/jqueryui/images/ui-icons_8d78a5_256x240.png HTTP/1.1" 404 1089
190.171.141.90 - - [24/Nov/2021:16:24:21 -0300] "GET /cormun/servlet/apermisogoceprn?12291026,P,20211124160817,PU HTTP/1.1" 200 1664
192.168.10.84 - - [24/Nov/2021:16:24:22 -0300] "POST /digitalizacion/servlet/trdocumentos?3d9481a61fae1fdaf0788e85d9005985,,gx-no-cache=1637781002611 HTTP/1.1" 200 4348
192.168.10.84 - - [24/Nov/2021:16:24:25 -0300] "GET /digitalizacion/servlet/wbadjunto?80677,PU HTTP/1.1" 302 -
192.168.10.84 - - [24/Nov/2021:16:24:25 -0300] "GET /digitalizacion/PublicTempStorage/5676817.tmp HTTP/1.1" 200 3449513
192.168.10.84 - - [24/Nov/2021:16:24:25 -0300] "GET /digitalizacion/PublicTempStorage/5676817.tmp HTTP/1.1" 206 41641
192.168.10.84 - - [24/Nov/2021:16:24:51 -0300] "GET /digitalizacion/servlet/wbadjunto?80688,PU HTTP/1.1" 302 -
192.168.10.84 - - [24/Nov/2021:16:24:51 -0300] "GET /digitalizacion/PublicTempStorage/6696288.tmp HTTP/1.1" 206 42799
192.168.10.84 - - [24/Nov/2021:16:24:52 -0300] "GET /digitalizacion/PublicTempStorage/6696288.tmp HTTP/1.1" 206 65536
192.168.10.84 - - [24/Nov/2021:16:24:52 -0300] "GET /digitalizacion/PublicTempStorage/6696288.tmp HTTP/1.1" 200 6268719
190.171.141.90 - - [24/Nov/2021:16:24:56 -0300] "GET /cormun/servlet/permisogoce?INS,0,,, HTTP/1.1" 200 6856
190.171.141.90 - - [24/Nov/2021:16:24:56 -0300] "GET /cormun/servlet/permisogoce?INS,0,,, HTTP/1.1" 200 6832
207.46.13.91 - - [24/Nov/2021:16:25:09 -0300] "GET /cormun/servlet/solicitudot?INS,0,0,false,&_escaped_fragment_= HTTP/1.1" 200 14605
192.168.10.96 - - [24/Nov/2021:16:25:18 -0300] "GET /cormun/servlet/trsolicitudot? HTTP/1.1" 200 6327
192.168.10.96 - - [24/Nov/2021:16:25:19 -0300] "GET /cormun/servlet/hlogin HTTP/1.1" 200 1744
192.168.10.96 - - [24/Nov/2021:16:25:19 -0300] "GET /cormun/servlet/trsolicitudot? HTTP/1.1" 200 6316
192.168.10.96 - - [24/Nov/2021:16:25:19 -0300] "GET /cormun/servlet/trsolicitudot? HTTP/1.1" 200 6316
192.168.10.96 - - [24/Nov/2021:16:25:22 -0300] "POST /cormun/servlet/hlogin?fb931344349753ad69c177408e152ba6,gx-no-cache=1637781062641 HTTP/1.1" 200 90
192.168.10.96 - - [24/Nov/2021:16:25:22 -0300] "GET /cormun/servlet/hpexe_link HTTP/1.1" 200 951
192.168.10.96 - - [24/Nov/2021:16:25:22 -0300] "GET /cormun/servlet/hhome HTTP/1.1" 200 3763
192.168.10.96 - - [24/Nov/2021:16:25:22 -0300] "GET /cormun/servlet/hhome HTTP/1.1" 200 3760
192.168.10.96 - - [24/Nov/2021:16:25:24 -0300] "GET /cormun/servlet/trsolicitudgral? HTTP/1.1" 200 12175
192.168.10.96 - - [24/Nov/2021:16:25:24 -0300] "GET /cormun/servlet/trsolicitudgral? HTTP/1.1" 200 12173
205.185.121.173 - - [24/Nov/2021:16:25:27 -0300] "GET /manager/html HTTP/1.1" 401 2474
192.168.10.84 - - [24/Nov/2021:16:25:27 -0300] "GET /digitalizacion/servlet/wbadjunto?80687,PU HTTP/1.1" 302 -
192.168.10.84 - - [24/Nov/2021:16:25:28 -0300] "GET /digitalizacion/PublicTempStorage/214792.tmp HTTP/1.1" 206 16015
192.168.10.84 - - [24/Nov/2021:16:25:28 -0300] "GET /digitalizacion/PublicTempStorage/214792.tmp HTTP/1.1" 206 65536
192.168.10.84 - - [24/Nov/2021:16:25:28 -0300] "GET /digitalizacion/PublicTempStorage/214792.tmp HTTP/1.1" 200 9518735
192.168.10.96 - - [24/Nov/2021:16:25:37 -0300] "POST /cormun/servlet/trsolicitudgral?fb931344349753ad69c177408e152ba6,,gx-no-cache=1637781077670 HTTP/1.1" 200 5249
192.168.10.96 - - [24/Nov/2021:16:25:41 -0300] "POST /cormun/servlet/trsolicitudgral?fb931344349753ad69c177408e152ba6,,gx-no-cache=1637781081986 HTTP/1.1" 200 8075
192.168.10.96 - - [24/Nov/2021:16:25:52 -0300] "GET /cormun/servlet/vesolicitudgral?2021,17792,, HTTP/1.1" 200 8329
192.168.10.96 - - [24/Nov/2021:16:25:52 -0300] "GET /cormun/pexe_scrolldiv.js HTTP/1.1" 404 1009
192.168.10.96 - - [24/Nov/2021:16:25:52 -0300] "GET /cormun/pexe_scrolldiv.js HTTP/1.1" 404 1009
192.168.10.96 - - [24/Nov/2021:16:25:52 -0300] "GET /cormun/servlet/vesolicitudgral?2021,17792,, HTTP/1.1" 200 8329
192.168.10.96 - - [24/Nov/2021:16:25:54 -0300] "GET /cormun/servlet/vesolicitudgral?2021,17792,,SolicitudOTLog HTTP/1.1" 200 7013
192.168.10.96 - - [24/Nov/2021:16:25:54 -0300] "GET /cormun/pexe_scrolldiv.js HTTP/1.1" 404 1009
192.168.10.96 - - [24/Nov/2021:16:25:54 -0300] "GET /cormun/pexe_scrolldiv.js HTTP/1.1" 404 1009
192.168.10.96 - - [24/Nov/2021:16:25:54 -0300] "GET /cormun/servlet/vesolicitudgral?2021,17792,,SolicitudOTLog HTTP/1.1" 200 7016
190.171.141.90 - - [24/Nov/2021:16:25:55 -0300] "GET /cormun/servlet/hlogin HTTP/1.1" 200 1728
192.168.10.96 - - [24/Nov/2021:16:25:55 -0300] "POST /cormun/servlet/acontrolpreferencessavestate?None,RRHH+DANIELA,true HTTP/1.1" 200 35
192.168.10.96 - - [24/Nov/2021:16:25:57 -0300] "GET /cormun/servlet/vesolicitudgral?2021,17792,,General HTTP/1.1" 200 8330
192.168.10.96 - - [24/Nov/2021:16:25:57 -0300] "GET /cormun/pexe_scrolldiv.js HTTP/1.1" 404 1009
192.168.10.96 - - [24/Nov/2021:16:25:57 -0300] "GET /cormun/pexe_scrolldiv.js HTTP/1.1" 404 1009
192.168.10.96 - - [24/Nov/2021:16:25:57 -0300] "GET /cormun/servlet/vesolicitudgral?2021,17792,,General HTTP/1.1" 200 8330
192.168.10.84 - - [24/Nov/2021:16:26:05 -0300] "GET /digitalizacion/servlet/wbadjunto?80689,PU HTTP/1.1" 302 -
192.168.10.84 - - [24/Nov/2021:16:26:05 -0300] "GET /digitalizacion/PublicTempStorage/9564872.tmp HTTP/1.1" 206 58292
192.168.10.84 - - [24/Nov/2021:16:26:06 -0300] "GET /digitalizacion/PublicTempStorage/9564872.tmp HTTP/1.1" 206 65536
192.168.10.84 - - [24/Nov/2021:16:26:06 -0300] "GET /digitalizacion/PublicTempStorage/9564872.tmp HTTP/1.1" 200 8971188
190.171.141.90 - - [24/Nov/2021:16:26:11 -0300] "POST /cormun/servlet/hlogin?08216efb216e32ed83db7908c4e6d9b3,gx-no-cache=1637781253959 HTTP/1.1" 200 427
190.171.141.90 - - [24/Nov/2021:16:26:22 -0300] "POST /cormun/servlet/hlogin?08216efb216e32ed83db7908c4e6d9b3,gx-no-cache=1637781264141 HTTP/1.1" 200 427
190.171.141.90 - - [24/Nov/2021:16:26:26 -0300] "POST /cormun/servlet/hlogin?08216efb216e32ed83db7908c4e6d9b3,gx-no-cache=1637781268885 HTTP/1.1" 200 90
190.171.141.90 - - [24/Nov/2021:16:26:26 -0300] "GET /cormun/servlet/hpexe_link HTTP/1.1" 200 952
190.171.141.90 - - [24/Nov/2021:16:26:27 -0300] "GET /cormun/servlet/hhome HTTP/1.1" 200 3969
190.171.141.90 - - [24/Nov/2021:16:26:27 -0300] "GET /cormun/servlet/hhome HTTP/1.1" 200 3965
190.171.141.90 - - [24/Nov/2021:16:26:31 -0300] "GET /cormun/servlet/trlicencias? HTTP/1.1" 200 19973
190.171.141.90 - - [24/Nov/2021:16:26:32 -0300] "GET /cormun/servlet/trlicencias? HTTP/1.1" 200 19970
190.171.141.90 - - [24/Nov/2021:16:26:36 -0300] "GET /cormun/servlet/permisogoce?33ff4b47fec9371dddddf9e0fbe020e81c590b51c4f4dd80ef5a66e75e1815d414096463ca5c63e91fc6b1cba4802674e0981ef5a2ee517fe2bd39fa71aa0217,gx-no-cache=1637781278046 HTTP/1.1" 200 82
190.171.141.90 - - [24/Nov/2021:16:26:36 -0300] "GET /cormun/static/menuarrow.gif HTTP/1.1" 404 1015
190.171.141.90 - - [24/Nov/2021:16:26:37 -0300] "POST /cormun/servlet/trlicencias?08216efb216e32ed83db7908c4e6d9b3,,gx-no-cache=1637781278983 HTTP/1.1" 200 101
190.171.141.90 - - [24/Nov/2021:16:26:37 -0300] "GET /cormun/Licencias-9646.xls HTTP/1.1" 200 20480
190.171.141.90 - - [24/Nov/2021:16:26:53 -0300] "GET /cormun/servlet/permisogoce?33ff4b47fec9371dddddf9e0fbe020e879ea68d4f435a453664c7dea3595c67bd5095072fe36b13f4ebac7b27fbd1e2ff5283fc8667cef489e877cf750310b72,gx-no-cache=1637781295371 HTTP/1.1" 200 46
190.171.141.90 - - [24/Nov/2021:16:27:05 -0300] "POST /cormun/servlet/permisogoce?ad0ae95b1671a35acf04719b83424464,INS,0,,,,gx-no-cache=1637781306331 HTTP/1.1" 200 93
190.171.141.90 - - [24/Nov/2021:16:27:05 -0300] "GET /cormun/servlet/hpexe_return? HTTP/1.1" 200 1033
190.171.141.90 - - [24/Nov/2021:16:27:05 -0300] "GET /cormun/servlet/trpermisosgoce?gx-no-cache=1637776612038 HTTP/1.1" 200 10887
190.171.141.90 - - [24/Nov/2021:16:27:05 -0300] "GET /cormun/servlet/trpermisosgoce?gx-no-cache=1637776612038 HTTP/1.1" 200 10903
190.171.141.90 - - [24/Nov/2021:16:27:28 -0300] "POST /cormun/servlet/trpermisosgoce?ad0ae95b1671a35acf04719b83424464,gx-no-cache=1637776612038,gx-no-cache=1637781330293 HTTP/1.1" 200 8172
190.171.141.90 - - [24/Nov/2021:16:27:29 -0300] "GET /cormun/static/Shared/jqueryui/images/ui-bg_highlight-soft_100_c6c2c8_1x100.png HTTP/1.1" 404 1117
190.171.141.90 - - [24/Nov/2021:16:27:29 -0300] "GET /cormun/static/Shared/jqueryui/images/ui-bg_flat_55_fafafa_40x100.png HTTP/1.1" 404 1097
190.171.141.90 - - [24/Nov/2021:16:27:29 -0300] "GET /cormun/static/Shared/jqueryui/images/ui-icons_8d78a5_256x240.png HTTP/1.1" 404 1089
190.171.141.90 - - [24/Nov/2021:16:27:29 -0300] "GET /cormun/static/Shared/jqueryui/images/ui-icons_82798d_256x240.png HTTP/1.1" 404 1089
192.168.10.84 - - [24/Nov/2021:16:27:30 -0300] "POST /digitalizacion/servlet/trdocumentos?3d9481a61fae1fdaf0788e85d9005985,,gx-no-cache=1637781190852 HTTP/1.1" 200 4353
190.171.141.90 - - [24/Nov/2021:16:27:36 -0300] "GET /cormun/servlet/apermisogoceprn?11366298,P,20211124161037,PU HTTP/1.1" 200 1656
190.171.141.90 - - [24/Nov/2021:16:28:08 -0300] "GET /cormun/servlet/permisogoce?INS,0,,, HTTP/1.1" 200 6855
190.171.141.90 - - [24/Nov/2021:16:28:08 -0300] "GET /cormun/servlet/permisogoce?INS,0,,, HTTP/1.1" 200 6832
205.185.121.173 - - [24/Nov/2021:16:28:28 -0300] "GET /manager/html HTTP/1.1" 401 2474
190.171.141.90 - - [24/Nov/2021:16:28:34 -0300] "GET /cormun/servlet/permisogoce?33ff4b47fec9371dddddf9e0fbe020e84f81a556b9aba8c0ea201a433363beb014096463ca5c63e91fc6b1cba4802674e0981ef5a2ee517fe2bd39fa71aa0217,gx-no-cache=1637781396102 HTTP/1.1" 200 86
190.171.141.90 - - [24/Nov/2021:16:28:34 -0300] "GET /cormun/static/menuarrow.gif HTTP/1.1" 404 1015
190.171.141.90 - - [24/Nov/2021:16:28:53 -0300] "GET /cormun/servlet/permisogoce?33ff4b47fec9371dddddf9e0fbe020e8967b6a4886e9b5fdc5ea49f25075c1e975a4060aabbf48b20a88f1b594680885f5283fc8667cef489e877cf750310b72,gx-no-cache=1637781415506 HTTP/1.1" 200 45
192.168.10.17 - - [24/Nov/2021:16:28:59 -0300] "GET /cormun/servlet/trsolicitudgral? HTTP/1.1" 200 12665
192.168.10.17 - - [24/Nov/2021:16:28:59 -0300] "GET /cormun/servlet/trsolicitudgral? HTTP/1.1" 200 12662
192.168.10.17 - - [24/Nov/2021:16:29:03 -0300] "POST /cormun/servlet/trsolicitudgral?32681ea1e4e9044f39afaa3521b62836,,gx-no-cache=1637781284353 HTTP/1.1" 200 9678
190.171.141.90 - - [24/Nov/2021:16:29:41 -0300] "POST /cormun/servlet/permisogoce?ad0ae95b1671a35acf04719b83424464,INS,0,,,,gx-no-cache=1637781463111 HTTP/1.1" 200 93
190.171.141.90 - - [24/Nov/2021:16:29:41 -0300] "GET /cormun/servlet/hpexe_return? HTTP/1.1" 200 1033
190.171.141.90 - - [24/Nov/2021:16:29:41 -0300] "GET /cormun/servlet/trpermisosgoce?gx-no-cache=1637776612038 HTTP/1.1" 200 11122
190.171.141.90 - - [24/Nov/2021:16:29:42 -0300] "GET /cormun/servlet/trpermisosgoce?gx-no-cache=1637776612038 HTTP/1.1" 200 11138
190.171.141.90 - - [24/Nov/2021:16:29:55 -0300] "POST /cormun/servlet/trpermisosgoce?ad0ae95b1671a35acf04719b83424464,gx-no-cache=1637776612038,gx-no-cache=1637781477272 HTTP/1.1" 200 8428
190.171.141.90 - - [24/Nov/2021:16:29:55 -0300] "GET /cormun/static/Shared/jqueryui/images/ui-bg_highlight-soft_100_c6c2c8_1x100.png HTTP/1.1" 404 1117
190.171.141.90 - - [24/Nov/2021:16:29:55 -0300] "GET /cormun/static/Shared/jqueryui/images/ui-icons_82798d_256x240.png HTTP/1.1" 404 1089
190.171.141.90 - - [24/Nov/2021:16:29:55 -0300] "GET /cormun/static/Shared/jqueryui/images/ui-bg_flat_55_fafafa_40x100.png HTTP/1.1" 404 1097
190.171.141.90 - - [24/Nov/2021:16:29:55 -0300] "GET /cormun/static/Shared/jqueryui/images/ui-icons_8d78a5_256x240.png HTTP/1.1" 404 1089
190.171.141.90 - - [24/Nov/2021:16:30:01 -0300] "GET /cormun/servlet/apermisogoceprn?12872656,P,20211124161348,PU HTTP/1.1" 200 1679
192.168.10.17 - - [24/Nov/2021:16:30:04 -0300] "GET /cormun/servlet/vesolicitudgral?2021,17816,, HTTP/1.1" 200 8340
192.168.10.17 - - [24/Nov/2021:16:30:04 -0300] "GET /cormun/pexe_scrolldiv.js HTTP/1.1" 404 1009
192.168.10.17 - - [24/Nov/2021:16:30:04 -0300] "GET /cormun/pexe_scrolldiv.js HTTP/1.1" 404 1009
192.168.10.17 - - [24/Nov/2021:16:30:04 -0300] "GET /cormun/servlet/vesolicitudgral?2021,17816,, HTTP/1.1" 200 8336
190.171.141.90 - - [24/Nov/2021:16:30:17 -0300] "POST /cormun/servlet/trpermisosgoce?ad0ae95b1671a35acf04719b83424464,gx-no-cache=1637776612038,gx-no-cache=1637781499490 HTTP/1.1" 200 8428
190.171.141.90 - - [24/Nov/2021:16:30:28 -0300] "GET /cormun/servlet/permisogoce?INS,0,,, HTTP/1.1" 200 6853
190.171.141.90 - - [24/Nov/2021:16:30:28 -0300] "GET /cormun/servlet/permisogoce?INS,0,,, HTTP/1.1" 200 6831
190.171.141.90 - - [24/Nov/2021:16:31:04 -0300] "GET /cormun/servlet/permisogoce?33ff4b47fec9371dddddf9e0fbe020e8b9203d005c31e5c583a48c685bf33af914096463ca5c63e91fc6b1cba4802674e0981ef5a2ee517fe2bd39fa71aa0217,gx-no-cache=1637781545795 HTTP/1.1" 200 226
190.171.141.90 - - [24/Nov/2021:16:31:04 -0300] "GET /cormun/static/Shared/jqueryui/images/ui-bg_highlight-soft_100_c6c2c8_1x100.png HTTP/1.1" 404 1117
190.171.141.90 - - [24/Nov/2021:16:31:04 -0300] "GET /cormun/static/Shared/jqueryui/images/ui-icons_82798d_256x240.png HTTP/1.1" 404 1089
190.171.141.90 - - [24/Nov/2021:16:31:04 -0300] "GET /cormun/static/Shared/jqueryui/images/ui-bg_flat_55_994d53_40x100.png HTTP/1.1" 404 1097
190.171.141.90 - - [24/Nov/2021:16:31:04 -0300] "GET /cormun/static/Shared/jqueryui/images/ui-icons_ebccce_256x240.png HTTP/1.1" 404 1089
190.171.141.90 - - [24/Nov/2021:16:31:27 -0300] "GET /cormun/servlet/permisogoce?33ff4b47fec9371dddddf9e0fbe020e889a6de5d8d78454589283711a97a9c6714096463ca5c63e91fc6b1cba4802674e0981ef5a2ee517fe2bd39fa71aa0217,gx-no-cache=1637781569522 HTTP/1.1" 200 85
190.171.141.90 - - [24/Nov/2021:16:31:27 -0300] "GET /cormun/static/menuarrow.gif HTTP/1.1" 404 1015
205.185.121.173 - - [24/Nov/2021:16:31:27 -0300] "GET /manager/html HTTP/1.1" 401 2474
190.171.141.90 - - [24/Nov/2021:16:31:56 -0300] "GET /cormun/servlet/permisogoce?33ff4b47fec9371dddddf9e0fbe020e8c6944563f3ddd408098a8280022a16d1d6edf37f59c8032b9066442d95ed38abf5283fc8667cef489e877cf750310b72,gx-no-cache=1637781598642 HTTP/1.1" 200 47
190.171.141.90 - - [24/Nov/2021:16:32:09 -0300] "GET /cormun/servlet/permisogoce?33ff4b47fec9371dddddf9e0fbe020e8c6944563f3ddd408098a8280022a16d181c8c1248cc49c9415139fb7f3edb3c6d7c01c549a034a7659c5e32ce4ab642e,gx-no-cache=1637781611605 HTTP/1.1" 200 47
192.168.10.17 - - [24/Nov/2021:16:32:58 -0300] "GET /cormun/servlet/trsolicitudgral? HTTP/1.1" 200 12186
190.171.141.90 - - [24/Nov/2021:16:32:58 -0300] "GET /cormun/servlet/permisogoce?33ff4b47fec9371dddddf9e0fbe020e8c6944563f3ddd408098a8280022a16d138b394e8da3da031bffcadc86042953b7ae7e425cb1d5dcca8c63ae425d6735b,gx-no-cache=1637781660704 HTTP/1.1" 200 46
192.168.10.17 - - [24/Nov/2021:16:32:59 -0300] "GET /cormun/servlet/trsolicitudgral? HTTP/1.1" 200 12182
192.168.10.17 - - [24/Nov/2021:16:33:07 -0300] "GET /cormun/servlet/vesolicitudgral?2021,17805,, HTTP/1.1" 200 8330
192.168.10.17 - - [24/Nov/2021:16:33:07 -0300] "GET /cormun/pexe_scrolldiv.js HTTP/1.1" 404 1009
192.168.10.17 - - [24/Nov/2021:16:33:07 -0300] "GET /cormun/pexe_scrolldiv.js HTTP/1.1" 404 1009
192.168.10.17 - - [24/Nov/2021:16:33:07 -0300] "GET /cormun/servlet/vesolicitudgral?2021,17805,, HTTP/1.1" 200 8330
190.171.153.26 - - [24/Nov/2021:16:33:09 -0300] "GET /cormun/servlet/trpermisosgoce? HTTP/1.1" 200 6025
190.171.153.26 - - [24/Nov/2021:16:33:09 -0300] "GET /cormun/servlet/hlogin HTTP/1.1" 200 1743
190.171.153.26 - - [24/Nov/2021:16:33:12 -0300] "POST /cormun/servlet/hlogin?5cc8aa1cee5f17c4c275d4fa460493c8,gx-no-cache=1637785276091 HTTP/1.1" 200 90
190.171.153.26 - - [24/Nov/2021:16:33:12 -0300] "GET /cormun/servlet/hpexe_link HTTP/1.1" 200 956
190.171.153.26 - - [24/Nov/2021:16:33:12 -0300] "GET /cormun/servlet/trpermisosgoce HTTP/1.1" 200 10965
190.171.141.90 - - [24/Nov/2021:16:33:14 -0300] "POST /cormun/servlet/permisogoce?ad0ae95b1671a35acf04719b83424464,INS,0,,,,gx-no-cache=1637781675951 HTTP/1.1" 200 93
190.171.141.90 - - [24/Nov/2021:16:33:14 -0300] "GET /cormun/servlet/hpexe_return? HTTP/1.1" 200 1033
190.171.141.90 - - [24/Nov/2021:16:33:14 -0300] "GET /cormun/servlet/trpermisosgoce?gx-no-cache=1637776612038 HTTP/1.1" 200 11426
190.171.141.90 - - [24/Nov/2021:16:33:15 -0300] "GET /cormun/servlet/trpermisosgoce?gx-no-cache=1637776612038 HTTP/1.1" 200 11490
190.171.153.26 - - [24/Nov/2021:16:33:17 -0300] "GET /cormun/servlet/trpermisosadjuntos?9772273,20211124153929,P, HTTP/1.1" 200 6266
190.171.153.26 - - [24/Nov/2021:16:33:17 -0300] "GET /cormun/static/gxcfg.js?2020121641683 HTTP/1.1" 200 953
190.171.153.26 - - [24/Nov/2021:16:33:17 -0300] "GET /cormun/static/trpermisosadjuntos.js?2020121642996 HTTP/1.1" 304 -
190.171.153.26 - - [24/Nov/2021:16:33:20 -0300] "GET /cormun/servlet/permisosadjuntos?INS,9772273,P,20211124153929,, HTTP/1.1" 200 5580
190.171.153.26 - - [24/Nov/2021:16:33:20 -0300] "GET /cormun/static/gxcfg.js?20201215134212 HTTP/1.1" 200 953
190.171.153.26 - - [24/Nov/2021:16:33:20 -0300] "GET /cormun/static/permisosadjuntos.js?20201215134285 HTTP/1.1" 304 -
190.171.153.26 - - [24/Nov/2021:16:33:20 -0300] "GET /cormun/static/about:blank HTTP/1.1" 404 1011
190.171.141.90 - - [24/Nov/2021:16:33:25 -0300] "GET /cormun/servlet/apermisogoceprn?13947488,P,20211124161608,PU HTTP/1.1" 200 1661
190.171.141.90 - - [24/Nov/2021:16:33:38 -0300] "POST /cormun/servlet/trpermisosgoce?ad0ae95b1671a35acf04719b83424464,gx-no-cache=1637776612038,gx-no-cache=1637781699664 HTTP/1.1" 200 8681
190.171.141.90 - - [24/Nov/2021:16:33:38 -0300] "GET /cormun/static/Shared/jqueryui/images/ui-bg_highlight-soft_100_c6c2c8_1x100.png HTTP/1.1" 404 1117
190.171.141.90 - - [24/Nov/2021:16:33:38 -0300] "GET /cormun/static/Shared/jqueryui/images/ui-icons_82798d_256x240.png HTTP/1.1" 404 1089
190.171.141.90 - - [24/Nov/2021:16:33:38 -0300] "GET /cormun/static/Shared/jqueryui/images/ui-bg_flat_55_fafafa_40x100.png HTTP/1.1" 404 1097
190.171.141.90 - - [24/Nov/2021:16:33:38 -0300] "GET /cormun/static/Shared/jqueryui/images/ui-icons_8d78a5_256x240.png HTTP/1.1" 404 1089
190.171.141.90 - - [24/Nov/2021:16:34:02 -0300] "POST /cormun/servlet/trpermisosgoce?ad0ae95b1671a35acf04719b83424464,gx-no-cache=1637776612038,gx-no-cache=1637781724061 HTTP/1.1" 200 8663
205.185.121.173 - - [24/Nov/2021:16:34:17 -0300] "GET /manager/html HTTP/1.1" 401 2474
190.171.153.26 - - [24/Nov/2021:16:34:34 -0300] "POST /cormun/servlet/permisosadjuntos?5cc8aa1cee5f17c4c275d4fa460493c8,INS,9772273,P,20211124153929,, HTTP/1.1" 200 116
190.171.153.26 - - [24/Nov/2021:16:34:34 -0300] "GET /cormun/servlet/hpexe_return? HTTP/1.1" 200 1035
190.171.153.26 - - [24/Nov/2021:16:34:34 -0300] "GET /cormun/servlet/trpermisosadjuntos?9772273,20211124153929,P, HTTP/1.1" 200 6743
190.171.153.26 - - [24/Nov/2021:16:34:34 -0300] "GET /cormun/PublicTempStorage/guillermo_martinez_12063128.pdf HTTP/1.1" 200 162209
190.171.153.26 - - [24/Nov/2021:16:34:39 -0300] "GET /cormun/servlet/trpermisosgoce? HTTP/1.1" 200 10964
190.171.141.90 - - [24/Nov/2021:16:34:42 -0300] "POST /cormun/servlet/trpermisosgoce?ad0ae95b1671a35acf04719b83424464,gx-no-cache=1637776612038,gx-no-cache=1637781763772 HTTP/1.1" 200 8656
190.171.153.26 - - [24/Nov/2021:16:34:45 -0300] "POST /cormun/servlet/trpermisosgoce?5cc8aa1cee5f17c4c275d4fa460493c8,,gx-no-cache=1637785368806 HTTP/1.1" 200 8103
190.171.153.26 - - [24/Nov/2021:16:34:45 -0300] "GET /cormun/static/Shared/jqueryui/images/ui-icons_82798d_256x240.png HTTP/1.1" 404 1089
190.171.153.26 - - [24/Nov/2021:16:34:45 -0300] "GET /cormun/static/Shared/jqueryui/images/ui-bg_highlight-soft_100_c6c2c8_1x100.png HTTP/1.1" 404 1117
190.171.153.26 - - [24/Nov/2021:16:34:45 -0300] "GET /cormun/static/Shared/jqueryui/images/ui-bg_flat_55_fafafa_40x100.png HTTP/1.1" 404 1097
190.171.153.26 - - [24/Nov/2021:16:34:45 -0300] "GET /cormun/static/Shared/jqueryui/images/ui-icons_8d78a5_256x240.png HTTP/1.1" 404 1089
190.171.141.90 - - [24/Nov/2021:16:35:22 -0300] "GET /cormun/servlet/permisogoce?INS,0,,, HTTP/1.1" 200 6855
192.168.10.17 - - [24/Nov/2021:16:35:22 -0300] "GET /cormun/servlet/trsolicitudgral? HTTP/1.1" 200 11690
190.171.141.90 - - [24/Nov/2021:16:35:22 -0300] "GET /cormun/servlet/permisogoce?INS,0,,, HTTP/1.1" 200 6832
192.168.10.17 - - [24/Nov/2021:16:35:22 -0300] "GET /cormun/servlet/trsolicitudgral? HTTP/1.1" 200 11687
190.171.141.90 - - [24/Nov/2021:16:36:04 -0300] "GET /cormun/servlet/permisogoce?33ff4b47fec9371dddddf9e0fbe020e86340eccebb040df933dc398b6f2ab81d07f337964b1e901834b97d3989cc04f6a18c2c12d61458b2e125e4e01b2dff5d,gx-no-cache=1637781846341 HTTP/1.1" 200 82
190.171.141.90 - - [24/Nov/2021:16:36:04 -0300] "GET /cormun/static/menuarrow.gif HTTP/1.1" 404 1015
190.171.149.74 - - [24/Nov/2021:16:36:21 -0300] "GET /cormun/servlet/trlicencias? HTTP/1.1" 200 9433
190.171.149.74 - - [24/Nov/2021:16:36:22 -0300] "GET /cormun/servlet/trlicencias? HTTP/1.1" 200 9432
190.171.141.90 - - [24/Nov/2021:16:36:26 -0300] "GET /cormun/servlet/permisogoce?33ff4b47fec9371dddddf9e0fbe020e8cda8ad6917595dadbc51c15f2ce309bf7c4665257bf672f5a80cd131772b730ed12f417bd88b0f16fc13d8ddac6cabf5,gx-no-cache=1637781868458 HTTP/1.1" 200 46
192.168.10.84 - - [24/Nov/2021:16:36:35 -0300] "POST /digitalizacion/servlet/trdocumentos?3d9481a61fae1fdaf0788e85d9005985,,gx-no-cache=1637781735877 HTTP/1.1" 200 4461
192.168.10.84 - - [24/Nov/2021:16:36:39 -0300] "GET /digitalizacion/servlet/wbadjunto?80659,PU HTTP/1.1" 302 -
192.168.10.84 - - [24/Nov/2021:16:36:39 -0300] "GET /digitalizacion/PublicTempStorage/1414292.tmp HTTP/1.1" 206 25698
192.168.10.84 - - [24/Nov/2021:16:36:40 -0300] "GET /digitalizacion/PublicTempStorage/1414292.tmp HTTP/1.1" 200 3564642
192.168.10.17 - - [24/Nov/2021:16:36:43 -0300] "GET /cormun/servlet/vesolicitudgral?2021,17758,, HTTP/1.1" 200 8331
192.168.10.17 - - [24/Nov/2021:16:36:43 -0300] "GET /cormun/pexe_scrolldiv.js HTTP/1.1" 404 1009
192.168.10.17 - - [24/Nov/2021:16:36:43 -0300] "GET /cormun/servlet/vesolicitudgral?2021,17758,, HTTP/1.1" 200 8330
190.171.141.90 - - [24/Nov/2021:16:36:49 -0300] "POST /cormun/servlet/permisogoce?ad0ae95b1671a35acf04719b83424464,INS,0,,,,gx-no-cache=1637781890887 HTTP/1.1" 200 93
190.171.141.90 - - [24/Nov/2021:16:36:49 -0300] "GET /cormun/servlet/hpexe_return? HTTP/1.1" 200 1033
190.171.141.90 - - [24/Nov/2021:16:36:49 -0300] "GET /cormun/servlet/trpermisosgoce?gx-no-cache=1637776612038 HTTP/1.1" 200 11655
190.171.141.90 - - [24/Nov/2021:16:36:50 -0300] "GET /cormun/servlet/trpermisosgoce?gx-no-cache=1637776612038 HTTP/1.1" 200 11672
207.46.13.91 - - [24/Nov/2021:16:36:52 -0300] "GET /cormun/servlet/hpexe_link HTTP/1.1" 200 925
190.171.141.90 - - [24/Nov/2021:16:36:57 -0300] "GET /cormun/servlet/apermisogoceprn?8933803,P,20211124162102,PU HTTP/1.1" 200 1651
205.185.121.173 - - [24/Nov/2021:16:37:06 -0300] "GET /manager/html HTTP/1.1" 401 2474
190.171.141.90 - - [24/Nov/2021:16:37:38 -0300] "GET /cormun/servlet/permisogoce?INS,0,,, HTTP/1.1" 200 6855
190.171.141.90 - - [24/Nov/2021:16:37:38 -0300] "GET /cormun/servlet/permisogoce?INS,0,,, HTTP/1.1" 200 6832
190.171.141.90 - - [24/Nov/2021:16:38:26 -0300] "GET /cormun/servlet/permisogoce?33ff4b47fec9371dddddf9e0fbe020e8ff09a8c856aae6072e68a6e550f26b6a14096463ca5c63e91fc6b1cba4802674e0981ef5a2ee517fe2bd39fa71aa0217,gx-no-cache=1637781988701 HTTP/1.1" 200 77
190.171.141.90 - - [24/Nov/2021:16:38:26 -0300] "GET /cormun/static/menuarrow.gif HTTP/1.1" 404 1015
190.171.141.90 - - [24/Nov/2021:16:38:42 -0300] "GET /cormun/servlet/permisogoce?33ff4b47fec9371dddddf9e0fbe020e882d7ab4ef67e75658b57085bd86249d7565ae473286a2733260f73bcb190ffdaf5283fc8667cef489e877cf750310b72,gx-no-cache=1637782004137 HTTP/1.1" 200 47
205.185.121.173 - - [24/Nov/2021:16:40:07 -0300] "GET /manager/html HTTP/1.1" 401 2474
190.171.149.74 - - [24/Nov/2021:16:40:49 -0300] "POST /cormun/servlet/trlicencias?ab593bb0d4898c15a78dca9b7f6b3db6,,gx-no-cache=1637785781629 HTTP/1.1" 200 6794
190.171.149.74 - - [24/Nov/2021:16:40:50 -0300] "POST /cormun/servlet/trlicencias?ab593bb0d4898c15a78dca9b7f6b3db6,,gx-no-cache=1637785782822 HTTP/1.1" 200 6797
190.171.149.74 - - [24/Nov/2021:16:40:53 -0300] "GET /cormun/servlet/hlogin HTTP/1.1" 200 1735
190.171.149.74 - - [24/Nov/2021:16:41:00 -0300] "POST /cormun/servlet/hlogin?ab593bb0d4898c15a78dca9b7f6b3db6,gx-no-cache=1637785793166 HTTP/1.1" 200 90
190.171.149.74 - - [24/Nov/2021:16:41:00 -0300] "GET /cormun/servlet/hpexe_link HTTP/1.1" 200 951
190.171.149.74 - - [24/Nov/2021:16:41:01 -0300] "GET /cormun/servlet/trlicencias? HTTP/1.1" 200 9434
190.171.149.74 - - [24/Nov/2021:16:41:01 -0300] "GET /cormun/servlet/trlicencias? HTTP/1.1" 200 9432
190.171.149.74 - - [24/Nov/2021:16:41:04 -0300] "POST /cormun/servlet/trlicencias?ab593bb0d4898c15a78dca9b7f6b3db6,,gx-no-cache=1637785797095 HTTP/1.1" 200 6793
190.171.141.90 - - [24/Nov/2021:16:41:18 -0300] "POST /cormun/servlet/permisogoce?ad0ae95b1671a35acf04719b83424464,INS,0,,,,gx-no-cache=1637782160304 HTTP/1.1" 200 93
190.171.141.90 - - [24/Nov/2021:16:41:18 -0300] "GET /cormun/servlet/hpexe_return? HTTP/1.1" 200 1033
190.171.141.90 - - [24/Nov/2021:16:41:19 -0300] "GET /cormun/servlet/trpermisosgoce?gx-no-cache=1637776612038 HTTP/1.1" 200 11995
190.171.141.90 - - [24/Nov/2021:16:41:19 -0300] "GET /cormun/servlet/trpermisosgoce?gx-no-cache=1637776612038 HTTP/1.1" 200 11979
190.171.141.90 - - [24/Nov/2021:16:41:34 -0300] "GET /cormun/servlet/apermisogoceprn?19359485,P,20211124162318,PU HTTP/1.1" 200 1670
205.185.121.173 - - [24/Nov/2021:16:42:50 -0300] "GET /manager/html HTTP/1.1" 401 2474
190.171.141.90 - - [24/Nov/2021:16:42:51 -0300] "GET /cormun/servlet/permisogoce?INS,0,,, HTTP/1.1" 200 6854
190.171.141.90 - - [24/Nov/2021:16:42:52 -0300] "GET /cormun/servlet/permisogoce?INS,0,,, HTTP/1.1" 200 6832
190.171.141.90 - - [24/Nov/2021:16:43:47 -0300] "GET /cormun/servlet/permisogoce?33ff4b47fec9371dddddf9e0fbe020e8f6b765526865a198005963e51f304f7c14096463ca5c63e91fc6b1cba4802674e0981ef5a2ee517fe2bd39fa71aa0217,gx-no-cache=1637782308823 HTTP/1.1" 200 73
190.171.141.90 - - [24/Nov/2021:16:43:47 -0300] "GET /cormun/static/menuarrow.gif HTTP/1.1" 404 1015
190.171.141.90 - - [24/Nov/2021:16:44:01 -0300] "GET /cormun/servlet/permisogoce?33ff4b47fec9371dddddf9e0fbe020e8ff3fa094d85d13f056f42a7d7a626b031a8054d26c15a716c52350bf2d17f476f5283fc8667cef489e877cf750310b72,gx-no-cache=1637782323537 HTTP/1.1" 200 46
190.171.141.90 - - [24/Nov/2021:16:44:21 -0300] "POST /cormun/servlet/permisogoce?ad0ae95b1671a35acf04719b83424464,INS,0,,,,gx-no-cache=1637782342789 HTTP/1.1" 200 93
190.171.141.90 - - [24/Nov/2021:16:44:21 -0300] "GET /cormun/servlet/hpexe_return? HTTP/1.1" 200 1033
190.171.141.90 - - [24/Nov/2021:16:44:21 -0300] "GET /cormun/servlet/trpermisosgoce?gx-no-cache=1637776612038 HTTP/1.1" 200 12203
190.171.141.90 - - [24/Nov/2021:16:44:21 -0300] "GET /cormun/servlet/trpermisosgoce?gx-no-cache=1637776612038 HTTP/1.1" 200 12211
190.171.141.90 - - [24/Nov/2021:16:44:39 -0300] "GET /cormun/servlet/apermisogoceprn?16846441,P,20211124162832,PU HTTP/1.1" 200 1651
207.46.13.91 - - [24/Nov/2021:16:44:50 -0300] "GET /cormun/servlet/trcontratoobservacion?_escaped_fragment_= HTTP/1.1" 200 5227
190.171.141.90 - - [24/Nov/2021:16:45:03 -0300] "GET /cormun/servlet/permisogoce?INS,0,,, HTTP/1.1" 200 6854
190.171.141.90 - - [24/Nov/2021:16:45:04 -0300] "GET /cormun/servlet/permisogoce?INS,0,,, HTTP/1.1" 200 6832
192.168.10.17 - - [24/Nov/2021:16:45:20 -0300] "GET /cormun/servlet/trsolicitudgral? HTTP/1.1" 200 11298
192.168.10.17 - - [24/Nov/2021:16:45:20 -0300] "GET /cormun/servlet/trsolicitudgral? HTTP/1.1" 200 11293
192.168.10.17 - - [24/Nov/2021:16:45:28 -0300] "GET /cormun/servlet/vesolicitudgral?2021,17715,, HTTP/1.1" 200 8324
192.168.10.17 - - [24/Nov/2021:16:45:28 -0300] "GET /cormun/pexe_scrolldiv.js HTTP/1.1" 404 1009
192.168.10.17 - - [24/Nov/2021:16:45:28 -0300] "GET /cormun/pexe_scrolldiv.js HTTP/1.1" 404 1009
192.168.10.17 - - [24/Nov/2021:16:45:28 -0300] "GET /cormun/servlet/vesolicitudgral?2021,17715,, HTTP/1.1" 200 8323
190.171.141.90 - - [24/Nov/2021:16:45:30 -0300] "GET /cormun/servlet/permisogoce?33ff4b47fec9371dddddf9e0fbe020e8ff99a3e7261a0f9547f1df871387b00014096463ca5c63e91fc6b1cba4802674e0981ef5a2ee517fe2bd39fa71aa0217,gx-no-cache=1637782412012 HTTP/1.1" 200 83
190.171.141.90 - - [24/Nov/2021:16:45:30 -0300] "GET /cormun/static/menuarrow.gif HTTP/1.1" 404 1015
205.185.121.173 - - [24/Nov/2021:16:45:37 -0300] "GET /manager/html HTTP/1.1" 401 2474
190.171.141.90 - - [24/Nov/2021:16:45:46 -0300] "GET /cormun/servlet/permisogoce?33ff4b47fec9371dddddf9e0fbe020e82c6fbc4c5dee54071b042a2a0a4122b1f4cb6c6003b770501b38ab179294cccbf5283fc8667cef489e877cf750310b72,gx-no-cache=1637782428095 HTTP/1.1" 200 46
190.171.141.90 - - [24/Nov/2021:16:45:50 -0300] "POST /cormun/servlet/permisogoce?ad0ae95b1671a35acf04719b83424464,INS,0,,,,gx-no-cache=1637782431957 HTTP/1.1" 200 93
190.171.141.90 - - [24/Nov/2021:16:45:50 -0300] "GET /cormun/servlet/hpexe_return? HTTP/1.1" 200 1033
190.171.141.90 - - [24/Nov/2021:16:45:50 -0300] "GET /cormun/servlet/trpermisosgoce?gx-no-cache=1637776612038 HTTP/1.1" 200 12433
190.171.141.90 - - [24/Nov/2021:16:45:51 -0300] "GET /cormun/servlet/trpermisosgoce?gx-no-cache=1637776612038 HTTP/1.1" 200 12450
190.171.141.90 - - [24/Nov/2021:16:45:58 -0300] "GET /cormun/servlet/apermisogoceprn?16494415,P,20211124163044,PU HTTP/1.1" 200 1648
190.171.153.26 - - [24/Nov/2021:16:46:13 -0300] "GET /cormun/servlet/trpermisosgoce? HTTP/1.1" 200 10934
190.171.141.90 - - [24/Nov/2021:16:46:42 -0300] "GET /cormun/servlet/apermisogoceprn?16846441,P,20211124162832,PU HTTP/1.1" 200 1657
