192.168.10.84 - - [24/Nov/2021:15:11:59 -0300] "GET /digitalizacion/PublicTempStorage/7574223.tmp HTTP/1.1" 206 27485
192.168.10.84 - - [24/Nov/2021:15:12:07 -0300] "GET /digitalizacion/servlet/wbadjunto?80574,PU HTTP/1.1" 302 -
192.168.10.84 - - [24/Nov/2021:15:12:07 -0300] "GET /digitalizacion/PublicTempStorage/3884528.tmp HTTP/1.1" 200 5368141
192.168.10.84 - - [24/Nov/2021:15:12:07 -0300] "GET /digitalizacion/PublicTempStorage/3884528.tmp HTTP/1.1" 206 59725
190.171.141.90 - - [24/Nov/2021:15:12:41 -0300] "POST /cormun/servlet/permisogoce?ad0ae95b1671a35acf04719b83424464,INS,0,,,,gx-no-cache=1637776843195 HTTP/1.1" 200 93
190.171.141.90 - - [24/Nov/2021:15:12:41 -0300] "GET /cormun/servlet/hpexe_return? HTTP/1.1" 200 1033
190.171.141.90 - - [24/Nov/2021:15:12:41 -0300] "GET /cormun/servlet/trpermisosgoce?gx-no-cache=1637776612038 HTTP/1.1" 200 8069
190.171.141.90 - - [24/Nov/2021:15:12:42 -0300] "GET /cormun/servlet/trpermisosgoce?gx-no-cache=1637776612038 HTTP/1.1" 200 8086
190.171.141.90 - - [24/Nov/2021:15:12:45 -0300] "GET /cormun/servlet/apermisogoceprn?16476601,P,20211124145528,PU HTTP/1.1" 200 1652
190.171.141.90 - - [24/Nov/2021:15:13:06 -0300] "POST /cormun/servlet/trpermisosgoce?ad0ae95b1671a35acf04719b83424464,gx-no-cache=1637776612038,gx-no-cache=1637776868302 HTTP/1.1" 200 5370
190.171.141.90 - - [24/Nov/2021:15:13:06 -0300] "GET /cormun/static/Shared/jqueryui/images/ui-bg_highlight-soft_100_c6c2c8_1x100.png HTTP/1.1" 404 1117
190.171.141.90 - - [24/Nov/2021:15:13:06 -0300] "GET /cormun/static/Shared/jqueryui/images/ui-bg_flat_55_fafafa_40x100.png HTTP/1.1" 404 1097
190.171.141.90 - - [24/Nov/2021:15:13:06 -0300] "GET /cormun/static/Shared/jqueryui/images/ui-icons_82798d_256x240.png HTTP/1.1" 404 1089
190.171.141.90 - - [24/Nov/2021:15:13:06 -0300] "GET /cormun/static/Shared/jqueryui/images/ui-icons_8d78a5_256x240.png HTTP/1.1" 404 1089
192.168.10.84 - - [24/Nov/2021:15:13:12 -0300] "POST /digitalizacion/servlet/trdocumentos?gx-no-cache=1637776733348 HTTP/1.1" 440 972
192.168.10.84 - - [24/Nov/2021:15:13:15 -0300] "GET /digitalizacion/servlet/trdocumentos? HTTP/1.1" 200 9691
192.168.10.84 - - [24/Nov/2021:15:13:15 -0300] "GET /digitalizacion/static/gxcfg.js?20186221492466 HTTP/1.1" 200 954
192.168.10.84 - - [24/Nov/2021:15:13:15 -0300] "GET /digitalizacion/servlet/hlogin HTTP/1.1" 302 -
192.168.10.84 - - [24/Nov/2021:15:13:15 -0300] "GET /digitalizacion/servlet/wblogin? HTTP/1.1" 200 2326
192.168.10.84 - - [24/Nov/2021:15:13:18 -0300] "POST /digitalizacion/servlet/wblogin?3d9481a61fae1fdaf0788e85d9005985,,gx-no-cache=1637776738708 HTTP/1.1" 200 65
192.168.10.84 - - [24/Nov/2021:15:13:18 -0300] "GET /digitalizacion/servlet/hhome HTTP/1.1" 200 2813
192.168.10.84 - - [24/Nov/2021:15:13:18 -0300] "GET /digitalizacion/static/gxcfg.js?201841414272279 HTTP/1.1" 200 954
205.185.121.173 - - [24/Nov/2021:15:13:21 -0300] "GET /manager/html HTTP/1.1" 401 2474
192.168.10.84 - - [24/Nov/2021:15:13:22 -0300] "GET /digitalizacion/servlet/trclase? HTTP/1.1" 200 5146
192.168.10.84 - - [24/Nov/2021:15:13:22 -0300] "GET /digitalizacion/static/gxcfg.js?201862111121437 HTTP/1.1" 200 954
192.168.10.84 - - [24/Nov/2021:15:13:22 -0300] "GET /digitalizacion/static/trclase.js?201862111121742 HTTP/1.1" 200 13126
192.168.10.84 - - [24/Nov/2021:15:13:22 -0300] "GET /digitalizacion/static/Resources/PXToolsGridNew.png HTTP/1.1" 200 427
192.168.10.84 - - [24/Nov/2021:15:13:23 -0300] "GET /digitalizacion//static/Resources/PXToolsGridUpdate.png HTTP/1.1" 200 470
192.168.10.84 - - [24/Nov/2021:15:13:23 -0300] "GET /digitalizacion//static/Resources/PXToolsGridDelete.png HTTP/1.1" 200 538
192.168.10.84 - - [24/Nov/2021:15:13:31 -0300] "GET /digitalizacion/servlet/veclase?REMUNERACIONES,, HTTP/1.1" 200 7284
192.168.10.84 - - [24/Nov/2021:15:13:31 -0300] "GET /digitalizacion/static/gxcfg.js?201862111121920 HTTP/1.1" 200 954
192.168.10.84 - - [24/Nov/2021:15:13:31 -0300] "GET /digitalizacion/static/Resources/PXToolsTabNext.gif HTTP/1.1" 200 168
192.168.10.84 - - [24/Nov/2021:15:13:31 -0300] "GET /digitalizacion/static/Resources/PXToolsTabPrevious.gif HTTP/1.1" 200 172
192.168.10.84 - - [24/Nov/2021:15:13:31 -0300] "GET /digitalizacion/static/hwcviewtabs.js?201841414232173 HTTP/1.1" 200 1037
192.168.10.84 - - [24/Nov/2021:15:13:31 -0300] "GET /digitalizacion/static/veclase.js?201862111121971 HTTP/1.1" 200 3699
192.168.10.84 - - [24/Nov/2021:15:13:31 -0300] "GET /digitalizacion/static/Resources/PXToolsTabLastSelected.png HTTP/1.1" 200 1274
192.168.10.84 - - [24/Nov/2021:15:13:31 -0300] "GET /digitalizacion/static/Resources/PXToolsTabFirstSelected.png HTTP/1.1" 200 1270
192.168.10.84 - - [24/Nov/2021:15:13:31 -0300] "GET /digitalizacion/static/hpexe_tabsview.js?201841414232588 HTTP/1.1" 200 1624
192.168.10.84 - - [24/Nov/2021:15:13:31 -0300] "GET /digitalizacion/static/cmsubclase.js?201862111124092 HTTP/1.1" 200 14321
192.168.10.84 - - [24/Nov/2021:15:13:31 -0300] "GET /digitalizacion/static/Resources/PXToolsTabBackSelected.png HTTP/1.1" 200 1157
192.168.10.84 - - [24/Nov/2021:15:13:33 -0300] "GET /digitalizacion/servlet/trdocumentos? HTTP/1.1" 200 9877
192.168.10.84 - - [24/Nov/2021:15:13:33 -0300] "GET /digitalizacion/static/gxcfg.js?20186221492466 HTTP/1.1" 200 954
192.168.10.84 - - [24/Nov/2021:15:13:34 -0300] "POST /digitalizacion/servlet/trdocumentos?gx-no-cache=1637776755275 HTTP/1.1" 200 449
192.168.10.84 - - [24/Nov/2021:15:13:34 -0300] "POST /digitalizacion/servlet/trdocumentos?gx-no-cache=1637776755304 HTTP/1.1" 200 78
181.212.43.89 - - [24/Nov/2021:15:13:38 -0300] "POST /cormun/servlet/solicitudot?gx-no-cache=1637776901618 HTTP/1.1" 200 3779
181.212.43.89 - - [24/Nov/2021:15:13:38 -0300] "POST /cormun/servlet/solicitudot?4208cca9d3acffd32d28e8e6b08e5ed6,INS,0,0,false,,gx-no-cache=1637776901855 HTTP/1.1" 200 12286
192.168.10.84 - - [24/Nov/2021:15:13:41 -0300] "POST /digitalizacion/servlet/trdocumentos?gx-no-cache=1637776761734 HTTP/1.1" 200 220
192.168.10.84 - - [24/Nov/2021:15:13:44 -0300] "POST /digitalizacion/servlet/trdocumentos?gx-no-cache=1637776765057 HTTP/1.1" 200 184
192.168.10.84 - - [24/Nov/2021:15:13:50 -0300] "POST /digitalizacion/servlet/trdocumentos?3d9481a61fae1fdaf0788e85d9005985,,gx-no-cache=1637776770959 HTTP/1.1" 200 4118
192.168.10.84 - - [24/Nov/2021:15:15:21 -0300] "GET /digitalizacion/servlet/wbadjunto?80642,PU HTTP/1.1" 302 -
192.168.10.84 - - [24/Nov/2021:15:15:21 -0300] "GET /digitalizacion/PublicTempStorage/6290774.tmp HTTP/1.1" 200 400321
192.168.10.84 - - [24/Nov/2021:15:15:21 -0300] "GET /favicon.ico HTTP/1.1" 200 21630
190.171.141.90 - - [24/Nov/2021:15:15:29 -0300] "GET /cormun/servlet/permisogoce?INS,0,,, HTTP/1.1" 200 6854
190.171.141.90 - - [24/Nov/2021:15:15:30 -0300] "GET /cormun/servlet/permisogoce?INS,0,,, HTTP/1.1" 200 6831
192.168.10.84 - - [24/Nov/2021:15:15:34 -0300] "POST /digitalizacion/servlet/trdocumentos?3d9481a61fae1fdaf0788e85d9005985,,gx-no-cache=1637776874718 HTTP/1.1" 200 4136
192.168.10.84 - - [24/Nov/2021:15:15:42 -0300] "GET /digitalizacion/servlet/wbadjunto?80644,PU HTTP/1.1" 302 -
190.171.141.90 - - [24/Nov/2021:15:15:42 -0300] "GET /cormun/servlet/permisogoce?33ff4b47fec9371dddddf9e0fbe020e8decf5371e8d94cd6078c29a593fdddcd14096463ca5c63e91fc6b1cba4802674e0981ef5a2ee517fe2bd39fa71aa0217,gx-no-cache=1637777024268 HTTP/1.1" 200 71
192.168.10.84 - - [24/Nov/2021:15:15:42 -0300] "GET /digitalizacion/PublicTempStorage/8706197.tmp HTTP/1.1" 206 57207
190.171.141.90 - - [24/Nov/2021:15:15:42 -0300] "GET /cormun/static/menuarrow.gif HTTP/1.1" 404 1015
192.168.10.84 - - [24/Nov/2021:15:15:42 -0300] "GET /digitalizacion/PublicTempStorage/8706197.tmp HTTP/1.1" 206 65536
192.168.10.84 - - [24/Nov/2021:15:15:42 -0300] "GET /digitalizacion/PublicTempStorage/8706197.tmp HTTP/1.1" 200 7528311
181.212.43.89 - - [24/Nov/2021:15:15:49 -0300] "GET /cormun/servlet/solicitudot?1970642899a7b7a0b17ea8ec50108051130d27817dafb898a83e776d9446e25fd5e15d9a34252cb11fc8eaf30e01f2a7,gx-no-cache=1637777033015 HTTP/1.1" 200 30
190.171.141.90 - - [24/Nov/2021:15:15:58 -0300] "GET /cormun/servlet/permisogoce?33ff4b47fec9371dddddf9e0fbe020e82c6fbc4c5dee54071b042a2a0a4122b16fd7d2c3a6c61e9ab73924bc455d5c73f5283fc8667cef489e877cf750310b72,gx-no-cache=1637777040086 HTTP/1.1" 200 45
190.171.141.90 - - [24/Nov/2021:15:16:04 -0300] "POST /cormun/servlet/permisogoce?ad0ae95b1671a35acf04719b83424464,INS,0,,,,gx-no-cache=1637777046446 HTTP/1.1" 200 93
190.171.141.90 - - [24/Nov/2021:15:16:04 -0300] "GET /cormun/servlet/hpexe_return? HTTP/1.1" 200 1033
190.171.141.90 - - [24/Nov/2021:15:16:05 -0300] "GET /cormun/servlet/trpermisosgoce?gx-no-cache=1637776612038 HTTP/1.1" 200 8339
190.171.141.90 - - [24/Nov/2021:15:16:05 -0300] "GET /cormun/servlet/trpermisosgoce?gx-no-cache=1637776612038 HTTP/1.1" 200 8356
190.171.141.90 - - [24/Nov/2021:15:16:08 -0300] "GET /cormun/servlet/apermisogoceprn?16476601,P,20211124145528,PU HTTP/1.1" 200 1653
205.185.121.173 - - [24/Nov/2021:15:16:14 -0300] "GET /manager/html HTTP/1.1" 401 2474
190.171.141.90 - - [24/Nov/2021:15:16:21 -0300] "GET /cormun/servlet/apermisogoceprn?16494154,P,20211124150110,PU HTTP/1.1" 200 1637
190.171.141.90 - - [24/Nov/2021:15:16:35 -0300] "POST /cormun/servlet/trpermisosgoce?ad0ae95b1671a35acf04719b83424464,gx-no-cache=1637776612038,gx-no-cache=1637777077533 HTTP/1.1" 200 5609
190.171.141.90 - - [24/Nov/2021:15:16:35 -0300] "GET /cormun/static/Shared/jqueryui/images/ui-bg_highlight-soft_100_c6c2c8_1x100.png HTTP/1.1" 404 1117
190.171.141.90 - - [24/Nov/2021:15:16:35 -0300] "GET /cormun/static/Shared/jqueryui/images/ui-bg_flat_55_fafafa_40x100.png HTTP/1.1" 404 1097
190.171.141.90 - - [24/Nov/2021:15:16:35 -0300] "GET /cormun/static/Shared/jqueryui/images/ui-icons_82798d_256x240.png HTTP/1.1" 404 1089
190.171.141.90 - - [24/Nov/2021:15:16:35 -0300] "GET /cormun/static/Shared/jqueryui/images/ui-icons_8d78a5_256x240.png HTTP/1.1" 404 1089
181.212.43.89 - - [24/Nov/2021:15:17:14 -0300] "GET /cormun/servlet/solicitudot?1970642899a7b7a0b17ea8ec501080518f07f390168c2ea4b6ef8144f2f65e0091357744b2ffed9edc8a6c288819e51a685cef5b5f2a67a10af17dd9d622629b,gx-no-cache=1637777117953 HTTP/1.1" 200 30
181.212.43.89 - - [24/Nov/2021:15:17:21 -0300] "GET /cormun/static/Resources/resize.gif HTTP/1.1" 200 77
181.212.43.89 - - [24/Nov/2021:15:17:21 -0300] "GET /cormun/static/Resources/PXTools/ClosePrompt.png HTTP/1.1" 200 1036
181.212.43.89 - - [24/Nov/2021:15:17:21 -0300] "GET /cormun/servlet/prbanco?,MD,,gxPopupLevel%3D0%3B HTTP/1.1" 200 6572
181.212.43.89 - - [24/Nov/2021:15:17:21 -0300] "GET /cormun/static/gxcfg.js?20201216131581 HTTP/1.1" 200 953
181.212.43.89 - - [24/Nov/2021:15:17:21 -0300] "GET /cormun/static/menusearch.js?20201214473581 HTTP/1.1" 200 1424
181.212.43.89 - - [24/Nov/2021:15:17:21 -0300] "GET /cormun/static/prbanco.js?20201216132311 HTTP/1.1" 200 10693
181.212.43.89 - - [24/Nov/2021:15:17:22 -0300] "GET /cormun/static/Resources/PXToolsMenuSearchCancel.png HTTP/1.1" 200 306
181.212.43.89 - - [24/Nov/2021:15:17:22 -0300] "GET /cormun/static/Resources/PXToolsMenuSearch.png HTTP/1.1" 200 336
181.212.43.89 - - [24/Nov/2021:15:17:22 -0300] "GET /cormun/static/hmpwkw011.js?20201215495555 HTTP/1.1" 200 1968
181.212.43.89 - - [24/Nov/2021:15:17:32 -0300] "GET /cormun/servlet/solicitudot?1970642899a7b7a0b17ea8ec501080519f94b4eaa6a968de01b3d3043f930ede,gx-no-cache=1637777136210 HTTP/1.1" 200 51
190.171.141.90 - - [24/Nov/2021:15:18:03 -0300] "GET /cormun/servlet/permisogoce?INS,0,,, HTTP/1.1" 200 6854
190.171.141.90 - - [24/Nov/2021:15:18:04 -0300] "GET /cormun/servlet/permisogoce?INS,0,,, HTTP/1.1" 200 6832
181.212.43.89 - - [24/Nov/2021:15:18:16 -0300] "POST /cormun/servlet/solicitudot?gx-no-cache=1637777179527 HTTP/1.1" 200 240
181.212.43.89 - - [24/Nov/2021:15:18:19 -0300] "GET /cormun/servlet/solicitudot?1970642899a7b7a0b17ea8ec5010805122e55ceb7868a382ca961882978ca3042067cf4cb207ec4f10a8336a3abd0562c44f7d104bc68748bd272401e0a5e33bbc5940313fea90d2b90b74208080f03d1f69501ee32db731f42b7ab489fc042c197e1b534c46d88d4fdc2b8800ccfd16090e0b251b8b990a8fd383ec833d8044fbb7074069859d25860dbcfcfef2199c656e0be964847f9b458a10dd1b00445357b5ea43f58b29f2ce8ce731e236bf921feb01442a9bcf2887f5361a4e4754a2c5455ecdfd71dc54d88f05907e4b6ad9a315cae90b79002bca6aead71643f492a9a5d20fe8f89afcf9c3f67cadf54c0e03f517a94e2782b9c0bbf4a8230ca471cca4ac357bdeb9b340cfe08733514ea16dd3642b724117f057ff0b6a0aba1663bb3d31928d3a29f18399f853a79abcc595f2152c10cc7fedbf5151232e9acebc972acb076aba99e60c49c9a99c96ca125b538ed4edcefb2ac4bf7a11463656a140c651cb647e068f3d99f36fe02f8a3b0cbbd6126c1ad3e66cce477d734dc603,gx-no-cache=1637777182772 HTTP/1.1" 200 30
181.212.43.89 - - [24/Nov/2021:15:18:22 -0300] "POST /cormun/servlet/solicitudot?gx-no-cache=1637777186191 HTTP/1.1" 200 30
181.212.43.89 - - [24/Nov/2021:15:18:25 -0300] "GET /cormun/servlet/prfichaempleado?,MD,,gxPopupLevel%3D0%3B HTTP/1.1" 200 9314
181.212.43.89 - - [24/Nov/2021:15:18:25 -0300] "GET /cormun/static/gxcfg.js?20201215571085 HTTP/1.1" 200 953
181.212.43.89 - - [24/Nov/2021:15:18:25 -0300] "GET /cormun/static/prfichaempleado.js?20201215572193 HTTP/1.1" 200 16006
190.171.141.90 - - [24/Nov/2021:15:18:55 -0300] "GET /cormun/servlet/permisogoce?33ff4b47fec9371dddddf9e0fbe020e878f4c820024e07c0d1cfb9241829719114096463ca5c63e91fc6b1cba4802674e0981ef5a2ee517fe2bd39fa71aa0217,gx-no-cache=1637777217004 HTTP/1.1" 200 63
190.171.141.90 - - [24/Nov/2021:15:18:55 -0300] "GET /cormun/static/menuarrow.gif HTTP/1.1" 404 1015
190.171.141.90 - - [24/Nov/2021:15:19:10 -0300] "GET /cormun/servlet/permisogoce?33ff4b47fec9371dddddf9e0fbe020e8d2985c47608feae44bda6e51de07ba8c3d1f4139455b831878fdf5e7f75771c6f5283fc8667cef489e877cf750310b72,gx-no-cache=1637777232686 HTTP/1.1" 200 45
205.185.121.173 - - [24/Nov/2021:15:19:16 -0300] "GET /manager/html HTTP/1.1" 401 2474
190.171.141.90 - - [24/Nov/2021:15:19:18 -0300] "POST /cormun/servlet/permisogoce?ad0ae95b1671a35acf04719b83424464,INS,0,,,,gx-no-cache=1637777240339 HTTP/1.1" 200 93
190.171.141.90 - - [24/Nov/2021:15:19:18 -0300] "GET /cormun/servlet/hpexe_return? HTTP/1.1" 200 1033
190.171.141.90 - - [24/Nov/2021:15:19:19 -0300] "GET /cormun/servlet/trpermisosgoce?gx-no-cache=1637776612038 HTTP/1.1" 200 8548
190.171.141.90 - - [24/Nov/2021:15:19:19 -0300] "GET /cormun/servlet/trpermisosgoce?gx-no-cache=1637776612038 HTTP/1.1" 200 8564
190.171.141.90 - - [24/Nov/2021:15:19:25 -0300] "GET /cormun/servlet/apermisogoceprn?12291026,P,20211124150344,PU HTTP/1.1" 200 1642
192.168.10.84 - - [24/Nov/2021:15:19:38 -0300] "GET /digitalizacion/servlet/wbadjunto?80639,PU HTTP/1.1" 302 -
192.168.10.84 - - [24/Nov/2021:15:19:38 -0300] "GET /digitalizacion/PublicTempStorage/9586792.tmp HTTP/1.1" 206 23709
190.171.141.90 - - [24/Nov/2021:15:19:38 -0300] "POST /cormun/servlet/trpermisosgoce?ad0ae95b1671a35acf04719b83424464,gx-no-cache=1637776612038,gx-no-cache=1637777260565 HTTP/1.1" 200 5818
190.171.141.90 - - [24/Nov/2021:15:19:39 -0300] "GET /cormun/static/Shared/jqueryui/images/ui-bg_highlight-soft_100_c6c2c8_1x100.png HTTP/1.1" 404 1117
190.171.141.90 - - [24/Nov/2021:15:19:39 -0300] "GET /cormun/static/Shared/jqueryui/images/ui-icons_82798d_256x240.png HTTP/1.1" 404 1089
192.168.10.84 - - [24/Nov/2021:15:19:39 -0300] "GET /digitalizacion/PublicTempStorage/9586792.tmp HTTP/1.1" 206 65536
190.171.141.90 - - [24/Nov/2021:15:19:39 -0300] "GET /cormun/static/Shared/jqueryui/images/ui-bg_flat_55_fafafa_40x100.png HTTP/1.1" 404 1097
190.171.141.90 - - [24/Nov/2021:15:19:39 -0300] "GET /cormun/static/Shared/jqueryui/images/ui-icons_8d78a5_256x240.png HTTP/1.1" 404 1089
192.168.10.84 - - [24/Nov/2021:15:19:40 -0300] "GET /digitalizacion/PublicTempStorage/9586792.tmp HTTP/1.1" 200 16604317
181.212.43.89 - - [24/Nov/2021:15:20:18 -0300] "GET /cormun/servlet/prlicenciaspermisos?17333497,L,,MD,,gxPopupLevel%3D0%3B HTTP/1.1" 200 5683
181.212.43.89 - - [24/Nov/2021:15:20:18 -0300] "GET /cormun/static/gxcfg.js?2020121559567 HTTP/1.1" 200 953
181.212.43.89 - - [24/Nov/2021:15:20:18 -0300] "GET /cormun/static/prlicenciaspermisos.js?2020121559821 HTTP/1.1" 200 13379
190.171.141.90 - - [24/Nov/2021:15:20:38 -0300] "GET /cormun/servlet/permisogoce?INS,0,,, HTTP/1.1" 200 6854
190.171.141.90 - - [24/Nov/2021:15:20:38 -0300] "GET /cormun/servlet/permisogoce?INS,0,,, HTTP/1.1" 200 6832
181.212.43.89 - - [24/Nov/2021:15:20:39 -0300] "POST /cormun/servlet/solicitudot?gx-no-cache=1637777322760 HTTP/1.1" 200 1441
192.168.10.83 - - [24/Nov/2021:15:20:40 -0300] "GET /digitalizacion/servlet/wbadjunto?80712,PU HTTP/1.1" 302 -
192.168.10.83 - - [24/Nov/2021:15:20:40 -0300] "GET /digitalizacion/PublicTempStorage/884441.tmp HTTP/1.1" 200 1089595
181.212.43.89 - - [24/Nov/2021:15:20:41 -0300] "POST /cormun/servlet/solicitudot?gx-no-cache=1637777324975 HTTP/1.1" 200 40
192.168.10.84 - - [24/Nov/2021:15:20:57 -0300] "POST /digitalizacion/servlet/trdocumentos?3d9481a61fae1fdaf0788e85d9005985,,gx-no-cache=1637777198375 HTTP/1.1" 200 4350
190.171.141.90 - - [24/Nov/2021:15:21:01 -0300] "GET /cormun/servlet/permisogoce?33ff4b47fec9371dddddf9e0fbe020e83d4f79bdf165ce41a01d4cf96aa615f814096463ca5c63e91fc6b1cba4802674e0981ef5a2ee517fe2bd39fa71aa0217,gx-no-cache=1637777343010 HTTP/1.1" 200 72
190.171.141.90 - - [24/Nov/2021:15:21:01 -0300] "GET /cormun/static/menuarrow.gif HTTP/1.1" 404 1015
192.168.10.84 - - [24/Nov/2021:15:21:05 -0300] "GET /digitalizacion/servlet/wbadjunto?80712,PU HTTP/1.1" 302 -
192.168.10.84 - - [24/Nov/2021:15:21:05 -0300] "GET /digitalizacion/PublicTempStorage/4716454.tmp HTTP/1.1" 200 1089595
192.168.10.84 - - [24/Nov/2021:15:21:05 -0300] "GET /favicon.ico HTTP/1.1" 200 21630
192.168.10.84 - - [24/Nov/2021:15:21:05 -0300] "GET /digitalizacion/PublicTempStorage/4716454.tmp HTTP/1.1" 206 41019
190.171.141.90 - - [24/Nov/2021:15:21:18 -0300] "GET /cormun/servlet/permisogoce?33ff4b47fec9371dddddf9e0fbe020e8b3717f0de27a5aeef6b482a1f64107f3b8e0a34cf2c0649e02e08ba592c97124f5283fc8667cef489e877cf750310b72,gx-no-cache=1637777360294 HTTP/1.1" 200 45
181.212.43.89 - - [24/Nov/2021:15:21:20 -0300] "GET /cormun/servlet/solicitudot?1970642899a7b7a0b17ea8ec501080519e43935d3ceebaf4227742f32c28001f7bb2dcda8bdc2e43f238238737e926924c30423fb5d35bbe19bea9579cf41cbf12b0c68e8a9e0cb9c54e054bf56673c8be6f3ddeff47d06832166fdf451a3bf3ffe7c1d92a81bf83136c040e5b7450ee,gx-no-cache=1637777364292 HTTP/1.1" 200 110
181.212.43.89 - - [24/Nov/2021:15:21:20 -0300] "POST /cormun/servlet/solicitudot?gx-no-cache=1637777364343 HTTP/1.1" 200 97
181.212.43.89 - - [24/Nov/2021:15:21:25 -0300] "GET /cormun/servlet/solicitudot?1970642899a7b7a0b17ea8ec50108051fa82dfca149d875b80971776bcda351687ac0f45a67b994974850fd862bff088be82cb3d05adb899ff24df4148a45736d8652ae759eeef5330575b0baf8e1a0212ee6fc82811778e13a9d96bd2f043f63fd8e4d447fdc0322e28a8ec7158040c,gx-no-cache=1637777369057 HTTP/1.1" 200 29
181.212.43.89 - - [24/Nov/2021:15:21:25 -0300] "GET /cormun/static/menuarrow.gif HTTP/1.1" 404 1015
192.168.10.84 - - [24/Nov/2021:15:21:29 -0300] "POST /digitalizacion/servlet/trdocumentos?3d9481a61fae1fdaf0788e85d9005985,,gx-no-cache=1637777229599 HTTP/1.1" 200 4341
181.212.43.89 - - [24/Nov/2021:15:21:29 -0300] "GET /cormun/servlet/solicitudot?1970642899a7b7a0b17ea8ec501080516c89de5313471e137cce0e1fba729681390050931ce3d9e267441900e899375b,gx-no-cache=1637777373115 HTTP/1.1" 200 30
181.212.43.89 - - [24/Nov/2021:15:21:29 -0300] "POST /cormun/servlet/solicitudot?gx-no-cache=1637777373157 HTTP/1.1" 200 34
181.212.43.89 - - [24/Nov/2021:15:21:33 -0300] "POST /cormun/servlet/solicitudot?4208cca9d3acffd32d28e8e6b08e5ed6,INS,0,0,false,,gx-no-cache=1637777376014 HTTP/1.1" 200 93
181.212.43.89 - - [24/Nov/2021:15:21:33 -0300] "GET /cormun/servlet/hpexe_return? HTTP/1.1" 200 1013
181.212.43.89 - - [24/Nov/2021:15:21:33 -0300] "GET /cormun/static/gxcfg.js?201991422392976 HTTP/1.1" 200 953
181.212.43.89 - - [24/Nov/2021:15:21:33 -0300] "GET /cormun/static/hpexe_return.js?201991422392984 HTTP/1.1" 200 1633
181.212.43.89 - - [24/Nov/2021:15:21:33 -0300] "GET /cormun/servlet/trsolicitudot HTTP/1.1" 200 8676
181.212.43.89 - - [24/Nov/2021:15:21:34 -0300] "GET /cormun//static/Resources/PXToolsActionView.png HTTP/1.1" 200 398
181.212.43.89 - - [24/Nov/2021:15:21:34 -0300] "GET /cormun//static/Resources/PXToolsGridUpdate.png HTTP/1.1" 200 470
181.212.43.89 - - [24/Nov/2021:15:21:34 -0300] "GET /cormun//static/Resources/PXToolsGridDelete.png HTTP/1.1" 200 538
181.212.43.89 - - [24/Nov/2021:15:21:34 -0300] "GET /cormun//static/Resources/PXToolsRemoveAllAction.png HTTP/1.1" 200 487
181.212.43.89 - - [24/Nov/2021:15:21:34 -0300] "GET /cormun/servlet/trsolicitudot HTTP/1.1" 200 8671
192.168.10.83 - - [24/Nov/2021:15:21:36 -0300] "GET /digitalizacion/servlet/wbadjunto?80713,PU HTTP/1.1" 302 -
192.168.10.83 - - [24/Nov/2021:15:21:36 -0300] "GET /digitalizacion/PublicTempStorage/7655169.tmp HTTP/1.1" 200 1285811
192.168.10.84 - - [24/Nov/2021:15:21:41 -0300] "GET /digitalizacion/servlet/wbadjunto?80725,PU HTTP/1.1" 302 -
192.168.10.84 - - [24/Nov/2021:15:21:41 -0300] "GET /digitalizacion/PublicTempStorage/6301310.tmp HTTP/1.1" 206 17268
192.168.10.84 - - [24/Nov/2021:15:21:41 -0300] "GET /digitalizacion/PublicTempStorage/6301310.tmp HTTP/1.1" 200 5129076
192.168.10.84 - - [24/Nov/2021:15:21:42 -0300] "GET /digitalizacion/PublicTempStorage/6301310.tmp HTTP/1.1" 206 65536
192.168.10.83 - - [24/Nov/2021:15:21:48 -0300] "GET /digitalizacion/servlet/wbadjunto?80716,PU HTTP/1.1" 302 -
192.168.10.83 - - [24/Nov/2021:15:21:48 -0300] "GET /digitalizacion/PublicTempStorage/3019441.tmp HTTP/1.1" 200 1413725
181.212.43.89 - - [24/Nov/2021:15:21:52 -0300] "POST /cormun/servlet/trsolicitudot?4208cca9d3acffd32d28e8e6b08e5ed6,gx-no-cache=1637777395171 HTTP/1.1" 200 112
181.212.43.89 - - [24/Nov/2021:15:21:52 -0300] "GET /cormun/servlet/solicitudot?UPD,2021,17819,false, HTTP/1.1" 200 16206
181.212.43.89 - - [24/Nov/2021:15:21:53 -0300] "GET /cormun/servlet/solicitudot?UPD,2021,17819,false, HTTP/1.1" 200 16217
181.212.43.89 - - [24/Nov/2021:15:21:53 -0300] "POST /cormun/servlet/solicitudot?gx-no-cache=1637777396991 HTTP/1.1" 200 3863
181.212.43.89 - - [24/Nov/2021:15:21:53 -0300] "POST /cormun/servlet/solicitudot?4208cca9d3acffd32d28e8e6b08e5ed6,UPD,2021,17819,false,,gx-no-cache=1637777397197 HTTP/1.1" 200 12437
181.212.43.89 - - [24/Nov/2021:15:21:54 -0300] "GET /cormun/servlet/solicitudot?1970642899a7b7a0b17ea8ec50108051130d27817dafb898a83e776d9446e25f97972f6302ec6d6799263e2eab21ba81,gx-no-cache=1637777397435 HTTP/1.1" 200 30
181.212.43.89 - - [24/Nov/2021:15:21:54 -0300] "GET /cormun/servlet/solicitudot?1970642899a7b7a0b17ea8ec501080518f07f390168c2ea4b6ef8144f2f65e0091357744b2ffed9edc8a6c288819e51aef55144a4d5967657c828231be89d283,gx-no-cache=1637777397469 HTTP/1.1" 200 30
181.212.43.89 - - [24/Nov/2021:15:21:54 -0300] "GET /cormun/servlet/solicitudot?1970642899a7b7a0b17ea8ec501080512695bf9ed26a4bbb81ead947df0169ff770f1b8f15dca9db761adecaa38973d3c254411d848df9854f3c8bfb7a4c9549,gx-no-cache=1637777397491 HTTP/1.1" 200 51
181.212.43.89 - - [24/Nov/2021:15:21:54 -0300] "POST /cormun/servlet/solicitudot?gx-no-cache=1637777397519 HTTP/1.1" 200 240
181.212.43.89 - - [24/Nov/2021:15:21:54 -0300] "GET /cormun/servlet/solicitudot?1970642899a7b7a0b17ea8ec5010805122e55ceb7868a382ca961882978ca3042067cf4cb207ec4f10a8336a3abd0562c44f7d104bc68748bd272401e0a5e33bbc5940313fea90d2b90b74208080f03d1f69501ee32db731f42b7ab489fc042c197e1b534c46d88d4fdc2b8800ccfd16090e0b251b8b990a8fd383ec833d8044fbb7074069859d25860dbcfcfef2199c656e0be964847f9b458a10dd1b00445357b5ea43f58b29f2ce8ce731e236bf921feb01442a9bcf2887f5361a4e4754a2c5455ecdfd71dc54d88f05907e4b6ad9a315cae90b79002bca6aead71643f492a9a5d20fe8f89afcf9c3f67cadf54c0e03f517a94e2782b9c0bbf4a8230ca471cca4ac357bdeb9b340cfe08733514ea16dd3642b724117f057ff0b6a0aba1663bb3d31928d3a29f18399f853a79abcc595f2152c10cc7fedbf5151232e9acebc972acb076aba99e60c49c9a99c96ca125b538ed4edcefb2ac4bf7a11463656a140c651cb647e068f3d99f36fe02f8a3bb3dbf48b6de4816c98ab129bc63ff015,gx-no-cache=1637777397556 HTTP/1.1" 200 30
181.212.43.89 - - [24/Nov/2021:15:21:54 -0300] "POST /cormun/servlet/solicitudot?gx-no-cache=1637777397595 HTTP/1.1" 200 30
181.212.43.89 - - [24/Nov/2021:15:21:54 -0300] "POST /cormun/servlet/solicitudot?gx-no-cache=1637777397660 HTTP/1.1" 200 1441
181.212.43.89 - - [24/Nov/2021:15:21:54 -0300] "POST /cormun/servlet/solicitudot?gx-no-cache=1637777397748 HTTP/1.1" 200 40
181.212.43.89 - - [24/Nov/2021:15:21:56 -0300] "GET /cormun/servlet/solicitudot?1970642899a7b7a0b17ea8ec501080519e43935d3ceebaf4227742f32c28001f7bb2dcda8bdc2e43f238238737e926924c30423fb5d35bbe19bea9579cf41cbf12b0c68e8a9e0cb9c54e054bf56673c8be6f3ddeff47d06832166fdf451a3bf3ffe7c1d92a81bf83136c040e5b7450ee,gx-no-cache=1637777399979 HTTP/1.1" 200 110
181.212.43.89 - - [24/Nov/2021:15:21:56 -0300] "POST /cormun/servlet/solicitudot?gx-no-cache=1637777400029 HTTP/1.1" 200 97
181.212.43.89 - - [24/Nov/2021:15:21:58 -0300] "GET /cormun/servlet/solicitudot?1970642899a7b7a0b17ea8ec501080513ccdfcf16772a7a0b5a42e1532977ff142b3652ff8835e33b7697f9573e2207f3cb15ea8e2ba0190291e65717fb87b9be7bf4e07f29699cfaa2b808fb0b700e356b79e07d7b93afeb34e03c846a6530f9c6e7ab359775fcea359866b0a8a2da8c9d06513e6be6461659c9308024f8663c5b01273c48b3f3790a6ec0ea08ab66903eff01efcc41b6411359f1b868ea913b4f89ad81cc009e28ae80055aa297fcfbe826bd5ca05f69ffab4b205a1717cae4770229d19d44cd2f7d56f51aae4d605,gx-no-cache=1637777401951 HTTP/1.1" 200 30
192.168.10.83 - - [24/Nov/2021:15:22:02 -0300] "GET /digitalizacion/servlet/wbadjunto?80716,PU HTTP/1.1" 302 -
192.168.10.83 - - [24/Nov/2021:15:22:02 -0300] "GET /digitalizacion/PublicTempStorage/9893248.tmp HTTP/1.1" 200 1413725
181.212.43.89 - - [24/Nov/2021:15:22:09 -0300] "GET /cormun/servlet/solicitudot?1970642899a7b7a0b17ea8ec501080516c89de5313471e137cce0e1fba729681390050931ce3d9e267441900e899375b,gx-no-cache=1637777412331 HTTP/1.1" 200 30
181.212.43.89 - - [24/Nov/2021:15:22:09 -0300] "POST /cormun/servlet/solicitudot?gx-no-cache=1637777412601 HTTP/1.1" 200 34
181.212.43.89 - - [24/Nov/2021:15:22:09 -0300] "POST /cormun/servlet/solicitudot?4208cca9d3acffd32d28e8e6b08e5ed6,UPD,2021,17819,false,,gx-no-cache=1637777412635 HTTP/1.1" 200 93
181.212.43.89 - - [24/Nov/2021:15:22:09 -0300] "GET /cormun/servlet/hpexe_return? HTTP/1.1" 200 1019
181.212.43.89 - - [24/Nov/2021:15:22:09 -0300] "GET /cormun/servlet/trsolicitudot HTTP/1.1" 200 8675
192.168.10.83 - - [24/Nov/2021:15:22:10 -0300] "GET /digitalizacion/servlet/wbadjunto?80717,PU HTTP/1.1" 302 -
192.168.10.83 - - [24/Nov/2021:15:22:10 -0300] "GET /digitalizacion/PublicTempStorage/1771670.tmp HTTP/1.1" 200 1491538
181.212.43.89 - - [24/Nov/2021:15:22:10 -0300] "GET /cormun/servlet/trsolicitudot HTTP/1.1" 200 8670
181.212.43.89 - - [24/Nov/2021:15:22:12 -0300] "POST /cormun/servlet/trsolicitudot?4208cca9d3acffd32d28e8e6b08e5ed6,gx-no-cache=1637777416098 HTTP/1.1" 200 107
181.212.43.89 - - [24/Nov/2021:15:22:12 -0300] "GET /cormun/servlet/trsolicitudadjuntos?2021,17819, HTTP/1.1" 200 6116
181.212.43.89 - - [24/Nov/2021:15:22:12 -0300] "GET /cormun/static/gxcfg.js?20201215574222 HTTP/1.1" 200 953
181.212.43.89 - - [24/Nov/2021:15:22:13 -0300] "GET /cormun/static/Resources/PXToolsGridNew.png HTTP/1.1" 200 427
181.212.43.89 - - [24/Nov/2021:15:22:13 -0300] "GET /cormun/static/trsolicitudadjuntos.js?20201215574932 HTTP/1.1" 200 17922
181.212.43.89 - - [24/Nov/2021:15:22:13 -0300] "GET /cormun/servlet/trsolicitudadjuntos?2021,17819, HTTP/1.1" 200 6115
181.212.43.89 - - [24/Nov/2021:15:22:15 -0300] "GET /cormun/servlet/solicitudotadjuntos?INS,2021,17819,,1, HTTP/1.1" 200 6059
181.212.43.89 - - [24/Nov/2021:15:22:15 -0300] "GET /cormun/static/gxcfg.js?202012157947 HTTP/1.1" 200 953
181.212.43.89 - - [24/Nov/2021:15:22:15 -0300] "GET /cormun/static/solicitudotadjuntos.js?202012157966 HTTP/1.1" 200 11771
181.212.43.89 - - [24/Nov/2021:15:22:15 -0300] "GET /cormun/static/about:blank HTTP/1.1" 404 1011
181.212.43.89 - - [24/Nov/2021:15:22:16 -0300] "GET /cormun/servlet/solicitudotadjuntos?INS,2021,17819,,1, HTTP/1.1" 200 6053
181.212.43.89 - - [24/Nov/2021:15:22:16 -0300] "GET /cormun/servlet/solicitudotadjuntos?1970642899a7b7a0b17ea8ec5010805103a384f66d073510f083e6087a21b9b586a6c2f2122ff55df9ecdc66cad3d785,gx-no-cache=1637777419840 HTTP/1.1" 200 30
181.212.43.89 - - [24/Nov/2021:15:22:16 -0300] "POST /cormun/servlet/solicitudotadjuntos?4208cca9d3acffd32d28e8e6b08e5ed6,INS,2021,17819,,1,,gx-no-cache=1637777419897 HTTP/1.1" 200 3921
205.185.121.173 - - [24/Nov/2021:15:22:17 -0300] "GET /manager/html HTTP/1.1" 401 2474
181.212.43.89 - - [24/Nov/2021:15:22:18 -0300] "POST /cormun/servlet/solicitudotadjuntos?gx-no-cache=1637777421894 HTTP/1.1" 200 26
192.168.10.83 - - [24/Nov/2021:15:22:21 -0300] "GET /digitalizacion/servlet/wbadjunto?80718,PU HTTP/1.1" 302 -
192.168.10.83 - - [24/Nov/2021:15:22:21 -0300] "GET /digitalizacion/PublicTempStorage/3834344.tmp HTTP/1.1" 200 2398915
190.171.141.90 - - [24/Nov/2021:15:22:21 -0300] "POST /cormun/servlet/permisogoce?ad0ae95b1671a35acf04719b83424464,INS,0,,,,gx-no-cache=1637777422898 HTTP/1.1" 200 93
190.171.141.90 - - [24/Nov/2021:15:22:21 -0300] "GET /cormun/servlet/hpexe_return? HTTP/1.1" 200 1033
190.171.141.90 - - [24/Nov/2021:15:22:21 -0300] "GET /cormun/servlet/trpermisosgoce?gx-no-cache=1637776612038 HTTP/1.1" 200 8792
190.171.141.90 - - [24/Nov/2021:15:22:22 -0300] "GET /cormun/servlet/trpermisosgoce?gx-no-cache=1637776612038 HTTP/1.1" 200 8810
192.168.10.84 - - [24/Nov/2021:15:22:24 -0300] "GET /digitalizacion/servlet/wbadjunto?80724,PU HTTP/1.1" 302 -
192.168.10.84 - - [24/Nov/2021:15:22:24 -0300] "GET /digitalizacion/PublicTempStorage/9417143.tmp HTTP/1.1" 206 8562
192.168.10.84 - - [24/Nov/2021:15:22:25 -0300] "GET /digitalizacion/PublicTempStorage/9417143.tmp HTTP/1.1" 200 10297714
190.171.141.90 - - [24/Nov/2021:15:22:28 -0300] "GET /cormun/servlet/apermisogoceprn?13720781,P,20211124150619,PU HTTP/1.1" 200 1670
190.171.141.90 - - [24/Nov/2021:15:22:40 -0300] "POST /cormun/servlet/trpermisosgoce?ad0ae95b1671a35acf04719b83424464,gx-no-cache=1637776612038,gx-no-cache=1637777442438 HTTP/1.1" 200 6071
190.171.141.90 - - [24/Nov/2021:15:22:40 -0300] "GET /cormun/static/Shared/jqueryui/images/ui-bg_highlight-soft_100_c6c2c8_1x100.png HTTP/1.1" 404 1117
190.171.141.90 - - [24/Nov/2021:15:22:40 -0300] "GET /cormun/static/Shared/jqueryui/images/ui-icons_82798d_256x240.png HTTP/1.1" 404 1089
190.171.141.90 - - [24/Nov/2021:15:22:40 -0300] "GET /cormun/static/Shared/jqueryui/images/ui-icons_8d78a5_256x240.png HTTP/1.1" 404 1089
190.171.141.90 - - [24/Nov/2021:15:22:40 -0300] "GET /cormun/static/Shared/jqueryui/images/ui-bg_flat_55_fafafa_40x100.png HTTP/1.1" 404 1097
181.212.43.89 - - [24/Nov/2021:15:22:45 -0300] "GET /cormun/servlet/solicitudotadjuntos?1970642899a7b7a0b17ea8ec5010805129b13c05cdf39f01dc8d0c06912463ab,gx-no-cache=1637777448754 HTTP/1.1" 200 30
181.212.43.89 - - [24/Nov/2021:15:22:45 -0300] "GET /cormun/servlet/solicitudotadjuntos?1970642899a7b7a0b17ea8ec5010805129b13c05cdf39f01dc8d0c06912463ab,gx-no-cache=1637777448777 HTTP/1.1" 200 30
181.212.43.89 - - [24/Nov/2021:15:22:46 -0300] "POST /cormun/servlet/solicitudotadjuntos?4208cca9d3acffd32d28e8e6b08e5ed6,INS,2021,17819,,1, HTTP/1.1" 200 116
181.212.43.89 - - [24/Nov/2021:15:22:46 -0300] "GET /cormun/servlet/hpexe_return? HTTP/1.1" 200 1030
181.212.43.89 - - [24/Nov/2021:15:22:46 -0300] "GET /cormun/servlet/trsolicitudadjuntos?2021,17819, HTTP/1.1" 200 8940
181.212.43.89 - - [24/Nov/2021:15:22:47 -0300] "GET /cormun/servlet/trsolicitudadjuntos?2021,17819, HTTP/1.1" 200 8935
181.212.43.89 - - [24/Nov/2021:15:23:16 -0300] "GET /cormun/servlet/solicitudotadjuntos?INS,2021,17819,,1, HTTP/1.1" 200 6060
181.212.43.89 - - [24/Nov/2021:15:23:17 -0300] "GET /cormun/static/about:blank HTTP/1.1" 404 1011
181.212.43.89 - - [24/Nov/2021:15:23:17 -0300] "GET /cormun/servlet/solicitudotadjuntos?INS,2021,17819,,1, HTTP/1.1" 200 6054
181.212.43.89 - - [24/Nov/2021:15:23:17 -0300] "GET /cormun/servlet/solicitudotadjuntos?1970642899a7b7a0b17ea8ec5010805103a384f66d073510f083e6087a21b9b586a6c2f2122ff55df9ecdc66cad3d785,gx-no-cache=1637777481224 HTTP/1.1" 200 30
181.212.43.89 - - [24/Nov/2021:15:23:17 -0300] "POST /cormun/servlet/solicitudotadjuntos?4208cca9d3acffd32d28e8e6b08e5ed6,INS,2021,17819,,1,,gx-no-cache=1637777481263 HTTP/1.1" 200 3921
181.212.43.89 - - [24/Nov/2021:15:23:20 -0300] "POST /cormun/servlet/solicitudotadjuntos?gx-no-cache=1637777483981 HTTP/1.1" 200 26
181.212.43.89 - - [24/Nov/2021:15:23:26 -0300] "GET /cormun/servlet/solicitudotadjuntos?1970642899a7b7a0b17ea8ec5010805129b13c05cdf39f01dc8d0c06912463ab,gx-no-cache=1637777489689 HTTP/1.1" 200 30
181.212.43.89 - - [24/Nov/2021:15:23:26 -0300] "GET /cormun/servlet/solicitudotadjuntos?1970642899a7b7a0b17ea8ec5010805129b13c05cdf39f01dc8d0c06912463ab,gx-no-cache=1637777489705 HTTP/1.1" 200 30
181.212.43.89 - - [24/Nov/2021:15:23:26 -0300] "POST /cormun/servlet/solicitudotadjuntos?4208cca9d3acffd32d28e8e6b08e5ed6,INS,2021,17819,,1, HTTP/1.1" 200 116
181.212.43.89 - - [24/Nov/2021:15:23:26 -0300] "GET /cormun/servlet/hpexe_return? HTTP/1.1" 200 1030
181.212.43.89 - - [24/Nov/2021:15:23:27 -0300] "GET /cormun/servlet/trsolicitudadjuntos?2021,17819, HTTP/1.1" 200 9186
181.212.43.89 - - [24/Nov/2021:15:23:27 -0300] "GET /cormun/servlet/trsolicitudadjuntos?2021,17819, HTTP/1.1" 200 9183
181.212.43.89 - - [24/Nov/2021:15:23:29 -0300] "GET /cormun/servlet/solicitudotadjuntos?INS,2021,17819,,1, HTTP/1.1" 200 6059
181.212.43.89 - - [24/Nov/2021:15:23:30 -0300] "GET /cormun/static/about:blank HTTP/1.1" 404 1011
181.212.43.89 - - [24/Nov/2021:15:23:30 -0300] "GET /cormun/servlet/solicitudotadjuntos?INS,2021,17819,,1, HTTP/1.1" 200 6053
181.212.43.89 - - [24/Nov/2021:15:23:30 -0300] "GET /cormun/servlet/solicitudotadjuntos?1970642899a7b7a0b17ea8ec5010805103a384f66d073510f083e6087a21b9b586a6c2f2122ff55df9ecdc66cad3d785,gx-no-cache=1637777494217 HTTP/1.1" 200 30
181.212.43.89 - - [24/Nov/2021:15:23:30 -0300] "POST /cormun/servlet/solicitudotadjuntos?4208cca9d3acffd32d28e8e6b08e5ed6,INS,2021,17819,,1,,gx-no-cache=1637777494253 HTTP/1.1" 200 3921
181.212.43.89 - - [24/Nov/2021:15:23:33 -0300] "POST /cormun/servlet/solicitudotadjuntos?gx-no-cache=1637777497294 HTTP/1.1" 200 26
181.212.43.89 - - [24/Nov/2021:15:23:40 -0300] "GET /cormun/servlet/solicitudotadjuntos?1970642899a7b7a0b17ea8ec5010805129b13c05cdf39f01dc8d0c06912463ab,gx-no-cache=1637777503634 HTTP/1.1" 200 30
181.212.43.89 - - [24/Nov/2021:15:23:40 -0300] "GET /cormun/servlet/solicitudotadjuntos?1970642899a7b7a0b17ea8ec5010805129b13c05cdf39f01dc8d0c06912463ab,gx-no-cache=1637777503675 HTTP/1.1" 200 30
181.212.43.89 - - [24/Nov/2021:15:23:40 -0300] "POST /cormun/servlet/solicitudotadjuntos?4208cca9d3acffd32d28e8e6b08e5ed6,INS,2021,17819,,1, HTTP/1.1" 200 116
181.212.43.89 - - [24/Nov/2021:15:23:40 -0300] "GET /cormun/servlet/hpexe_return? HTTP/1.1" 200 1030
181.212.43.89 - - [24/Nov/2021:15:23:41 -0300] "GET /cormun/servlet/trsolicitudadjuntos?2021,17819, HTTP/1.1" 200 9365
181.212.43.89 - - [24/Nov/2021:15:23:41 -0300] "GET /cormun/servlet/trsolicitudadjuntos?2021,17819, HTTP/1.1" 200 9363
192.168.10.83 - - [24/Nov/2021:15:23:43 -0300] "GET /digitalizacion/servlet/wbadjunto?80718,PU HTTP/1.1" 302 -
192.168.10.83 - - [24/Nov/2021:15:23:43 -0300] "GET /digitalizacion/PublicTempStorage/8335457.tmp HTTP/1.1" 200 2398915
181.212.43.89 - - [24/Nov/2021:15:23:44 -0300] "GET /cormun/servlet/solicitudotadjuntos?INS,2021,17819,,1, HTTP/1.1" 200 6059
181.212.43.89 - - [24/Nov/2021:15:23:44 -0300] "GET /cormun/static/about:blank HTTP/1.1" 404 1011
181.212.43.89 - - [24/Nov/2021:15:23:44 -0300] "GET /cormun/servlet/solicitudotadjuntos?INS,2021,17819,,1, HTTP/1.1" 200 6053
181.212.43.89 - - [24/Nov/2021:15:23:45 -0300] "GET /cormun/servlet/solicitudotadjuntos?1970642899a7b7a0b17ea8ec5010805103a384f66d073510f083e6087a21b9b586a6c2f2122ff55df9ecdc66cad3d785,gx-no-cache=1637777508351 HTTP/1.1" 200 30
181.212.43.89 - - [24/Nov/2021:15:23:45 -0300] "POST /cormun/servlet/solicitudotadjuntos?4208cca9d3acffd32d28e8e6b08e5ed6,INS,2021,17819,,1,,gx-no-cache=1637777508383 HTTP/1.1" 200 3921
181.212.43.89 - - [24/Nov/2021:15:23:48 -0300] "POST /cormun/servlet/solicitudotadjuntos?gx-no-cache=1637777512175 HTTP/1.1" 200 26
192.168.10.84 - - [24/Nov/2021:15:23:55 -0300] "GET /digitalizacion/servlet/wbadjunto?80725,PU HTTP/1.1" 302 -
192.168.10.84 - - [24/Nov/2021:15:23:55 -0300] "GET /digitalizacion/PublicTempStorage/9746502.tmp HTTP/1.1" 206 17268
192.168.10.84 - - [24/Nov/2021:15:23:55 -0300] "GET /digitalizacion/PublicTempStorage/9746502.tmp HTTP/1.1" 200 5129076
192.168.10.84 - - [24/Nov/2021:15:23:55 -0300] "GET /digitalizacion/PublicTempStorage/9746502.tmp HTTP/1.1" 206 65536
181.212.43.89 - - [24/Nov/2021:15:23:55 -0300] "GET /cormun/servlet/solicitudotadjuntos?1970642899a7b7a0b17ea8ec5010805129b13c05cdf39f01dc8d0c06912463ab,gx-no-cache=1637777519337 HTTP/1.1" 200 30
181.212.43.89 - - [24/Nov/2021:15:23:56 -0300] "GET /cormun/servlet/solicitudotadjuntos?1970642899a7b7a0b17ea8ec5010805129b13c05cdf39f01dc8d0c06912463ab,gx-no-cache=1637777519359 HTTP/1.1" 200 30
181.212.43.89 - - [24/Nov/2021:15:23:56 -0300] "POST /cormun/servlet/solicitudotadjuntos?4208cca9d3acffd32d28e8e6b08e5ed6,INS,2021,17819,,1, HTTP/1.1" 200 116
181.212.43.89 - - [24/Nov/2021:15:23:56 -0300] "GET /cormun/servlet/hpexe_return? HTTP/1.1" 200 1030
181.212.43.89 - - [24/Nov/2021:15:23:57 -0300] "GET /cormun/servlet/trsolicitudadjuntos?2021,17819, HTTP/1.1" 200 9618
181.212.43.89 - - [24/Nov/2021:15:23:58 -0300] "GET /cormun/servlet/trsolicitudadjuntos?2021,17819, HTTP/1.1" 200 9614
181.212.43.89 - - [24/Nov/2021:15:24:00 -0300] "GET /cormun/servlet/solicitudotadjuntos?INS,2021,17819,,1, HTTP/1.1" 200 6059
181.212.43.89 - - [24/Nov/2021:15:24:00 -0300] "GET /cormun/static/about:blank HTTP/1.1" 404 1011
181.212.43.89 - - [24/Nov/2021:15:24:00 -0300] "GET /cormun/servlet/solicitudotadjuntos?INS,2021,17819,,1, HTTP/1.1" 200 6053
181.212.43.89 - - [24/Nov/2021:15:24:00 -0300] "GET /cormun/servlet/solicitudotadjuntos?1970642899a7b7a0b17ea8ec5010805103a384f66d073510f083e6087a21b9b586a6c2f2122ff55df9ecdc66cad3d785,gx-no-cache=1637777524303 HTTP/1.1" 200 30
181.212.43.89 - - [24/Nov/2021:15:24:01 -0300] "POST /cormun/servlet/solicitudotadjuntos?4208cca9d3acffd32d28e8e6b08e5ed6,INS,2021,17819,,1,,gx-no-cache=1637777524336 HTTP/1.1" 200 3921
192.168.10.83 - - [24/Nov/2021:15:24:02 -0300] "GET /digitalizacion/servlet/wbadjunto?80721,PU HTTP/1.1" 302 -
192.168.10.83 - - [24/Nov/2021:15:24:02 -0300] "GET /digitalizacion/PublicTempStorage/7553555.tmp HTTP/1.1" 200 1406001
181.212.43.89 - - [24/Nov/2021:15:24:03 -0300] "POST /cormun/servlet/solicitudotadjuntos?gx-no-cache=1637777527262 HTTP/1.1" 200 26
181.212.43.89 - - [24/Nov/2021:15:24:10 -0300] "GET /cormun/servlet/solicitudotadjuntos?1970642899a7b7a0b17ea8ec5010805129b13c05cdf39f01dc8d0c06912463ab,gx-no-cache=1637777533897 HTTP/1.1" 200 30
181.212.43.89 - - [24/Nov/2021:15:24:10 -0300] "GET /cormun/servlet/solicitudotadjuntos?1970642899a7b7a0b17ea8ec5010805129b13c05cdf39f01dc8d0c06912463ab,gx-no-cache=1637777533912 HTTP/1.1" 200 30
181.212.43.89 - - [24/Nov/2021:15:24:10 -0300] "POST /cormun/servlet/solicitudotadjuntos?4208cca9d3acffd32d28e8e6b08e5ed6,INS,2021,17819,,1, HTTP/1.1" 200 116
181.212.43.89 - - [24/Nov/2021:15:24:10 -0300] "GET /cormun/servlet/hpexe_return? HTTP/1.1" 200 1030
181.212.43.89 - - [24/Nov/2021:15:24:11 -0300] "GET /cormun/servlet/trsolicitudadjuntos?2021,17819, HTTP/1.1" 200 9893
181.212.43.89 - - [24/Nov/2021:15:24:13 -0300] "GET /cormun/servlet/trsolicitudadjuntos?2021,17819, HTTP/1.1" 200 9894
192.168.10.83 - - [24/Nov/2021:15:24:13 -0300] "GET /digitalizacion/servlet/wbadjunto?80722,PU HTTP/1.1" 302 -
192.168.10.83 - - [24/Nov/2021:15:24:14 -0300] "GET /digitalizacion/PublicTempStorage/8673725.tmp HTTP/1.1" 200 9703334
181.212.43.89 - - [24/Nov/2021:15:24:14 -0300] "GET /cormun/servlet/solicitudotadjuntos?INS,2021,17819,,1, HTTP/1.1" 200 6059
181.212.43.89 - - [24/Nov/2021:15:24:14 -0300] "GET /cormun/static/about:blank HTTP/1.1" 404 1011
181.212.43.89 - - [24/Nov/2021:15:24:15 -0300] "GET /cormun/servlet/solicitudotadjuntos?INS,2021,17819,,1, HTTP/1.1" 200 6053
181.212.43.89 - - [24/Nov/2021:15:24:15 -0300] "GET /cormun/servlet/solicitudotadjuntos?1970642899a7b7a0b17ea8ec5010805103a384f66d073510f083e6087a21b9b586a6c2f2122ff55df9ecdc66cad3d785,gx-no-cache=1637777539208 HTTP/1.1" 200 30
181.212.43.89 - - [24/Nov/2021:15:24:16 -0300] "POST /cormun/servlet/solicitudotadjuntos?4208cca9d3acffd32d28e8e6b08e5ed6,INS,2021,17819,,1,,gx-no-cache=1637777539300 HTTP/1.1" 200 3921
181.212.43.89 - - [24/Nov/2021:15:24:18 -0300] "POST /cormun/servlet/solicitudotadjuntos?gx-no-cache=1637777541949 HTTP/1.1" 200 26
181.212.43.89 - - [24/Nov/2021:15:24:25 -0300] "GET /cormun/servlet/solicitudotadjuntos?1970642899a7b7a0b17ea8ec5010805129b13c05cdf39f01dc8d0c06912463ab,gx-no-cache=1637777548682 HTTP/1.1" 200 30
181.212.43.89 - - [24/Nov/2021:15:24:25 -0300] "GET /cormun/servlet/solicitudotadjuntos?1970642899a7b7a0b17ea8ec5010805129b13c05cdf39f01dc8d0c06912463ab,gx-no-cache=1637777548700 HTTP/1.1" 200 30
181.212.43.89 - - [24/Nov/2021:15:24:25 -0300] "POST /cormun/servlet/solicitudotadjuntos?4208cca9d3acffd32d28e8e6b08e5ed6,INS,2021,17819,,1, HTTP/1.1" 200 116
181.212.43.89 - - [24/Nov/2021:15:24:25 -0300] "GET /cormun/servlet/hpexe_return? HTTP/1.1" 200 1030
181.212.43.89 - - [24/Nov/2021:15:24:26 -0300] "GET /cormun/servlet/trsolicitudadjuntos?2021,17819, HTTP/1.1" 200 10077
181.212.43.89 - - [24/Nov/2021:15:24:27 -0300] "GET /cormun/servlet/trsolicitudadjuntos?2021,17819, HTTP/1.1" 200 10072
181.212.43.89 - - [24/Nov/2021:15:24:29 -0300] "POST /cormun/servlet/trsolicitudadjuntos?4208cca9d3acffd32d28e8e6b08e5ed6,2021,17819,,gx-no-cache=1637777552399 HTTP/1.1" 200 90
181.212.43.89 - - [24/Nov/2021:15:24:29 -0300] "GET /cormun/servlet/hpexe_link HTTP/1.1" 200 974
181.212.43.89 - - [24/Nov/2021:15:24:29 -0300] "GET /cormun/servlet/trsolicitudot HTTP/1.1" 200 8671
181.212.43.89 - - [24/Nov/2021:15:24:30 -0300] "GET /cormun/servlet/trsolicitudot HTTP/1.1" 200 8670
181.212.43.89 - - [24/Nov/2021:15:25:10 -0300] "POST /cormun/servlet/trsolicitudot?4208cca9d3acffd32d28e8e6b08e5ed6,gx-no-cache=1637777593994 HTTP/1.1" 200 4603
181.212.43.89 - - [24/Nov/2021:15:25:10 -0300] "GET /cormun/static/Shared/jqueryui/images/ui-bg_highlight-soft_100_c6c2c8_1x100.png HTTP/1.1" 404 1117
181.212.43.89 - - [24/Nov/2021:15:25:10 -0300] "GET /cormun/static/Shared/jqueryui/images/ui-icons_82798d_256x240.png HTTP/1.1" 404 1089
181.212.43.89 - - [24/Nov/2021:15:25:10 -0300] "GET /cormun/static/Shared/jqueryui/images/ui-bg_flat_55_fafafa_40x100.png HTTP/1.1" 404 1097
181.212.43.89 - - [24/Nov/2021:15:25:10 -0300] "GET /cormun/static/Shared/jqueryui/images/ui-icons_8d78a5_256x240.png HTTP/1.1" 404 1089
181.212.43.89 - - [24/Nov/2021:15:25:11 -0300] "POST /cormun/servlet/trsolicitudot?4208cca9d3acffd32d28e8e6b08e5ed6,gx-no-cache=1637777594436 HTTP/1.1" 200 4346
205.185.121.173 - - [24/Nov/2021:15:25:16 -0300] "GET /manager/html HTTP/1.1" 401 2474
192.168.10.83 - - [24/Nov/2021:15:25:41 -0300] "GET /digitalizacion/servlet/wbadjunto?80723,PU HTTP/1.1" 302 -
192.168.10.83 - - [24/Nov/2021:15:25:41 -0300] "GET /digitalizacion/PublicTempStorage/6049085.tmp HTTP/1.1" 200 3359850
192.168.10.83 - - [24/Nov/2021:15:26:49 -0300] "GET /digitalizacion/servlet/wbadjunto?80724,PU HTTP/1.1" 302 -
192.168.10.83 - - [24/Nov/2021:15:26:50 -0300] "GET /digitalizacion/PublicTempStorage/640516.tmp HTTP/1.1" 200 10297714
192.168.10.84 - - [24/Nov/2021:15:27:16 -0300] "GET /digitalizacion/servlet/wbadjunto?80717,PU HTTP/1.1" 302 -
192.168.10.84 - - [24/Nov/2021:15:27:17 -0300] "GET /digitalizacion/PublicTempStorage/1960784.tmp HTTP/1.1" 200 1491538
192.168.10.84 - - [24/Nov/2021:15:27:17 -0300] "GET /digitalizacion/PublicTempStorage/1960784.tmp HTTP/1.1" 206 49746
192.168.10.84 - - [24/Nov/2021:15:27:24 -0300] "GET /digitalizacion/servlet/wbadjunto?80718,PU HTTP/1.1" 302 -
192.168.10.84 - - [24/Nov/2021:15:27:24 -0300] "GET /digitalizacion/PublicTempStorage/1633496.tmp HTTP/1.1" 200 2398915
192.168.10.84 - - [24/Nov/2021:15:27:24 -0300] "GET /digitalizacion/PublicTempStorage/1633496.tmp HTTP/1.1" 206 39619
192.168.10.84 - - [24/Nov/2021:15:28:08 -0300] "GET /digitalizacion/servlet/wbadjunto?80712,PU HTTP/1.1" 302 -
192.168.10.84 - - [24/Nov/2021:15:28:08 -0300] "GET /digitalizacion/PublicTempStorage/5438446.tmp HTTP/1.1" 200 1089595
205.185.121.173 - - [24/Nov/2021:15:28:12 -0300] "GET /manager/html HTTP/1.1" 401 2474
192.168.10.84 - - [24/Nov/2021:15:28:14 -0300] "GET /digitalizacion/servlet/wbadjunto?80712,PU HTTP/1.1" 302 -
192.168.10.84 - - [24/Nov/2021:15:28:14 -0300] "GET /digitalizacion/PublicTempStorage/4371641.tmp HTTP/1.1" 200 1089595
192.168.10.83 - - [24/Nov/2021:15:30:28 -0300] "GET /digitalizacion/servlet/wbadjunto?80726,PU HTTP/1.1" 302 -
192.168.10.83 - - [24/Nov/2021:15:30:28 -0300] "GET /digitalizacion/PublicTempStorage/7998421.tmp HTTP/1.1" 200 1373414
192.168.10.83 - - [24/Nov/2021:15:30:46 -0300] "POST /digitalizacion/servlet/trdocumentos?73352a8929810b1665bd857c6d6e914e,,gx-no-cache=1637777786607 HTTP/1.1" 200 4364
192.168.10.83 - - [24/Nov/2021:15:30:46 -0300] "GET /digitalizacion/servlet/hlogin HTTP/1.1" 302 -
192.168.10.83 - - [24/Nov/2021:15:30:46 -0300] "GET /digitalizacion/servlet/wblogin? HTTP/1.1" 200 2329
192.168.10.83 - - [24/Nov/2021:15:30:50 -0300] "GET /digitalizacion/servlet/trdocumentos? HTTP/1.1" 200 6949
192.168.10.83 - - [24/Nov/2021:15:30:50 -0300] "GET /digitalizacion/servlet/hlogin HTTP/1.1" 302 -
192.168.10.83 - - [24/Nov/2021:15:30:50 -0300] "GET /digitalizacion/servlet/wblogin? HTTP/1.1" 200 2329
192.168.10.83 - - [24/Nov/2021:15:30:50 -0300] "GET /digitalizacion/servlet/trdocumentos? HTTP/1.1" 200 6945
192.168.10.83 - - [24/Nov/2021:15:30:53 -0300] "GET /digitalizacion/servlet/trclase? HTTP/1.1" 200 4937
192.168.10.83 - - [24/Nov/2021:15:30:53 -0300] "GET /digitalizacion/servlet/hlogin HTTP/1.1" 302 -
192.168.10.83 - - [24/Nov/2021:15:30:53 -0300] "GET /digitalizacion/servlet/wblogin? HTTP/1.1" 200 2329
192.168.10.83 - - [24/Nov/2021:15:30:53 -0300] "GET /digitalizacion/servlet/trclase? HTTP/1.1" 200 4936
192.168.10.83 - - [24/Nov/2021:15:31:05 -0300] "POST /digitalizacion/servlet/wblogin?73352a8929810b1665bd857c6d6e914e,,gx-no-cache=1637777806128 HTTP/1.1" 200 831
192.168.10.83 - - [24/Nov/2021:15:31:26 -0300] "POST /digitalizacion/servlet/wblogin?73352a8929810b1665bd857c6d6e914e,,gx-no-cache=1637777826413 HTTP/1.1" 200 65
205.185.121.173 - - [24/Nov/2021:15:31:26 -0300] "GET /manager/html HTTP/1.1" 401 2474
192.168.10.83 - - [24/Nov/2021:15:31:26 -0300] "GET /digitalizacion/servlet/hhome HTTP/1.1" 200 2816
192.168.10.83 - - [24/Nov/2021:15:31:26 -0300] "GET /digitalizacion/servlet/hhome HTTP/1.1" 200 2815
192.168.10.84 - - [24/Nov/2021:15:31:41 -0300] "POST /digitalizacion/servlet/trdocumentos?3d9481a61fae1fdaf0788e85d9005985,,gx-no-cache=1637777841494 HTTP/1.1" 200 4362
192.168.10.84 - - [24/Nov/2021:15:31:45 -0300] "GET /digitalizacion/servlet/wbadjunto?80587,PU HTTP/1.1" 302 -
192.168.10.84 - - [24/Nov/2021:15:31:45 -0300] "GET /digitalizacion/PublicTempStorage/7252225.tmp HTTP/1.1" 200 1155812
192.168.10.83 - - [24/Nov/2021:15:31:45 -0300] "GET /digitalizacion/servlet/trclase? HTTP/1.1" 200 5148
192.168.10.83 - - [24/Nov/2021:15:31:45 -0300] "GET /digitalizacion/servlet/trclase? HTTP/1.1" 200 5148
192.168.10.83 - - [24/Nov/2021:15:31:50 -0300] "GET /digitalizacion/servlet/trdocumentos? HTTP/1.1" 200 7153
192.168.10.83 - - [24/Nov/2021:15:31:51 -0300] "GET /digitalizacion/servlet/trdocumentos? HTTP/1.1" 200 7152
192.168.10.83 - - [24/Nov/2021:15:31:51 -0300] "POST /digitalizacion/servlet/trdocumentos?gx-no-cache=1637777851955 HTTP/1.1" 200 220
192.168.10.83 - - [24/Nov/2021:15:31:51 -0300] "POST /digitalizacion/servlet/trdocumentos?gx-no-cache=1637777851991 HTTP/1.1" 200 94
192.168.10.84 - - [24/Nov/2021:15:31:57 -0300] "GET /digitalizacion/servlet/wbadjunto?80596,PU HTTP/1.1" 302 -
192.168.10.84 - - [24/Nov/2021:15:31:57 -0300] "GET /digitalizacion/PublicTempStorage/466915.tmp HTTP/1.1" 206 10485
192.168.10.84 - - [24/Nov/2021:15:31:58 -0300] "GET /digitalizacion/PublicTempStorage/466915.tmp HTTP/1.1" 206 65536
192.168.10.84 - - [24/Nov/2021:15:31:58 -0300] "GET /digitalizacion/PublicTempStorage/466915.tmp HTTP/1.1" 200 11217141
192.168.10.83 - - [24/Nov/2021:15:32:01 -0300] "POST /digitalizacion/servlet/trdocumentos?gx-no-cache=1637777861897 HTTP/1.1" 200 184
192.168.10.83 - - [24/Nov/2021:15:32:08 -0300] "POST /digitalizacion/servlet/trdocumentos?73352a8929810b1665bd857c6d6e914e,,gx-no-cache=1637777868761 HTTP/1.1" 200 4321
192.168.10.83 - - [24/Nov/2021:15:32:12 -0300] "GET /digitalizacion/servlet/wbadjunto?80677,PU HTTP/1.1" 302 -
192.168.10.83 - - [24/Nov/2021:15:32:12 -0300] "GET /digitalizacion/PublicTempStorage/9477126.tmp HTTP/1.1" 200 3449513
192.168.10.83 - - [24/Nov/2021:15:32:45 -0300] "GET /digitalizacion/servlet/wbadjunto?80687,PU HTTP/1.1" 302 -
192.168.10.83 - - [24/Nov/2021:15:32:46 -0300] "GET /digitalizacion/PublicTempStorage/8788906.tmp HTTP/1.1" 200 9518735
192.168.10.84 - - [24/Nov/2021:15:34:07 -0300] "POST /digitalizacion/servlet/trdocumentos?3d9481a61fae1fdaf0788e85d9005985,,gx-no-cache=1637777988062 HTTP/1.1" 200 4586
192.168.10.84 - - [24/Nov/2021:15:34:14 -0300] "GET /digitalizacion/servlet/wbadjunto?80705,PU HTTP/1.1" 302 -
192.168.10.84 - - [24/Nov/2021:15:34:14 -0300] "GET /digitalizacion/PublicTempStorage/2732303.tmp HTTP/1.1" 206 39107
192.168.10.84 - - [24/Nov/2021:15:34:14 -0300] "GET /digitalizacion/PublicTempStorage/2732303.tmp HTTP/1.1" 206 65536
205.185.121.173 - - [24/Nov/2021:15:34:15 -0300] "GET /manager/html HTTP/1.1" 401 2474
192.168.10.84 - - [24/Nov/2021:15:34:15 -0300] "GET /digitalizacion/PublicTempStorage/2732303.tmp HTTP/1.1" 200 11704515
192.168.10.83 - - [24/Nov/2021:15:34:48 -0300] "POST /digitalizacion/servlet/trdocumentos?gx-no-cache=1637778028870 HTTP/1.1" 200 301
