190.171.142.50 - - [24/Nov/2021:08:37:38 -0300] "POST /cormun/servlet/trautorizarsolicitud?be46eae42521b35e7862d70a439de90d,,gx-no-cache=1637752104935 HTTP/1.1" 200 6027
190.171.142.50 - - [24/Nov/2021:08:37:38 -0300] "POST /cormun/servlet/trautorizarsolicitud?be46eae42521b35e7862d70a439de90d,,gx-no-cache=1637752105139 HTTP/1.1" 200 5973
190.171.142.50 - - [24/Nov/2021:08:37:39 -0300] "POST /cormun/servlet/trautorizarsolicitud?be46eae42521b35e7862d70a439de90d,,gx-no-cache=1637752106263 HTTP/1.1" 200 4780
190.171.142.50 - - [24/Nov/2021:08:37:39 -0300] "POST /cormun/servlet/trautorizarsolicitud?be46eae42521b35e7862d70a439de90d,,gx-no-cache=1637752106385 HTTP/1.1" 200 4534
192.168.10.96 - - [24/Nov/2021:08:37:44 -0300] "GET /cormun/servlet/vesolicitudgral?2021,17796,, HTTP/1.1" 200 8345
192.168.10.96 - - [24/Nov/2021:08:37:44 -0300] "GET /cormun/pexe_scrolldiv.js HTTP/1.1" 404 1009
192.168.10.96 - - [24/Nov/2021:08:37:44 -0300] "GET /cormun/pexe_scrolldiv.js HTTP/1.1" 404 1009
192.168.10.96 - - [24/Nov/2021:08:37:45 -0300] "GET /cormun/servlet/vesolicitudgral?2021,17796,, HTTP/1.1" 200 8345
205.185.121.173 - - [24/Nov/2021:08:38:38 -0300] "GET /manager/html HTTP/1.1" 401 2474
190.171.152.138 - - [24/Nov/2021:08:39:11 -0300] "GET /cormun/servlet/alicenciaprn?13500483,L,20211122000000,PU HTTP/1.1" 200 1556
192.168.10.96 - - [24/Nov/2021:08:39:12 -0300] "POST /cormun/servlet/vesolicitudgral?0c4fc76e596c145b18d0021888617ec7,2021,17796,,,gx-no-cache=1637753093348 HTTP/1.1" 200 90
192.168.10.96 - - [24/Nov/2021:08:39:12 -0300] "GET /cormun/servlet/hpexe_link HTTP/1.1" 200 968
192.168.10.96 - - [24/Nov/2021:08:39:12 -0300] "GET /cormun/servlet/trsolicitudgral HTTP/1.1" 200 15210
192.168.10.96 - - [24/Nov/2021:08:39:13 -0300] "GET /cormun/servlet/trsolicitudgral HTTP/1.1" 200 15209
190.171.154.42 - - [24/Nov/2021:08:39:18 -0300] "GET /cormun/servlet/hlogin HTTP/1.1" 200 1724
190.171.154.42 - - [24/Nov/2021:08:39:19 -0300] "GET /cormun/servlet/hlogin HTTP/1.1" 200 1735
190.171.154.42 - - [24/Nov/2021:08:39:23 -0300] "POST /cormun/servlet/hlogin?71355720e0854137308f5e2be0706547,gx-no-cache=1637753236970 HTTP/1.1" 200 90
192.168.10.96 - - [24/Nov/2021:08:39:23 -0300] "POST /cormun/servlet/trsolicitudgral?0c4fc76e596c145b18d0021888617ec7,gx-no-cache=1637753103605 HTTP/1.1" 200 10979
192.168.10.96 - - [24/Nov/2021:08:39:23 -0300] "GET /cormun/static/Shared/jqueryui/images/ui-bg_highlight-soft_100_c6c2c8_1x100.png HTTP/1.1" 404 1117
192.168.10.96 - - [24/Nov/2021:08:39:23 -0300] "GET /cormun/static/Shared/jqueryui/images/ui-icons_82798d_256x240.png HTTP/1.1" 404 1089
190.171.154.42 - - [24/Nov/2021:08:39:23 -0300] "GET /cormun/servlet/hpexe_link HTTP/1.1" 200 951
192.168.10.96 - - [24/Nov/2021:08:39:23 -0300] "GET /cormun/static/Shared/jqueryui/images/ui-bg_flat_55_fafafa_40x100.png HTTP/1.1" 404 1097
192.168.10.96 - - [24/Nov/2021:08:39:23 -0300] "GET /cormun/static/Shared/jqueryui/images/ui-icons_8d78a5_256x240.png HTTP/1.1" 404 1089
190.171.154.42 - - [24/Nov/2021:08:39:23 -0300] "GET /cormun/servlet/hhome HTTP/1.1" 200 4356
190.171.154.42 - - [24/Nov/2021:08:39:26 -0300] "GET /cormun/servlet/hhome HTTP/1.1" 200 4352
190.171.141.90 - - [24/Nov/2021:08:39:33 -0300] "GET /cormun/servlet/hlogin HTTP/1.1" 200 1724
190.171.141.90 - - [24/Nov/2021:08:39:33 -0300] "GET /cormun/servlet/hlogin HTTP/1.1" 200 1735
192.168.10.96 - - [24/Nov/2021:08:39:34 -0300] "GET /cormun/servlet/vesolicitudgral?2021,17795,, HTTP/1.1" 200 8341
192.168.10.96 - - [24/Nov/2021:08:39:34 -0300] "GET /cormun/pexe_scrolldiv.js HTTP/1.1" 404 1009
192.168.10.96 - - [24/Nov/2021:08:39:34 -0300] "GET /cormun/pexe_scrolldiv.js HTTP/1.1" 404 1009
192.168.10.96 - - [24/Nov/2021:08:39:34 -0300] "GET /cormun/servlet/vesolicitudgral?2021,17795,, HTTP/1.1" 200 8340
190.171.141.90 - - [24/Nov/2021:08:39:40 -0300] "POST /cormun/servlet/hlogin?2e0b2402e3f19fdad7378ea0586dad47,gx-no-cache=1637753263469 HTTP/1.1" 200 90
190.171.141.90 - - [24/Nov/2021:08:39:40 -0300] "GET /cormun/servlet/hpexe_link HTTP/1.1" 200 952
190.171.141.90 - - [24/Nov/2021:08:39:41 -0300] "GET /cormun/servlet/hhome HTTP/1.1" 200 3970
192.168.10.96 - - [24/Nov/2021:08:39:41 -0300] "POST /cormun/servlet/vesolicitudgral?0c4fc76e596c145b18d0021888617ec7,2021,17795,,,gx-no-cache=1637753121971 HTTP/1.1" 200 90
192.168.10.96 - - [24/Nov/2021:08:39:41 -0300] "GET /cormun/servlet/hpexe_link HTTP/1.1" 200 989
192.168.10.96 - - [24/Nov/2021:08:39:41 -0300] "GET /cormun/servlet/trsolicitudgral?gx-no-cache=1637753103605 HTTP/1.1" 200 14101
192.168.10.96 - - [24/Nov/2021:08:39:41 -0300] "GET /cormun/servlet/trsolicitudgral?gx-no-cache=1637753103605 HTTP/1.1" 200 14121
190.171.141.90 - - [24/Nov/2021:08:39:42 -0300] "GET /cormun/servlet/hhome HTTP/1.1" 200 3966
190.171.141.90 - - [24/Nov/2021:08:39:44 -0300] "GET /cormun/servlet/trlicencias? HTTP/1.1" 200 19732
190.171.141.90 - - [24/Nov/2021:08:39:45 -0300] "GET /cormun/servlet/trlicencias? HTTP/1.1" 200 19728
190.171.154.42 - - [24/Nov/2021:08:39:49 -0300] "GET /cormun/servlet/trlicencias? HTTP/1.1" 200 12073
192.168.10.96 - - [24/Nov/2021:08:39:50 -0300] "GET /cormun/servlet/vesolicitudgral?2021,17768,, HTTP/1.1" 200 8346
192.168.10.96 - - [24/Nov/2021:08:39:50 -0300] "GET /cormun/pexe_scrolldiv.js HTTP/1.1" 404 1009
192.168.10.96 - - [24/Nov/2021:08:39:51 -0300] "GET /cormun/pexe_scrolldiv.js HTTP/1.1" 404 1009
192.168.10.96 - - [24/Nov/2021:08:39:51 -0300] "GET /cormun/servlet/vesolicitudgral?2021,17768,, HTTP/1.1" 200 8324
190.171.154.42 - - [24/Nov/2021:08:39:52 -0300] "GET /cormun/servlet/trlicencias? HTTP/1.1" 200 12070
190.171.154.42 - - [24/Nov/2021:08:39:55 -0300] "POST /cormun/servlet/trlicencias?71355720e0854137308f5e2be0706547,,gx-no-cache=1637753268845 HTTP/1.1" 200 9527
192.168.10.96 - - [24/Nov/2021:08:40:07 -0300] "POST /cormun/servlet/vesolicitudgral?0c4fc76e596c145b18d0021888617ec7,2021,17768,,,gx-no-cache=1637753147764 HTTP/1.1" 200 12033
192.168.10.96 - - [24/Nov/2021:08:40:07 -0300] "GET /cormun/static/Shared/jqueryui/images/ui-icons_82798d_256x240.png HTTP/1.1" 404 1089
192.168.10.96 - - [24/Nov/2021:08:40:07 -0300] "GET /cormun/static/Shared/jqueryui/images/ui-bg_highlight-soft_100_c6c2c8_1x100.png HTTP/1.1" 404 1117
192.168.10.96 - - [24/Nov/2021:08:40:07 -0300] "GET /cormun/static/Shared/jqueryui/images/ui-icons_8d78a5_256x240.png HTTP/1.1" 404 1089
192.168.10.96 - - [24/Nov/2021:08:40:07 -0300] "GET /cormun/static/Shared/jqueryui/images/ui-bg_flat_55_fafafa_40x100.png HTTP/1.1" 404 1097
192.168.10.96 - - [24/Nov/2021:08:40:07 -0300] "POST /cormun/servlet/vesolicitudgral?0c4fc76e596c145b18d0021888617ec7,2021,17768,,,gx-no-cache=1637753147953 HTTP/1.1" 200 11967
192.168.10.96 - - [24/Nov/2021:08:40:09 -0300] "GET /cormun/servlet/trsolicitudgral? HTTP/1.1" 200 13675
192.168.10.96 - - [24/Nov/2021:08:40:09 -0300] "GET /cormun/servlet/trsolicitudgral? HTTP/1.1" 200 13671
190.171.141.90 - - [24/Nov/2021:08:40:12 -0300] "POST /cormun/servlet/trlicencias?2e0b2402e3f19fdad7378ea0586dad47,,gx-no-cache=1637753294665 HTTP/1.1" 200 18075
192.168.10.96 - - [24/Nov/2021:08:40:16 -0300] "GET /cormun/servlet/vesolicitudgral?2021,17767,, HTTP/1.1" 200 8374
192.168.10.96 - - [24/Nov/2021:08:40:16 -0300] "GET /cormun/pexe_scrolldiv.js HTTP/1.1" 404 1009
192.168.10.96 - - [24/Nov/2021:08:40:16 -0300] "GET /cormun/pexe_scrolldiv.js HTTP/1.1" 404 1009
192.168.10.96 - - [24/Nov/2021:08:40:16 -0300] "GET /cormun/servlet/vesolicitudgral?2021,17767,, HTTP/1.1" 200 8374
190.171.154.42 - - [24/Nov/2021:08:40:53 -0300] "POST /cormun/servlet/trlicencias?71355720e0854137308f5e2be0706547,,gx-no-cache=1637753326747 HTTP/1.1" 200 100
190.171.154.42 - - [24/Nov/2021:08:40:53 -0300] "GET /cormun/Licencias-950.xls HTTP/1.1" 200 8704
205.185.121.173 - - [24/Nov/2021:08:41:20 -0300] "GET /manager/html HTTP/1.1" 401 2474
190.171.141.90 - - [24/Nov/2021:08:41:43 -0300] "POST /cormun/servlet/trlicencias?2e0b2402e3f19fdad7378ea0586dad47,,gx-no-cache=1637753385837 HTTP/1.1" 200 18075
207.46.13.91 - - [24/Nov/2021:08:43:21 -0300] "GET /cormun/servlet/trpermisosgoce?_escaped_fragment_= HTTP/1.1" 200 5810
205.185.121.173 - - [24/Nov/2021:08:43:57 -0300] "GET /manager/html HTTP/1.1" 401 2474
190.171.141.90 - - [24/Nov/2021:08:45:02 -0300] "POST /cormun/servlet/trlicencias?2e0b2402e3f19fdad7378ea0586dad47,,gx-no-cache=1637753584323 HTTP/1.1" 200 18075
190.171.141.90 - - [24/Nov/2021:08:45:52 -0300] "POST /cormun/servlet/trlicencias?2e0b2402e3f19fdad7378ea0586dad47,,gx-no-cache=1637753634746 HTTP/1.1" 200 18075
190.171.141.90 - - [24/Nov/2021:08:46:14 -0300] "POST /cormun/servlet/trlicencias?2e0b2402e3f19fdad7378ea0586dad47,,gx-no-cache=1637753656576 HTTP/1.1" 200 18075
190.171.141.90 - - [24/Nov/2021:08:46:19 -0300] "GET /cormun/servlet/licenciaspermisos?DSP,15430732,L,20211123000000, HTTP/1.1" 200 7077
190.171.141.90 - - [24/Nov/2021:08:46:20 -0300] "GET /cormun/servlet/licenciaspermisos?DSP,15430732,L,20211123000000, HTTP/1.1" 200 7075
190.171.141.90 - - [24/Nov/2021:08:46:23 -0300] "GET /cormun/servlet/trlicencias? HTTP/1.1" 200 19732
190.171.141.90 - - [24/Nov/2021:08:46:24 -0300] "GET /cormun/servlet/trlicencias? HTTP/1.1" 200 19728
205.185.121.173 - - [24/Nov/2021:08:46:33 -0300] "GET /manager/html HTTP/1.1" 401 2474
115.196.95.232 - - [24/Nov/2021:08:46:58 -0300] "GET / HTTP/1.1" 200 11217
115.196.95.232 - - [24/Nov/2021:08:46:58 -0300] "GET / HTTP/1.1" 200 11217
190.171.149.74 - - [24/Nov/2021:08:47:41 -0300] "GET /cormun/servlet/hlogin HTTP/1.1" 200 1731
190.171.149.74 - - [24/Nov/2021:08:47:55 -0300] "POST /cormun/servlet/hlogin?406f296bb913a779352532282cd01e29,gx-no-cache=1637757407504 HTTP/1.1" 200 90
190.171.149.74 - - [24/Nov/2021:08:47:55 -0300] "GET /cormun/servlet/hpexe_link HTTP/1.1" 200 956
190.171.149.74 - - [24/Nov/2021:08:47:55 -0300] "GET /cormun/servlet/hhome HTTP/1.1" 200 3981
190.171.149.74 - - [24/Nov/2021:08:47:55 -0300] "GET /cormun/servlet/hhome HTTP/1.1" 200 3977
190.171.149.74 - - [24/Nov/2021:08:47:58 -0300] "GET /cormun/servlet/trpermisosgoce? HTTP/1.1" 200 15404
190.171.149.74 - - [24/Nov/2021:08:47:59 -0300] "GET /cormun/servlet/trpermisosgoce? HTTP/1.1" 200 15401
190.171.149.74 - - [24/Nov/2021:08:48:01 -0300] "GET /cormun/servlet/permisogoce?INS,0,,, HTTP/1.1" 200 6846
190.171.149.74 - - [24/Nov/2021:08:48:01 -0300] "GET /cormun/servlet/permisogoce?INS,0,,, HTTP/1.1" 200 6845
190.171.149.74 - - [24/Nov/2021:08:48:09 -0300] "GET /cormun/servlet/permisogoce?d7d51f320f3d6e4213706be24af6e2f64a78c96c2a407145292d15e9e24edc656beb9a194c924278fa6b34542694fdf4164acc7f6bab3e6e6ffc6230e40760df,gx-no-cache=1637757422317 HTTP/1.1" 200 91
190.171.149.74 - - [24/Nov/2021:08:48:11 -0300] "GET /cormun/static/menuarrow.gif HTTP/1.1" 404 1015
190.171.149.74 - - [24/Nov/2021:08:48:17 -0300] "GET /cormun/servlet/permisogoce?d7d51f320f3d6e4213706be24af6e2f6a502fdaae8451b084f3ae337002d8d051b06a9d668957efe9c594c2cc6fbf2e70d3f0f5ac764f24d31215cf63f3c569a,gx-no-cache=1637757429479 HTTP/1.1" 200 47
190.171.149.74 - - [24/Nov/2021:08:48:19 -0300] "POST /cormun/servlet/permisogoce?406f296bb913a779352532282cd01e29,INS,0,,,,gx-no-cache=1637757431496 HTTP/1.1" 200 93
190.171.149.74 - - [24/Nov/2021:08:48:19 -0300] "GET /cormun/servlet/hpexe_return? HTTP/1.1" 200 1013
190.171.149.74 - - [24/Nov/2021:08:48:19 -0300] "GET /cormun/servlet/trpermisosgoce HTTP/1.1" 200 15579
190.171.149.74 - - [24/Nov/2021:08:48:20 -0300] "GET /cormun/servlet/trpermisosgoce HTTP/1.1" 200 15575
190.171.149.74 - - [24/Nov/2021:08:48:22 -0300] "GET /cormun/servlet/apermisogoceprn?9517647,P,20211124083341,PU HTTP/1.1" 200 1666
205.185.121.173 - - [24/Nov/2021:08:49:14 -0300] "GET /manager/html HTTP/1.1" 401 2474
190.171.152.138 - - [24/Nov/2021:08:49:27 -0300] "GET /cormun/servlet/hlogin HTTP/1.1" 200 1749
190.171.141.82 - - [24/Nov/2021:08:49:42 -0300] "GET /cormun/servlet/hlogin HTTP/1.1" 200 1726
200.54.103.162 - - [24/Nov/2021:08:49:52 -0300] "GET /cormun/servlet/hlogin HTTP/1.1" 200 1725
200.54.103.162 - - [24/Nov/2021:08:50:04 -0300] "POST /cormun/servlet/hlogin?f83609bd3189bf4811fe71255cf6dcc2,gx-no-cache=1637753887211 HTTP/1.1" 200 90
200.54.103.162 - - [24/Nov/2021:08:50:04 -0300] "GET /cormun/servlet/hpexe_link HTTP/1.1" 200 951
200.54.103.162 - - [24/Nov/2021:08:50:05 -0300] "GET /cormun/servlet/hhome HTTP/1.1" 200 4336
190.171.141.82 - - [24/Nov/2021:08:50:06 -0300] "POST /cormun/servlet/hlogin?56746fbcb5d38ae9d4c44d722f4f5557,gx-no-cache=1637753888858 HTTP/1.1" 200 90
190.171.141.82 - - [24/Nov/2021:08:50:06 -0300] "GET /cormun/servlet/hpexe_link HTTP/1.1" 200 950
190.171.141.82 - - [24/Nov/2021:08:50:06 -0300] "GET /cormun/servlet/hhome HTTP/1.1" 200 3953
200.54.103.162 - - [24/Nov/2021:08:50:07 -0300] "GET /cormun/servlet/hhome HTTP/1.1" 200 4332
190.171.141.82 - - [24/Nov/2021:08:50:08 -0300] "GET /cormun/servlet/hhome HTTP/1.1" 200 3949
200.54.103.162 - - [24/Nov/2021:08:50:11 -0300] "GET /cormun/servlet/trlicencias? HTTP/1.1" 200 13299
200.54.103.162 - - [24/Nov/2021:08:50:13 -0300] "GET /cormun/servlet/trlicencias? HTTP/1.1" 200 13296
190.171.141.82 - - [24/Nov/2021:08:50:19 -0300] "GET /cormun/servlet/trpermisosgoce? HTTP/1.1" 200 10845
190.171.141.82 - - [24/Nov/2021:08:50:22 -0300] "GET /cormun/servlet/trpermisosgoce? HTTP/1.1" 200 10843
190.171.141.82 - - [24/Nov/2021:08:50:27 -0300] "GET /cormun/servlet/permisogoce?INS,0,,, HTTP/1.1" 200 6815
190.171.141.82 - - [24/Nov/2021:08:50:29 -0300] "GET /cormun/servlet/permisogoce?INS,0,,, HTTP/1.1" 200 6815
205.185.121.173 - - [24/Nov/2021:08:51:54 -0300] "GET /manager/html HTTP/1.1" 401 2474
190.171.153.50 - - [24/Nov/2021:08:52:04 -0300] "GET /cormun/servlet/hhome HTTP/1.1" 200 3324
190.171.153.50 - - [24/Nov/2021:08:52:04 -0300] "GET /cormun/servlet/hlogin HTTP/1.1" 200 1735
190.171.153.50 - - [24/Nov/2021:08:52:04 -0300] "GET /cormun/servlet/hhome HTTP/1.1" 200 3322
190.171.153.50 - - [24/Nov/2021:08:52:07 -0300] "POST /cormun/servlet/hlogin?84d4d4d3def95bfb4023e6525c7a50fd,gx-no-cache=1637754010533 HTTP/1.1" 200 90
190.171.153.50 - - [24/Nov/2021:08:52:07 -0300] "GET /cormun/servlet/hpexe_link HTTP/1.1" 200 948
190.171.153.50 - - [24/Nov/2021:08:52:08 -0300] "GET /cormun/servlet/hhome HTTP/1.1" 200 4215
190.171.153.50 - - [24/Nov/2021:08:52:08 -0300] "GET /cormun/servlet/hhome HTTP/1.1" 200 4213
190.171.141.82 - - [24/Nov/2021:08:53:43 -0300] "GET /cormun/servlet/permisogoce?fac58b2dd1f3062c312d201886911b2b8e664af5b97e959e3916511a4bf1a9ec90c708535f8bedce508ebdacd684e21c603062ea70658af2351f03c754536539,gx-no-cache=1637754105831 HTTP/1.1" 200 80
190.171.141.82 - - [24/Nov/2021:08:53:57 -0300] "GET /cormun/servlet/permisogoce?fac58b2dd1f3062c312d201886911b2bf630806098e1897917e044c13f4e54596d40c86eb9526df40c7c2ab0a05a69eb6314a2e4196e663cf51b1bd2c0a7f30c,gx-no-cache=1637754119753 HTTP/1.1" 200 46
190.171.152.138 - - [24/Nov/2021:08:54:25 -0300] "GET /cormun/servlet/hlogin HTTP/1.1" 200 1731
205.185.121.173 - - [24/Nov/2021:08:54:27 -0300] "GET /manager/html HTTP/1.1" 401 2474
190.171.152.138 - - [24/Nov/2021:08:54:28 -0300] "GET /cormun/servlet/hlogin HTTP/1.1" 200 1741
190.171.141.82 - - [24/Nov/2021:08:54:53 -0300] "POST /cormun/servlet/permisogoce?56746fbcb5d38ae9d4c44d722f4f5557,INS,0,,,,gx-no-cache=1637754175709 HTTP/1.1" 200 93
190.171.141.82 - - [24/Nov/2021:08:54:53 -0300] "GET /cormun/servlet/hpexe_return? HTTP/1.1" 200 1008
190.171.141.82 - - [24/Nov/2021:08:54:54 -0300] "GET /cormun/servlet/trpermisosgoce HTTP/1.1" 200 11127
190.171.141.82 - - [24/Nov/2021:08:54:56 -0300] "GET /cormun/servlet/trpermisosgoce HTTP/1.1" 200 11123
190.171.141.82 - - [24/Nov/2021:08:54:59 -0300] "POST /cormun/servlet/trpermisosgoce?56746fbcb5d38ae9d4c44d722f4f5557,gx-no-cache=1637754182258 HTTP/1.1" 200 8417
190.171.141.82 - - [24/Nov/2021:08:55:07 -0300] "GET /cormun/servlet/apermisogoceprn?13945553,P,20211124083608,PU HTTP/1.1" 200 1670
200.54.103.162 - - [24/Nov/2021:08:55:17 -0300] "GET /cormun/servlet/hlogin HTTP/1.1" 200 1728
200.54.103.162 - - [24/Nov/2021:08:55:29 -0300] "POST /cormun/servlet/hlogin?9ce81781e4e6be96931f26cbaf6da44b,gx-no-cache=1637739775632 HTTP/1.1" 200 90
200.54.103.162 - - [24/Nov/2021:08:55:29 -0300] "GET /cormun/servlet/hpexe_link HTTP/1.1" 200 954
200.54.103.162 - - [24/Nov/2021:08:55:30 -0300] "GET /cormun/servlet/hhome HTTP/1.1" 200 4341
200.54.103.162 - - [24/Nov/2021:08:55:30 -0300] "GET /cormun/servlet/hhome HTTP/1.1" 200 4337
200.54.103.162 - - [24/Nov/2021:08:55:38 -0300] "GET /cormun/servlet/trlicencias? HTTP/1.1" 200 13301
200.54.103.162 - - [24/Nov/2021:08:55:39 -0300] "GET /cormun/servlet/trlicencias? HTTP/1.1" 200 13300
200.54.103.162 - - [24/Nov/2021:08:55:59 -0300] "GET /cormun/servlet/trlicenciaspermisosadjuntos?19589026,20211120000000,L, HTTP/1.1" 200 6673
200.54.103.162 - - [24/Nov/2021:08:55:59 -0300] "GET /cormun/servlet/trlicenciaspermisosadjuntos?19589026,20211120000000,L, HTTP/1.1" 200 6675
200.54.103.162 - - [24/Nov/2021:08:56:03 -0300] "POST /cormun/servlet/trlicenciaspermisosadjuntos?9ce81781e4e6be96931f26cbaf6da44b,19589026,20211120000000,L,,gx-no-cache=1637739809850 HTTP/1.1" 200 90
200.54.103.162 - - [24/Nov/2021:08:56:03 -0300] "GET /cormun/servlet/hpexe_link HTTP/1.1" 200 987
200.54.103.162 - - [24/Nov/2021:08:56:04 -0300] "GET /cormun/servlet/trlicencias HTTP/1.1" 200 13300
200.54.103.162 - - [24/Nov/2021:08:56:05 -0300] "GET /cormun/servlet/trlicencias HTTP/1.1" 200 13300
200.54.103.162 - - [24/Nov/2021:08:56:08 -0300] "GET /cormun/servlet/trlicenciaspermisosadjuntos?13273625,20211117000000,L, HTTP/1.1" 200 7143
200.54.103.162 - - [24/Nov/2021:08:56:09 -0300] "GET /cormun/servlet/trlicenciaspermisosadjuntos?13273625,20211117000000,L, HTTP/1.1" 200 7144
200.54.103.162 - - [24/Nov/2021:08:56:11 -0300] "GET /cormun/PublicTempStorage/rosa985806.pdf HTTP/1.1" 200 318313
205.185.121.173 - - [24/Nov/2021:08:57:03 -0300] "GET /manager/html HTTP/1.1" 401 2474
205.185.121.173 - - [24/Nov/2021:08:59:45 -0300] "GET /manager/html HTTP/1.1" 401 2474
190.171.142.26 - - [24/Nov/2021:09:01:06 -0300] "GET /cormun/servlet/hlogin HTTP/1.1" 200 1719
190.171.142.26 - - [24/Nov/2021:09:01:12 -0300] "POST /cormun/servlet/hlogin?9f521e3e4099376cdc51e8391a0278ad,gx-no-cache=1637754555642 HTTP/1.1" 200 90
190.171.142.26 - - [24/Nov/2021:09:01:12 -0300] "GET /cormun/servlet/hpexe_link HTTP/1.1" 200 946
190.171.142.26 - - [24/Nov/2021:09:01:12 -0300] "GET /cormun/servlet/hhome HTTP/1.1" 200 3967
190.171.142.26 - - [24/Nov/2021:09:01:13 -0300] "GET /cormun/servlet/hhome HTTP/1.1" 200 3963
190.171.142.26 - - [24/Nov/2021:09:01:15 -0300] "GET /cormun/servlet/trlicencias? HTTP/1.1" 200 12399
190.171.142.26 - - [24/Nov/2021:09:01:16 -0300] "GET /cormun/servlet/trlicencias? HTTP/1.1" 200 12397
190.171.142.26 - - [24/Nov/2021:09:01:20 -0300] "GET /cormun/servlet/licenciaspermisos?DSP,7677020,L,20211123000000, HTTP/1.1" 200 7072
190.171.142.26 - - [24/Nov/2021:09:01:21 -0300] "GET /cormun/servlet/licenciaspermisos?DSP,7677020,L,20211123000000, HTTP/1.1" 200 7072
190.171.141.138 - - [24/Nov/2021:09:01:22 -0300] "GET /cormun/servlet/hlogin HTTP/1.1" 200 1720
190.171.141.138 - - [24/Nov/2021:09:01:23 -0300] "GET /cormun/servlet/hlogin HTTP/1.1" 200 1720
190.171.141.138 - - [24/Nov/2021:09:01:27 -0300] "POST /cormun/servlet/hlogin?d176c74657a8dc4355df63edd422bfba,gx-no-cache=1637754570506 HTTP/1.1" 200 90
190.171.141.138 - - [24/Nov/2021:09:01:27 -0300] "GET /cormun/servlet/hpexe_link HTTP/1.1" 200 947
190.171.141.138 - - [24/Nov/2021:09:01:28 -0300] "GET /cormun/servlet/hhome HTTP/1.1" 200 4462
190.171.141.138 - - [24/Nov/2021:09:01:29 -0300] "GET /cormun/servlet/hhome HTTP/1.1" 200 4461
190.171.142.26 - - [24/Nov/2021:09:01:36 -0300] "POST /cormun/servlet/licenciaspermisos?9f521e3e4099376cdc51e8391a0278ad,DSP,7677020,L,20211123000000,,gx-no-cache=1637754579306 HTTP/1.1" 200 93
190.171.142.26 - - [24/Nov/2021:09:01:36 -0300] "GET /cormun/servlet/hpexe_return? HTTP/1.1" 200 1023
190.171.142.26 - - [24/Nov/2021:09:01:36 -0300] "GET /cormun/static/gxcfg.js?201991422392976 HTTP/1.1" 200 953
190.171.142.26 - - [24/Nov/2021:09:01:36 -0300] "GET /cormun/static/hpexe_return.js?201991422392984 HTTP/1.1" 200 1633
190.171.142.26 - - [24/Nov/2021:09:01:36 -0300] "GET /cormun/servlet/trlicencias HTTP/1.1" 200 12402
190.171.142.26 - - [24/Nov/2021:09:01:36 -0300] "GET /cormun/servlet/trlicencias HTTP/1.1" 200 12397
205.185.121.173 - - [24/Nov/2021:09:02:24 -0300] "GET /manager/html HTTP/1.1" 401 2474
205.185.121.173 - - [24/Nov/2021:09:05:09 -0300] "GET /manager/html HTTP/1.1" 401 2474
200.54.103.162 - - [24/Nov/2021:09:05:23 -0300] "GET /cormun/servlet/hlogin HTTP/1.1" 200 1728
200.54.103.162 - - [24/Nov/2021:09:05:32 -0300] "POST /cormun/servlet/hlogin?9ce81781e4e6be96931f26cbaf6da44b,gx-no-cache=1637740378071 HTTP/1.1" 200 90
200.54.103.162 - - [24/Nov/2021:09:05:32 -0300] "GET /cormun/servlet/hpexe_link HTTP/1.1" 200 990
200.54.103.162 - - [24/Nov/2021:09:05:32 -0300] "GET /cormun/servlet/trlicenciaspermisosadjuntos?13273625,20211117000000,L, HTTP/1.1" 200 7146
200.54.103.162 - - [24/Nov/2021:09:05:33 -0300] "GET /cormun/servlet/trlicenciaspermisosadjuntos?13273625,20211117000000,L, HTTP/1.1" 200 7145
200.54.103.162 - - [24/Nov/2021:09:05:39 -0300] "POST /cormun/servlet/trlicenciaspermisosadjuntos?9ce81781e4e6be96931f26cbaf6da44b,13273625,20211117000000,L,,gx-no-cache=1637740385178 HTTP/1.1" 200 90
200.54.103.162 - - [24/Nov/2021:09:05:39 -0300] "GET /cormun/servlet/hpexe_link HTTP/1.1" 200 987
200.54.103.162 - - [24/Nov/2021:09:05:39 -0300] "GET /cormun/servlet/trlicencias HTTP/1.1" 200 13300
200.54.103.162 - - [24/Nov/2021:09:05:40 -0300] "GET /cormun/servlet/trlicencias HTTP/1.1" 200 13300
205.185.121.173 - - [24/Nov/2021:09:07:50 -0300] "GET /manager/html HTTP/1.1" 401 2474
205.185.121.173 - - [24/Nov/2021:09:10:32 -0300] "GET /manager/html HTTP/1.1" 401 2474
181.212.43.89 - - [24/Nov/2021:09:10:52 -0300] "GET /cormun/servlet/trlicencias HTTP/1.1" 200 6044
181.212.43.89 - - [24/Nov/2021:09:10:52 -0300] "GET /cormun/servlet/hlogin HTTP/1.1" 200 1744
181.212.43.89 - - [24/Nov/2021:09:10:53 -0300] "GET /cormun/servlet/trlicencias HTTP/1.1" 200 6041
190.171.149.74 - - [24/Nov/2021:09:10:55 -0300] "GET /cormun/servlet/trlicencias? HTTP/1.1" 200 9579
190.171.149.74 - - [24/Nov/2021:09:10:55 -0300] "GET /cormun/servlet/trlicencias? HTTP/1.1" 200 9578
190.171.149.74 - - [24/Nov/2021:09:10:55 -0300] "GET /cormun/servlet/trlicencias? HTTP/1.1" 200 9578
190.171.149.74 - - [24/Nov/2021:09:10:56 -0300] "GET /cormun/servlet/trlicencias? HTTP/1.1" 200 9578
181.212.43.89 - - [24/Nov/2021:09:11:00 -0300] "POST /cormun/servlet/hlogin?bd32d9b8cd0264485b4d74d9b7944e21,gx-no-cache=1637755142879 HTTP/1.1" 200 90
181.212.43.89 - - [24/Nov/2021:09:11:00 -0300] "GET /cormun/servlet/hpexe_link HTTP/1.1" 200 958
181.212.43.89 - - [24/Nov/2021:09:11:00 -0300] "GET /cormun/servlet/trlicencias HTTP/1.1" 200 13053
181.212.43.89 - - [24/Nov/2021:09:11:01 -0300] "GET /cormun/servlet/trlicencias HTTP/1.1" 200 13051
181.212.43.89 - - [24/Nov/2021:09:11:07 -0300] "POST /cormun/servlet/trlicencias?bd32d9b8cd0264485b4d74d9b7944e21,gx-no-cache=1637755149221 HTTP/1.1" 200 101
181.212.43.89 - - [24/Nov/2021:09:11:07 -0300] "GET /cormun/Licencias-1278.xls HTTP/1.1" 200 11264
205.185.121.173 - - [24/Nov/2021:09:13:09 -0300] "GET /manager/html HTTP/1.1" 401 2474
200.54.107.2 - - [24/Nov/2021:09:13:58 -0300] "GET /cormun/servlet/permisogoce?INS,0,,, HTTP/1.1" 200 6020
200.54.107.2 - - [24/Nov/2021:09:13:59 -0300] "GET /cormun/servlet/hlogin HTTP/1.1" 200 1748
200.54.107.2 - - [24/Nov/2021:09:13:59 -0300] "GET /cormun/servlet/permisogoce?INS,0,,, HTTP/1.1" 200 6014
200.54.107.2 - - [24/Nov/2021:09:14:08 -0300] "POST /cormun/servlet/hlogin?fde69feafa81435902a9444d0f6e01c0,gx-no-cache=1637755330306 HTTP/1.1" 200 90
200.54.107.2 - - [24/Nov/2021:09:14:08 -0300] "GET /cormun/servlet/hpexe_link HTTP/1.1" 200 965
200.54.107.2 - - [24/Nov/2021:09:14:08 -0300] "GET /cormun/servlet/permisogoce?INS,0,,, HTTP/1.1" 200 7075
200.54.107.2 - - [24/Nov/2021:09:14:08 -0300] "GET /cormun/servlet/permisogoce?INS,0,,, HTTP/1.1" 200 7074
192.168.10.96 - - [24/Nov/2021:09:14:16 -0300] "POST /cormun/servlet/vesolicitudgral?0c4fc76e596c145b18d0021888617ec7,2021,17767,,,gx-no-cache=1637755197117 HTTP/1.1" 440 972
192.168.10.96 - - [24/Nov/2021:09:14:18 -0300] "GET /cormun/servlet/vesolicitudgral?2021,17767,, HTTP/1.1" 200 7787
192.168.10.96 - - [24/Nov/2021:09:14:18 -0300] "GET /cormun/pexe_scrolldiv.js HTTP/1.1" 404 1009
192.168.10.96 - - [24/Nov/2021:09:14:18 -0300] "GET /cormun/pexe_scrolldiv.js HTTP/1.1" 404 1009
192.168.10.96 - - [24/Nov/2021:09:14:18 -0300] "GET /cormun/servlet/hlogin HTTP/1.1" 200 1763
192.168.10.96 - - [24/Nov/2021:09:14:18 -0300] "GET /cormun/servlet/vesolicitudgral?2021,17767,, HTTP/1.1" 200 7787
192.168.10.96 - - [24/Nov/2021:09:14:20 -0300] "POST /cormun/servlet/hlogin?583fbdcdd624a551bf17b53cdfe825ba,gx-no-cache=1637755201239 HTTP/1.1" 200 90
192.168.10.96 - - [24/Nov/2021:09:14:20 -0300] "GET /cormun/servlet/hpexe_link HTTP/1.1" 200 977
192.168.10.96 - - [24/Nov/2021:09:14:20 -0300] "GET /cormun/servlet/vesolicitudgral?2021,17767,, HTTP/1.1" 200 8263
192.168.10.96 - - [24/Nov/2021:09:14:20 -0300] "GET /cormun/pexe_scrolldiv.js HTTP/1.1" 404 1009
192.168.10.96 - - [24/Nov/2021:09:14:20 -0300] "GET /cormun/pexe_scrolldiv.js HTTP/1.1" 404 1009
192.168.10.96 - - [24/Nov/2021:09:14:21 -0300] "GET /cormun/servlet/vesolicitudgral?2021,17767,, HTTP/1.1" 200 8261
192.168.10.96 - - [24/Nov/2021:09:14:24 -0300] "POST /cormun/servlet/vesolicitudgral?583fbdcdd624a551bf17b53cdfe825ba,2021,17767,,,gx-no-cache=1637755205349 HTTP/1.1" 200 11840
192.168.10.96 - - [24/Nov/2021:09:14:24 -0300] "GET /cormun/static/Shared/jqueryui/images/ui-icons_82798d_256x240.png HTTP/1.1" 404 1089
192.168.10.96 - - [24/Nov/2021:09:14:24 -0300] "GET /cormun/static/Shared/jqueryui/images/ui-bg_highlight-soft_100_c6c2c8_1x100.png HTTP/1.1" 404 1117
192.168.10.96 - - [24/Nov/2021:09:14:24 -0300] "GET /cormun/static/Shared/jqueryui/images/ui-icons_8d78a5_256x240.png HTTP/1.1" 404 1089
192.168.10.96 - - [24/Nov/2021:09:14:24 -0300] "GET /cormun/static/Shared/jqueryui/images/ui-bg_flat_55_fafafa_40x100.png HTTP/1.1" 404 1097
192.168.10.96 - - [24/Nov/2021:09:14:24 -0300] "POST /cormun/servlet/vesolicitudgral?583fbdcdd624a551bf17b53cdfe825ba,2021,17767,,,gx-no-cache=1637755205529 HTTP/1.1" 200 11774
192.168.10.96 - - [24/Nov/2021:09:14:28 -0300] "GET /cormun/servlet/trsolicitudgral? HTTP/1.1" 200 13168
192.168.10.96 - - [24/Nov/2021:09:14:28 -0300] "GET /cormun/servlet/trsolicitudgral? HTTP/1.1" 200 13163
192.168.10.96 - - [24/Nov/2021:09:14:49 -0300] "GET /cormun/servlet/vesolicitudgral?2021,17758,, HTTP/1.1" 200 8229
192.168.10.96 - - [24/Nov/2021:09:14:49 -0300] "GET /cormun/pexe_scrolldiv.js HTTP/1.1" 404 1009
192.168.10.96 - - [24/Nov/2021:09:14:49 -0300] "GET /cormun/pexe_scrolldiv.js HTTP/1.1" 404 1009
192.168.10.96 - - [24/Nov/2021:09:14:49 -0300] "GET /cormun/servlet/vesolicitudgral?2021,17758,, HTTP/1.1" 200 8229
192.168.10.96 - - [24/Nov/2021:09:15:19 -0300] "POST /cormun/servlet/vesolicitudgral?583fbdcdd624a551bf17b53cdfe825ba,2021,17758,,,gx-no-cache=1637755259596 HTTP/1.1" 200 11823
192.168.10.96 - - [24/Nov/2021:09:15:19 -0300] "POST /cormun/servlet/vesolicitudgral?583fbdcdd624a551bf17b53cdfe825ba,2021,17758,,,gx-no-cache=1637755259802 HTTP/1.1" 200 11756
192.168.10.96 - - [24/Nov/2021:09:15:21 -0300] "GET /cormun/servlet/trsolicitudgral? HTTP/1.1" 200 12664
192.168.10.96 - - [24/Nov/2021:09:15:21 -0300] "GET /cormun/servlet/trsolicitudgral? HTTP/1.1" 200 12660
192.168.10.96 - - [24/Nov/2021:09:15:27 -0300] "GET /cormun/servlet/vesolicitudgral?2021,17715,, HTTP/1.1" 200 8222
192.168.10.96 - - [24/Nov/2021:09:15:27 -0300] "GET /cormun/pexe_scrolldiv.js HTTP/1.1" 404 1009
192.168.10.96 - - [24/Nov/2021:09:15:27 -0300] "GET /cormun/pexe_scrolldiv.js HTTP/1.1" 404 1009
192.168.10.96 - - [24/Nov/2021:09:15:28 -0300] "GET /cormun/servlet/vesolicitudgral?2021,17715,, HTTP/1.1" 200 8222
192.168.10.96 - - [24/Nov/2021:09:15:52 -0300] "POST /cormun/servlet/vesolicitudgral?583fbdcdd624a551bf17b53cdfe825ba,2021,17715,,,gx-no-cache=1637755292836 HTTP/1.1" 200 11827
192.168.10.96 - - [24/Nov/2021:09:15:52 -0300] "POST /cormun/servlet/vesolicitudgral?583fbdcdd624a551bf17b53cdfe825ba,2021,17715,,,gx-no-cache=1637755293021 HTTP/1.1" 200 11759
192.168.10.96 - - [24/Nov/2021:09:15:53 -0300] "GET /cormun/servlet/trsolicitudgral? HTTP/1.1" 200 12190
192.168.10.96 - - [24/Nov/2021:09:15:54 -0300] "GET /cormun/servlet/trsolicitudgral? HTTP/1.1" 200 12185
200.54.107.2 - - [24/Nov/2021:09:15:57 -0300] "GET /cormun/servlet/permisogoce?eac7903e8648ceea4b68a0ea4c6952898773fccb513473df581c537a12b62773f7ebaa445a32fe06eb58e47b7ea022ae7508e5fb1c23184eb239dbd70b66b84c,gx-no-cache=1637755439543 HTTP/1.1" 200 84
200.54.107.2 - - [24/Nov/2021:09:15:57 -0300] "GET /cormun/static/menuarrow.gif HTTP/1.1" 404 1015
205.185.121.173 - - [24/Nov/2021:09:15:58 -0300] "GET /manager/html HTTP/1.1" 401 2474
192.168.10.96 - - [24/Nov/2021:09:16:04 -0300] "GET /cormun/servlet/trautorizarot? HTTP/1.1" 200 12682
192.168.10.96 - - [24/Nov/2021:09:16:05 -0300] "GET /cormun/servlet/trautorizarot? HTTP/1.1" 200 12681
192.168.10.96 - - [24/Nov/2021:09:16:09 -0300] "POST /cormun/servlet/trautorizarot?583fbdcdd624a551bf17b53cdfe825ba,,gx-no-cache=1637755309503 HTTP/1.1" 200 5349
200.54.107.2 - - [24/Nov/2021:09:16:09 -0300] "GET /cormun/servlet/permisogoce?eac7903e8648ceea4b68a0ea4c6952896f88eb0c2045dc3b6c3bae25d230cba94dc680a939b4680c731bc3e91fe775c6ca6a98573e692ba093a31943b6827a40,gx-no-cache=1637755451657 HTTP/1.1" 200 48
200.54.107.2 - - [24/Nov/2021:09:16:14 -0300] "POST /cormun/servlet/permisogoce?fde69feafa81435902a9444d0f6e01c0,INS,0,,,,gx-no-cache=1637755456172 HTTP/1.1" 200 93
200.54.107.2 - - [24/Nov/2021:09:16:14 -0300] "GET /cormun/servlet/hpexe_return? HTTP/1.1" 200 1008
200.54.107.2 - - [24/Nov/2021:09:16:14 -0300] "GET /cormun/servlet/hhome HTTP/1.1" 200 4350
200.54.107.2 - - [24/Nov/2021:09:16:14 -0300] "GET /cormun/servlet/hhome HTTP/1.1" 200 4344
200.54.107.2 - - [24/Nov/2021:09:16:21 -0300] "GET /cormun/servlet/trpermisosgoce? HTTP/1.1" 200 12571
200.54.107.2 - - [24/Nov/2021:09:16:22 -0300] "GET /cormun/servlet/trpermisosgoce? HTTP/1.1" 200 12573
200.54.107.2 - - [24/Nov/2021:09:16:27 -0300] "GET /cormun/servlet/apermisogoceprn?16925386,P,20211124085948,PU HTTP/1.1" 200 1661
200.54.107.2 - - [24/Nov/2021:09:16:39 -0300] "GET /cormun/servlet/permisogoce?INS,0,,, HTTP/1.1" 200 7244
200.54.107.2 - - [24/Nov/2021:09:16:40 -0300] "GET /cormun/servlet/permisogoce?INS,0,,, HTTP/1.1" 200 7244
200.54.107.2 - - [24/Nov/2021:09:16:47 -0300] "GET /cormun/servlet/permisogoce?eac7903e8648ceea4b68a0ea4c695289bb3e84d6a491eb1bd01e642cbd9810299907da9e67818da1b5d65f4cd6011dc24fed3f192dd21d68af8645bb480ab40c,gx-no-cache=1637755489633 HTTP/1.1" 200 78
200.54.107.2 - - [24/Nov/2021:09:16:47 -0300] "GET /cormun/static/menuarrow.gif HTTP/1.1" 404 1015
200.54.107.2 - - [24/Nov/2021:09:16:55 -0300] "GET /cormun/servlet/permisogoce?eac7903e8648ceea4b68a0ea4c695289e5f1b1582633fc61e04ad5b1527e21fb9f9d4a9ce8b6d885f99bb5909e6737ee2942cfbcf5795224f06c9e99bb6bde86,gx-no-cache=1637755497953 HTTP/1.1" 200 46
200.54.107.2 - - [24/Nov/2021:09:17:00 -0300] "POST /cormun/servlet/permisogoce?fde69feafa81435902a9444d0f6e01c0,INS,0,,,,gx-no-cache=1637755501717 HTTP/1.1" 200 93
200.54.107.2 - - [24/Nov/2021:09:17:00 -0300] "GET /cormun/servlet/hpexe_return? HTTP/1.1" 200 1010
200.54.107.2 - - [24/Nov/2021:09:17:00 -0300] "GET /cormun/servlet/trpermisosgoce HTTP/1.1" 200 12835
200.54.107.2 - - [24/Nov/2021:09:17:00 -0300] "GET /cormun/servlet/trpermisosgoce HTTP/1.1" 200 12831
200.54.107.2 - - [24/Nov/2021:09:17:05 -0300] "GET /cormun/servlet/apermisogoceprn?9180636,P,20211124090219,PU HTTP/1.1" 200 1661
200.54.107.2 - - [24/Nov/2021:09:17:14 -0300] "GET /cormun/servlet/permisogoce?INS,0,,, HTTP/1.1" 200 7244
200.54.107.2 - - [24/Nov/2021:09:17:14 -0300] "GET /cormun/servlet/permisogoce?INS,0,,, HTTP/1.1" 200 7245
200.54.107.2 - - [24/Nov/2021:09:17:24 -0300] "GET /cormun/servlet/permisogoce?eac7903e8648ceea4b68a0ea4c6952898000142022680203e53734ad11fb50a2f7ebaa445a32fe06eb58e47b7ea022ae7508e5fb1c23184eb239dbd70b66b84c,gx-no-cache=1637755527009 HTTP/1.1" 200 81
200.54.107.2 - - [24/Nov/2021:09:17:24 -0300] "GET /cormun/static/menuarrow.gif HTTP/1.1" 404 1015
200.54.107.2 - - [24/Nov/2021:09:17:31 -0300] "GET /cormun/servlet/permisogoce?eac7903e8648ceea4b68a0ea4c695289cbd50faad06df319f75429fb8d282b684d2c6c5f6df3c2506e08382b0e8cfc0fca6a98573e692ba093a31943b6827a40,gx-no-cache=1637755533593 HTTP/1.1" 200 47
200.54.107.2 - - [24/Nov/2021:09:17:34 -0300] "POST /cormun/servlet/permisogoce?fde69feafa81435902a9444d0f6e01c0,INS,0,,,,gx-no-cache=1637755535820 HTTP/1.1" 200 93
200.54.107.2 - - [24/Nov/2021:09:17:34 -0300] "GET /cormun/servlet/hpexe_return? HTTP/1.1" 200 1010
200.54.107.2 - - [24/Nov/2021:09:17:34 -0300] "GET /cormun/servlet/trpermisosgoce HTTP/1.1" 200 13092
200.54.107.2 - - [24/Nov/2021:09:17:34 -0300] "GET /cormun/servlet/trpermisosgoce HTTP/1.1" 200 13087
200.54.107.2 - - [24/Nov/2021:09:17:37 -0300] "GET /cormun/servlet/apermisogoceprn?13946018,P,20211124090254,PU HTTP/1.1" 200 1665
205.185.121.173 - - [24/Nov/2021:09:18:38 -0300] "GET /manager/html HTTP/1.1" 401 2474
192.168.10.96 - - [24/Nov/2021:09:19:14 -0300] "GET /cormun/servlet/trsolicitudgral? HTTP/1.1" 200 12185
192.168.10.96 - - [24/Nov/2021:09:19:14 -0300] "GET /cormun/servlet/trsolicitudgral? HTTP/1.1" 200 12185
205.185.121.173 - - [24/Nov/2021:09:21:27 -0300] "GET /manager/html HTTP/1.1" 401 2474
190.171.141.90 - - [24/Nov/2021:09:22:51 -0300] "GET /cormun/static/menuarrow.gif HTTP/1.1" 404 1015
190.171.141.90 - - [24/Nov/2021:09:23:16 -0300] "POST /cormun/servlet/trlicencias?2e0b2402e3f19fdad7378ea0586dad47,,gx-no-cache=1637755879438 HTTP/1.1" 440 972
190.171.141.90 - - [24/Nov/2021:09:23:18 -0300] "GET /cormun/servlet/trlicencias? HTTP/1.1" 200 6043
190.171.141.90 - - [24/Nov/2021:09:23:19 -0300] "GET /cormun/servlet/hlogin HTTP/1.1" 200 1748
190.171.141.90 - - [24/Nov/2021:09:23:19 -0300] "GET /cormun/servlet/trlicencias? HTTP/1.1" 200 6043
190.171.141.90 - - [24/Nov/2021:09:23:27 -0300] "POST /cormun/servlet/hlogin?d3c494b2750bb5bddf025f04ac20f2e1,gx-no-cache=1637755889996 HTTP/1.1" 200 90
190.171.141.90 - - [24/Nov/2021:09:23:27 -0300] "GET /cormun/servlet/hpexe_link HTTP/1.1" 200 960
190.171.141.90 - - [24/Nov/2021:09:23:27 -0300] "GET /cormun/servlet/trlicencias HTTP/1.1" 200 19586
190.171.141.90 - - [24/Nov/2021:09:23:28 -0300] "GET /cormun/servlet/trlicencias HTTP/1.1" 200 19585
190.171.141.90 - - [24/Nov/2021:09:23:31 -0300] "GET /cormun/static/menuarrow.gif HTTP/1.1" 404 1015
190.171.141.90 - - [24/Nov/2021:09:23:45 -0300] "POST /cormun/servlet/trlicencias?d3c494b2750bb5bddf025f04ac20f2e1,gx-no-cache=1637755908283 HTTP/1.1" 200 6733
190.171.141.90 - - [24/Nov/2021:09:24:02 -0300] "POST /cormun/servlet/trlicencias?d3c494b2750bb5bddf025f04ac20f2e1,gx-no-cache=1637755925263 HTTP/1.1" 200 101
190.171.141.90 - - [24/Nov/2021:09:24:02 -0300] "POST /cormun/servlet/trlicencias?d3c494b2750bb5bddf025f04ac20f2e1,gx-no-cache=1637755925437 HTTP/1.1" 200 6713
190.171.141.90 - - [24/Nov/2021:09:24:03 -0300] "GET /cormun/Licencias-2741.xls HTTP/1.1" 200 6656
205.185.121.173 - - [24/Nov/2021:09:24:10 -0300] "GET /manager/html HTTP/1.1" 401 2474
190.171.143.82 - - [24/Nov/2021:09:26:19 -0300] "POST /cormun/servlet/hlogin?0cd47db4f69cf45fbb5252669cf29521,gx-no-cache=1637756061241 HTTP/1.1" 440 972
190.171.143.82 - - [24/Nov/2021:09:26:20 -0300] "GET /cormun/servlet/hlogin HTTP/1.1" 200 1738
190.171.143.82 - - [24/Nov/2021:09:26:20 -0300] "GET /cormun/servlet/hlogin HTTP/1.1" 200 1738
190.171.143.82 - - [24/Nov/2021:09:26:23 -0300] "POST /cormun/servlet/hlogin?eecd86f01228178e2fb21208b7d413a1,gx-no-cache=1637756065474 HTTP/1.1" 200 90
190.171.143.82 - - [24/Nov/2021:09:26:23 -0300] "GET /cormun/servlet/hpexe_link HTTP/1.1" 200 953
190.171.143.82 - - [24/Nov/2021:09:26:23 -0300] "GET /cormun/servlet/hhome HTTP/1.1" 200 4352
190.171.143.82 - - [24/Nov/2021:09:26:24 -0300] "GET /cormun/servlet/hhome HTTP/1.1" 200 4349
190.171.143.82 - - [24/Nov/2021:09:26:42 -0300] "GET /cormun/servlet/trpermisosgoce? HTTP/1.1" 200 12902
190.171.143.82 - - [24/Nov/2021:09:26:42 -0300] "GET /cormun/servlet/trpermisosgoce? HTTP/1.1" 200 12903
205.185.121.173 - - [24/Nov/2021:09:26:52 -0300] "GET /manager/html HTTP/1.1" 401 2474
190.171.142.50 - - [24/Nov/2021:09:26:58 -0300] "GET /cormun/servlet/hlogin HTTP/1.1" 200 1731
190.171.142.50 - - [24/Nov/2021:09:26:58 -0300] "GET /cormun/servlet/hlogin HTTP/1.1" 200 1742
190.171.142.50 - - [24/Nov/2021:09:27:05 -0300] "POST /cormun/servlet/hlogin?febc26ab501156b341b6c06416573a8b,gx-no-cache=1637755072691 HTTP/1.1" 200 90
190.171.142.50 - - [24/Nov/2021:09:27:05 -0300] "GET /cormun/servlet/hpexe_link HTTP/1.1" 200 955
190.171.142.50 - - [24/Nov/2021:09:27:05 -0300] "GET /cormun/servlet/hhome HTTP/1.1" 200 3948
190.171.142.50 - - [24/Nov/2021:09:27:06 -0300] "GET /cormun/servlet/hhome HTTP/1.1" 200 3945
190.171.142.50 - - [24/Nov/2021:09:27:08 -0300] "GET /cormun/servlet/trlicencias? HTTP/1.1" 200 10787
190.171.142.50 - - [24/Nov/2021:09:27:08 -0300] "GET /cormun/static/gxcfg.js?2020121613995 HTTP/1.1" 200 953
190.171.142.50 - - [24/Nov/2021:09:27:08 -0300] "GET /cormun/static/trlicencias.js?202012162481 HTTP/1.1" 200 41883
190.171.142.50 - - [24/Nov/2021:09:27:08 -0300] "GET /cormun/servlet/trlicencias? HTTP/1.1" 200 10785
190.171.143.82 - - [24/Nov/2021:09:27:50 -0300] "GET /cormun/static/menuarrow.gif HTTP/1.1" 404 1015
190.171.143.82 - - [24/Nov/2021:09:27:56 -0300] "POST /cormun/servlet/trpermisosgoce?eecd86f01228178e2fb21208b7d413a1,,gx-no-cache=1637756158227 HTTP/1.1" 200 5797
190.171.143.82 - - [24/Nov/2021:09:28:10 -0300] "GET /cormun/servlet/trpermisosadjuntos?15344156,20210928134004,P, HTTP/1.1" 200 6679
190.171.143.82 - - [24/Nov/2021:09:28:11 -0300] "GET /cormun/servlet/trpermisosadjuntos?15344156,20210928134004,P, HTTP/1.1" 200 6679
190.171.143.82 - - [24/Nov/2021:09:28:12 -0300] "GET /cormun/servlet/permisosadjuntos?INS,15344156,P,20210928134004,, HTTP/1.1" 200 6010
190.171.143.82 - - [24/Nov/2021:09:28:12 -0300] "GET /cormun/static/about:blank HTTP/1.1" 404 1011
190.171.143.82 - - [24/Nov/2021:09:28:12 -0300] "GET /cormun/servlet/permisosadjuntos?INS,15344156,P,20210928134004,, HTTP/1.1" 200 6000
200.54.107.2 - - [24/Nov/2021:09:28:35 -0300] "GET /cormun/servlet/trpermisosadjuntos?10392568,20211124074029,P, HTTP/1.1" 200 6664
200.54.107.2 - - [24/Nov/2021:09:28:35 -0300] "GET /cormun/servlet/trpermisosadjuntos?10392568,20211124074029,P, HTTP/1.1" 200 6664
190.171.143.82 - - [24/Nov/2021:09:28:36 -0300] "POST /cormun/servlet/permisosadjuntos?eecd86f01228178e2fb21208b7d413a1,INS,15344156,P,20210928134004,, HTTP/1.1" 200 116
190.171.143.82 - - [24/Nov/2021:09:28:36 -0300] "GET /cormun/servlet/hpexe_return? HTTP/1.1" 200 1041
190.171.143.82 - - [24/Nov/2021:09:28:36 -0300] "GET /cormun/servlet/trpermisosadjuntos?15344156,20210928134004,P, HTTP/1.1" 200 7216
190.171.143.82 - - [24/Nov/2021:09:28:36 -0300] "GET /cormun/servlet/trpermisosadjuntos?15344156,20210928134004,P, HTTP/1.1" 200 7213
200.54.107.2 - - [24/Nov/2021:09:28:37 -0300] "GET /cormun/servlet/permisosadjuntos?INS,10392568,P,20211124074029,, HTTP/1.1" 200 5990
200.54.107.2 - - [24/Nov/2021:09:28:38 -0300] "GET /cormun/static/about:blank HTTP/1.1" 404 1011
200.54.107.2 - - [24/Nov/2021:09:28:38 -0300] "GET /cormun/servlet/permisosadjuntos?INS,10392568,P,20211124074029,, HTTP/1.1" 200 5980
190.171.143.82 - - [24/Nov/2021:09:28:38 -0300] "POST /cormun/servlet/trpermisosadjuntos?eecd86f01228178e2fb21208b7d413a1,15344156,20210928134004,P,,gx-no-cache=1637756200720 HTTP/1.1" 200 90
190.171.143.82 - - [24/Nov/2021:09:28:38 -0300] "GET /cormun/servlet/hpexe_link HTTP/1.1" 200 989
190.171.143.82 - - [24/Nov/2021:09:28:38 -0300] "GET /cormun/servlet/trpermisosgoce? HTTP/1.1" 200 8643
190.171.143.82 - - [24/Nov/2021:09:28:38 -0300] "GET /cormun/servlet/trpermisosgoce? HTTP/1.1" 200 8642
190.171.143.82 - - [24/Nov/2021:09:28:43 -0300] "POST /cormun/servlet/trpermisosgoce?eecd86f01228178e2fb21208b7d413a1,,gx-no-cache=1637756205716 HTTP/1.1" 200 5797
190.171.143.82 - - [24/Nov/2021:09:28:43 -0300] "GET /cormun/static/Shared/jqueryui/images/ui-icons_82798d_256x240.png HTTP/1.1" 404 1089
190.171.143.82 - - [24/Nov/2021:09:28:43 -0300] "GET /cormun/static/Shared/jqueryui/images/ui-icons_8d78a5_256x240.png HTTP/1.1" 404 1089
190.171.143.82 - - [24/Nov/2021:09:28:43 -0300] "GET /cormun/static/Shared/jqueryui/images/ui-bg_flat_55_fafafa_40x100.png HTTP/1.1" 404 1097
190.171.143.82 - - [24/Nov/2021:09:28:43 -0300] "GET /cormun/static/Shared/jqueryui/images/ui-bg_highlight-soft_100_c6c2c8_1x100.png HTTP/1.1" 404 1117
190.171.143.82 - - [24/Nov/2021:09:28:49 -0300] "GET /cormun/servlet/trautorizarpermisogoce? HTTP/1.1" 200 7190
190.171.143.82 - - [24/Nov/2021:09:28:49 -0300] "GET /cormun/servlet/trautorizarpermisogoce? HTTP/1.1" 200 7190
190.171.143.82 - - [24/Nov/2021:09:28:54 -0300] "GET /cormun/servlet/trautorizarpermisogoce? HTTP/1.1" 200 7190
190.171.143.82 - - [24/Nov/2021:09:28:55 -0300] "GET /cormun/servlet/trautorizarpermisogoce? HTTP/1.1" 200 7190
190.171.143.82 - - [24/Nov/2021:09:28:57 -0300] "GET /cormun/static/menuarrow.gif HTTP/1.1" 404 1015
190.171.143.82 - - [24/Nov/2021:09:29:00 -0300] "POST /cormun/servlet/trautorizarpermisogoce?eecd86f01228178e2fb21208b7d413a1,,gx-no-cache=1637756222942 HTTP/1.1" 200 5266
190.171.143.82 - - [24/Nov/2021:09:29:05 -0300] "POST /cormun/servlet/trautorizarpermisogoce?eecd86f01228178e2fb21208b7d413a1,,gx-no-cache=1637756227521 HTTP/1.1" 200 4535
190.171.143.82 - - [24/Nov/2021:09:29:05 -0300] "GET /cormun/static/Shared/jqueryui/images/ui-bg_highlight-soft_100_c6c2c8_1x100.png HTTP/1.1" 404 1117
190.171.143.82 - - [24/Nov/2021:09:29:05 -0300] "GET /cormun/static/Shared/jqueryui/images/ui-icons_82798d_256x240.png HTTP/1.1" 404 1089
190.171.143.82 - - [24/Nov/2021:09:29:05 -0300] "GET /cormun/static/Shared/jqueryui/images/ui-bg_flat_55_fafafa_40x100.png HTTP/1.1" 404 1097
190.171.143.82 - - [24/Nov/2021:09:29:05 -0300] "GET /cormun/static/Shared/jqueryui/images/ui-icons_8d78a5_256x240.png HTTP/1.1" 404 1089
200.54.107.2 - - [24/Nov/2021:09:29:14 -0300] "POST /cormun/servlet/permisosadjuntos?fde69feafa81435902a9444d0f6e01c0,INS,10392568,P,20211124074029,, HTTP/1.1" 200 116
190.171.143.82 - - [24/Nov/2021:09:29:14 -0300] "GET /cormun/servlet/trpermisosgoce? HTTP/1.1" 200 8604
200.54.107.2 - - [24/Nov/2021:09:29:14 -0300] "GET /cormun/servlet/hpexe_return? HTTP/1.1" 200 1038
200.54.107.2 - - [24/Nov/2021:09:29:14 -0300] "GET /cormun/servlet/trpermisosadjuntos?10392568,20211124074029,P, HTTP/1.1" 200 7202
190.171.143.82 - - [24/Nov/2021:09:29:14 -0300] "GET /cormun/servlet/trpermisosgoce? HTTP/1.1" 200 8603
200.54.107.2 - - [24/Nov/2021:09:29:15 -0300] "GET /cormun/servlet/trpermisosadjuntos?10392568,20211124074029,P, HTTP/1.1" 200 7199
200.54.107.2 - - [24/Nov/2021:09:29:19 -0300] "GET /cormun/servlet/trpermisosgoce? HTTP/1.1" 200 13101
200.54.107.2 - - [24/Nov/2021:09:29:19 -0300] "GET /cormun/servlet/trpermisosgoce? HTTP/1.1" 200 13091
200.54.107.2 - - [24/Nov/2021:09:29:25 -0300] "POST /cormun/servlet/trpermisosgoce?fde69feafa81435902a9444d0f6e01c0,,gx-no-cache=1637756247220 HTTP/1.1" 200 10173
200.54.107.2 - - [24/Nov/2021:09:29:25 -0300] "GET /cormun/static/Shared/jqueryui/images/ui-bg_highlight-soft_100_c6c2c8_1x100.png HTTP/1.1" 404 1117
200.54.107.2 - - [24/Nov/2021:09:29:25 -0300] "GET /cormun/static/Shared/jqueryui/images/ui-icons_82798d_256x240.png HTTP/1.1" 404 1089
200.54.107.2 - - [24/Nov/2021:09:29:25 -0300] "GET /cormun/static/Shared/jqueryui/images/ui-icons_8d78a5_256x240.png HTTP/1.1" 404 1089
200.54.107.2 - - [24/Nov/2021:09:29:25 -0300] "GET /cormun/static/Shared/jqueryui/images/ui-bg_flat_55_fafafa_40x100.png HTTP/1.1" 404 1097
205.185.121.173 - - [24/Nov/2021:09:29:43 -0300] "GET /manager/html HTTP/1.1" 401 2474
190.171.143.82 - - [24/Nov/2021:09:29:50 -0300] "POST /cormun/servlet/trpermisosgoce?eecd86f01228178e2fb21208b7d413a1,,gx-no-cache=1637756271979 HTTP/1.1" 200 16049
190.171.143.82 - - [24/Nov/2021:09:30:05 -0300] "GET /cormun/servlet/trlicencias? HTTP/1.1" 200 9561
190.171.143.82 - - [24/Nov/2021:09:30:05 -0300] "GET /cormun/servlet/trlicencias? HTTP/1.1" 200 9560
190.171.143.82 - - [24/Nov/2021:09:30:28 -0300] "GET /cormun/static/menuarrow.gif HTTP/1.1" 404 1015
190.171.143.82 - - [24/Nov/2021:09:30:36 -0300] "POST /cormun/servlet/trlicencias?eecd86f01228178e2fb21208b7d413a1,,gx-no-cache=1637756317982 HTTP/1.1" 200 18433
10.40.40.2 - - [24/Nov/2021:09:30:49 -0300] "GET /cormun/servlet/hlogin HTTP/1.1" 200 1731
10.40.40.2 - - [24/Nov/2021:09:30:49 -0300] "GET /cormun/servlet/hlogin HTTP/1.1" 200 1742
10.40.40.2 - - [24/Nov/2021:09:30:55 -0300] "POST /cormun/servlet/hlogin?43fa0414117cfc545239f60ecb9d32b2,gx-no-cache=1637756225135 HTTP/1.1" 200 90
10.40.40.2 - - [24/Nov/2021:09:30:55 -0300] "GET /cormun/servlet/hpexe_link HTTP/1.1" 200 959
10.40.40.2 - - [24/Nov/2021:09:30:56 -0300] "GET /cormun/servlet/hhome HTTP/1.1" 200 3835
10.40.40.2 - - [24/Nov/2021:09:30:56 -0300] "GET /cormun/servlet/hhome HTTP/1.1" 200 3832
10.40.40.2 - - [24/Nov/2021:09:31:04 -0300] "GET /cormun/servlet/trsolicitudgral? HTTP/1.1" 200 12253
10.40.40.2 - - [24/Nov/2021:09:31:04 -0300] "GET /cormun/servlet/trsolicitudgral? HTTP/1.1" 200 12250
10.40.40.2 - - [24/Nov/2021:09:31:13 -0300] "GET /cormun/static/menuarrow.gif HTTP/1.1" 404 1015
10.40.40.2 - - [24/Nov/2021:09:31:24 -0300] "POST /cormun/servlet/trsolicitudgral?43fa0414117cfc545239f60ecb9d32b2,,gx-no-cache=1637756254044 HTTP/1.1" 200 6700
10.40.40.2 - - [24/Nov/2021:09:31:29 -0300] "GET /cormun/servlet/vesolicitudgral?2021,17749,, HTTP/1.1" 200 8419
10.40.40.2 - - [24/Nov/2021:09:31:29 -0300] "GET /cormun/pexe_scrolldiv.js HTTP/1.1" 404 1009
10.40.40.2 - - [24/Nov/2021:09:31:30 -0300] "GET /cormun/servlet/vesolicitudgral?2021,17749,, HTTP/1.1" 200 8419
205.185.121.173 - - [24/Nov/2021:09:32:40 -0300] "GET /manager/html HTTP/1.1" 401 2474
200.54.107.2 - - [24/Nov/2021:09:33:36 -0300] "GET /cormun/servlet/permisogoce?INS,0,,, HTTP/1.1" 200 7243
200.54.107.2 - - [24/Nov/2021:09:33:36 -0300] "GET /cormun/servlet/permisogoce?INS,0,,, HTTP/1.1" 200 7243
200.54.107.2 - - [24/Nov/2021:09:33:44 -0300] "GET /cormun/servlet/permisogoce?eac7903e8648ceea4b68a0ea4c6952898773fccb513473df581c537a12b62773f7ebaa445a32fe06eb58e47b7ea022ae7508e5fb1c23184eb239dbd70b66b84c,gx-no-cache=1637756506341 HTTP/1.1" 200 83
200.54.107.2 - - [24/Nov/2021:09:33:44 -0300] "GET /cormun/static/menuarrow.gif HTTP/1.1" 404 1015
200.54.107.2 - - [24/Nov/2021:09:33:55 -0300] "GET /cormun/servlet/permisogoce?eac7903e8648ceea4b68a0ea4c6952896f88eb0c2045dc3b6c3bae25d230cba98bac130107d71b4de1bea7721bdee72e0e52597ff5350c289d5b7a66431bc9f9,gx-no-cache=1637756517601 HTTP/1.1" 200 48
200.54.107.2 - - [24/Nov/2021:09:33:58 -0300] "POST /cormun/servlet/permisogoce?fde69feafa81435902a9444d0f6e01c0,INS,0,,,,gx-no-cache=1637756520541 HTTP/1.1" 200 93
200.54.107.2 - - [24/Nov/2021:09:33:58 -0300] "GET /cormun/servlet/hpexe_return? HTTP/1.1" 200 1011
200.54.107.2 - - [24/Nov/2021:09:33:59 -0300] "GET /cormun/servlet/trpermisosgoce? HTTP/1.1" 200 13291
200.54.107.2 - - [24/Nov/2021:09:33:59 -0300] "GET /cormun/servlet/trpermisosgoce? HTTP/1.1" 200 13284
200.54.107.2 - - [24/Nov/2021:09:34:09 -0300] "GET /cormun/servlet/apermisogoceprn?16925386,P,20211124091916,PU HTTP/1.1" 200 1660
190.171.143.82 - - [24/Nov/2021:09:35:02 -0300] "GET /cormun/servlet/trpermisosgoce? HTTP/1.1" 200 18848
190.171.143.82 - - [24/Nov/2021:09:35:03 -0300] "GET /cormun/servlet/trpermisosgoce? HTTP/1.1" 200 18852
190.171.149.74 - - [24/Nov/2021:09:35:08 -0300] "GET /cormun/servlet/trlicencias? HTTP/1.1" 200 9578
190.171.149.74 - - [24/Nov/2021:09:35:08 -0300] "GET /cormun/servlet/trlicencias? HTTP/1.1" 200 9578
190.171.143.82 - - [24/Nov/2021:09:35:12 -0300] "POST /cormun/servlet/trpermisosgoce?eecd86f01228178e2fb21208b7d413a1,,gx-no-cache=1637756594708 HTTP/1.1" 200 5764
205.185.121.173 - - [24/Nov/2021:09:35:13 -0300] "GET /manager/html HTTP/1.1" 401 2474
190.171.143.82 - - [24/Nov/2021:09:35:18 -0300] "GET /cormun/servlet/trpermisosadjuntos?15344156,20210615104020,P, HTTP/1.1" 200 7223
190.171.143.82 - - [24/Nov/2021:09:35:18 -0300] "GET /cormun/servlet/trpermisosadjuntos?15344156,20210615104020,P, HTTP/1.1" 200 7222
190.171.143.82 - - [24/Nov/2021:09:35:21 -0300] "GET /cormun/PublicTempStorage/permiso_andrea_villalobos_n%B0_532180418.pdf HTTP/1.1" 200 232671
190.171.143.82 - - [24/Nov/2021:09:36:05 -0300] "GET /cormun/servlet/trpermisosadjuntos?15344156,20210615104020,P, HTTP/1.1" 200 7223
190.171.143.82 - - [24/Nov/2021:09:36:06 -0300] "GET /cormun/servlet/trpermisosadjuntos?15344156,20210615104020,P, HTTP/1.1" 200 7222
190.171.153.26 - - [24/Nov/2021:09:36:14 -0300] "GET /cormun/servlet/hlogin HTTP/1.1" 200 1728
190.171.153.26 - - [24/Nov/2021:09:36:14 -0300] "GET /cormun/servlet/hlogin HTTP/1.1" 200 1739
190.171.153.26 - - [24/Nov/2021:09:36:14 -0300] "GET /cormun/static/Resources/indicator.gif HTTP/1.1" 200 1553
190.171.153.26 - - [24/Nov/2021:09:36:20 -0300] "POST /cormun/servlet/hlogin?48ca609823fd79e491cf73f2828efa29,gx-no-cache=1637756660921 HTTP/1.1" 200 90
190.171.153.26 - - [24/Nov/2021:09:36:20 -0300] "GET /cormun/servlet/hpexe_link HTTP/1.1" 200 954
190.171.153.26 - - [24/Nov/2021:09:36:20 -0300] "GET /cormun/servlet/hhome HTTP/1.1" 200 4287
190.171.153.26 - - [24/Nov/2021:09:36:21 -0300] "GET /cormun/servlet/hhome HTTP/1.1" 200 4284
190.171.153.26 - - [24/Nov/2021:09:36:24 -0300] "GET /cormun/servlet/trlicencias? HTTP/1.1" 200 10924
190.171.143.82 - - [24/Nov/2021:09:36:25 -0300] "POST /cormun/servlet/trpermisosadjuntos?eecd86f01228178e2fb21208b7d413a1,15344156,20210615104020,P,,gx-no-cache=1637756667252 HTTP/1.1" 200 90
190.171.143.82 - - [24/Nov/2021:09:36:25 -0300] "GET /cormun/servlet/hpexe_link HTTP/1.1" 200 989
