190.171.142.10 - - [23/Nov/2021:10:21:32 -0300] "GET /cormun/static/Resources/prompt.gif HTTP/1.1" 200 902
190.171.142.10 - - [23/Nov/2021:10:21:33 -0300] "GET /cormun/servlet/permisogoce?INS,0,,, HTTP/1.1" 200 6840
190.171.142.10 - - [23/Nov/2021:10:21:49 -0300] "GET /cormun/servlet/permisogoce?ff0dc7ecf85949a4dc42e2669dfddb5b3c2f4a9f09ad77dde0363d152235eb015ed31d457b4e62e14a7df8f330e071878294189ef81440c6d0453159d511d615,gx-no-cache=1637672991823 HTTP/1.1" 200 75
190.171.142.10 - - [23/Nov/2021:10:21:52 -0300] "GET /cormun/static/menuarrow.gif HTTP/1.1" 404 1015
190.171.142.10 - - [23/Nov/2021:10:22:12 -0300] "GET /cormun/servlet/permisogoce?ff0dc7ecf85949a4dc42e2669dfddb5b5dbf382babaf159e0e57edf234333c1b3108d6eadef9d2d9580fc19506e878faf77a0b40e10e0ffab0ba92a55d2565af,gx-no-cache=1637673014442 HTTP/1.1" 200 46
190.171.142.10 - - [23/Nov/2021:10:22:45 -0300] "POST /cormun/servlet/permisogoce?2790b5ef4edcff7f921143cea9f4a5d3,INS,0,,,,gx-no-cache=1637673046951 HTTP/1.1" 200 93
190.171.142.10 - - [23/Nov/2021:10:22:46 -0300] "GET /cormun/servlet/hpexe_return? HTTP/1.1" 200 1012
190.171.142.10 - - [23/Nov/2021:10:22:46 -0300] "GET /cormun/static/gxcfg.js?201991422392976 HTTP/1.1" 200 953
190.171.142.10 - - [23/Nov/2021:10:22:46 -0300] "GET /cormun/static/hpexe_return.js?201991422392984 HTTP/1.1" 200 1633
190.171.142.10 - - [23/Nov/2021:10:22:47 -0300] "GET /cormun/servlet/trpermisosgoce HTTP/1.1" 200 14131
190.171.142.10 - - [23/Nov/2021:10:22:48 -0300] "GET /cormun/servlet/trpermisosgoce HTTP/1.1" 200 14113
190.171.142.10 - - [23/Nov/2021:10:22:54 -0300] "POST /cormun/servlet/trpermisosgoce?2790b5ef4edcff7f921143cea9f4a5d3,gx-no-cache=1637673053940 HTTP/1.1" 200 11430
190.171.142.10 - - [23/Nov/2021:10:23:00 -0300] "GET /cormun/servlet/apermisogoceprn?18799522,P,20211123100713,PU HTTP/1.1" 200 1663
205.185.121.173 - - [23/Nov/2021:10:23:35 -0300] "GET /manager/html HTTP/1.1" 401 2474
205.185.121.173 - - [23/Nov/2021:10:26:12 -0300] "GET /manager/html HTTP/1.1" 401 2474
40.77.167.17 - - [23/Nov/2021:10:26:47 -0300] "GET /cormun/servlet/solicitudot?INS,0,0,false, HTTP/1.1" 200 14750
207.46.13.153 - - [23/Nov/2021:10:27:01 -0300] "GET /cormun/static/PXToolsJavascripts/pexe_cookies.js HTTP/1.1" 200 792
207.46.13.131 - - [23/Nov/2021:10:27:08 -0300] "GET /cormun/static/solicitudot.js?20203414242792 HTTP/1.1" 200 74114
207.46.13.91 - - [23/Nov/2021:10:27:11 -0300] "GET /cormun/static/hwchdr01.js?20201214473739 HTTP/1.1" 200 996
40.77.167.0 - - [23/Nov/2021:10:27:12 -0300] "GET /cormun/static/gxcfg.js?20203414241232 HTTP/1.1" 200 953
40.77.190.6 - - [23/Nov/2021:10:27:45 -0300] "GET /cormun/static/hpexe_messagegenexuscomponent.js?2020121447173 HTTP/1.1" 200 587
40.77.190.6 - - [23/Nov/2021:10:27:45 -0300] "GET /cormun/static/hpexe_messagepopupcomponent.js?2020121447232 HTTP/1.1" 200 605
40.77.190.6 - - [23/Nov/2021:10:27:45 -0300] "GET /cormun/servlet/hlogin HTTP/1.1" 200 1709
40.77.190.6 - - [23/Nov/2021:10:27:46 -0300] "GET /cormun/static/gxcfg.js?201910216285969 HTTP/1.1" 200 953
40.77.190.6 - - [23/Nov/2021:10:27:46 -0300] "GET /cormun/static/hlogin.js?201910216285995 HTTP/1.1" 200 2136
205.185.121.173 - - [23/Nov/2021:10:28:52 -0300] "GET /manager/html HTTP/1.1" 401 2474
205.185.121.173 - - [23/Nov/2021:10:31:27 -0300] "GET /manager/html HTTP/1.1" 401 2474
190.171.141.90 - - [23/Nov/2021:10:31:49 -0300] "POST /cormun/servlet/trlicencias?7a20c44f7ca0a230a9023235bcb13c85,,gx-no-cache=1637673596025 HTTP/1.1" 440 972
190.171.141.90 - - [23/Nov/2021:10:31:51 -0300] "GET /cormun/servlet/trlicencias? HTTP/1.1" 200 6045
190.171.141.90 - - [23/Nov/2021:10:31:53 -0300] "GET /cormun/servlet/hlogin HTTP/1.1" 200 1747
190.171.141.90 - - [23/Nov/2021:10:31:53 -0300] "GET /cormun/servlet/trlicencias? HTTP/1.1" 200 6045
205.185.121.173 - - [23/Nov/2021:10:34:05 -0300] "GET /manager/html HTTP/1.1" 401 2474
190.171.149.74 - - [23/Nov/2021:10:35:46 -0300] "GET /cormun/servlet/hlogin HTTP/1.1" 200 1728
190.171.149.74 - - [23/Nov/2021:10:36:26 -0300] "POST /cormun/servlet/hlogin?7a448cb564024d16d6158b6047c3c9b2,gx-no-cache=1637677518678 HTTP/1.1" 200 90
190.171.149.74 - - [23/Nov/2021:10:36:27 -0300] "GET /cormun/servlet/hpexe_link HTTP/1.1" 200 954
190.171.149.74 - - [23/Nov/2021:10:36:27 -0300] "GET /cormun/servlet/hhome HTTP/1.1" 200 3982
190.171.149.74 - - [23/Nov/2021:10:36:27 -0300] "GET /cormun/servlet/hhome HTTP/1.1" 200 3979
190.171.149.74 - - [23/Nov/2021:10:36:31 -0300] "GET /cormun/servlet/trpermisosgoce? HTTP/1.1" 200 15405
190.171.149.74 - - [23/Nov/2021:10:36:32 -0300] "GET /cormun/servlet/trpermisosgoce? HTTP/1.1" 200 15394
205.185.121.173 - - [23/Nov/2021:10:36:32 -0300] "GET /manager/html HTTP/1.1" 401 2474
190.171.149.74 - - [23/Nov/2021:10:36:36 -0300] "GET /cormun/servlet/trpermisosadjuntos?9517647,20211123085046,P, HTTP/1.1" 200 6315
190.171.149.74 - - [23/Nov/2021:10:36:36 -0300] "GET /cormun/static/gxcfg.js?2020121641683 HTTP/1.1" 200 953
190.171.149.74 - - [23/Nov/2021:10:36:36 -0300] "GET /cormun/static/trpermisosadjuntos.js?2020121642996 HTTP/1.1" 200 20158
190.171.149.74 - - [23/Nov/2021:10:36:36 -0300] "GET /cormun/servlet/trpermisosadjuntos?9517647,20211123085046,P, HTTP/1.1" 200 6315
200.83.224.3 - - [23/Nov/2021:10:36:39 -0300] "GET /cormun/servlet/hlogin HTTP/1.1" 200 1725
190.171.149.74 - - [23/Nov/2021:10:36:40 -0300] "GET /cormun/servlet/permisosadjuntos?INS,9517647,P,20211123085046,, HTTP/1.1" 200 5635
190.171.149.74 - - [23/Nov/2021:10:36:40 -0300] "GET /cormun/static/gxcfg.js?20201215134212 HTTP/1.1" 200 953
190.171.149.74 - - [23/Nov/2021:10:36:40 -0300] "GET /cormun/static/permisosadjuntos.js?20201215134285 HTTP/1.1" 200 8724
190.171.149.74 - - [23/Nov/2021:10:36:40 -0300] "GET /cormun/static/about:blank HTTP/1.1" 404 1011
190.171.149.74 - - [23/Nov/2021:10:36:40 -0300] "GET /cormun/servlet/permisosadjuntos?INS,9517647,P,20211123085046,, HTTP/1.1" 200 5625
200.83.224.3 - - [23/Nov/2021:10:36:43 -0300] "GET /cormun/servlet/hlogin HTTP/1.1" 200 1735
200.83.224.3 - - [23/Nov/2021:10:36:45 -0300] "GET /favicon.ico HTTP/1.1" 200 21630
200.83.224.3 - - [23/Nov/2021:10:36:48 -0300] "POST /cormun/servlet/hlogin?62788566c2d4221d7072f0a7f85ab6ce,gx-no-cache=1637673910552 HTTP/1.1" 200 90
200.83.224.3 - - [23/Nov/2021:10:36:49 -0300] "GET /cormun/servlet/hpexe_link HTTP/1.1" 200 952
200.83.224.3 - - [23/Nov/2021:10:36:50 -0300] "GET /cormun/servlet/hhome HTTP/1.1" 200 4303
200.83.224.3 - - [23/Nov/2021:10:36:57 -0300] "GET /cormun/servlet/hhome HTTP/1.1" 200 4299
200.83.224.3 - - [23/Nov/2021:10:37:03 -0300] "GET /cormun/servlet/trlicencias? HTTP/1.1" 200 11209
200.83.224.3 - - [23/Nov/2021:10:37:04 -0300] "GET /cormun/static/gxcfg.js?2020121613995 HTTP/1.1" 200 953
200.83.224.3 - - [23/Nov/2021:10:37:05 -0300] "GET /cormun/static/trlicencias.js?202012162481 HTTP/1.1" 200 41883
200.83.224.3 - - [23/Nov/2021:10:37:11 -0300] "GET /cormun/servlet/trlicencias? HTTP/1.1" 200 11207
190.171.149.74 - - [23/Nov/2021:10:37:16 -0300] "POST /cormun/servlet/permisosadjuntos?7a448cb564024d16d6158b6047c3c9b2,INS,9517647,P,20211123085046,, HTTP/1.1" 200 116
190.171.149.74 - - [23/Nov/2021:10:37:16 -0300] "GET /cormun/servlet/hpexe_return? HTTP/1.1" 200 1040
190.171.149.74 - - [23/Nov/2021:10:37:17 -0300] "GET /cormun/servlet/trpermisosadjuntos?9517647,20211123085046,P, HTTP/1.1" 200 6798
190.171.149.74 - - [23/Nov/2021:10:37:17 -0300] "GET /cormun/servlet/trpermisosadjuntos?9517647,20211123085046,P, HTTP/1.1" 200 6797
200.83.224.3 - - [23/Nov/2021:10:37:20 -0300] "GET /cormun/servlet/trlicencias? HTTP/1.1" 200 11207
190.171.149.74 - - [23/Nov/2021:10:37:21 -0300] "GET /cormun/servlet/trpermisosgoce? HTTP/1.1" 200 15394
190.171.149.74 - - [23/Nov/2021:10:37:21 -0300] "GET /cormun/servlet/trpermisosgoce? HTTP/1.1" 200 15402
200.83.224.3 - - [23/Nov/2021:10:37:25 -0300] "GET /cormun/servlet/trlicencias? HTTP/1.1" 200 11207
190.171.149.74 - - [23/Nov/2021:10:37:28 -0300] "POST /cormun/servlet/trpermisosgoce?7a448cb564024d16d6158b6047c3c9b2,,gx-no-cache=1637677579360 HTTP/1.1" 200 12723
190.171.149.74 - - [23/Nov/2021:10:37:28 -0300] "GET /cormun/static/Shared/jqueryui/images/ui-bg_highlight-soft_100_c6c2c8_1x100.png HTTP/1.1" 404 1117
190.171.149.74 - - [23/Nov/2021:10:37:28 -0300] "GET /cormun/static/Shared/jqueryui/images/ui-icons_82798d_256x240.png HTTP/1.1" 404 1089
190.171.149.74 - - [23/Nov/2021:10:37:28 -0300] "GET /cormun/static/Shared/jqueryui/images/ui-bg_flat_55_fafafa_40x100.png HTTP/1.1" 404 1097
190.171.149.74 - - [23/Nov/2021:10:37:28 -0300] "GET /cormun/static/Shared/jqueryui/images/ui-icons_8d78a5_256x240.png HTTP/1.1" 404 1089
205.185.121.173 - - [23/Nov/2021:10:39:13 -0300] "GET /manager/html HTTP/1.1" 401 2474
205.185.121.173 - - [23/Nov/2021:10:41:54 -0300] "GET /manager/html HTTP/1.1" 401 2474
205.185.121.173 - - [23/Nov/2021:10:44:35 -0300] "GET /manager/html HTTP/1.1" 401 2474
190.171.149.74 - - [23/Nov/2021:10:45:41 -0300] "GET /cormun/servlet/trlicencias? HTTP/1.1" 200 8672
190.171.149.74 - - [23/Nov/2021:10:45:42 -0300] "GET /cormun/servlet/trlicencias? HTTP/1.1" 200 8671
205.185.121.173 - - [23/Nov/2021:10:47:11 -0300] "GET /manager/html HTTP/1.1" 401 2474
190.171.143.106 - - [23/Nov/2021:10:47:29 -0300] "GET /cormun/servlet/hlogin HTTP/1.1" 200 1730
190.171.143.106 - - [23/Nov/2021:10:47:30 -0300] "GET /cormun/static/gxtimezone.js?85251 HTTP/1.1" 200 5781
190.171.143.106 - - [23/Nov/2021:10:47:31 -0300] "GET /cormun/static/gxgral.js?85251 HTTP/1.1" 200 384558
190.171.143.106 - - [23/Nov/2021:10:47:31 -0300] "GET /cormun/servlet/hlogin HTTP/1.1" 200 1740
190.171.143.106 - - [23/Nov/2021:10:47:38 -0300] "POST /cormun/servlet/hlogin?13b81c8913177b47ddd2bb398cc7c1fb,gx-no-cache=1637674545073 HTTP/1.1" 200 90
190.171.143.106 - - [23/Nov/2021:10:47:38 -0300] "GET /cormun/servlet/hpexe_link HTTP/1.1" 200 955
190.171.143.106 - - [23/Nov/2021:10:47:39 -0300] "GET /cormun/servlet/hhome HTTP/1.1" 200 3975
190.171.143.106 - - [23/Nov/2021:10:47:39 -0300] "GET /cormun/servlet/hhome HTTP/1.1" 200 3971
190.171.143.106 - - [23/Nov/2021:10:47:41 -0300] "GET /cormun/servlet/trlicencias? HTTP/1.1" 200 12265
190.171.143.106 - - [23/Nov/2021:10:47:42 -0300] "GET /cormun/servlet/trlicencias? HTTP/1.1" 200 12262
190.171.143.106 - - [23/Nov/2021:10:48:25 -0300] "POST /cormun/servlet/trlicencias?13b81c8913177b47ddd2bb398cc7c1fb,,gx-no-cache=1637674588571 HTTP/1.1" 200 5416
190.171.143.106 - - [23/Nov/2021:10:48:34 -0300] "GET /cormun/servlet/hlogin HTTP/1.1" 200 1744
205.185.121.173 - - [23/Nov/2021:10:49:50 -0300] "GET /manager/html HTTP/1.1" 401 2474
200.111.191.213 - - [23/Nov/2021:10:50:39 -0300] "GET /favicon.ico HTTP/1.1" 200 21630
200.111.191.213 - - [23/Nov/2021:10:50:40 -0300] "GET /cormun/servlet/trlicencias? HTTP/1.1" 200 6033
200.111.191.213 - - [23/Nov/2021:10:50:40 -0300] "GET /cormun/servlet/hlogin HTTP/1.1" 200 1736
200.111.191.213 - - [23/Nov/2021:10:50:40 -0300] "GET /cormun/servlet/trlicencias? HTTP/1.1" 200 6033
200.111.191.213 - - [23/Nov/2021:10:50:40 -0300] "GET /cormun/servlet/trlicencias? HTTP/1.1" 200 6033
200.111.191.213 - - [23/Nov/2021:10:50:44 -0300] "POST /cormun/servlet/hlogin?1f7e381d2d429e6b2963ee904546c2cc,gx-no-cache=1637674997132 HTTP/1.1" 200 90
200.111.191.213 - - [23/Nov/2021:10:50:44 -0300] "GET /cormun/servlet/hpexe_link HTTP/1.1" 200 950
200.111.191.213 - - [23/Nov/2021:10:50:45 -0300] "GET /cormun/servlet/trlicencias HTTP/1.1" 200 13153
200.111.191.213 - - [23/Nov/2021:10:50:45 -0300] "GET /cormun/servlet/trlicencias HTTP/1.1" 200 13151
200.111.191.213 - - [23/Nov/2021:10:50:47 -0300] "GET /cormun/servlet/trlicencias? HTTP/1.1" 200 13151
200.111.191.213 - - [23/Nov/2021:10:50:48 -0300] "GET /cormun/servlet/trlicencias? HTTP/1.1" 200 13151
205.185.121.173 - - [23/Nov/2021:10:52:26 -0300] "GET /manager/html HTTP/1.1" 401 2474
205.185.121.173 - - [23/Nov/2021:10:55:12 -0300] "GET /manager/html HTTP/1.1" 401 2474
190.171.142.42 - - [23/Nov/2021:10:57:06 -0300] "POST /cormun/servlet/trlicencias?81c311fe4742507129da416d2f2f07f3,,gx-no-cache=1637675109300 HTTP/1.1" 440 972
40.77.202.79 - - [23/Nov/2021:10:58:08 -0300] "GET /cormun/static/calendar-system.css?85620 HTTP/1.1" 200 5572
205.185.121.173 - - [23/Nov/2021:10:58:08 -0300] "GET /manager/html HTTP/1.1" 401 2474
40.77.202.79 - - [23/Nov/2021:10:58:09 -0300] "GET /cormun/static/hpexe_messagegenexuscomponent.js?2020121447173 HTTP/1.1" 200 587
40.77.202.79 - - [23/Nov/2021:10:58:09 -0300] "GET /cormun/static/hpexe_messagepopupcomponent.js?2020121447232 HTTP/1.1" 200 605
190.171.142.42 - - [23/Nov/2021:10:58:30 -0300] "GET /cormun/servlet/trlicencias? HTTP/1.1" 200 6034
190.171.142.42 - - [23/Nov/2021:10:58:30 -0300] "GET /cormun/servlet/hlogin HTTP/1.1" 200 1741
190.171.142.42 - - [23/Nov/2021:10:58:30 -0300] "GET /cormun/servlet/trlicencias? HTTP/1.1" 200 6034
190.171.142.42 - - [23/Nov/2021:10:59:51 -0300] "POST /cormun/servlet/hlogin?14f9996e9a2fb8908ec039338393c974,gx-no-cache=1637675273607 HTTP/1.1" 200 90
190.171.142.42 - - [23/Nov/2021:10:59:51 -0300] "GET /cormun/servlet/hpexe_link HTTP/1.1" 200 953
190.171.142.42 - - [23/Nov/2021:10:59:51 -0300] "GET /cormun/servlet/trlicencias HTTP/1.1" 200 13095
190.171.142.42 - - [23/Nov/2021:10:59:51 -0300] "GET /cormun/servlet/trlicencias HTTP/1.1" 200 13093
190.171.141.114 - - [23/Nov/2021:11:00:46 -0300] "GET /cormun/servlet/trpermisosgoce? HTTP/1.1" 200 6031
190.171.141.114 - - [23/Nov/2021:11:00:47 -0300] "GET /cormun/servlet/trpermisosgoce? HTTP/1.1" 200 6026
190.171.141.114 - - [23/Nov/2021:11:00:48 -0300] "GET /cormun/servlet/hlogin HTTP/1.1" 200 1744
190.171.141.114 - - [23/Nov/2021:11:00:48 -0300] "GET /cormun/servlet/trpermisosgoce? HTTP/1.1" 200 6023
205.185.121.173 - - [23/Nov/2021:11:00:55 -0300] "GET /manager/html HTTP/1.1" 401 2474
190.171.141.114 - - [23/Nov/2021:11:01:02 -0300] "POST /cormun/servlet/hlogin?81f4686e56ccea0a5042288b666e1f6c,gx-no-cache=1637675362605 HTTP/1.1" 200 450
190.171.141.114 - - [23/Nov/2021:11:01:06 -0300] "POST /cormun/servlet/hlogin?81f4686e56ccea0a5042288b666e1f6c,gx-no-cache=1637675367273 HTTP/1.1" 200 450
190.171.141.114 - - [23/Nov/2021:11:01:12 -0300] "POST /cormun/servlet/hlogin?81f4686e56ccea0a5042288b666e1f6c,gx-no-cache=1637675372608 HTTP/1.1" 200 90
190.171.141.114 - - [23/Nov/2021:11:01:12 -0300] "GET /cormun/servlet/hpexe_link HTTP/1.1" 200 958
190.171.141.114 - - [23/Nov/2021:11:01:12 -0300] "GET /cormun/servlet/trpermisosgoce HTTP/1.1" 200 14079
190.171.141.114 - - [23/Nov/2021:11:01:15 -0300] "GET /cormun/servlet/trpermisosgoce HTTP/1.1" 200 14075
190.171.141.114 - - [23/Nov/2021:11:01:18 -0300] "POST /cormun/servlet/trpermisosgoce?81f4686e56ccea0a5042288b666e1f6c,gx-no-cache=1637675378670 HTTP/1.1" 200 11198
190.171.141.114 - - [23/Nov/2021:11:01:24 -0300] "GET /cormun/servlet/permisogoce?INS,0,,, HTTP/1.1" 200 6864
190.171.141.114 - - [23/Nov/2021:11:01:26 -0300] "GET /cormun/servlet/permisogoce?INS,0,,, HTTP/1.1" 200 6864
190.171.141.114 - - [23/Nov/2021:11:01:34 -0300] "GET /cormun/servlet/prfichaempleado?,MD,,gxPopupLevel%3D0%3B HTTP/1.1" 200 9303
190.171.141.114 - - [23/Nov/2021:11:01:45 -0300] "POST /cormun/servlet/prfichaempleado?81f4686e56ccea0a5042288b666e1f6c,,MD,,gxPopupLevel%3D0%3B,gx-no-cache=1637675405557 HTTP/1.1" 200 3406
190.171.141.114 - - [23/Nov/2021:11:01:48 -0300] "GET /cormun/servlet/permisogoce?865a59efab28b2eaf395ea788de44c7be1efa7c83765f3f7b2bbe5cdbb255e3362736b02c631393e0d81e674770465e9edc03bfc6ebea2584b05a1f296497052,gx-no-cache=1637675409371 HTTP/1.1" 200 81
190.171.141.114 - - [23/Nov/2021:11:01:49 -0300] "GET /cormun/static/menuarrow.gif HTTP/1.1" 404 1015
190.171.141.114 - - [23/Nov/2021:11:01:54 -0300] "GET /cormun/servlet/permisogoce?865a59efab28b2eaf395ea788de44c7bcf222ec9fbea8ed4aa1fa6f6daf08863eaebb54966c8255c3313455b1ba5203c661f4f24a192756ce808d0742409937d,gx-no-cache=1637675414815 HTTP/1.1" 200 46
190.171.141.114 - - [23/Nov/2021:11:01:58 -0300] "POST /cormun/servlet/permisogoce?81f4686e56ccea0a5042288b666e1f6c,INS,0,,,,gx-no-cache=1637675418257 HTTP/1.1" 200 93
190.171.141.114 - - [23/Nov/2021:11:01:58 -0300] "GET /cormun/servlet/hpexe_return? HTTP/1.1" 200 1033
190.171.141.114 - - [23/Nov/2021:11:01:59 -0300] "GET /cormun/servlet/trpermisosgoce?gx-no-cache=1637675378670 HTTP/1.1" 200 14327
190.171.141.114 - - [23/Nov/2021:11:02:00 -0300] "GET /cormun/servlet/trpermisosgoce?gx-no-cache=1637675378670 HTTP/1.1" 200 14353
190.171.141.114 - - [23/Nov/2021:11:02:12 -0300] "POST /cormun/servlet/trpermisosgoce?81f4686e56ccea0a5042288b666e1f6c,gx-no-cache=1637675378670,gx-no-cache=1637675433289 HTTP/1.1" 200 11471
190.171.141.114 - - [23/Nov/2021:11:02:17 -0300] "GET /cormun/servlet/apermisogoceprn?7778577,P,20211123104706,PU HTTP/1.1" 200 1656
190.171.141.114 - - [23/Nov/2021:11:02:18 -0300] "GET /cormun/servlet/apermisogoceprn?7778577,P,20211123104706,PU HTTP/1.1" 200 1656
190.171.141.114 - - [23/Nov/2021:11:02:18 -0300] "GET /cormun/servlet/apermisogoceprn?7778577,P,20211123104706,PU HTTP/1.1" 200 1657
190.171.141.114 - - [23/Nov/2021:11:02:19 -0300] "GET /cormun/servlet/apermisogoceprn?7778577,P,20211123104706,PU HTTP/1.1" 200 1657
207.46.13.131 - - [23/Nov/2021:11:02:32 -0300] "GET /cormun/Licencias-1502.xls HTTP/1.1" 200 7680
205.185.121.173 - - [23/Nov/2021:11:03:44 -0300] "GET /manager/html HTTP/1.1" 401 2474
190.171.142.42 - - [23/Nov/2021:11:05:08 -0300] "GET /cormun/servlet/trpermisosgoce? HTTP/1.1" 200 11236
190.171.142.42 - - [23/Nov/2021:11:05:09 -0300] "GET /cormun/servlet/trpermisosgoce? HTTP/1.1" 200 11236
190.171.142.42 - - [23/Nov/2021:11:05:18 -0300] "GET /cormun/servlet/permisogoce?INS,0,,, HTTP/1.1" 200 7159
190.171.142.42 - - [23/Nov/2021:11:05:18 -0300] "GET /cormun/servlet/permisogoce?INS,0,,, HTTP/1.1" 200 7159
190.171.142.42 - - [23/Nov/2021:11:05:53 -0300] "GET /cormun/servlet/prfichaempleado?,MD,,gxPopupLevel%3D0%3B HTTP/1.1" 200 9300
190.171.142.42 - - [23/Nov/2021:11:06:06 -0300] "POST /cormun/servlet/prfichaempleado?14f9996e9a2fb8908ec039338393c974,,MD,,gxPopupLevel%3D0%3B,gx-no-cache=1637675648791 HTTP/1.1" 200 3401
190.171.142.42 - - [23/Nov/2021:11:06:10 -0300] "GET /cormun/servlet/permisogoce?73f8aca47d3064fa1b470aca4312cf5294a4c2ce9326b907bd0b645b86d14ff8c1755d28c8e22748b9d4966ead934815139cae9ce5d88242469dd19a5a8c732c,gx-no-cache=1637675652961 HTTP/1.1" 200 77
190.171.142.42 - - [23/Nov/2021:11:06:10 -0300] "GET /cormun/static/menuarrow.gif HTTP/1.1" 404 1015
190.171.142.42 - - [23/Nov/2021:11:06:15 -0300] "GET /cormun/servlet/permisogoce?73f8aca47d3064fa1b470aca4312cf52f6c66f72eb3172858098094883c906a6fde555218db644a390f66d4823b4aa301e1f98a8edc956daed64afc850b6b387,gx-no-cache=1637675657749 HTTP/1.1" 200 46
190.171.142.42 - - [23/Nov/2021:11:06:19 -0300] "POST /cormun/servlet/permisogoce?14f9996e9a2fb8908ec039338393c974,INS,0,,,,gx-no-cache=1637675661861 HTTP/1.1" 200 93
190.171.142.42 - - [23/Nov/2021:11:06:19 -0300] "GET /cormun/servlet/hpexe_return? HTTP/1.1" 200 1008
190.171.142.42 - - [23/Nov/2021:11:06:20 -0300] "GET /cormun/servlet/trpermisosgoce HTTP/1.1" 200 11517
190.171.142.42 - - [23/Nov/2021:11:06:20 -0300] "GET /cormun/servlet/trpermisosgoce HTTP/1.1" 200 11513
190.171.142.42 - - [23/Nov/2021:11:06:22 -0300] "GET /cormun/servlet/apermisogoceprn?10068542,P,20211123105059,PU HTTP/1.1" 200 1650
205.185.121.173 - - [23/Nov/2021:11:06:44 -0300] "GET /manager/html HTTP/1.1" 401 2474
205.185.121.173 - - [23/Nov/2021:11:09:30 -0300] "GET /manager/html HTTP/1.1" 401 2474
190.171.149.74 - - [23/Nov/2021:11:11:22 -0300] "GET /cormun/servlet/hlogin HTTP/1.1" 200 1728
205.185.121.173 - - [23/Nov/2021:11:12:11 -0300] "GET /manager/html HTTP/1.1" 401 2474
190.171.149.74 - - [23/Nov/2021:11:12:16 -0300] "POST /cormun/servlet/hlogin?7a448cb564024d16d6158b6047c3c9b2,gx-no-cache=1637679668382 HTTP/1.1" 200 90
190.171.149.74 - - [23/Nov/2021:11:12:16 -0300] "GET /cormun/servlet/hpexe_link HTTP/1.1" 200 959
190.171.149.74 - - [23/Nov/2021:11:12:16 -0300] "GET /cormun/servlet/trlicencias HTTP/1.1" 200 8953
190.171.149.74 - - [23/Nov/2021:11:12:17 -0300] "GET /cormun/servlet/trlicencias HTTP/1.1" 200 8951
190.171.149.74 - - [23/Nov/2021:11:12:48 -0300] "GET /cormun/servlet/trlicencias? HTTP/1.1" 200 8951
190.171.149.74 - - [23/Nov/2021:11:12:48 -0300] "GET /cormun/servlet/trlicencias? HTTP/1.1" 200 8951
190.171.149.74 - - [23/Nov/2021:11:12:51 -0300] "GET /cormun/servlet/licenciaspermisos?INS,0,,, HTTP/1.1" 200 7593
190.171.149.74 - - [23/Nov/2021:11:12:51 -0300] "GET /cormun/static/gxcfg.js?202012153173 HTTP/1.1" 200 953
190.171.149.74 - - [23/Nov/2021:11:12:51 -0300] "GET /cormun/static/licenciaspermisos.js?2020121532136 HTTP/1.1" 200 38824
190.171.149.74 - - [23/Nov/2021:11:12:51 -0300] "GET /cormun/servlet/licenciaspermisos?INS,0,,, HTTP/1.1" 200 7601
190.171.149.74 - - [23/Nov/2021:11:13:38 -0300] "GET /cormun/servlet/licenciaspermisos?3f057c45e2f167da2e050e1381f0857436992dac7d3d4761cd93776546b5cabd43c555ccedb1da208ce2c3409cecd967a37f3090dee22d20f8e575499efdc6eb,gx-no-cache=1637679750217 HTTP/1.1" 200 101
190.171.149.74 - - [23/Nov/2021:11:13:38 -0300] "POST /cormun/servlet/licenciaspermisos?7a448cb564024d16d6158b6047c3c9b2,INS,0,,,,gx-no-cache=1637679750280 HTTP/1.1" 200 4845
190.171.142.42 - - [23/Nov/2021:11:14:26 -0300] "GET /cormun/servlet/trlicencias? HTTP/1.1" 200 13095
190.171.142.42 - - [23/Nov/2021:11:14:27 -0300] "GET /cormun/servlet/trlicencias? HTTP/1.1" 200 13093
190.171.149.74 - - [23/Nov/2021:11:14:47 -0300] "GET /cormun/static/menuarrow.gif HTTP/1.1" 404 1015
190.171.141.114 - - [23/Nov/2021:11:14:58 -0300] "GET /cormun/servlet/trpermisosadjuntos?18952078,20211117112245,P, HTTP/1.1" 200 6337
190.171.141.114 - - [23/Nov/2021:11:15:00 -0300] "GET /cormun/servlet/trpermisosadjuntos?18952078,20211117112245,P, HTTP/1.1" 200 6315
190.171.141.114 - - [23/Nov/2021:11:15:04 -0300] "GET /cormun/servlet/permisosadjuntos?INS,18952078,P,20211117112245,, HTTP/1.1" 200 5636
190.171.141.114 - - [23/Nov/2021:11:15:04 -0300] "GET /cormun/static/about:blank HTTP/1.1" 404 1011
190.171.141.114 - - [23/Nov/2021:11:15:06 -0300] "GET /cormun/servlet/permisosadjuntos?INS,18952078,P,20211117112245,, HTTP/1.1" 200 5626
205.185.121.173 - - [23/Nov/2021:11:15:06 -0300] "GET /manager/html HTTP/1.1" 401 2474
190.171.141.114 - - [23/Nov/2021:11:15:20 -0300] "POST /cormun/servlet/permisosadjuntos?81f4686e56ccea0a5042288b666e1f6c,INS,18952078,P,20211117112245,, HTTP/1.1" 200 116
190.171.141.114 - - [23/Nov/2021:11:15:20 -0300] "GET /cormun/servlet/hpexe_return? HTTP/1.1" 200 1037
190.171.141.114 - - [23/Nov/2021:11:15:21 -0300] "GET /cormun/servlet/trpermisosadjuntos?18952078,20211117112245,P, HTTP/1.1" 200 6798
190.171.141.114 - - [23/Nov/2021:11:15:21 -0300] "GET /cormun/servlet/trpermisosadjuntos?18952078,20211117112245,P, HTTP/1.1" 200 6795
205.185.121.173 - - [23/Nov/2021:11:17:50 -0300] "GET /manager/html HTTP/1.1" 401 2474
190.171.149.74 - - [23/Nov/2021:11:18:01 -0300] "GET /cormun/servlet/licenciaspermisos?3f057c45e2f167da2e050e1381f0857494c7e88a26b60040e50db7eb2e494e2fde9d25f70eab91e670768f99130a2b0a1c64eeff75e2cea2ea84ddbfd61320fce56da325c711a90a4eb2555bacb59c9b3c5905dbbb816e6e8467adbe95d59583e771c116b1d9bd322963053b72d9bf17b033a2799d42b8352e8261c19b233b6715aa5fa2f44802456bcd5266bdd0fdbb2583794086c84f23d76d7c9c06c370306cba345ca855bbcff5aab902c275ddc8f5fef970dee0865ed4d737b5f662d873e09aaae34a872246ad861646a7f6f7ca05d42a0e0437ff883194c1662c67e450,gx-no-cache=1637680013629 HTTP/1.1" 200 30
190.171.149.74 - - [23/Nov/2021:11:18:01 -0300] "GET /cormun/servlet/licenciaspermisos?3f057c45e2f167da2e050e1381f085749ffcb5359d4437c88b8bc9a2b269ce7c25fe6850e16d616775a2d702cc86e953e0ba17fd9659b6835a8868ea6931fab988a7d6d728afadcc7a4ea65ea24113bc98643a1e3c00bdbec5075793a275f4f062fd03383d6ebec51b9266d867280763edc239a0f7a6f6c9aafe3b0edc37db81520f016ab8033ebb80d7d1ab93e100ef87dd560e100067374c0542fbee2f17b01f9bfce6df4fdd2bc59b311d6d765f62222a6b9f55e983341e39d2584ec827540baea18bdeee0903007d715e72de98bf063ee25de18dd3e0ac2352a8401f3abe,gx-no-cache=1637680013659 HTTP/1.1" 200 29
190.171.149.74 - - [23/Nov/2021:11:18:01 -0300] "POST /cormun/servlet/licenciaspermisos?7a448cb564024d16d6158b6047c3c9b2,INS,0,,,,gx-no-cache=1637680013678 HTTP/1.1" 200 93
190.171.149.74 - - [23/Nov/2021:11:18:02 -0300] "GET /cormun/servlet/hpexe_return? HTTP/1.1" 200 1015
190.171.149.74 - - [23/Nov/2021:11:18:02 -0300] "GET /cormun/servlet/trlicencias HTTP/1.1" 200 9413
190.171.149.74 - - [23/Nov/2021:11:18:02 -0300] "GET /cormun/servlet/trlicencias HTTP/1.1" 200 9408
190.171.149.74 - - [23/Nov/2021:11:18:06 -0300] "GET /cormun/servlet/licenciaspermisos?UPD,13477280,L,20211123000000, HTTP/1.1" 200 7775
190.171.149.74 - - [23/Nov/2021:11:18:07 -0300] "GET /cormun/servlet/licenciaspermisos?UPD,13477280,L,20211123000000, HTTP/1.1" 200 7794
190.171.149.74 - - [23/Nov/2021:11:18:07 -0300] "GET /cormun/servlet/licenciaspermisos?3f057c45e2f167da2e050e1381f0857436992dac7d3d4761cd93776546b5cabd99277eda7a8558f34d8564ce8ad0d9cbedc64efd73d8f8fa1a9870d88787c0d0a4720608aa1fd09ec224c7ab3041b8aa348755452539f8fd8a69647238c895e3,gx-no-cache=1637680019447 HTTP/1.1" 200 100
190.171.141.90 - - [23/Nov/2021:11:18:51 -0300] "GET /cormun/servlet/hhome HTTP/1.1" 200 3328
190.171.149.74 - - [23/Nov/2021:11:18:52 -0300] "GET /cormun/servlet/licenciaspermisos?3f057c45e2f167da2e050e1381f085742fe2c432b992f5d8734a69c3dca700bcde9d25f70eab91e670768f99130a2b0a1c64eeff75e2cea2ea84ddbfd61320fce56da325c711a90a4eb2555bacb59c9b3c5905dbbb816e6e8467adbe95d59583e771c116b1d9bd322963053b72d9bf17b033a2799d42b8352e8261c19b233b6715aa5fa2f44802456bcd5266bdd0fdbb2583794086c84f23d76d7c9c06c370306cba345ca855bbcff5aab902c275ddc8f5fef970dee0865ed4d737b5f662d873e09aaae34a872246ad861646a7f6f7ca05d42a0e0437ff883194c1662c67e450,gx-no-cache=1637680063935 HTTP/1.1" 200 30
190.171.149.74 - - [23/Nov/2021:11:18:52 -0300] "GET /cormun/servlet/licenciaspermisos?3f057c45e2f167da2e050e1381f085749ffcb5359d4437c88b8bc9a2b269ce7c25fe6850e16d616775a2d702cc86e953e0ba17fd9659b6835a8868ea6931fab988a7d6d728afadcc7a4ea65ea24113bc98643a1e3c00bdbec5075793a275f4f062fd03383d6ebec51b9266d867280763edc239a0f7a6f6c9aafe3b0edc37db81520f016ab8033ebb80d7d1ab93e100ef87dd560e100067374c0542fbee2f17b01f9bfce6df4fdd2bc59b311d6d765f62222a6b9f55e983341e39d2584ec827540baea18bdeee0903007d715e72de98bf063ee25de18dd3e0ac2352a8401f3abe,gx-no-cache=1637680063958 HTTP/1.1" 200 29
190.171.149.74 - - [23/Nov/2021:11:18:52 -0300] "POST /cormun/servlet/licenciaspermisos?7a448cb564024d16d6158b6047c3c9b2,UPD,13477280,L,20211123000000,,gx-no-cache=1637680063987 HTTP/1.1" 200 93
190.171.149.74 - - [23/Nov/2021:11:18:52 -0300] "GET /cormun/servlet/hpexe_return? HTTP/1.1" 200 1032
190.171.141.90 - - [23/Nov/2021:11:18:52 -0300] "GET /cormun/servlet/hlogin HTTP/1.1" 200 1739
190.171.141.90 - - [23/Nov/2021:11:18:52 -0300] "GET /cormun/servlet/hhome HTTP/1.1" 200 3326
190.171.149.74 - - [23/Nov/2021:11:18:52 -0300] "GET /cormun/servlet/trlicencias HTTP/1.1" 200 9413
190.171.149.74 - - [23/Nov/2021:11:18:52 -0300] "GET /cormun/servlet/trlicencias HTTP/1.1" 200 9408
190.171.149.74 - - [23/Nov/2021:11:18:55 -0300] "GET /cormun/servlet/alicenciaprn?13477280,L,20211123000000,PU HTTP/1.1" 200 1556
205.185.121.173 - - [23/Nov/2021:11:20:33 -0300] "GET /manager/html HTTP/1.1" 401 2474
205.185.121.173 - - [23/Nov/2021:11:23:17 -0300] "GET /manager/html HTTP/1.1" 401 2474
205.185.121.173 - - [23/Nov/2021:11:26:05 -0300] "GET /manager/html HTTP/1.1" 401 2474
205.185.121.173 - - [23/Nov/2021:11:29:02 -0300] "GET /manager/html HTTP/1.1" 401 2474
190.171.141.114 - - [23/Nov/2021:11:29:52 -0300] "GET /cormun/servlet/permisosadjuntos?INS,18952078,P,20211117112245,, HTTP/1.1" 200 5637
190.171.141.114 - - [23/Nov/2021:11:29:52 -0300] "GET /cormun/static/about:blank HTTP/1.1" 404 1011
190.171.141.114 - - [23/Nov/2021:11:29:54 -0300] "GET /cormun/servlet/permisosadjuntos?INS,18952078,P,20211117112245,, HTTP/1.1" 200 5627
190.171.141.114 - - [23/Nov/2021:11:29:56 -0300] "GET /cormun/servlet/trpermisosgoce? HTTP/1.1" 200 14349
190.171.141.114 - - [23/Nov/2021:11:29:58 -0300] "GET /cormun/servlet/trpermisosgoce? HTTP/1.1" 200 14332
190.171.141.114 - - [23/Nov/2021:11:30:03 -0300] "POST /cormun/servlet/trpermisosgoce?81f4686e56ccea0a5042288b666e1f6c,,gx-no-cache=1637677103618 HTTP/1.1" 200 11469
190.171.141.114 - - [23/Nov/2021:11:30:15 -0300] "GET /cormun/servlet/trpermisosadjuntos?16816825,20211116152634,P, HTTP/1.1" 200 6307
190.171.141.114 - - [23/Nov/2021:11:30:17 -0300] "GET /cormun/servlet/trpermisosadjuntos?16816825,20211116152634,P, HTTP/1.1" 200 6307
190.171.141.114 - - [23/Nov/2021:11:30:20 -0300] "GET /cormun/servlet/permisosadjuntos?INS,16816825,P,20211116152634,, HTTP/1.1" 200 5626
190.171.141.114 - - [23/Nov/2021:11:30:21 -0300] "GET /cormun/static/about:blank HTTP/1.1" 404 1011
190.171.141.114 - - [23/Nov/2021:11:30:21 -0300] "GET /cormun/servlet/permisosadjuntos?INS,16816825,P,20211116152634,, HTTP/1.1" 200 5615
190.171.141.114 - - [23/Nov/2021:11:31:02 -0300] "POST /cormun/servlet/permisosadjuntos?81f4686e56ccea0a5042288b666e1f6c,INS,16816825,P,20211116152634,,,gx-no-cache=1637677162674 HTTP/1.1" 200 93
190.171.141.114 - - [23/Nov/2021:11:31:02 -0300] "GET /cormun/servlet/hpexe_return? HTTP/1.1" 200 1037
190.171.141.114 - - [23/Nov/2021:11:31:02 -0300] "GET /cormun/servlet/trpermisosadjuntos?16816825,20211116152634,P, HTTP/1.1" 200 6311
190.171.141.114 - - [23/Nov/2021:11:31:03 -0300] "GET /cormun/servlet/trpermisosadjuntos?16816825,20211116152634,P, HTTP/1.1" 200 6307
190.171.141.114 - - [23/Nov/2021:11:31:07 -0300] "POST /cormun/servlet/trpermisosadjuntos?81f4686e56ccea0a5042288b666e1f6c,16816825,20211116152634,P,,gx-no-cache=1637677168217 HTTP/1.1" 200 90
190.171.141.114 - - [23/Nov/2021:11:31:07 -0300] "GET /cormun/servlet/hpexe_link HTTP/1.1" 200 985
190.171.141.114 - - [23/Nov/2021:11:31:08 -0300] "GET /cormun/servlet/trpermisosgoce? HTTP/1.1" 200 14326
190.171.141.114 - - [23/Nov/2021:11:31:09 -0300] "GET /cormun/servlet/trpermisosgoce? HTTP/1.1" 200 14332
205.185.121.173 - - [23/Nov/2021:11:32:03 -0300] "GET /manager/html HTTP/1.1" 401 2474
200.83.224.3 - - [23/Nov/2021:11:32:59 -0300] "GET /cormun/servlet/hlogin HTTP/1.1" 200 1727
205.185.121.173 - - [23/Nov/2021:11:35:05 -0300] "GET /manager/html HTTP/1.1" 401 2474
190.171.141.138 - - [23/Nov/2021:11:37:19 -0300] "GET /cormun/servlet/hlogin HTTP/1.1" 200 1731
190.171.141.138 - - [23/Nov/2021:11:37:22 -0300] "POST /cormun/servlet/hlogin?1d5e54a99298ded2c843e779d140be75,gx-no-cache=1637677524870 HTTP/1.1" 200 90
190.171.141.138 - - [23/Nov/2021:11:37:22 -0300] "GET /cormun/servlet/hpexe_link HTTP/1.1" 200 958
190.171.141.138 - - [23/Nov/2021:11:37:23 -0300] "GET /cormun/servlet/hhome HTTP/1.1" 200 4474
190.171.141.138 - - [23/Nov/2021:11:37:24 -0300] "GET /cormun/servlet/hhome HTTP/1.1" 200 4472
200.83.224.3 - - [23/Nov/2021:11:37:25 -0300] "POST /cormun/servlet/hlogin?7e440e18425ff6c3e0f95c05b95f8caf,gx-no-cache=1637677547177 HTTP/1.1" 200 90
200.83.224.3 - - [23/Nov/2021:11:37:25 -0300] "GET /cormun/servlet/hpexe_link HTTP/1.1" 200 956
200.83.224.3 - - [23/Nov/2021:11:37:26 -0300] "GET /cormun/servlet/hhome HTTP/1.1" 200 4306
200.83.224.3 - - [23/Nov/2021:11:37:32 -0300] "GET /cormun/servlet/hhome HTTP/1.1" 200 4303
205.185.121.173 - - [23/Nov/2021:11:37:53 -0300] "GET /manager/html HTTP/1.1" 401 2474
190.171.141.138 - - [23/Nov/2021:11:37:54 -0300] "GET /cormun/servlet/trpermisosgoce? HTTP/1.1" 200 11672
190.171.141.138 - - [23/Nov/2021:11:37:55 -0300] "GET /cormun/servlet/trpermisosgoce? HTTP/1.1" 200 11676
190.171.141.138 - - [23/Nov/2021:11:37:58 -0300] "GET /cormun/servlet/permisogoce?INS,0,,, HTTP/1.1" 200 7373
190.171.141.138 - - [23/Nov/2021:11:37:58 -0300] "GET /cormun/static/gxcfg.js?20201215124560 HTTP/1.1" 200 953
190.171.141.138 - - [23/Nov/2021:11:37:58 -0300] "GET /cormun/static/permisogoce.js?20201215124939 HTTP/1.1" 200 27919
190.171.141.138 - - [23/Nov/2021:11:37:58 -0300] "GET /cormun/static/Resources/prompt.gif HTTP/1.1" 200 902
190.171.141.138 - - [23/Nov/2021:11:37:59 -0300] "GET /cormun/servlet/permisogoce?INS,0,,, HTTP/1.1" 200 7372
190.171.141.138 - - [23/Nov/2021:11:38:10 -0300] "GET /cormun/servlet/permisogoce?139e9f2dcfa7ac4861fdd84ab8532f533032592733f903a34f86a57439fcd7ea1b12427154b12c1399168f75c66eac1f730f5f98bddc0b85e34eae3523963780,gx-no-cache=1637677573187 HTTP/1.1" 200 79
190.171.141.138 - - [23/Nov/2021:11:38:10 -0300] "GET /cormun/static/menuarrow.gif HTTP/1.1" 404 1015
190.171.141.138 - - [23/Nov/2021:11:38:16 -0300] "GET /cormun/servlet/permisogoce?139e9f2dcfa7ac4861fdd84ab8532f53f9f9b92de3f654b0ee760721e2ac7744bc5138410cb8306a06f486ee242147e2f633d31ae83b6d6819a6b50537f9cf69,gx-no-cache=1637677578724 HTTP/1.1" 200 47
190.171.141.138 - - [23/Nov/2021:11:38:16 -0300] "POST /cormun/servlet/permisogoce?1d5e54a99298ded2c843e779d140be75,INS,0,,,,gx-no-cache=1637677578765 HTTP/1.1" 200 93
190.171.141.138 - - [23/Nov/2021:11:38:17 -0300] "GET /cormun/servlet/hpexe_return? HTTP/1.1" 200 1015
190.171.141.138 - - [23/Nov/2021:11:38:17 -0300] "GET /cormun/servlet/trpermisosgoce HTTP/1.1" 200 11899
190.171.141.138 - - [23/Nov/2021:11:38:18 -0300] "GET /cormun/servlet/trpermisosgoce HTTP/1.1" 200 11901
190.171.141.138 - - [23/Nov/2021:11:38:22 -0300] "GET /cormun/servlet/apermisogoceprn?9821002,P,20211123112339,PU HTTP/1.1" 200 1661
190.171.141.138 - - [23/Nov/2021:11:39:01 -0300] "GET /cormun/servlet/permisogoce?INS,0,,, HTTP/1.1" 200 7372
190.171.141.138 - - [23/Nov/2021:11:39:02 -0300] "GET /cormun/servlet/permisogoce?INS,0,,, HTTP/1.1" 200 7373
190.171.141.138 - - [23/Nov/2021:11:39:11 -0300] "GET /cormun/servlet/permisogoce?139e9f2dcfa7ac4861fdd84ab8532f534c40efda3f251cdb012a33d6ea8452cb3b1b6844b9b025e4c656ef8fe1326e1813dfae8580fed94ae75fbb92d3d1ec16,gx-no-cache=1637677633765 HTTP/1.1" 200 79
190.171.141.138 - - [23/Nov/2021:11:39:11 -0300] "GET /cormun/static/menuarrow.gif HTTP/1.1" 404 1015
190.171.141.138 - - [23/Nov/2021:11:39:13 -0300] "GET /cormun/servlet/permisogoce?139e9f2dcfa7ac4861fdd84ab8532f537f4f35d576175aad1097daf6dd99ef1bef64b30a6d2d143faa309adf83ca3ada45165510cbf74eeb80258453ec4c1532,gx-no-cache=1637677635749 HTTP/1.1" 200 129
190.171.141.138 - - [23/Nov/2021:11:39:13 -0300] "GET /cormun/static/Shared/jqueryui/images/ui-bg_highlight-soft_100_c6c2c8_1x100.png HTTP/1.1" 404 1117
190.171.141.138 - - [23/Nov/2021:11:39:13 -0300] "GET /cormun/static/Shared/jqueryui/images/ui-icons_82798d_256x240.png HTTP/1.1" 404 1089
190.171.141.138 - - [23/Nov/2021:11:39:13 -0300] "GET /cormun/static/Shared/jqueryui/images/ui-bg_flat_55_994d53_40x100.png HTTP/1.1" 404 1097
190.171.141.138 - - [23/Nov/2021:11:39:13 -0300] "GET /cormun/static/Shared/jqueryui/images/ui-icons_ebccce_256x240.png HTTP/1.1" 404 1089
190.171.141.138 - - [23/Nov/2021:11:39:19 -0300] "GET /cormun/servlet/permisogoce?139e9f2dcfa7ac4861fdd84ab8532f537f4f35d576175aad1097daf6dd99ef1b60c02ee74f59e281ff552277c45b5a8f04583c2be71b1056a8fb3b0dbcc1d07f,gx-no-cache=1637677642035 HTTP/1.1" 200 47
190.171.141.138 - - [23/Nov/2021:11:39:37 -0300] "GET /cormun/servlet/permisogoce?139e9f2dcfa7ac4861fdd84ab8532f537f4f35d576175aad1097daf6dd99ef1b35168549ac3a5d04b79360b52fda66695dcdfcd6ecf1155ae1f869ff561ddbae,gx-no-cache=1637677659498 HTTP/1.1" 200 47
190.171.141.138 - - [23/Nov/2021:11:39:37 -0300] "POST /cormun/servlet/permisogoce?1d5e54a99298ded2c843e779d140be75,INS,0,,,,gx-no-cache=1637677659534 HTTP/1.1" 200 93
190.171.141.138 - - [23/Nov/2021:11:39:37 -0300] "GET /cormun/servlet/hpexe_return? HTTP/1.1" 200 1015
190.171.141.138 - - [23/Nov/2021:11:39:38 -0300] "GET /cormun/servlet/trpermisosgoce HTTP/1.1" 200 12112
190.171.141.138 - - [23/Nov/2021:11:39:38 -0300] "GET /cormun/servlet/trpermisosgoce HTTP/1.1" 200 12108
190.171.141.138 - - [23/Nov/2021:11:39:42 -0300] "GET /cormun/servlet/apermisogoceprn?18015264,P,20211123112442,PU HTTP/1.1" 200 1660
200.54.103.162 - - [23/Nov/2021:11:39:58 -0300] "GET /cormun/servlet/hlogin HTTP/1.1" 200 1724
200.54.103.162 - - [23/Nov/2021:11:40:00 -0300] "GET /cormun/servlet/hlogin HTTP/1.1" 200 1734
200.54.103.162 - - [23/Nov/2021:11:40:16 -0300] "POST /cormun/servlet/hlogin?dd825717808637814a50527e1d294c6c,gx-no-cache=1637677698746 HTTP/1.1" 200 90
200.54.103.162 - - [23/Nov/2021:11:40:16 -0300] "GET /cormun/servlet/hpexe_link HTTP/1.1" 200 950
200.54.103.162 - - [23/Nov/2021:11:40:17 -0300] "GET /cormun/servlet/hhome HTTP/1.1" 200 4338
200.54.103.162 - - [23/Nov/2021:11:40:18 -0300] "GET /cormun/servlet/hhome HTTP/1.1" 200 4335
200.54.103.162 - - [23/Nov/2021:11:40:23 -0300] "GET /cormun/servlet/trlicencias? HTTP/1.1" 200 13297
200.54.103.162 - - [23/Nov/2021:11:40:23 -0300] "GET /cormun/static/gxcfg.js?2020121613995 HTTP/1.1" 200 953
200.54.103.162 - - [23/Nov/2021:11:40:23 -0300] "GET /cormun/static/trlicencias.js?202012162481 HTTP/1.1" 200 41883
200.54.103.162 - - [23/Nov/2021:11:40:24 -0300] "GET /cormun//static/Resources/PXToolsHeaderHelp.png HTTP/1.1" 200 1333
200.54.103.162 - - [23/Nov/2021:11:40:24 -0300] "GET /cormun//static/Resources/PXToolsGridDisplay.png HTTP/1.1" 200 525
200.54.103.162 - - [23/Nov/2021:11:40:24 -0300] "GET /cormun//static/Resources/PXToolsHeaderFavorites.png HTTP/1.1" 200 1414
200.54.103.162 - - [23/Nov/2021:11:40:24 -0300] "GET /cormun//static/Resources/PXToolsActionPrint.png HTTP/1.1" 200 404
200.54.103.162 - - [23/Nov/2021:11:40:24 -0300] "GET /cormun/servlet/trlicencias? HTTP/1.1" 200 13296
200.54.103.162 - - [23/Nov/2021:11:40:37 -0300] "GET /cormun/servlet/alicenciaprn?13273625,L,20211117000000,PU HTTP/1.1" 200 1561
205.185.121.173 - - [23/Nov/2021:11:40:40 -0300] "GET /manager/html HTTP/1.1" 401 2474
190.171.149.74 - - [23/Nov/2021:11:41:55 -0300] "GET /cormun/servlet/hlogin HTTP/1.1" 200 1728
190.171.149.74 - - [23/Nov/2021:11:42:04 -0300] "POST /cormun/servlet/hlogin?7a448cb564024d16d6158b6047c3c9b2,gx-no-cache=1637681456340 HTTP/1.1" 200 90
190.171.149.74 - - [23/Nov/2021:11:42:04 -0300] "GET /cormun/servlet/hpexe_link HTTP/1.1" 200 959
190.171.149.74 - - [23/Nov/2021:11:42:04 -0300] "GET /cormun/servlet/trlicencias HTTP/1.1" 200 9665
190.171.149.74 - - [23/Nov/2021:11:42:05 -0300] "GET /cormun/servlet/trlicencias HTTP/1.1" 200 9663
190.171.141.138 - - [23/Nov/2021:11:42:36 -0300] "GET /cormun/servlet/trpermisosadjuntos?18375652,20211111120042,P, HTTP/1.1" 200 7334
190.171.141.138 - - [23/Nov/2021:11:42:38 -0300] "GET /cormun/servlet/trpermisosadjuntos?18375652,20211111120042,P, HTTP/1.1" 200 7333
190.171.141.138 - - [23/Nov/2021:11:42:39 -0300] "POST /cormun/servlet/trpermisosadjuntos?1d5e54a99298ded2c843e779d140be75,18375652,20211111120042,P,,gx-no-cache=1637677842035 HTTP/1.1" 200 90
190.171.141.138 - - [23/Nov/2021:11:42:39 -0300] "GET /cormun/servlet/hpexe_link HTTP/1.1" 200 988
190.171.141.138 - - [23/Nov/2021:11:42:40 -0300] "GET /cormun/servlet/trpermisosgoce HTTP/1.1" 200 12126
190.171.141.138 - - [23/Nov/2021:11:42:40 -0300] "GET /cormun/servlet/trpermisosgoce HTTP/1.1" 200 12125
190.171.141.138 - - [23/Nov/2021:11:42:42 -0300] "POST /cormun/servlet/trpermisosgoce?1d5e54a99298ded2c843e779d140be75,gx-no-cache=1637677844646 HTTP/1.1" 200 9231
190.171.141.138 - - [23/Nov/2021:11:42:42 -0300] "GET /cormun/static/Shared/jqueryui/images/ui-bg_highlight-soft_100_c6c2c8_1x100.png HTTP/1.1" 404 1117
190.171.141.138 - - [23/Nov/2021:11:42:42 -0300] "GET /cormun/static/Shared/jqueryui/images/ui-icons_82798d_256x240.png HTTP/1.1" 404 1089
190.171.141.138 - - [23/Nov/2021:11:42:42 -0300] "GET /cormun/static/Shared/jqueryui/images/ui-bg_flat_55_fafafa_40x100.png HTTP/1.1" 404 1097
190.171.141.138 - - [23/Nov/2021:11:42:42 -0300] "GET /cormun/static/Shared/jqueryui/images/ui-icons_8d78a5_256x240.png HTTP/1.1" 404 1089
190.171.141.138 - - [23/Nov/2021:11:42:47 -0300] "GET /cormun/servlet/trautorizarpermisogoce? HTTP/1.1" 200 8165
190.171.141.138 - - [23/Nov/2021:11:42:47 -0300] "GET /cormun/static/gxcfg.js?2020121645532 HTTP/1.1" 200 953
190.171.141.138 - - [23/Nov/2021:11:42:47 -0300] "GET /cormun/static/trautorizarpermisogoce.js?2020121651492 HTTP/1.1" 200 34948
190.171.141.138 - - [23/Nov/2021:11:42:47 -0300] "GET /cormun/servlet/trautorizarpermisogoce? HTTP/1.1" 200 8165
190.171.141.138 - - [23/Nov/2021:11:42:49 -0300] "POST /cormun/servlet/trautorizarpermisogoce?1d5e54a99298ded2c843e779d140be75,,gx-no-cache=1637677851812 HTTP/1.1" 200 4536
190.171.141.138 - - [23/Nov/2021:11:42:49 -0300] "GET /cormun/static/Shared/jqueryui/images/ui-bg_highlight-soft_100_c6c2c8_1x100.png HTTP/1.1" 404 1117
190.171.141.138 - - [23/Nov/2021:11:42:49 -0300] "GET /cormun/static/Shared/jqueryui/images/ui-icons_82798d_256x240.png HTTP/1.1" 404 1089
190.171.141.138 - - [23/Nov/2021:11:42:49 -0300] "GET /cormun/static/Shared/jqueryui/images/ui-bg_flat_55_fafafa_40x100.png HTTP/1.1" 404 1097
190.171.141.138 - - [23/Nov/2021:11:42:49 -0300] "GET /cormun/static/Shared/jqueryui/images/ui-icons_8d78a5_256x240.png HTTP/1.1" 404 1089
205.185.121.173 - - [23/Nov/2021:11:43:28 -0300] "GET /manager/html HTTP/1.1" 401 2474
205.185.121.173 - - [23/Nov/2021:11:50:17 -0300] "GET /manager/html HTTP/1.1" 401 2474
205.185.121.173 - - [23/Nov/2021:11:53:07 -0300] "GET /manager/html HTTP/1.1" 401 2474
186.103.157.42 - - [23/Nov/2021:11:53:49 -0300] "GET /cormun/servlet/hlogin HTTP/1.1" 200 1727
186.103.157.42 - - [23/Nov/2021:11:54:03 -0300] "POST /cormun/servlet/hlogin?0c39dc977cb05af9fc9bf7308081da5a,gx-no-cache=1637678525056 HTTP/1.1" 200 90
186.103.157.42 - - [23/Nov/2021:11:54:03 -0300] "GET /cormun/servlet/hpexe_link HTTP/1.1" 200 953
186.103.157.42 - - [23/Nov/2021:11:54:04 -0300] "GET /cormun/servlet/hhome HTTP/1.1" 200 4362
186.103.157.42 - - [23/Nov/2021:11:54:04 -0300] "GET /cormun/servlet/hhome HTTP/1.1" 200 4358
186.103.157.42 - - [23/Nov/2021:11:54:07 -0300] "GET /cormun/servlet/trlicencias? HTTP/1.1" 200 11092
186.103.157.42 - - [23/Nov/2021:11:54:11 -0300] "GET /cormun/servlet/trlicencias? HTTP/1.1" 200 11089
205.185.121.173 - - [23/Nov/2021:11:55:45 -0300] "GET /manager/html HTTP/1.1" 401 2474
205.185.121.173 - - [23/Nov/2021:11:58:36 -0300] "GET /manager/html HTTP/1.1" 401 2474
205.185.121.173 - - [23/Nov/2021:12:01:16 -0300] "GET /manager/html HTTP/1.1" 401 2474
205.185.121.173 - - [23/Nov/2021:12:04:03 -0300] "GET /manager/html HTTP/1.1" 401 2474
190.171.141.138 - - [23/Nov/2021:12:06:31 -0300] "GET /cormun/servlet/hlogin HTTP/1.1" 200 1731
205.185.121.173 - - [23/Nov/2021:12:06:55 -0300] "GET /manager/html HTTP/1.1" 401 2474
190.171.141.138 - - [23/Nov/2021:12:09:02 -0300] "POST /cormun/servlet/hlogin?1d5e54a99298ded2c843e779d140be75,gx-no-cache=1637679424600 HTTP/1.1" 200 90
190.171.141.138 - - [23/Nov/2021:12:09:02 -0300] "GET /cormun/servlet/hpexe_link HTTP/1.1" 200 971
190.171.141.138 - - [23/Nov/2021:12:09:02 -0300] "GET /cormun/servlet/trautorizarpermisogoce? HTTP/1.1" 200 7317
190.171.141.138 - - [23/Nov/2021:12:09:04 -0300] "GET /cormun/servlet/trautorizarpermisogoce? HTTP/1.1" 200 7316
190.171.141.138 - - [23/Nov/2021:12:09:06 -0300] "POST /cormun/servlet/trautorizarpermisogoce?1d5e54a99298ded2c843e779d140be75,,gx-no-cache=1637679428456 HTTP/1.1" 200 4419
190.171.141.138 - - [23/Nov/2021:12:09:17 -0300] "POST /cormun/servlet/trautorizarpermisogoce?1d5e54a99298ded2c843e779d140be75,,gx-no-cache=1637679439399 HTTP/1.1" 200 4419
190.171.141.138 - - [23/Nov/2021:12:09:19 -0300] "GET /cormun/servlet/trlicencias? HTTP/1.1" 200 13145
190.171.141.138 - - [23/Nov/2021:12:09:20 -0300] "GET /cormun/servlet/trlicencias? HTTP/1.1" 200 13144
205.185.121.173 - - [23/Nov/2021:12:09:38 -0300] "GET /manager/html HTTP/1.1" 401 2474
205.185.121.173 - - [23/Nov/2021:12:12:48 -0300] "GET /manager/html HTTP/1.1" 401 2474
190.171.144.234 - - [23/Nov/2021:12:13:37 -0300] "GET /cormun/servlet/hlogin HTTP/1.1" 200 1721
190.171.144.234 - - [23/Nov/2021:12:13:40 -0300] "POST /cormun/servlet/hlogin?a7252a2a2d6aa2113e1d1971d4845fb9,gx-no-cache=1637679703164 HTTP/1.1" 200 90
190.171.144.234 - - [23/Nov/2021:12:13:40 -0300] "GET /cormun/servlet/hpexe_link HTTP/1.1" 200 949
190.171.144.234 - - [23/Nov/2021:12:13:41 -0300] "GET /cormun/servlet/hhome HTTP/1.1" 200 3981
190.171.144.234 - - [23/Nov/2021:12:13:41 -0300] "GET /cormun/servlet/hhome HTTP/1.1" 200 3977
190.171.144.234 - - [23/Nov/2021:12:13:46 -0300] "GET /cormun/servlet/trpermisosgoce? HTTP/1.1" 200 9667
190.171.144.234 - - [23/Nov/2021:12:13:47 -0300] "GET /cormun/servlet/trpermisosgoce? HTTP/1.1" 200 9661
190.171.144.234 - - [23/Nov/2021:12:13:49 -0300] "GET /cormun/servlet/permisogoce?INS,0,,, HTTP/1.1" 200 6843
190.171.144.234 - - [23/Nov/2021:12:13:50 -0300] "GET /cormun/servlet/permisogoce?INS,0,,, HTTP/1.1" 200 6841
190.171.144.234 - - [23/Nov/2021:12:13:52 -0300] "POST /cormun/servlet/permisogoce?a7252a2a2d6aa2113e1d1971d4845fb9,INS,0,,,,gx-no-cache=1637679715004 HTTP/1.1" 200 93
190.171.144.234 - - [23/Nov/2021:12:13:52 -0300] "GET /cormun/servlet/hpexe_return? HTTP/1.1" 200 1007
190.171.144.234 - - [23/Nov/2021:12:13:52 -0300] "GET /cormun/servlet/trpermisosgoce HTTP/1.1" 200 9666
190.171.144.234 - - [23/Nov/2021:12:13:53 -0300] "GET /cormun/servlet/trpermisosgoce HTTP/1.1" 200 9661
190.171.144.234 - - [23/Nov/2021:12:13:55 -0300] "GET /cormun/servlet/permisogoce?INS,0,,, HTTP/1.1" 200 6842
190.171.144.234 - - [23/Nov/2021:12:13:55 -0300] "GET /cormun/servlet/permisogoce?INS,0,,, HTTP/1.1" 200 6842
190.171.144.234 - - [23/Nov/2021:12:14:03 -0300] "GET /cormun/servlet/permisogoce?688819e265a38cf696e5949cde6ee7d78d2740be0135fd6c0ac064052c166e0cc8632849f84a2982c7666db9bf477dc2f4b04cf506f16b0f9e28f4b8bafb2499,gx-no-cache=1637679725837 HTTP/1.1" 200 79
190.171.144.234 - - [23/Nov/2021:12:14:04 -0300] "GET /cormun/static/menuarrow.gif HTTP/1.1" 404 1015
190.171.144.234 - - [23/Nov/2021:12:14:08 -0300] "GET /cormun/servlet/permisogoce?688819e265a38cf696e5949cde6ee7d7f575c79ca67df9ff16d054172821d50b26b52ce6b1ec3615ebb4ac51ec9cf228da0906dd5bf64a8414315cf08cd63553,gx-no-cache=1637679731677 HTTP/1.1" 200 46
190.171.144.234 - - [23/Nov/2021:12:14:11 -0300] "POST /cormun/servlet/permisogoce?a7252a2a2d6aa2113e1d1971d4845fb9,INS,0,,,,gx-no-cache=1637679733822 HTTP/1.1" 200 93
190.171.144.234 - - [23/Nov/2021:12:14:11 -0300] "GET /cormun/servlet/hpexe_return? HTTP/1.1" 200 1007
190.171.144.234 - - [23/Nov/2021:12:14:11 -0300] "GET /cormun/servlet/trpermisosgoce HTTP/1.1" 200 9928
190.171.144.234 - - [23/Nov/2021:12:14:12 -0300] "GET /cormun/servlet/trpermisosgoce HTTP/1.1" 200 9929
190.171.144.234 - - [23/Nov/2021:12:14:15 -0300] "GET /cormun/servlet/apermisogoceprn?15946443,P,20211123115936,PU HTTP/1.1" 200 1655
190.171.144.234 - - [23/Nov/2021:12:14:32 -0300] "GET /cormun/servlet/hlogin HTTP/1.1" 200 1741
205.185.121.173 - - [23/Nov/2021:12:15:35 -0300] "GET /manager/html HTTP/1.1" 401 2474
205.185.121.173 - - [23/Nov/2021:12:18:25 -0300] "GET /manager/html HTTP/1.1" 401 2474
205.185.121.173 - - [23/Nov/2021:12:21:15 -0300] "GET /manager/html HTTP/1.1" 401 2474
200.54.103.162 - - [23/Nov/2021:12:21:56 -0300] "GET /cormun/servlet/trlicencias? HTTP/1.1" 200 6044
205.185.121.173 - - [23/Nov/2021:12:24:05 -0300] "GET /manager/html HTTP/1.1" 401 2474
190.171.149.74 - - [23/Nov/2021:12:24:43 -0300] "GET /cormun/servlet/hlogin HTTP/1.1" 200 1732
190.171.149.74 - - [23/Nov/2021:12:24:49 -0300] "POST /cormun/servlet/hlogin?e2baa0b315ba6ba93511923b8d1f2228,gx-no-cache=1637684020916 HTTP/1.1" 200 90
190.171.149.74 - - [23/Nov/2021:12:24:49 -0300] "GET /cormun/servlet/hpexe_link HTTP/1.1" 200 958
190.171.149.74 - - [23/Nov/2021:12:24:49 -0300] "GET /cormun/servlet/hhome HTTP/1.1" 200 3985
190.171.149.74 - - [23/Nov/2021:12:24:49 -0300] "GET /cormun/servlet/hhome HTTP/1.1" 200 3982
190.171.149.74 - - [23/Nov/2021:12:24:52 -0300] "GET /cormun/servlet/trlicencias? HTTP/1.1" 200 9667
190.171.149.74 - - [23/Nov/2021:12:24:52 -0300] "GET /cormun/servlet/trlicencias? HTTP/1.1" 200 9664
190.171.141.114 - - [23/Nov/2021:12:24:54 -0300] "GET /cormun/servlet/trvisualizadoreventos? HTTP/1.1" 200 5875
190.171.141.114 - - [23/Nov/2021:12:24:56 -0300] "GET /cormun/servlet/hlogin HTTP/1.1" 200 1750
190.171.141.114 - - [23/Nov/2021:12:24:57 -0300] "GET /cormun/servlet/trvisualizadoreventos? HTTP/1.1" 200 5886
190.171.141.114 - - [23/Nov/2021:12:25:30 -0300] "POST /cormun/servlet/hlogin?49c4e80bc4b79b251f6862c4274c71ec,gx-no-cache=1637680431531 HTTP/1.1" 200 90
190.171.141.114 - - [23/Nov/2021:12:25:31 -0300] "GET /cormun/servlet/hpexe_link HTTP/1.1" 200 966
190.171.141.114 - - [23/Nov/2021:12:25:31 -0300] "GET /cormun/servlet/trvisualizadoreventos HTTP/1.1" 200 6556
190.171.141.114 - - [23/Nov/2021:12:25:33 -0300] "GET /cormun/servlet/trvisualizadoreventos HTTP/1.1" 200 6555
205.185.121.173 - - [23/Nov/2021:12:27:00 -0300] "GET /manager/html HTTP/1.1" 401 2474
186.103.159.189 - - [23/Nov/2021:12:27:36 -0300] "GET /cormun/servlet/hlogin HTTP/1.1" 200 1725
186.103.159.189 - - [23/Nov/2021:12:27:55 -0300] "GET /cormun/static/gxtimezone.js?85251 HTTP/1.1" 200 5781
186.103.159.189 - - [23/Nov/2021:12:27:55 -0300] "GET /cormun/static/gxcfg.js?201910216285969 HTTP/1.1" 200 953
186.103.159.189 - - [23/Nov/2021:12:27:55 -0300] "GET /cormun/static/Resources/Spanish/PXTools.css?2294816 HTTP/1.1" 200 100853
186.103.159.189 - - [23/Nov/2021:12:28:07 -0300] "GET /cormun/static/gxgral.js?85251 HTTP/1.1" 200 384558
186.103.159.189 - - [23/Nov/2021:12:28:08 -0300] "GET /cormun/static/messages.spa.js?85251 HTTP/1.1" 200 30736
190.171.141.114 - - [23/Nov/2021:12:28:15 -0300] "GET /cormun/servlet/trpermisosgoce? HTTP/1.1" 200 14475
190.171.141.114 - - [23/Nov/2021:12:28:18 -0300] "GET /cormun/servlet/trpermisosgoce? HTTP/1.1" 200 14468
190.171.141.114 - - [23/Nov/2021:12:28:29 -0300] "POST /cormun/servlet/trpermisosgoce?49c4e80bc4b79b251f6862c4274c71ec,,gx-no-cache=1637680610176 HTTP/1.1" 200 11753
190.171.141.114 - - [23/Nov/2021:12:28:36 -0300] "POST /cormun/servlet/trpermisosgoce?49c4e80bc4b79b251f6862c4274c71ec,,gx-no-cache=1637680616881 HTTP/1.1" 200 11766
190.171.141.114 - - [23/Nov/2021:12:28:36 -0300] "GET /cormun/static/Shared/jqueryui/images/ui-bg_highlight-soft_100_c6c2c8_1x100.png HTTP/1.1" 404 1117
