190.171.153.26 - - [23/Nov/2021:13:14:47 -0300] "POST /cormun/servlet/licenciaspermisos?074b3ae50f903dc86c01cf5a1b95fcc8,INS,0,,,,gx-no-cache=1637683372240 HTTP/1.1" 200 4833
190.171.153.26 - - [23/Nov/2021:13:15:21 -0300] "GET /cormun/static/menuarrow.gif HTTP/1.1" 404 1015
200.54.103.162 - - [23/Nov/2021:13:17:00 -0300] "GET /cormun/servlet/hlogin HTTP/1.1" 200 1723
200.54.103.162 - - [23/Nov/2021:13:17:00 -0300] "GET /cormun/servlet/hlogin HTTP/1.1" 200 1734
200.54.103.162 - - [23/Nov/2021:13:17:08 -0300] "POST /cormun/servlet/hlogin?ec76f6962802074caf1779c9615a7860,gx-no-cache=1637669075138 HTTP/1.1" 200 90
200.54.103.162 - - [23/Nov/2021:13:17:09 -0300] "GET /cormun/servlet/hpexe_link HTTP/1.1" 200 949
200.54.103.162 - - [23/Nov/2021:13:17:09 -0300] "GET /cormun/servlet/hhome HTTP/1.1" 200 4332
200.54.103.162 - - [23/Nov/2021:13:17:09 -0300] "GET /cormun/servlet/hhome HTTP/1.1" 200 4328
200.54.103.162 - - [23/Nov/2021:13:17:12 -0300] "GET /cormun/servlet/trpermisosgoce? HTTP/1.1" 200 9015
200.54.103.162 - - [23/Nov/2021:13:17:13 -0300] "GET /cormun/servlet/trpermisosgoce? HTTP/1.1" 200 9013
200.54.103.162 - - [23/Nov/2021:13:17:18 -0300] "GET /cormun/servlet/permisogoce?INS,0,,, HTTP/1.1" 200 7224
200.54.103.162 - - [23/Nov/2021:13:17:18 -0300] "GET /cormun/static/gxcfg.js?20201215124560 HTTP/1.1" 200 953
200.54.103.162 - - [23/Nov/2021:13:17:18 -0300] "GET /cormun/static/permisogoce.js?20201215124939 HTTP/1.1" 200 27919
200.54.103.162 - - [23/Nov/2021:13:17:19 -0300] "GET /cormun/servlet/permisogoce?INS,0,,, HTTP/1.1" 200 7222
205.185.121.173 - - [23/Nov/2021:13:17:27 -0300] "GET /manager/html HTTP/1.1" 401 2474
200.54.103.162 - - [23/Nov/2021:13:17:29 -0300] "GET /cormun/servlet/permisogoce?c5bdbaad2c06dda4a0d3476818ea86d625ea37e215548564f22e216fef76a79e576b21dcc6583275c8c936316c18ee2c25edc5ff1c11e04d160f6ac022fed11b,gx-no-cache=1637669096139 HTTP/1.1" 200 83
200.54.103.162 - - [23/Nov/2021:13:17:30 -0300] "GET /cormun/static/menuarrow.gif HTTP/1.1" 404 1015
200.54.103.162 - - [23/Nov/2021:13:17:45 -0300] "POST /cormun/servlet/permisogoce?ec76f6962802074caf1779c9615a7860,INS,0,,,,gx-no-cache=1637669111724 HTTP/1.1" 200 93
200.54.103.162 - - [23/Nov/2021:13:17:45 -0300] "GET /cormun/servlet/hpexe_return? HTTP/1.1" 200 1007
200.54.103.162 - - [23/Nov/2021:13:17:45 -0300] "GET /cormun/servlet/trpermisosgoce HTTP/1.1" 200 9018
200.54.103.162 - - [23/Nov/2021:13:17:46 -0300] "GET /cormun/servlet/trpermisosgoce HTTP/1.1" 200 9013
104.206.128.30 - - [23/Nov/2021:13:17:55 -0300] "GET / HTTP/1.0" 200 11197
205.185.121.173 - - [23/Nov/2021:13:20:26 -0300] "GET /manager/html HTTP/1.1" 401 2474
190.171.152.138 - - [23/Nov/2021:13:20:30 -0300] "GET /cormun/servlet/hlogin HTTP/1.1" 200 1725
190.171.153.26 - - [23/Nov/2021:13:20:33 -0300] "GET /cormun/servlet/trlicencias? HTTP/1.1" 200 10134
190.171.152.138 - - [23/Nov/2021:13:20:40 -0300] "POST /cormun/servlet/hlogin?8725551a5f8e6075acdfc47770046d05,gx-no-cache=1637683723188 HTTP/1.1" 200 90
190.171.152.138 - - [23/Nov/2021:13:20:41 -0300] "GET /cormun/servlet/hpexe_link HTTP/1.1" 200 950
190.171.152.138 - - [23/Nov/2021:13:20:41 -0300] "GET /cormun/servlet/hhome HTTP/1.1" 200 3852
190.171.152.138 - - [23/Nov/2021:13:20:41 -0300] "GET /cormun/servlet/hhome HTTP/1.1" 200 3849
190.171.152.138 - - [23/Nov/2021:13:20:45 -0300] "GET /cormun/servlet/trlicencias? HTTP/1.1" 200 11058
190.171.152.138 - - [23/Nov/2021:13:20:46 -0300] "GET /cormun/servlet/trlicencias? HTTP/1.1" 200 11055
190.171.153.26 - - [23/Nov/2021:13:20:46 -0300] "GET /cormun/servlet/alicenciaprn?11015686,L,20211025000000,PU HTTP/1.1" 200 1551
190.171.152.138 - - [23/Nov/2021:13:20:54 -0300] "GET /cormun/servlet/alicenciaprn?13782497,L,20211121000000,PU HTTP/1.1" 200 1542
190.171.153.26 - - [23/Nov/2021:13:21:09 -0300] "POST /cormun/servlet/trlicencias?074b3ae50f903dc86c01cf5a1b95fcc8,,gx-no-cache=1637683754262 HTTP/1.1" 200 7588
190.171.153.26 - - [23/Nov/2021:13:21:10 -0300] "GET /cormun/static/Shared/jqueryui/images/ui-bg_highlight-soft_100_c6c2c8_1x100.png HTTP/1.1" 404 1117
190.171.153.26 - - [23/Nov/2021:13:21:10 -0300] "GET /cormun/static/Shared/jqueryui/images/ui-icons_82798d_256x240.png HTTP/1.1" 404 1089
190.171.153.26 - - [23/Nov/2021:13:21:10 -0300] "GET /cormun/static/Shared/jqueryui/images/ui-bg_flat_55_fafafa_40x100.png HTTP/1.1" 404 1097
190.171.153.26 - - [23/Nov/2021:13:21:10 -0300] "GET /cormun/static/Shared/jqueryui/images/ui-icons_8d78a5_256x240.png HTTP/1.1" 404 1089
190.171.153.26 - - [23/Nov/2021:13:21:16 -0300] "GET /cormun/servlet/licenciaspermisos?DSP,11015686,L,20211025000000, HTTP/1.1" 200 7062
190.171.152.138 - - [23/Nov/2021:13:21:36 -0300] "GET /cormun/servlet/hlogin HTTP/1.1" 200 1742
190.171.153.26 - - [23/Nov/2021:13:21:38 -0300] "GET /cormun/servlet/trlicencias? HTTP/1.1" 200 10127
190.171.153.26 - - [23/Nov/2021:13:21:48 -0300] "GET /cormun/servlet/licenciaspermisos?INS,0,,, HTTP/1.1" 200 7552
190.171.153.26 - - [23/Nov/2021:13:21:58 -0300] "GET /cormun/servlet/licenciaspermisos?4fe9db1984860c58d69e4f4872188922f4a4ea3b8596749d5f7809afab9ba13ed37480a88b0b24aad97e98de502df4a0ff40fc9bdbfd602d73f126ba5a9ab79c,gx-no-cache=1637683802818 HTTP/1.1" 200 112
190.171.153.26 - - [23/Nov/2021:13:21:58 -0300] "POST /cormun/servlet/licenciaspermisos?074b3ae50f903dc86c01cf5a1b95fcc8,INS,0,,,,gx-no-cache=1637683802865 HTTP/1.1" 200 4834
60.186.50.24 - - [23/Nov/2021:13:22:38 -0300] "GET / HTTP/1.1" 200 11217
205.185.121.173 - - [23/Nov/2021:13:23:19 -0300] "GET /manager/html HTTP/1.1" 401 2474
200.54.103.162 - - [23/Nov/2021:13:23:25 -0300] "GET /cormun/servlet/hlogin HTTP/1.1" 200 1723
200.54.103.162 - - [23/Nov/2021:13:23:33 -0300] "POST /cormun/servlet/hlogin?ec76f6962802074caf1779c9615a7860,gx-no-cache=1637669459538 HTTP/1.1" 200 90
200.54.103.162 - - [23/Nov/2021:13:23:33 -0300] "GET /cormun/servlet/hpexe_link HTTP/1.1" 200 954
200.54.103.162 - - [23/Nov/2021:13:23:33 -0300] "GET /cormun/servlet/trpermisosgoce HTTP/1.1" 200 9015
200.54.103.162 - - [23/Nov/2021:13:23:34 -0300] "GET /cormun/servlet/trpermisosgoce HTTP/1.1" 200 9013
200.54.103.162 - - [23/Nov/2021:13:23:38 -0300] "GET /cormun/servlet/trpermisosgoce? HTTP/1.1" 200 9013
200.54.103.162 - - [23/Nov/2021:13:23:39 -0300] "GET /cormun/servlet/trpermisosgoce? HTTP/1.1" 200 9013
200.54.103.162 - - [23/Nov/2021:13:23:41 -0300] "GET /cormun/servlet/permisogoce?INS,0,,, HTTP/1.1" 200 7224
200.54.103.162 - - [23/Nov/2021:13:23:42 -0300] "GET /cormun/servlet/permisogoce?INS,0,,, HTTP/1.1" 200 7224
200.54.103.162 - - [23/Nov/2021:13:23:55 -0300] "GET /cormun/servlet/permisogoce?c5bdbaad2c06dda4a0d3476818ea86d60108b4a0767c5b637bf54c5e10a5e419576b21dcc6583275c8c936316c18ee2c25edc5ff1c11e04d160f6ac022fed11b,gx-no-cache=1637669481214 HTTP/1.1" 200 80
200.54.103.162 - - [23/Nov/2021:13:23:55 -0300] "GET /cormun/static/menuarrow.gif HTTP/1.1" 404 1015
200.54.103.162 - - [23/Nov/2021:13:24:03 -0300] "POST /cormun/servlet/permisogoce?ec76f6962802074caf1779c9615a7860,INS,0,,,,gx-no-cache=1637669488600 HTTP/1.1" 200 93
200.54.103.162 - - [23/Nov/2021:13:24:03 -0300] "GET /cormun/servlet/hpexe_return? HTTP/1.1" 200 1007
200.54.103.162 - - [23/Nov/2021:13:24:03 -0300] "GET /cormun/servlet/trpermisosgoce HTTP/1.1" 200 9018
200.54.103.162 - - [23/Nov/2021:13:24:04 -0300] "GET /cormun/servlet/trpermisosgoce HTTP/1.1" 200 9013
200.54.103.162 - - [23/Nov/2021:13:24:05 -0300] "GET /cormun/servlet/permisogoce?INS,0,,, HTTP/1.1" 200 7224
200.54.103.162 - - [23/Nov/2021:13:24:06 -0300] "GET /cormun/servlet/permisogoce?INS,0,,, HTTP/1.1" 200 7224
200.54.103.162 - - [23/Nov/2021:13:24:15 -0300] "GET /cormun/servlet/permisogoce?c5bdbaad2c06dda4a0d3476818ea86d6c0ce03b39094180a41397e5fb3d97696576b21dcc6583275c8c936316c18ee2c25edc5ff1c11e04d160f6ac022fed11b,gx-no-cache=1637669501210 HTTP/1.1" 200 81
200.54.103.162 - - [23/Nov/2021:13:24:15 -0300] "GET /cormun/static/menuarrow.gif HTTP/1.1" 404 1015
200.54.103.162 - - [23/Nov/2021:13:24:19 -0300] "POST /cormun/servlet/permisogoce?ec76f6962802074caf1779c9615a7860,INS,0,,,,gx-no-cache=1637669505196 HTTP/1.1" 200 93
200.54.103.162 - - [23/Nov/2021:13:24:19 -0300] "GET /cormun/servlet/hpexe_return? HTTP/1.1" 200 1007
200.54.103.162 - - [23/Nov/2021:13:24:19 -0300] "GET /cormun/servlet/trpermisosgoce HTTP/1.1" 200 9018
200.54.103.162 - - [23/Nov/2021:13:24:19 -0300] "GET /cormun/servlet/trpermisosgoce HTTP/1.1" 200 9013
200.54.103.162 - - [23/Nov/2021:13:24:22 -0300] "GET /cormun/servlet/permisogoce?INS,0,,, HTTP/1.1" 200 7224
200.54.103.162 - - [23/Nov/2021:13:24:22 -0300] "GET /cormun/servlet/permisogoce?INS,0,,, HTTP/1.1" 200 7224
190.171.153.26 - - [23/Nov/2021:13:24:24 -0300] "GET /cormun/servlet/licenciaspermisos?4fe9db1984860c58d69e4f48721889225f0b8ca45ad2da8aa08dff172b32ad369380a53eafa3ab570b2bea8dc5dde24431772b37e5575f6c5d29c105fcccc70f080787913885d153d9d2e4e3d7ccbf4678efdae430ebdd6fd8a51b04dbee4d1097a6143a9f6f7f3963c160781d57d3aff6360bdd05a6702a21da685a1a0579b59aa33202331691b5f129c27128f731202f35cf5702d904d4ca7a72784c75c226ade9f8dd474eafe22517509929ef79d9,gx-no-cache=1637683948764 HTTP/1.1" 200 30
190.171.153.26 - - [23/Nov/2021:13:24:24 -0300] "POST /cormun/servlet/licenciaspermisos?074b3ae50f903dc86c01cf5a1b95fcc8,INS,0,,,,gx-no-cache=1637683948801 HTTP/1.1" 200 4905
200.54.103.162 - - [23/Nov/2021:13:24:29 -0300] "GET /cormun/servlet/permisogoce?c5bdbaad2c06dda4a0d3476818ea86d6b131047195d30882477b9e181770855ce6e5e7067055caa15a60a3c1bbdde0430b81f00bc8d821cbbd685a3074dc6b76,gx-no-cache=1637669516016 HTTP/1.1" 200 78
200.54.103.162 - - [23/Nov/2021:13:24:29 -0300] "GET /cormun/static/menuarrow.gif HTTP/1.1" 404 1015
200.54.103.162 - - [23/Nov/2021:13:24:34 -0300] "POST /cormun/servlet/permisogoce?ec76f6962802074caf1779c9615a7860,INS,0,,,,gx-no-cache=1637669520948 HTTP/1.1" 200 93
200.54.103.162 - - [23/Nov/2021:13:24:34 -0300] "GET /cormun/servlet/hpexe_return? HTTP/1.1" 200 1007
200.54.103.162 - - [23/Nov/2021:13:24:35 -0300] "GET /cormun/servlet/trpermisosgoce HTTP/1.1" 200 9018
200.54.103.162 - - [23/Nov/2021:13:24:35 -0300] "GET /cormun/servlet/trpermisosgoce HTTP/1.1" 200 9013
200.54.103.162 - - [23/Nov/2021:13:24:37 -0300] "GET /cormun/servlet/permisogoce?INS,0,,, HTTP/1.1" 200 7224
200.54.103.162 - - [23/Nov/2021:13:24:37 -0300] "GET /cormun/servlet/permisogoce?INS,0,,, HTTP/1.1" 200 7224
200.54.103.162 - - [23/Nov/2021:13:24:45 -0300] "GET /cormun/servlet/permisogoce?c5bdbaad2c06dda4a0d3476818ea86d6e619e255f8634d862f65d036cd215c55576b21dcc6583275c8c936316c18ee2c25edc5ff1c11e04d160f6ac022fed11b,gx-no-cache=1637669531525 HTTP/1.1" 200 87
200.54.103.162 - - [23/Nov/2021:13:24:45 -0300] "GET /cormun/static/menuarrow.gif HTTP/1.1" 404 1015
200.54.103.162 - - [23/Nov/2021:13:24:49 -0300] "POST /cormun/servlet/permisogoce?ec76f6962802074caf1779c9615a7860,INS,0,,,,gx-no-cache=1637669535811 HTTP/1.1" 200 93
200.54.103.162 - - [23/Nov/2021:13:24:49 -0300] "GET /cormun/servlet/hpexe_return? HTTP/1.1" 200 1007
200.54.103.162 - - [23/Nov/2021:13:24:49 -0300] "GET /cormun/servlet/trpermisosgoce HTTP/1.1" 200 9018
200.54.103.162 - - [23/Nov/2021:13:24:50 -0300] "GET /cormun/servlet/trpermisosgoce HTTP/1.1" 200 9013
190.171.153.26 - - [23/Nov/2021:13:25:26 -0300] "GET /cormun/servlet/licenciaspermisos?4fe9db1984860c58d69e4f487218892295503d97b5e0f21364c3945beeea3dfc63b080fc5ccb24fbddc9b2ea193835771edd6c6237155ce38b88961365524daaf273167e6a803e8c74a8117d8f68d262679a3ebd2b7b315a67e4d2c42b63a31d5fd47cb401636eef28ddb29703a2f39b0f31f5567e9141ec78517fa8a9bc76a3e3d390b37ec4c9637d08e292b6b244e84c9781cf8810ca6117a41c3863db26ba163d65ec7b7f01a971cd368e990d1612de02f0aca3fba439c17d4238ba0294cde09be1801766549309b118d499eda647069a0e870ff5f7e63b81ac856532afa6124f04d61495ae9e2f4735757f5bce33,gx-no-cache=1637684011265 HTTP/1.1" 200 58
190.171.153.26 - - [23/Nov/2021:13:25:32 -0300] "POST /cormun/servlet/licenciaspermisos?074b3ae50f903dc86c01cf5a1b95fcc8,INS,0,,,,gx-no-cache=1637684016657 HTTP/1.1" 200 93
190.171.153.26 - - [23/Nov/2021:13:25:32 -0300] "GET /cormun/servlet/hpexe_return? HTTP/1.1" 200 1010
190.171.153.26 - - [23/Nov/2021:13:25:32 -0300] "GET /cormun/static/gxcfg.js?201991422392976 HTTP/1.1" 200 953
190.171.153.26 - - [23/Nov/2021:13:25:32 -0300] "GET /cormun/servlet/trlicencias HTTP/1.1" 200 10609
190.171.153.26 - - [23/Nov/2021:13:25:33 -0300] "GET /cormun//static/Resources/PXToolsGridUpdate.png HTTP/1.1" 200 470
190.171.153.26 - - [23/Nov/2021:13:25:33 -0300] "GET /cormun//static/Resources/PXToolsGridDelete.png HTTP/1.1" 200 538
190.171.153.26 - - [23/Nov/2021:13:25:59 -0300] "GET /cormun/servlet/trlicenciaspermisosadjuntos?11015686,20211123000000,L, HTTP/1.1" 200 6303
190.171.153.26 - - [23/Nov/2021:13:26:00 -0300] "GET /cormun/static/gxui/gxui-all.css?110300 HTTP/1.1" 200 2179
190.171.153.26 - - [23/Nov/2021:13:26:00 -0300] "GET /cormun/static/gxcfg.js?201991422445549 HTTP/1.1" 200 953
190.171.153.26 - - [23/Nov/2021:13:26:00 -0300] "GET /cormun/static/calendar-system.css?75620 HTTP/1.1" 200 5572
190.171.153.26 - - [23/Nov/2021:13:26:00 -0300] "GET /cormun/static/Shared/ext/resources/css/ext-all.css?205870 HTTP/1.1" 304 -
190.171.153.26 - - [23/Nov/2021:13:26:00 -0300] "GET /cormun/static/trlicenciaspermisosadjuntos.js?20199142244593 HTTP/1.1" 200 21036
190.171.153.26 - - [23/Nov/2021:13:26:02 -0300] "GET /cormun/servlet/licenciaspermisosadjuntos?INS,11015686,L,20211123000000,, HTTP/1.1" 200 5593
190.171.153.26 - - [23/Nov/2021:13:26:02 -0300] "GET /cormun/static/gxcfg.js?20201215114875 HTTP/1.1" 200 953
190.171.153.26 - - [23/Nov/2021:13:26:03 -0300] "GET /cormun/static/licenciaspermisosadjuntos.js?20201215114932 HTTP/1.1" 200 8760
190.171.153.26 - - [23/Nov/2021:13:26:03 -0300] "GET /cormun/static/about:blank HTTP/1.1" 404 1011
205.185.121.173 - - [23/Nov/2021:13:26:04 -0300] "GET /manager/html HTTP/1.1" 401 2474
190.171.153.26 - - [23/Nov/2021:13:26:29 -0300] "POST /cormun/servlet/licenciaspermisosadjuntos?074b3ae50f903dc86c01cf5a1b95fcc8,INS,11015686,L,20211123000000,, HTTP/1.1" 200 116
190.171.153.26 - - [23/Nov/2021:13:26:29 -0300] "GET /cormun/servlet/hpexe_return? HTTP/1.1" 200 1042
190.171.153.26 - - [23/Nov/2021:13:26:29 -0300] "GET /cormun/servlet/trlicenciaspermisosadjuntos?11015686,20211123000000,L, HTTP/1.1" 200 6801
190.171.153.26 - - [23/Nov/2021:13:26:29 -0300] "GET /cormun/PublicTempStorage/elizabeth_morales_%285%296397459.pdf HTTP/1.1" 200 338754
190.171.153.26 - - [23/Nov/2021:13:26:33 -0300] "GET /cormun/servlet/trlicencias? HTTP/1.1" 200 10605
190.171.153.26 - - [23/Nov/2021:13:26:48 -0300] "GET /cormun/servlet/alicenciaprn?11015686,L,20211123000000,PU HTTP/1.1" 200 1590
190.171.153.26 - - [23/Nov/2021:13:27:54 -0300] "POST /cormun/servlet/trlicencias?074b3ae50f903dc86c01cf5a1b95fcc8,,gx-no-cache=1637684159006 HTTP/1.1" 200 7876
205.185.121.173 - - [23/Nov/2021:13:29:00 -0300] "GET /manager/html HTTP/1.1" 401 2474
205.185.121.173 - - [23/Nov/2021:13:31:58 -0300] "GET /manager/html HTTP/1.1" 401 2474
205.185.121.173 - - [23/Nov/2021:13:34:50 -0300] "GET /manager/html HTTP/1.1" 401 2474
205.185.121.173 - - [23/Nov/2021:13:37:49 -0300] "GET /manager/html HTTP/1.1" 401 2474
190.171.143.90 - - [23/Nov/2021:13:40:36 -0300] "GET /cormun/servlet/hlogin HTTP/1.1" 200 1722
190.171.143.90 - - [23/Nov/2021:13:40:37 -0300] "GET /cormun/servlet/hlogin HTTP/1.1" 200 1732
190.171.143.90 - - [23/Nov/2021:13:40:50 -0300] "POST /cormun/servlet/hlogin?6a7d59163b0494a5088b5c20b2e06bce,gx-no-cache=1637684933095 HTTP/1.1" 200 90
190.171.143.90 - - [23/Nov/2021:13:40:51 -0300] "GET /cormun/servlet/hpexe_link HTTP/1.1" 200 950
190.171.143.90 - - [23/Nov/2021:13:40:51 -0300] "GET /cormun/servlet/hhome HTTP/1.1" 200 4300
190.171.143.90 - - [23/Nov/2021:13:40:51 -0300] "GET /cormun/servlet/hhome HTTP/1.1" 200 4296
205.185.121.173 - - [23/Nov/2021:13:40:53 -0300] "GET /manager/html HTTP/1.1" 401 2474
205.185.121.173 - - [23/Nov/2021:13:43:33 -0300] "GET /manager/html HTTP/1.1" 401 2474
205.185.121.173 - - [23/Nov/2021:13:46:23 -0300] "GET /manager/html HTTP/1.1" 401 2474
205.185.121.173 - - [23/Nov/2021:13:49:16 -0300] "GET /manager/html HTTP/1.1" 401 2474
205.185.121.173 - - [23/Nov/2021:13:52:11 -0300] "GET /manager/html HTTP/1.1" 401 2474
190.171.142.10 - - [23/Nov/2021:13:53:12 -0300] "POST /cormun/servlet/trlicencias?76c7260a682b4538a238aff14bb2b1c5,,gx-no-cache=1637685674296 HTTP/1.1" 440 972
190.171.142.10 - - [23/Nov/2021:13:53:13 -0300] "GET /cormun/servlet/trlicencias? HTTP/1.1" 200 6037
190.171.142.10 - - [23/Nov/2021:13:53:15 -0300] "GET /cormun/servlet/hlogin HTTP/1.1" 200 1741
190.171.142.10 - - [23/Nov/2021:13:53:15 -0300] "GET /cormun/servlet/trlicencias? HTTP/1.1" 200 6037
190.171.142.10 - - [23/Nov/2021:13:53:23 -0300] "POST /cormun/servlet/hlogin?28d5ac6068714ea45be866f007369474,gx-no-cache=1637685686056 HTTP/1.1" 200 90
190.171.142.10 - - [23/Nov/2021:13:53:24 -0300] "GET /cormun/servlet/hpexe_link HTTP/1.1" 200 955
190.171.142.10 - - [23/Nov/2021:13:53:24 -0300] "GET /cormun/servlet/trlicencias HTTP/1.1" 200 13496
190.171.142.10 - - [23/Nov/2021:13:53:26 -0300] "GET /cormun/servlet/trlicencias HTTP/1.1" 200 13493
205.185.121.173 - - [23/Nov/2021:13:55:04 -0300] "GET /manager/html HTTP/1.1" 401 2474
205.185.121.173 - - [23/Nov/2021:13:58:10 -0300] "GET /manager/html HTTP/1.1" 401 2474
190.171.153.50 - - [23/Nov/2021:13:59:01 -0300] "GET /cormun/servlet/hlogin HTTP/1.1" 200 1732
190.171.153.50 - - [23/Nov/2021:13:59:02 -0300] "GET /cormun/servlet/hlogin HTTP/1.1" 200 1742
190.171.153.50 - - [23/Nov/2021:13:59:05 -0300] "POST /cormun/servlet/hlogin?85412b388dd30d19557861d61368cbf1,gx-no-cache=1637686028416 HTTP/1.1" 200 90
190.171.153.50 - - [23/Nov/2021:13:59:05 -0300] "GET /cormun/servlet/hpexe_link HTTP/1.1" 200 957
190.171.153.50 - - [23/Nov/2021:13:59:05 -0300] "GET /cormun/servlet/hhome HTTP/1.1" 200 4226
190.171.153.50 - - [23/Nov/2021:13:59:06 -0300] "GET /cormun/servlet/hhome HTTP/1.1" 200 4222
190.171.153.50 - - [23/Nov/2021:13:59:16 -0300] "GET /cormun/servlet/trlicencias? HTTP/1.1" 200 10182
190.171.153.50 - - [23/Nov/2021:13:59:16 -0300] "GET /cormun/servlet/trlicencias? HTTP/1.1" 200 10180
190.171.143.90 - - [23/Nov/2021:14:00:36 -0300] "GET /cormun/servlet/hlogin HTTP/1.1" 200 1727
190.171.143.90 - - [23/Nov/2021:14:00:45 -0300] "POST /cormun/servlet/hlogin?16df393a316e259a8c8ee774b19a789c,gx-no-cache=1637686127836 HTTP/1.1" 200 90
190.171.143.90 - - [23/Nov/2021:14:00:45 -0300] "GET /cormun/servlet/hpexe_link HTTP/1.1" 200 954
190.171.143.90 - - [23/Nov/2021:14:00:45 -0300] "GET /cormun/servlet/hhome HTTP/1.1" 200 4307
190.171.143.90 - - [23/Nov/2021:14:00:46 -0300] "GET /cormun/servlet/hhome HTTP/1.1" 200 4303
190.171.143.90 - - [23/Nov/2021:14:00:49 -0300] "GET /cormun/servlet/trlicencias? HTTP/1.1" 200 10405
190.171.143.90 - - [23/Nov/2021:14:00:50 -0300] "GET /cormun/servlet/trlicencias? HTTP/1.1" 200 10403
205.185.121.173 - - [23/Nov/2021:14:00:57 -0300] "GET /manager/html HTTP/1.1" 401 2474
205.185.121.173 - - [23/Nov/2021:14:03:45 -0300] "GET /manager/html HTTP/1.1" 401 2474
190.171.142.26 - - [23/Nov/2021:14:03:55 -0300] "GET /cormun/servlet/hlogin HTTP/1.1" 200 1724
119.98.221.172 - - [23/Nov/2021:14:03:59 -0300] "GET /boaform/admin/formLogin?username=admin&psd=admin HTTP/1.0" 404 1007
190.171.142.26 - - [23/Nov/2021:14:04:03 -0300] "POST /cormun/servlet/hlogin?e6dce54b1cccb1a2ee9660085f72cdf5,gx-no-cache=1637686325316 HTTP/1.1" 200 90
190.171.142.26 - - [23/Nov/2021:14:04:03 -0300] "GET /cormun/servlet/hpexe_link HTTP/1.1" 200 951
190.171.142.26 - - [23/Nov/2021:14:04:03 -0300] "GET /cormun/servlet/hhome HTTP/1.1" 200 3969
190.171.142.26 - - [23/Nov/2021:14:04:03 -0300] "GET /cormun/servlet/hhome HTTP/1.1" 200 3965
190.171.142.26 - - [23/Nov/2021:14:04:06 -0300] "GET /cormun/servlet/trlicencias? HTTP/1.1" 200 12151
190.171.142.26 - - [23/Nov/2021:14:04:07 -0300] "GET /cormun/servlet/trlicencias? HTTP/1.1" 200 12148
190.171.142.26 - - [23/Nov/2021:14:04:11 -0300] "POST /cormun/servlet/trlicencias?e6dce54b1cccb1a2ee9660085f72cdf5,,gx-no-cache=1637686333468 HTTP/1.1" 200 9761
190.171.143.106 - - [23/Nov/2021:14:05:38 -0300] "POST /cormun/servlet/hlogin?8d7d19036bddc518af2a1c64d3657723,gx-no-cache=1637686421762 HTTP/1.1" 440 972
190.171.143.106 - - [23/Nov/2021:14:05:41 -0300] "GET /cormun/servlet/hlogin HTTP/1.1" 200 1738
190.171.143.106 - - [23/Nov/2021:14:05:42 -0300] "POST /cormun/servlet/hlogin?32e1919fdeda817a7292ec3720fdb1a7,gx-no-cache=1637686425738 HTTP/1.1" 200 90
190.171.143.106 - - [23/Nov/2021:14:05:42 -0300] "GET /cormun/servlet/hpexe_link HTTP/1.1" 200 954
190.171.143.106 - - [23/Nov/2021:14:05:43 -0300] "GET /cormun/servlet/hhome HTTP/1.1" 200 4337
190.171.143.106 - - [23/Nov/2021:14:05:44 -0300] "GET /cormun/servlet/hhome HTTP/1.1" 200 4333
190.171.143.106 - - [23/Nov/2021:14:05:47 -0300] "GET /cormun/servlet/trlicencias? HTTP/1.1" 200 12633
190.171.143.106 - - [23/Nov/2021:14:05:48 -0300] "GET /cormun/servlet/trlicencias? HTTP/1.1" 200 12631
190.171.143.106 - - [23/Nov/2021:14:05:51 -0300] "GET /cormun/servlet/hlogin HTTP/1.1" 200 1744
190.171.142.10 - - [23/Nov/2021:14:06:00 -0300] "POST /cormun/servlet/trlicencias?28d5ac6068714ea45be866f007369474,gx-no-cache=1637686442135 HTTP/1.1" 200 11151
190.171.142.10 - - [23/Nov/2021:14:06:10 -0300] "GET /cormun/servlet/trsolicitudot? HTTP/1.1" 200 7184
190.171.142.10 - - [23/Nov/2021:14:06:11 -0300] "GET /cormun/static/gxui/gxui-all.css?110300 HTTP/1.1" 200 2179
190.171.142.10 - - [23/Nov/2021:14:06:11 -0300] "GET /cormun/static/gxcfg.js?201991910464971 HTTP/1.1" 200 953
190.171.142.10 - - [23/Nov/2021:14:06:11 -0300] "GET /cormun/static/calendar-system.css?75620 HTTP/1.1" 200 5572
190.171.142.10 - - [23/Nov/2021:14:06:11 -0300] "GET /cormun/static/Shared/ext/resources/css/ext-all.css?205870 HTTP/1.1" 200 416045
190.171.142.10 - - [23/Nov/2021:14:06:11 -0300] "GET /cormun/static/trsolicitudot.js?201991910465845 HTTP/1.1" 200 54041
190.171.142.10 - - [23/Nov/2021:14:06:12 -0300] "GET /cormun/servlet/trsolicitudot? HTTP/1.1" 200 7183
190.171.142.10 - - [23/Nov/2021:14:06:25 -0300] "GET /cormun/servlet/trsolicitudot? HTTP/1.1" 200 7183
190.171.142.10 - - [23/Nov/2021:14:06:26 -0300] "GET /cormun/servlet/trsolicitudot? HTTP/1.1" 200 7183
205.185.121.173 - - [23/Nov/2021:14:06:31 -0300] "GET /manager/html HTTP/1.1" 401 2474
190.171.142.10 - - [23/Nov/2021:14:06:36 -0300] "POST /cormun/servlet/trsolicitudot?28d5ac6068714ea45be866f007369474,,gx-no-cache=1637686478214 HTTP/1.1" 200 4344
190.171.142.10 - - [23/Nov/2021:14:06:39 -0300] "GET /cormun/static/menuarrow.gif HTTP/1.1" 404 1015
190.171.142.10 - - [23/Nov/2021:14:06:49 -0300] "POST /cormun/servlet/trsolicitudot?28d5ac6068714ea45be866f007369474,,gx-no-cache=1637686491068 HTTP/1.1" 200 4345
190.171.142.10 - - [23/Nov/2021:14:06:59 -0300] "POST /cormun/servlet/trsolicitudot?28d5ac6068714ea45be866f007369474,,gx-no-cache=1637686501698 HTTP/1.1" 200 21189
190.171.142.10 - - [23/Nov/2021:14:07:01 -0300] "GET /cormun//static/Resources/PXToolsActionView.png HTTP/1.1" 200 398
190.171.142.10 - - [23/Nov/2021:14:07:01 -0300] "GET /cormun//static/Resources/PXToolsRemoveAllAction.png HTTP/1.1" 200 487
190.171.143.106 - - [23/Nov/2021:14:07:04 -0300] "POST /cormun/servlet/hlogin?32e1919fdeda817a7292ec3720fdb1a7,gx-no-cache=1637686507753 HTTP/1.1" 200 90
190.171.143.106 - - [23/Nov/2021:14:07:04 -0300] "GET /cormun/servlet/hpexe_link HTTP/1.1" 200 959
190.171.143.106 - - [23/Nov/2021:14:07:05 -0300] "GET /cormun/servlet/trlicencias HTTP/1.1" 200 12633
190.171.143.106 - - [23/Nov/2021:14:07:05 -0300] "GET /cormun/servlet/trlicencias HTTP/1.1" 200 12630
205.185.121.173 - - [23/Nov/2021:14:09:07 -0300] "GET /manager/html HTTP/1.1" 401 2474
190.171.142.42 - - [23/Nov/2021:14:09:39 -0300] "GET /cormun/servlet/hlogin HTTP/1.1" 200 1733
190.171.142.10 - - [23/Nov/2021:14:11:54 -0300] "GET /cormun/servlet/trlicencias? HTTP/1.1" 200 13495
190.171.142.10 - - [23/Nov/2021:14:11:55 -0300] "GET /cormun/servlet/trlicencias? HTTP/1.1" 200 13493
205.185.121.173 - - [23/Nov/2021:14:11:58 -0300] "GET /manager/html HTTP/1.1" 401 2474
190.171.142.10 - - [23/Nov/2021:14:11:59 -0300] "POST /cormun/servlet/trlicencias?28d5ac6068714ea45be866f007369474,,gx-no-cache=1637686801574 HTTP/1.1" 200 11154
190.171.143.106 - - [23/Nov/2021:14:13:28 -0300] "GET /cormun/servlet/hlogin HTTP/1.1" 200 1743
205.185.121.173 - - [23/Nov/2021:14:14:50 -0300] "GET /manager/html HTTP/1.1" 401 2474
190.171.143.90 - - [23/Nov/2021:14:15:32 -0300] "GET /cormun/servlet/trlicencias? HTTP/1.1" 200 10403
190.171.143.90 - - [23/Nov/2021:14:15:32 -0300] "GET /cormun/servlet/trlicencias? HTTP/1.1" 200 10403
190.171.143.90 - - [23/Nov/2021:14:15:50 -0300] "GET /cormun/servlet/licenciaspermisos?INS,0,,, HTTP/1.1" 200 7916
190.171.143.90 - - [23/Nov/2021:14:15:50 -0300] "GET /cormun/servlet/licenciaspermisos?INS,0,,, HTTP/1.1" 200 7924
190.171.143.90 - - [23/Nov/2021:14:16:12 -0300] "GET /cormun/servlet/licenciaspermisos?5fc325e6c430ab7da3b4392b67a7af5695ffd5a0c5e0ad201601e9069e093b4ca5304e2fbfbfaccb5a32b046ac4e16beeae5668fd76acc4263203b0d60a42545,gx-no-cache=1637687054743 HTTP/1.1" 200 97
190.171.143.90 - - [23/Nov/2021:14:16:12 -0300] "POST /cormun/servlet/licenciaspermisos?16df393a316e259a8c8ee774b19a789c,INS,0,,,,gx-no-cache=1637687054781 HTTP/1.1" 200 5110
190.171.143.90 - - [23/Nov/2021:14:16:41 -0300] "GET /cormun/static/menuarrow.gif HTTP/1.1" 404 1015
205.185.121.173 - - [23/Nov/2021:14:17:48 -0300] "GET /manager/html HTTP/1.1" 401 2474
190.171.143.90 - - [23/Nov/2021:14:19:20 -0300] "GET /cormun/servlet/licenciaspermisos?5fc325e6c430ab7da3b4392b67a7af5618d707177e30c045c9dfa5978737397ad3adc28d8c055f9bd29bedccc3c52d64ccbd3b40de9f41b581a67cbfb7ba0ccae9ea55d25bee8a597e97f66f997c88a5d9acdffd6b6171359b39ba83577c910c3b9d0dc73de489ecabfd368181b0ab29fe20d4d840a0b443439d4eb4d6812b037eec93d7c4d45d35d0fc692f4e5773a09fb7e178d1a072ab07ac472061899908a7fc6a8ff1b16e59699926147b226c02,gx-no-cache=1637687243194 HTTP/1.1" 200 30
190.171.143.90 - - [23/Nov/2021:14:19:20 -0300] "POST /cormun/servlet/licenciaspermisos?16df393a316e259a8c8ee774b19a789c,INS,0,,,,gx-no-cache=1637687243225 HTTP/1.1" 200 5205
190.171.143.90 - - [23/Nov/2021:14:20:13 -0300] "GET /cormun/servlet/licenciaspermisos?5fc325e6c430ab7da3b4392b67a7af56e74627c6b19cfb24b552c4225cbba7a1416e8ea2e0f5884ca691228cb6e286bb67731139ec688451eef85fd6d95020f523d8cff91fce2a95422c9733ffa8194449f365f4f423e1c85548cdf3d62e262ee5d05051e577100d81fbb0ac6d2502bd3faad33758f3ac7b5706f01dcc28fe0931adbe09a3a67e8cc00f888e1f71c8619e5954680eb91908eefd7fd6099844650c3faf47e90a52d92d6b2d1a831b7df2495b06c69e220ab96948e80ef4027723c42f848e865773f880b039e67a635a6ed8b8cff61671f586b33bf9cedb8bb0bfe6b0f6b23df81d76248d2ed0c050098e,gx-no-cache=1637687296073 HTTP/1.1" 200 61
190.171.143.90 - - [23/Nov/2021:14:20:13 -0300] "POST /cormun/servlet/licenciaspermisos?16df393a316e259a8c8ee774b19a789c,INS,0,,,,gx-no-cache=1637687296101 HTTP/1.1" 200 93
190.171.143.90 - - [23/Nov/2021:14:20:13 -0300] "GET /cormun/servlet/hpexe_return? HTTP/1.1" 200 1014
190.171.143.90 - - [23/Nov/2021:14:20:14 -0300] "GET /cormun/servlet/trlicencias HTTP/1.1" 200 10820
190.171.143.90 - - [23/Nov/2021:14:20:14 -0300] "GET /cormun/servlet/trlicencias HTTP/1.1" 200 10815
205.185.121.173 - - [23/Nov/2021:14:20:40 -0300] "GET /manager/html HTTP/1.1" 401 2474
162.221.192.26 - - [23/Nov/2021:14:21:40 -0300] "GET / HTTP/1.1" 200 11217
46.174.191.32 - - [23/Nov/2021:14:22:22 -0300] "GET / HTTP/1.0" 200 11197
205.185.121.173 - - [23/Nov/2021:14:23:37 -0300] "GET /manager/html HTTP/1.1" 401 2474
190.171.142.42 - - [23/Nov/2021:14:24:49 -0300] "GET /cormun/servlet/hlogin HTTP/1.1" 200 1723
190.171.142.42 - - [23/Nov/2021:14:24:49 -0300] "GET /cormun/servlet/hlogin HTTP/1.1" 200 1734
190.171.142.42 - - [23/Nov/2021:14:25:04 -0300] "POST /cormun/servlet/hlogin?d91154b996419e390a6fa92f90df6429,gx-no-cache=1637687588103 HTTP/1.1" 200 90
190.171.142.42 - - [23/Nov/2021:14:25:05 -0300] "GET /cormun/servlet/hpexe_link HTTP/1.1" 200 948
190.171.142.42 - - [23/Nov/2021:14:25:05 -0300] "GET /cormun/servlet/hhome HTTP/1.1" 200 4174
190.171.142.42 - - [23/Nov/2021:14:25:05 -0300] "GET /cormun/servlet/hhome HTTP/1.1" 200 4170
190.171.142.42 - - [23/Nov/2021:14:25:09 -0300] "GET /cormun/servlet/trsolicitudot? HTTP/1.1" 200 10571
190.171.142.42 - - [23/Nov/2021:14:25:10 -0300] "GET /cormun/servlet/trsolicitudot? HTTP/1.1" 200 10569
190.171.142.42 - - [23/Nov/2021:14:25:27 -0300] "GET /cormun/servlet/solicitudot?INS,0,0,false, HTTP/1.1" 200 15806
190.171.142.42 - - [23/Nov/2021:14:25:27 -0300] "GET /cormun/servlet/solicitudot?INS,0,0,false, HTTP/1.1" 200 15814
190.171.142.42 - - [23/Nov/2021:14:25:32 -0300] "POST /cormun/servlet/solicitudot?gx-no-cache=1637687615350 HTTP/1.1" 200 3837
190.171.142.42 - - [23/Nov/2021:14:25:32 -0300] "GET /cormun/static/Shared/jqueryui/images/ui-bg_highlight-soft_100_c6c2c8_1x100.png HTTP/1.1" 404 1117
190.171.142.42 - - [23/Nov/2021:14:25:32 -0300] "GET /cormun/static/Shared/jqueryui/images/ui-icons_82798d_256x240.png HTTP/1.1" 404 1089
190.171.142.42 - - [23/Nov/2021:14:25:32 -0300] "GET /cormun/static/Shared/jqueryui/images/ui-icons_ebccce_256x240.png HTTP/1.1" 404 1089
190.171.142.42 - - [23/Nov/2021:14:25:32 -0300] "GET /cormun/static/Shared/jqueryui/images/ui-bg_flat_55_994d53_40x100.png HTTP/1.1" 404 1097
190.171.142.42 - - [23/Nov/2021:14:25:32 -0300] "GET /cormun/servlet/solicitudot?4c98893dd66895701bd6159d10f585321f466d22e8e62c7858db84dd07b72942,gx-no-cache=1637687615647 HTTP/1.1" 200 111
190.171.142.42 - - [23/Nov/2021:14:25:42 -0300] "GET /cormun/servlet/prfichaempleado?,MD,,gxPopupLevel%3D0%3B HTTP/1.1" 200 9193
190.171.142.42 - - [23/Nov/2021:14:25:42 -0300] "GET /cormun/static/gxcfg.js?20201215571085 HTTP/1.1" 200 953
190.171.142.42 - - [23/Nov/2021:14:25:42 -0300] "GET /cormun/static/prfichaempleado.js?20201215572193 HTTP/1.1" 200 16006
191.119.240.232 - - [23/Nov/2021:14:26:20 -0300] "POST /cormun/servlet/prfichaempleado?d91154b996419e390a6fa92f90df6429,,MD,,gxPopupLevel%3D0%3B,gx-no-cache=1637687663441 HTTP/1.1" 200 3518
205.185.121.173 - - [23/Nov/2021:14:26:28 -0300] "GET /manager/html HTTP/1.1" 401 2474
191.119.240.232 - - [23/Nov/2021:14:26:32 -0300] "GET /cormun/servlet/prfichaempleado?,MD,,gxPopupLevel%3D0%3B HTTP/1.1" 200 9193
191.119.240.232 - - [23/Nov/2021:14:26:42 -0300] "POST /cormun/servlet/prfichaempleado?d91154b996419e390a6fa92f90df6429,,MD,,gxPopupLevel%3D0%3B,gx-no-cache=1637687685453 HTTP/1.1" 200 3518
191.119.240.232 - - [23/Nov/2021:14:26:53 -0300] "POST /cormun/servlet/solicitudot?gx-no-cache=1637687696734 HTTP/1.1" 200 3911
191.119.240.232 - - [23/Nov/2021:14:26:54 -0300] "POST /cormun/servlet/solicitudot?d91154b996419e390a6fa92f90df6429,INS,0,0,false,,gx-no-cache=1637687697093 HTTP/1.1" 200 12666
191.119.240.232 - - [23/Nov/2021:14:26:54 -0300] "GET /cormun/servlet/solicitudot?4c98893dd66895701bd6159d10f58532c40af37980c52e646d9d2c4b1712ac0c73a62a032f4788efa22e061956395645,gx-no-cache=1637687697496 HTTP/1.1" 200 30
191.119.240.232 - - [23/Nov/2021:14:27:12 -0300] "GET /cormun/servlet/solicitudot?4c98893dd66895701bd6159d10f5853256af962b31dab753582170b9b0e5e08a9b7a185f8d66a2303717de115b5249af888692a9e12cf75fc826f65c6947148a,gx-no-cache=1637687715560 HTTP/1.1" 200 30
191.119.240.232 - - [23/Nov/2021:14:27:12 -0300] "GET /cormun/servlet/solicitudot?4c98893dd66895701bd6159d10f585327e233a70b14eac8fca30f968ebbfcd01,gx-no-cache=1637687715645 HTTP/1.1" 200 53
191.119.240.232 - - [23/Nov/2021:14:27:12 -0300] "POST /cormun/servlet/solicitudot?gx-no-cache=1637687715730 HTTP/1.1" 200 240
191.119.240.232 - - [23/Nov/2021:14:27:12 -0300] "GET /cormun/servlet/solicitudot?4c98893dd66895701bd6159d10f58532c92e9b7cc7c22e928353ed4b3baceaa722878480199b69feb91e0763a077167ecf7f4413261d12a89b8a9fca991b38c4354ff77123c9fe3c9c23547ef1dbc0b041d9e748e270b9f43427e40d03b44bfb2a2289eead7ff9577ed99608671c478f2e66b561a8dac5235a75289464c84749c4717b82b3ee5cfa3b81609f53cecdca934c254fc3b4d0d677548cef248aad223bde83d989623d97db8bab0abf9948143f59bd40a70aa3b67a916e28aef5c85b262fae63b48f05e3c311eabf5a5981fc87f7f71619bee2d58af3239f10a5375787311a24b4810321f239fb1cd2b2429f1117a0d984962019573d7371f76b918801994b59200f6f6d69173e6dbabb0a558f08e2187a9834d5988561b5bc7ee58b0c035328c9a6eba032a38e09f238415d288ff8fbc6149921e80369a973fca502c99851ffa61a02d03d03f43ff5c6f58b89c7ee5aab249760af0e834a1858ce23891dc38c94a306fc5cce1f65dc4609900fba35eebfa0e320b87fc4bbc59426d1,gx-no-cache=1637687715853 HTTP/1.1" 200 30
191.119.240.232 - - [23/Nov/2021:14:27:12 -0300] "POST /cormun/servlet/solicitudot?gx-no-cache=1637687715966 HTTP/1.1" 200 30
191.119.240.232 - - [23/Nov/2021:14:27:13 -0300] "POST /cormun/servlet/solicitudot?gx-no-cache=1637687716085 HTTP/1.1" 200 1440
191.119.240.232 - - [23/Nov/2021:14:27:13 -0300] "POST /cormun/servlet/solicitudot?gx-no-cache=1637687716355 HTTP/1.1" 200 38
205.185.121.173 - - [23/Nov/2021:14:29:26 -0300] "GET /manager/html HTTP/1.1" 401 2474
191.119.240.232 - - [23/Nov/2021:14:32:02 -0300] "POST /cormun/servlet/solicitudot?gx-no-cache=1637688003945 HTTP/1.1" 200 30
205.185.121.173 - - [23/Nov/2021:14:32:15 -0300] "GET /manager/html HTTP/1.1" 401 2474
191.119.240.232 - - [23/Nov/2021:14:32:32 -0300] "POST /cormun/servlet/solicitudot?gx-no-cache=1637688035174 HTTP/1.1" 200 1441
191.119.240.232 - - [23/Nov/2021:14:32:32 -0300] "GET /cormun/static/menuarrow.gif HTTP/1.1" 404 1015
191.119.240.232 - - [23/Nov/2021:14:32:53 -0300] "POST /cormun/servlet/solicitudot?gx-no-cache=1637688056563 HTTP/1.1" 200 118
191.119.240.232 - - [23/Nov/2021:14:32:53 -0300] "GET /cormun/servlet/solicitudot?4c98893dd66895701bd6159d10f58532e701c645a07958dc284ad7fb6f7723c5619f57732cad18a8beb0c81bb9bd2c0d81dcbe4cf41bf7f202960e98b63b0b79532f1b3b53e029beb8df67284dd35d375143ff8df166add43395651fe84a949d0f6e2b43df7c3cf7be8cb9cb5d29ea70,gx-no-cache=1637688056833 HTTP/1.1" 200 110
191.119.240.232 - - [23/Nov/2021:14:32:53 -0300] "POST /cormun/servlet/solicitudot?gx-no-cache=1637688056906 HTTP/1.1" 200 110
190.171.141.90 - - [23/Nov/2021:14:32:59 -0300] "GET /cormun/servlet/hlogin HTTP/1.1" 200 1724
190.171.141.90 - - [23/Nov/2021:14:33:03 -0300] "POST /cormun/servlet/hlogin?6d7e20b48780526fc814bb147438528c,gx-no-cache=1637688066268 HTTP/1.1" 200 90
190.171.141.90 - - [23/Nov/2021:14:33:03 -0300] "GET /cormun/servlet/hpexe_link HTTP/1.1" 200 953
190.171.141.90 - - [23/Nov/2021:14:33:04 -0300] "GET /cormun/servlet/hhome HTTP/1.1" 200 3969
190.171.141.90 - - [23/Nov/2021:14:33:04 -0300] "GET /cormun/servlet/hhome HTTP/1.1" 200 3965
190.171.141.90 - - [23/Nov/2021:14:33:10 -0300] "GET /cormun/servlet/trsolicitudot? HTTP/1.1" 200 7194
190.171.141.90 - - [23/Nov/2021:14:33:11 -0300] "GET /cormun/servlet/trsolicitudot? HTTP/1.1" 200 7193
190.171.141.90 - - [23/Nov/2021:14:33:14 -0300] "GET /cormun/static/menuarrow.gif HTTP/1.1" 404 1015
190.171.141.90 - - [23/Nov/2021:14:33:21 -0300] "POST /cormun/servlet/trsolicitudot?6d7e20b48780526fc814bb147438528c,,gx-no-cache=1637688083095 HTTP/1.1" 200 15050
190.171.141.90 - - [23/Nov/2021:14:33:23 -0300] "GET /cormun/servlet/vesolicitudot?2021,17806,, HTTP/1.1" 200 8341
190.171.141.90 - - [23/Nov/2021:14:33:23 -0300] "GET /cormun/static/gxcfg.js?201991422423914 HTTP/1.1" 200 953
190.171.141.90 - - [23/Nov/2021:14:33:24 -0300] "GET /cormun/static/vesolicitudot.js?201991422423984 HTTP/1.1" 200 6091
190.171.141.90 - - [23/Nov/2021:14:33:24 -0300] "GET /cormun/static/hwcviewtabs.js?201991422154026 HTTP/1.1" 200 1074
190.171.141.90 - - [23/Nov/2021:14:33:24 -0300] "GET /cormun/static/hpexe_tabsview.js?2020121447381 HTTP/1.1" 200 1661
190.171.141.90 - - [23/Nov/2021:14:33:24 -0300] "GET /cormun/static/Resources/PXToolsTabFirstSelected.png HTTP/1.1" 200 1270
190.171.141.90 - - [23/Nov/2021:14:33:24 -0300] "GET /cormun/static/Resources/PXToolsTabPrevious.gif HTTP/1.1" 200 172
190.171.141.90 - - [23/Nov/2021:14:33:24 -0300] "GET /cormun/pexe_scrolldiv.js HTTP/1.1" 404 1009
190.171.141.90 - - [23/Nov/2021:14:33:24 -0300] "GET /cormun/static/Resources/PXToolsTabNext.gif HTTP/1.1" 200 168
190.171.141.90 - - [23/Nov/2021:14:33:24 -0300] "GET /cormun/static/Resources/PXToolsTabBackSelected.png HTTP/1.1" 200 1157
190.171.141.90 - - [23/Nov/2021:14:33:24 -0300] "GET /cormun/static/Resources/PXToolsTabBackUnselected.png HTTP/1.1" 200 1175
190.171.141.90 - - [23/Nov/2021:14:33:24 -0300] "GET /cormun/servlet/vesolicitudot?2021,17806,, HTTP/1.1" 200 8341
191.119.240.232 - - [23/Nov/2021:14:33:56 -0300] "POST /cormun/servlet/solicitudot?gx-no-cache=1637688118746 HTTP/1.1" 200 118
191.119.240.232 - - [23/Nov/2021:14:33:56 -0300] "GET /cormun/servlet/solicitudot?4c98893dd66895701bd6159d10f58532e701c645a07958dc284ad7fb6f7723c5619f57732cad18a8beb0c81bb9bd2c0d81dcbe4cf41bf7f202960e98b63b0b79532f1b3b53e029beb8df67284dd35d375143ff8df166add43395651fe84a949d0f6e2b43df7c3cf7be8cb9cb5d29ea70,gx-no-cache=1637688120153 HTTP/1.1" 200 110
191.119.240.232 - - [23/Nov/2021:14:33:57 -0300] "GET /cormun/servlet/solicitudot?4c98893dd66895701bd6159d10f5853222582e2497e88ec9723f8949196f176db13f38cc93d98ba2ca1d94b987d3756fde14647655307d8fc31c4fe93988244ece22511dcb2ecd021729dcccd5010e756d621d1312d4e8a5ac5822acf97b00051fb50a61ebe541ab52855f47ec7dfa3d,gx-no-cache=1637688120232 HTTP/1.1" 200 29
191.119.240.232 - - [23/Nov/2021:14:34:09 -0300] "GET /cormun/servlet/solicitudot?4c98893dd66895701bd6159d10f58532f25701b04cef74672006ad3fea6efea48830e308f736965417d5130666ef7010,gx-no-cache=1637688132326 HTTP/1.1" 200 30
191.119.240.232 - - [23/Nov/2021:14:34:44 -0300] "POST /cormun/servlet/solicitudot?gx-no-cache=1637688160603 HTTP/1.1" 200 120
205.185.121.173 - - [23/Nov/2021:14:35:09 -0300] "GET /manager/html HTTP/1.1" 401 2474
191.119.240.232 - - [23/Nov/2021:14:35:50 -0300] "POST /cormun/servlet/solicitudot?gx-no-cache=1637688233308 HTTP/1.1" 200 122
191.119.240.232 - - [23/Nov/2021:14:35:50 -0300] "GET /cormun/servlet/solicitudot?4c98893dd66895701bd6159d10f58532e701c645a07958dc284ad7fb6f7723c5619f57732cad18a8beb0c81bb9bd2c0d81dcbe4cf41bf7f202960e98b63b0b79532f1b3b53e029beb8df67284dd35d375143ff8df166add43395651fe84a949d0f6e2b43df7c3cf7be8cb9cb5d29ea70,gx-no-cache=1637688233573 HTTP/1.1" 200 110
191.119.240.232 - - [23/Nov/2021:14:35:50 -0300] "POST /cormun/servlet/solicitudot?gx-no-cache=1637688233634 HTTP/1.1" 200 120
191.119.240.232 - - [23/Nov/2021:14:36:49 -0300] "POST /cormun/servlet/solicitudot?gx-no-cache=1637688284309 HTTP/1.1" 200 122
191.119.240.232 - - [23/Nov/2021:14:36:49 -0300] "GET /cormun/servlet/solicitudot?4c98893dd66895701bd6159d10f58532e701c645a07958dc284ad7fb6f7723c5619f57732cad18a8beb0c81bb9bd2c0d81dcbe4cf41bf7f202960e98b63b0b79532f1b3b53e029beb8df67284dd35d375143ff8df166add43395651fe84a949d0f6e2b43df7c3cf7be8cb9cb5d29ea70,gx-no-cache=1637688292551 HTTP/1.1" 200 110
191.119.240.232 - - [23/Nov/2021:14:37:11 -0300] "POST /cormun/servlet/solicitudot?gx-no-cache=1637688314516 HTTP/1.1" 200 122
191.119.240.232 - - [23/Nov/2021:14:37:11 -0300] "GET /cormun/servlet/solicitudot?4c98893dd66895701bd6159d10f58532e701c645a07958dc284ad7fb6f7723c5619f57732cad18a8beb0c81bb9bd2c0d81dcbe4cf41bf7f202960e98b63b0b79532f1b3b53e029beb8df67284dd35d375143ff8df166add43395651fe84a949d0f6e2b43df7c3cf7be8cb9cb5d29ea70,gx-no-cache=1637688314691 HTTP/1.1" 200 110
191.119.240.232 - - [23/Nov/2021:14:37:50 -0300] "POST /cormun/servlet/solicitudot?gx-no-cache=1637688353197 HTTP/1.1" 200 122
191.119.240.232 - - [23/Nov/2021:14:37:50 -0300] "GET /cormun/servlet/solicitudot?4c98893dd66895701bd6159d10f58532e701c645a07958dc284ad7fb6f7723c5619f57732cad18a8beb0c81bb9bd2c0d81dcbe4cf41bf7f202960e98b63b0b79532f1b3b53e029beb8df67284dd35d375143ff8df166add43395651fe84a949d0f6e2b43df7c3cf7be8cb9cb5d29ea70,gx-no-cache=1637688353385 HTTP/1.1" 200 110
205.185.121.173 - - [23/Nov/2021:14:38:02 -0300] "GET /manager/html HTTP/1.1" 401 2474
191.119.240.232 - - [23/Nov/2021:14:38:46 -0300] "POST /cormun/servlet/solicitudot?gx-no-cache=1637688406675 HTTP/1.1" 200 122
191.119.240.232 - - [23/Nov/2021:14:38:46 -0300] "GET /cormun/servlet/solicitudot?4c98893dd66895701bd6159d10f58532e701c645a07958dc284ad7fb6f7723c5619f57732cad18a8beb0c81bb9bd2c0d81dcbe4cf41bf7f202960e98b63b0b79532f1b3b53e029beb8df67284dd35d375143ff8df166add43395651fe84a949d0f6e2b43df7c3cf7be8cb9cb5d29ea70,gx-no-cache=1637688409577 HTTP/1.1" 200 110
191.119.240.232 - - [23/Nov/2021:14:39:05 -0300] "POST /cormun/servlet/solicitudot?gx-no-cache=1637688427556 HTTP/1.1" 200 122
191.119.240.232 - - [23/Nov/2021:14:39:06 -0300] "GET /cormun/servlet/solicitudot?4c98893dd66895701bd6159d10f58532e701c645a07958dc284ad7fb6f7723c5619f57732cad18a8beb0c81bb9bd2c0d81dcbe4cf41bf7f202960e98b63b0b79532f1b3b53e029beb8df67284dd35d375143ff8df166add43395651fe84a949d0f6e2b43df7c3cf7be8cb9cb5d29ea70,gx-no-cache=1637688429156 HTTP/1.1" 200 110
191.119.240.232 - - [23/Nov/2021:14:39:06 -0300] "POST /cormun/servlet/solicitudot?gx-no-cache=1637688429240 HTTP/1.1" 200 120
191.119.240.232 - - [23/Nov/2021:14:39:06 -0300] "POST /cormun/servlet/solicitudot?d91154b996419e390a6fa92f90df6429,INS,0,0,false,,gx-no-cache=1637688429342 HTTP/1.1" 200 13058
191.119.240.232 - - [23/Nov/2021:14:39:19 -0300] "POST /cormun/servlet/solicitudot?gx-no-cache=1637688442408 HTTP/1.1" 200 122
191.119.240.232 - - [23/Nov/2021:14:39:19 -0300] "GET /cormun/servlet/solicitudot?4c98893dd66895701bd6159d10f58532e701c645a07958dc284ad7fb6f7723c5619f57732cad18a8beb0c81bb9bd2c0d81dcbe4cf41bf7f202960e98b63b0b79532f1b3b53e029beb8df67284dd35d375143ff8df166add43395651fe84a949d0f6e2b43df7c3cf7be8cb9cb5d29ea70,gx-no-cache=1637688442494 HTTP/1.1" 200 110
191.119.240.232 - - [23/Nov/2021:14:39:19 -0300] "POST /cormun/servlet/solicitudot?gx-no-cache=1637688442593 HTTP/1.1" 200 120
191.119.240.232 - - [23/Nov/2021:14:39:20 -0300] "POST /cormun/servlet/solicitudot?d91154b996419e390a6fa92f90df6429,INS,0,0,false,,gx-no-cache=1637688442688 HTTP/1.1" 200 13113
191.119.240.232 - - [23/Nov/2021:14:39:32 -0300] "POST /cormun/servlet/solicitudot?gx-no-cache=1637688454663 HTTP/1.1" 200 122
191.119.240.232 - - [23/Nov/2021:14:39:32 -0300] "GET /cormun/servlet/solicitudot?4c98893dd66895701bd6159d10f58532e701c645a07958dc284ad7fb6f7723c5619f57732cad18a8beb0c81bb9bd2c0d81dcbe4cf41bf7f202960e98b63b0b79532f1b3b53e029beb8df67284dd35d375143ff8df166add43395651fe84a949d0f6e2b43df7c3cf7be8cb9cb5d29ea70,gx-no-cache=1637688455375 HTTP/1.1" 200 110
191.119.240.232 - - [23/Nov/2021:14:39:32 -0300] "POST /cormun/servlet/solicitudot?gx-no-cache=1637688455547 HTTP/1.1" 200 120
191.119.240.232 - - [23/Nov/2021:14:39:33 -0300] "POST /cormun/servlet/solicitudot?d91154b996419e390a6fa92f90df6429,INS,0,0,false,,gx-no-cache=1637688455637 HTTP/1.1" 200 13178
191.119.240.232 - - [23/Nov/2021:14:39:43 -0300] "POST /cormun/servlet/solicitudot?gx-no-cache=1637688466967 HTTP/1.1" 200 122
191.119.240.232 - - [23/Nov/2021:14:39:43 -0300] "GET /cormun/servlet/solicitudot?4c98893dd66895701bd6159d10f58532e701c645a07958dc284ad7fb6f7723c5619f57732cad18a8beb0c81bb9bd2c0d81dcbe4cf41bf7f202960e98b63b0b79532f1b3b53e029beb8df67284dd35d375143ff8df166add43395651fe84a949d0f6e2b43df7c3cf7be8cb9cb5d29ea70,gx-no-cache=1637688467083 HTTP/1.1" 200 110
191.119.240.232 - - [23/Nov/2021:14:39:44 -0300] "POST /cormun/servlet/solicitudot?gx-no-cache=1637688467193 HTTP/1.1" 200 120
191.119.240.232 - - [23/Nov/2021:14:39:45 -0300] "POST /cormun/servlet/solicitudot?d91154b996419e390a6fa92f90df6429,INS,0,0,false,,gx-no-cache=1637688467317 HTTP/1.1" 200 13255
191.119.240.232 - - [23/Nov/2021:14:39:51 -0300] "POST /cormun/servlet/solicitudot?gx-no-cache=1637688474863 HTTP/1.1" 200 122
191.119.240.232 - - [23/Nov/2021:14:39:51 -0300] "GET /cormun/servlet/solicitudot?4c98893dd66895701bd6159d10f58532e701c645a07958dc284ad7fb6f7723c5619f57732cad18a8beb0c81bb9bd2c0d81dcbe4cf41bf7f202960e98b63b0b79532f1b3b53e029beb8df67284dd35d375143ff8df166add43395651fe84a949d0f6e2b43df7c3cf7be8cb9cb5d29ea70,gx-no-cache=1637688474963 HTTP/1.1" 200 110
191.119.240.232 - - [23/Nov/2021:14:39:51 -0300] "POST /cormun/servlet/solicitudot?gx-no-cache=1637688475052 HTTP/1.1" 200 120
191.119.240.232 - - [23/Nov/2021:14:39:52 -0300] "POST /cormun/servlet/solicitudot?d91154b996419e390a6fa92f90df6429,INS,0,0,false,,gx-no-cache=1637688475146 HTTP/1.1" 200 13299
191.119.240.232 - - [23/Nov/2021:14:40:00 -0300] "POST /cormun/servlet/solicitudot?gx-no-cache=1637688483844 HTTP/1.1" 200 122
191.119.240.232 - - [23/Nov/2021:14:40:02 -0300] "GET /cormun/servlet/solicitudot?4c98893dd66895701bd6159d10f58532e701c645a07958dc284ad7fb6f7723c5619f57732cad18a8beb0c81bb9bd2c0d81dcbe4cf41bf7f202960e98b63b0b79532f1b3b53e029beb8df67284dd35d375143ff8df166add43395651fe84a949d0f6e2b43df7c3cf7be8cb9cb5d29ea70,gx-no-cache=1637688485861 HTTP/1.1" 200 110
191.119.240.232 - - [23/Nov/2021:14:40:02 -0300] "POST /cormun/servlet/solicitudot?gx-no-cache=1637688486083 HTTP/1.1" 200 120
190.171.143.90 - - [23/Nov/2021:14:40:03 -0300] "GET /cormun/servlet/trlicenciaspermisosadjuntos?13082722,20211123000000,L, HTTP/1.1" 200 6657
190.171.143.90 - - [23/Nov/2021:14:40:03 -0300] "GET /cormun/servlet/trlicenciaspermisosadjuntos?13082722,20211123000000,L, HTTP/1.1" 200 6658
191.119.240.232 - - [23/Nov/2021:14:40:03 -0300] "POST /cormun/servlet/solicitudot?d91154b996419e390a6fa92f90df6429,INS,0,0,false,,gx-no-cache=1637688486187 HTTP/1.1" 200 13341
190.171.143.90 - - [23/Nov/2021:14:40:10 -0300] "GET /cormun/servlet/licenciaspermisosadjuntos?INS,13082722,L,20211123000000,, HTTP/1.1" 200 5953
190.171.143.90 - - [23/Nov/2021:14:40:10 -0300] "GET /cormun/static/about:blank HTTP/1.1" 404 1011
190.171.143.90 - - [23/Nov/2021:14:40:10 -0300] "GET /cormun/servlet/licenciaspermisosadjuntos?INS,13082722,L,20211123000000,, HTTP/1.1" 200 5943
191.119.240.232 - - [23/Nov/2021:14:40:22 -0300] "GET /cormun/servlet/prlicenciaspermisos?17477489,L,,MD,,gxPopupLevel%3D0%3B HTTP/1.1" 200 6510
191.119.240.232 - - [23/Nov/2021:14:40:23 -0300] "GET /cormun/static/gxcfg.js?2020121559567 HTTP/1.1" 200 953
191.119.240.232 - - [23/Nov/2021:14:40:23 -0300] "GET /cormun/static/prlicenciaspermisos.js?2020121559821 HTTP/1.1" 200 13379
191.119.240.232 - - [23/Nov/2021:14:40:24 -0300] "POST /cormun/servlet/acontrolpreferencessavestate?None,IC-D30,true HTTP/1.1" 200 35
190.171.143.90 - - [23/Nov/2021:14:40:28 -0300] "POST /cormun/servlet/licenciaspermisosadjuntos?16df393a316e259a8c8ee774b19a789c,INS,13082722,L,20211123000000,, HTTP/1.1" 200 116
190.171.143.90 - - [23/Nov/2021:14:40:28 -0300] "GET /cormun/servlet/hpexe_return? HTTP/1.1" 200 1046
190.171.143.90 - - [23/Nov/2021:14:40:29 -0300] "GET /cormun/servlet/trlicenciaspermisosadjuntos?13082722,20211123000000,L, HTTP/1.1" 200 7224
190.171.143.90 - - [23/Nov/2021:14:40:29 -0300] "GET /cormun/servlet/trlicenciaspermisosadjuntos?13082722,20211123000000,L, HTTP/1.1" 200 7220
205.185.121.173 - - [23/Nov/2021:14:40:45 -0300] "GET /manager/html HTTP/1.1" 401 2474
191.119.240.232 - - [23/Nov/2021:14:40:52 -0300] "POST /cormun/servlet/solicitudot?gx-no-cache=1637688534427 HTTP/1.1" 200 40
191.119.240.232 - - [23/Nov/2021:14:40:53 -0300] "GET /cormun/servlet/solicitudot?4c98893dd66895701bd6159d10f58532e701c645a07958dc284ad7fb6f7723c5619f57732cad18a8beb0c81bb9bd2c0d81dcbe4cf41bf7f202960e98b63b0b79532f1b3b53e029beb8df67284dd35d375143ff8df166add43395651fe84a949d0f6e2b43df7c3cf7be8cb9cb5d29ea70,gx-no-cache=1637688536155 HTTP/1.1" 200 110
191.119.240.232 - - [23/Nov/2021:14:40:53 -0300] "POST /cormun/servlet/solicitudot?gx-no-cache=1637688536286 HTTP/1.1" 200 34
191.119.240.232 - - [23/Nov/2021:14:40:53 -0300] "POST /cormun/servlet/solicitudot?d91154b996419e390a6fa92f90df6429,INS,0,0,false,,gx-no-cache=1637688536380 HTTP/1.1" 200 93
191.119.240.232 - - [23/Nov/2021:14:40:53 -0300] "GET /cormun/servlet/hpexe_return? HTTP/1.1" 200 1005
190.171.143.90 - - [23/Nov/2021:14:40:53 -0300] "GET /cormun/servlet/trlicencias? HTTP/1.1" 200 10817
191.119.240.232 - - [23/Nov/2021:14:40:54 -0300] "GET /cormun/servlet/trsolicitudot HTTP/1.1" 200 11066
190.171.143.90 - - [23/Nov/2021:14:40:54 -0300] "GET /cormun/servlet/trlicencias? HTTP/1.1" 200 10815
191.119.240.232 - - [23/Nov/2021:14:40:54 -0300] "GET /cormun/servlet/trsolicitudot HTTP/1.1" 200 11061
191.119.240.232 - - [23/Nov/2021:14:40:59 -0300] "GET /cormun/servlet/solicitudot?INS,0,0,false, HTTP/1.1" 200 15817
190.171.143.90 - - [23/Nov/2021:14:41:00 -0300] "GET /cormun/servlet/alicenciaprn?13082722,L,20211123000000,PU HTTP/1.1" 200 1592
191.119.240.232 - - [23/Nov/2021:14:41:00 -0300] "GET /cormun/servlet/solicitudot?INS,0,0,false, HTTP/1.1" 200 15825
191.119.240.232 - - [23/Nov/2021:14:41:09 -0300] "POST /cormun/servlet/solicitudot?gx-no-cache=1637688552221 HTTP/1.1" 200 3837
191.119.240.232 - - [23/Nov/2021:14:41:09 -0300] "GET /cormun/static/Shared/jqueryui/images/ui-bg_highlight-soft_100_c6c2c8_1x100.png HTTP/1.1" 404 1117
191.119.240.232 - - [23/Nov/2021:14:41:09 -0300] "GET /cormun/static/Shared/jqueryui/images/ui-icons_82798d_256x240.png HTTP/1.1" 404 1089
191.119.240.232 - - [23/Nov/2021:14:41:09 -0300] "GET /cormun/static/Shared/jqueryui/images/ui-bg_flat_55_994d53_40x100.png HTTP/1.1" 404 1097
191.119.240.232 - - [23/Nov/2021:14:41:09 -0300] "GET /cormun/static/Shared/jqueryui/images/ui-icons_ebccce_256x240.png HTTP/1.1" 404 1089
191.119.240.232 - - [23/Nov/2021:14:41:09 -0300] "GET /cormun/servlet/solicitudot?4c98893dd66895701bd6159d10f585321f466d22e8e62c7858db84dd07b72942,gx-no-cache=1637688552798 HTTP/1.1" 200 111
191.119.240.232 - - [23/Nov/2021:14:41:18 -0300] "GET /cormun/servlet/prfichaempleado?,MD,,gxPopupLevel%3D0%3B HTTP/1.1" 200 9203
191.119.240.232 - - [23/Nov/2021:14:41:29 -0300] "POST /cormun/servlet/prfichaempleado?d91154b996419e390a6fa92f90df6429,,MD,,gxPopupLevel%3D0%3B,gx-no-cache=1637688570361 HTTP/1.1" 200 3518
191.119.240.232 - - [23/Nov/2021:14:41:38 -0300] "POST /cormun/servlet/solicitudot?gx-no-cache=1637688579141 HTTP/1.1" 200 3911
191.119.240.232 - - [23/Nov/2021:14:41:38 -0300] "POST /cormun/servlet/solicitudot?d91154b996419e390a6fa92f90df6429,INS,0,0,false,,gx-no-cache=1637688581579 HTTP/1.1" 200 12666
