205.185.121.173 - - [23/Nov/2021:00:00:18 -0300] "GET /manager/html HTTP/1.1" 401 2474
45.137.23.85 - - [23/Nov/2021:00:01:09 -0300] "GET / HTTP/1.1" 200 11217
205.185.121.173 - - [23/Nov/2021:00:02:51 -0300] "GET /manager/html HTTP/1.1" 401 2474
205.185.121.173 - - [23/Nov/2021:00:05:29 -0300] "GET /manager/html HTTP/1.1" 401 2474
205.185.121.173 - - [23/Nov/2021:00:08:01 -0300] "GET /manager/html HTTP/1.1" 401 2474
205.185.121.173 - - [23/Nov/2021:00:10:27 -0300] "GET /manager/html HTTP/1.1" 401 2474
205.185.121.173 - - [23/Nov/2021:00:13:04 -0300] "GET /manager/html HTTP/1.1" 401 2474
205.185.121.173 - - [23/Nov/2021:00:18:03 -0300] "GET /manager/html HTTP/1.1" 401 2474
205.185.121.173 - - [23/Nov/2021:00:20:32 -0300] "GET /manager/html HTTP/1.1" 401 2474
205.185.121.173 - - [23/Nov/2021:00:22:58 -0300] "GET /manager/html HTTP/1.1" 401 2474
205.185.121.173 - - [23/Nov/2021:00:25:28 -0300] "GET /manager/html HTTP/1.1" 401 2474
77.88.5.46 - - [23/Nov/2021:00:27:47 -0300] "GET /robots.txt HTTP/1.1" 404 981
77.88.5.46 - - [23/Nov/2021:00:27:51 -0300] "GET /examples/jsp/jsp2/simpletag/book.html HTTP/1.1" 200 1641
205.185.121.173 - - [23/Nov/2021:00:27:59 -0300] "GET /manager/html HTTP/1.1" 401 2474
205.185.121.173 - - [23/Nov/2021:00:30:27 -0300] "GET /manager/html HTTP/1.1" 401 2474
205.185.121.173 - - [23/Nov/2021:00:32:55 -0300] "GET /manager/html HTTP/1.1" 401 2474
205.185.121.173 - - [23/Nov/2021:00:35:35 -0300] "GET /manager/html HTTP/1.1" 401 2474
205.185.121.173 - - [23/Nov/2021:00:38:06 -0300] "GET /manager/html HTTP/1.1" 401 2474
205.185.121.173 - - [23/Nov/2021:00:40:42 -0300] "GET /manager/html HTTP/1.1" 401 2474
118.123.105.67 - - [23/Nov/2021:00:41:45 -0300] "îê<½ÉÓX§ífǨ–I£Q'AÌ3ŝ“àòŸ ƒöK¿9WÙ(§AßÛèºt÷Öë]ì„ù>_&À+À/À,À0̨̩À ÀÀ" 400 -
118.123.105.67 - - [23/Nov/2021:00:41:46 -0300] "GET / HTTP/1.1" 200 11217
118.123.105.67 - - [23/Nov/2021:00:41:46 -0300] "îêlSn©”·FMOãqî%ÄZy¡ÉîÈ/aN ð â¹Þ<«þfÀއ  ·E0®Mm—ç!ëõyă&À+À/À,À0̨̩À ÀÀ" 400 -
118.123.105.67 - - [23/Nov/2021:00:41:47 -0300] "-" 400 -
118.123.105.67 - - [23/Nov/2021:00:41:48 -0300] "-" 400 -
118.123.105.67 - - [23/Nov/2021:00:41:48 -0300] "îêRÇ}ÚïÑè³ ñ]í´ãþ§–#Å 6K¥Q»±Ó*x' kŠÊ¡¯¥ed-»E-ä~°H " 400 -
118.123.105.67 - - [23/Nov/2021:00:41:49 -0300] "îê|Û•u´ý‘‡¦XÓpsÑ»bzŠ>“#ÐL»Å­Lí µJ#Ozy-‚Òó[ޗýêbÝ{ŠU’}yÇê2 " 400 -
118.123.105.67 - - [23/Nov/2021:00:41:51 -0300] "-" 400 -
205.185.121.173 - - [23/Nov/2021:00:43:05 -0300] "GET /manager/html HTTP/1.1" 401 2474
205.185.121.173 - - [23/Nov/2021:00:45:35 -0300] "GET /manager/html HTTP/1.1" 401 2474
205.185.121.173 - - [23/Nov/2021:00:48:08 -0300] "GET /manager/html HTTP/1.1" 401 2474
205.185.121.173 - - [23/Nov/2021:00:50:42 -0300] "GET /manager/html HTTP/1.1" 401 2474
205.185.121.173 - - [23/Nov/2021:00:53:09 -0300] "GET /manager/html HTTP/1.1" 401 2474
45.146.166.75 - - [23/Nov/2021:00:54:52 -0300] "/*àCookie: mstshash=Administr " 400 -
205.185.121.173 - - [23/Nov/2021:00:55:40 -0300] "GET /manager/html HTTP/1.1" 401 2474
205.185.121.173 - - [23/Nov/2021:00:58:14 -0300] "GET /manager/html HTTP/1.1" 401 2474
205.185.121.173 - - [23/Nov/2021:01:00:36 -0300] "GET /manager/html HTTP/1.1" 401 2474
205.185.121.173 - - [23/Nov/2021:01:03:08 -0300] "GET /manager/html HTTP/1.1" 401 2474
205.185.121.173 - - [23/Nov/2021:01:05:38 -0300] "GET /manager/html HTTP/1.1" 401 2474
205.185.121.173 - - [23/Nov/2021:01:08:08 -0300] "GET /manager/html HTTP/1.1" 401 2474
205.185.121.173 - - [23/Nov/2021:01:10:40 -0300] "GET /manager/html HTTP/1.1" 401 2474
205.185.121.173 - - [23/Nov/2021:01:13:21 -0300] "GET /manager/html HTTP/1.1" 401 2474
205.185.121.173 - - [23/Nov/2021:01:15:53 -0300] "GET /manager/html HTTP/1.1" 401 2474
205.185.121.173 - - [23/Nov/2021:01:18:25 -0300] "GET /manager/html HTTP/1.1" 401 2474
205.185.121.173 - - [23/Nov/2021:01:20:57 -0300] "GET /manager/html HTTP/1.1" 401 2474
205.185.121.173 - - [23/Nov/2021:01:23:31 -0300] "GET /manager/html HTTP/1.1" 401 2474
205.185.121.173 - - [23/Nov/2021:01:25:57 -0300] "GET /manager/html HTTP/1.1" 401 2474
34.96.130.17 - - [23/Nov/2021:01:26:08 -0300] "GET / HTTP/1.1" 200 11217
205.185.121.173 - - [23/Nov/2021:01:28:25 -0300] "GET /manager/html HTTP/1.1" 401 2474
205.185.121.173 - - [23/Nov/2021:01:30:59 -0300] "GET /manager/html HTTP/1.1" 401 2474
205.185.121.173 - - [23/Nov/2021:01:33:31 -0300] "GET /manager/html HTTP/1.1" 401 2474
205.185.121.173 - - [23/Nov/2021:01:36:06 -0300] "GET /manager/html HTTP/1.1" 401 2474
205.185.121.173 - - [23/Nov/2021:01:38:44 -0300] "GET /manager/html HTTP/1.1" 401 2474
205.185.121.173 - - [23/Nov/2021:01:41:13 -0300] "GET /manager/html HTTP/1.1" 401 2474
205.185.121.173 - - [23/Nov/2021:01:43:48 -0300] "GET /manager/html HTTP/1.1" 401 2474
205.185.121.173 - - [23/Nov/2021:01:46:20 -0300] "GET /manager/html HTTP/1.1" 401 2474
205.185.121.173 - - [23/Nov/2021:01:48:48 -0300] "GET /manager/html HTTP/1.1" 401 2474
205.185.121.173 - - [23/Nov/2021:01:51:20 -0300] "GET /manager/html HTTP/1.1" 401 2474
205.185.121.173 - - [23/Nov/2021:01:53:55 -0300] "GET /manager/html HTTP/1.1" 401 2474
205.185.121.173 - - [23/Nov/2021:01:56:27 -0300] "GET /manager/html HTTP/1.1" 401 2474
205.185.121.173 - - [23/Nov/2021:01:58:56 -0300] "GET /manager/html HTTP/1.1" 401 2474
205.185.121.173 - - [23/Nov/2021:02:01:27 -0300] "GET /manager/html HTTP/1.1" 401 2474
205.185.121.173 - - [23/Nov/2021:02:04:00 -0300] "GET /manager/html HTTP/1.1" 401 2474
205.185.121.173 - - [23/Nov/2021:02:06:34 -0300] "GET /manager/html HTTP/1.1" 401 2474
205.185.121.173 - - [23/Nov/2021:02:09:02 -0300] "GET /manager/html HTTP/1.1" 401 2474
205.185.121.173 - - [23/Nov/2021:02:11:29 -0300] "GET /manager/html HTTP/1.1" 401 2474
205.185.121.173 - - [23/Nov/2021:02:14:04 -0300] "GET /manager/html HTTP/1.1" 401 2474
205.185.121.173 - - [23/Nov/2021:02:16:37 -0300] "GET /manager/html HTTP/1.1" 401 2474
205.185.121.173 - - [23/Nov/2021:02:19:11 -0300] "GET /manager/html HTTP/1.1" 401 2474
205.185.121.173 - - [23/Nov/2021:02:21:52 -0300] "GET /manager/html HTTP/1.1" 401 2474
205.185.121.173 - - [23/Nov/2021:02:24:22 -0300] "GET /manager/html HTTP/1.1" 401 2474
205.185.121.173 - - [23/Nov/2021:02:26:52 -0300] "GET /manager/html HTTP/1.1" 401 2474
81.214.111.211 - - [23/Nov/2021:02:28:49 -0300] "GET / HTTP/1.0" 200 11197
205.185.121.173 - - [23/Nov/2021:02:29:22 -0300] "GET /manager/html HTTP/1.1" 401 2474
205.185.121.173 - - [23/Nov/2021:02:31:53 -0300] "GET /manager/html HTTP/1.1" 401 2474
205.185.121.173 - - [23/Nov/2021:02:34:26 -0300] "GET /manager/html HTTP/1.1" 401 2474
205.185.121.173 - - [23/Nov/2021:02:37:01 -0300] "GET /manager/html HTTP/1.1" 401 2474
205.185.121.173 - - [23/Nov/2021:02:39:36 -0300] "GET /manager/html HTTP/1.1" 401 2474
205.185.121.173 - - [23/Nov/2021:02:42:01 -0300] "GET /manager/html HTTP/1.1" 401 2474
205.185.121.173 - - [23/Nov/2021:02:44:28 -0300] "GET /manager/html HTTP/1.1" 401 2474
205.185.121.173 - - [23/Nov/2021:02:47:07 -0300] "GET /manager/html HTTP/1.1" 401 2474
205.185.121.173 - - [23/Nov/2021:02:49:41 -0300] "GET /manager/html HTTP/1.1" 401 2474
205.185.121.173 - - [23/Nov/2021:02:52:06 -0300] "GET /manager/html HTTP/1.1" 401 2474
205.185.121.173 - - [23/Nov/2021:02:54:34 -0300] "GET /manager/html HTTP/1.1" 401 2474
205.185.121.173 - - [23/Nov/2021:02:57:03 -0300] "GET /manager/html HTTP/1.1" 401 2474
205.185.121.173 - - [23/Nov/2021:02:59:30 -0300] "GET /manager/html HTTP/1.1" 401 2474
205.185.121.173 - - [23/Nov/2021:03:01:55 -0300] "GET /manager/html HTTP/1.1" 401 2474
205.185.121.173 - - [23/Nov/2021:03:04:21 -0300] "GET /manager/html HTTP/1.1" 401 2474
205.185.121.173 - - [23/Nov/2021:03:07:07 -0300] "GET /manager/html HTTP/1.1" 401 2474
205.185.121.173 - - [23/Nov/2021:03:09:36 -0300] "GET /manager/html HTTP/1.1" 401 2474
177.75.212.220 - - [23/Nov/2021:03:09:37 -0300] "GET / HTTP/1.1" 200 11217
205.185.121.173 - - [23/Nov/2021:03:12:11 -0300] "GET /manager/html HTTP/1.1" 401 2474
205.185.121.173 - - [23/Nov/2021:03:14:39 -0300] "GET /manager/html HTTP/1.1" 401 2474
205.185.121.173 - - [23/Nov/2021:03:17:07 -0300] "GET /manager/html HTTP/1.1" 401 2474
205.185.121.173 - - [23/Nov/2021:03:19:37 -0300] "GET /manager/html HTTP/1.1" 401 2474
205.185.121.173 - - [23/Nov/2021:03:22:08 -0300] "GET /manager/html HTTP/1.1" 401 2474
77.88.5.217 - - [23/Nov/2021:03:22:35 -0300] "GET /cormun/static/Resources/Logo2019_Grande.png HTTP/1.1" 200 31733
75.9.243.65 - - [23/Nov/2021:03:23:14 -0300] "GET / HTTP/1.1" 200 11217
205.185.121.173 - - [23/Nov/2021:03:24:41 -0300] "GET /manager/html HTTP/1.1" 401 2474
205.185.121.173 - - [23/Nov/2021:03:27:11 -0300] "GET /manager/html HTTP/1.1" 401 2474
205.185.121.173 - - [23/Nov/2021:03:29:50 -0300] "GET /manager/html HTTP/1.1" 401 2474
205.185.121.173 - - [23/Nov/2021:03:33:35 -0300] "GET /manager/html HTTP/1.1" 401 2474
205.185.121.173 - - [23/Nov/2021:03:36:10 -0300] "GET /manager/html HTTP/1.1" 401 2474
205.185.121.173 - - [23/Nov/2021:03:38:45 -0300] "GET /manager/html HTTP/1.1" 401 2474
205.185.121.173 - - [23/Nov/2021:03:41:19 -0300] "GET /manager/html HTTP/1.1" 401 2474
205.185.121.173 - - [23/Nov/2021:03:43:51 -0300] "GET /manager/html HTTP/1.1" 401 2474
205.185.121.173 - - [23/Nov/2021:03:46:19 -0300] "GET /manager/html HTTP/1.1" 401 2474
205.185.121.173 - - [23/Nov/2021:03:48:56 -0300] "GET /manager/html HTTP/1.1" 401 2474
205.185.121.173 - - [23/Nov/2021:03:51:39 -0300] "GET /manager/html HTTP/1.1" 401 2474
205.185.121.173 - - [23/Nov/2021:03:54:07 -0300] "GET /manager/html HTTP/1.1" 401 2474
205.185.121.173 - - [23/Nov/2021:03:56:40 -0300] "GET /manager/html HTTP/1.1" 401 2474
205.185.121.173 - - [23/Nov/2021:03:59:06 -0300] "GET /manager/html HTTP/1.1" 401 2474
205.185.121.173 - - [23/Nov/2021:04:01:41 -0300] "GET /manager/html HTTP/1.1" 401 2474
205.185.121.173 - - [23/Nov/2021:04:04:09 -0300] "GET /manager/html HTTP/1.1" 401 2474
205.185.121.173 - - [23/Nov/2021:04:07:50 -0300] "GET /manager/html HTTP/1.1" 401 2474
205.185.121.173 - - [23/Nov/2021:04:10:25 -0300] "GET /manager/html HTTP/1.1" 401 2474
205.185.121.173 - - [23/Nov/2021:04:13:08 -0300] "GET /manager/html HTTP/1.1" 401 2474
205.185.121.173 - - [23/Nov/2021:04:15:35 -0300] "GET /manager/html HTTP/1.1" 401 2474
205.185.121.173 - - [23/Nov/2021:04:18:08 -0300] "GET /manager/html HTTP/1.1" 401 2474
205.185.121.173 - - [23/Nov/2021:04:20:47 -0300] "GET /manager/html HTTP/1.1" 401 2474
128.14.134.170 - - [23/Nov/2021:04:21:19 -0300] "GET / HTTP/1.1" 200 11217
205.185.121.173 - - [23/Nov/2021:04:23:17 -0300] "GET /manager/html HTTP/1.1" 401 2474
193.142.146.242 - - [23/Nov/2021:04:25:22 -0300] "HEAD / HTTP/1.0" 200 -
205.185.121.173 - - [23/Nov/2021:04:26:22 -0300] "GET /manager/html HTTP/1.1" 401 2474
205.185.121.173 - - [23/Nov/2021:04:29:00 -0300] "GET /manager/html HTTP/1.1" 401 2474
205.185.121.173 - - [23/Nov/2021:04:31:30 -0300] "GET /manager/html HTTP/1.1" 401 2474
205.185.121.173 - - [23/Nov/2021:04:34:22 -0300] "GET /manager/html HTTP/1.1" 401 2474
205.185.121.173 - - [23/Nov/2021:04:36:46 -0300] "GET /manager/html HTTP/1.1" 401 2474
205.185.121.173 - - [23/Nov/2021:04:39:10 -0300] "GET /manager/html HTTP/1.1" 401 2474
205.185.121.173 - - [23/Nov/2021:04:41:45 -0300] "GET /manager/html HTTP/1.1" 401 2474
205.185.121.173 - - [23/Nov/2021:04:44:16 -0300] "GET /manager/html HTTP/1.1" 401 2474
205.185.121.173 - - [23/Nov/2021:04:46:48 -0300] "GET /manager/html HTTP/1.1" 401 2474
205.185.121.173 - - [23/Nov/2021:04:49:20 -0300] "GET /manager/html HTTP/1.1" 401 2474
205.185.121.173 - - [23/Nov/2021:04:51:54 -0300] "GET /manager/html HTTP/1.1" 401 2474
205.185.121.173 - - [23/Nov/2021:04:54:26 -0300] "GET /manager/html HTTP/1.1" 401 2474
205.185.121.173 - - [23/Nov/2021:04:57:00 -0300] "GET /manager/html HTTP/1.1" 401 2474
205.185.121.173 - - [23/Nov/2021:04:59:28 -0300] "GET /manager/html HTTP/1.1" 401 2474
207.46.13.91 - - [23/Nov/2021:04:59:41 -0300] "GET /cormun/servlet/hpexe_link HTTP/1.1" 200 923
216.218.206.69 - - [23/Nov/2021:05:01:42 -0300] "GET / HTTP/1.1" 200 11217
205.185.121.173 - - [23/Nov/2021:05:01:56 -0300] "GET /manager/html HTTP/1.1" 401 2474
205.185.121.173 - - [23/Nov/2021:05:04:22 -0300] "GET /manager/html HTTP/1.1" 401 2474
205.185.121.173 - - [23/Nov/2021:05:06:48 -0300] "GET /manager/html HTTP/1.1" 401 2474
205.185.121.173 - - [23/Nov/2021:05:09:15 -0300] "GET /manager/html HTTP/1.1" 401 2474
205.185.121.173 - - [23/Nov/2021:05:11:40 -0300] "GET /manager/html HTTP/1.1" 401 2474
205.185.121.173 - - [23/Nov/2021:05:14:10 -0300] "GET /manager/html HTTP/1.1" 401 2474
192.241.213.237 - - [23/Nov/2021:05:14:42 -0300] "GET / HTTP/1.1" 200 11217
205.185.121.173 - - [23/Nov/2021:05:16:39 -0300] "GET /manager/html HTTP/1.1" 401 2474
205.185.121.173 - - [23/Nov/2021:05:19:20 -0300] "GET /manager/html HTTP/1.1" 401 2474
205.185.121.173 - - [23/Nov/2021:05:21:51 -0300] "GET /manager/html HTTP/1.1" 401 2474
205.185.121.173 - - [23/Nov/2021:05:24:23 -0300] "GET /manager/html HTTP/1.1" 401 2474
205.185.121.173 - - [23/Nov/2021:05:26:56 -0300] "GET /manager/html HTTP/1.1" 401 2474
205.185.121.173 - - [23/Nov/2021:05:29:28 -0300] "GET /manager/html HTTP/1.1" 401 2474
205.185.121.173 - - [23/Nov/2021:05:31:55 -0300] "GET /manager/html HTTP/1.1" 401 2474
205.185.121.173 - - [23/Nov/2021:05:34:46 -0300] "GET /manager/html HTTP/1.1" 401 2474
205.185.121.173 - - [23/Nov/2021:05:37:14 -0300] "GET /manager/html HTTP/1.1" 401 2474
205.185.121.173 - - [23/Nov/2021:05:39:45 -0300] "GET /manager/html HTTP/1.1" 401 2474
205.185.121.173 - - [23/Nov/2021:05:42:13 -0300] "GET /manager/html HTTP/1.1" 401 2474
205.185.121.173 - - [23/Nov/2021:05:44:41 -0300] "GET /manager/html HTTP/1.1" 401 2474
205.185.121.173 - - [23/Nov/2021:05:47:18 -0300] "GET /manager/html HTTP/1.1" 401 2474
205.185.121.173 - - [23/Nov/2021:05:49:43 -0300] "GET /manager/html HTTP/1.1" 401 2474
143.198.177.90 - - [23/Nov/2021:05:49:52 -0300] "-" 400 -
205.185.121.173 - - [23/Nov/2021:05:52:21 -0300] "GET /manager/html HTTP/1.1" 401 2474
205.185.121.173 - - [23/Nov/2021:05:54:50 -0300] "GET /manager/html HTTP/1.1" 401 2474
205.185.121.173 - - [23/Nov/2021:05:57:17 -0300] "GET /manager/html HTTP/1.1" 401 2474
205.185.121.173 - - [23/Nov/2021:05:59:46 -0300] "GET /manager/html HTTP/1.1" 401 2474
205.185.121.173 - - [23/Nov/2021:06:02:17 -0300] "GET /manager/html HTTP/1.1" 401 2474
205.185.121.173 - - [23/Nov/2021:06:04:42 -0300] "GET /manager/html HTTP/1.1" 401 2474
205.185.121.173 - - [23/Nov/2021:06:07:19 -0300] "GET /manager/html HTTP/1.1" 401 2474
205.185.121.173 - - [23/Nov/2021:06:09:57 -0300] "GET /manager/html HTTP/1.1" 401 2474
205.185.121.173 - - [23/Nov/2021:06:12:26 -0300] "GET /manager/html HTTP/1.1" 401 2474
209.141.34.220 - - [23/Nov/2021:06:14:35 -0300] "GET /config/getuser?index=0 HTTP/1.1" 404 989
205.185.121.173 - - [23/Nov/2021:06:14:54 -0300] "GET /manager/html HTTP/1.1" 401 2474
205.185.121.173 - - [23/Nov/2021:06:17:16 -0300] "GET /manager/html HTTP/1.1" 401 2474
205.185.121.173 - - [23/Nov/2021:06:19:49 -0300] "GET /manager/html HTTP/1.1" 401 2474
205.185.121.173 - - [23/Nov/2021:06:22:18 -0300] "GET /manager/html HTTP/1.1" 401 2474
34.96.130.22 - - [23/Nov/2021:06:24:16 -0300] "GET / HTTP/1.1" 200 11217
205.185.121.173 - - [23/Nov/2021:06:25:03 -0300] "GET /manager/html HTTP/1.1" 401 2474
205.185.121.173 - - [23/Nov/2021:06:28:08 -0300] "GET /manager/html HTTP/1.1" 401 2474
205.185.121.173 - - [23/Nov/2021:06:30:59 -0300] "GET /manager/html HTTP/1.1" 401 2474
205.185.121.173 - - [23/Nov/2021:06:33:24 -0300] "GET /manager/html HTTP/1.1" 401 2474
205.185.121.173 - - [23/Nov/2021:06:36:07 -0300] "GET /manager/html HTTP/1.1" 401 2474
205.185.121.173 - - [23/Nov/2021:06:38:42 -0300] "GET /manager/html HTTP/1.1" 401 2474
205.185.121.173 - - [23/Nov/2021:06:41:16 -0300] "GET /manager/html HTTP/1.1" 401 2474
205.185.121.173 - - [23/Nov/2021:06:43:48 -0300] "GET /manager/html HTTP/1.1" 401 2474
205.185.121.173 - - [23/Nov/2021:06:46:13 -0300] "GET /manager/html HTTP/1.1" 401 2474
205.185.121.173 - - [23/Nov/2021:06:48:43 -0300] "GET /manager/html HTTP/1.1" 401 2474
205.185.121.173 - - [23/Nov/2021:06:51:11 -0300] "GET /manager/html HTTP/1.1" 401 2474
205.185.121.173 - - [23/Nov/2021:06:53:46 -0300] "GET /manager/html HTTP/1.1" 401 2474
205.185.121.173 - - [23/Nov/2021:06:56:10 -0300] "GET /manager/html HTTP/1.1" 401 2474
205.185.121.173 - - [23/Nov/2021:06:58:46 -0300] "GET /manager/html HTTP/1.1" 401 2474
207.46.13.131 - - [23/Nov/2021:06:59:17 -0300] "GET /cormun/servlet/hpexe_return HTTP/1.1" 200 971
205.185.121.173 - - [23/Nov/2021:07:01:14 -0300] "GET /manager/html HTTP/1.1" 401 2474
205.185.121.173 - - [23/Nov/2021:07:03:46 -0300] "GET /manager/html HTTP/1.1" 401 2474
205.185.121.173 - - [23/Nov/2021:07:06:18 -0300] "GET /manager/html HTTP/1.1" 401 2474
205.185.121.173 - - [23/Nov/2021:07:08:49 -0300] "GET /manager/html HTTP/1.1" 401 2474
205.185.121.173 - - [23/Nov/2021:07:11:25 -0300] "GET /manager/html HTTP/1.1" 401 2474
205.185.121.173 - - [23/Nov/2021:07:13:55 -0300] "GET /manager/html HTTP/1.1" 401 2474
205.185.121.173 - - [23/Nov/2021:07:16:26 -0300] "GET /manager/html HTTP/1.1" 401 2474
205.185.121.173 - - [23/Nov/2021:07:18:53 -0300] "GET /manager/html HTTP/1.1" 401 2474
205.185.121.173 - - [23/Nov/2021:07:21:24 -0300] "GET /manager/html HTTP/1.1" 401 2474
45.146.166.75 - - [23/Nov/2021:07:23:51 -0300] "/*àCookie: mstshash=Administr " 400 -
205.185.121.173 - - [23/Nov/2021:07:23:56 -0300] "GET /manager/html HTTP/1.1" 401 2474
205.185.121.173 - - [23/Nov/2021:07:26:32 -0300] "GET /manager/html HTTP/1.1" 401 2474
190.57.140.171 - - [23/Nov/2021:07:28:53 -0300] "GET / HTTP/1.1" 200 11217
205.185.121.173 - - [23/Nov/2021:07:29:14 -0300] "GET /manager/html HTTP/1.1" 401 2474
205.185.121.173 - - [23/Nov/2021:07:31:45 -0300] "GET /manager/html HTTP/1.1" 401 2474
205.185.121.173 - - [23/Nov/2021:07:34:13 -0300] "GET /manager/html HTTP/1.1" 401 2474
205.185.121.173 - - [23/Nov/2021:07:36:47 -0300] "GET /manager/html HTTP/1.1" 401 2474
178.141.127.10 - - [23/Nov/2021:07:38:23 -0300] "GET /boaform/admin/formLogin?username=ec8&psd=ec8 HTTP/1.0" 404 1007
205.185.121.173 - - [23/Nov/2021:07:39:23 -0300] "GET /manager/html HTTP/1.1" 401 2474
207.46.13.131 - - [23/Nov/2021:07:40:11 -0300] "GET /cormun/static/trpermisosgoce.js?2020121633681 HTTP/1.1" 200 35904
205.185.121.173 - - [23/Nov/2021:07:42:28 -0300] "GET /manager/html HTTP/1.1" 401 2474
205.185.121.173 - - [23/Nov/2021:07:45:12 -0300] "GET /manager/html HTTP/1.1" 401 2474
205.185.121.173 - - [23/Nov/2021:07:48:06 -0300] "GET /manager/html HTTP/1.1" 401 2474
205.185.121.173 - - [23/Nov/2021:07:50:33 -0300] "GET /manager/html HTTP/1.1" 401 2474
205.185.121.173 - - [23/Nov/2021:07:53:10 -0300] "GET /manager/html HTTP/1.1" 401 2474
205.185.121.173 - - [23/Nov/2021:07:55:49 -0300] "GET /manager/html HTTP/1.1" 401 2474
205.185.121.173 - - [23/Nov/2021:07:58:33 -0300] "GET /manager/html HTTP/1.1" 401 2474
205.185.121.173 - - [23/Nov/2021:08:01:02 -0300] "GET /manager/html HTTP/1.1" 401 2474
205.185.121.173 - - [23/Nov/2021:08:03:39 -0300] "GET /manager/html HTTP/1.1" 401 2474
205.185.121.173 - - [23/Nov/2021:08:06:20 -0300] "GET /manager/html HTTP/1.1" 401 2474
205.185.121.173 - - [23/Nov/2021:08:08:52 -0300] "GET /manager/html HTTP/1.1" 401 2474
205.185.121.173 - - [23/Nov/2021:08:11:21 -0300] "GET /manager/html HTTP/1.1" 401 2474
205.185.121.173 - - [23/Nov/2021:08:13:50 -0300] "GET /manager/html HTTP/1.1" 401 2474
192.168.10.17 - - [23/Nov/2021:08:14:29 -0300] "GET /cormun/servlet/hlogin HTTP/1.1" 200 1731
192.168.10.17 - - [23/Nov/2021:08:14:34 -0300] "POST /cormun/servlet/hlogin?6e2fd3dbf1ca801790cacc2a63db4d83,gx-no-cache=1637665215722 HTTP/1.1" 200 90
192.168.10.17 - - [23/Nov/2021:08:14:34 -0300] "GET /cormun/servlet/hpexe_link HTTP/1.1" 200 956
192.168.10.17 - - [23/Nov/2021:08:14:34 -0300] "GET /cormun/servlet/hhome HTTP/1.1" 200 3771
192.168.10.17 - - [23/Nov/2021:08:14:34 -0300] "GET /cormun/servlet/hhome HTTP/1.1" 200 3768
205.185.121.173 - - [23/Nov/2021:08:16:23 -0300] "GET /manager/html HTTP/1.1" 401 2474
192.168.10.96 - - [23/Nov/2021:08:16:56 -0300] "GET /cormun/servlet/hlogin HTTP/1.1" 200 1728
190.171.149.90 - - [23/Nov/2021:08:17:49 -0300] "GET /cormun/servlet/hlogin HTTP/1.1" 200 1728
190.171.149.90 - - [23/Nov/2021:08:17:49 -0300] "GET /cormun/servlet/hlogin HTTP/1.1" 200 1739
190.171.149.90 - - [23/Nov/2021:08:17:53 -0300] "POST /cormun/servlet/hlogin?c85677f899fad2065eba8f27adbedb40,gx-no-cache=1637665557901 HTTP/1.1" 200 90
190.171.149.90 - - [23/Nov/2021:08:17:53 -0300] "GET /cormun/servlet/hpexe_link HTTP/1.1" 200 956
190.171.149.90 - - [23/Nov/2021:08:17:53 -0300] "GET /cormun/servlet/hhome HTTP/1.1" 200 3950
190.171.149.90 - - [23/Nov/2021:08:17:53 -0300] "GET /cormun/servlet/hhome HTTP/1.1" 200 3946
190.171.149.90 - - [23/Nov/2021:08:17:56 -0300] "GET /cormun/servlet/trlicencias? HTTP/1.1" 200 8886
190.171.149.90 - - [23/Nov/2021:08:17:57 -0300] "GET /cormun/static/gxcfg.js?2020121613995 HTTP/1.1" 200 953
190.171.149.90 - - [23/Nov/2021:08:17:57 -0300] "GET /cormun/static/trlicencias.js?202012162481 HTTP/1.1" 200 41883
190.171.149.90 - - [23/Nov/2021:08:17:57 -0300] "GET /cormun/servlet/trlicencias? HTTP/1.1" 200 8884
205.185.121.173 - - [23/Nov/2021:08:18:58 -0300] "GET /manager/html HTTP/1.1" 401 2474
205.185.121.173 - - [23/Nov/2021:08:21:29 -0300] "GET /manager/html HTTP/1.1" 401 2474
205.185.121.173 - - [23/Nov/2021:08:24:00 -0300] "GET /manager/html HTTP/1.1" 401 2474
190.171.143.82 - - [23/Nov/2021:08:24:29 -0300] "GET /cormun/servlet/hlogin HTTP/1.1" 200 1728
190.171.143.82 - - [23/Nov/2021:08:24:30 -0300] "GET /cormun/servlet/hlogin HTTP/1.1" 200 1738
190.171.143.82 - - [23/Nov/2021:08:24:32 -0300] "POST /cormun/servlet/hlogin?fcd79e14096c76d05f50589bda447b7f,gx-no-cache=1637665958495 HTTP/1.1" 200 90
190.171.143.82 - - [23/Nov/2021:08:24:32 -0300] "GET /cormun/servlet/hpexe_link HTTP/1.1" 200 954
190.171.143.82 - - [23/Nov/2021:08:24:32 -0300] "GET /cormun/servlet/hhome HTTP/1.1" 200 4352
190.171.143.82 - - [23/Nov/2021:08:24:33 -0300] "GET /cormun/servlet/hhome HTTP/1.1" 200 4348
190.171.143.82 - - [23/Nov/2021:08:24:40 -0300] "GET /cormun/servlet/trpermisosgoce? HTTP/1.1" 200 12903
190.171.143.82 - - [23/Nov/2021:08:24:41 -0300] "GET /cormun/servlet/trpermisosgoce? HTTP/1.1" 200 12904
190.171.143.82 - - [23/Nov/2021:08:24:46 -0300] "GET /cormun/static/menuarrow.gif HTTP/1.1" 404 1015
190.171.143.82 - - [23/Nov/2021:08:24:51 -0300] "POST /cormun/servlet/trpermisosgoce?fcd79e14096c76d05f50589bda447b7f,,gx-no-cache=1637665977543 HTTP/1.1" 200 5888
192.168.10.17 - - [23/Nov/2021:08:25:00 -0300] "GET /cormun/servlet/trsolicitudgral? HTTP/1.1" 200 15031
192.168.10.17 - - [23/Nov/2021:08:25:01 -0300] "GET /cormun/servlet/trsolicitudgral? HTTP/1.1" 200 15029
192.168.10.17 - - [23/Nov/2021:08:25:13 -0300] "POST /cormun/servlet/trsolicitudgral?6e2fd3dbf1ca801790cacc2a63db4d83,,gx-no-cache=1637665854902 HTTP/1.1" 200 7159
190.171.141.90 - - [23/Nov/2021:08:26:16 -0300] "GET /cormun/servlet/hlogin HTTP/1.1" 200 1727
190.171.141.90 - - [23/Nov/2021:08:26:16 -0300] "GET /cormun/servlet/hlogin HTTP/1.1" 200 1738
190.171.141.90 - - [23/Nov/2021:08:26:16 -0300] "GET /favicon.ico HTTP/1.1" 200 21630
190.171.141.90 - - [23/Nov/2021:08:26:22 -0300] "POST /cormun/servlet/hlogin?7a20c44f7ca0a230a9023235bcb13c85,gx-no-cache=1637666069029 HTTP/1.1" 200 443
190.208.14.5 - - [23/Nov/2021:08:26:24 -0300] "GET /cormun/servlet/hlogin HTTP/1.1" 200 1722
190.208.14.5 - - [23/Nov/2021:08:26:25 -0300] "GET /cormun/static/gxtimezone.js?85251 HTTP/1.1" 200 5781
190.208.14.5 - - [23/Nov/2021:08:26:25 -0300] "GET /cormun/static/gxcfg.js?201910216285969 HTTP/1.1" 200 953
190.171.141.90 - - [23/Nov/2021:08:26:26 -0300] "POST /cormun/servlet/hlogin?7a20c44f7ca0a230a9023235bcb13c85,gx-no-cache=1637666073171 HTTP/1.1" 200 90
190.171.141.90 - - [23/Nov/2021:08:26:26 -0300] "GET /cormun/servlet/hpexe_link HTTP/1.1" 200 954
190.171.141.90 - - [23/Nov/2021:08:26:26 -0300] "GET /cormun/servlet/hhome HTTP/1.1" 200 3969
190.208.14.5 - - [23/Nov/2021:08:26:26 -0300] "GET /cormun/static/gxgral.js?85251 HTTP/1.1" 200 384558
190.208.14.5 - - [23/Nov/2021:08:26:26 -0300] "GET /cormun/static/Resources/Spanish/PXTools.css?2294816 HTTP/1.1" 200 100853
190.171.141.90 - - [23/Nov/2021:08:26:27 -0300] "GET /cormun/servlet/hhome HTTP/1.1" 200 3966
190.208.14.5 - - [23/Nov/2021:08:26:27 -0300] "GET /cormun/static/hlogin.js?201910216285995 HTTP/1.1" 200 2136
190.208.14.5 - - [23/Nov/2021:08:26:27 -0300] "GET /cormun/static/Resources/Logo2019_Grande.png HTTP/1.1" 200 31733
190.208.14.5 - - [23/Nov/2021:08:26:27 -0300] "GET /cormun/static/messages.spa.js?85251 HTTP/1.1" 200 30736
190.208.14.5 - - [23/Nov/2021:08:26:28 -0300] "GET /cormun/static/Resources/PXToolsButtonBackground.png HTTP/1.1" 200 1176
190.208.14.5 - - [23/Nov/2021:08:26:28 -0300] "GET /cormun/static/Resources/PXToolsButtonRight.png HTTP/1.1" 200 1294
190.208.14.5 - - [23/Nov/2021:08:26:28 -0300] "GET /cormun/static/Resources/PXToolsLoginBackground.png HTTP/1.1" 200 1164
190.208.14.5 - - [23/Nov/2021:08:26:28 -0300] "GET /cormun/static/Resources/PXToolsLoginTop.png HTTP/1.1" 200 1337
190.208.14.5 - - [23/Nov/2021:08:26:28 -0300] "GET /cormun/static/Resources/PXToolsLoginBottom.png HTTP/1.1" 200 1389
190.208.14.5 - - [23/Nov/2021:08:26:28 -0300] "GET /cormun/static/Resources/PXToolsButtonLeft.png HTTP/1.1" 200 1310
190.208.14.5 - - [23/Nov/2021:08:26:29 -0300] "GET /cormun/servlet/hlogin HTTP/1.1" 200 1731
190.208.14.5 - - [23/Nov/2021:08:26:29 -0300] "GET /cormun/static/Resources/indicator.gif HTTP/1.1" 200 1553
190.171.141.90 - - [23/Nov/2021:08:26:29 -0300] "GET /cormun/servlet/trlicencias? HTTP/1.1" 200 18920
190.208.14.5 - - [23/Nov/2021:08:26:30 -0300] "GET /cormun/static/Resources/indicator.gif HTTP/1.1" 200 1553
205.185.121.173 - - [23/Nov/2021:08:26:30 -0300] "GET /manager/html HTTP/1.1" 401 2474
190.171.141.90 - - [23/Nov/2021:08:26:31 -0300] "GET /cormun/servlet/trlicencias? HTTP/1.1" 200 18917
207.46.13.91 - - [23/Nov/2021:08:27:27 -0300] "GET /cormun/servlet/trvisualizadoreventos HTTP/1.1" 200 5865
192.168.10.17 - - [23/Nov/2021:08:27:28 -0300] "GET /cormun/servlet/vesolicitudgral?2021,17802,, HTTP/1.1" 200 8391
192.168.10.17 - - [23/Nov/2021:08:27:28 -0300] "GET /cormun/pexe_scrolldiv.js HTTP/1.1" 404 1009
192.168.10.17 - - [23/Nov/2021:08:27:28 -0300] "GET /cormun/servlet/vesolicitudgral?2021,17802,, HTTP/1.1" 200 8390
192.168.10.17 - - [23/Nov/2021:08:27:31 -0300] "GET /cormun/servlet/vesolicitudgral?2021,17802,,SolicitudOTAdjuntos HTTP/1.1" 200 10872
192.168.10.17 - - [23/Nov/2021:08:27:31 -0300] "GET /cormun/pexe_scrolldiv.js HTTP/1.1" 404 1009
192.168.10.17 - - [23/Nov/2021:08:27:31 -0300] "GET /cormun/pexe_scrolldiv.js HTTP/1.1" 404 1009
192.168.10.17 - - [23/Nov/2021:08:27:32 -0300] "GET /cormun/servlet/vesolicitudgral?2021,17802,,SolicitudOTAdjuntos HTTP/1.1" 200 10875
192.168.10.17 - - [23/Nov/2021:08:27:32 -0300] "POST /cormun/servlet/acontrolpreferencessavestate?None,RRHH+DANIELA,true HTTP/1.1" 200 35
192.168.10.17 - - [23/Nov/2021:08:27:33 -0300] "GET /cormun/servlet/vesolicitudgral?2021,17802,,General HTTP/1.1" 200 8394
192.168.10.17 - - [23/Nov/2021:08:27:33 -0300] "GET /cormun/pexe_scrolldiv.js HTTP/1.1" 404 1009
192.168.10.17 - - [23/Nov/2021:08:27:33 -0300] "GET /cormun/pexe_scrolldiv.js HTTP/1.1" 404 1009
192.168.10.17 - - [23/Nov/2021:08:27:34 -0300] "GET /cormun/servlet/vesolicitudgral?2021,17802,,General HTTP/1.1" 200 8394
207.46.13.131 - - [23/Nov/2021:08:27:36 -0300] "GET /cormun/static/PXToolsJavascripts/pexe_scrolldiv.js HTTP/1.1" 200 4138
207.46.13.91 - - [23/Nov/2021:08:27:36 -0300] "GET /cormun/static/PXToolsJavascripts/pexe_grid.js HTTP/1.1" 200 7559
207.46.13.131 - - [23/Nov/2021:08:27:37 -0300] "GET /cormun/static/PXToolsJavascripts/pexe_tabs.js HTTP/1.1" 200 3748
207.46.13.91 - - [23/Nov/2021:08:27:38 -0300] "GET /cormun/static/PXToolsJavascripts/pexe_link.js HTTP/1.1" 200 5671
207.46.13.91 - - [23/Nov/2021:08:27:39 -0300] "GET /cormun/static/PXToolsJavascripts/pexe_menudivfix.js HTTP/1.1" 200 333
207.46.13.131 - - [23/Nov/2021:08:27:39 -0300] "GET /cormun/static/RunJS/RunJS.js HTTP/1.1" 200 288
207.46.13.91 - - [23/Nov/2021:08:27:41 -0300] "GET /cormun/static/PXToolsJavascripts/pexe_menus.js HTTP/1.1" 200 1286
207.46.13.131 - - [23/Nov/2021:08:27:42 -0300] "GET /cormun/static/Shared/jquery/jquery-1.4.2.min.js HTTP/1.1" 200 72174
40.77.167.17 - - [23/Nov/2021:08:27:45 -0300] "GET /cormun/static/Shared/ext/resources/css/ext-all.css?205870 HTTP/1.1" 200 416045
40.77.167.17 - - [23/Nov/2021:08:27:46 -0300] "GET /cormun/static/SmoothNavMenu/resources/ddsmoothmenu-v.css?1112540 HTTP/1.1" 200 1188
157.55.39.76 - - [23/Nov/2021:08:27:46 -0300] "GET /cormun/static/PXToolsJavascripts/PXToolsJavascriptsRender.js HTTP/1.1" 200 367
207.46.13.131 - - [23/Nov/2021:08:27:46 -0300] "GET /cormun/static/calendar-system.css?75620 HTTP/1.1" 200 5572
157.55.39.76 - - [23/Nov/2021:08:27:47 -0300] "GET /cormun/static/PXToolsJavascripts/pexe_oavdivfix.js HTTP/1.1" 200 639
40.77.167.17 - - [23/Nov/2021:08:27:48 -0300] "GET /cormun/static/SmoothNavMenu/resources/ddsmoothmenu.css?1112540 HTTP/1.1" 200 2223
157.55.39.76 - - [23/Nov/2021:08:27:50 -0300] "GET /cormun/static/Shared/jqueryui/jquery-ui.min.js HTTP/1.1" 200 240427
40.77.167.17 - - [23/Nov/2021:08:27:50 -0300] "GET /cormun/static/SmoothNavMenu/resources/ddsmoothmenu.js HTTP/1.1" 200 12712
157.55.39.76 - - [23/Nov/2021:08:27:51 -0300] "GET /cormun/static/calendar-es.js?85251 HTTP/1.1" 200 1901
207.46.13.91 - - [23/Nov/2021:08:27:53 -0300] "GET /cormun/static/Shared/jqueryui/jquery-ui.min.css?1345370 HTTP/1.1" 200 30288
157.55.39.76 - - [23/Nov/2021:08:27:53 -0300] "GET /cormun/static/gxcfg.js?20199142243133 HTTP/1.1" 200 953
207.46.13.91 - - [23/Nov/2021:08:27:54 -0300] "GET /cormun/static/hmpwkw03.js?20201215501896 HTTP/1.1" 200 3973
157.55.39.76 - - [23/Nov/2021:08:27:55 -0300] "GET /cormun/static/gxdec.js?85251 HTTP/1.1" 200 19579
207.46.13.91 - - [23/Nov/2021:08:27:56 -0300] "GET /cormun/static/hpexe_scripts.js?20201214471411 HTTP/1.1" 200 1544
157.55.39.76 - - [23/Nov/2021:08:27:57 -0300] "GET /cormun/static/gxui/gxui-all.css?110300 HTTP/1.1" 200 2179
207.46.13.91 - - [23/Nov/2021:08:27:58 -0300] "GET /cormun/static/hwchdr01.js?20201214473739 HTTP/1.1" 200 996
190.171.141.98 - - [23/Nov/2021:08:27:59 -0300] "GET /cormun/servlet/trsolicitudadjuntos?2021,17422, HTTP/1.1" 200 9135
190.171.141.98 - - [23/Nov/2021:08:27:59 -0300] "GET /cormun/servlet/hlogin HTTP/1.1" 200 1763
190.171.141.98 - - [23/Nov/2021:08:27:59 -0300] "GET /favicon.ico HTTP/1.1" 200 21630
207.46.13.131 - - [23/Nov/2021:08:28:00 -0300] "GET /cormun/static/calendar.js?85251 HTTP/1.1" 200 26246
207.46.13.152 - - [23/Nov/2021:08:28:00 -0300] "GET /cormun/static/PXToolsJavascripts/pexe_cookies.js HTTP/1.1" 200 792
190.171.141.98 - - [23/Nov/2021:08:28:00 -0300] "GET /cormun/servlet/trsolicitudadjuntos?2021,17422, HTTP/1.1" 200 9151
190.171.141.98 - - [23/Nov/2021:08:28:00 -0300] "GET /cormun/servlet/trsolicitudadjuntos?2021,17422, HTTP/1.1" 200 9153
207.46.13.152 - - [23/Nov/2021:08:28:01 -0300] "GET /cormun/static/PXToolsJavascripts/pexe_upload.js HTTP/1.1" 200 1423
207.46.13.131 - - [23/Nov/2021:08:28:02 -0300] "GET /cormun/static/gxui/gxui-all.js HTTP/1.1" 200 107772
190.171.141.98 - - [23/Nov/2021:08:28:03 -0300] "POST /cormun/servlet/hlogin?66bc05b29dffa9b3e567d3c61a3678b3,gx-no-cache=1637666165539 HTTP/1.1" 200 90
190.171.141.98 - - [23/Nov/2021:08:28:03 -0300] "GET /cormun/servlet/hpexe_link HTTP/1.1" 200 975
190.171.141.98 - - [23/Nov/2021:08:28:04 -0300] "GET /cormun/servlet/trsolicitudadjuntos?2021,17422, HTTP/1.1" 200 9729
190.171.141.98 - - [23/Nov/2021:08:28:04 -0300] "GET /cormun/servlet/trsolicitudadjuntos?2021,17422, HTTP/1.1" 200 9737
190.171.141.90 - - [23/Nov/2021:08:28:05 -0300] "GET /cormun/servlet/licenciaspermisos?DSP,10045824,L,20211123000000, HTTP/1.1" 200 7070
190.171.141.90 - - [23/Nov/2021:08:28:06 -0300] "GET /cormun/servlet/licenciaspermisos?DSP,10045824,L,20211123000000, HTTP/1.1" 200 7071
207.46.13.153 - - [23/Nov/2021:08:28:07 -0300] "GET /cormun/static/Shared/ext/ext-all.js HTTP/1.1" 200 1289687
190.171.141.98 - - [23/Nov/2021:08:28:08 -0300] "GET /cormun/servlet/trlicencias? HTTP/1.1" 200 10609
190.171.141.98 - - [23/Nov/2021:08:28:08 -0300] "GET /cormun/servlet/trlicencias? HTTP/1.1" 200 10597
40.77.167.0 - - [23/Nov/2021:08:28:09 -0300] "GET /cormun/static/PXToolsJavascripts/pexe_autoreload.js HTTP/1.1" 200 1762
207.46.13.153 - - [23/Nov/2021:08:28:10 -0300] "GET /cormun/static/Shared/jquery/jquery-1.10.2.min.js HTTP/1.1" 200 273199
192.168.10.17 - - [23/Nov/2021:08:28:10 -0300] "GET /cormun/servlet/vesolicitudgral?2021,17802,,SolicitudOTAdjuntos HTTP/1.1" 200 10875
192.168.10.17 - - [23/Nov/2021:08:28:10 -0300] "GET /cormun/pexe_scrolldiv.js HTTP/1.1" 404 1009
192.168.10.17 - - [23/Nov/2021:08:28:10 -0300] "GET /cormun/pexe_scrolldiv.js HTTP/1.1" 404 1009
207.46.13.152 - - [23/Nov/2021:08:28:10 -0300] "GET /cormun/static/hpexe_recentlink.js?20201214471090 HTTP/1.1" 200 2144
192.168.10.17 - - [23/Nov/2021:08:28:11 -0300] "GET /cormun/servlet/vesolicitudgral?2021,17802,,SolicitudOTAdjuntos HTTP/1.1" 200 10872
207.46.13.152 - - [23/Nov/2021:08:28:11 -0300] "GET /cormun/static/scaMessage/css/jquery.pnotify.default.css?1816380 HTTP/1.1" 200 1707
40.77.167.0 - - [23/Nov/2021:08:28:11 -0300] "GET /cormun/static/PXToolsJavascripts/pexe_picture.js HTTP/1.1" 200 689
192.168.10.17 - - [23/Nov/2021:08:28:11 -0300] "POST /cormun/servlet/acontrolpreferencessavestate?None,RRHH+DANIELA,true HTTP/1.1" 200 35
207.46.13.152 - - [23/Nov/2021:08:28:12 -0300] "GET /cormun/static/trvisualizadoreventos.js?201991422431650 HTTP/1.1" 200 19318
40.77.167.0 - - [23/Nov/2021:08:28:13 -0300] "GET /cormun/static/PXToolsJavascripts/pexe_windows.js HTTP/1.1" 200 15207
40.77.167.0 - - [23/Nov/2021:08:28:15 -0300] "GET /cormun/static/gxtimezone.js?85251 HTTP/1.1" 200 5781
40.77.167.0 - - [23/Nov/2021:08:28:17 -0300] "GET /cormun/static/hpexe_messagecontroller.js?201991422154126 HTTP/1.1" 200 870
40.77.167.0 - - [23/Nov/2021:08:28:19 -0300] "GET /cormun/static/messages.spa.js?85251 HTTP/1.1" 200 30736
40.77.167.0 - - [23/Nov/2021:08:28:21 -0300] "GET /cormun/static/scaMessage/js/jquery.pnotify.min.js HTTP/1.1" 200 13038
192.168.10.17 - - [23/Nov/2021:08:28:28 -0300] "GET /cormun/PublicTempStorage/cv_marta_guzman_r.3413048.doc HTTP/1.1" 200 54784
205.185.121.173 - - [23/Nov/2021:08:29:00 -0300] "GET /manager/html HTTP/1.1" 401 2474
190.171.141.90 - - [23/Nov/2021:08:29:13 -0300] "GET /cormun/servlet/trlicencias? HTTP/1.1" 200 18920
190.171.141.90 - - [23/Nov/2021:08:29:14 -0300] "GET /cormun/servlet/trlicencias? HTTP/1.1" 200 18917
192.168.10.17 - - [23/Nov/2021:08:30:28 -0300] "GET /cormun/PublicTempStorage/cert._de_afp2344400.pdf HTTP/1.1" 200 49081
192.168.10.17 - - [23/Nov/2021:08:31:05 -0300] "GET /cormun/servlet/vesolicitudgral?2021,17802,,SolicitudOTAdjuntos HTTP/1.1" 200 10873
192.168.10.17 - - [23/Nov/2021:08:31:05 -0300] "GET /cormun/servlet/vesolicitudgral?2021,17802,,SolicitudOTAdjuntos HTTP/1.1" 200 10874
192.168.10.17 - - [23/Nov/2021:08:31:06 -0300] "POST /cormun/servlet/acontrolpreferencessavestate?None,RRHH+DANIELA,true HTTP/1.1" 200 35
192.168.10.17 - - [23/Nov/2021:08:31:08 -0300] "GET /cormun/servlet/vesolicitudgral?2021,17802,,General HTTP/1.1" 200 8394
192.168.10.17 - - [23/Nov/2021:08:31:08 -0300] "GET /cormun/pexe_scrolldiv.js HTTP/1.1" 404 1009
192.168.10.17 - - [23/Nov/2021:08:31:08 -0300] "GET /cormun/pexe_scrolldiv.js HTTP/1.1" 404 1009
192.168.10.17 - - [23/Nov/2021:08:31:09 -0300] "GET /cormun/servlet/vesolicitudgral?2021,17802,,General HTTP/1.1" 200 8394
205.185.121.173 - - [23/Nov/2021:08:31:34 -0300] "GET /manager/html HTTP/1.1" 401 2474
205.185.121.173 - - [23/Nov/2021:08:34:10 -0300] "GET /manager/html HTTP/1.1" 401 2474
205.185.121.173 - - [23/Nov/2021:08:36:40 -0300] "GET /manager/html HTTP/1.1" 401 2474
190.171.141.90 - - [23/Nov/2021:08:37:18 -0300] "GET /cormun/servlet/licenciaspermisos?DSP,12515846,L,20211118000000, HTTP/1.1" 200 7097
190.171.141.90 - - [23/Nov/2021:08:37:20 -0300] "GET /cormun/servlet/licenciaspermisos?DSP,12515846,L,20211118000000, HTTP/1.1" 200 7098
190.171.141.90 - - [23/Nov/2021:08:38:59 -0300] "GET /cormun/servlet/hlogin HTTP/1.1" 200 1727
190.171.141.90 - - [23/Nov/2021:08:39:00 -0300] "GET /cormun/servlet/hlogin HTTP/1.1" 200 1738
190.171.141.90 - - [23/Nov/2021:08:39:05 -0300] "POST /cormun/servlet/hlogin?8f4046329eb587c231e5fdf55fa524b3,gx-no-cache=1637666827878 HTTP/1.1" 200 90
190.171.141.90 - - [23/Nov/2021:08:39:05 -0300] "GET /cormun/servlet/hpexe_link HTTP/1.1" 200 952
190.171.141.90 - - [23/Nov/2021:08:39:05 -0300] "GET /cormun/servlet/hhome HTTP/1.1" 200 3968
190.171.141.90 - - [23/Nov/2021:08:39:06 -0300] "GET /cormun/servlet/hhome HTTP/1.1" 200 3964
205.185.121.173 - - [23/Nov/2021:08:39:12 -0300] "GET /manager/html HTTP/1.1" 401 2474
190.171.141.90 - - [23/Nov/2021:08:39:32 -0300] "GET /cormun/servlet/trlicencias? HTTP/1.1" 200 18920
190.171.141.90 - - [23/Nov/2021:08:39:34 -0300] "GET /cormun/servlet/trlicencias? HTTP/1.1" 200 18917
192.168.10.17 - - [23/Nov/2021:08:41:14 -0300] "GET /cormun/servlet/vesolicitudgral?2021,17802,,SolicitudOTAdjuntos HTTP/1.1" 200 10881
192.168.10.17 - - [23/Nov/2021:08:41:14 -0300] "GET /cormun/pexe_scrolldiv.js HTTP/1.1" 404 1009
192.168.10.17 - - [23/Nov/2021:08:41:14 -0300] "GET /cormun/pexe_scrolldiv.js HTTP/1.1" 404 1009
192.168.10.17 - - [23/Nov/2021:08:41:14 -0300] "GET /cormun/servlet/vesolicitudgral?2021,17802,,SolicitudOTAdjuntos HTTP/1.1" 200 10875
192.168.10.17 - - [23/Nov/2021:08:41:15 -0300] "POST /cormun/servlet/acontrolpreferencessavestate?None,RRHH+DANIELA,true HTTP/1.1" 200 35
192.168.10.17 - - [23/Nov/2021:08:41:19 -0300] "GET /cormun/servlet/vesolicitudgral?2021,17802,,General HTTP/1.1" 200 8397
192.168.10.17 - - [23/Nov/2021:08:41:19 -0300] "GET /cormun/pexe_scrolldiv.js HTTP/1.1" 404 1009
192.168.10.17 - - [23/Nov/2021:08:41:19 -0300] "GET /cormun/servlet/vesolicitudgral?2021,17802,,General HTTP/1.1" 200 8397
190.171.141.90 - - [23/Nov/2021:08:41:29 -0300] "GET /cormun/servlet/trsolicitudot? HTTP/1.1" 200 7193
190.171.141.90 - - [23/Nov/2021:08:41:29 -0300] "GET /cormun/servlet/trsolicitudot? HTTP/1.1" 200 7194
190.171.141.90 - - [23/Nov/2021:08:41:33 -0300] "GET /cormun/servlet/trlicencias? HTTP/1.1" 200 18941
190.171.141.90 - - [23/Nov/2021:08:41:34 -0300] "GET /cormun/servlet/trlicencias? HTTP/1.1" 200 18940
205.185.121.173 - - [23/Nov/2021:08:41:42 -0300] "GET /manager/html HTTP/1.1" 401 2474
66.249.85.127 - - [23/Nov/2021:08:42:11 -0300] "GET /cormun/static/Resources/Logo2019_Grande.png HTTP/1.1" 200 31733
190.171.141.90 - - [23/Nov/2021:08:42:31 -0300] "GET /cormun/static/menuarrow.gif HTTP/1.1" 404 1015
190.171.141.90 - - [23/Nov/2021:08:42:49 -0300] "POST /cormun/servlet/trlicencias?7a20c44f7ca0a230a9023235bcb13c85,,gx-no-cache=1637667056405 HTTP/1.1" 200 7638
190.171.141.90 - - [23/Nov/2021:08:44:10 -0300] "POST /cormun/servlet/trlicencias?7a20c44f7ca0a230a9023235bcb13c85,,gx-no-cache=1637667137679 HTTP/1.1" 200 8912
205.185.121.173 - - [23/Nov/2021:08:44:16 -0300] "GET /manager/html HTTP/1.1" 401 2474
190.171.141.90 - - [23/Nov/2021:08:44:26 -0300] "GET /cormun/servlet/hhome HTTP/1.1" 200 3969
190.171.141.90 - - [23/Nov/2021:08:44:27 -0300] "GET /cormun/servlet/hhome HTTP/1.1" 200 3966
205.185.121.173 - - [23/Nov/2021:08:46:56 -0300] "GET /manager/html HTTP/1.1" 401 2474
190.171.142.50 - - [23/Nov/2021:08:46:56 -0300] "GET /cormun/servlet/hlogin HTTP/1.1" 200 1727
190.171.142.50 - - [23/Nov/2021:08:46:57 -0300] "GET /cormun/servlet/hlogin HTTP/1.1" 200 1737
190.171.142.50 - - [23/Nov/2021:08:47:05 -0300] "POST /cormun/servlet/hlogin?8cb7f78eb2923e0de2d142276811efd7,gx-no-cache=1637666273493 HTTP/1.1" 200 90
190.171.142.50 - - [23/Nov/2021:08:47:05 -0300] "GET /cormun/servlet/hpexe_link HTTP/1.1" 200 952
190.171.142.50 - - [23/Nov/2021:08:47:05 -0300] "GET /cormun/servlet/hhome HTTP/1.1" 200 3942
190.171.142.50 - - [23/Nov/2021:08:47:05 -0300] "GET /cormun/servlet/hhome HTTP/1.1" 200 3938
190.171.142.50 - - [23/Nov/2021:08:47:08 -0300] "GET /cormun/servlet/trlicencias? HTTP/1.1" 200 11040
190.171.142.50 - - [23/Nov/2021:08:47:08 -0300] "GET /cormun/servlet/trlicencias? HTTP/1.1" 200 11037
190.171.142.10 - - [23/Nov/2021:08:47:50 -0300] "GET /cormun/servlet/hlogin HTTP/1.1" 200 1732
190.171.142.10 - - [23/Nov/2021:08:47:52 -0300] "GET /cormun/servlet/hlogin HTTP/1.1" 200 1742
190.171.142.10 - - [23/Nov/2021:08:48:02 -0300] "POST /cormun/servlet/hlogin?4f6f78ff5d7da9abcd42e0c83cd0dc28,gx-no-cache=1637667364817 HTTP/1.1" 200 90
190.171.142.10 - - [23/Nov/2021:08:48:02 -0300] "GET /cormun/servlet/hpexe_link HTTP/1.1" 200 956
190.171.142.10 - - [23/Nov/2021:08:48:03 -0300] "GET /cormun/servlet/hhome HTTP/1.1" 200 3972
190.171.142.10 - - [23/Nov/2021:08:48:04 -0300] "GET /cormun/servlet/hhome HTTP/1.1" 200 3968
190.171.142.10 - - [23/Nov/2021:08:48:13 -0300] "GET /cormun/servlet/trlicencias? HTTP/1.1" 200 13633
190.171.142.10 - - [23/Nov/2021:08:48:15 -0300] "GET /cormun/servlet/trlicencias? HTTP/1.1" 200 13631
190.171.142.10 - - [23/Nov/2021:08:48:18 -0300] "POST /cormun/servlet/trlicencias?4f6f78ff5d7da9abcd42e0c83cd0dc28,,gx-no-cache=1637667380481 HTTP/1.1" 200 11432
190.171.141.90 - - [23/Nov/2021:08:48:49 -0300] "GET /cormun/servlet/trlicencias? HTTP/1.1" 200 11410
190.171.141.90 - - [23/Nov/2021:08:48:50 -0300] "GET /cormun/servlet/trlicencias? HTTP/1.1" 200 11408
190.171.141.90 - - [23/Nov/2021:08:48:55 -0300] "GET /cormun/static/menuarrow.gif HTTP/1.1" 404 1015
190.171.141.90 - - [23/Nov/2021:08:49:12 -0300] "POST /cormun/servlet/trlicencias?7a20c44f7ca0a230a9023235bcb13c85,,gx-no-cache=1637667439592 HTTP/1.1" 200 14889
205.185.121.173 - - [23/Nov/2021:08:49:28 -0300] "GET /manager/html HTTP/1.1" 401 2474
190.171.143.82 - - [23/Nov/2021:08:51:35 -0300] "GET /cormun/servlet/trpermisosgoce? HTTP/1.1" 200 8728
190.171.143.82 - - [23/Nov/2021:08:51:36 -0300] "GET /cormun/servlet/trpermisosgoce? HTTP/1.1" 200 8728
205.185.121.173 - - [23/Nov/2021:08:51:59 -0300] "GET /manager/html HTTP/1.1" 401 2474
205.185.121.173 - - [23/Nov/2021:08:54:24 -0300] "GET /manager/html HTTP/1.1" 401 2474
190.171.141.90 - - [23/Nov/2021:08:55:31 -0300] "POST /cormun/servlet/trlicencias?7a20c44f7ca0a230a9023235bcb13c85,,gx-no-cache=1637667818524 HTTP/1.1" 200 14889
205.185.121.173 - - [23/Nov/2021:08:56:52 -0300] "GET /manager/html HTTP/1.1" 401 2474
40.77.191.217 - - [23/Nov/2021:08:58:38 -0300] "GET /cormun/static/hpexe_messagepopupcomponent.js?2020121447232 HTTP/1.1" 200 605
40.77.191.225 - - [23/Nov/2021:08:58:38 -0300] "GET /cormun/static/hpexe_messagegenexuscomponent.js?2020121447173 HTTP/1.1" 200 587
40.77.139.44 - - [23/Nov/2021:08:58:39 -0300] "GET /cormun/servlet/hlogin HTTP/1.1" 200 5106
205.185.121.173 - - [23/Nov/2021:08:59:25 -0300] "GET /manager/html HTTP/1.1" 401 2474
190.171.142.10 - - [23/Nov/2021:09:01:27 -0300] "GET /cormun/servlet/trpermisosgoce? HTTP/1.1" 200 13625
190.171.142.10 - - [23/Nov/2021:09:01:29 -0300] "GET /cormun/servlet/trpermisosgoce? HTTP/1.1" 200 13661
190.171.142.10 - - [23/Nov/2021:09:01:38 -0300] "GET /cormun/servlet/permisogoce?INS,0,,, HTTP/1.1" 200 6842
190.171.142.10 - - [23/Nov/2021:09:01:39 -0300] "GET /cormun/servlet/permisogoce?INS,0,,, HTTP/1.1" 200 6841
205.185.121.173 - - [23/Nov/2021:09:01:58 -0300] "GET /manager/html HTTP/1.1" 401 2474
192.168.10.17 - - [23/Nov/2021:09:02:08 -0300] "GET /cormun/servlet/hlogin HTTP/1.1" 200 1763
190.171.142.42 - - [23/Nov/2021:09:02:15 -0300] "GET /cormun/servlet/hlogin HTTP/1.1" 200 1730
190.171.142.42 - - [23/Nov/2021:09:02:16 -0300] "GET /cormun/servlet/hlogin HTTP/1.1" 200 1740
190.171.142.42 - - [23/Nov/2021:09:02:21 -0300] "POST /cormun/servlet/hlogin?81c311fe4742507129da416d2f2f07f3,gx-no-cache=1637668223831 HTTP/1.1" 200 90
190.171.142.42 - - [23/Nov/2021:09:02:21 -0300] "GET /cormun/servlet/hpexe_link HTTP/1.1" 200 957
190.171.142.42 - - [23/Nov/2021:09:02:21 -0300] "GET /cormun/servlet/hhome HTTP/1.1" 200 4278
190.171.142.42 - - [23/Nov/2021:09:02:21 -0300] "GET /cormun/servlet/hhome HTTP/1.1" 200 4274
190.171.142.42 - - [23/Nov/2021:09:02:38 -0300] "GET /cormun/servlet/trlicencias? HTTP/1.1" 200 12944
190.171.142.42 - - [23/Nov/2021:09:02:39 -0300] "GET /cormun/servlet/trlicencias? HTTP/1.1" 200 12941
190.171.142.10 - - [23/Nov/2021:09:03:11 -0300] "GET /cormun/servlet/permisogoce?99c793e67d5f9d48596755e86fd415081ee0aaa24d664f0f7052af2ef8542079770e8852b71c83e1b49c1be04527073285931fdeecfd8061d46e4f560b513a28,gx-no-cache=1637668273441 HTTP/1.1" 200 86
190.171.142.10 - - [23/Nov/2021:09:03:17 -0300] "GET /cormun/static/menuarrow.gif HTTP/1.1" 404 1015
190.171.142.10 - - [23/Nov/2021:09:03:25 -0300] "GET /cormun/servlet/permisogoce?99c793e67d5f9d48596755e86fd41508136373b15e7064ee42fc9a74768e025a1e41da5376bb984d7b2f504474e6788b2cf43dea29bc82400e44f4190ac5265b,gx-no-cache=1637668287477 HTTP/1.1" 200 46
186.103.157.42 - - [23/Nov/2021:09:04:26 -0300] "GET /cormun/servlet/hlogin HTTP/1.1" 200 1727
186.103.157.42 - - [23/Nov/2021:09:04:27 -0300] "GET /cormun/servlet/hlogin HTTP/1.1" 200 1737
205.185.121.173 - - [23/Nov/2021:09:04:30 -0300] "GET /manager/html HTTP/1.1" 401 2474
190.171.142.42 - - [23/Nov/2021:09:04:39 -0300] "POST /cormun/servlet/trlicencias?81c311fe4742507129da416d2f2f07f3,,gx-no-cache=1637668361472 HTTP/1.1" 200 10503
186.103.157.42 - - [23/Nov/2021:09:04:44 -0300] "POST /cormun/servlet/hlogin?044c515fc4fb4ca99c9fafac2582a8fc,gx-no-cache=1637668366320 HTTP/1.1" 200 90
186.103.157.42 - - [23/Nov/2021:09:04:46 -0300] "GET /cormun/servlet/hpexe_link HTTP/1.1" 200 953
186.103.157.42 - - [23/Nov/2021:09:04:46 -0300] "GET /cormun/servlet/hhome HTTP/1.1" 200 4362
186.103.157.42 - - [23/Nov/2021:09:04:47 -0300] "GET /cormun/servlet/hhome HTTP/1.1" 200 4358
186.103.157.42 - - [23/Nov/2021:09:04:50 -0300] "GET /cormun/servlet/trlicencias? HTTP/1.1" 200 11093
186.103.157.42 - - [23/Nov/2021:09:04:50 -0300] "GET /cormun/static/gxcfg.js?2020121613995 HTTP/1.1" 200 953
186.103.157.42 - - [23/Nov/2021:09:04:50 -0300] "GET /cormun/static/trlicencias.js?202012162481 HTTP/1.1" 200 41883
190.171.149.74 - - [23/Nov/2021:09:04:51 -0300] "GET /cormun/servlet/hlogin HTTP/1.1" 200 1726
186.103.157.42 - - [23/Nov/2021:09:04:51 -0300] "GET /cormun/servlet/trlicencias? HTTP/1.1" 200 11090
190.171.149.74 - - [23/Nov/2021:09:04:51 -0300] "GET /cormun/servlet/hlogin HTTP/1.1" 200 1735
190.171.149.74 - - [23/Nov/2021:09:04:59 -0300] "POST /cormun/servlet/hlogin?1a7737f3fc661dc6d30e1d88fc94eab7,gx-no-cache=1637672031783 HTTP/1.1" 200 90
190.171.149.74 - - [23/Nov/2021:09:04:59 -0300] "GET /cormun/servlet/hpexe_link HTTP/1.1" 200 952
190.171.149.74 - - [23/Nov/2021:09:05:00 -0300] "GET /cormun/servlet/hhome HTTP/1.1" 200 3978
190.171.149.74 - - [23/Nov/2021:09:05:00 -0300] "GET /cormun/servlet/hhome HTTP/1.1" 200 3974
190.171.142.10 - - [23/Nov/2021:09:05:01 -0300] "POST /cormun/servlet/permisogoce?4f6f78ff5d7da9abcd42e0c83cd0dc28,INS,0,,,,gx-no-cache=1637668383049 HTTP/1.1" 200 93
190.171.142.10 - - [23/Nov/2021:09:05:01 -0300] "GET /cormun/servlet/hpexe_return? HTTP/1.1" 200 1014
190.171.142.10 - - [23/Nov/2021:09:05:02 -0300] "GET /cormun/servlet/trpermisosgoce HTTP/1.1" 200 13909
190.171.149.74 - - [23/Nov/2021:09:05:03 -0300] "GET /cormun/servlet/trpermisosgoce? HTTP/1.1" 200 15212
190.171.142.10 - - [23/Nov/2021:09:05:03 -0300] "GET /cormun/servlet/trpermisosgoce HTTP/1.1" 200 13906
190.171.149.74 - - [23/Nov/2021:09:05:03 -0300] "GET /cormun/servlet/trpermisosgoce? HTTP/1.1" 200 15209
190.171.149.74 - - [23/Nov/2021:09:05:05 -0300] "GET /cormun/servlet/permisogoce?INS,0,,, HTTP/1.1" 200 6842
190.171.149.74 - - [23/Nov/2021:09:05:05 -0300] "GET /cormun/servlet/permisogoce?INS,0,,, HTTP/1.1" 200 6842
190.171.142.10 - - [23/Nov/2021:09:05:09 -0300] "POST /cormun/servlet/trpermisosgoce?4f6f78ff5d7da9abcd42e0c83cd0dc28,gx-no-cache=1637668391476 HTTP/1.1" 200 11193
190.171.149.74 - - [23/Nov/2021:09:05:12 -0300] "GET /cormun/servlet/permisogoce?012d9a729a4ad5ec86f75c97f7e77f43892d6363aa6b68a1cdfd2a6f4799927abec5fa281ff651a6c45f595c733073fd68a33a8177c56a4aaf3e122bdde655c3,gx-no-cache=1637672043988 HTTP/1.1" 200 89
190.171.142.10 - - [23/Nov/2021:09:05:13 -0300] "GET /cormun/servlet/apermisogoceprn?19421293,P,20211123084719,PU HTTP/1.1" 200 1662
190.171.149.74 - - [23/Nov/2021:09:05:13 -0300] "GET /cormun/static/menuarrow.gif HTTP/1.1" 404 1015
190.171.149.74 - - [23/Nov/2021:09:05:20 -0300] "GET /cormun/servlet/permisogoce?012d9a729a4ad5ec86f75c97f7e77f432249831973e95de226aa3880422e234809d6f9b4fa0a49ed9d37090491748381c4657aae952f016b6263c8d62f1eb33b,gx-no-cache=1637672052339 HTTP/1.1" 200 46
190.171.149.74 - - [23/Nov/2021:09:05:24 -0300] "POST /cormun/servlet/permisogoce?1a7737f3fc661dc6d30e1d88fc94eab7,INS,0,,,,gx-no-cache=1637672055545 HTTP/1.1" 200 93
190.171.149.74 - - [23/Nov/2021:09:05:24 -0300] "GET /cormun/servlet/hpexe_return? HTTP/1.1" 200 1010
190.171.149.74 - - [23/Nov/2021:09:05:24 -0300] "GET /cormun/servlet/trpermisosgoce HTTP/1.1" 200 15403
190.171.149.74 - - [23/Nov/2021:09:05:24 -0300] "GET /cormun/servlet/trpermisosgoce HTTP/1.1" 200 15399
190.171.141.98 - - [23/Nov/2021:09:05:25 -0300] "GET /cormun/servlet/licenciaspermisos?INS,0,,, HTTP/1.1" 200 6754
190.171.141.98 - - [23/Nov/2021:09:05:25 -0300] "GET /cormun/static/gxcfg.js?202012153173 HTTP/1.1" 200 953
190.171.141.98 - - [23/Nov/2021:09:05:25 -0300] "GET /cormun/static/licenciaspermisos.js?2020121532136 HTTP/1.1" 200 38824
190.171.141.98 - - [23/Nov/2021:09:05:25 -0300] "GET /cormun/servlet/hlogin HTTP/1.1" 200 1750
190.171.141.98 - - [23/Nov/2021:09:05:25 -0300] "GET /cormun/servlet/licenciaspermisos?INS,0,,, HTTP/1.1" 200 6767
190.171.141.98 - - [23/Nov/2021:09:05:29 -0300] "POST /cormun/servlet/hlogin?a34fc4b0380a125de3d5085eaede1634,gx-no-cache=1637668411532 HTTP/1.1" 200 90
190.171.141.98 - - [23/Nov/2021:09:05:29 -0300] "GET /cormun/servlet/hpexe_link HTTP/1.1" 200 966
