205.185.121.173 - - [18/Nov/2021:13:46:19 -0300] "GET /manager/html HTTP/1.1" 401 2474
205.185.121.173 - - [18/Nov/2021:13:49:03 -0300] "GET /manager/html HTTP/1.1" 401 2474
27.194.156.243 - - [18/Nov/2021:13:50:33 -0300] "POST /GponForm/diag_Form?images/ HTTP/1.1" 404 997
205.185.121.173 - - [18/Nov/2021:13:51:27 -0300] "GET /manager/html HTTP/1.1" 401 2474
190.171.149.74 - - [18/Nov/2021:13:53:16 -0300] "GET /cormun/servlet/hlogin HTTP/1.1" 200 1729
190.171.149.74 - - [18/Nov/2021:13:53:22 -0300] "POST /cormun/servlet/hlogin?7425ab8387a6d163b79ef043501e873c,gx-no-cache=1637257331149 HTTP/1.1" 200 90
190.171.149.74 - - [18/Nov/2021:13:53:22 -0300] "GET /cormun/servlet/hpexe_link HTTP/1.1" 200 954
190.171.149.74 - - [18/Nov/2021:13:53:22 -0300] "GET /cormun/servlet/hhome HTTP/1.1" 200 3980
190.171.149.74 - - [18/Nov/2021:13:53:23 -0300] "GET /cormun/servlet/hhome HTTP/1.1" 200 3976
190.171.149.74 - - [18/Nov/2021:13:53:27 -0300] "GET /cormun/servlet/trlicencias? HTTP/1.1" 200 9354
190.171.149.74 - - [18/Nov/2021:13:53:27 -0300] "GET /cormun/static/gxcfg.js?2020121613995 HTTP/1.1" 200 953
190.171.149.74 - - [18/Nov/2021:13:53:27 -0300] "GET /cormun/static/trlicencias.js?202012162481 HTTP/1.1" 200 41883
190.171.149.74 - - [18/Nov/2021:13:53:28 -0300] "GET /cormun/servlet/trlicencias? HTTP/1.1" 200 9351
205.185.121.173 - - [18/Nov/2021:13:53:54 -0300] "GET /manager/html HTTP/1.1" 401 2474
205.185.121.173 - - [18/Nov/2021:13:56:23 -0300] "GET /manager/html HTTP/1.1" 401 2474
205.185.121.173 - - [18/Nov/2021:13:58:56 -0300] "GET /manager/html HTTP/1.1" 401 2474
205.185.121.173 - - [18/Nov/2021:14:02:03 -0300] "GET /manager/html HTTP/1.1" 401 2474
205.185.121.173 - - [18/Nov/2021:14:05:00 -0300] "GET /manager/html HTTP/1.1" 401 2474
205.185.121.173 - - [18/Nov/2021:14:07:28 -0300] "GET /manager/html HTTP/1.1" 401 2474
205.185.121.173 - - [18/Nov/2021:14:10:27 -0300] "GET /manager/html HTTP/1.1" 401 2474
205.185.121.173 - - [18/Nov/2021:14:13:40 -0300] "GET /manager/html HTTP/1.1" 401 2474
205.185.121.173 - - [18/Nov/2021:14:16:06 -0300] "GET /manager/html HTTP/1.1" 401 2474
205.185.121.173 - - [18/Nov/2021:14:18:59 -0300] "GET /manager/html HTTP/1.1" 401 2474
205.185.121.173 - - [18/Nov/2021:14:21:29 -0300] "GET /manager/html HTTP/1.1" 401 2474
205.185.121.173 - - [18/Nov/2021:14:24:21 -0300] "GET /manager/html HTTP/1.1" 401 2474
205.185.121.173 - - [18/Nov/2021:14:26:43 -0300] "GET /manager/html HTTP/1.1" 401 2474
190.171.149.74 - - [18/Nov/2021:14:28:25 -0300] "GET /cormun/servlet/trpermisosgoce? HTTP/1.1" 200 6026
190.171.149.74 - - [18/Nov/2021:14:28:25 -0300] "GET /cormun/servlet/hlogin HTTP/1.1" 200 1744
190.171.149.74 - - [18/Nov/2021:14:28:25 -0300] "GET /cormun/servlet/trpermisosgoce? HTTP/1.1" 200 6023
190.171.149.74 - - [18/Nov/2021:14:28:31 -0300] "POST /cormun/servlet/hlogin?781b55fdb84b463a4c0e78803a53391b,gx-no-cache=1637259439707 HTTP/1.1" 200 90
190.171.149.74 - - [18/Nov/2021:14:28:31 -0300] "GET /cormun/servlet/hpexe_link HTTP/1.1" 200 956
190.171.149.74 - - [18/Nov/2021:14:28:31 -0300] "GET /cormun/servlet/trpermisosgoce HTTP/1.1" 200 16515
190.171.149.74 - - [18/Nov/2021:14:28:32 -0300] "GET /cormun/servlet/trpermisosgoce HTTP/1.1" 200 16515
205.185.121.173 - - [18/Nov/2021:14:29:04 -0300] "GET /manager/html HTTP/1.1" 401 2474
205.185.121.173 - - [18/Nov/2021:14:31:30 -0300] "GET /manager/html HTTP/1.1" 401 2474
205.185.121.173 - - [18/Nov/2021:14:33:56 -0300] "GET /manager/html HTTP/1.1" 401 2474
205.185.121.173 - - [18/Nov/2021:14:36:23 -0300] "GET /manager/html HTTP/1.1" 401 2474
207.46.13.41 - - [18/Nov/2021:14:38:51 -0300] "GET /cormun/Licencias-1502.xls HTTP/1.1" 200 7680
205.185.121.173 - - [18/Nov/2021:14:39:04 -0300] "GET /manager/html HTTP/1.1" 401 2474
205.185.121.173 - - [18/Nov/2021:14:41:49 -0300] "GET /manager/html HTTP/1.1" 401 2474
205.185.121.173 - - [18/Nov/2021:14:44:17 -0300] "GET /manager/html HTTP/1.1" 401 2474
185.180.143.72 - - [18/Nov/2021:14:46:05 -0300] "GET / HTTP/1.1" 200 11217
205.185.121.173 - - [18/Nov/2021:14:46:53 -0300] "GET /manager/html HTTP/1.1" 401 2474
190.171.149.74 - - [18/Nov/2021:14:47:39 -0300] "GET /cormun/servlet/trlicencias? HTTP/1.1" 200 9350
190.171.149.74 - - [18/Nov/2021:14:47:39 -0300] "GET /cormun/static/gxcfg.js?2020121613995 HTTP/1.1" 200 953
190.171.149.74 - - [18/Nov/2021:14:47:39 -0300] "GET /cormun/static/trlicencias.js?202012162481 HTTP/1.1" 200 41883
190.171.149.74 - - [18/Nov/2021:14:47:39 -0300] "GET /cormun/servlet/trlicencias? HTTP/1.1" 200 9349
205.185.121.173 - - [18/Nov/2021:14:49:56 -0300] "GET /manager/html HTTP/1.1" 401 2474
205.185.121.173 - - [18/Nov/2021:14:52:33 -0300] "GET /manager/html HTTP/1.1" 401 2474
205.185.121.173 - - [18/Nov/2021:14:55:07 -0300] "GET /manager/html HTTP/1.1" 401 2474
205.185.121.173 - - [18/Nov/2021:14:58:16 -0300] "GET /manager/html HTTP/1.1" 401 2474
205.185.121.173 - - [18/Nov/2021:15:01:26 -0300] "GET /manager/html HTTP/1.1" 401 2474
205.185.121.173 - - [18/Nov/2021:15:03:57 -0300] "GET /manager/html HTTP/1.1" 401 2474
190.171.149.74 - - [18/Nov/2021:15:04:41 -0300] "POST /cormun/servlet/trlicencias?781b55fdb84b463a4c0e78803a53391b,,gx-no-cache=1637261610001 HTTP/1.1" 200 6808
205.185.121.173 - - [18/Nov/2021:15:06:31 -0300] "GET /manager/html HTTP/1.1" 401 2474
205.185.121.173 - - [18/Nov/2021:15:09:01 -0300] "GET /manager/html HTTP/1.1" 401 2474
192.168.10.17 - - [18/Nov/2021:15:09:39 -0300] "GET /cormun/servlet/hlogin HTTP/1.1" 200 1752
205.185.121.173 - - [18/Nov/2021:15:11:34 -0300] "GET /manager/html HTTP/1.1" 401 2474
205.185.121.173 - - [18/Nov/2021:15:14:01 -0300] "GET /manager/html HTTP/1.1" 401 2474
205.185.121.173 - - [18/Nov/2021:15:16:40 -0300] "GET /manager/html HTTP/1.1" 401 2474
205.185.121.173 - - [18/Nov/2021:15:19:16 -0300] "GET /manager/html HTTP/1.1" 401 2474
205.185.121.173 - - [18/Nov/2021:15:21:51 -0300] "GET /manager/html HTTP/1.1" 401 2474
205.185.121.173 - - [18/Nov/2021:15:24:21 -0300] "GET /manager/html HTTP/1.1" 401 2474
190.171.149.74 - - [18/Nov/2021:15:24:24 -0300] "POST /cormun/servlet/trlicencias?781b55fdb84b463a4c0e78803a53391b,,gx-no-cache=1637262792754 HTTP/1.1" 200 6810
205.185.121.173 - - [18/Nov/2021:15:26:52 -0300] "GET /manager/html HTTP/1.1" 401 2474
205.185.121.173 - - [18/Nov/2021:15:29:21 -0300] "GET /manager/html HTTP/1.1" 401 2474
205.185.121.173 - - [18/Nov/2021:15:31:53 -0300] "GET /manager/html HTTP/1.1" 401 2474
190.171.142.10 - - [18/Nov/2021:15:33:34 -0300] "POST /cormun/servlet/trpermisosgoce?a14cbc3287d569c432355d77e5fdd000,gx-no-cache=1637259697153 HTTP/1.1" 440 972
190.171.142.10 - - [18/Nov/2021:15:33:36 -0300] "GET /cormun/servlet/trpermisosgoce HTTP/1.1" 200 6015
190.171.142.10 - - [18/Nov/2021:15:33:40 -0300] "GET /cormun/servlet/trpermisosgoce HTTP/1.1" 200 6015
190.171.142.10 - - [18/Nov/2021:15:33:40 -0300] "GET /cormun/servlet/hlogin HTTP/1.1" 200 1734
205.185.121.173 - - [18/Nov/2021:15:34:31 -0300] "GET /manager/html HTTP/1.1" 401 2474
205.185.121.173 - - [18/Nov/2021:15:37:02 -0300] "GET /manager/html HTTP/1.1" 401 2474
205.185.121.173 - - [18/Nov/2021:15:39:38 -0300] "GET /manager/html HTTP/1.1" 401 2474
205.185.121.173 - - [18/Nov/2021:15:42:32 -0300] "GET /manager/html HTTP/1.1" 401 2474
205.185.121.173 - - [18/Nov/2021:15:45:17 -0300] "GET /manager/html HTTP/1.1" 401 2474
205.185.121.173 - - [18/Nov/2021:15:47:45 -0300] "GET /manager/html HTTP/1.1" 401 2474
205.185.121.173 - - [18/Nov/2021:15:50:28 -0300] "GET /manager/html HTTP/1.1" 401 2474
205.185.121.173 - - [18/Nov/2021:15:53:22 -0300] "GET /manager/html HTTP/1.1" 401 2474
205.185.121.173 - - [18/Nov/2021:15:55:54 -0300] "GET /manager/html HTTP/1.1" 401 2474
205.185.121.173 - - [18/Nov/2021:15:58:41 -0300] "GET /manager/html HTTP/1.1" 401 2474
10.40.40.2 - - [18/Nov/2021:15:59:39 -0300] "GET /cormun/servlet/hlogin HTTP/1.1" 200 1724
10.40.40.2 - - [18/Nov/2021:15:59:39 -0300] "GET /cormun/static/hlogin.js?201910216285995 HTTP/1.1" 200 2136
10.40.40.2 - - [18/Nov/2021:15:59:39 -0300] "GET /cormun/static/gxtimezone.js?85251 HTTP/1.1" 200 5781
10.40.40.2 - - [18/Nov/2021:15:59:39 -0300] "GET /cormun/static/gxcfg.js?201910216285969 HTTP/1.1" 200 953
10.40.40.2 - - [18/Nov/2021:15:59:39 -0300] "GET /cormun/static/messages.spa.js?85251 HTTP/1.1" 200 30736
10.40.40.2 - - [18/Nov/2021:15:59:39 -0300] "GET /cormun/static/Resources/Spanish/PXTools.css?2294816 HTTP/1.1" 200 100853
10.40.40.2 - - [18/Nov/2021:15:59:39 -0300] "GET /cormun/static/gxgral.js?85251 HTTP/1.1" 200 384558
10.40.40.2 - - [18/Nov/2021:15:59:39 -0300] "GET /cormun/static/Resources/Logo2019_Grande.png HTTP/1.1" 200 31733
10.40.40.2 - - [18/Nov/2021:15:59:39 -0300] "GET /cormun/static/Resources/PXToolsLoginTop.png HTTP/1.1" 200 1337
10.40.40.2 - - [18/Nov/2021:15:59:39 -0300] "GET /cormun/static/Resources/PXToolsLoginBackground.png HTTP/1.1" 200 1164
10.40.40.2 - - [18/Nov/2021:15:59:39 -0300] "GET /cormun/static/Resources/PXToolsButtonLeft.png HTTP/1.1" 200 1310
10.40.40.2 - - [18/Nov/2021:15:59:39 -0300] "GET /cormun/static/Resources/PXToolsButtonRight.png HTTP/1.1" 200 1294
10.40.40.2 - - [18/Nov/2021:15:59:39 -0300] "GET /cormun/static/Resources/PXToolsLoginBottom.png HTTP/1.1" 200 1389
10.40.40.2 - - [18/Nov/2021:15:59:39 -0300] "GET /cormun/static/Resources/PXToolsButtonBackground.png HTTP/1.1" 200 1176
10.40.40.2 - - [18/Nov/2021:15:59:39 -0300] "GET /cormun/static/Resources/indicator.gif HTTP/1.1" 200 1553
10.40.40.2 - - [18/Nov/2021:15:59:39 -0300] "GET /cormun/servlet/hlogin HTTP/1.1" 200 1735
10.40.40.2 - - [18/Nov/2021:15:59:39 -0300] "GET /favicon.ico HTTP/1.1" 200 21630
10.40.40.2 - - [18/Nov/2021:15:59:43 -0300] "GET /cormun/servlet/hlogin HTTP/1.1" 200 1735
205.185.121.173 - - [18/Nov/2021:16:01:30 -0300] "GET /manager/html HTTP/1.1" 401 2474
205.185.121.173 - - [18/Nov/2021:16:04:08 -0300] "GET /manager/html HTTP/1.1" 401 2474
190.171.153.50 - - [18/Nov/2021:16:04:21 -0300] "GET /cormun/servlet/hlogin HTTP/1.1" 200 1727
190.171.153.50 - - [18/Nov/2021:16:04:22 -0300] "GET /cormun/servlet/hlogin HTTP/1.1" 200 1737
190.171.153.50 - - [18/Nov/2021:16:04:27 -0300] "POST /cormun/servlet/hlogin?7360b81afc258e9044941e80e8d7131a,gx-no-cache=1637261550716 HTTP/1.1" 200 90
190.171.153.50 - - [18/Nov/2021:16:04:27 -0300] "GET /cormun/servlet/hpexe_link HTTP/1.1" 200 954
190.171.153.50 - - [18/Nov/2021:16:04:27 -0300] "GET /cormun/servlet/hhome HTTP/1.1" 200 4218
190.171.153.50 - - [18/Nov/2021:16:04:28 -0300] "GET /cormun/servlet/hhome HTTP/1.1" 200 4215
190.171.153.50 - - [18/Nov/2021:16:04:51 -0300] "GET /cormun/servlet/trlicencias? HTTP/1.1" 200 9937
190.171.153.50 - - [18/Nov/2021:16:04:52 -0300] "GET /cormun/servlet/trlicencias? HTTP/1.1" 200 9935
205.185.121.173 - - [18/Nov/2021:16:06:50 -0300] "GET /manager/html HTTP/1.1" 401 2474
207.46.13.131 - - [18/Nov/2021:16:09:19 -0300] "GET /cormun/servlet/hpexe_return HTTP/1.1" 200 976
205.185.121.173 - - [18/Nov/2021:16:09:21 -0300] "GET /manager/html HTTP/1.1" 401 2474
205.185.121.173 - - [18/Nov/2021:16:11:52 -0300] "GET /manager/html HTTP/1.1" 401 2474
205.185.121.173 - - [18/Nov/2021:16:14:24 -0300] "GET /manager/html HTTP/1.1" 401 2474
205.185.121.173 - - [18/Nov/2021:16:16:51 -0300] "GET /manager/html HTTP/1.1" 401 2474
205.185.121.173 - - [18/Nov/2021:16:19:18 -0300] "GET /manager/html HTTP/1.1" 401 2474
205.185.121.173 - - [18/Nov/2021:16:21:49 -0300] "GET /manager/html HTTP/1.1" 401 2474
205.185.121.173 - - [18/Nov/2021:16:24:21 -0300] "GET /manager/html HTTP/1.1" 401 2474
207.46.13.153 - - [18/Nov/2021:16:26:42 -0300] "GET /cormun/servlet/trcontratounov2 HTTP/1.1" 200 5894
205.185.121.173 - - [18/Nov/2021:16:26:55 -0300] "GET /manager/html HTTP/1.1" 401 2474
40.77.167.17 - - [18/Nov/2021:16:27:07 -0300] "GET /cormun/static/PXToolsJavascripts/pexe_popup.js HTTP/1.1" 200 13458
40.77.167.17 - - [18/Nov/2021:16:27:07 -0300] "GET /cormun/static/PXToolsJavascripts/pexe_tabdivfix.js HTTP/1.1" 200 876
40.77.167.17 - - [18/Nov/2021:16:27:08 -0300] "GET /cormun/static/SmoothNavMenu/resources/ddsmoothmenu-v.css?1112540 HTTP/1.1" 200 1188
40.77.167.17 - - [18/Nov/2021:16:27:08 -0300] "GET /cormun/static/SmoothNavMenu/resources/ddsmoothmenu.css?1112540 HTTP/1.1" 200 2223
40.77.167.17 - - [18/Nov/2021:16:27:08 -0300] "GET /cormun/static/trcontratounov2.js?20201216143065 HTTP/1.1" 200 38486
207.46.13.131 - - [18/Nov/2021:16:27:12 -0300] "GET /cormun/static/PXToolsJavascripts/pexe_layers.js HTTP/1.1" 200 4114
157.55.39.76 - - [18/Nov/2021:16:27:12 -0300] "GET /cormun/static/PXToolsJavascripts/PXToolsJavascriptsRender.js HTTP/1.1" 200 367
207.46.13.131 - - [18/Nov/2021:16:27:12 -0300] "GET /cormun/static/PXToolsJavascripts/pexe_scrolldiv.js HTTP/1.1" 200 4138
207.46.13.131 - - [18/Nov/2021:16:27:12 -0300] "GET /cormun/static/Shared/jquery/jquery-1.4.2.min.js HTTP/1.1" 200 72174
207.46.13.131 - - [18/Nov/2021:16:27:13 -0300] "GET /cormun/static/gxui/gxui-all.js HTTP/1.1" 200 107772
40.77.167.0 - - [18/Nov/2021:16:27:15 -0300] "GET /cormun/static/PXToolsJavascripts/pexe_picture.js HTTP/1.1" 200 689
207.46.13.153 - - [18/Nov/2021:16:27:17 -0300] "GET /cormun/static/PXToolsJavascripts/pexe_cookies.js HTTP/1.1" 200 792
207.46.13.153 - - [18/Nov/2021:16:27:17 -0300] "GET /cormun/static/PXToolsJavascripts/pexe_upload.js HTTP/1.1" 200 1423
207.46.13.153 - - [18/Nov/2021:16:27:18 -0300] "GET /cormun/static/Shared/jquery/jquery-1.10.2.min.js HTTP/1.1" 200 273199
207.46.13.153 - - [18/Nov/2021:16:27:19 -0300] "GET /cormun/static/calendar-system.css?85620 HTTP/1.1" 200 5572
207.46.13.153 - - [18/Nov/2021:16:27:19 -0300] "GET /cormun/static/hpexe_recentlink.js?20201214471090 HTTP/1.1" 200 2144
207.46.13.153 - - [18/Nov/2021:16:27:19 -0300] "GET /cormun/static/scaMessage/css/jquery.pnotify.default.css?1816380 HTTP/1.1" 200 1707
207.46.13.91 - - [18/Nov/2021:16:27:23 -0300] "GET /cormun/static/PXToolsJavascripts/pexe_menudivfix.js HTTP/1.1" 200 333
207.46.13.91 - - [18/Nov/2021:16:27:23 -0300] "GET /cormun/static/PXToolsJavascripts/pexe_menus.js HTTP/1.1" 200 1286
207.46.13.91 - - [18/Nov/2021:16:27:23 -0300] "GET /cormun/static/PXToolsJavascripts/pexe_oav.js HTTP/1.1" 200 645
207.46.13.91 - - [18/Nov/2021:16:27:24 -0300] "GET /cormun/static/Shared/jqueryui/jquery-ui.min.css?1345370 HTTP/1.1" 200 30288
207.46.13.91 - - [18/Nov/2021:16:27:24 -0300] "GET /cormun/static/hmpwkw03.js?20201215501896 HTTP/1.1" 200 3973
207.46.13.91 - - [18/Nov/2021:16:27:24 -0300] "GET /cormun/static/hpexe_scripts.js?20201214471411 HTTP/1.1" 200 1544
207.46.13.91 - - [18/Nov/2021:16:27:25 -0300] "GET /cormun/static/hwchdr01.js?20201214473739 HTTP/1.1" 200 996
40.77.167.0 - - [18/Nov/2021:16:27:30 -0300] "GET /cormun/static/PXToolsJavascripts/pexe_windows.js HTTP/1.1" 200 15207
40.77.167.0 - - [18/Nov/2021:16:27:30 -0300] "GET /cormun/static/hpexe_messagecontroller.js?201991422154126 HTTP/1.1" 200 870
40.77.167.0 - - [18/Nov/2021:16:27:30 -0300] "GET /cormun/static/scaMessage/js/jquery.pnotify.min.js HTTP/1.1" 200 13038
157.55.39.76 - - [18/Nov/2021:16:27:35 -0300] "GET /cormun/static/PXToolsJavascripts/pexe_oavdivfix.js HTTP/1.1" 200 639
157.55.39.76 - - [18/Nov/2021:16:27:36 -0300] "GET /cormun/static/Shared/jqueryui/jquery-ui.min.js HTTP/1.1" 200 240427
157.55.39.76 - - [18/Nov/2021:16:27:37 -0300] "GET /cormun/static/scaMessage/scaMessageRender.js HTTP/1.1" 200 11977
205.185.121.173 - - [18/Nov/2021:16:29:36 -0300] "GET /manager/html HTTP/1.1" 401 2474
205.185.121.173 - - [18/Nov/2021:16:32:09 -0300] "GET /manager/html HTTP/1.1" 401 2474
205.185.121.173 - - [18/Nov/2021:16:34:42 -0300] "GET /manager/html HTTP/1.1" 401 2474
205.185.121.173 - - [18/Nov/2021:16:37:21 -0300] "GET /manager/html HTTP/1.1" 401 2474
205.185.121.173 - - [18/Nov/2021:16:39:55 -0300] "GET /manager/html HTTP/1.1" 401 2474
205.185.121.173 - - [18/Nov/2021:16:42:29 -0300] "GET /manager/html HTTP/1.1" 401 2474
192.168.10.96 - - [18/Nov/2021:16:44:23 -0300] "POST /cormun/servlet/hlogin?44c095fcf500301f22ce828a7bac6fdc,gx-no-cache=1637263805805 HTTP/1.1" 440 972
192.168.10.96 - - [18/Nov/2021:16:44:24 -0300] "GET /cormun/servlet/hlogin HTTP/1.1" 200 1737
192.168.10.96 - - [18/Nov/2021:16:44:24 -0300] "GET /cormun/servlet/hlogin HTTP/1.1" 200 1737
192.168.10.96 - - [18/Nov/2021:16:44:26 -0300] "POST /cormun/servlet/hlogin?bcb80d78fe74091ebd5a094912143f85,gx-no-cache=1637263808700 HTTP/1.1" 200 90
192.168.10.96 - - [18/Nov/2021:16:44:26 -0300] "GET /cormun/servlet/hpexe_link HTTP/1.1" 200 951
192.168.10.96 - - [18/Nov/2021:16:44:26 -0300] "GET /cormun/servlet/hhome HTTP/1.1" 200 3766
192.168.10.96 - - [18/Nov/2021:16:44:26 -0300] "GET /cormun/servlet/hhome HTTP/1.1" 200 3762
190.171.153.26 - - [18/Nov/2021:16:44:28 -0300] "GET /cormun/servlet/trpermisosgoce? HTTP/1.1" 200 6028
192.168.10.96 - - [18/Nov/2021:16:44:28 -0300] "GET /cormun/servlet/trsolicitudgral? HTTP/1.1" 200 17586
192.168.10.96 - - [18/Nov/2021:16:44:29 -0300] "GET /cormun/servlet/trsolicitudgral? HTTP/1.1" 200 17584
190.171.153.26 - - [18/Nov/2021:16:44:30 -0300] "GET /cormun/static/gxcfg.js?2020121631564 HTTP/1.1" 200 953
190.171.153.26 - - [18/Nov/2021:16:44:30 -0300] "GET /cormun/static/PXToolsJavascripts/pexe_cookies.js HTTP/1.1" 200 792
190.171.153.26 - - [18/Nov/2021:16:44:30 -0300] "GET /cormun/static/RunJS/RunJS.js HTTP/1.1" 200 288
190.171.153.26 - - [18/Nov/2021:16:44:30 -0300] "GET /cormun/static/PXToolsJavascripts/pexe_menudivfix.js HTTP/1.1" 200 333
190.171.153.26 - - [18/Nov/2021:16:44:30 -0300] "GET /cormun/static/PXToolsJavascripts/pexe_oav.js HTTP/1.1" 200 645
190.171.153.26 - - [18/Nov/2021:16:44:30 -0300] "GET /cormun/static/PXToolsJavascripts/pexe_oavdivfix.js HTTP/1.1" 200 639
190.171.153.26 - - [18/Nov/2021:16:44:30 -0300] "GET /cormun/static/PXToolsJavascripts/pexe_picture.js HTTP/1.1" 200 689
190.171.153.26 - - [18/Nov/2021:16:44:30 -0300] "GET /cormun/static/PXToolsJavascripts/pexe_tabdivfix.js HTTP/1.1" 200 876
190.171.153.26 - - [18/Nov/2021:16:44:31 -0300] "GET /cormun/static/PXToolsJavascripts/PXToolsJavascriptsRender.js HTTP/1.1" 200 367
190.171.153.26 - - [18/Nov/2021:16:44:31 -0300] "GET /cormun/static/hpexe_messagepopupcomponent.js?2020121447232 HTTP/1.1" 200 605
190.171.153.26 - - [18/Nov/2021:16:44:31 -0300] "GET /cormun/static/hpexe_messagecontroller.js?201991422154126 HTTP/1.1" 200 870
190.171.153.26 - - [18/Nov/2021:16:44:31 -0300] "GET /cormun/static/hwchdr01.js?20201214473739 HTTP/1.1" 200 996
190.171.153.26 - - [18/Nov/2021:16:44:31 -0300] "GET /cormun/static/hpexe_messagegenexuscomponent.js?2020121447173 HTTP/1.1" 200 587
190.171.153.26 - - [18/Nov/2021:16:44:34 -0300] "GET /favicon.ico HTTP/1.1" 200 21630
190.171.153.26 - - [18/Nov/2021:16:44:35 -0300] "GET /cormun/servlet/trpermisosgoce? HTTP/1.1" 200 6028
190.171.153.26 - - [18/Nov/2021:16:44:35 -0300] "GET /cormun/servlet/hlogin HTTP/1.1" 200 1749
190.171.153.26 - - [18/Nov/2021:16:44:36 -0300] "GET /cormun/static/gxcfg.js?201910216285969 HTTP/1.1" 200 953
192.168.10.96 - - [18/Nov/2021:16:44:40 -0300] "POST /cormun/servlet/trsolicitudgral?bcb80d78fe74091ebd5a094912143f85,,gx-no-cache=1637263822591 HTTP/1.1" 200 7632
192.168.10.96 - - [18/Nov/2021:16:44:43 -0300] "GET /cormun/servlet/vesolicitudgral?2021,17750,, HTTP/1.1" 200 8322
192.168.10.96 - - [18/Nov/2021:16:44:43 -0300] "GET /cormun/pexe_scrolldiv.js HTTP/1.1" 404 1009
192.168.10.96 - - [18/Nov/2021:16:44:43 -0300] "GET /cormun/servlet/vesolicitudgral?2021,17750,, HTTP/1.1" 200 8321
190.171.153.26 - - [18/Nov/2021:16:44:43 -0300] "POST /cormun/servlet/hlogin?2a24fb683c0a7eea2881cac074e67670,gx-no-cache=1637263971369 HTTP/1.1" 200 90
190.171.153.26 - - [18/Nov/2021:16:44:43 -0300] "GET /cormun/servlet/hpexe_link HTTP/1.1" 200 963
190.171.153.26 - - [18/Nov/2021:16:44:43 -0300] "GET /cormun/static/gxcfg.js?201991422392958 HTTP/1.1" 200 953
190.171.153.26 - - [18/Nov/2021:16:44:43 -0300] "GET /cormun/static/hpexe_link.js?201991422392963 HTTP/1.1" 200 625
190.171.153.26 - - [18/Nov/2021:16:44:43 -0300] "GET /cormun/servlet/trpermisosgoce HTTP/1.1" 200 10716
192.168.10.96 - - [18/Nov/2021:16:44:44 -0300] "GET /cormun/servlet/vesolicitudgral?2021,17750,,SolicitudOTAdjuntos HTTP/1.1" 200 7017
192.168.10.96 - - [18/Nov/2021:16:44:44 -0300] "GET /cormun/pexe_scrolldiv.js HTTP/1.1" 404 1009
192.168.10.96 - - [18/Nov/2021:16:44:44 -0300] "GET /cormun/pexe_scrolldiv.js HTTP/1.1" 404 1009
192.168.10.96 - - [18/Nov/2021:16:44:44 -0300] "GET /cormun/servlet/vesolicitudgral?2021,17750,,SolicitudOTAdjuntos HTTP/1.1" 200 7017
192.168.10.96 - - [18/Nov/2021:16:44:45 -0300] "POST /cormun/servlet/acontrolpreferencessavestate?None,RRHH+DANIELA,true HTTP/1.1" 200 35
192.168.10.96 - - [18/Nov/2021:16:44:46 -0300] "POST /cormun/servlet/vesolicitudgral?bcb80d78fe74091ebd5a094912143f85,2021,17750,,SolicitudOTAdjuntos,gx-no-cache=1637263828772 HTTP/1.1" 200 90
192.168.10.96 - - [18/Nov/2021:16:44:46 -0300] "GET /cormun/servlet/hpexe_link HTTP/1.1" 200 980
192.168.10.96 - - [18/Nov/2021:16:44:46 -0300] "GET /cormun/servlet/trsolicitudgral? HTTP/1.1" 200 10647
192.168.10.96 - - [18/Nov/2021:16:44:47 -0300] "GET /cormun/servlet/trsolicitudgral? HTTP/1.1" 200 10645
205.185.121.173 - - [18/Nov/2021:16:45:06 -0300] "GET /manager/html HTTP/1.1" 401 2474
190.171.153.26 - - [18/Nov/2021:16:45:10 -0300] "POST /cormun/servlet/trpermisosgoce?2a24fb683c0a7eea2881cac074e67670,gx-no-cache=1637263997950 HTTP/1.1" 200 7601
190.171.153.26 - - [18/Nov/2021:16:45:10 -0300] "POST /cormun/servlet/trpermisosgoce?2a24fb683c0a7eea2881cac074e67670,gx-no-cache=1637263998321 HTTP/1.1" 200 7580
205.185.121.173 - - [18/Nov/2021:16:47:44 -0300] "GET /manager/html HTTP/1.1" 401 2474
205.185.121.173 - - [18/Nov/2021:16:50:27 -0300] "GET /manager/html HTTP/1.1" 401 2474
205.185.121.173 - - [18/Nov/2021:16:53:02 -0300] "GET /manager/html HTTP/1.1" 401 2474
205.185.121.173 - - [18/Nov/2021:16:55:29 -0300] "GET /manager/html HTTP/1.1" 401 2474
205.185.121.173 - - [18/Nov/2021:16:57:59 -0300] "GET /manager/html HTTP/1.1" 401 2474
40.77.189.164 - - [18/Nov/2021:16:58:07 -0300] "GET /cormun/static/gxcfg.js?2020121614367 HTTP/1.1" 200 953
114.119.150.75 - - [18/Nov/2021:16:58:19 -0300] "GET /robots.txt HTTP/1.1" 404 981
205.185.121.173 - - [18/Nov/2021:17:00:32 -0300] "GET /manager/html HTTP/1.1" 401 2474
205.185.121.173 - - [18/Nov/2021:17:03:02 -0300] "GET /manager/html HTTP/1.1" 401 2474
205.185.121.173 - - [18/Nov/2021:17:05:30 -0300] "GET /manager/html HTTP/1.1" 401 2474
207.46.13.131 - - [18/Nov/2021:17:05:34 -0300] "GET /cormun/static/gxcfg.js?2020121631564 HTTP/1.1" 200 953
159.65.153.62 - - [18/Nov/2021:17:06:45 -0300] "-" 400 -
205.185.121.173 - - [18/Nov/2021:17:08:05 -0300] "GET /manager/html HTTP/1.1" 401 2474
190.171.153.26 - - [18/Nov/2021:17:08:20 -0300] "GET /cormun/servlet/trpermisosgoce? HTTP/1.1" 200 10410
190.171.153.26 - - [18/Nov/2021:17:08:23 -0300] "GET /cormun/servlet/permisogoce?INS,0,,, HTTP/1.1" 200 6806
190.171.153.26 - - [18/Nov/2021:17:08:23 -0300] "GET /cormun/static/gxcfg.js?20201215124560 HTTP/1.1" 200 953
190.171.153.26 - - [18/Nov/2021:17:08:56 -0300] "GET /cormun/servlet/permisogoce?b54bb33a637f2bb7b270ae0509e982c126e0dd90f3a5f9d8697aeab156037da92e3a9f298534be6c1ef81a603fee120c44e98f9ec9243286346d151815d5789a,gx-no-cache=1637265424037 HTTP/1.1" 200 78
190.171.153.26 - - [18/Nov/2021:17:09:02 -0300] "GET /cormun/servlet/permisogoce?b54bb33a637f2bb7b270ae0509e982c1ae516b3f776c84676c863244590b274f5c3a8f5fcfa74eda26c5e3415189265e9beb5106e30c82dd2ceedb836e4b61c6,gx-no-cache=1637265430986 HTTP/1.1" 200 46
190.171.153.26 - - [18/Nov/2021:17:09:47 -0300] "POST /cormun/servlet/permisogoce?2a24fb683c0a7eea2881cac074e67670,INS,0,,,,gx-no-cache=1637265474800 HTTP/1.1" 200 93
190.171.153.26 - - [18/Nov/2021:17:09:47 -0300] "GET /cormun/servlet/hpexe_return? HTTP/1.1" 200 1014
190.171.153.26 - - [18/Nov/2021:17:09:47 -0300] "GET /cormun/static/gxcfg.js?201991422392976 HTTP/1.1" 200 953
190.171.153.26 - - [18/Nov/2021:17:09:47 -0300] "GET /cormun/servlet/trpermisosgoce HTTP/1.1" 200 10676
190.171.153.26 - - [18/Nov/2021:17:09:54 -0300] "GET /cormun/servlet/apermisogoceprn?13096745,P,20211118165405,PU HTTP/1.1" 200 1657
205.185.121.173 - - [18/Nov/2021:17:10:36 -0300] "GET /manager/html HTTP/1.1" 401 2474
205.185.121.173 - - [18/Nov/2021:17:13:05 -0300] "GET /manager/html HTTP/1.1" 401 2474
190.171.142.10 - - [18/Nov/2021:17:14:27 -0300] "GET /cormun/servlet/hlogin HTTP/1.1" 200 1724
190.171.142.10 - - [18/Nov/2021:17:14:28 -0300] "GET /cormun/servlet/hlogin HTTP/1.1" 200 1735
190.171.142.10 - - [18/Nov/2021:17:14:36 -0300] "POST /cormun/servlet/hlogin?6082e2e9e1c9cec2c7ba6998eb1cf13f,gx-no-cache=1637265759266 HTTP/1.1" 200 440
190.171.142.10 - - [18/Nov/2021:17:14:41 -0300] "POST /cormun/servlet/hlogin?6082e2e9e1c9cec2c7ba6998eb1cf13f,gx-no-cache=1637265764878 HTTP/1.1" 200 90
190.171.142.10 - - [18/Nov/2021:17:14:42 -0300] "GET /cormun/servlet/hpexe_link HTTP/1.1" 200 952
190.171.142.10 - - [18/Nov/2021:17:14:42 -0300] "GET /cormun/servlet/hhome HTTP/1.1" 200 3965
190.171.142.10 - - [18/Nov/2021:17:14:44 -0300] "GET /cormun/servlet/hhome HTTP/1.1" 200 3961
190.171.142.10 - - [18/Nov/2021:17:14:51 -0300] "GET /cormun/servlet/trlicencias? HTTP/1.1" 200 12948
190.171.142.10 - - [18/Nov/2021:17:14:53 -0300] "GET /cormun/servlet/trlicencias? HTTP/1.1" 200 12945
190.171.142.10 - - [18/Nov/2021:17:14:56 -0300] "POST /cormun/servlet/trlicencias?6082e2e9e1c9cec2c7ba6998eb1cf13f,,gx-no-cache=1637265779299 HTTP/1.1" 200 10699
205.185.121.173 - - [18/Nov/2021:17:15:36 -0300] "GET /manager/html HTTP/1.1" 401 2474
205.185.121.173 - - [18/Nov/2021:17:18:22 -0300] "GET /manager/html HTTP/1.1" 401 2474
205.185.121.173 - - [18/Nov/2021:17:21:06 -0300] "GET /manager/html HTTP/1.1" 401 2474
190.171.153.26 - - [18/Nov/2021:17:23:13 -0300] "GET /cormun/servlet/trpermisosadjuntos?13096745,20211118165405,P, HTTP/1.1" 200 6269
190.171.153.26 - - [18/Nov/2021:17:23:13 -0300] "GET /cormun/static/gxcfg.js?2020121641683 HTTP/1.1" 200 953
190.171.153.26 - - [18/Nov/2021:17:23:15 -0300] "GET /cormun/servlet/permisosadjuntos?INS,13096745,P,20211118165405,, HTTP/1.1" 200 5591
190.171.153.26 - - [18/Nov/2021:17:23:15 -0300] "GET /cormun/static/gxcfg.js?20201215134212 HTTP/1.1" 200 953
190.171.153.26 - - [18/Nov/2021:17:23:15 -0300] "GET /cormun/static/about:blank HTTP/1.1" 404 1011
190.171.153.26 - - [18/Nov/2021:17:23:33 -0300] "POST /cormun/servlet/permisosadjuntos?2a24fb683c0a7eea2881cac074e67670,INS,13096745,P,20211118165405,, HTTP/1.1" 200 116
190.171.153.26 - - [18/Nov/2021:17:23:33 -0300] "GET /cormun/servlet/hpexe_return? HTTP/1.1" 200 1043
190.171.153.26 - - [18/Nov/2021:17:23:33 -0300] "GET /cormun/servlet/trpermisosadjuntos?13096745,20211118165405,P, HTTP/1.1" 200 6754
190.171.153.26 - - [18/Nov/2021:17:23:33 -0300] "GET /cormun/PublicTempStorage/paulina_mu%F1oz_35808549.pdf HTTP/1.1" 200 154524
190.171.153.26 - - [18/Nov/2021:17:23:37 -0300] "GET /cormun/servlet/trpermisosgoce? HTTP/1.1" 200 10672
190.171.153.26 - - [18/Nov/2021:17:23:44 -0300] "POST /cormun/servlet/trpermisosgoce?2a24fb683c0a7eea2881cac074e67670,,gx-no-cache=1637266312253 HTTP/1.1" 200 7798
190.171.153.26 - - [18/Nov/2021:17:23:44 -0300] "GET /cormun/static/Shared/jqueryui/images/ui-bg_highlight-soft_100_c6c2c8_1x100.png HTTP/1.1" 404 1117
190.171.153.26 - - [18/Nov/2021:17:23:44 -0300] "GET /cormun/static/Shared/jqueryui/images/ui-icons_82798d_256x240.png HTTP/1.1" 404 1089
190.171.153.26 - - [18/Nov/2021:17:23:44 -0300] "GET /cormun/static/Shared/jqueryui/images/ui-bg_flat_55_fafafa_40x100.png HTTP/1.1" 404 1097
190.171.153.26 - - [18/Nov/2021:17:23:44 -0300] "GET /cormun/static/Shared/jqueryui/images/ui-icons_8d78a5_256x240.png HTTP/1.1" 404 1089
205.185.121.173 - - [18/Nov/2021:17:24:30 -0300] "GET /manager/html HTTP/1.1" 401 2474
205.185.121.173 - - [18/Nov/2021:17:27:10 -0300] "GET /manager/html HTTP/1.1" 401 2474
205.185.121.173 - - [18/Nov/2021:17:29:46 -0300] "GET /manager/html HTTP/1.1" 401 2474
190.171.153.26 - - [18/Nov/2021:17:30:26 -0300] "GET /cormun/servlet/trlicencias? HTTP/1.1" 200 9980
190.171.153.26 - - [18/Nov/2021:17:30:26 -0300] "GET /cormun/static/gxcfg.js?2020121613995 HTTP/1.1" 200 953
190.171.153.26 - - [18/Nov/2021:17:30:31 -0300] "POST /cormun/servlet/trlicencias?2a24fb683c0a7eea2881cac074e67670,,gx-no-cache=1637266719139 HTTP/1.1" 200 7542
190.171.153.26 - - [18/Nov/2021:17:30:33 -0300] "POST /cormun/servlet/trlicencias?2a24fb683c0a7eea2881cac074e67670,,gx-no-cache=1637266721514 HTTP/1.1" 200 7542
205.185.121.173 - - [18/Nov/2021:17:32:24 -0300] "GET /manager/html HTTP/1.1" 401 2474
190.171.142.10 - - [18/Nov/2021:17:32:24 -0300] "GET /cormun/servlet/trsolicitudot? HTTP/1.1" 200 7185
190.171.142.10 - - [18/Nov/2021:17:32:26 -0300] "GET /cormun/servlet/trsolicitudot? HTTP/1.1" 200 7185
190.171.142.10 - - [18/Nov/2021:17:32:30 -0300] "GET /cormun/servlet/solicitudot?INS,0,0,false, HTTP/1.1" 200 15606
190.171.142.10 - - [18/Nov/2021:17:32:32 -0300] "GET /cormun/servlet/solicitudot?INS,0,0,false, HTTP/1.1" 200 15614
190.171.142.10 - - [18/Nov/2021:17:32:56 -0300] "POST /cormun/servlet/solicitudot?gx-no-cache=1637266859620 HTTP/1.1" 200 3779
190.171.142.10 - - [18/Nov/2021:17:32:57 -0300] "POST /cormun/servlet/solicitudot?6082e2e9e1c9cec2c7ba6998eb1cf13f,INS,0,0,false,,gx-no-cache=1637266859899 HTTP/1.1" 200 12288
190.171.142.10 - - [18/Nov/2021:17:33:00 -0300] "GET /cormun/servlet/solicitudot?3b88e55664923d6686cb298e49d917c0aa6e8bbe9aca806c72bdfa4f3b3053638353c6e14f75a4d260a6a5ec94bc000c,gx-no-cache=1637266862994 HTTP/1.1" 200 30
190.171.142.10 - - [18/Nov/2021:17:33:59 -0300] "GET /cormun/servlet/solicitudot?3b88e55664923d6686cb298e49d917c0503b62042eb26700335c764124be451c,gx-no-cache=1637266922165 HTTP/1.1" 200 94
190.171.142.10 - - [18/Nov/2021:17:33:59 -0300] "GET /cormun/static/Shared/jqueryui/images/ui-bg_highlight-soft_100_c6c2c8_1x100.png HTTP/1.1" 404 1117
190.171.142.10 - - [18/Nov/2021:17:33:59 -0300] "GET /cormun/static/Shared/jqueryui/images/ui-icons_82798d_256x240.png HTTP/1.1" 404 1089
190.171.142.10 - - [18/Nov/2021:17:33:59 -0300] "GET /cormun/static/Shared/jqueryui/images/ui-bg_flat_55_994d53_40x100.png HTTP/1.1" 404 1097
190.171.142.10 - - [18/Nov/2021:17:33:59 -0300] "GET /cormun/static/Shared/jqueryui/images/ui-icons_ebccce_256x240.png HTTP/1.1" 404 1089
190.171.142.10 - - [18/Nov/2021:17:33:59 -0300] "GET /cormun/servlet/solicitudot?3b88e55664923d6686cb298e49d917c047ed7741cb31a538812389ab0f93ea80,gx-no-cache=1637266922509 HTTP/1.1" 200 29
190.171.142.10 - - [18/Nov/2021:17:34:31 -0300] "POST /cormun/servlet/solicitudot?gx-no-cache=1637266954922 HTTP/1.1" 200 297
190.171.142.10 - - [18/Nov/2021:17:34:32 -0300] "GET /cormun/servlet/solicitudot?3b88e55664923d6686cb298e49d917c012f5f0d19052d76b28115bf7c1c34e6944030fc6b96b3bb6358630ecedd3721aa5f464efa1dfe4ca07704c0cc2a62bb44775f1fb27d1b8bff84c7de1f2fe69e43875818655c1b136c47c89ba0fc18a5a44bccd433d0cb69d07f3d085dc3813890108adcb90039798bb1a4253e2c9141c2c32a26604b03ca3a978638b52125145c37b92efa05c63da321ce2226f0a3b66756d7eda04a1aac50072c0f4a1d7955e91f4166a6ec76b67751e1336caff421c0453a42c39c627c4772d9e2f8bc60509e0711b4555d9c496db3adad0b23a765247ac89045af97fa3f1cf9dfe631c2dea284735495ee7abf0d2f07e6b521d7c664e64a706a96ef3acb9ff2a1b82858112edb552720af3fd1a1bb7e4b04552513cca0a121c053346a9cbd336fb4d9cea60021f7feb092486a66178616aa6917119949b23043b5b90dae219018c8fec40e842f7d120213ab50cd8520f5492c8fcb9f11cab97d31251df2ee32598a57145389a21294f50e7c264fe97d8adc3e80892751575a367989cc29f32f4b2bdd6034f,gx-no-cache=1637266954983 HTTP/1.1" 200 30
190.171.142.10 - - [18/Nov/2021:17:34:35 -0300] "POST /cormun/servlet/solicitudot?gx-no-cache=1637266958860 HTTP/1.1" 200 30
190.171.142.10 - - [18/Nov/2021:17:34:48 -0300] "POST /cormun/servlet/solicitudot?gx-no-cache=1637266970920 HTTP/1.1" 200 1442
190.171.142.10 - - [18/Nov/2021:17:34:54 -0300] "GET /cormun/servlet/prlicenciaspermisos?15266265,L,,MD,,gxPopupLevel%3D0%3B HTTP/1.1" 200 7242
190.171.142.10 - - [18/Nov/2021:17:34:54 -0300] "GET /cormun/static/gxcfg.js?2020121559567 HTTP/1.1" 200 953
190.171.142.10 - - [18/Nov/2021:17:34:54 -0300] "GET /cormun/static/prlicenciaspermisos.js?2020121559821 HTTP/1.1" 200 13379
205.185.121.173 - - [18/Nov/2021:17:34:56 -0300] "GET /manager/html HTTP/1.1" 401 2474
190.171.142.10 - - [18/Nov/2021:17:35:03 -0300] "POST /cormun/servlet/solicitudot?gx-no-cache=1637266986755 HTTP/1.1" 200 40
192.168.10.17 - - [18/Nov/2021:17:35:22 -0300] "GET /cormun/servlet/hlogin HTTP/1.1" 200 1719
192.168.10.17 - - [18/Nov/2021:17:35:22 -0300] "GET /cormun/servlet/hlogin HTTP/1.1" 200 1729
192.168.10.17 - - [18/Nov/2021:17:35:29 -0300] "POST /cormun/servlet/hlogin?217d5564b849a34f1d90a48b3f782918,gx-no-cache=1637266871293 HTTP/1.1" 200 90
192.168.10.17 - - [18/Nov/2021:17:35:29 -0300] "GET /cormun/servlet/hpexe_link HTTP/1.1" 200 948
192.168.10.17 - - [18/Nov/2021:17:35:29 -0300] "GET /cormun/servlet/hhome HTTP/1.1" 200 3760
192.168.10.17 - - [18/Nov/2021:17:35:29 -0300] "GET /cormun/servlet/hhome HTTP/1.1" 200 3757
192.168.10.17 - - [18/Nov/2021:17:35:53 -0300] "GET /cormun/servlet/trsolicitudgral? HTTP/1.1" 200 17580
192.168.10.17 - - [18/Nov/2021:17:35:53 -0300] "GET /cormun/servlet/trsolicitudgral? HTTP/1.1" 200 17577
205.185.121.173 - - [18/Nov/2021:17:37:25 -0300] "GET /manager/html HTTP/1.1" 401 2474
192.168.10.17 - - [18/Nov/2021:17:37:38 -0300] "POST /cormun/servlet/trsolicitudgral?217d5564b849a34f1d90a48b3f782918,,gx-no-cache=1637267000868 HTTP/1.1" 200 6643
190.171.142.10 - - [18/Nov/2021:17:38:03 -0300] "GET /cormun/servlet/solicitudot?3b88e55664923d6686cb298e49d917c01788dd19a1bd8c2ca87f0d8f10381b6915c4069c1dc5c98e341130941ddaf0ec79216925a0581ca67595b658bbb9976a5900548118ce2fd1818da59def9142cc6d309b014bc8a2912684170a4afd41a5ea1ad6ebc87c3ec78845fac56451e472,gx-no-cache=1637267166508 HTTP/1.1" 200 110
190.171.142.10 - - [18/Nov/2021:17:39:08 -0300] "POST /cormun/servlet/solicitudot?gx-no-cache=1637267231529 HTTP/1.1" 200 64
190.171.142.10 - - [18/Nov/2021:17:39:14 -0300] "GET /cormun/servlet/solicitudot?3b88e55664923d6686cb298e49d917c0c45b83612f49a0eb75bd3025b6deab1c3958b5b0c0d347f3bd49bb801cb6b49bc8e998a9855a87ebdbe2c3974102483887ba10c5558bd455e5b263664c581a0f480778557778971867db5a0722e225bc701193e656c0aa2fa5fc10ada094070b,gx-no-cache=1637267237264 HTTP/1.1" 200 29
190.171.142.10 - - [18/Nov/2021:17:39:14 -0300] "GET /cormun/static/menuarrow.gif HTTP/1.1" 404 1015
190.171.142.10 - - [18/Nov/2021:17:39:17 -0300] "GET /cormun/servlet/solicitudot?3b88e55664923d6686cb298e49d917c0e2ea8b12341c1d43a470070d086a14c3d1385cf98e59889b8d874cbca5197f9e,gx-no-cache=1637267240796 HTTP/1.1" 200 30
190.171.142.10 - - [18/Nov/2021:17:39:17 -0300] "POST /cormun/servlet/solicitudot?gx-no-cache=1637267240836 HTTP/1.1" 200 34
190.171.142.10 - - [18/Nov/2021:17:39:36 -0300] "POST /cormun/servlet/solicitudot?6082e2e9e1c9cec2c7ba6998eb1cf13f,INS,0,0,false,,gx-no-cache=1637267259074 HTTP/1.1" 200 12688
205.185.121.173 - - [18/Nov/2021:17:39:54 -0300] "GET /manager/html HTTP/1.1" 401 2474
190.171.142.10 - - [18/Nov/2021:17:40:23 -0300] "GET /cormun/servlet/solicitudot?3b88e55664923d6686cb298e49d917c0a83dea306faf984fb0cd41edbca9e4252e656fe96544aad52306d5a5687f4da94f0c6a77f1fe69a308ab0813c956197d8353c6e14f75a4d260a6a5ec94bc000c,gx-no-cache=1637267306448 HTTP/1.1" 200 30
190.171.142.10 - - [18/Nov/2021:17:40:23 -0300] "GET /cormun/servlet/solicitudot?3b88e55664923d6686cb298e49d917c012f5f0d19052d76b28115bf7c1c34e6944030fc6b96b3bb6358630ecedd3721aa5f464efa1dfe4ca07704c0cc2a62bb44775f1fb27d1b8bff84c7de1f2fe69e43875818655c1b136c47c89ba0fc18a5a44bccd433d0cb69d07f3d085dc3813890108adcb90039798bb1a4253e2c9141c2c32a26604b03ca3a978638b52125145c37b92efa05c63da321ce2226f0a3b66756d7eda04a1aac50072c0f4a1d7955e91f4166a6ec76b67751e1336caff421c0453a42c39c627c4772d9e2f8bc60509e0711b4555d9c496db3adad0b23a765247ac89045af97fa3f1cf9dfe631c2dea284735495ee7abf0d2f07e6b521d7c664e64a706a96ef3acb9ff2a1b82858112edb552720af3fd1a1bb7e4b04552513cca0a121c053346a9cbd336fb4d9cea60021f7feb092486a66178616aa6917119949b23043b5b90dae219018c8fec40e842f7d120213ab50cd8520f5492c8fcb9f11cab97d31251df2ee32598a57145382e6b404c4c15cf3bd49e647238176f3e751575a367989cc29f32f4b2bdd6034f,gx-no-cache=1637267306523 HTTP/1.1" 200 30
190.171.142.10 - - [18/Nov/2021:17:40:23 -0300] "POST /cormun/servlet/solicitudot?gx-no-cache=1637267306560 HTTP/1.1" 200 30
190.171.142.10 - - [18/Nov/2021:17:40:23 -0300] "POST /cormun/servlet/solicitudot?gx-no-cache=1637267306614 HTTP/1.1" 200 1442
190.171.142.10 - - [18/Nov/2021:17:40:23 -0300] "POST /cormun/servlet/solicitudot?gx-no-cache=1637267306734 HTTP/1.1" 200 40
190.171.142.10 - - [18/Nov/2021:17:40:23 -0300] "GET /cormun/servlet/solicitudot?3b88e55664923d6686cb298e49d917c01788dd19a1bd8c2ca87f0d8f10381b6915c4069c1dc5c98e341130941ddaf0ec79216925a0581ca67595b658bbb9976a5900548118ce2fd1818da59def9142cc6d309b014bc8a2912684170a4afd41a5ea1ad6ebc87c3ec78845fac56451e472,gx-no-cache=1637267306773 HTTP/1.1" 200 110
190.171.142.10 - - [18/Nov/2021:17:40:23 -0300] "POST /cormun/servlet/solicitudot?gx-no-cache=1637267306820 HTTP/1.1" 200 64
190.171.142.10 - - [18/Nov/2021:17:40:23 -0300] "GET /cormun/servlet/solicitudot?3b88e55664923d6686cb298e49d917c0e2ea8b12341c1d43a470070d086a14c3d1385cf98e59889b8d874cbca5197f9e,gx-no-cache=1637267306862 HTTP/1.1" 200 30
190.171.142.10 - - [18/Nov/2021:17:40:24 -0300] "POST /cormun/servlet/solicitudot?gx-no-cache=1637267306950 HTTP/1.1" 200 34
190.171.142.10 - - [18/Nov/2021:17:40:24 -0300] "POST /cormun/servlet/solicitudot?6082e2e9e1c9cec2c7ba6998eb1cf13f,INS,0,0,false,,gx-no-cache=1637267307000 HTTP/1.1" 200 93
190.171.142.10 - - [18/Nov/2021:17:40:24 -0300] "GET /cormun/servlet/hpexe_return? HTTP/1.1" 200 1008
190.171.142.10 - - [18/Nov/2021:17:40:25 -0300] "GET /cormun/servlet/trsolicitudot HTTP/1.1" 200 8601
190.171.142.10 - - [18/Nov/2021:17:40:26 -0300] "GET /cormun/servlet/trsolicitudot HTTP/1.1" 200 8600
190.171.142.10 - - [18/Nov/2021:17:40:31 -0300] "POST /cormun/servlet/trsolicitudot?6082e2e9e1c9cec2c7ba6998eb1cf13f,gx-no-cache=1637267314213 HTTP/1.1" 200 5748
190.171.142.10 - - [18/Nov/2021:17:40:39 -0300] "POST /cormun/servlet/trsolicitudot?6082e2e9e1c9cec2c7ba6998eb1cf13f,gx-no-cache=1637267322835 HTTP/1.1" 200 107
190.171.142.10 - - [18/Nov/2021:17:40:40 -0300] "GET /cormun/servlet/trsolicitudadjuntos?2021,17809, HTTP/1.1" 200 6072
190.171.142.10 - - [18/Nov/2021:17:40:40 -0300] "GET /cormun/static/gxcfg.js?20201215574222 HTTP/1.1" 200 953
190.171.142.10 - - [18/Nov/2021:17:40:40 -0300] "GET /cormun/static/trsolicitudadjuntos.js?20201215574932 HTTP/1.1" 200 17922
190.171.142.10 - - [18/Nov/2021:17:40:40 -0300] "GET /cormun/static/Resources/PXToolsGridNew.png HTTP/1.1" 200 427
190.171.142.10 - - [18/Nov/2021:17:40:41 -0300] "GET /cormun/servlet/trsolicitudadjuntos?2021,17809, HTTP/1.1" 200 6072
190.171.142.10 - - [18/Nov/2021:17:40:46 -0300] "GET /cormun/servlet/solicitudotadjuntos?INS,2021,17809,,1, HTTP/1.1" 200 6020
190.171.142.10 - - [18/Nov/2021:17:40:46 -0300] "GET /cormun/static/gxcfg.js?202012157947 HTTP/1.1" 200 953
190.171.142.10 - - [18/Nov/2021:17:40:46 -0300] "GET /cormun/static/solicitudotadjuntos.js?202012157966 HTTP/1.1" 200 11771
190.171.142.10 - - [18/Nov/2021:17:40:47 -0300] "GET /cormun/static/about:blank HTTP/1.1" 404 1011
190.171.142.10 - - [18/Nov/2021:17:40:47 -0300] "GET /cormun/servlet/solicitudotadjuntos?INS,2021,17809,,1, HTTP/1.1" 200 6013
190.171.142.10 - - [18/Nov/2021:17:40:48 -0300] "GET /cormun/servlet/solicitudotadjuntos?3b88e55664923d6686cb298e49d917c0221665e94e1c70c62593b9916930c9fbac922554c10184f4439e1984daee2f58,gx-no-cache=1637267331245 HTTP/1.1" 200 30
190.171.142.10 - - [18/Nov/2021:17:40:48 -0300] "POST /cormun/servlet/solicitudotadjuntos?6082e2e9e1c9cec2c7ba6998eb1cf13f,INS,2021,17809,,1,,gx-no-cache=1637267331334 HTTP/1.1" 200 3875
190.171.142.10 - - [18/Nov/2021:17:40:51 -0300] "POST /cormun/servlet/solicitudotadjuntos?gx-no-cache=1637267334733 HTTP/1.1" 200 26
190.171.142.10 - - [18/Nov/2021:17:41:17 -0300] "GET /cormun/servlet/solicitudotadjuntos?3b88e55664923d6686cb298e49d917c0596bff5153c819a2d048e0247b28611c,gx-no-cache=1637267360882 HTTP/1.1" 200 30
190.171.142.10 - - [18/Nov/2021:17:41:17 -0300] "GET /cormun/servlet/solicitudotadjuntos?3b88e55664923d6686cb298e49d917c0596bff5153c819a2d048e0247b28611c,gx-no-cache=1637267360910 HTTP/1.1" 200 30
190.171.142.10 - - [18/Nov/2021:17:41:18 -0300] "POST /cormun/servlet/solicitudotadjuntos?6082e2e9e1c9cec2c7ba6998eb1cf13f,INS,2021,17809,,1, HTTP/1.1" 200 116
190.171.142.10 - - [18/Nov/2021:17:41:18 -0300] "GET /cormun/servlet/hpexe_return? HTTP/1.1" 200 1027
190.171.142.10 - - [18/Nov/2021:17:41:18 -0300] "GET /cormun/servlet/trsolicitudadjuntos?2021,17809, HTTP/1.1" 200 8858
190.171.142.10 - - [18/Nov/2021:17:41:19 -0300] "GET /cormun/servlet/trsolicitudadjuntos?2021,17809, HTTP/1.1" 200 8852
190.171.142.10 - - [18/Nov/2021:17:41:22 -0300] "GET /cormun/servlet/solicitudotadjuntos?INS,2021,17809,,1, HTTP/1.1" 200 6020
190.171.142.10 - - [18/Nov/2021:17:41:22 -0300] "GET /cormun/static/about:blank HTTP/1.1" 404 1011
190.171.142.10 - - [18/Nov/2021:17:41:23 -0300] "GET /cormun/servlet/solicitudotadjuntos?INS,2021,17809,,1, HTTP/1.1" 200 6013
190.171.142.10 - - [18/Nov/2021:17:41:23 -0300] "GET /cormun/servlet/solicitudotadjuntos?3b88e55664923d6686cb298e49d917c0221665e94e1c70c62593b9916930c9fbac922554c10184f4439e1984daee2f58,gx-no-cache=1637267366717 HTTP/1.1" 200 30
190.171.142.10 - - [18/Nov/2021:17:41:23 -0300] "POST /cormun/servlet/solicitudotadjuntos?6082e2e9e1c9cec2c7ba6998eb1cf13f,INS,2021,17809,,1,,gx-no-cache=1637267366773 HTTP/1.1" 200 3875
190.171.142.10 - - [18/Nov/2021:17:41:27 -0300] "POST /cormun/servlet/solicitudotadjuntos?gx-no-cache=1637267370004 HTTP/1.1" 200 26
190.171.142.10 - - [18/Nov/2021:17:41:35 -0300] "GET /cormun/servlet/solicitudotadjuntos?3b88e55664923d6686cb298e49d917c0596bff5153c819a2d048e0247b28611c,gx-no-cache=1637267378033 HTTP/1.1" 200 30
190.171.142.10 - - [18/Nov/2021:17:41:35 -0300] "GET /cormun/servlet/solicitudotadjuntos?3b88e55664923d6686cb298e49d917c0596bff5153c819a2d048e0247b28611c,gx-no-cache=1637267378060 HTTP/1.1" 200 30
190.171.142.10 - - [18/Nov/2021:17:41:35 -0300] "POST /cormun/servlet/solicitudotadjuntos?6082e2e9e1c9cec2c7ba6998eb1cf13f,INS,2021,17809,,1, HTTP/1.1" 200 116
190.171.142.10 - - [18/Nov/2021:17:41:35 -0300] "GET /cormun/servlet/hpexe_return? HTTP/1.1" 200 1027
190.171.142.10 - - [18/Nov/2021:17:41:35 -0300] "GET /cormun/servlet/trsolicitudadjuntos?2021,17809, HTTP/1.1" 200 9094
190.171.142.10 - - [18/Nov/2021:17:41:36 -0300] "GET /cormun/servlet/trsolicitudadjuntos?2021,17809, HTTP/1.1" 200 9092
190.171.142.10 - - [18/Nov/2021:17:41:39 -0300] "GET /cormun/servlet/solicitudotadjuntos?INS,2021,17809,,1, HTTP/1.1" 200 6020
190.171.142.10 - - [18/Nov/2021:17:41:39 -0300] "GET /cormun/static/about:blank HTTP/1.1" 404 1011
190.171.142.10 - - [18/Nov/2021:17:41:40 -0300] "GET /cormun/servlet/solicitudotadjuntos?INS,2021,17809,,1, HTTP/1.1" 200 6013
190.171.142.10 - - [18/Nov/2021:17:41:41 -0300] "GET /cormun/servlet/solicitudotadjuntos?3b88e55664923d6686cb298e49d917c0221665e94e1c70c62593b9916930c9fbac922554c10184f4439e1984daee2f58,gx-no-cache=1637267383966 HTTP/1.1" 200 30
190.171.142.10 - - [18/Nov/2021:17:41:41 -0300] "POST /cormun/servlet/solicitudotadjuntos?6082e2e9e1c9cec2c7ba6998eb1cf13f,INS,2021,17809,,1,,gx-no-cache=1637267384009 HTTP/1.1" 200 3875
190.171.142.10 - - [18/Nov/2021:17:41:45 -0300] "POST /cormun/servlet/solicitudotadjuntos?gx-no-cache=1637267388837 HTTP/1.1" 200 26
190.171.142.10 - - [18/Nov/2021:17:41:56 -0300] "GET /cormun/servlet/solicitudotadjuntos?3b88e55664923d6686cb298e49d917c0596bff5153c819a2d048e0247b28611c,gx-no-cache=1637267399383 HTTP/1.1" 200 30
190.171.142.10 - - [18/Nov/2021:17:41:56 -0300] "GET /cormun/servlet/solicitudotadjuntos?3b88e55664923d6686cb298e49d917c0596bff5153c819a2d048e0247b28611c,gx-no-cache=1637267399411 HTTP/1.1" 200 30
190.171.142.10 - - [18/Nov/2021:17:41:56 -0300] "POST /cormun/servlet/solicitudotadjuntos?6082e2e9e1c9cec2c7ba6998eb1cf13f,INS,2021,17809,,1, HTTP/1.1" 200 116
190.171.142.10 - - [18/Nov/2021:17:41:56 -0300] "GET /cormun/servlet/hpexe_return? HTTP/1.1" 200 1027
190.171.142.10 - - [18/Nov/2021:17:41:57 -0300] "GET /cormun/servlet/trsolicitudadjuntos?2021,17809, HTTP/1.1" 200 9254
190.171.142.10 - - [18/Nov/2021:17:41:58 -0300] "GET /cormun/servlet/trsolicitudadjuntos?2021,17809, HTTP/1.1" 200 9255
190.171.142.10 - - [18/Nov/2021:17:42:02 -0300] "GET /cormun/servlet/solicitudotadjuntos?INS,2021,17809,,1, HTTP/1.1" 200 6020
190.171.142.10 - - [18/Nov/2021:17:42:02 -0300] "GET /cormun/static/about:blank HTTP/1.1" 404 1011
190.171.142.10 - - [18/Nov/2021:17:42:03 -0300] "GET /cormun/servlet/solicitudotadjuntos?INS,2021,17809,,1, HTTP/1.1" 200 6013
190.171.142.10 - - [18/Nov/2021:17:42:04 -0300] "GET /cormun/servlet/solicitudotadjuntos?3b88e55664923d6686cb298e49d917c0221665e94e1c70c62593b9916930c9fbac922554c10184f4439e1984daee2f58,gx-no-cache=1637267407028 HTTP/1.1" 200 30
190.171.142.10 - - [18/Nov/2021:17:42:04 -0300] "POST /cormun/servlet/solicitudotadjuntos?6082e2e9e1c9cec2c7ba6998eb1cf13f,INS,2021,17809,,1,,gx-no-cache=1637267407091 HTTP/1.1" 200 3875
190.171.142.10 - - [18/Nov/2021:17:42:09 -0300] "POST /cormun/servlet/solicitudotadjuntos?gx-no-cache=1637267412859 HTTP/1.1" 200 26
190.171.142.10 - - [18/Nov/2021:17:42:11 -0300] "GET /cormun/servlet/solicitudotadjuntos?3b88e55664923d6686cb298e49d917c0596bff5153c819a2d048e0247b28611c,gx-no-cache=1637267414474 HTTP/1.1" 200 30
190.171.142.10 - - [18/Nov/2021:17:42:11 -0300] "GET /cormun/servlet/solicitudotadjuntos?3b88e55664923d6686cb298e49d917c0596bff5153c819a2d048e0247b28611c,gx-no-cache=1637267414504 HTTP/1.1" 200 30
190.171.142.10 - - [18/Nov/2021:17:42:11 -0300] "POST /cormun/servlet/solicitudotadjuntos?6082e2e9e1c9cec2c7ba6998eb1cf13f,INS,2021,17809,,1,,gx-no-cache=1637267414542 HTTP/1.1" 200 93
190.171.142.10 - - [18/Nov/2021:17:42:11 -0300] "GET /cormun/servlet/hpexe_return? HTTP/1.1" 200 1027
190.171.142.10 - - [18/Nov/2021:17:42:12 -0300] "GET /cormun/servlet/trsolicitudadjuntos?2021,17809, HTTP/1.1" 200 9453
190.171.142.10 - - [18/Nov/2021:17:42:13 -0300] "GET /cormun/servlet/trsolicitudadjuntos?2021,17809, HTTP/1.1" 200 9451
190.171.142.10 - - [18/Nov/2021:17:42:17 -0300] "GET /cormun/servlet/solicitudotadjuntos?DLT,2021,17809,CERTIF4,0, HTTP/1.1" 200 5895
190.171.142.10 - - [18/Nov/2021:17:42:19 -0300] "GET /cormun/static/about:blank HTTP/1.1" 404 1011
190.171.142.10 - - [18/Nov/2021:17:42:19 -0300] "GET /cormun/static/Shared/jqueryui/images/ui-bg_highlight-soft_100_c6c2c8_1x100.png HTTP/1.1" 404 1117
190.171.142.10 - - [18/Nov/2021:17:42:19 -0300] "GET /cormun/static/Shared/jqueryui/images/ui-icons_82798d_256x240.png HTTP/1.1" 404 1089
190.171.142.10 - - [18/Nov/2021:17:42:19 -0300] "GET /cormun/static/Shared/jqueryui/images/ui-icons_8d78a5_256x240.png HTTP/1.1" 404 1089
190.171.142.10 - - [18/Nov/2021:17:42:19 -0300] "GET /cormun/static/Shared/jqueryui/images/ui-bg_flat_55_fafafa_40x100.png HTTP/1.1" 404 1097
205.185.121.173 - - [18/Nov/2021:17:42:19 -0300] "GET /manager/html HTTP/1.1" 401 2474
190.171.142.10 - - [18/Nov/2021:17:42:19 -0300] "GET /cormun/servlet/solicitudotadjuntos?DLT,2021,17809,CERTIF4,0, HTTP/1.1" 200 5889
190.171.142.10 - - [18/Nov/2021:17:42:20 -0300] "POST /cormun/servlet/solicitudotadjuntos?6082e2e9e1c9cec2c7ba6998eb1cf13f,DLT,2021,17809,CERTIF4,0,,gx-no-cache=1637267423666 HTTP/1.1" 200 93
190.171.142.10 - - [18/Nov/2021:17:42:20 -0300] "GET /cormun/servlet/hpexe_return? HTTP/1.1" 200 1033
190.171.142.10 - - [18/Nov/2021:17:42:21 -0300] "GET /cormun/servlet/trsolicitudadjuntos?2021,17809, HTTP/1.1" 200 9256
190.171.142.10 - - [18/Nov/2021:17:42:22 -0300] "GET /cormun/servlet/trsolicitudadjuntos?2021,17809, HTTP/1.1" 200 9254
190.171.142.10 - - [18/Nov/2021:17:42:25 -0300] "GET /cormun/servlet/solicitudotadjuntos?INS,2021,17809,,1, HTTP/1.1" 200 6020
190.171.142.10 - - [18/Nov/2021:17:42:25 -0300] "GET /cormun/static/about:blank HTTP/1.1" 404 1011
190.171.142.10 - - [18/Nov/2021:17:42:26 -0300] "GET /cormun/servlet/solicitudotadjuntos?INS,2021,17809,,1, HTTP/1.1" 200 6013
190.171.142.10 - - [18/Nov/2021:17:42:27 -0300] "GET /cormun/servlet/solicitudotadjuntos?3b88e55664923d6686cb298e49d917c0221665e94e1c70c62593b9916930c9fbac922554c10184f4439e1984daee2f58,gx-no-cache=1637267430178 HTTP/1.1" 200 30
190.171.142.10 - - [18/Nov/2021:17:42:27 -0300] "POST /cormun/servlet/solicitudotadjuntos?6082e2e9e1c9cec2c7ba6998eb1cf13f,INS,2021,17809,,1,,gx-no-cache=1637267430229 HTTP/1.1" 200 3875
190.171.142.10 - - [18/Nov/2021:17:42:31 -0300] "POST /cormun/servlet/solicitudotadjuntos?gx-no-cache=1637267434049 HTTP/1.1" 200 26
190.171.142.10 - - [18/Nov/2021:17:42:39 -0300] "GET /cormun/servlet/solicitudotadjuntos?3b88e55664923d6686cb298e49d917c0596bff5153c819a2d048e0247b28611c,gx-no-cache=1637267442002 HTTP/1.1" 200 30
190.171.142.10 - - [18/Nov/2021:17:42:39 -0300] "GET /cormun/servlet/solicitudotadjuntos?3b88e55664923d6686cb298e49d917c0596bff5153c819a2d048e0247b28611c,gx-no-cache=1637267442025 HTTP/1.1" 200 30
190.171.142.10 - - [18/Nov/2021:17:42:39 -0300] "POST /cormun/servlet/solicitudotadjuntos?6082e2e9e1c9cec2c7ba6998eb1cf13f,INS,2021,17809,,1, HTTP/1.1" 200 116
190.171.142.10 - - [18/Nov/2021:17:42:39 -0300] "GET /cormun/servlet/hpexe_return? HTTP/1.1" 200 1027
190.171.142.10 - - [18/Nov/2021:17:42:39 -0300] "GET /cormun/servlet/trsolicitudadjuntos?2021,17809, HTTP/1.1" 200 9521
190.171.142.10 - - [18/Nov/2021:17:42:41 -0300] "GET /cormun/servlet/trsolicitudadjuntos?2021,17809, HTTP/1.1" 200 9516
190.171.142.10 - - [18/Nov/2021:17:42:45 -0300] "GET /cormun/servlet/solicitudotadjuntos?INS,2021,17809,,1, HTTP/1.1" 200 6020
190.171.142.10 - - [18/Nov/2021:17:42:46 -0300] "GET /cormun/static/about:blank HTTP/1.1" 404 1011
190.171.142.10 - - [18/Nov/2021:17:42:46 -0300] "GET /cormun/servlet/solicitudotadjuntos?INS,2021,17809,,1, HTTP/1.1" 200 6013
