10.40.40.2 - - [18/Nov/2021:08:57:25 -0300] "GET /cormun/servlet/vesolicitudgral?2021,17600,, HTTP/1.1" 200 8504
10.40.40.2 - - [18/Nov/2021:08:57:25 -0300] "GET /cormun/pexe_scrolldiv.js HTTP/1.1" 404 1009
10.40.40.2 - - [18/Nov/2021:08:57:25 -0300] "GET /cormun/servlet/vesolicitudgral?2021,17600,, HTTP/1.1" 200 8505
10.40.40.2 - - [18/Nov/2021:08:57:27 -0300] "GET /cormun/servlet/vesolicitudgral?2021,17600,,SolicitudOTLog HTTP/1.1" 200 9852
10.40.40.2 - - [18/Nov/2021:08:57:27 -0300] "GET /cormun/pexe_scrolldiv.js HTTP/1.1" 404 1009
10.40.40.2 - - [18/Nov/2021:08:57:27 -0300] "GET /cormun/servlet/vesolicitudgral?2021,17600,,SolicitudOTLog HTTP/1.1" 200 9854
10.40.40.2 - - [18/Nov/2021:08:57:28 -0300] "POST /cormun/servlet/acontrolpreferencessavestate?None,RRHH+CATALINA+CACERES,true HTTP/1.1" 200 35
10.40.40.2 - - [18/Nov/2021:08:57:33 -0300] "GET /cormun/servlet/vesolicitudgral?2021,17600,,General HTTP/1.1" 200 8507
10.40.40.2 - - [18/Nov/2021:08:57:33 -0300] "GET /cormun/pexe_scrolldiv.js HTTP/1.1" 404 1009
10.40.40.2 - - [18/Nov/2021:08:57:33 -0300] "GET /cormun/servlet/vesolicitudgral?2021,17600,,General HTTP/1.1" 200 8507
10.40.40.2 - - [18/Nov/2021:08:57:48 -0300] "GET /cormun/servlet/trsolicitudgral? HTTP/1.1" 200 10072
10.40.40.2 - - [18/Nov/2021:08:57:48 -0300] "GET /cormun/servlet/trsolicitudgral? HTTP/1.1" 200 10068
205.185.121.173 - - [18/Nov/2021:08:57:53 -0300] "GET /manager/html HTTP/1.1" 401 2474
10.40.40.2 - - [18/Nov/2021:08:57:55 -0300] "GET /cormun/servlet/trsolicitudgral? HTTP/1.1" 200 10068
10.40.40.2 - - [18/Nov/2021:08:57:56 -0300] "GET /cormun/servlet/trsolicitudgral? HTTP/1.1" 200 10068
205.185.121.173 - - [18/Nov/2021:09:00:16 -0300] "GET /manager/html HTTP/1.1" 401 2474
190.171.141.90 - - [18/Nov/2021:09:02:09 -0300] "GET /cormun/servlet/hlogin HTTP/1.1" 200 1728
190.171.141.90 - - [18/Nov/2021:09:02:12 -0300] "POST /cormun/servlet/hlogin?73e876c28601788f03ed739d8d80e3ca,gx-no-cache=1637236217123 HTTP/1.1" 200 90
190.171.141.90 - - [18/Nov/2021:09:02:12 -0300] "GET /cormun/servlet/hpexe_link HTTP/1.1" 200 953
190.171.141.90 - - [18/Nov/2021:09:02:13 -0300] "GET /cormun/servlet/hhome HTTP/1.1" 200 3971
190.171.141.90 - - [18/Nov/2021:09:02:13 -0300] "GET /cormun/servlet/hhome HTTP/1.1" 200 3967
190.171.141.90 - - [18/Nov/2021:09:02:17 -0300] "GET /cormun/servlet/trsolicitudot? HTTP/1.1" 200 7195
190.171.141.90 - - [18/Nov/2021:09:02:17 -0300] "GET /cormun/servlet/trsolicitudot? HTTP/1.1" 200 7194
190.171.141.90 - - [18/Nov/2021:09:02:19 -0300] "GET /cormun/static/menuarrow.gif HTTP/1.1" 404 1015
190.171.141.90 - - [18/Nov/2021:09:02:29 -0300] "POST /cormun/servlet/trsolicitudot?73e876c28601788f03ed739d8d80e3ca,,gx-no-cache=1637236233413 HTTP/1.1" 200 22696
205.185.121.173 - - [18/Nov/2021:09:02:39 -0300] "GET /manager/html HTTP/1.1" 401 2474
205.185.121.173 - - [18/Nov/2021:09:05:00 -0300] "GET /manager/html HTTP/1.1" 401 2474
205.185.121.173 - - [18/Nov/2021:09:07:23 -0300] "GET /manager/html HTTP/1.1" 401 2474
205.185.121.173 - - [18/Nov/2021:09:09:46 -0300] "GET /manager/html HTTP/1.1" 401 2474
190.171.152.114 - - [18/Nov/2021:09:10:42 -0300] "GET /cormun/servlet/hlogin HTTP/1.1" 200 1730
190.171.152.114 - - [18/Nov/2021:09:10:57 -0300] "POST /cormun/servlet/hlogin?46ec8fc69e747bd2a8e067716aa9b890,gx-no-cache=1637236740913 HTTP/1.1" 200 90
190.171.152.114 - - [18/Nov/2021:09:10:57 -0300] "GET /cormun/servlet/hpexe_link HTTP/1.1" 200 957
190.171.152.114 - - [18/Nov/2021:09:10:57 -0300] "GET /cormun/servlet/hhome HTTP/1.1" 200 4313
190.171.152.114 - - [18/Nov/2021:09:10:58 -0300] "GET /cormun/servlet/hhome HTTP/1.1" 200 4309
205.185.121.173 - - [18/Nov/2021:09:12:05 -0300] "GET /manager/html HTTP/1.1" 401 2474
190.171.153.26 - - [18/Nov/2021:09:13:36 -0300] "GET /cormun/servlet/hlogin HTTP/1.1" 200 1729
190.171.153.26 - - [18/Nov/2021:09:13:37 -0300] "GET /cormun/static/gxcfg.js?201910216285969 HTTP/1.1" 200 953
190.171.153.26 - - [18/Nov/2021:09:13:37 -0300] "GET /cormun/static/Resources/Spanish/PXTools.css?2294816 HTTP/1.1" 200 100853
190.171.153.26 - - [18/Nov/2021:09:13:37 -0300] "GET /cormun/static/Resources/Logo2019_Grande.png HTTP/1.1" 200 31733
190.171.153.26 - - [18/Nov/2021:09:13:38 -0300] "GET /cormun/static/Resources/PXToolsLoginTop.png HTTP/1.1" 200 1337
190.171.153.26 - - [18/Nov/2021:09:13:38 -0300] "GET /cormun/static/Resources/PXToolsLoginBackground.png HTTP/1.1" 200 1164
190.171.153.26 - - [18/Nov/2021:09:13:38 -0300] "GET /cormun/static/Resources/PXToolsButtonLeft.png HTTP/1.1" 200 1310
190.171.153.26 - - [18/Nov/2021:09:13:38 -0300] "GET /cormun/static/Resources/PXToolsButtonBackground.png HTTP/1.1" 200 1176
190.171.153.26 - - [18/Nov/2021:09:13:38 -0300] "GET /cormun/static/Resources/PXToolsButtonRight.png HTTP/1.1" 200 1294
190.171.153.26 - - [18/Nov/2021:09:13:38 -0300] "GET /cormun/static/Resources/PXToolsLoginBottom.png HTTP/1.1" 200 1389
190.171.153.26 - - [18/Nov/2021:09:13:38 -0300] "GET /cormun/static/Resources/indicator.gif HTTP/1.1" 200 1553
190.171.153.26 - - [18/Nov/2021:09:13:38 -0300] "GET /favicon.ico HTTP/1.1" 200 21630
190.171.153.26 - - [18/Nov/2021:09:13:44 -0300] "POST /cormun/servlet/hlogin?7fa80fc446c404e16d1f8ca4fc884f9b,gx-no-cache=1637236912136 HTTP/1.1" 200 90
190.171.153.26 - - [18/Nov/2021:09:13:44 -0300] "GET /cormun/servlet/hpexe_link HTTP/1.1" 200 954
190.171.153.26 - - [18/Nov/2021:09:13:44 -0300] "GET /cormun/static/gxcfg.js?201991422392958 HTTP/1.1" 200 953
190.171.153.26 - - [18/Nov/2021:09:13:44 -0300] "GET /cormun/static/hpexe_link.js?201991422392963 HTTP/1.1" 200 625
190.171.153.26 - - [18/Nov/2021:09:13:44 -0300] "GET /cormun/servlet/hhome HTTP/1.1" 200 3944
190.171.153.26 - - [18/Nov/2021:09:13:44 -0300] "GET /cormun/static/SmoothNavMenu/resources/ddsmoothmenu.css?1112540 HTTP/1.1" 200 2223
190.171.153.26 - - [18/Nov/2021:09:13:44 -0300] "GET /cormun/static/SmoothNavMenu/resources/ddsmoothmenu-v.css?1112540 HTTP/1.1" 200 1188
190.171.153.26 - - [18/Nov/2021:09:13:44 -0300] "GET /cormun/static/PXToolsJavascripts/pexe_cookies.js HTTP/1.1" 200 792
190.171.153.26 - - [18/Nov/2021:09:13:44 -0300] "GET /cormun/static/Shared/jqueryui/jquery-ui.min.css?1345370 HTTP/1.1" 200 30288
190.171.153.26 - - [18/Nov/2021:09:13:44 -0300] "GET /cormun/static/scaMessage/css/jquery.pnotify.default.css?1816380 HTTP/1.1" 200 1707
190.171.153.26 - - [18/Nov/2021:09:13:44 -0300] "GET /cormun/static/gxcfg.js?20201215495537 HTTP/1.1" 200 953
190.171.153.26 - - [18/Nov/2021:09:13:44 -0300] "GET /cormun/static/PXToolsJavascripts/pexe_menudivfix.js HTTP/1.1" 200 333
190.171.153.26 - - [18/Nov/2021:09:13:44 -0300] "GET /cormun/static/Resources/Spanish/PXTools.css?14345360 HTTP/1.1" 200 32768
190.171.153.26 - - [18/Nov/2021:09:13:44 -0300] "GET /cormun/static/PXToolsJavascripts/pexe_oav.js HTTP/1.1" 200 645
190.171.153.26 - - [18/Nov/2021:09:13:44 -0300] "GET /cormun/static/PXToolsJavascripts/pexe_oavdivfix.js HTTP/1.1" 200 639
190.171.153.26 - - [18/Nov/2021:09:13:44 -0300] "GET /cormun/static/PXToolsJavascripts/PXToolsJavascriptsRender.js HTTP/1.1" 200 367
190.171.153.26 - - [18/Nov/2021:09:13:44 -0300] "GET /cormun/static/PXToolsJavascripts/pexe_tabdivfix.js HTTP/1.1" 200 876
190.171.153.26 - - [18/Nov/2021:09:13:44 -0300] "GET /cormun/static/PXToolsJavascripts/pexe_picture.js HTTP/1.1" 200 689
190.171.153.26 - - [18/Nov/2021:09:13:44 -0300] "GET /cormun/static/hwchdr01.js?20201214473739 HTTP/1.1" 200 996
190.171.153.26 - - [18/Nov/2021:09:13:44 -0300] "GET /cormun/static/hpexe_messagecontroller.js?201991422154126 HTTP/1.1" 200 870
190.171.153.26 - - [18/Nov/2021:09:13:44 -0300] "GET /cormun/static/hpexe_messagegenexuscomponent.js?2020121447173 HTTP/1.1" 200 587
190.171.153.26 - - [18/Nov/2021:09:13:44 -0300] "GET /cormun/static/hpexe_messagepopupcomponent.js?2020121447232 HTTP/1.1" 200 605
190.171.153.26 - - [18/Nov/2021:09:13:44 -0300] "GET /cormun/static/hhome.js?20201215495544 HTTP/1.1" 200 777
190.171.153.26 - - [18/Nov/2021:09:13:44 -0300] "GET /cormun/static/Resources/ImgHome.png HTTP/1.1" 200 1364
190.171.153.26 - - [18/Nov/2021:09:13:44 -0300] "GET /cormun/static/RunJS/RunJS.js HTTP/1.1" 200 288
190.171.153.26 - - [18/Nov/2021:09:13:44 -0300] "GET /cormun/static/Resources/Logo2019_Small.png HTTP/1.1" 200 10855
190.171.153.26 - - [18/Nov/2021:09:13:44 -0300] "GET /cormun/static/Resources/Llave.png HTTP/1.1" 200 1395
190.171.153.26 - - [18/Nov/2021:09:13:44 -0300] "GET /cormun/static/Resources/ImgLogin.png HTTP/1.1" 200 1432
190.171.153.26 - - [18/Nov/2021:09:13:44 -0300] "GET /cormun/static/Resources/PXToolsDataTitle.png HTTP/1.1" 200 1173
190.171.153.26 - - [18/Nov/2021:09:13:45 -0300] "GET /cormun/static/SmoothNavMenu/resources/images/down.gif HTTP/1.1" 200 854
190.171.153.26 - - [18/Nov/2021:09:13:52 -0300] "GET /cormun/servlet/trlicencias? HTTP/1.1" 200 9977
190.171.153.26 - - [18/Nov/2021:09:13:52 -0300] "GET /cormun/static/gxcfg.js?2020121613995 HTTP/1.1" 200 953
190.171.153.26 - - [18/Nov/2021:09:13:52 -0300] "GET /cormun/static/gxui/gxui-all.css?120300 HTTP/1.1" 200 2179
190.171.153.26 - - [18/Nov/2021:09:13:52 -0300] "GET /cormun/static/calendar-system.css?85620 HTTP/1.1" 200 5572
190.171.153.26 - - [18/Nov/2021:09:13:52 -0300] "GET /cormun/static/Resources/PXToolsAddAllAction.png HTTP/1.1" 200 495
190.171.153.26 - - [18/Nov/2021:09:13:52 -0300] "GET /cormun/static/Resources/PXTools/calendar.png HTTP/1.1" 200 1306
190.171.153.26 - - [18/Nov/2021:09:13:52 -0300] "GET /cormun/static/Resources/PXToolsGridFirstDisabled.gif HTTP/1.1" 200 100
190.171.153.26 - - [18/Nov/2021:09:13:52 -0300] "GET /cormun/static/Resources/PXToolsDataSearch.png HTTP/1.1" 200 435
190.171.153.26 - - [18/Nov/2021:09:13:52 -0300] "GET /cormun/static/Resources/PXToolsGridPreviousDisabled.gif HTTP/1.1" 200 90
190.171.153.26 - - [18/Nov/2021:09:13:52 -0300] "GET /cormun/static/Resources/PXToolsGridNextDisabled.gif HTTP/1.1" 200 90
190.171.153.26 - - [18/Nov/2021:09:13:52 -0300] "GET /cormun/static/Resources/PXToolsGridPage.gif HTTP/1.1" 200 725
190.171.153.26 - - [18/Nov/2021:09:13:52 -0300] "GET /cormun/static/Resources/PXToolsGridLastDisabled.gif HTTP/1.1" 200 98
190.171.153.26 - - [18/Nov/2021:09:13:52 -0300] "GET /cormun/static/Resources/PXToolsActionExcel.png HTTP/1.1" 200 727
190.171.153.26 - - [18/Nov/2021:09:13:52 -0300] "GET /cormun/static/Resources/desc.gif HTTP/1.1" 200 65
190.171.153.26 - - [18/Nov/2021:09:13:52 -0300] "GET /cormun/static/Resources/asc.gif HTTP/1.1" 200 67
190.171.153.26 - - [18/Nov/2021:09:13:52 -0300] "GET /cormun/static/Resources/desc.gif HTTP/1.1" 200 65
190.171.153.26 - - [18/Nov/2021:09:13:52 -0300] "GET /cormun//static/Resources/PXToolsActionDisabled.gif HTTP/1.1" 200 53
190.171.153.26 - - [18/Nov/2021:09:13:52 -0300] "GET /cormun//static/Resources/PXToolsGridDisplay.png HTTP/1.1" 200 525
190.171.153.26 - - [18/Nov/2021:09:13:52 -0300] "GET /cormun//static/Resources/PXToolsActionPrint.png HTTP/1.1" 200 404
190.171.153.26 - - [18/Nov/2021:09:13:52 -0300] "GET /cormun//static/Resources/PXToolsHeaderFavorites.png HTTP/1.1" 200 1414
190.171.153.26 - - [18/Nov/2021:09:13:52 -0300] "GET /cormun//static/Resources/PXTools/ActionInsert.png HTTP/1.1" 200 1482
190.171.153.26 - - [18/Nov/2021:09:13:52 -0300] "GET /cormun//static/Resources/PXToolsHeaderHelp.png HTTP/1.1" 200 1333
190.171.153.26 - - [18/Nov/2021:09:13:52 -0300] "GET /cormun/static/Shared/ext/resources/themes/images/default/panel/bg-headersPanel.png HTTP/1.1" 200 255
190.171.153.26 - - [18/Nov/2021:09:13:52 -0300] "GET /cormun/static/Shared/ext/resources/themes/images/default/tools/tool-sprites.gif HTTP/1.1" 200 5434
205.185.121.173 - - [18/Nov/2021:09:14:32 -0300] "GET /manager/html HTTP/1.1" 401 2474
190.171.153.26 - - [18/Nov/2021:09:15:45 -0300] "GET /cormun/servlet/trpermisosgoce? HTTP/1.1" 200 10539
190.171.153.26 - - [18/Nov/2021:09:15:46 -0300] "GET /cormun/static/gxcfg.js?2020121631564 HTTP/1.1" 200 953
190.171.153.26 - - [18/Nov/2021:09:15:46 -0300] "GET /cormun//static/Resources/PXToolsGridDelete.png HTTP/1.1" 200 538
205.185.121.173 - - [18/Nov/2021:09:17:02 -0300] "GET /manager/html HTTP/1.1" 401 2474
157.55.39.155 - - [18/Nov/2021:09:17:32 -0300] "GET /cormun/servlet/hpexe_link HTTP/1.1" 200 930
128.14.141.34 - - [18/Nov/2021:09:18:14 -0300] "GET / HTTP/1.1" 200 11217
205.185.121.173 - - [18/Nov/2021:09:19:19 -0300] "GET /manager/html HTTP/1.1" 401 2474
190.171.152.114 - - [18/Nov/2021:09:20:25 -0300] "GET /cormun/servlet/trlicencias? HTTP/1.1" 200 14060
190.171.152.114 - - [18/Nov/2021:09:20:26 -0300] "GET /cormun/servlet/trlicencias? HTTP/1.1" 200 14057
190.171.152.114 - - [18/Nov/2021:09:20:33 -0300] "GET /cormun/servlet/alicenciaprn?14332427,L,20211118000000,PU HTTP/1.1" 200 1541
205.185.121.173 - - [18/Nov/2021:09:21:47 -0300] "GET /manager/html HTTP/1.1" 401 2474
217.197.252.217 - - [18/Nov/2021:09:23:17 -0300] "GET / HTTP/1.1" 200 11217
205.185.121.173 - - [18/Nov/2021:09:24:07 -0300] "GET /manager/html HTTP/1.1" 401 2474
205.185.121.173 - - [18/Nov/2021:09:26:28 -0300] "GET /manager/html HTTP/1.1" 401 2474
205.185.121.173 - - [18/Nov/2021:09:28:49 -0300] "GET /manager/html HTTP/1.1" 401 2474
205.185.121.173 - - [18/Nov/2021:09:31:14 -0300] "GET /manager/html HTTP/1.1" 401 2474
205.185.121.173 - - [18/Nov/2021:09:33:34 -0300] "GET /manager/html HTTP/1.1" 401 2474
205.185.121.173 - - [18/Nov/2021:09:36:01 -0300] "GET /manager/html HTTP/1.1" 401 2474
205.185.121.173 - - [18/Nov/2021:09:38:23 -0300] "GET /manager/html HTTP/1.1" 401 2474
205.185.121.173 - - [18/Nov/2021:09:40:41 -0300] "GET /manager/html HTTP/1.1" 401 2474
205.185.121.173 - - [18/Nov/2021:09:43:06 -0300] "GET /manager/html HTTP/1.1" 401 2474
192.168.10.96 - - [18/Nov/2021:09:44:41 -0300] "GET /cormun/servlet/trsolicitudgral? HTTP/1.1" 500 10
205.185.121.173 - - [18/Nov/2021:09:45:29 -0300] "GET /manager/html HTTP/1.1" 401 2474
205.185.121.173 - - [18/Nov/2021:09:47:50 -0300] "GET /manager/html HTTP/1.1" 401 2474
205.185.121.173 - - [18/Nov/2021:09:50:10 -0300] "GET /manager/html HTTP/1.1" 401 2474
205.185.121.173 - - [18/Nov/2021:09:52:25 -0300] "GET /manager/html HTTP/1.1" 401 2474
181.212.43.89 - - [18/Nov/2021:09:54:10 -0300] "GET /cormun/servlet/trlicencias HTTP/1.1" 200 6046
181.212.43.89 - - [18/Nov/2021:09:54:11 -0300] "GET /cormun/servlet/hlogin HTTP/1.1" 200 1748
181.212.43.89 - - [18/Nov/2021:09:54:11 -0300] "GET /cormun/servlet/trlicencias HTTP/1.1" 200 6044
205.185.121.173 - - [18/Nov/2021:09:54:41 -0300] "GET /manager/html HTTP/1.1" 401 2474
181.212.43.89 - - [18/Nov/2021:09:54:45 -0300] "POST /cormun/servlet/hlogin?52066a47654ae03453b613f8efe2ec19,gx-no-cache=1637239368755 HTTP/1.1" 200 455
181.212.43.89 - - [18/Nov/2021:09:54:55 -0300] "POST /cormun/servlet/hlogin?52066a47654ae03453b613f8efe2ec19,gx-no-cache=1637239378560 HTTP/1.1" 200 90
181.212.43.89 - - [18/Nov/2021:09:54:55 -0300] "GET /cormun/servlet/hpexe_link HTTP/1.1" 200 961
181.212.43.89 - - [18/Nov/2021:09:54:55 -0300] "GET /cormun/servlet/trlicencias HTTP/1.1" 200 13454
181.212.43.89 - - [18/Nov/2021:09:54:56 -0300] "GET /cormun/servlet/trlicencias HTTP/1.1" 200 13452
181.212.43.89 - - [18/Nov/2021:09:55:01 -0300] "GET /cormun/servlet/trautorizarsolicitud? HTTP/1.1" 200 9269
181.212.43.89 - - [18/Nov/2021:09:55:01 -0300] "GET /cormun/servlet/trautorizarsolicitud? HTTP/1.1" 200 9269
181.212.43.89 - - [18/Nov/2021:09:55:07 -0300] "POST /cormun/servlet/trautorizarsolicitud?52066a47654ae03453b613f8efe2ec19,,gx-no-cache=1637239389978 HTTP/1.1" 200 6072
181.212.43.89 - - [18/Nov/2021:09:55:07 -0300] "GET /cormun/static/Shared/jqueryui/images/ui-bg_highlight-soft_100_c6c2c8_1x100.png HTTP/1.1" 404 1117
181.212.43.89 - - [18/Nov/2021:09:55:07 -0300] "GET /cormun/static/Shared/jqueryui/images/ui-icons_82798d_256x240.png HTTP/1.1" 404 1089
181.212.43.89 - - [18/Nov/2021:09:55:07 -0300] "GET /cormun/static/Shared/jqueryui/images/ui-bg_flat_55_fafafa_40x100.png HTTP/1.1" 404 1097
181.212.43.89 - - [18/Nov/2021:09:55:07 -0300] "GET /cormun/static/Shared/jqueryui/images/ui-icons_8d78a5_256x240.png HTTP/1.1" 404 1089
181.212.43.89 - - [18/Nov/2021:09:55:07 -0300] "POST /cormun/servlet/trautorizarsolicitud?52066a47654ae03453b613f8efe2ec19,,gx-no-cache=1637239390266 HTTP/1.1" 200 6016
181.212.43.89 - - [18/Nov/2021:09:55:08 -0300] "POST /cormun/servlet/trautorizarsolicitud?52066a47654ae03453b613f8efe2ec19,,gx-no-cache=1637239391408 HTTP/1.1" 200 4814
181.212.43.89 - - [18/Nov/2021:09:55:08 -0300] "POST /cormun/servlet/trautorizarsolicitud?52066a47654ae03453b613f8efe2ec19,,gx-no-cache=1637239391581 HTTP/1.1" 200 4550
190.171.153.26 - - [18/Nov/2021:09:55:20 -0300] "GET /cormun/servlet/trlicencias? HTTP/1.1" 200 6052
190.171.153.26 - - [18/Nov/2021:09:55:20 -0300] "GET /cormun/servlet/hlogin HTTP/1.1" 200 1747
190.171.153.26 - - [18/Nov/2021:09:55:23 -0300] "POST /cormun/servlet/hlogin?c9ee1a2fe381a98fb4bd13c68a040781,gx-no-cache=1637239411588 HTTP/1.1" 200 90
190.171.153.26 - - [18/Nov/2021:09:55:23 -0300] "GET /cormun/servlet/hpexe_link HTTP/1.1" 200 964
190.171.153.26 - - [18/Nov/2021:09:55:23 -0300] "GET /cormun/static/hpexe_link.js?201991422392963 HTTP/1.1" 200 625
190.171.153.26 - - [18/Nov/2021:09:55:23 -0300] "GET /cormun/servlet/trlicencias HTTP/1.1" 200 9828
190.171.153.26 - - [18/Nov/2021:09:55:28 -0300] "GET /cormun/servlet/trlicencias? HTTP/1.1" 200 9826
205.185.121.173 - - [18/Nov/2021:09:56:59 -0300] "GET /manager/html HTTP/1.1" 401 2474
190.171.141.98 - - [18/Nov/2021:09:57:26 -0300] "GET /cormun/servlet/trsolicitudadjuntos?2021,17422, HTTP/1.1" 200 9128
205.185.121.173 - - [18/Nov/2021:09:59:25 -0300] "GET /manager/html HTTP/1.1" 401 2474
190.171.141.106 - - [18/Nov/2021:10:01:07 -0300] "GET /cormun/servlet/trlicencias? HTTP/1.1" 200 6041
190.171.141.106 - - [18/Nov/2021:10:01:08 -0300] "GET /cormun/servlet/hlogin HTTP/1.1" 200 1744
190.171.141.106 - - [18/Nov/2021:10:01:09 -0300] "GET /cormun/servlet/trlicencias? HTTP/1.1" 200 6040
190.171.141.106 - - [18/Nov/2021:10:01:13 -0300] "POST /cormun/servlet/hlogin?e8b24dcb0bc1d55bc0b5788ed2bcb97e,gx-no-cache=1637239758512 HTTP/1.1" 200 90
190.171.141.106 - - [18/Nov/2021:10:01:13 -0300] "GET /cormun/servlet/hpexe_link HTTP/1.1" 200 957
190.171.141.106 - - [18/Nov/2021:10:01:13 -0300] "GET /cormun/servlet/trlicencias HTTP/1.1" 200 11078
190.171.141.106 - - [18/Nov/2021:10:01:14 -0300] "GET /cormun/servlet/trlicencias HTTP/1.1" 200 11076
205.185.121.173 - - [18/Nov/2021:10:01:48 -0300] "GET /manager/html HTTP/1.1" 401 2474
205.185.121.173 - - [18/Nov/2021:10:04:09 -0300] "GET /manager/html HTTP/1.1" 401 2474
205.185.121.173 - - [18/Nov/2021:10:06:34 -0300] "GET /manager/html HTTP/1.1" 401 2474
205.185.121.173 - - [18/Nov/2021:10:09:24 -0300] "GET /manager/html HTTP/1.1" 401 2474
205.185.121.173 - - [18/Nov/2021:10:11:57 -0300] "GET /manager/html HTTP/1.1" 401 2474
205.185.121.173 - - [18/Nov/2021:10:14:25 -0300] "GET /manager/html HTTP/1.1" 401 2474
190.101.67.15 - - [18/Nov/2021:10:14:36 -0300] "üM”€òg’Æüßi ü\Ûà3ƒIˆFbãÿõÀ”òœ¯W ¡èÖLÕÎ*Ì-tßJ™îYgXòØíuÀe¢a ªª̨̩À+À/À,À0ÀÀœ/5“JJservicios.cormun.clÿ" 400 -
190.101.67.15 - - [18/Nov/2021:10:14:36 -0300] "-" 400 -
66.249.85.125 - - [18/Nov/2021:10:14:36 -0300] "GET /cormun/static/Resources/Logo2019_Grande.png HTTP/1.1" 200 31733
205.185.121.173 - - [18/Nov/2021:10:16:54 -0300] "GET /manager/html HTTP/1.1" 401 2474
190.171.141.122 - - [18/Nov/2021:10:18:37 -0300] "GET /cormun/servlet/hlogin HTTP/1.1" 200 1721
190.171.141.122 - - [18/Nov/2021:10:18:38 -0300] "GET /cormun/servlet/hlogin HTTP/1.1" 200 1732
190.171.141.122 - - [18/Nov/2021:10:18:38 -0300] "GET /favicon.ico HTTP/1.1" 200 21630
205.185.121.173 - - [18/Nov/2021:10:19:21 -0300] "GET /manager/html HTTP/1.1" 401 2474
205.185.121.173 - - [18/Nov/2021:10:22:01 -0300] "GET /manager/html HTTP/1.1" 401 2474
205.185.121.173 - - [18/Nov/2021:10:24:25 -0300] "GET /manager/html HTTP/1.1" 401 2474
190.171.142.10 - - [18/Nov/2021:10:26:53 -0300] "POST /cormun/servlet/trpermisosgoce?55f220b36490a96dfbdd71288fe09e54,gx-no-cache=1637241296259 HTTP/1.1" 440 972
205.185.121.173 - - [18/Nov/2021:10:26:53 -0300] "GET /manager/html HTTP/1.1" 401 2474
190.171.142.10 - - [18/Nov/2021:10:26:55 -0300] "GET /cormun/servlet/trpermisosgoce HTTP/1.1" 200 6022
190.171.142.10 - - [18/Nov/2021:10:26:59 -0300] "GET /cormun/servlet/trpermisosgoce HTTP/1.1" 200 6022
190.171.142.10 - - [18/Nov/2021:10:26:59 -0300] "GET /cormun/servlet/hlogin HTTP/1.1" 200 1742
190.171.142.10 - - [18/Nov/2021:10:27:17 -0300] "POST /cormun/servlet/hlogin?bc85219268ca3a1895de93583c8692b8,gx-no-cache=1637241320037 HTTP/1.1" 200 90
190.171.142.10 - - [18/Nov/2021:10:27:17 -0300] "GET /cormun/servlet/hpexe_link HTTP/1.1" 200 956
190.171.142.10 - - [18/Nov/2021:10:27:17 -0300] "GET /cormun/servlet/trpermisosgoce HTTP/1.1" 200 13058
190.171.142.10 - - [18/Nov/2021:10:27:20 -0300] "GET /cormun/servlet/trpermisosgoce HTTP/1.1" 200 13056
190.171.142.10 - - [18/Nov/2021:10:27:25 -0300] "GET /cormun/servlet/trlicencias? HTTP/1.1" 200 12659
190.171.142.10 - - [18/Nov/2021:10:27:27 -0300] "GET /cormun/servlet/trlicencias? HTTP/1.1" 200 12658
190.171.142.10 - - [18/Nov/2021:10:27:30 -0300] "POST /cormun/servlet/trlicencias?bc85219268ca3a1895de93583c8692b8,,gx-no-cache=1637241333536 HTTP/1.1" 200 10237
205.185.121.173 - - [18/Nov/2021:10:29:21 -0300] "GET /manager/html HTTP/1.1" 401 2474
205.185.121.173 - - [18/Nov/2021:10:31:42 -0300] "GET /manager/html HTTP/1.1" 401 2474
205.185.121.173 - - [18/Nov/2021:10:34:07 -0300] "GET /manager/html HTTP/1.1" 401 2474
205.185.121.173 - - [18/Nov/2021:10:36:28 -0300] "GET /manager/html HTTP/1.1" 401 2474
205.185.121.173 - - [18/Nov/2021:10:38:58 -0300] "GET /manager/html HTTP/1.1" 401 2474
157.55.39.155 - - [18/Nov/2021:10:40:27 -0300] "GET /cormun/servlet/trpermisosgoce?_escaped_fragment_= HTTP/1.1" 200 5809
40.77.167.17 - - [18/Nov/2021:10:40:45 -0300] "GET /cormun/servlet/trpermisosgoce HTTP/1.1" 200 6003
157.55.39.155 - - [18/Nov/2021:10:40:49 -0300] "GET /cormun/static/hwchdr01.js?20201214473739 HTTP/1.1" 200 996
207.46.13.16 - - [18/Nov/2021:10:40:54 -0300] "GET /cormun/static/PXToolsJavascripts/pexe_cookies.js HTTP/1.1" 200 792
207.46.13.16 - - [18/Nov/2021:10:40:54 -0300] "GET /cormun/static/calendar-system.css?85620 HTTP/1.1" 200 5572
205.185.121.173 - - [18/Nov/2021:10:41:37 -0300] "GET /manager/html HTTP/1.1" 401 2474
205.185.121.173 - - [18/Nov/2021:10:44:03 -0300] "GET /manager/html HTTP/1.1" 401 2474
205.185.121.173 - - [18/Nov/2021:10:46:25 -0300] "GET /manager/html HTTP/1.1" 401 2474
186.67.172.234 - - [18/Nov/2021:10:46:51 -0300] "GET /cormun/servlet/hlogin HTTP/1.1" 200 1727
186.67.172.234 - - [18/Nov/2021:10:46:51 -0300] "GET /cormun/servlet/hlogin HTTP/1.1" 200 1738
186.67.172.234 - - [18/Nov/2021:10:46:51 -0300] "GET /favicon.ico HTTP/1.1" 200 21630
186.67.172.234 - - [18/Nov/2021:10:47:00 -0300] "POST /cormun/servlet/hlogin?7bbc8b4b1a19beea335eff432958a2ab,gx-no-cache=1637242447834 HTTP/1.1" 200 90
186.67.172.234 - - [18/Nov/2021:10:47:00 -0300] "GET /cormun/servlet/hpexe_link HTTP/1.1" 200 953
186.67.172.234 - - [18/Nov/2021:10:47:00 -0300] "GET /cormun/servlet/hhome HTTP/1.1" 200 4369
186.67.172.234 - - [18/Nov/2021:10:47:00 -0300] "GET /cormun/servlet/hhome HTTP/1.1" 200 4365
186.67.172.234 - - [18/Nov/2021:10:47:08 -0300] "GET /cormun/servlet/trlicencias? HTTP/1.1" 200 16971
186.67.172.234 - - [18/Nov/2021:10:47:09 -0300] "GET /cormun/servlet/trlicencias? HTTP/1.1" 200 16968
190.171.152.242 - - [18/Nov/2021:10:48:33 -0300] "GET /cormun/servlet/hlogin HTTP/1.1" 200 1725
190.171.152.242 - - [18/Nov/2021:10:48:34 -0300] "GET /cormun/servlet/hlogin HTTP/1.1" 200 1735
190.171.152.242 - - [18/Nov/2021:10:48:37 -0300] "POST /cormun/servlet/hlogin?0b3f2624cddf59f7a1911ac0f7664ca1,gx-no-cache=1637242600232 HTTP/1.1" 200 90
190.171.152.242 - - [18/Nov/2021:10:48:37 -0300] "GET /cormun/servlet/hpexe_link HTTP/1.1" 200 950
190.171.152.242 - - [18/Nov/2021:10:48:38 -0300] "GET /cormun/servlet/hhome HTTP/1.1" 200 3993
190.171.152.242 - - [18/Nov/2021:10:48:39 -0300] "GET /cormun/servlet/hhome HTTP/1.1" 200 3990
190.171.152.242 - - [18/Nov/2021:10:48:42 -0300] "GET /cormun/servlet/trlicencias? HTTP/1.1" 200 11129
190.171.152.242 - - [18/Nov/2021:10:48:42 -0300] "GET /cormun/servlet/trlicencias? HTTP/1.1" 200 11127
205.185.121.173 - - [18/Nov/2021:10:48:50 -0300] "GET /manager/html HTTP/1.1" 401 2474
190.171.152.242 - - [18/Nov/2021:10:49:39 -0300] "GET /cormun/servlet/hlogin HTTP/1.1" 200 1741
207.46.13.125 - - [18/Nov/2021:10:51:02 -0300] "GET /cormun/servlet/licenciaspermisos?DSP,17793934,L,20210406000000,_escaped_fragment_%3D HTTP/1.1" 200 6080
205.185.121.173 - - [18/Nov/2021:10:51:15 -0300] "GET /manager/html HTTP/1.1" 401 2474
157.55.39.155 - - [18/Nov/2021:10:51:18 -0300] "GET /cormun/static/gxcfg.js?202012153173 HTTP/1.1" 200 953
157.55.39.155 - - [18/Nov/2021:10:51:19 -0300] "GET /cormun/static/licenciaspermisos.js?2020121532136 HTTP/1.1" 200 38824
157.55.39.155 - - [18/Nov/2021:10:51:19 -0300] "GET /cormun/static/gxcfg.js?202012153173 HTTP/1.1" 200 953
157.55.39.155 - - [18/Nov/2021:10:51:19 -0300] "GET /cormun/static/licenciaspermisos.js?2020121532136 HTTP/1.1" 200 38824
207.46.13.16 - - [18/Nov/2021:10:51:23 -0300] "GET /cormun/static/calendar-system.css?85620 HTTP/1.1" 200 5572
205.185.121.173 - - [18/Nov/2021:10:53:37 -0300] "GET /manager/html HTTP/1.1" 401 2474
46.245.7.152 - - [18/Nov/2021:10:53:44 -0300] "GET / HTTP/1.1" 200 11217
46.245.7.152 - - [18/Nov/2021:10:53:44 -0300] "GET / HTTP/1.1" 200 11217
46.245.7.152 - - [18/Nov/2021:10:53:44 -0300] "GET / HTTP/1.1" 200 11217
190.171.141.106 - - [18/Nov/2021:10:55:30 -0300] "GET /cormun/servlet/hhome HTTP/1.1" 200 3319
190.171.141.106 - - [18/Nov/2021:10:55:33 -0300] "GET /cormun/servlet/hhome HTTP/1.1" 200 3329
190.171.141.106 - - [18/Nov/2021:10:55:33 -0300] "GET /cormun/servlet/hhome HTTP/1.1" 200 3329
190.171.141.106 - - [18/Nov/2021:10:55:33 -0300] "GET /cormun/servlet/hlogin HTTP/1.1" 200 1746
190.171.141.106 - - [18/Nov/2021:10:55:37 -0300] "POST /cormun/servlet/hlogin?5134c2e14769aa8f6f05b0d7bbd71921,gx-no-cache=1637243053247 HTTP/1.1" 200 90
190.171.141.106 - - [18/Nov/2021:10:55:37 -0300] "GET /cormun/servlet/hpexe_link HTTP/1.1" 200 958
190.171.141.106 - - [18/Nov/2021:10:55:37 -0300] "GET /cormun/servlet/hhome HTTP/1.1" 200 4232
190.171.141.106 - - [18/Nov/2021:10:55:38 -0300] "GET /cormun/servlet/hhome HTTP/1.1" 200 4228
190.171.141.106 - - [18/Nov/2021:10:55:44 -0300] "GET /cormun/servlet/trlicencias? HTTP/1.1" 200 11230
190.171.141.106 - - [18/Nov/2021:10:55:45 -0300] "GET /cormun/servlet/trlicencias? HTTP/1.1" 200 11227
205.185.121.173 - - [18/Nov/2021:10:56:01 -0300] "GET /manager/html HTTP/1.1" 401 2474
190.171.141.90 - - [18/Nov/2021:10:56:44 -0300] "GET /cormun/servlet/hlogin HTTP/1.1" 200 1719
190.171.141.90 - - [18/Nov/2021:10:56:44 -0300] "GET /cormun/servlet/hlogin HTTP/1.1" 200 1730
190.171.141.90 - - [18/Nov/2021:10:56:50 -0300] "POST /cormun/servlet/hlogin?317188901d67e8faddd93b92a4a8c0c2,gx-no-cache=1637243093623 HTTP/1.1" 200 436
190.171.141.90 - - [18/Nov/2021:10:56:56 -0300] "POST /cormun/servlet/hlogin?317188901d67e8faddd93b92a4a8c0c2,gx-no-cache=1637243099278 HTTP/1.1" 200 90
190.171.141.90 - - [18/Nov/2021:10:56:56 -0300] "GET /cormun/servlet/hpexe_link HTTP/1.1" 200 945
190.171.141.90 - - [18/Nov/2021:10:56:56 -0300] "GET /cormun/servlet/hhome HTTP/1.1" 200 3962
190.171.141.90 - - [18/Nov/2021:10:56:57 -0300] "GET /cormun/servlet/hhome HTTP/1.1" 200 3958
190.171.141.90 - - [18/Nov/2021:10:57:01 -0300] "GET /cormun/servlet/trlicencias? HTTP/1.1" 200 20142
190.171.141.90 - - [18/Nov/2021:10:57:02 -0300] "GET /cormun/servlet/trlicencias? HTTP/1.1" 200 20139
205.185.121.173 - - [18/Nov/2021:10:58:28 -0300] "GET /manager/html HTTP/1.1" 401 2474
205.185.121.173 - - [18/Nov/2021:11:00:51 -0300] "GET /manager/html HTTP/1.1" 401 2474
180.149.125.171 - - [18/Nov/2021:11:00:55 -0300] "GET /c/ HTTP/1.1" 404 965
205.185.121.173 - - [18/Nov/2021:11:03:12 -0300] "GET /manager/html HTTP/1.1" 401 2474
205.185.121.173 - - [18/Nov/2021:11:05:35 -0300] "GET /manager/html HTTP/1.1" 401 2474
190.171.141.106 - - [18/Nov/2021:11:05:46 -0300] "GET /cormun/servlet/hlogin HTTP/1.1" 200 1723
190.171.141.106 - - [18/Nov/2021:11:05:59 -0300] "POST /cormun/servlet/hlogin?8da31cf91fc7a053f9833aeb6ee9d426,gx-no-cache=1637243644333 HTTP/1.1" 200 90
190.171.141.106 - - [18/Nov/2021:11:05:59 -0300] "GET /cormun/servlet/hpexe_link HTTP/1.1" 200 949
190.171.141.106 - - [18/Nov/2021:11:06:00 -0300] "GET /cormun/servlet/hhome HTTP/1.1" 200 4224
190.171.141.106 - - [18/Nov/2021:11:06:00 -0300] "GET /cormun/servlet/hhome HTTP/1.1" 200 4220
190.171.141.106 - - [18/Nov/2021:11:06:04 -0300] "GET /cormun/servlet/trlicencias? HTTP/1.1" 200 11220
190.171.141.106 - - [18/Nov/2021:11:06:04 -0300] "GET /cormun/servlet/trlicencias? HTTP/1.1" 200 11217
205.185.121.173 - - [18/Nov/2021:11:07:57 -0300] "GET /manager/html HTTP/1.1" 401 2474
205.185.121.173 - - [18/Nov/2021:11:10:22 -0300] "GET /manager/html HTTP/1.1" 401 2474
190.171.153.26 - - [18/Nov/2021:11:10:58 -0300] "GET /cormun/servlet/trpermisosgoce? HTTP/1.1" 200 6030
190.171.153.26 - - [18/Nov/2021:11:10:58 -0300] "GET /cormun/servlet/hlogin HTTP/1.1" 200 1746
40.77.188.6 - - [18/Nov/2021:11:11:42 -0300] "GET /cormun/static/gxcfg.js?2020121631564 HTTP/1.1" 200 953
40.77.189.236 - - [18/Nov/2021:11:11:44 -0300] "GET /cormun/static/trpermisosgoce.js?2020121633681 HTTP/1.1" 200 16384
40.77.190.23 - - [18/Nov/2021:11:11:45 -0300] "GET /cormun/static/gxcfg.js?2020121631564 HTTP/1.1" 200 953
40.77.190.23 - - [18/Nov/2021:11:11:46 -0300] "GET /cormun/static/trpermisosgoce.js?2020121633681 HTTP/1.1" 200 35904
205.185.121.173 - - [18/Nov/2021:11:12:52 -0300] "GET /manager/html HTTP/1.1" 401 2474
190.171.153.26 - - [18/Nov/2021:11:13:15 -0300] "POST /cormun/servlet/hlogin?67704f3b3dea45c01ef451f562275bad,gx-no-cache=1637244083869 HTTP/1.1" 200 90
190.171.153.26 - - [18/Nov/2021:11:13:15 -0300] "GET /cormun/servlet/hpexe_link HTTP/1.1" 200 960
190.171.153.26 - - [18/Nov/2021:11:13:16 -0300] "GET /cormun/servlet/trpermisosgoce HTTP/1.1" 200 10423
190.171.153.26 - - [18/Nov/2021:11:13:29 -0300] "GET /cormun/servlet/permisogoce?INS,0,,, HTTP/1.1" 200 6803
190.171.153.26 - - [18/Nov/2021:11:13:29 -0300] "GET /cormun/static/Resources/prompt.gif HTTP/1.1" 200 902
190.171.153.26 - - [18/Nov/2021:11:13:38 -0300] "GET /cormun/servlet/permisogoce?3a05dac44848ecb46a9ef581d4e4b3cbe17e7b9b61da10f8c30178222d48a472e9daf90edbe8bb37be5d3cce9c87f128a06b8878f39aad50d73a2ce6de9a4af9,gx-no-cache=1637244106075 HTTP/1.1" 200 83
190.171.153.26 - - [18/Nov/2021:11:13:40 -0300] "GET /cormun/static/menuarrow.gif HTTP/1.1" 404 1015
190.171.153.26 - - [18/Nov/2021:11:14:44 -0300] "GET /cormun/servlet/permisogoce?3a05dac44848ecb46a9ef581d4e4b3cbf633bbcb06560b2ba5692edb3bb54cb597f773c384a8de99bca4a87a3f7c972ce288e538c145322c39f7e095c4d3b3b4,gx-no-cache=1637244172879 HTTP/1.1" 200 46
190.171.153.26 - - [18/Nov/2021:11:14:53 -0300] "POST /cormun/servlet/permisogoce?67704f3b3dea45c01ef451f562275bad,INS,0,,,,gx-no-cache=1637244181019 HTTP/1.1" 200 93
190.171.153.26 - - [18/Nov/2021:11:14:53 -0300] "GET /cormun/servlet/hpexe_return? HTTP/1.1" 200 1012
190.171.153.26 - - [18/Nov/2021:11:14:53 -0300] "GET /cormun/static/gxcfg.js?201991422392976 HTTP/1.1" 200 953
190.171.153.26 - - [18/Nov/2021:11:14:53 -0300] "GET /cormun/servlet/trpermisosgoce HTTP/1.1" 200 10715
190.171.153.26 - - [18/Nov/2021:11:14:54 -0300] "GET /cormun//static/Resources/PXToolsGridUpdate.png HTTP/1.1" 200 470
190.171.153.26 - - [18/Nov/2021:11:14:57 -0300] "GET /cormun/servlet/apermisogoceprn?16255269,P,20211118105911,PU HTTP/1.1" 200 1646
205.185.121.173 - - [18/Nov/2021:11:15:16 -0300] "GET /manager/html HTTP/1.1" 401 2474
205.185.121.173 - - [18/Nov/2021:11:17:40 -0300] "GET /manager/html HTTP/1.1" 401 2474
205.185.121.173 - - [18/Nov/2021:11:19:59 -0300] "GET /manager/html HTTP/1.1" 401 2474
190.171.143.82 - - [18/Nov/2021:11:21:55 -0300] "GET /cormun/servlet/hlogin HTTP/1.1" 200 1726
190.171.143.82 - - [18/Nov/2021:11:21:56 -0300] "GET /cormun/servlet/hlogin HTTP/1.1" 200 1735
190.171.143.82 - - [18/Nov/2021:11:21:58 -0300] "POST /cormun/servlet/hlogin?735c45a01985c82dba08a051367945c3,gx-no-cache=1637244601613 HTTP/1.1" 200 90
190.171.143.82 - - [18/Nov/2021:11:21:58 -0300] "GET /cormun/servlet/hpexe_link HTTP/1.1" 200 951
190.171.143.82 - - [18/Nov/2021:11:21:58 -0300] "GET /cormun/servlet/hhome HTTP/1.1" 200 4349
190.171.143.82 - - [18/Nov/2021:11:21:59 -0300] "GET /cormun/servlet/hhome HTTP/1.1" 200 4345
190.171.143.82 - - [18/Nov/2021:11:22:06 -0300] "GET /cormun/servlet/trpermisosgoce? HTTP/1.1" 200 13704
190.171.143.82 - - [18/Nov/2021:11:22:07 -0300] "GET /cormun/servlet/trpermisosgoce? HTTP/1.1" 200 13702
40.77.188.8 - - [18/Nov/2021:11:22:15 -0300] "GET /cormun/static/PXToolsJavascripts/pexe_cookies.js HTTP/1.1" 200 792
40.77.188.8 - - [18/Nov/2021:11:22:16 -0300] "GET /cormun/static/hwchdr01.js?20201214473739 HTTP/1.1" 200 996
190.171.143.82 - - [18/Nov/2021:11:22:16 -0300] "GET /cormun/servlet/permisogoce?INS,0,,, HTTP/1.1" 200 7243
190.171.143.82 - - [18/Nov/2021:11:22:17 -0300] "GET /cormun/servlet/permisogoce?INS,0,,, HTTP/1.1" 200 7243
190.171.149.90 - - [18/Nov/2021:11:22:17 -0300] "GET /cormun/servlet/hlogin HTTP/1.1" 200 1730
190.171.149.90 - - [18/Nov/2021:11:22:17 -0300] "GET /cormun/servlet/hlogin HTTP/1.1" 200 1740
190.171.149.90 - - [18/Nov/2021:11:22:17 -0300] "GET /favicon.ico HTTP/1.1" 200 21630
40.77.188.80 - - [18/Nov/2021:11:22:19 -0300] "GET /cormun/static/PXToolsJavascripts/pexe_cookies.js HTTP/1.1" 200 792
190.171.143.82 - - [18/Nov/2021:11:22:19 -0300] "GET /cormun/servlet/prfichaempleado?,MD,,gxPopupLevel%3D0%3B HTTP/1.1" 200 9401
40.77.189.111 - - [18/Nov/2021:11:22:21 -0300] "GET /cormun/static/hwchdr01.js?20201214473739 HTTP/1.1" 200 996
190.171.149.90 - - [18/Nov/2021:11:22:21 -0300] "POST /cormun/servlet/hlogin?cf24b81698b9f7482b4fa1374420bca9,gx-no-cache=1637244624497 HTTP/1.1" 200 90
190.171.149.90 - - [18/Nov/2021:11:22:21 -0300] "GET /cormun/servlet/hpexe_link HTTP/1.1" 200 956
190.171.149.90 - - [18/Nov/2021:11:22:21 -0300] "GET /cormun/servlet/hhome HTTP/1.1" 200 3952
190.171.149.90 - - [18/Nov/2021:11:22:22 -0300] "GET /cormun/servlet/hhome HTTP/1.1" 200 3948
190.171.143.82 - - [18/Nov/2021:11:22:25 -0300] "POST /cormun/servlet/prfichaempleado?735c45a01985c82dba08a051367945c3,,MD,,gxPopupLevel%3D0%3B,gx-no-cache=1637244628843 HTTP/1.1" 200 3668
205.185.121.173 - - [18/Nov/2021:11:22:27 -0300] "GET /manager/html HTTP/1.1" 401 2474
190.171.143.82 - - [18/Nov/2021:11:22:44 -0300] "GET /cormun/servlet/permisogoce?e827ba6c9c7f8fb9b8fd10d0d615c2b9a17a0a1fe280667b8d59cb25f5ebd779e7afdfc218c75c4721b9d637c3a7d30d1e2161b5bc7857eac3a762198ad28e3d,gx-no-cache=1637244647269 HTTP/1.1" 200 78
190.171.143.82 - - [18/Nov/2021:11:23:26 -0300] "GET /cormun/static/menuarrow.gif HTTP/1.1" 404 1015
190.171.143.82 - - [18/Nov/2021:11:23:31 -0300] "GET /cormun/servlet/permisogoce?e827ba6c9c7f8fb9b8fd10d0d615c2b9cf1e583da1cd46337d9b2e165ce2ba5d15cc1575fea139c112796d07b0e64b9b0fc596547721427050c44eb569e5f489,gx-no-cache=1637244694766 HTTP/1.1" 200 46
190.171.143.82 - - [18/Nov/2021:11:24:02 -0300] "POST /cormun/servlet/permisogoce?735c45a01985c82dba08a051367945c3,INS,0,,,,gx-no-cache=1637244725401 HTTP/1.1" 200 93
190.171.143.82 - - [18/Nov/2021:11:24:02 -0300] "GET /cormun/servlet/hpexe_return? HTTP/1.1" 200 1010
190.171.143.82 - - [18/Nov/2021:11:24:03 -0300] "GET /cormun/servlet/trpermisosgoce HTTP/1.1" 200 13972
190.171.143.82 - - [18/Nov/2021:11:24:03 -0300] "GET /cormun/servlet/trpermisosgoce HTTP/1.1" 200 13971
190.171.143.82 - - [18/Nov/2021:11:24:07 -0300] "GET /cormun/servlet/apermisogoceprn?12398635,P,20211118110759,PU HTTP/1.1" 200 1652
205.185.121.173 - - [18/Nov/2021:11:24:47 -0300] "GET /manager/html HTTP/1.1" 401 2474
205.185.121.173 - - [18/Nov/2021:11:27:07 -0300] "GET /manager/html HTTP/1.1" 401 2474
190.171.141.90 - - [18/Nov/2021:11:27:37 -0300] "POST /cormun/servlet/trlicencias?317188901d67e8faddd93b92a4a8c0c2,,gx-no-cache=1637244940695 HTTP/1.1" 440 972
190.171.141.90 - - [18/Nov/2021:11:27:42 -0300] "GET /cormun/servlet/trlicencias? HTTP/1.1" 200 6045
190.171.141.90 - - [18/Nov/2021:11:27:44 -0300] "GET /cormun/servlet/hlogin HTTP/1.1" 200 1750
190.171.141.90 - - [18/Nov/2021:11:27:44 -0300] "GET /cormun/servlet/trlicencias? HTTP/1.1" 200 6045
191.119.175.0 - - [18/Nov/2021:11:28:58 -0300] "GET /cormun/servlet/hlogin HTTP/1.1" 200 1730
191.119.175.0 - - [18/Nov/2021:11:28:59 -0300] "GET /cormun/servlet/hlogin HTTP/1.1" 200 1741
191.119.175.0 - - [18/Nov/2021:11:28:59 -0300] "GET /favicon.ico HTTP/1.1" 200 21630
205.185.121.173 - - [18/Nov/2021:11:29:26 -0300] "GET /manager/html HTTP/1.1" 401 2474
190.171.143.82 - - [18/Nov/2021:11:29:31 -0300] "POST /cormun/servlet/trpermisosgoce?735c45a01985c82dba08a051367945c3,gx-no-cache=1637245054760 HTTP/1.1" 200 5716
200.54.103.162 - - [18/Nov/2021:11:29:37 -0300] "GET /cormun/servlet/hlogin HTTP/1.1" 200 1729
190.171.143.82 - - [18/Nov/2021:11:29:43 -0300] "GET /cormun/servlet/trpermisosadjuntos?8671836,20211022130702,P, HTTP/1.1" 200 7205
190.171.143.82 - - [18/Nov/2021:11:29:43 -0300] "GET /cormun/servlet/trpermisosadjuntos?8671836,20211022130702,P, HTTP/1.1" 200 7204
200.54.103.162 - - [18/Nov/2021:11:29:45 -0300] "POST /cormun/servlet/hlogin?0b4fe72486ea274dd2c5578e9ea9bfe5,gx-no-cache=1637245068714 HTTP/1.1" 200 90
200.54.103.162 - - [18/Nov/2021:11:29:45 -0300] "GET /cormun/servlet/hpexe_link HTTP/1.1" 200 954
200.54.103.162 - - [18/Nov/2021:11:29:45 -0300] "GET /cormun/static/gxcfg.js?201991422392958 HTTP/1.1" 200 953
200.54.103.162 - - [18/Nov/2021:11:29:45 -0300] "GET /cormun/static/hpexe_link.js?201991422392963 HTTP/1.1" 200 625
191.119.175.0 - - [18/Nov/2021:11:29:45 -0300] "POST /cormun/servlet/hlogin?a8c08ff071b3e7dc0f2cfc8b47042f6c,gx-no-cache=1637245071533 HTTP/1.1" 200 90
191.119.175.0 - - [18/Nov/2021:11:29:46 -0300] "GET /cormun/servlet/hpexe_link HTTP/1.1" 200 957
200.54.103.162 - - [18/Nov/2021:11:29:46 -0300] "GET /cormun/servlet/hhome HTTP/1.1" 200 4339
200.54.103.162 - - [18/Nov/2021:11:29:46 -0300] "GET /cormun/static/Shared/jqueryui/jquery-ui.min.css?1345370 HTTP/1.1" 200 30288
200.54.103.162 - - [18/Nov/2021:11:29:46 -0300] "GET /cormun/static/Resources/Spanish/PXTools.css?14345360 HTTP/1.1" 200 100853
200.54.103.162 - - [18/Nov/2021:11:29:46 -0300] "GET /cormun/static/SmoothNavMenu/resources/ddsmoothmenu.css?1112540 HTTP/1.1" 200 2223
200.54.103.162 - - [18/Nov/2021:11:29:46 -0300] "GET /cormun/static/scaMessage/css/jquery.pnotify.default.css?1816380 HTTP/1.1" 200 1707
200.54.103.162 - - [18/Nov/2021:11:29:46 -0300] "GET /cormun/static/SmoothNavMenu/resources/ddsmoothmenu-v.css?1112540 HTTP/1.1" 200 1188
200.54.103.162 - - [18/Nov/2021:11:29:46 -0300] "GET /cormun/static/gxcfg.js?20201215495537 HTTP/1.1" 200 953
200.54.103.162 - - [18/Nov/2021:11:29:46 -0300] "GET /cormun/static/PXToolsJavascripts/pexe_grid.js HTTP/1.1" 200 7559
200.54.103.162 - - [18/Nov/2021:11:29:46 -0300] "GET /cormun/static/PXToolsJavascripts/pexe_link.js HTTP/1.1" 200 5671
200.54.103.162 - - [18/Nov/2021:11:29:46 -0300] "GET /cormun/static/PXToolsJavascripts/pexe_griddivfix.js HTTP/1.1" 200 6644
200.54.103.162 - - [18/Nov/2021:11:29:46 -0300] "GET /cormun/static/PXToolsJavascripts/pexe_autoreload.js HTTP/1.1" 200 1762
200.54.103.162 - - [18/Nov/2021:11:29:46 -0300] "GET /cormun/static/PXToolsJavascripts/pexe_windows.js HTTP/1.1" 200 15207
200.54.103.162 - - [18/Nov/2021:11:29:46 -0300] "GET /cormun/static/PXToolsJavascripts/pexe_cookies.js HTTP/1.1" 200 792
200.54.103.162 - - [18/Nov/2021:11:29:46 -0300] "GET /cormun/static/PXToolsJavascripts/pexe_menus.js HTTP/1.1" 200 1286
200.54.103.162 - - [18/Nov/2021:11:29:46 -0300] "GET /cormun/static/PXToolsJavascripts/pexe_menudivfix.js HTTP/1.1" 200 333
200.54.103.162 - - [18/Nov/2021:11:29:46 -0300] "GET /cormun/static/PXToolsJavascripts/pexe_layers.js HTTP/1.1" 200 4114
200.54.103.162 - - [18/Nov/2021:11:29:46 -0300] "GET /cormun/static/PXToolsJavascripts/pexe_oav.js HTTP/1.1" 200 645
200.54.103.162 - - [18/Nov/2021:11:29:46 -0300] "GET /cormun/static/PXToolsJavascripts/pexe_oavdivfix.js HTTP/1.1" 200 639
200.54.103.162 - - [18/Nov/2021:11:29:46 -0300] "GET /cormun/static/PXToolsJavascripts/pexe_picture.js HTTP/1.1" 200 689
191.119.175.0 - - [18/Nov/2021:11:29:46 -0300] "GET /cormun/servlet/hhome HTTP/1.1" 200 4476
200.54.103.162 - - [18/Nov/2021:11:29:46 -0300] "GET /cormun/static/PXToolsJavascripts/pexe_popup.js HTTP/1.1" 200 13458
200.54.103.162 - - [18/Nov/2021:11:29:46 -0300] "GET /cormun/static/PXToolsJavascripts/pexe_scrolldiv.js HTTP/1.1" 200 4138
200.54.103.162 - - [18/Nov/2021:11:29:46 -0300] "GET /cormun/static/PXToolsJavascripts/pexe_upload.js HTTP/1.1" 200 1423
200.54.103.162 - - [18/Nov/2021:11:29:46 -0300] "GET /cormun/static/PXToolsJavascripts/pexe_tabdivfix.js HTTP/1.1" 200 876
200.54.103.162 - - [18/Nov/2021:11:29:46 -0300] "GET /cormun/static/PXToolsJavascripts/PXToolsJavascriptsRender.js HTTP/1.1" 200 367
200.54.103.162 - - [18/Nov/2021:11:29:46 -0300] "GET /cormun/static/PXToolsJavascripts/pexe_tabs.js HTTP/1.1" 200 3748
200.54.103.162 - - [18/Nov/2021:11:29:47 -0300] "GET /cormun/static/RunJS/RunJS.js HTTP/1.1" 200 288
200.54.103.162 - - [18/Nov/2021:11:29:47 -0300] "GET /cormun/static/Shared/ext/locale/ext-lang-en.js HTTP/1.1" 200 10940
200.54.103.162 - - [18/Nov/2021:11:29:47 -0300] "GET /cormun/static/hwchdr01.js?20201214473739 HTTP/1.1" 200 996
200.54.103.162 - - [18/Nov/2021:11:29:47 -0300] "GET /cormun/static/hhome.js?20201215495544 HTTP/1.1" 200 777
200.54.103.162 - - [18/Nov/2021:11:29:47 -0300] "GET /cormun/static/hpexe_recentlink.js?20201214471090 HTTP/1.1" 200 2144
200.54.103.162 - - [18/Nov/2021:11:29:47 -0300] "GET /cormun/static/gxui/gxui-all.js HTTP/1.1" 200 107772
200.54.103.162 - - [18/Nov/2021:11:29:47 -0300] "GET /cormun/static/hpexe_scripts.js?20201214471411 HTTP/1.1" 200 1544
200.54.103.162 - - [18/Nov/2021:11:29:47 -0300] "GET /cormun/static/Resources/Logo2019_Small.png HTTP/1.1" 200 10855
200.54.103.162 - - [18/Nov/2021:11:29:47 -0300] "GET /cormun/static/Resources/ImgLogin.png HTTP/1.1" 200 1432
200.54.103.162 - - [18/Nov/2021:11:29:47 -0300] "GET /cormun/static/Resources/PXToolsDataTitle.png HTTP/1.1" 200 1173
200.54.103.162 - - [18/Nov/2021:11:29:47 -0300] "GET /cormun/static/Resources/Llave.png HTTP/1.1" 200 1395
200.54.103.162 - - [18/Nov/2021:11:29:47 -0300] "GET /cormun/static/Resources/ImgHome.png HTTP/1.1" 200 1364
200.54.103.162 - - [18/Nov/2021:11:29:47 -0300] "GET /cormun/static/hpexe_messagecontroller.js?201991422154126 HTTP/1.1" 200 870
200.54.103.162 - - [18/Nov/2021:11:29:47 -0300] "GET /cormun/static/Shared/ext/ext-all.js HTTP/1.1" 200 1289687
200.54.103.162 - - [18/Nov/2021:11:29:47 -0300] "GET /cormun/static/hpexe_messagepopupcomponent.js?2020121447232 HTTP/1.1" 200 605
200.54.103.162 - - [18/Nov/2021:11:29:47 -0300] "GET /cormun/static/hpexe_messagegenexuscomponent.js?2020121447173 HTTP/1.1" 200 587
200.54.103.162 - - [18/Nov/2021:11:29:47 -0300] "GET /cormun/static/cmcontrolpreferences.js?20199141926336 HTTP/1.1" 200 1375
200.54.103.162 - - [18/Nov/2021:11:29:47 -0300] "GET /cormun/static/Shared/jquery/jquery-1.4.2.min.js HTTP/1.1" 200 72174
200.54.103.162 - - [18/Nov/2021:11:29:47 -0300] "GET /cormun/static/SmoothNavMenu/resources/ddsmoothmenu.js HTTP/1.1" 200 12712
200.54.103.162 - - [18/Nov/2021:11:29:47 -0300] "GET /cormun/static/SmoothNavMenu/resources/SmoothNavMenuRender.js HTTP/1.1" 200 5951
200.54.103.162 - - [18/Nov/2021:11:29:47 -0300] "GET /cormun/static/Shared/jquery/jquery-1.10.2.min.js HTTP/1.1" 200 273199
200.54.103.162 - - [18/Nov/2021:11:29:47 -0300] "GET /cormun/static/scaMessage/js/jquery.pnotify.min.js HTTP/1.1" 200 13038
200.54.103.162 - - [18/Nov/2021:11:29:47 -0300] "GET /cormun/static/Shared/jqueryui/jquery-ui.min.js HTTP/1.1" 200 240427
200.54.103.162 - - [18/Nov/2021:11:29:47 -0300] "GET /cormun/static/scaMessage/scaMessageRender.js HTTP/1.1" 200 11977
200.54.103.162 - - [18/Nov/2021:11:29:48 -0300] "GET /cormun/static/hmpwkw03.js?20201215501896 HTTP/1.1" 200 3973
190.171.143.82 - - [18/Nov/2021:11:29:48 -0300] "POST /cormun/servlet/trpermisosadjuntos?735c45a01985c82dba08a051367945c3,8671836,20211022130702,P,,gx-no-cache=1637245071309 HTTP/1.1" 200 90
190.171.143.82 - - [18/Nov/2021:11:29:48 -0300] "GET /cormun/servlet/hpexe_link HTTP/1.1" 200 1004
200.54.103.162 - - [18/Nov/2021:11:29:48 -0300] "GET /cormun/servlet/hhome HTTP/1.1" 200 4336
190.171.143.82 - - [18/Nov/2021:11:29:48 -0300] "GET /cormun/servlet/trpermisosgoce?gx-no-cache=1637245054760 HTTP/1.1" 200 8558
200.54.103.162 - - [18/Nov/2021:11:29:48 -0300] "GET /cormun/static/SmoothNavMenu/resources/images/down.gif HTTP/1.1" 200 854
200.54.103.162 - - [18/Nov/2021:11:29:48 -0300] "GET /cormun/static/SmoothNavMenu/resources/images/right.gif HTTP/1.1" 200 860
191.119.175.0 - - [18/Nov/2021:11:29:48 -0300] "GET /cormun/servlet/hhome HTTP/1.1" 200 4472
190.171.143.82 - - [18/Nov/2021:11:29:48 -0300] "GET /cormun/servlet/trpermisosgoce?gx-no-cache=1637245054760 HTTP/1.1" 200 8578
190.171.143.82 - - [18/Nov/2021:11:29:51 -0300] "GET /cormun/servlet/trpermisosadjuntos?8671836,20211022130816,P, HTTP/1.1" 200 6688
190.171.143.82 - - [18/Nov/2021:11:29:52 -0300] "GET /cormun/servlet/trpermisosadjuntos?8671836,20211022130816,P, HTTP/1.1" 200 6666
200.54.103.162 - - [18/Nov/2021:11:29:52 -0300] "GET /cormun/servlet/trautorizarsolicitud? HTTP/1.1" 200 7454
200.54.103.162 - - [18/Nov/2021:11:29:52 -0300] "GET /cormun/static/gxui/gxui-all.css?110300 HTTP/1.1" 200 2179
200.54.103.162 - - [18/Nov/2021:11:29:52 -0300] "GET /cormun/static/calendar-system.css?75620 HTTP/1.1" 200 5572
200.54.103.162 - - [18/Nov/2021:11:29:52 -0300] "GET /cormun/static/gxcfg.js?201991422414522 HTTP/1.1" 200 953
200.54.103.162 - - [18/Nov/2021:11:29:52 -0300] "GET /cormun/static/calendar-setup.js?85251 HTTP/1.1" 200 2588
200.54.103.162 - - [18/Nov/2021:11:29:52 -0300] "GET /cormun/static/calendar.js?85251 HTTP/1.1" 200 26246
200.54.103.162 - - [18/Nov/2021:11:29:52 -0300] "GET /cormun/static/calendar-es.js?85251 HTTP/1.1" 200 1901
200.54.103.162 - - [18/Nov/2021:11:29:52 -0300] "GET /cormun/static/gxdec.js?85251 HTTP/1.1" 200 19579
200.54.103.162 - - [18/Nov/2021:11:29:52 -0300] "GET /cormun/static/Shared/ext/resources/css/ext-all.css?205870 HTTP/1.1" 200 416045
200.54.103.162 - - [18/Nov/2021:11:29:52 -0300] "GET /cormun/static/trautorizarsolicitud.js?201991422415463 HTTP/1.1" 200 53910
200.54.103.162 - - [18/Nov/2021:11:29:52 -0300] "GET /cormun/static/Resources/PXTools/calendar.png HTTP/1.1" 200 1306
200.54.103.162 - - [18/Nov/2021:11:29:52 -0300] "GET /cormun/static/Resources/PXToolsGridPreviousDisabled.gif HTTP/1.1" 200 90
200.54.103.162 - - [18/Nov/2021:11:29:52 -0300] "GET /cormun/static/Resources/PXToolsGridPage.gif HTTP/1.1" 200 725
200.54.103.162 - - [18/Nov/2021:11:29:52 -0300] "GET /cormun/static/Resources/PXToolsGridLastDisabled.gif HTTP/1.1" 200 98
200.54.103.162 - - [18/Nov/2021:11:29:52 -0300] "GET /cormun/static/Resources/PXToolsGridFirstDisabled.gif HTTP/1.1" 200 100
200.54.103.162 - - [18/Nov/2021:11:29:52 -0300] "GET /cormun/static/Resources/PXToolsGridNextDisabled.gif HTTP/1.1" 200 90
200.54.103.162 - - [18/Nov/2021:11:29:52 -0300] "GET /cormun/static/Resources/PXToolsDataSearch.png HTTP/1.1" 200 435
200.54.103.162 - - [18/Nov/2021:11:29:52 -0300] "GET /cormun/static/Resources/PXToolsActionExcel.png HTTP/1.1" 200 727
200.54.103.162 - - [18/Nov/2021:11:29:53 -0300] "GET /cormun/static/Resources/desc.gif HTTP/1.1" 200 65
200.54.103.162 - - [18/Nov/2021:11:29:53 -0300] "GET /cormun/static/Resources/asc.gif HTTP/1.1" 200 67
200.54.103.162 - - [18/Nov/2021:11:29:53 -0300] "GET /cormun/servlet/trautorizarsolicitud? HTTP/1.1" 200 7452
200.54.103.162 - - [18/Nov/2021:11:29:53 -0300] "GET /cormun/static/Shared/ext/resources/themes/images/default/tools/tool-sprites.gif HTTP/1.1" 200 5434
200.54.103.162 - - [18/Nov/2021:11:29:53 -0300] "GET /cormun/static/Shared/ext/resources/themes/images/default/panel/bg-headersPanel.png HTTP/1.1" 200 255
191.119.175.0 - - [18/Nov/2021:11:29:55 -0300] "GET /cormun/servlet/trlicencias? HTTP/1.1" 200 12753
191.119.175.0 - - [18/Nov/2021:11:29:56 -0300] "GET /cormun/servlet/trlicencias? HTTP/1.1" 200 12749
190.171.143.82 - - [18/Nov/2021:11:29:56 -0300] "GET /cormun/servlet/trpermisosadjuntos?8671836,20211022130816,P, HTTP/1.1" 200 6688
190.171.143.82 - - [18/Nov/2021:11:29:57 -0300] "GET /cormun/servlet/trpermisosadjuntos?8671836,20211022130816,P, HTTP/1.1" 200 6666
200.54.103.162 - - [18/Nov/2021:11:29:58 -0300] "GET /cormun/static/menuarrow.gif HTTP/1.1" 404 1015
190.171.143.82 - - [18/Nov/2021:11:29:59 -0300] "POST /cormun/servlet/trpermisosadjuntos?735c45a01985c82dba08a051367945c3,8671836,20211022130816,P,,gx-no-cache=1637245082760 HTTP/1.1" 200 90
190.171.143.82 - - [18/Nov/2021:11:29:59 -0300] "GET /cormun/servlet/hpexe_link HTTP/1.1" 200 1004
190.171.143.82 - - [18/Nov/2021:11:29:59 -0300] "GET /cormun/servlet/trpermisosgoce?gx-no-cache=1637245054760 HTTP/1.1" 200 8558
190.171.143.82 - - [18/Nov/2021:11:30:00 -0300] "GET /cormun/servlet/trpermisosgoce?gx-no-cache=1637245054760 HTTP/1.1" 200 8578
200.54.103.162 - - [18/Nov/2021:11:30:06 -0300] "POST /cormun/servlet/trautorizarsolicitud?0b4fe72486ea274dd2c5578e9ea9bfe5,,gx-no-cache=1637245090155 HTTP/1.1" 200 4554
190.171.143.82 - - [18/Nov/2021:11:30:08 -0300] "POST /cormun/servlet/trpermisosgoce?735c45a01985c82dba08a051367945c3,gx-no-cache=1637245054760,gx-no-cache=1637245091143 HTTP/1.1" 200 5693
190.171.143.82 - - [18/Nov/2021:11:30:13 -0300] "GET /cormun/servlet/permisogoce?DSP,8671836,P,20211022130816, HTTP/1.1" 200 7121
190.171.143.82 - - [18/Nov/2021:11:30:13 -0300] "GET /cormun/servlet/permisogoce?DSP,8671836,P,20211022130816, HTTP/1.1" 200 7100
200.54.103.162 - - [18/Nov/2021:11:30:14 -0300] "POST /cormun/servlet/trautorizarsolicitud?0b4fe72486ea274dd2c5578e9ea9bfe5,,gx-no-cache=1637245098498 HTTP/1.1" 200 6503
