190.171.153.26 - - [17/Nov/2021:12:41:27 -0300] "GET /cormun//static/Resources/PXTools/ActionInsert.png HTTP/1.1" 200 1482
190.171.153.26 - - [17/Nov/2021:12:41:27 -0300] "GET /cormun//static/Resources/PXToolsGridDisplay.png HTTP/1.1" 200 525
190.171.153.26 - - [17/Nov/2021:12:41:27 -0300] "GET /cormun/static/Resources/asc.gif HTTP/1.1" 200 67
190.171.153.26 - - [17/Nov/2021:12:41:27 -0300] "GET /cormun//static/Resources/PXToolsHeaderHelp.png HTTP/1.1" 200 1333
190.171.153.26 - - [17/Nov/2021:12:41:27 -0300] "GET /cormun//static/Resources/PXToolsActionPrint.png HTTP/1.1" 200 404
190.171.153.26 - - [17/Nov/2021:12:41:27 -0300] "GET /cormun//static/Resources/PXToolsGridDelete.png HTTP/1.1" 200 538
190.171.153.26 - - [17/Nov/2021:12:41:27 -0300] "GET /cormun//static/Resources/PXToolsHeaderFavorites.png HTTP/1.1" 200 1414
190.171.153.26 - - [17/Nov/2021:12:41:27 -0300] "GET /cormun/static/Shared/ext/resources/themes/images/default/panel/bg-headersPanel.png HTTP/1.1" 200 255
190.171.153.26 - - [17/Nov/2021:12:41:27 -0300] "GET /cormun/static/Shared/ext/resources/themes/images/default/tools/tool-sprites.gif HTTP/1.1" 200 5434
190.171.153.26 - - [17/Nov/2021:12:41:27 -0300] "GET /cormun/servlet/trpermisosgoce? HTTP/1.1" 200 10051
190.171.153.26 - - [17/Nov/2021:12:42:00 -0300] "GET /cormun/servlet/permisogoce?INS,0,,, HTTP/1.1" 200 6806
190.171.153.26 - - [17/Nov/2021:12:42:00 -0300] "GET /cormun/static/gxcfg.js?20201215124560 HTTP/1.1" 200 953
190.171.153.26 - - [17/Nov/2021:12:42:00 -0300] "GET /cormun/static/Resources/prompt.gif HTTP/1.1" 200 902
190.171.153.26 - - [17/Nov/2021:12:42:00 -0300] "GET /cormun/static/permisogoce.js?20201215124939 HTTP/1.1" 200 27919
190.171.153.26 - - [17/Nov/2021:12:42:00 -0300] "GET /cormun/servlet/permisogoce?INS,0,,, HTTP/1.1" 200 6805
190.171.153.26 - - [17/Nov/2021:12:42:06 -0300] "GET /cormun/servlet/permisogoce?0f28291909bec7e06fb4c4b1ba444f0c3efc21dbb7e1bbd2e7e55af9c80b0bf4837bf1bace6daf679fba9efaa4f5df2b6518ec1f0a2a3d68f81129d14906ab6a,gx-no-cache=1637166611438 HTTP/1.1" 200 78
190.171.153.26 - - [17/Nov/2021:12:42:07 -0300] "GET /cormun/static/menuarrow.gif HTTP/1.1" 404 1015
190.171.153.26 - - [17/Nov/2021:12:42:13 -0300] "GET /cormun/servlet/permisogoce?0f28291909bec7e06fb4c4b1ba444f0c629a1f5ba521fbf632bca4e858773a6fd63395d08096808004580b29bb9a1b2856b5688a4e20c50d2fb151be3079d0eb,gx-no-cache=1637166618277 HTTP/1.1" 200 46
190.171.153.26 - - [17/Nov/2021:12:42:26 -0300] "POST /cormun/servlet/permisogoce?55dcd48a23e26597d50c4a32bd35af19,INS,0,,,,gx-no-cache=1637166631482 HTTP/1.1" 200 93
190.171.153.26 - - [17/Nov/2021:12:42:26 -0300] "GET /cormun/servlet/hpexe_return? HTTP/1.1" 200 1011
190.171.153.26 - - [17/Nov/2021:12:42:27 -0300] "GET /cormun/static/hpexe_return.js?201991422392984 HTTP/1.1" 200 1633
190.171.153.26 - - [17/Nov/2021:12:42:27 -0300] "GET /cormun/static/gxcfg.js?201991422392976 HTTP/1.1" 200 953
190.171.153.26 - - [17/Nov/2021:12:42:27 -0300] "GET /cormun/servlet/trpermisosgoce HTTP/1.1" 200 10392
190.171.153.26 - - [17/Nov/2021:12:42:28 -0300] "GET /cormun//static/Resources/PXToolsGridUpdate.png HTTP/1.1" 200 470
190.171.153.26 - - [17/Nov/2021:12:42:28 -0300] "GET /cormun/servlet/trpermisosgoce HTTP/1.1" 200 10387
190.171.153.26 - - [17/Nov/2021:12:42:33 -0300] "GET /cormun/servlet/apermisogoceprn?13098789,P,20211117122742,PU HTTP/1.1" 200 1654
190.171.143.82 - - [17/Nov/2021:12:43:31 -0300] "GET /cormun/servlet/hlogin HTTP/1.1" 200 1732
190.171.143.82 - - [17/Nov/2021:12:43:31 -0300] "GET /favicon.ico HTTP/1.1" 200 21630
205.185.121.173 - - [17/Nov/2021:12:43:35 -0300] "GET /manager/html HTTP/1.1" 401 2474
190.171.143.82 - - [17/Nov/2021:12:43:51 -0300] "POST /cormun/servlet/hlogin?edfca4bc80ade60d9e9f3b909582086a,gx-no-cache=1637163116135 HTTP/1.1" 200 90
190.171.143.82 - - [17/Nov/2021:12:43:51 -0300] "GET /cormun/servlet/hpexe_link HTTP/1.1" 200 957
190.171.143.82 - - [17/Nov/2021:12:43:51 -0300] "GET /cormun/servlet/hhome HTTP/1.1" 200 4356
190.171.143.82 - - [17/Nov/2021:12:43:52 -0300] "GET /cormun/servlet/hhome HTTP/1.1" 200 4353
190.171.143.82 - - [17/Nov/2021:12:43:56 -0300] "GET /cormun/servlet/trpermisosgoce? HTTP/1.1" 200 14174
190.171.143.82 - - [17/Nov/2021:12:43:56 -0300] "GET /cormun/servlet/trpermisosgoce? HTTP/1.1" 200 14172
190.171.143.82 - - [17/Nov/2021:12:44:03 -0300] "GET /cormun/static/menuarrow.gif HTTP/1.1" 404 1015
190.171.143.82 - - [17/Nov/2021:12:44:14 -0300] "POST /cormun/servlet/trpermisosgoce?edfca4bc80ade60d9e9f3b909582086a,,gx-no-cache=1637163139117 HTTP/1.1" 200 5327
205.185.121.173 - - [17/Nov/2021:12:46:05 -0300] "GET /manager/html HTTP/1.1" 401 2474
190.171.143.82 - - [17/Nov/2021:12:46:41 -0300] "POST /cormun/servlet/trpermisosgoce?edfca4bc80ade60d9e9f3b909582086a,,gx-no-cache=1637163285784 HTTP/1.1" 200 16099
190.171.143.82 - - [17/Nov/2021:12:46:50 -0300] "POST /cormun/servlet/trpermisosgoce?edfca4bc80ade60d9e9f3b909582086a,,gx-no-cache=1637163294922 HTTP/1.1" 200 5726
190.171.143.82 - - [17/Nov/2021:12:47:39 -0300] "POST /cormun/servlet/trpermisosgoce?edfca4bc80ade60d9e9f3b909582086a,,gx-no-cache=1637163343800 HTTP/1.1" 200 16104
190.171.143.82 - - [17/Nov/2021:12:47:47 -0300] "POST /cormun/servlet/trpermisosgoce?edfca4bc80ade60d9e9f3b909582086a,,gx-no-cache=1637163351952 HTTP/1.1" 200 6121
205.185.121.173 - - [17/Nov/2021:12:48:46 -0300] "GET /manager/html HTTP/1.1" 401 2474
190.171.142.50 - - [17/Nov/2021:12:48:53 -0300] "GET /cormun/servlet/hlogin HTTP/1.1" 200 1725
190.171.142.50 - - [17/Nov/2021:12:48:53 -0300] "GET /cormun/servlet/hlogin HTTP/1.1" 200 1736
190.171.143.82 - - [17/Nov/2021:12:49:00 -0300] "POST /cormun/servlet/trpermisosgoce?edfca4bc80ade60d9e9f3b909582086a,,gx-no-cache=1637163424445 HTTP/1.1" 200 16099
190.171.143.82 - - [17/Nov/2021:12:49:07 -0300] "POST /cormun/servlet/trpermisosgoce?edfca4bc80ade60d9e9f3b909582086a,,gx-no-cache=1637163431718 HTTP/1.1" 200 5598
190.171.142.50 - - [17/Nov/2021:12:49:09 -0300] "POST /cormun/servlet/hlogin?8427c5f4133cfb96c6978a820412c18b,gx-no-cache=1637162405492 HTTP/1.1" 200 90
190.171.142.50 - - [17/Nov/2021:12:49:09 -0300] "GET /cormun/servlet/hpexe_link HTTP/1.1" 200 953
190.171.142.50 - - [17/Nov/2021:12:49:09 -0300] "GET /cormun/servlet/hhome HTTP/1.1" 200 3945
190.171.142.50 - - [17/Nov/2021:12:49:09 -0300] "GET /cormun/servlet/hhome HTTP/1.1" 200 3941
190.171.143.82 - - [17/Nov/2021:12:49:24 -0300] "POST /cormun/servlet/trpermisosgoce?edfca4bc80ade60d9e9f3b909582086a,,gx-no-cache=1637163448587 HTTP/1.1" 200 16113
190.171.143.82 - - [17/Nov/2021:12:49:30 -0300] "POST /cormun/servlet/trpermisosgoce?edfca4bc80ade60d9e9f3b909582086a,,gx-no-cache=1637163455239 HTTP/1.1" 200 5778
190.171.143.82 - - [17/Nov/2021:12:49:55 -0300] "POST /cormun/servlet/trpermisosgoce?edfca4bc80ade60d9e9f3b909582086a,,gx-no-cache=1637163480208 HTTP/1.1" 200 16104
190.171.143.82 - - [17/Nov/2021:12:50:00 -0300] "POST /cormun/servlet/trpermisosgoce?edfca4bc80ade60d9e9f3b909582086a,,gx-no-cache=1637163485352 HTTP/1.1" 200 5561
190.171.143.82 - - [17/Nov/2021:12:50:20 -0300] "POST /cormun/servlet/trpermisosgoce?edfca4bc80ade60d9e9f3b909582086a,,gx-no-cache=1637163505253 HTTP/1.1" 200 16158
190.171.143.82 - - [17/Nov/2021:12:50:37 -0300] "POST /cormun/servlet/trpermisosgoce?edfca4bc80ade60d9e9f3b909582086a,,gx-no-cache=1637163521545 HTTP/1.1" 200 5719
190.171.143.82 - - [17/Nov/2021:12:50:55 -0300] "POST /cormun/servlet/trpermisosgoce?edfca4bc80ade60d9e9f3b909582086a,,gx-no-cache=1637163539646 HTTP/1.1" 200 16153
190.171.143.82 - - [17/Nov/2021:12:51:15 -0300] "POST /cormun/servlet/trpermisosgoce?edfca4bc80ade60d9e9f3b909582086a,,gx-no-cache=1637163560442 HTTP/1.1" 200 5325
205.185.121.173 - - [17/Nov/2021:12:51:24 -0300] "GET /manager/html HTTP/1.1" 401 2474
190.171.143.82 - - [17/Nov/2021:12:51:29 -0300] "POST /cormun/servlet/trpermisosgoce?edfca4bc80ade60d9e9f3b909582086a,,gx-no-cache=1637163574101 HTTP/1.1" 200 16103
190.171.143.82 - - [17/Nov/2021:12:51:42 -0300] "POST /cormun/servlet/trpermisosgoce?edfca4bc80ade60d9e9f3b909582086a,,gx-no-cache=1637163586431 HTTP/1.1" 200 5984
190.171.143.82 - - [17/Nov/2021:12:52:10 -0300] "POST /cormun/servlet/trpermisosgoce?edfca4bc80ade60d9e9f3b909582086a,,gx-no-cache=1637163614909 HTTP/1.1" 200 16115
190.171.143.82 - - [17/Nov/2021:12:52:40 -0300] "POST /cormun/servlet/trpermisosgoce?edfca4bc80ade60d9e9f3b909582086a,,gx-no-cache=1637163644799 HTTP/1.1" 200 5341
190.171.143.82 - - [17/Nov/2021:12:52:51 -0300] "POST /cormun/servlet/trpermisosgoce?edfca4bc80ade60d9e9f3b909582086a,,gx-no-cache=1637163655644 HTTP/1.1" 200 16099
190.171.143.82 - - [17/Nov/2021:12:53:02 -0300] "POST /cormun/servlet/trpermisosgoce?edfca4bc80ade60d9e9f3b909582086a,,gx-no-cache=1637163666951 HTTP/1.1" 200 5742
190.171.143.82 - - [17/Nov/2021:12:53:28 -0300] "POST /cormun/servlet/trpermisosgoce?edfca4bc80ade60d9e9f3b909582086a,,gx-no-cache=1637163692966 HTTP/1.1" 200 16114
190.171.143.82 - - [17/Nov/2021:12:53:39 -0300] "POST /cormun/servlet/trpermisosgoce?edfca4bc80ade60d9e9f3b909582086a,,gx-no-cache=1637163704392 HTTP/1.1" 200 5561
205.185.121.173 - - [17/Nov/2021:12:53:54 -0300] "GET /manager/html HTTP/1.1" 401 2474
190.171.143.82 - - [17/Nov/2021:12:53:54 -0300] "POST /cormun/servlet/trpermisosgoce?edfca4bc80ade60d9e9f3b909582086a,,gx-no-cache=1637163719222 HTTP/1.1" 200 16104
190.171.143.82 - - [17/Nov/2021:12:54:09 -0300] "POST /cormun/servlet/trpermisosgoce?edfca4bc80ade60d9e9f3b909582086a,,gx-no-cache=1637163734168 HTTP/1.1" 200 5751
190.171.143.82 - - [17/Nov/2021:12:54:09 -0300] "POST /cormun/servlet/trpermisosgoce?edfca4bc80ade60d9e9f3b909582086a,,gx-no-cache=1637163734459 HTTP/1.1" 200 5751
207.46.13.125 - - [17/Nov/2021:12:54:14 -0300] "GET /cormun/servlet/hpexe_return?_escaped_fragment_= HTTP/1.1" 200 989
190.171.143.82 - - [17/Nov/2021:12:54:25 -0300] "POST /cormun/servlet/trpermisosgoce?edfca4bc80ade60d9e9f3b909582086a,,gx-no-cache=1637163750028 HTTP/1.1" 200 16110
40.77.167.0 - - [17/Nov/2021:12:54:29 -0300] "GET /cormun/static/gxcfg.js?201991422392976 HTTP/1.1" 200 953
40.77.167.0 - - [17/Nov/2021:12:54:30 -0300] "GET /cormun/static/hpexe_return.js?201991422392984 HTTP/1.1" 200 1633
207.46.13.131 - - [17/Nov/2021:12:54:34 -0300] "GET /cormun/servlet/hpexe_return HTTP/1.1" 200 971
190.171.143.82 - - [17/Nov/2021:12:54:34 -0300] "POST /cormun/servlet/trpermisosgoce?edfca4bc80ade60d9e9f3b909582086a,,gx-no-cache=1637163759152 HTTP/1.1" 200 5750
207.46.13.131 - - [17/Nov/2021:12:54:34 -0300] "GET /cormun/static/RunJS/RunJS.js HTTP/1.1" 200 288
190.171.143.82 - - [17/Nov/2021:12:54:51 -0300] "POST /cormun/servlet/trpermisosgoce?edfca4bc80ade60d9e9f3b909582086a,,gx-no-cache=1637163775685 HTTP/1.1" 200 16120
190.171.143.82 - - [17/Nov/2021:12:55:01 -0300] "POST /cormun/servlet/trpermisosgoce?edfca4bc80ade60d9e9f3b909582086a,,gx-no-cache=1637163786168 HTTP/1.1" 200 5572
190.171.143.82 - - [17/Nov/2021:12:55:22 -0300] "POST /cormun/servlet/trpermisosgoce?edfca4bc80ade60d9e9f3b909582086a,,gx-no-cache=1637163806340 HTTP/1.1" 200 16104
190.171.143.82 - - [17/Nov/2021:12:55:32 -0300] "POST /cormun/servlet/trpermisosgoce?edfca4bc80ade60d9e9f3b909582086a,,gx-no-cache=1637163817200 HTTP/1.1" 200 5799
190.171.143.82 - - [17/Nov/2021:12:55:46 -0300] "POST /cormun/servlet/trpermisosgoce?edfca4bc80ade60d9e9f3b909582086a,,gx-no-cache=1637163830565 HTTP/1.1" 200 16099
190.171.143.82 - - [17/Nov/2021:12:56:22 -0300] "POST /cormun/servlet/trpermisosgoce?edfca4bc80ade60d9e9f3b909582086a,,gx-no-cache=1637163867288 HTTP/1.1" 200 5755
205.185.121.173 - - [17/Nov/2021:12:56:29 -0300] "GET /manager/html HTTP/1.1" 401 2474
190.171.143.82 - - [17/Nov/2021:12:56:37 -0300] "POST /cormun/servlet/trpermisosgoce?edfca4bc80ade60d9e9f3b909582086a,,gx-no-cache=1637163882052 HTTP/1.1" 200 16110
190.171.143.82 - - [17/Nov/2021:12:57:05 -0300] "POST /cormun/servlet/trpermisosgoce?edfca4bc80ade60d9e9f3b909582086a,,gx-no-cache=1637163909803 HTTP/1.1" 200 6110
190.171.143.82 - - [17/Nov/2021:12:57:41 -0300] "POST /cormun/servlet/trpermisosgoce?edfca4bc80ade60d9e9f3b909582086a,,gx-no-cache=1637163945321 HTTP/1.1" 200 16110
190.171.143.82 - - [17/Nov/2021:12:57:57 -0300] "POST /cormun/servlet/trpermisosgoce?edfca4bc80ade60d9e9f3b909582086a,,gx-no-cache=1637163961603 HTTP/1.1" 200 5945
190.171.143.82 - - [17/Nov/2021:12:58:17 -0300] "POST /cormun/servlet/trpermisosgoce?edfca4bc80ade60d9e9f3b909582086a,,gx-no-cache=1637163981516 HTTP/1.1" 200 16116
190.171.143.82 - - [17/Nov/2021:12:58:31 -0300] "POST /cormun/servlet/trpermisosgoce?edfca4bc80ade60d9e9f3b909582086a,,gx-no-cache=1637163995726 HTTP/1.1" 200 6125
190.171.143.82 - - [17/Nov/2021:12:58:57 -0300] "POST /cormun/servlet/trpermisosgoce?edfca4bc80ade60d9e9f3b909582086a,,gx-no-cache=1637164022021 HTTP/1.1" 200 16115
205.185.121.173 - - [17/Nov/2021:12:58:59 -0300] "GET /manager/html HTTP/1.1" 401 2474
190.171.143.82 - - [17/Nov/2021:12:59:10 -0300] "POST /cormun/servlet/trpermisosgoce?edfca4bc80ade60d9e9f3b909582086a,,gx-no-cache=1637164035143 HTTP/1.1" 200 5556
190.171.143.82 - - [17/Nov/2021:12:59:21 -0300] "POST /cormun/servlet/trpermisosgoce?edfca4bc80ade60d9e9f3b909582086a,,gx-no-cache=1637164045851 HTTP/1.1" 200 16099
190.171.143.82 - - [17/Nov/2021:12:59:37 -0300] "POST /cormun/servlet/trpermisosgoce?edfca4bc80ade60d9e9f3b909582086a,,gx-no-cache=1637164062215 HTTP/1.1" 200 5753
190.171.143.82 - - [17/Nov/2021:12:59:57 -0300] "POST /cormun/servlet/trpermisosgoce?edfca4bc80ade60d9e9f3b909582086a,,gx-no-cache=1637164081381 HTTP/1.1" 200 16121
190.171.143.82 - - [17/Nov/2021:13:00:09 -0300] "POST /cormun/servlet/trpermisosgoce?edfca4bc80ade60d9e9f3b909582086a,,gx-no-cache=1637164094047 HTTP/1.1" 200 5928
190.171.143.82 - - [17/Nov/2021:13:00:30 -0300] "POST /cormun/servlet/trpermisosgoce?edfca4bc80ade60d9e9f3b909582086a,,gx-no-cache=1637164114395 HTTP/1.1" 200 16121
190.171.143.82 - - [17/Nov/2021:13:00:51 -0300] "POST /cormun/servlet/trpermisosgoce?edfca4bc80ade60d9e9f3b909582086a,,gx-no-cache=1637164135741 HTTP/1.1" 200 5327
190.171.143.82 - - [17/Nov/2021:13:01:02 -0300] "POST /cormun/servlet/trpermisosgoce?edfca4bc80ade60d9e9f3b909582086a,,gx-no-cache=1637164146987 HTTP/1.1" 200 16157
190.171.143.82 - - [17/Nov/2021:13:01:13 -0300] "POST /cormun/servlet/trpermisosgoce?edfca4bc80ade60d9e9f3b909582086a,,gx-no-cache=1637164157598 HTTP/1.1" 200 5562
190.171.143.82 - - [17/Nov/2021:13:01:30 -0300] "POST /cormun/servlet/trpermisosgoce?edfca4bc80ade60d9e9f3b909582086a,,gx-no-cache=1637164174908 HTTP/1.1" 200 16104
190.171.143.82 - - [17/Nov/2021:13:01:42 -0300] "POST /cormun/servlet/trpermisosgoce?edfca4bc80ade60d9e9f3b909582086a,,gx-no-cache=1637164186751 HTTP/1.1" 200 5793
205.185.121.173 - - [17/Nov/2021:13:01:42 -0300] "GET /manager/html HTTP/1.1" 401 2474
190.171.143.82 - - [17/Nov/2021:13:02:01 -0300] "POST /cormun/servlet/trpermisosgoce?edfca4bc80ade60d9e9f3b909582086a,,gx-no-cache=1637164205596 HTTP/1.1" 200 16104
190.171.143.82 - - [17/Nov/2021:13:02:13 -0300] "POST /cormun/servlet/trpermisosgoce?edfca4bc80ade60d9e9f3b909582086a,,gx-no-cache=1637164217719 HTTP/1.1" 200 5328
190.171.143.82 - - [17/Nov/2021:13:02:24 -0300] "POST /cormun/servlet/trpermisosgoce?edfca4bc80ade60d9e9f3b909582086a,,gx-no-cache=1637164228900 HTTP/1.1" 200 16104
190.171.143.82 - - [17/Nov/2021:13:02:40 -0300] "POST /cormun/servlet/trpermisosgoce?edfca4bc80ade60d9e9f3b909582086a,,gx-no-cache=1637164245461 HTTP/1.1" 200 6668
190.171.143.82 - - [17/Nov/2021:13:02:54 -0300] "POST /cormun/servlet/trpermisosgoce?edfca4bc80ade60d9e9f3b909582086a,,gx-no-cache=1637164258675 HTTP/1.1" 200 6260
190.171.143.82 - - [17/Nov/2021:13:03:31 -0300] "POST /cormun/servlet/trpermisosgoce?edfca4bc80ade60d9e9f3b909582086a,,gx-no-cache=1637164295928 HTTP/1.1" 200 6669
190.171.143.82 - - [17/Nov/2021:13:03:50 -0300] "POST /cormun/servlet/trpermisosgoce?edfca4bc80ade60d9e9f3b909582086a,,gx-no-cache=1637164314673 HTTP/1.1" 200 16121
190.171.143.82 - - [17/Nov/2021:13:04:11 -0300] "POST /cormun/servlet/trpermisosgoce?edfca4bc80ade60d9e9f3b909582086a,,gx-no-cache=1637164335956 HTTP/1.1" 200 5955
205.185.121.173 - - [17/Nov/2021:13:04:15 -0300] "GET /manager/html HTTP/1.1" 401 2474
190.171.143.82 - - [17/Nov/2021:13:04:27 -0300] "POST /cormun/servlet/trpermisosgoce?edfca4bc80ade60d9e9f3b909582086a,,gx-no-cache=1637164351424 HTTP/1.1" 200 16120
190.171.143.82 - - [17/Nov/2021:13:05:18 -0300] "POST /cormun/servlet/trpermisosgoce?edfca4bc80ade60d9e9f3b909582086a,,gx-no-cache=1637164403103 HTTP/1.1" 200 6122
190.171.143.82 - - [17/Nov/2021:13:05:42 -0300] "POST /cormun/servlet/trpermisosgoce?edfca4bc80ade60d9e9f3b909582086a,,gx-no-cache=1637164427101 HTTP/1.1" 200 16112
190.171.141.90 - - [17/Nov/2021:13:06:13 -0300] "GET /cormun/servlet/hlogin HTTP/1.1" 200 1726
190.171.141.90 - - [17/Nov/2021:13:06:16 -0300] "POST /cormun/servlet/hlogin?8d9c1e32ada5be41279f80d5349f55d4,gx-no-cache=1637164459806 HTTP/1.1" 200 90
190.171.141.90 - - [17/Nov/2021:13:06:16 -0300] "GET /cormun/servlet/hpexe_link HTTP/1.1" 200 955
190.171.141.90 - - [17/Nov/2021:13:06:16 -0300] "GET /cormun/servlet/hhome HTTP/1.1" 200 3971
190.171.141.90 - - [17/Nov/2021:13:06:17 -0300] "GET /cormun/servlet/hhome HTTP/1.1" 200 3969
190.171.141.90 - - [17/Nov/2021:13:06:20 -0300] "GET /cormun/servlet/trsolicitudot? HTTP/1.1" 200 7194
190.171.141.90 - - [17/Nov/2021:13:06:20 -0300] "GET /cormun/servlet/trsolicitudot? HTTP/1.1" 200 7193
190.171.141.90 - - [17/Nov/2021:13:06:24 -0300] "GET /cormun/servlet/solicitudot?INS,0,0,false, HTTP/1.1" 200 15611
190.171.141.90 - - [17/Nov/2021:13:06:25 -0300] "GET /cormun/servlet/solicitudot?INS,0,0,false, HTTP/1.1" 200 15619
205.185.121.173 - - [17/Nov/2021:13:06:50 -0300] "GET /manager/html HTTP/1.1" 401 2474
190.171.141.90 - - [17/Nov/2021:13:06:58 -0300] "POST /cormun/servlet/solicitudot?gx-no-cache=1637164501586 HTTP/1.1" 200 3779
190.171.141.90 - - [17/Nov/2021:13:06:58 -0300] "POST /cormun/servlet/solicitudot?8d9c1e32ada5be41279f80d5349f55d4,INS,0,0,false,,gx-no-cache=1637164501762 HTTP/1.1" 200 12289
190.171.141.90 - - [17/Nov/2021:13:07:00 -0300] "GET /cormun/servlet/solicitudot?851a713fef655dbd269e5ac07a874c3c7132f8d886f48e5fc37804b9c33650e98ef7d1b7e9f60699094e99f89f869b66,gx-no-cache=1637164504267 HTTP/1.1" 200 30
205.185.121.173 - - [17/Nov/2021:13:09:22 -0300] "GET /manager/html HTTP/1.1" 401 2474
190.171.142.10 - - [17/Nov/2021:13:09:54 -0300] "GET /cormun/servlet/hlogin HTTP/1.1" 200 1729
190.171.142.10 - - [17/Nov/2021:13:10:03 -0300] "POST /cormun/servlet/hlogin?7fc6455c5544ad14d461f291d5e5a0e2,gx-no-cache=1637164685961 HTTP/1.1" 200 90
190.171.142.10 - - [17/Nov/2021:13:10:03 -0300] "GET /cormun/servlet/hpexe_link HTTP/1.1" 200 955
190.171.142.10 - - [17/Nov/2021:13:10:04 -0300] "GET /cormun/servlet/hhome HTTP/1.1" 200 3969
190.171.142.10 - - [17/Nov/2021:13:10:05 -0300] "GET /cormun/servlet/hhome HTTP/1.1" 200 3966
190.171.142.10 - - [17/Nov/2021:13:10:11 -0300] "GET /cormun/servlet/trlicencias? HTTP/1.1" 200 12921
190.171.142.10 - - [17/Nov/2021:13:10:13 -0300] "GET /cormun/servlet/trlicencias? HTTP/1.1" 200 12919
190.171.141.90 - - [17/Nov/2021:13:10:14 -0300] "POST /cormun/servlet/trlicencias?23be01ec641dd98689c80a956f972ba0,,gx-no-cache=1637164697472 HTTP/1.1" 440 972
190.171.142.10 - - [17/Nov/2021:13:10:19 -0300] "POST /cormun/servlet/trlicencias?7fc6455c5544ad14d461f291d5e5a0e2,,gx-no-cache=1637164702036 HTTP/1.1" 200 10537
190.171.143.82 - - [17/Nov/2021:13:11:28 -0300] "POST /cormun/servlet/trpermisosgoce?edfca4bc80ade60d9e9f3b909582086a,,gx-no-cache=1637164772977 HTTP/1.1" 200 6122
205.185.121.173 - - [17/Nov/2021:13:11:54 -0300] "GET /manager/html HTTP/1.1" 401 2474
192.168.10.96 - - [17/Nov/2021:13:12:01 -0300] "GET /cormun/servlet/hlogin HTTP/1.1" 200 1726
192.168.10.96 - - [17/Nov/2021:13:12:01 -0300] "GET /cormun/servlet/hlogin HTTP/1.1" 200 1736
192.168.10.96 - - [17/Nov/2021:13:12:03 -0300] "POST /cormun/servlet/hlogin?234b1979a2fcbac1b8b0c02bfc3c1e8b,gx-no-cache=1637164666050 HTTP/1.1" 200 90
192.168.10.96 - - [17/Nov/2021:13:12:03 -0300] "GET /cormun/servlet/hpexe_link HTTP/1.1" 200 951
192.168.10.96 - - [17/Nov/2021:13:12:03 -0300] "GET /cormun/servlet/hhome HTTP/1.1" 200 3764
192.168.10.96 - - [17/Nov/2021:13:12:04 -0300] "GET /cormun/servlet/hhome HTTP/1.1" 200 3761
192.168.10.96 - - [17/Nov/2021:13:12:06 -0300] "GET /cormun/servlet/trsolicitudgral? HTTP/1.1" 200 18283
192.168.10.96 - - [17/Nov/2021:13:12:06 -0300] "GET /cormun/servlet/trsolicitudgral? HTTP/1.1" 200 18280
190.171.141.90 - - [17/Nov/2021:13:12:14 -0300] "GET /cormun/servlet/solicitudot?851a713fef655dbd269e5ac07a874c3cbb90511d767b65ac1904c7a4c0825e5855be6f1352cac7f2bd8dfbb5e1646e3f3d4263453ebb0ebb48ff5130cab1cc98,gx-no-cache=1637164817758 HTTP/1.1" 200 30
190.171.141.90 - - [17/Nov/2021:13:12:14 -0300] "GET /cormun/servlet/solicitudot?851a713fef655dbd269e5ac07a874c3c4430b7dce0f7528f575a6be3ba35429d,gx-no-cache=1637164817816 HTTP/1.1" 200 29
190.171.141.90 - - [17/Nov/2021:13:12:14 -0300] "POST /cormun/servlet/solicitudot?gx-no-cache=1637164817841 HTTP/1.1" 200 297
192.168.10.96 - - [17/Nov/2021:13:12:15 -0300] "GET /cormun/servlet/vesolicitudgral?2021,17803,, HTTP/1.1" 200 8406
192.168.10.96 - - [17/Nov/2021:13:12:15 -0300] "GET /cormun/pexe_scrolldiv.js HTTP/1.1" 404 1009
192.168.10.96 - - [17/Nov/2021:13:12:15 -0300] "GET /cormun/pexe_scrolldiv.js HTTP/1.1" 404 1009
192.168.10.96 - - [17/Nov/2021:13:12:16 -0300] "GET /cormun/servlet/vesolicitudgral?2021,17803,, HTTP/1.1" 200 8405
190.171.141.90 - - [17/Nov/2021:13:12:16 -0300] "GET /cormun/servlet/solicitudot?851a713fef655dbd269e5ac07a874c3c53b24cdddf14b651109d1bdf7fe75e75725e2befda82fd607d46e5de0deaf2925869a58962f1800d3f9a50be2cc0c63c596a9ebd57fa15810473cd46835b01e6a2beb57397b9902759d72a8a0a9666494c11c3552e4a48e70d2deb8e1966510f60995e8c21b3dff023d731f3233df2ec42fb3c42f046aae63981aad52b08acc04ff2f9e8b09609a1846f2e743d5b88e635a6b2141510e8ad8722627735434f90c237a3b923220d1112826291f81a4d88da554b955d0fc955e339b4f4924a041651c1bc40346cadc9c7e0f74efc1873bd087d8eb418a9a33b2a95508798df78380b7e825b07d77e5c13de5fd09e77997ec1c3fe8a60e3f7c8c0c937ae6f2982f5a5aee6d361939368af1a31d5647185af8e1dc6beaf20075f2052de2792a13139901bb0b3ad0d2d42f9c73f87f69f4b7419bd701d0952df3d17efdac2a3eee68117eaebac16051a4dbfb6475d9efe1ce63128835f563bb0031d03439ebb4d435123cbfba78bcdf90025716c1c3309e0fe3d4263453ebb0ebb48ff5130cab1cc98,gx-no-cache=1637164819503 HTTP/1.1" 200 30
190.171.141.90 - - [17/Nov/2021:13:12:18 -0300] "POST /cormun/servlet/solicitudot?gx-no-cache=1637164822251 HTTP/1.1" 200 240
192.168.10.96 - - [17/Nov/2021:13:12:29 -0300] "POST /cormun/servlet/vesolicitudgral?234b1979a2fcbac1b8b0c02bfc3c1e8b,2021,17803,,,gx-no-cache=1637164692131 HTTP/1.1" 200 90
192.168.10.96 - - [17/Nov/2021:13:12:29 -0300] "GET /cormun/servlet/hpexe_link HTTP/1.1" 200 967
192.168.10.96 - - [17/Nov/2021:13:12:30 -0300] "GET /cormun/servlet/trsolicitudgral HTTP/1.1" 200 18282
192.168.10.96 - - [17/Nov/2021:13:12:30 -0300] "GET /cormun/servlet/trsolicitudgral HTTP/1.1" 200 18280
190.171.141.90 - - [17/Nov/2021:13:12:32 -0300] "GET /cormun/servlet/solicitudot?851a713fef655dbd269e5ac07a874c3c53b24cdddf14b651109d1bdf7fe75e75f233554c8ddade96c0ea78e8385dd7635869a58962f1800d3f9a50be2cc0c63c596a9ebd57fa15810473cd46835b01e6a2beb57397b9902759d72a8a0a9666494c11c3552e4a48e70d2deb8e1966510f60995e8c21b3dff023d731f3233df2ec42fb3c42f046aae63981aad52b08acc04ff2f9e8b09609a1846f2e743d5b88e635a6b2141510e8ad8722627735434f90c237a3b923220d1112826291f81a4d88da554b955d0fc955e339b4f4924a041651c1bc40346cadc9c7e0f74efc1873bd087d8eb418a9a33b2a95508798df78388399e08abd0672a744f299a0766be106c1c3fe8a60e3f7c8c0c937ae6f2982f5a5aee6d361939368af1a31d5647185af8e1dc6beaf20075f2052de2792a13139901bb0b3ad0d2d42f9c73f87f69f4b743bfd71813b5d2f441e8f13b10eb97f92f9d3868ec431068c824d94d7036be39d66c6dcb7d9f449be2d5584021fb990b3bcc01180b550a5f8d964f05c83d9e28a,gx-no-cache=1637164835846 HTTP/1.1" 200 30
190.171.153.50 - - [17/Nov/2021:13:12:51 -0300] "GET /cormun/servlet/hlogin HTTP/1.1" 200 1726
190.171.153.50 - - [17/Nov/2021:13:12:51 -0300] "GET /cormun/servlet/hlogin HTTP/1.1" 200 1737
190.171.141.90 - - [17/Nov/2021:13:12:54 -0300] "POST /cormun/servlet/solicitudot?gx-no-cache=1637164857455 HTTP/1.1" 200 30
190.171.153.50 - - [17/Nov/2021:13:12:56 -0300] "POST /cormun/servlet/hlogin?372d23b5e24d49b016df768c7f12df11,gx-no-cache=1637164859162 HTTP/1.1" 200 90
190.171.153.50 - - [17/Nov/2021:13:12:56 -0300] "GET /cormun/servlet/hpexe_link HTTP/1.1" 200 951
190.171.153.50 - - [17/Nov/2021:13:12:56 -0300] "GET /cormun/servlet/hhome HTTP/1.1" 200 4215
190.171.153.50 - - [17/Nov/2021:13:12:56 -0300] "GET /cormun/servlet/hhome HTTP/1.1" 200 4211
190.171.153.50 - - [17/Nov/2021:13:13:00 -0300] "GET /cormun/servlet/trlicencias? HTTP/1.1" 200 9426
190.171.153.50 - - [17/Nov/2021:13:13:01 -0300] "GET /cormun/servlet/trlicencias? HTTP/1.1" 200 9423
190.171.143.82 - - [17/Nov/2021:13:13:16 -0300] "POST /cormun/servlet/trpermisosgoce?edfca4bc80ade60d9e9f3b909582086a,,gx-no-cache=1637164880724 HTTP/1.1" 200 16104
190.171.143.82 - - [17/Nov/2021:13:13:40 -0300] "POST /cormun/servlet/trpermisosgoce?edfca4bc80ade60d9e9f3b909582086a,,gx-no-cache=1637164904839 HTTP/1.1" 200 15815
190.171.141.90 - - [17/Nov/2021:13:13:45 -0300] "POST /cormun/servlet/solicitudot?gx-no-cache=1637164908662 HTTP/1.1" 200 1440
190.171.141.90 - - [17/Nov/2021:13:13:45 -0300] "GET /cormun/static/menuarrow.gif HTTP/1.1" 404 1015
190.171.141.90 - - [17/Nov/2021:13:13:53 -0300] "GET /cormun/servlet/prlicenciaspermisos?18302712,L,,MD,,gxPopupLevel%3D0%3B HTTP/1.1" 200 6297
190.171.143.82 - - [17/Nov/2021:13:13:55 -0300] "POST /cormun/servlet/trpermisosgoce?edfca4bc80ade60d9e9f3b909582086a,,gx-no-cache=1637164920438 HTTP/1.1" 200 5568
190.171.143.82 - - [17/Nov/2021:13:14:08 -0300] "POST /cormun/servlet/trpermisosgoce?edfca4bc80ade60d9e9f3b909582086a,,gx-no-cache=1637164932964 HTTP/1.1" 200 16113
190.171.141.90 - - [17/Nov/2021:13:14:11 -0300] "POST /cormun/servlet/solicitudot?gx-no-cache=1637164935090 HTTP/1.1" 200 40
190.171.143.82 - - [17/Nov/2021:13:14:13 -0300] "POST /cormun/servlet/trpermisosgoce?edfca4bc80ade60d9e9f3b909582086a,,gx-no-cache=1637164937863 HTTP/1.1" 200 15803
190.171.143.82 - - [17/Nov/2021:13:14:26 -0300] "POST /cormun/servlet/trpermisosgoce?edfca4bc80ade60d9e9f3b909582086a,,gx-no-cache=1637164950614 HTTP/1.1" 200 5544
205.185.121.173 - - [17/Nov/2021:13:14:26 -0300] "GET /manager/html HTTP/1.1" 401 2474
190.171.143.82 - - [17/Nov/2021:13:14:38 -0300] "POST /cormun/servlet/trpermisosgoce?edfca4bc80ade60d9e9f3b909582086a,,gx-no-cache=1637164962443 HTTP/1.1" 200 16113
190.171.143.82 - - [17/Nov/2021:13:14:41 -0300] "POST /cormun/servlet/trpermisosgoce?edfca4bc80ade60d9e9f3b909582086a,,gx-no-cache=1637164965960 HTTP/1.1" 200 15812
190.171.143.82 - - [17/Nov/2021:13:14:58 -0300] "POST /cormun/servlet/trpermisosgoce?edfca4bc80ade60d9e9f3b909582086a,,gx-no-cache=1637164983374 HTTP/1.1" 200 5330
190.171.141.90 - - [17/Nov/2021:13:15:17 -0300] "GET /cormun/servlet/solicitudot?851a713fef655dbd269e5ac07a874c3caca1cebbc686b24dacdb83c643f9597c7e70a674facd2e0db1bc21ddca80c9c8fbb48ac0ee7dc6d1e3a7eda9daaf962603a63d4aa4afb9cd96a7651e16e0ccbf3ef0803a4c3642119dc4d21ac0973e7ee096f22ca68858cdef0e6db56269041e,gx-no-cache=1637165001132 HTTP/1.1" 200 110
190.171.141.90 - - [17/Nov/2021:13:15:17 -0300] "POST /cormun/servlet/solicitudot?gx-no-cache=1637165001161 HTTP/1.1" 200 97
190.171.143.82 - - [17/Nov/2021:13:15:20 -0300] "POST /cormun/servlet/trpermisosgoce?edfca4bc80ade60d9e9f3b909582086a,,gx-no-cache=1637165005027 HTTP/1.1" 200 16153
190.171.143.82 - - [17/Nov/2021:13:15:25 -0300] "POST /cormun/servlet/trpermisosgoce?edfca4bc80ade60d9e9f3b909582086a,,gx-no-cache=1637165009422 HTTP/1.1" 200 15815
190.171.141.90 - - [17/Nov/2021:13:15:38 -0300] "GET /cormun/servlet/solicitudot?851a713fef655dbd269e5ac07a874c3c746eb071ff7d245eb242f8f57c71d2b8a5872ac47dd27d90172e77583d6614dfc12efd86b6fad414ba66c8f6c0e52606c9102bdf0efaa3195d6170eb5b8b1a3e3a923a0fb7942abb033065689ab5ce6a4ee4c32bf8f921da8fbdd19191fe9e71,gx-no-cache=1637165021499 HTTP/1.1" 200 29
190.171.141.90 - - [17/Nov/2021:13:15:47 -0300] "GET /cormun/servlet/solicitudot?851a713fef655dbd269e5ac07a874c3c3fa1bc61cd6b0280698047d2e57192970c231d50f3535dafde2430eac39dc48e,gx-no-cache=1637165030389 HTTP/1.1" 200 30
190.171.141.90 - - [17/Nov/2021:13:15:47 -0300] "POST /cormun/servlet/solicitudot?gx-no-cache=1637165030422 HTTP/1.1" 200 34
190.171.143.82 - - [17/Nov/2021:13:15:50 -0300] "POST /cormun/servlet/trpermisosgoce?edfca4bc80ade60d9e9f3b909582086a,,gx-no-cache=1637165034903 HTTP/1.1" 200 7257
190.171.141.90 - - [17/Nov/2021:13:16:33 -0300] "POST /cormun/servlet/solicitudot?8d9c1e32ada5be41279f80d5349f55d4,INS,0,0,false,,gx-no-cache=1637165076114 HTTP/1.1" 200 93
190.171.141.90 - - [17/Nov/2021:13:16:33 -0300] "GET /cormun/servlet/hpexe_return? HTTP/1.1" 200 1011
190.171.141.90 - - [17/Nov/2021:13:16:33 -0300] "GET /cormun/servlet/trsolicitudot HTTP/1.1" 200 8639
190.171.141.90 - - [17/Nov/2021:13:16:33 -0300] "GET /cormun/servlet/trsolicitudot HTTP/1.1" 200 8634
190.171.143.82 - - [17/Nov/2021:13:16:41 -0300] "POST /cormun/servlet/trpermisosgoce?edfca4bc80ade60d9e9f3b909582086a,,gx-no-cache=1637165085339 HTTP/1.1" 200 16104
190.171.143.82 - - [17/Nov/2021:13:16:44 -0300] "POST /cormun/servlet/trpermisosgoce?edfca4bc80ade60d9e9f3b909582086a,,gx-no-cache=1637165089134 HTTP/1.1" 200 15811
190.171.141.90 - - [17/Nov/2021:13:16:48 -0300] "POST /cormun/servlet/trsolicitudot?8d9c1e32ada5be41279f80d5349f55d4,gx-no-cache=1637165091569 HTTP/1.1" 200 107
190.171.141.90 - - [17/Nov/2021:13:16:48 -0300] "GET /cormun/servlet/trsolicitudadjuntos?2021,17806, HTTP/1.1" 200 6076
190.171.141.90 - - [17/Nov/2021:13:16:48 -0300] "GET /cormun/servlet/trsolicitudadjuntos?2021,17806, HTTP/1.1" 200 6076
190.171.141.90 - - [17/Nov/2021:13:16:51 -0300] "GET /cormun/servlet/solicitudotadjuntos?INS,2021,17806,,1, HTTP/1.1" 200 6022
190.171.141.90 - - [17/Nov/2021:13:16:51 -0300] "GET /cormun/static/about:blank HTTP/1.1" 404 1011
190.171.141.90 - - [17/Nov/2021:13:16:51 -0300] "GET /cormun/servlet/solicitudotadjuntos?INS,2021,17806,,1, HTTP/1.1" 200 6016
190.171.141.90 - - [17/Nov/2021:13:16:51 -0300] "GET /cormun/servlet/solicitudotadjuntos?851a713fef655dbd269e5ac07a874c3cc8a344226e408d7cd7a601b60b23963f6b26d3318c8c0b56b1d5516851382149,gx-no-cache=1637165095123 HTTP/1.1" 200 30
190.171.141.90 - - [17/Nov/2021:13:16:51 -0300] "POST /cormun/servlet/solicitudotadjuntos?8d9c1e32ada5be41279f80d5349f55d4,INS,2021,17806,,1,,gx-no-cache=1637165095140 HTTP/1.1" 200 3898
190.171.143.82 - - [17/Nov/2021:13:17:01 -0300] "POST /cormun/servlet/trpermisosgoce?edfca4bc80ade60d9e9f3b909582086a,,gx-no-cache=1637165105702 HTTP/1.1" 200 5325
205.185.121.173 - - [17/Nov/2021:13:17:02 -0300] "GET /manager/html HTTP/1.1" 401 2474
190.171.143.82 - - [17/Nov/2021:13:17:16 -0300] "POST /cormun/servlet/trpermisosgoce?edfca4bc80ade60d9e9f3b909582086a,,gx-no-cache=1637165120371 HTTP/1.1" 200 16120
190.171.143.82 - - [17/Nov/2021:13:17:20 -0300] "POST /cormun/servlet/trpermisosgoce?edfca4bc80ade60d9e9f3b909582086a,,gx-no-cache=1637165124327 HTTP/1.1" 200 15811
190.171.143.82 - - [17/Nov/2021:13:17:47 -0300] "POST /cormun/servlet/trpermisosgoce?edfca4bc80ade60d9e9f3b909582086a,,gx-no-cache=1637165151613 HTTP/1.1" 200 5320
190.171.143.82 - - [17/Nov/2021:13:18:11 -0300] "POST /cormun/servlet/trpermisosgoce?edfca4bc80ade60d9e9f3b909582086a,,gx-no-cache=1637165176114 HTTP/1.1" 200 16110
190.171.143.82 - - [17/Nov/2021:13:18:15 -0300] "POST /cormun/servlet/trpermisosgoce?edfca4bc80ade60d9e9f3b909582086a,,gx-no-cache=1637165179381 HTTP/1.1" 200 15811
190.171.143.82 - - [17/Nov/2021:13:18:17 -0300] "POST /cormun/servlet/trpermisosgoce?edfca4bc80ade60d9e9f3b909582086a,,gx-no-cache=1637165182045 HTTP/1.1" 200 9424
205.185.121.173 - - [17/Nov/2021:13:19:28 -0300] "GET /manager/html HTTP/1.1" 401 2474
190.171.143.82 - - [17/Nov/2021:13:21:24 -0300] "POST /cormun/servlet/trpermisosgoce?edfca4bc80ade60d9e9f3b909582086a,,gx-no-cache=1637165368676 HTTP/1.1" 200 15804
190.171.143.82 - - [17/Nov/2021:13:21:27 -0300] "POST /cormun/servlet/trpermisosgoce?edfca4bc80ade60d9e9f3b909582086a,,gx-no-cache=1637165372109 HTTP/1.1" 200 16140
205.185.121.173 - - [17/Nov/2021:13:21:52 -0300] "GET /manager/html HTTP/1.1" 401 2474
190.171.153.26 - - [17/Nov/2021:13:22:44 -0300] "GET /cormun/servlet/hlogin HTTP/1.1" 200 1742
190.171.141.90 - - [17/Nov/2021:13:23:57 -0300] "POST /cormun/servlet/solicitudotadjuntos?gx-no-cache=1637165520774 HTTP/1.1" 200 26
190.171.141.90 - - [17/Nov/2021:13:24:09 -0300] "GET /cormun/servlet/solicitudotadjuntos?851a713fef655dbd269e5ac07a874c3c61cbf732f19eba3fb9f97d18684a4446,gx-no-cache=1637165532813 HTTP/1.1" 200 30
190.171.141.90 - - [17/Nov/2021:13:24:09 -0300] "GET /cormun/servlet/solicitudotadjuntos?851a713fef655dbd269e5ac07a874c3c61cbf732f19eba3fb9f97d18684a4446,gx-no-cache=1637165532829 HTTP/1.1" 200 30
190.171.141.90 - - [17/Nov/2021:13:24:09 -0300] "POST /cormun/servlet/solicitudotadjuntos?8d9c1e32ada5be41279f80d5349f55d4,INS,2021,17806,,1, HTTP/1.1" 200 116
190.171.141.90 - - [17/Nov/2021:13:24:09 -0300] "GET /cormun/servlet/hpexe_return? HTTP/1.1" 200 1030
190.171.141.90 - - [17/Nov/2021:13:24:09 -0300] "GET /cormun/servlet/trsolicitudadjuntos?2021,17806, HTTP/1.1" 200 8868
190.171.141.90 - - [17/Nov/2021:13:24:10 -0300] "GET /cormun/servlet/trsolicitudadjuntos?2021,17806, HTTP/1.1" 200 8862
190.171.141.90 - - [17/Nov/2021:13:24:11 -0300] "GET /cormun/servlet/solicitudotadjuntos?INS,2021,17806,,1, HTTP/1.1" 200 6022
190.171.141.90 - - [17/Nov/2021:13:24:12 -0300] "GET /cormun/static/about:blank HTTP/1.1" 404 1011
190.171.141.90 - - [17/Nov/2021:13:24:12 -0300] "GET /cormun/servlet/solicitudotadjuntos?INS,2021,17806,,1, HTTP/1.1" 200 6016
190.171.141.90 - - [17/Nov/2021:13:24:12 -0300] "GET /cormun/servlet/solicitudotadjuntos?851a713fef655dbd269e5ac07a874c3cc8a344226e408d7cd7a601b60b23963f6b26d3318c8c0b56b1d5516851382149,gx-no-cache=1637165535865 HTTP/1.1" 200 30
190.171.141.90 - - [17/Nov/2021:13:24:12 -0300] "POST /cormun/servlet/solicitudotadjuntos?8d9c1e32ada5be41279f80d5349f55d4,INS,2021,17806,,1,,gx-no-cache=1637165535884 HTTP/1.1" 200 3898
190.171.141.90 - - [17/Nov/2021:13:24:16 -0300] "POST /cormun/servlet/solicitudotadjuntos?gx-no-cache=1637165539995 HTTP/1.1" 200 26
190.171.141.90 - - [17/Nov/2021:13:24:27 -0300] "GET /cormun/servlet/solicitudotadjuntos?851a713fef655dbd269e5ac07a874c3c61cbf732f19eba3fb9f97d18684a4446,gx-no-cache=1637165551189 HTTP/1.1" 200 30
190.171.141.90 - - [17/Nov/2021:13:24:27 -0300] "GET /cormun/servlet/solicitudotadjuntos?851a713fef655dbd269e5ac07a874c3c61cbf732f19eba3fb9f97d18684a4446,gx-no-cache=1637165551202 HTTP/1.1" 200 30
190.171.141.90 - - [17/Nov/2021:13:24:28 -0300] "POST /cormun/servlet/solicitudotadjuntos?8d9c1e32ada5be41279f80d5349f55d4,INS,2021,17806,,1, HTTP/1.1" 200 116
190.171.141.90 - - [17/Nov/2021:13:24:28 -0300] "GET /cormun/servlet/hpexe_return? HTTP/1.1" 200 1030
190.171.141.90 - - [17/Nov/2021:13:24:28 -0300] "GET /cormun/servlet/trsolicitudadjuntos?2021,17806, HTTP/1.1" 200 9121
190.171.141.90 - - [17/Nov/2021:13:24:28 -0300] "GET /cormun/servlet/trsolicitudadjuntos?2021,17806, HTTP/1.1" 200 9121
190.171.141.90 - - [17/Nov/2021:13:24:30 -0300] "GET /cormun/servlet/solicitudotadjuntos?INS,2021,17806,,1, HTTP/1.1" 200 6023
190.171.141.90 - - [17/Nov/2021:13:24:30 -0300] "GET /cormun/static/about:blank HTTP/1.1" 404 1011
190.171.141.90 - - [17/Nov/2021:13:24:30 -0300] "GET /cormun/servlet/solicitudotadjuntos?INS,2021,17806,,1, HTTP/1.1" 200 6016
190.171.141.90 - - [17/Nov/2021:13:24:31 -0300] "GET /cormun/servlet/solicitudotadjuntos?851a713fef655dbd269e5ac07a874c3cc8a344226e408d7cd7a601b60b23963f6b26d3318c8c0b56b1d5516851382149,gx-no-cache=1637165554410 HTTP/1.1" 200 30
190.171.141.90 - - [17/Nov/2021:13:24:31 -0300] "POST /cormun/servlet/solicitudotadjuntos?8d9c1e32ada5be41279f80d5349f55d4,INS,2021,17806,,1,,gx-no-cache=1637165554433 HTTP/1.1" 200 3898
190.171.141.90 - - [17/Nov/2021:13:24:36 -0300] "POST /cormun/servlet/solicitudotadjuntos?gx-no-cache=1637165559827 HTTP/1.1" 200 26
205.185.121.173 - - [17/Nov/2021:13:24:40 -0300] "GET /manager/html HTTP/1.1" 401 2474
192.168.10.96 - - [17/Nov/2021:13:25:24 -0300] "GET /cormun/servlet/trsolicitudgral HTTP/1.1" 200 18269
192.168.10.96 - - [17/Nov/2021:13:25:24 -0300] "GET /cormun/servlet/trsolicitudgral HTTP/1.1" 200 18280
40.77.188.115 - - [17/Nov/2021:13:25:26 -0300] "GET /cormun/static/gxcfg.js?20201215495537 HTTP/1.1" 200 953
40.77.189.44 - - [17/Nov/2021:13:25:26 -0300] "GET /cormun/static/PXToolsJavascripts/pexe_cookies.js HTTP/1.1" 200 792
40.77.188.104 - - [17/Nov/2021:13:25:28 -0300] "GET /cormun/static/hwchdr01.js?20201214473739 HTTP/1.1" 200 996
192.168.10.96 - - [17/Nov/2021:13:25:44 -0300] "GET /cormun/servlet/vesolicitudgral?2021,17797,, HTTP/1.1" 200 8328
192.168.10.96 - - [17/Nov/2021:13:25:44 -0300] "GET /cormun/pexe_scrolldiv.js HTTP/1.1" 404 1009
192.168.10.96 - - [17/Nov/2021:13:25:44 -0300] "GET /cormun/pexe_scrolldiv.js HTTP/1.1" 404 1009
192.168.10.96 - - [17/Nov/2021:13:25:44 -0300] "GET /cormun/servlet/vesolicitudgral?2021,17797,, HTTP/1.1" 200 8327
192.168.10.96 - - [17/Nov/2021:13:25:48 -0300] "POST /cormun/servlet/vesolicitudgral?234b1979a2fcbac1b8b0c02bfc3c1e8b,2021,17797,,,gx-no-cache=1637165491016 HTTP/1.1" 200 11980
192.168.10.96 - - [17/Nov/2021:13:25:48 -0300] "GET /cormun/static/Shared/jqueryui/images/ui-icons_82798d_256x240.png HTTP/1.1" 404 1089
192.168.10.96 - - [17/Nov/2021:13:25:48 -0300] "GET /cormun/static/Shared/jqueryui/images/ui-bg_highlight-soft_100_c6c2c8_1x100.png HTTP/1.1" 404 1117
192.168.10.96 - - [17/Nov/2021:13:25:48 -0300] "GET /cormun/static/Shared/jqueryui/images/ui-icons_8d78a5_256x240.png HTTP/1.1" 404 1089
192.168.10.96 - - [17/Nov/2021:13:25:48 -0300] "GET /cormun/static/Shared/jqueryui/images/ui-bg_flat_55_fafafa_40x100.png HTTP/1.1" 404 1097
192.168.10.96 - - [17/Nov/2021:13:25:49 -0300] "POST /cormun/servlet/vesolicitudgral?234b1979a2fcbac1b8b0c02bfc3c1e8b,2021,17797,,,gx-no-cache=1637165491241 HTTP/1.1" 200 11913
192.168.10.96 - - [17/Nov/2021:13:25:51 -0300] "GET /cormun/servlet/trsolicitudgral? HTTP/1.1" 200 17935
192.168.10.96 - - [17/Nov/2021:13:25:51 -0300] "GET /cormun/servlet/trsolicitudgral? HTTP/1.1" 200 17931
192.168.10.96 - - [17/Nov/2021:13:25:57 -0300] "GET /cormun/servlet/vesolicitudgral?2021,17774,, HTTP/1.1" 200 8366
192.168.10.96 - - [17/Nov/2021:13:25:57 -0300] "GET /cormun/pexe_scrolldiv.js HTTP/1.1" 404 1009
192.168.10.96 - - [17/Nov/2021:13:25:57 -0300] "GET /cormun/pexe_scrolldiv.js HTTP/1.1" 404 1009
192.168.10.96 - - [17/Nov/2021:13:25:58 -0300] "GET /cormun/servlet/vesolicitudgral?2021,17774,, HTTP/1.1" 200 8365
192.168.10.96 - - [17/Nov/2021:13:26:00 -0300] "POST /cormun/servlet/vesolicitudgral?234b1979a2fcbac1b8b0c02bfc3c1e8b,2021,17774,,,gx-no-cache=1637165503087 HTTP/1.1" 200 12015
192.168.10.96 - - [17/Nov/2021:13:26:00 -0300] "GET /cormun/static/Shared/jqueryui/images/ui-icons_82798d_256x240.png HTTP/1.1" 404 1089
192.168.10.96 - - [17/Nov/2021:13:26:00 -0300] "GET /cormun/static/Shared/jqueryui/images/ui-bg_highlight-soft_100_c6c2c8_1x100.png HTTP/1.1" 404 1117
192.168.10.96 - - [17/Nov/2021:13:26:00 -0300] "GET /cormun/static/Shared/jqueryui/images/ui-bg_flat_55_fafafa_40x100.png HTTP/1.1" 404 1097
192.168.10.96 - - [17/Nov/2021:13:26:00 -0300] "GET /cormun/static/Shared/jqueryui/images/ui-icons_8d78a5_256x240.png HTTP/1.1" 404 1089
192.168.10.96 - - [17/Nov/2021:13:26:01 -0300] "POST /cormun/servlet/vesolicitudgral?234b1979a2fcbac1b8b0c02bfc3c1e8b,2021,17774,,,gx-no-cache=1637165503276 HTTP/1.1" 200 11948
192.168.10.96 - - [17/Nov/2021:13:26:02 -0300] "GET /cormun/servlet/trsolicitudgral? HTTP/1.1" 200 17528
192.168.10.96 - - [17/Nov/2021:13:26:03 -0300] "GET /cormun/servlet/trsolicitudgral? HTTP/1.1" 200 17523
192.168.10.96 - - [17/Nov/2021:13:26:13 -0300] "GET /cormun/servlet/vesolicitudgral?2021,17773,, HTTP/1.1" 200 8384
192.168.10.96 - - [17/Nov/2021:13:26:13 -0300] "GET /cormun/pexe_scrolldiv.js HTTP/1.1" 404 1009
192.168.10.96 - - [17/Nov/2021:13:26:13 -0300] "GET /cormun/pexe_scrolldiv.js HTTP/1.1" 404 1009
192.168.10.96 - - [17/Nov/2021:13:26:13 -0300] "GET /cormun/servlet/vesolicitudgral?2021,17773,, HTTP/1.1" 200 8383
192.168.10.96 - - [17/Nov/2021:13:26:18 -0300] "POST /cormun/servlet/vesolicitudgral?234b1979a2fcbac1b8b0c02bfc3c1e8b,2021,17773,,,gx-no-cache=1637165520184 HTTP/1.1" 200 12005
192.168.10.96 - - [17/Nov/2021:13:26:18 -0300] "GET /cormun/static/Shared/jqueryui/images/ui-icons_82798d_256x240.png HTTP/1.1" 404 1089
192.168.10.96 - - [17/Nov/2021:13:26:18 -0300] "GET /cormun/static/Shared/jqueryui/images/ui-bg_highlight-soft_100_c6c2c8_1x100.png HTTP/1.1" 404 1117
192.168.10.96 - - [17/Nov/2021:13:26:18 -0300] "GET /cormun/static/Shared/jqueryui/images/ui-bg_flat_55_fafafa_40x100.png HTTP/1.1" 404 1097
192.168.10.96 - - [17/Nov/2021:13:26:18 -0300] "GET /cormun/static/Shared/jqueryui/images/ui-icons_8d78a5_256x240.png HTTP/1.1" 404 1089
192.168.10.96 - - [17/Nov/2021:13:26:18 -0300] "POST /cormun/servlet/vesolicitudgral?234b1979a2fcbac1b8b0c02bfc3c1e8b,2021,17773,,,gx-no-cache=1637165520467 HTTP/1.1" 200 11939
192.168.10.96 - - [17/Nov/2021:13:26:19 -0300] "GET /cormun/servlet/trsolicitudgral? HTTP/1.1" 200 17117
192.168.10.96 - - [17/Nov/2021:13:26:20 -0300] "GET /cormun/servlet/trsolicitudgral? HTTP/1.1" 200 17112
192.168.10.96 - - [17/Nov/2021:13:26:32 -0300] "GET /cormun/servlet/vesolicitudgral?2021,17748,, HTTP/1.1" 200 8337
192.168.10.96 - - [17/Nov/2021:13:26:32 -0300] "GET /cormun/pexe_scrolldiv.js HTTP/1.1" 404 1009
192.168.10.96 - - [17/Nov/2021:13:26:32 -0300] "GET /cormun/pexe_scrolldiv.js HTTP/1.1" 404 1009
192.168.10.96 - - [17/Nov/2021:13:26:32 -0300] "GET /cormun/servlet/vesolicitudgral?2021,17748,, HTTP/1.1" 200 8336
192.168.10.96 - - [17/Nov/2021:13:26:41 -0300] "POST /cormun/servlet/vesolicitudgral?234b1979a2fcbac1b8b0c02bfc3c1e8b,2021,17748,,,gx-no-cache=1637165544145 HTTP/1.1" 200 11979
192.168.10.96 - - [17/Nov/2021:13:26:41 -0300] "GET /cormun/static/Shared/jqueryui/images/ui-bg_highlight-soft_100_c6c2c8_1x100.png HTTP/1.1" 404 1117
192.168.10.96 - - [17/Nov/2021:13:26:41 -0300] "GET /cormun/static/Shared/jqueryui/images/ui-icons_82798d_256x240.png HTTP/1.1" 404 1089
192.168.10.96 - - [17/Nov/2021:13:26:41 -0300] "GET /cormun/static/Shared/jqueryui/images/ui-icons_8d78a5_256x240.png HTTP/1.1" 404 1089
192.168.10.96 - - [17/Nov/2021:13:26:41 -0300] "GET /cormun/static/Shared/jqueryui/images/ui-bg_flat_55_fafafa_40x100.png HTTP/1.1" 404 1097
192.168.10.96 - - [17/Nov/2021:13:26:42 -0300] "POST /cormun/servlet/vesolicitudgral?234b1979a2fcbac1b8b0c02bfc3c1e8b,2021,17748,,,gx-no-cache=1637165544328 HTTP/1.1" 200 11913
192.168.10.96 - - [17/Nov/2021:13:26:44 -0300] "GET /cormun/servlet/trsolicitudgral? HTTP/1.1" 200 16692
192.168.10.96 - - [17/Nov/2021:13:26:44 -0300] "GET /cormun/servlet/trsolicitudgral? HTTP/1.1" 200 16688
192.168.10.96 - - [17/Nov/2021:13:26:49 -0300] "GET /cormun/servlet/vesolicitudgral?2021,17747,, HTTP/1.1" 200 8377
192.168.10.96 - - [17/Nov/2021:13:26:49 -0300] "GET /cormun/pexe_scrolldiv.js HTTP/1.1" 404 1009
192.168.10.96 - - [17/Nov/2021:13:26:49 -0300] "GET /cormun/pexe_scrolldiv.js HTTP/1.1" 404 1009
192.168.10.96 - - [17/Nov/2021:13:26:49 -0300] "GET /cormun/servlet/vesolicitudgral?2021,17747,, HTTP/1.1" 200 8377
192.168.10.96 - - [17/Nov/2021:13:26:58 -0300] "POST /cormun/servlet/vesolicitudgral?234b1979a2fcbac1b8b0c02bfc3c1e8b,2021,17747,,,gx-no-cache=1637165560862 HTTP/1.1" 200 90
192.168.10.96 - - [17/Nov/2021:13:26:58 -0300] "GET /cormun/servlet/hpexe_link HTTP/1.1" 200 967
192.168.10.96 - - [17/Nov/2021:13:26:58 -0300] "GET /cormun/servlet/trsolicitudgral HTTP/1.1" 200 16689
192.168.10.96 - - [17/Nov/2021:13:26:59 -0300] "GET /cormun/servlet/trsolicitudgral HTTP/1.1" 200 16688
192.168.10.96 - - [17/Nov/2021:13:27:04 -0300] "GET /cormun/servlet/vesolicitudgral?2021,17746,, HTTP/1.1" 200 8388
192.168.10.96 - - [17/Nov/2021:13:27:04 -0300] "GET /cormun/pexe_scrolldiv.js HTTP/1.1" 404 1009
192.168.10.96 - - [17/Nov/2021:13:27:04 -0300] "GET /cormun/pexe_scrolldiv.js HTTP/1.1" 404 1009
192.168.10.96 - - [17/Nov/2021:13:27:04 -0300] "GET /cormun/servlet/vesolicitudgral?2021,17746,, HTTP/1.1" 200 8388
192.168.10.96 - - [17/Nov/2021:13:27:07 -0300] "POST /cormun/servlet/vesolicitudgral?234b1979a2fcbac1b8b0c02bfc3c1e8b,2021,17746,,,gx-no-cache=1637165569353 HTTP/1.1" 200 12026
192.168.10.96 - - [17/Nov/2021:13:27:07 -0300] "GET /cormun/static/Shared/jqueryui/images/ui-bg_highlight-soft_100_c6c2c8_1x100.png HTTP/1.1" 404 1117
192.168.10.96 - - [17/Nov/2021:13:27:07 -0300] "GET /cormun/static/Shared/jqueryui/images/ui-icons_82798d_256x240.png HTTP/1.1" 404 1089
192.168.10.96 - - [17/Nov/2021:13:27:07 -0300] "GET /cormun/static/Shared/jqueryui/images/ui-icons_8d78a5_256x240.png HTTP/1.1" 404 1089
192.168.10.96 - - [17/Nov/2021:13:27:07 -0300] "GET /cormun/static/Shared/jqueryui/images/ui-bg_flat_55_fafafa_40x100.png HTTP/1.1" 404 1097
192.168.10.96 - - [17/Nov/2021:13:27:07 -0300] "POST /cormun/servlet/vesolicitudgral?234b1979a2fcbac1b8b0c02bfc3c1e8b,2021,17746,,,gx-no-cache=1637165569551 HTTP/1.1" 200 11960
192.168.10.96 - - [17/Nov/2021:13:27:09 -0300] "GET /cormun/servlet/trsolicitudgral? HTTP/1.1" 200 16250
192.168.10.96 - - [17/Nov/2021:13:27:10 -0300] "GET /cormun/servlet/trsolicitudgral? HTTP/1.1" 200 16246
192.168.10.96 - - [17/Nov/2021:13:27:12 -0300] "GET /cormun/servlet/trautorizarot? HTTP/1.1" 200 12111
192.168.10.96 - - [17/Nov/2021:13:27:12 -0300] "GET /cormun/servlet/trautorizarot? HTTP/1.1" 200 12110
192.168.10.96 - - [17/Nov/2021:13:27:16 -0300] "POST /cormun/servlet/trautorizarot?234b1979a2fcbac1b8b0c02bfc3c1e8b,,gx-no-cache=1637165578790 HTTP/1.1" 200 5341
205.185.121.173 - - [17/Nov/2021:13:27:17 -0300] "GET /manager/html HTTP/1.1" 401 2474
192.168.10.96 - - [17/Nov/2021:13:27:18 -0300] "GET /cormun/servlet/trsolicitudgral? HTTP/1.1" 200 16246
192.168.10.96 - - [17/Nov/2021:13:27:18 -0300] "GET /cormun/servlet/trsolicitudgral? HTTP/1.1" 200 16246
190.171.141.90 - - [17/Nov/2021:13:27:32 -0300] "GET /cormun/servlet/solicitudotadjuntos?851a713fef655dbd269e5ac07a874c3c61cbf732f19eba3fb9f97d18684a4446,gx-no-cache=1637165735906 HTTP/1.1" 200 30
190.171.141.90 - - [17/Nov/2021:13:27:32 -0300] "GET /cormun/servlet/solicitudotadjuntos?851a713fef655dbd269e5ac07a874c3c61cbf732f19eba3fb9f97d18684a4446,gx-no-cache=1637165735927 HTTP/1.1" 200 30
190.171.141.90 - - [17/Nov/2021:13:27:32 -0300] "POST /cormun/servlet/solicitudotadjuntos?8d9c1e32ada5be41279f80d5349f55d4,INS,2021,17806,,1, HTTP/1.1" 200 116
190.171.141.90 - - [17/Nov/2021:13:27:32 -0300] "GET /cormun/servlet/hpexe_return? HTTP/1.1" 200 1030
190.171.141.90 - - [17/Nov/2021:13:27:33 -0300] "GET /cormun/servlet/trsolicitudadjuntos?2021,17806, HTTP/1.1" 200 9292
190.171.141.90 - - [17/Nov/2021:13:27:33 -0300] "GET /cormun/servlet/trsolicitudadjuntos?2021,17806, HTTP/1.1" 200 9291
190.171.141.90 - - [17/Nov/2021:13:27:50 -0300] "GET /cormun/servlet/solicitudotadjuntos?DLT,2021,17806,CERTIF3,0, HTTP/1.1" 200 6028
190.171.141.90 - - [17/Nov/2021:13:27:50 -0300] "GET /cormun/PublicTempStorage/afp_pablo_pe%F1aloza_%281%295032859.pdf HTTP/1.1" 200 142824
190.171.141.90 - - [17/Nov/2021:13:27:50 -0300] "GET /cormun/static/Shared/jqueryui/images/ui-bg_highlight-soft_100_c6c2c8_1x100.png HTTP/1.1" 404 1117
190.171.141.90 - - [17/Nov/2021:13:27:50 -0300] "GET /cormun/static/Shared/jqueryui/images/ui-icons_82798d_256x240.png HTTP/1.1" 404 1089
190.171.141.90 - - [17/Nov/2021:13:27:50 -0300] "GET /cormun/static/Shared/jqueryui/images/ui-bg_flat_55_fafafa_40x100.png HTTP/1.1" 404 1097
190.171.141.90 - - [17/Nov/2021:13:27:50 -0300] "GET /cormun/static/Shared/jqueryui/images/ui-icons_8d78a5_256x240.png HTTP/1.1" 404 1089
190.171.141.90 - - [17/Nov/2021:13:27:50 -0300] "GET /cormun/servlet/solicitudotadjuntos?DLT,2021,17806,CERTIF3,0, HTTP/1.1" 200 6022
190.171.141.90 - - [17/Nov/2021:13:27:55 -0300] "POST /cormun/servlet/solicitudotadjuntos?8d9c1e32ada5be41279f80d5349f55d4,DLT,2021,17806,CERTIF3,0,,gx-no-cache=1637165758527 HTTP/1.1" 200 93
190.171.141.90 - - [17/Nov/2021:13:27:55 -0300] "GET /cormun/servlet/hpexe_return? HTTP/1.1" 200 1036
190.171.141.90 - - [17/Nov/2021:13:27:55 -0300] "GET /cormun/servlet/trsolicitudadjuntos?2021,17806, HTTP/1.1" 200 9290
190.171.141.90 - - [17/Nov/2021:13:27:55 -0300] "GET /cormun/servlet/trsolicitudadjuntos?2021,17806, HTTP/1.1" 200 9289
190.171.141.90 - - [17/Nov/2021:13:28:08 -0300] "GET /cormun/servlet/solicitudotadjuntos?DLT,2021,17806,CERTIF3,0, HTTP/1.1" 200 6028
190.171.141.90 - - [17/Nov/2021:13:28:09 -0300] "GET /cormun/static/Shared/jqueryui/images/ui-icons_8d78a5_256x240.png HTTP/1.1" 404 1089
190.171.141.90 - - [17/Nov/2021:13:28:09 -0300] "GET /cormun/static/Shared/jqueryui/images/ui-icons_82798d_256x240.png HTTP/1.1" 404 1089
190.171.141.90 - - [17/Nov/2021:13:28:09 -0300] "GET /cormun/static/Shared/jqueryui/images/ui-bg_flat_55_fafafa_40x100.png HTTP/1.1" 404 1097
190.171.141.90 - - [17/Nov/2021:13:28:09 -0300] "GET /cormun/static/Shared/jqueryui/images/ui-bg_highlight-soft_100_c6c2c8_1x100.png HTTP/1.1" 404 1117
190.171.141.90 - - [17/Nov/2021:13:28:09 -0300] "GET /cormun/PublicTempStorage/afp_pablo_pe%F1aloza_%281%291541933.pdf HTTP/1.1" 200 142824
190.171.141.90 - - [17/Nov/2021:13:28:09 -0300] "GET /cormun/servlet/solicitudotadjuntos?DLT,2021,17806,CERTIF3,0, HTTP/1.1" 200 6022
190.171.141.90 - - [17/Nov/2021:13:28:16 -0300] "POST /cormun/servlet/solicitudotadjuntos?8d9c1e32ada5be41279f80d5349f55d4,DLT,2021,17806,CERTIF3,0,,gx-no-cache=1637165779639 HTTP/1.1" 200 93
190.171.141.90 - - [17/Nov/2021:13:28:16 -0300] "GET /cormun/servlet/hpexe_return? HTTP/1.1" 200 1036
190.171.141.90 - - [17/Nov/2021:13:28:16 -0300] "GET /cormun/servlet/trsolicitudadjuntos?2021,17806, HTTP/1.1" 200 9102
190.171.141.90 - - [17/Nov/2021:13:28:17 -0300] "GET /cormun/servlet/trsolicitudadjuntos?2021,17806, HTTP/1.1" 200 9100
