193.142.146.242 - - [12/Nov/2021:00:04:34 -0300] "HEAD / HTTP/1.0" 200 -
181.42.42.173 - - [12/Nov/2021:00:14:41 -0300] "GET /cormun/servlet/hlogin HTTP/1.1" 200 1726
181.42.42.173 - - [12/Nov/2021:00:14:41 -0300] "GET /cormun/servlet/hlogin HTTP/1.1" 200 1737
181.42.42.173 - - [12/Nov/2021:00:14:42 -0300] "GET /favicon.ico HTTP/1.1" 200 21630
181.42.42.173 - - [12/Nov/2021:00:14:48 -0300] "POST /cormun/servlet/hlogin?8b47eeab0edfa6044f75a47143de11bb,gx-no-cache=1636689703227 HTTP/1.1" 200 90
181.42.42.173 - - [12/Nov/2021:00:14:48 -0300] "GET /cormun/servlet/hpexe_link HTTP/1.1" 200 955
181.42.42.173 - - [12/Nov/2021:00:14:48 -0300] "GET /cormun/servlet/hhome HTTP/1.1" 200 4288
181.42.42.173 - - [12/Nov/2021:00:14:48 -0300] "GET /cormun/servlet/hhome HTTP/1.1" 200 4285
181.42.42.173 - - [12/Nov/2021:00:14:54 -0300] "GET /cormun/servlet/trcontratosolicitud? HTTP/1.1" 200 14694
181.42.42.173 - - [12/Nov/2021:00:14:55 -0300] "GET /cormun/servlet/trcontratosolicitud? HTTP/1.1" 200 14640
181.42.42.173 - - [12/Nov/2021:00:15:47 -0300] "POST /cormun/servlet/trcontratosolicitud?8b47eeab0edfa6044f75a47143de11bb,,gx-no-cache=1636689762298 HTTP/1.1" 200 6786
181.42.42.173 - - [12/Nov/2021:00:15:48 -0300] "GET /cormun/static/Resources/PXToolsGridFirst.gif HTTP/1.1" 200 379
181.42.42.173 - - [12/Nov/2021:00:15:48 -0300] "GET /cormun/static/Resources/PXToolsGridPrevious.gif HTTP/1.1" 200 369
141.101.196.233 - - [12/Nov/2021:00:27:44 -0300] "CONNECT 87.236.16.23:80 HTTP/1.1" 400 -
141.101.196.233 - - [12/Nov/2021:00:27:45 -0300] "POST /rb/getip.php?Z79498556572Q1 HTTP/1.1" 404 985
5.188.210.227 - - [12/Nov/2021:00:35:48 -0300] "GET /echo.php HTTP/1.1" 404 977
190.101.247.161 - - [12/Nov/2021:00:43:05 -0300] "GET /cormun/servlet/trpermisosgoce? HTTP/1.1" 200 6007
190.101.247.161 - - [12/Nov/2021:00:43:10 -0300] "GET /cormun/servlet/trpermisosgoce? HTTP/1.1" 200 6017
190.101.247.161 - - [12/Nov/2021:00:43:10 -0300] "GET /cormun/servlet/trpermisosgoce? HTTP/1.1" 200 6017
190.101.247.161 - - [12/Nov/2021:00:43:10 -0300] "GET /cormun/servlet/hlogin HTTP/1.1" 200 1739
190.101.247.161 - - [12/Nov/2021:00:43:29 -0300] "POST /cormun/servlet/hlogin?97ff278971b3ff3660cabc4e5c7a8a24,gx-no-cache=1636687899838 HTTP/1.1" 200 90
190.101.247.161 - - [12/Nov/2021:00:43:29 -0300] "GET /cormun/servlet/hpexe_link HTTP/1.1" 200 950
190.101.247.161 - - [12/Nov/2021:00:43:30 -0300] "GET /cormun/servlet/trpermisosgoce HTTP/1.1" 200 14037
190.101.247.161 - - [12/Nov/2021:00:43:34 -0300] "GET /cormun/servlet/trpermisosgoce HTTP/1.1" 200 14035
190.101.247.161 - - [12/Nov/2021:00:43:42 -0300] "POST /cormun/servlet/trpermisosgoce?97ff278971b3ff3660cabc4e5c7a8a24,gx-no-cache=1636687912396 HTTP/1.1" 200 11164
190.101.247.161 - - [12/Nov/2021:00:44:33 -0300] "GET /cormun/servlet/trlicencias? HTTP/1.1" 200 9475
190.101.247.161 - - [12/Nov/2021:00:44:36 -0300] "GET /cormun/servlet/trlicencias? HTTP/1.1" 200 9474
128.14.134.170 - - [12/Nov/2021:00:55:21 -0300] "GET / HTTP/1.1" 200 11217
134.236.252.114 - - [12/Nov/2021:01:18:31 -0300] "GET / HTTP/1.1" 200 11217
167.172.52.119 - - [12/Nov/2021:01:38:33 -0300] "-" 400 -
167.172.52.119 - - [12/Nov/2021:01:38:34 -0300] "POST / HTTP/1.1" 200 11217
159.223.6.90 - - [12/Nov/2021:01:38:54 -0300] "-" 400 -
159.223.6.90 - - [12/Nov/2021:01:38:55 -0300] "POST / HTTP/1.1" 200 11217
34.77.162.26 - - [12/Nov/2021:02:24:53 -0300] "-" 400 -
128.14.134.134 - - [12/Nov/2021:02:44:12 -0300] "GET /login HTTP/1.1" 404 971
207.46.13.104 - - [12/Nov/2021:03:25:47 -0300] "GET /cormun/servlet/trpermisosgoce HTTP/1.1" 200 6001
117.63.0.179 - - [12/Nov/2021:03:28:27 -0300] "GET /boaform/admin/formLogin?username=user&psd=user HTTP/1.0" 404 1007
205.185.121.173 - - [12/Nov/2021:03:41:43 -0300] "GET /manager/html HTTP/1.1" 401 2474
205.185.121.173 - - [12/Nov/2021:03:44:11 -0300] "GET /manager/html HTTP/1.1" 401 2474
205.185.121.173 - - [12/Nov/2021:03:46:29 -0300] "GET /manager/html HTTP/1.1" 401 2474
205.185.121.173 - - [12/Nov/2021:03:48:39 -0300] "GET /manager/html HTTP/1.1" 401 2474
205.185.121.173 - - [12/Nov/2021:03:50:54 -0300] "GET /manager/html HTTP/1.1" 401 2474
205.185.121.173 - - [12/Nov/2021:03:53:23 -0300] "GET /manager/html HTTP/1.1" 401 2474
207.46.13.75 - - [12/Nov/2021:03:54:09 -0300] "GET /cormun/servlet/hpexe_link HTTP/1.1" 200 922
205.185.121.173 - - [12/Nov/2021:03:55:39 -0300] "GET /manager/html HTTP/1.1" 401 2474
207.46.13.75 - - [12/Nov/2021:03:57:51 -0300] "GET /cormun/servlet/licenciaspermisos?DSP,18834102,L,20190415000000,_escaped_fragment_%3D HTTP/1.1" 200 6070
205.185.121.173 - - [12/Nov/2021:03:57:54 -0300] "GET /manager/html HTTP/1.1" 401 2474
157.55.39.107 - - [12/Nov/2021:03:58:05 -0300] "GET /cormun/static/RunJS/RunJS.js HTTP/1.1" 200 288
157.55.39.107 - - [12/Nov/2021:03:58:05 -0300] "GET /cormun/static/calendar-system.css?85620 HTTP/1.1" 200 5572
157.55.39.107 - - [12/Nov/2021:03:58:06 -0300] "GET /cormun/static/RunJS/RunJS.js HTTP/1.1" 200 288
157.55.39.107 - - [12/Nov/2021:03:58:06 -0300] "GET /cormun/static/calendar-system.css?85620 HTTP/1.1" 200 5572
157.55.39.61 - - [12/Nov/2021:03:58:06 -0300] "GET /cormun/static/PXToolsJavascripts/pexe_cookies.js HTTP/1.1" 200 792
207.46.13.104 - - [12/Nov/2021:03:58:08 -0300] "GET /cormun/static/gxcfg.js?202012153173 HTTP/1.1" 200 953
157.55.39.156 - - [12/Nov/2021:03:58:08 -0300] "GET /cormun/static/PXToolsJavascripts/pexe_link.js HTTP/1.1" 200 5671
207.46.13.75 - - [12/Nov/2021:03:58:10 -0300] "GET /cormun/static/licenciaspermisos.js?2020121532136 HTTP/1.1" 200 38824
207.46.13.75 - - [12/Nov/2021:03:58:10 -0300] "GET /cormun/static/licenciaspermisos.js?2020121532136 HTTP/1.1" 200 38824
157.55.39.53 - - [12/Nov/2021:03:58:12 -0300] "GET /cormun/static/hwchdr01.js?20201214473739 HTTP/1.1" 200 996
157.55.39.72 - - [12/Nov/2021:03:58:13 -0300] "GET /cormun/static/Shared/ext/ext-all.js HTTP/1.1" 200 1289687
207.46.13.17 - - [12/Nov/2021:03:58:14 -0300] "GET /cormun/static/PXToolsJavascripts/pexe_tabs.js HTTP/1.1" 200 3748
207.46.13.17 - - [12/Nov/2021:03:58:14 -0300] "GET /cormun/static/calendar.js?85251 HTTP/1.1" 200 26246
207.46.13.17 - - [12/Nov/2021:03:58:15 -0300] "GET /cormun/static/PXToolsJavascripts/pexe_tabs.js HTTP/1.1" 200 3748
207.46.13.17 - - [12/Nov/2021:03:58:15 -0300] "GET /cormun/static/calendar.js?85251 HTTP/1.1" 200 26246
157.55.39.61 - - [12/Nov/2021:03:58:20 -0300] "GET /cormun/static/PXToolsJavascripts/pexe_cookies.js HTTP/1.1" 200 792
157.55.39.53 - - [12/Nov/2021:03:58:25 -0300] "GET /cormun/static/hwchdr01.js?20201214473739 HTTP/1.1" 200 996
157.55.39.156 - - [12/Nov/2021:03:58:27 -0300] "GET /cormun/static/PXToolsJavascripts/pexe_link.js HTTP/1.1" 200 5671
207.46.13.104 - - [12/Nov/2021:03:58:30 -0300] "GET /cormun/static/gxcfg.js?202012153173 HTTP/1.1" 200 953
205.185.121.173 - - [12/Nov/2021:04:00:14 -0300] "GET /manager/html HTTP/1.1" 401 2474
205.185.121.173 - - [12/Nov/2021:04:02:29 -0300] "GET /manager/html HTTP/1.1" 401 2474
205.185.121.173 - - [12/Nov/2021:04:04:45 -0300] "GET /manager/html HTTP/1.1" 401 2474
205.185.121.173 - - [12/Nov/2021:04:06:56 -0300] "GET /manager/html HTTP/1.1" 401 2474
205.185.121.173 - - [12/Nov/2021:04:09:19 -0300] "GET /manager/html HTTP/1.1" 401 2474
205.185.121.173 - - [12/Nov/2021:04:11:46 -0300] "GET /manager/html HTTP/1.1" 401 2474
205.185.121.173 - - [12/Nov/2021:04:14:07 -0300] "GET /manager/html HTTP/1.1" 401 2474
109.125.163.112 - - [12/Nov/2021:04:15:43 -0300] "GET / HTTP/1.1" 200 11217
205.185.121.173 - - [12/Nov/2021:04:16:48 -0300] "GET /manager/html HTTP/1.1" 401 2474
205.185.121.173 - - [12/Nov/2021:04:19:07 -0300] "GET /manager/html HTTP/1.1" 401 2474
205.185.121.173 - - [12/Nov/2021:04:21:22 -0300] "GET /manager/html HTTP/1.1" 401 2474
205.185.121.173 - - [12/Nov/2021:04:23:51 -0300] "GET /manager/html HTTP/1.1" 401 2474
207.46.13.104 - - [12/Nov/2021:04:24:50 -0300] "GET /cormun/servlet/trpermisosgoce?_escaped_fragment_= HTTP/1.1" 200 5809
205.185.121.173 - - [12/Nov/2021:04:26:11 -0300] "GET /manager/html HTTP/1.1" 401 2474
205.185.121.173 - - [12/Nov/2021:04:28:33 -0300] "GET /manager/html HTTP/1.1" 401 2474
40.77.188.219 - - [12/Nov/2021:04:29:04 -0300] "GET /cormun/static/PXToolsJavascripts/pexe_grid.js HTTP/1.1" 200 7559
40.77.190.199 - - [12/Nov/2021:04:29:05 -0300] "GET /cormun/static/PXToolsJavascripts/pexe_grid.js HTTP/1.1" 200 7559
205.185.121.173 - - [12/Nov/2021:04:30:48 -0300] "GET /manager/html HTTP/1.1" 401 2474
205.185.121.173 - - [12/Nov/2021:04:33:10 -0300] "GET /manager/html HTTP/1.1" 401 2474
205.185.121.173 - - [12/Nov/2021:04:35:18 -0300] "GET /manager/html HTTP/1.1" 401 2474
205.185.121.173 - - [12/Nov/2021:04:37:43 -0300] "GET /manager/html HTTP/1.1" 401 2474
205.185.121.173 - - [12/Nov/2021:04:40:03 -0300] "GET /manager/html HTTP/1.1" 401 2474
205.185.121.173 - - [12/Nov/2021:04:42:18 -0300] "GET /manager/html HTTP/1.1" 401 2474
205.185.121.173 - - [12/Nov/2021:04:44:38 -0300] "GET /manager/html HTTP/1.1" 401 2474
205.185.121.173 - - [12/Nov/2021:04:46:59 -0300] "GET /manager/html HTTP/1.1" 401 2474
205.185.121.173 - - [12/Nov/2021:04:49:16 -0300] "GET /manager/html HTTP/1.1" 401 2474
157.55.39.61 - - [12/Nov/2021:04:51:23 -0300] "GET /cormun/servlet/hlogin HTTP/1.1" 200 1700
205.185.121.173 - - [12/Nov/2021:04:51:35 -0300] "GET /manager/html HTTP/1.1" 401 2474
205.185.121.173 - - [12/Nov/2021:04:53:55 -0300] "GET /manager/html HTTP/1.1" 401 2474
205.185.121.173 - - [12/Nov/2021:04:56:09 -0300] "GET /manager/html HTTP/1.1" 401 2474
205.185.121.173 - - [12/Nov/2021:04:58:31 -0300] "GET /manager/html HTTP/1.1" 401 2474
205.185.121.173 - - [12/Nov/2021:05:00:39 -0300] "GET /manager/html HTTP/1.1" 401 2474
205.185.121.173 - - [12/Nov/2021:05:02:51 -0300] "GET /manager/html HTTP/1.1" 401 2474
205.185.121.173 - - [12/Nov/2021:05:05:13 -0300] "GET /manager/html HTTP/1.1" 401 2474
114.119.145.25 - - [12/Nov/2021:05:05:24 -0300] "GET /robots.txt HTTP/1.1" 404 981
205.185.121.173 - - [12/Nov/2021:05:07:24 -0300] "GET /manager/html HTTP/1.1" 401 2474
205.185.121.173 - - [12/Nov/2021:05:09:35 -0300] "GET /manager/html HTTP/1.1" 401 2474
205.185.121.173 - - [12/Nov/2021:05:11:43 -0300] "GET /manager/html HTTP/1.1" 401 2474
205.185.121.173 - - [12/Nov/2021:05:13:53 -0300] "GET /manager/html HTTP/1.1" 401 2474
205.185.121.173 - - [12/Nov/2021:05:16:14 -0300] "GET /manager/html HTTP/1.1" 401 2474
205.185.121.173 - - [12/Nov/2021:05:18:38 -0300] "GET /manager/html HTTP/1.1" 401 2474
205.185.121.173 - - [12/Nov/2021:05:21:00 -0300] "GET /manager/html HTTP/1.1" 401 2474
205.185.121.173 - - [12/Nov/2021:05:23:10 -0300] "GET /manager/html HTTP/1.1" 401 2474
205.185.121.173 - - [12/Nov/2021:05:25:22 -0300] "GET /manager/html HTTP/1.1" 401 2474
205.185.121.173 - - [12/Nov/2021:05:27:41 -0300] "GET /manager/html HTTP/1.1" 401 2474
205.185.121.173 - - [12/Nov/2021:05:29:53 -0300] "GET /manager/html HTTP/1.1" 401 2474
205.185.121.173 - - [12/Nov/2021:05:32:08 -0300] "GET /manager/html HTTP/1.1" 401 2474
205.185.121.173 - - [12/Nov/2021:05:34:46 -0300] "GET /manager/html HTTP/1.1" 401 2474
205.185.121.173 - - [12/Nov/2021:05:36:58 -0300] "GET /manager/html HTTP/1.1" 401 2474
205.185.121.173 - - [12/Nov/2021:05:39:04 -0300] "GET /manager/html HTTP/1.1" 401 2474
205.185.121.173 - - [12/Nov/2021:05:41:08 -0300] "GET /manager/html HTTP/1.1" 401 2474
205.185.121.173 - - [12/Nov/2021:05:43:27 -0300] "GET /manager/html HTTP/1.1" 401 2474
205.185.121.173 - - [12/Nov/2021:05:45:44 -0300] "GET /manager/html HTTP/1.1" 401 2474
205.185.121.173 - - [12/Nov/2021:05:48:04 -0300] "GET /manager/html HTTP/1.1" 401 2474
205.185.121.173 - - [12/Nov/2021:05:50:16 -0300] "GET /manager/html HTTP/1.1" 401 2474
205.185.121.173 - - [12/Nov/2021:05:52:26 -0300] "GET /manager/html HTTP/1.1" 401 2474
205.185.121.173 - - [12/Nov/2021:05:54:37 -0300] "GET /manager/html HTTP/1.1" 401 2474
205.185.121.173 - - [12/Nov/2021:05:56:47 -0300] "GET /manager/html HTTP/1.1" 401 2474
205.185.121.173 - - [12/Nov/2021:05:59:00 -0300] "GET /manager/html HTTP/1.1" 401 2474
205.185.121.173 - - [12/Nov/2021:06:01:19 -0300] "GET /manager/html HTTP/1.1" 401 2474
205.185.121.173 - - [12/Nov/2021:06:03:57 -0300] "GET /manager/html HTTP/1.1" 401 2474
207.46.13.48 - - [12/Nov/2021:06:06:02 -0300] "GET /robots.txt HTTP/1.1" 404 981
205.185.121.173 - - [12/Nov/2021:06:06:06 -0300] "GET /manager/html HTTP/1.1" 401 2474
207.46.13.17 - - [12/Nov/2021:06:06:15 -0300] "GET /cormun/servlet/hpexe_return HTTP/1.1" 200 977
205.185.121.173 - - [12/Nov/2021:06:08:24 -0300] "GET /manager/html HTTP/1.1" 401 2474
205.185.121.173 - - [12/Nov/2021:06:10:37 -0300] "GET /manager/html HTTP/1.1" 401 2474
205.185.121.173 - - [12/Nov/2021:06:12:51 -0300] "GET /manager/html HTTP/1.1" 401 2474
205.185.121.173 - - [12/Nov/2021:06:14:59 -0300] "GET /manager/html HTTP/1.1" 401 2474
205.185.121.173 - - [12/Nov/2021:06:17:17 -0300] "GET /manager/html HTTP/1.1" 401 2474
205.185.121.173 - - [12/Nov/2021:06:19:43 -0300] "GET /manager/html HTTP/1.1" 401 2474
205.185.121.173 - - [12/Nov/2021:06:22:37 -0300] "GET /manager/html HTTP/1.1" 401 2474
205.185.121.173 - - [12/Nov/2021:06:25:02 -0300] "GET /manager/html HTTP/1.1" 401 2474
205.185.121.173 - - [12/Nov/2021:06:27:28 -0300] "GET /manager/html HTTP/1.1" 401 2474
205.185.121.173 - - [12/Nov/2021:06:29:48 -0300] "GET /manager/html HTTP/1.1" 401 2474
205.185.121.173 - - [12/Nov/2021:06:32:02 -0300] "GET /manager/html HTTP/1.1" 401 2474
205.185.121.173 - - [12/Nov/2021:06:34:18 -0300] "GET /manager/html HTTP/1.1" 401 2474
205.185.121.173 - - [12/Nov/2021:06:36:41 -0300] "GET /manager/html HTTP/1.1" 401 2474
205.185.121.173 - - [12/Nov/2021:06:39:05 -0300] "GET /manager/html HTTP/1.1" 401 2474
205.185.121.173 - - [12/Nov/2021:06:41:35 -0300] "GET /manager/html HTTP/1.1" 401 2474
205.185.121.173 - - [12/Nov/2021:06:43:59 -0300] "GET /manager/html HTTP/1.1" 401 2474
205.185.121.173 - - [12/Nov/2021:06:46:17 -0300] "GET /manager/html HTTP/1.1" 401 2474
205.185.121.173 - - [12/Nov/2021:06:48:31 -0300] "GET /manager/html HTTP/1.1" 401 2474
205.185.121.173 - - [12/Nov/2021:06:50:51 -0300] "GET /manager/html HTTP/1.1" 401 2474
205.185.121.173 - - [12/Nov/2021:06:53:14 -0300] "GET /manager/html HTTP/1.1" 401 2474
205.185.121.173 - - [12/Nov/2021:06:55:41 -0300] "GET /manager/html HTTP/1.1" 401 2474
205.185.121.173 - - [12/Nov/2021:06:58:01 -0300] "GET /manager/html HTTP/1.1" 401 2474
205.185.121.173 - - [12/Nov/2021:07:00:15 -0300] "GET /manager/html HTTP/1.1" 401 2474
205.185.121.173 - - [12/Nov/2021:07:02:31 -0300] "GET /manager/html HTTP/1.1" 401 2474
205.185.121.173 - - [12/Nov/2021:07:04:46 -0300] "GET /manager/html HTTP/1.1" 401 2474
205.185.121.173 - - [12/Nov/2021:07:06:57 -0300] "GET /manager/html HTTP/1.1" 401 2474
205.185.121.173 - - [12/Nov/2021:07:09:18 -0300] "GET /manager/html HTTP/1.1" 401 2474
205.185.121.173 - - [12/Nov/2021:07:11:38 -0300] "GET /manager/html HTTP/1.1" 401 2474
205.185.121.173 - - [12/Nov/2021:07:14:06 -0300] "GET /manager/html HTTP/1.1" 401 2474
205.185.121.173 - - [12/Nov/2021:07:16:22 -0300] "GET /manager/html HTTP/1.1" 401 2474
207.46.13.104 - - [12/Nov/2021:07:17:59 -0300] "GET /cormun/servlet/trpermisosgoce HTTP/1.1" 200 6008
205.185.121.173 - - [12/Nov/2021:07:18:41 -0300] "GET /manager/html HTTP/1.1" 401 2474
205.185.121.173 - - [12/Nov/2021:07:20:58 -0300] "GET /manager/html HTTP/1.1" 401 2474
205.185.121.173 - - [12/Nov/2021:07:23:26 -0300] "GET /manager/html HTTP/1.1" 401 2474
205.185.121.173 - - [12/Nov/2021:07:25:51 -0300] "GET /manager/html HTTP/1.1" 401 2474
205.185.121.173 - - [12/Nov/2021:07:28:24 -0300] "GET /manager/html HTTP/1.1" 401 2474
205.185.121.173 - - [12/Nov/2021:07:30:56 -0300] "GET /manager/html HTTP/1.1" 401 2474
205.185.121.173 - - [12/Nov/2021:07:33:14 -0300] "GET /manager/html HTTP/1.1" 401 2474
205.185.121.173 - - [12/Nov/2021:07:35:41 -0300] "GET /manager/html HTTP/1.1" 401 2474
205.185.121.173 - - [12/Nov/2021:07:38:02 -0300] "GET /manager/html HTTP/1.1" 401 2474
205.185.121.173 - - [12/Nov/2021:07:40:23 -0300] "GET /manager/html HTTP/1.1" 401 2474
157.55.39.61 - - [12/Nov/2021:07:42:20 -0300] "GET /cormun/servlet/trlicencias HTTP/1.1" 200 6018
205.185.121.173 - - [12/Nov/2021:07:42:47 -0300] "GET /manager/html HTTP/1.1" 401 2474
205.185.121.173 - - [12/Nov/2021:07:45:11 -0300] "GET /manager/html HTTP/1.1" 401 2474
205.185.121.173 - - [12/Nov/2021:07:47:27 -0300] "GET /manager/html HTTP/1.1" 401 2474
205.185.121.173 - - [12/Nov/2021:07:49:44 -0300] "GET /manager/html HTTP/1.1" 401 2474
186.67.172.234 - - [12/Nov/2021:07:49:46 -0300] "GET /cormun/servlet/trlicencias? HTTP/1.1" 200 6031
186.67.172.234 - - [12/Nov/2021:07:49:47 -0300] "GET /cormun/servlet/hlogin HTTP/1.1" 200 1741
186.67.172.234 - - [12/Nov/2021:07:49:47 -0300] "GET /cormun/servlet/trlicencias? HTTP/1.1" 200 6040
186.67.172.234 - - [12/Nov/2021:07:49:47 -0300] "GET /cormun/servlet/trlicencias? HTTP/1.1" 200 6040
186.67.172.234 - - [12/Nov/2021:07:49:52 -0300] "POST /cormun/servlet/hlogin?c568779a300c37344a8876f1170b89fa,gx-no-cache=1636713477737 HTTP/1.1" 200 90
186.67.172.234 - - [12/Nov/2021:07:49:52 -0300] "GET /cormun/servlet/hpexe_link HTTP/1.1" 200 957
186.67.172.234 - - [12/Nov/2021:07:49:53 -0300] "GET /cormun/servlet/trlicencias HTTP/1.1" 200 16350
186.67.172.234 - - [12/Nov/2021:07:49:53 -0300] "GET /cormun/servlet/trlicencias HTTP/1.1" 200 16348
205.185.121.173 - - [12/Nov/2021:07:53:16 -0300] "GET /manager/html HTTP/1.1" 401 2474
205.185.121.173 - - [12/Nov/2021:07:55:33 -0300] "GET /manager/html HTTP/1.1" 401 2474
205.185.121.173 - - [12/Nov/2021:07:57:53 -0300] "GET /manager/html HTTP/1.1" 401 2474
190.171.141.98 - - [12/Nov/2021:07:58:21 -0300] "GET /cormun/servlet/trsolicitudadjuntos?2021,17422, HTTP/1.1" 200 9133
190.171.141.98 - - [12/Nov/2021:07:58:22 -0300] "GET /cormun/servlet/hlogin HTTP/1.1" 200 1757
190.171.141.98 - - [12/Nov/2021:07:58:23 -0300] "GET /cormun/servlet/trsolicitudadjuntos?2021,17422, HTTP/1.1" 200 9149
190.171.141.98 - - [12/Nov/2021:07:58:23 -0300] "GET /cormun/servlet/trsolicitudadjuntos?2021,17422, HTTP/1.1" 200 9149
190.171.141.98 - - [12/Nov/2021:07:58:26 -0300] "POST /cormun/servlet/hlogin?8bdb5d92b058b71c31ad1b788834744d,gx-no-cache=1636713988661 HTTP/1.1" 200 90
190.171.141.98 - - [12/Nov/2021:07:58:26 -0300] "GET /cormun/servlet/hpexe_link HTTP/1.1" 200 970
190.171.141.98 - - [12/Nov/2021:07:58:26 -0300] "GET /cormun/servlet/trsolicitudadjuntos?2021,17422, HTTP/1.1" 200 9721
190.171.141.98 - - [12/Nov/2021:07:58:27 -0300] "GET /cormun/servlet/trsolicitudadjuntos?2021,17422, HTTP/1.1" 200 9731
190.171.141.98 - - [12/Nov/2021:07:58:30 -0300] "GET /cormun/servlet/trlicencias? HTTP/1.1" 200 10683
190.171.141.98 - - [12/Nov/2021:07:58:30 -0300] "GET /cormun/servlet/trlicencias? HTTP/1.1" 200 10671
205.185.121.173 - - [12/Nov/2021:08:00:06 -0300] "GET /manager/html HTTP/1.1" 401 2474
205.185.121.173 - - [12/Nov/2021:08:02:22 -0300] "GET /manager/html HTTP/1.1" 401 2474
205.185.121.173 - - [12/Nov/2021:08:04:35 -0300] "GET /manager/html HTTP/1.1" 401 2474
205.185.121.173 - - [12/Nov/2021:08:07:36 -0300] "GET /manager/html HTTP/1.1" 401 2474
205.185.121.173 - - [12/Nov/2021:08:10:11 -0300] "GET /manager/html HTTP/1.1" 401 2474
190.171.152.138 - - [12/Nov/2021:08:11:29 -0300] "GET /cormun/servlet/hlogin HTTP/1.1" 200 1727
190.171.152.138 - - [12/Nov/2021:08:11:43 -0300] "POST /cormun/servlet/hlogin?3a9f5d3b0122fe075284ffcbb3ebcd8c,gx-no-cache=1636714789725 HTTP/1.1" 200 90
190.171.152.138 - - [12/Nov/2021:08:11:43 -0300] "GET /cormun/servlet/hpexe_link HTTP/1.1" 200 952
190.171.152.138 - - [12/Nov/2021:08:11:43 -0300] "GET /cormun/servlet/hhome HTTP/1.1" 200 3854
190.171.152.138 - - [12/Nov/2021:08:11:44 -0300] "GET /cormun/servlet/hhome HTTP/1.1" 200 3851
190.171.152.138 - - [12/Nov/2021:08:11:47 -0300] "GET /cormun/servlet/trlicencias? HTTP/1.1" 200 11018
190.171.152.138 - - [12/Nov/2021:08:11:48 -0300] "GET /cormun/servlet/trlicencias? HTTP/1.1" 200 11015
190.171.152.138 - - [12/Nov/2021:08:12:29 -0300] "GET /cormun/servlet/hlogin HTTP/1.1" 200 1742
205.185.121.173 - - [12/Nov/2021:08:12:30 -0300] "GET /manager/html HTTP/1.1" 401 2474
205.185.121.173 - - [12/Nov/2021:08:14:44 -0300] "GET /manager/html HTTP/1.1" 401 2474
190.171.149.74 - - [12/Nov/2021:08:14:53 -0300] "GET /cormun/servlet/hlogin HTTP/1.1" 200 1729
190.171.149.74 - - [12/Nov/2021:08:15:02 -0300] "POST /cormun/servlet/hlogin?9f5000abf1975703ecd1386487f14ab4,gx-no-cache=1636718628610 HTTP/1.1" 200 90
190.171.149.74 - - [12/Nov/2021:08:15:02 -0300] "GET /cormun/servlet/hpexe_link HTTP/1.1" 200 955
190.171.149.74 - - [12/Nov/2021:08:15:02 -0300] "GET /cormun/servlet/hhome HTTP/1.1" 200 3982
190.171.149.74 - - [12/Nov/2021:08:15:03 -0300] "GET /cormun/servlet/hhome HTTP/1.1" 200 3979
190.171.149.74 - - [12/Nov/2021:08:15:06 -0300] "GET /cormun/servlet/trlicencias? HTTP/1.1" 200 9563
190.171.149.74 - - [12/Nov/2021:08:15:06 -0300] "GET /cormun/servlet/trlicencias? HTTP/1.1" 200 9560
66.249.85.97 - - [12/Nov/2021:08:15:32 -0300] "GET /cormun/static/Resources/Logo2019_Grande.png HTTP/1.1" 200 31733
205.185.121.173 - - [12/Nov/2021:08:17:14 -0300] "GET /manager/html HTTP/1.1" 401 2474
205.185.121.173 - - [12/Nov/2021:08:19:55 -0300] "GET /manager/html HTTP/1.1" 401 2474
192.168.10.96 - - [12/Nov/2021:08:21:11 -0300] "GET /cormun/servlet/hlogin HTTP/1.1" 200 1728
192.168.10.96 - - [12/Nov/2021:08:21:13 -0300] "POST /cormun/servlet/hlogin?00f5d66d7540ee12be557c9e0a6e0fb9,gx-no-cache=1636715217218 HTTP/1.1" 200 90
192.168.10.96 - - [12/Nov/2021:08:21:13 -0300] "GET /cormun/servlet/hpexe_link HTTP/1.1" 200 952
192.168.10.96 - - [12/Nov/2021:08:21:13 -0300] "GET /cormun/servlet/hhome HTTP/1.1" 200 3767
192.168.10.96 - - [12/Nov/2021:08:21:14 -0300] "GET /cormun/servlet/hhome HTTP/1.1" 200 3764
192.168.10.96 - - [12/Nov/2021:08:21:50 -0300] "GET /cormun/servlet/trsolicitudgral? HTTP/1.1" 200 19319
192.168.10.96 - - [12/Nov/2021:08:21:50 -0300] "GET /cormun/servlet/trsolicitudgral? HTTP/1.1" 200 19317
205.185.121.173 - - [12/Nov/2021:08:22:18 -0300] "GET /manager/html HTTP/1.1" 401 2474
66.249.85.97 - - [12/Nov/2021:08:23:29 -0300] "GET /cormun/static/Resources/Logo2019_Grande.png HTTP/1.1" 200 31733
205.185.121.173 - - [12/Nov/2021:08:24:46 -0300] "GET /manager/html HTTP/1.1" 401 2474
190.171.152.242 - - [12/Nov/2021:08:25:51 -0300] "GET /cormun/servlet/hlogin HTTP/1.1" 200 1728
190.171.152.242 - - [12/Nov/2021:08:25:51 -0300] "GET /cormun/servlet/hlogin HTTP/1.1" 200 1739
190.171.152.242 - - [12/Nov/2021:08:25:52 -0300] "GET /favicon.ico HTTP/1.1" 200 21630
192.168.10.96 - - [12/Nov/2021:08:25:55 -0300] "GET /cormun/servlet/trsolicitudgral? HTTP/1.1" 200 19317
192.168.10.96 - - [12/Nov/2021:08:25:55 -0300] "GET /cormun/servlet/trsolicitudgral? HTTP/1.1" 200 19317
190.171.152.242 - - [12/Nov/2021:08:25:58 -0300] "POST /cormun/servlet/hlogin?e89f50449832c81635a37ef5c81ee281,gx-no-cache=1636715642011 HTTP/1.1" 200 90
190.171.152.242 - - [12/Nov/2021:08:25:58 -0300] "GET /cormun/servlet/hpexe_link HTTP/1.1" 200 955
190.171.152.242 - - [12/Nov/2021:08:25:59 -0300] "GET /cormun/servlet/hhome HTTP/1.1" 200 4000
190.171.152.242 - - [12/Nov/2021:08:26:00 -0300] "GET /cormun/servlet/hhome HTTP/1.1" 200 3996
190.171.152.242 - - [12/Nov/2021:08:26:13 -0300] "GET /cormun/servlet/trlicencias? HTTP/1.1" 200 10542
190.171.152.242 - - [12/Nov/2021:08:26:13 -0300] "GET /cormun/servlet/trlicencias? HTTP/1.1" 200 10540
205.185.121.173 - - [12/Nov/2021:08:27:11 -0300] "GET /manager/html HTTP/1.1" 401 2474
190.171.152.242 - - [12/Nov/2021:08:28:28 -0300] "GET /cormun/servlet/hlogin HTTP/1.1" 200 1745
205.185.121.173 - - [12/Nov/2021:08:29:33 -0300] "GET /manager/html HTTP/1.1" 401 2474
205.185.121.173 - - [12/Nov/2021:08:31:54 -0300] "GET /manager/html HTTP/1.1" 401 2474
192.168.10.96 - - [12/Nov/2021:08:32:52 -0300] "GET /cormun/servlet/trsolicitudgral? HTTP/1.1" 200 19317
192.168.10.96 - - [12/Nov/2021:08:32:53 -0300] "GET /cormun/servlet/trsolicitudgral? HTTP/1.1" 200 19317
192.168.10.96 - - [12/Nov/2021:08:32:54 -0300] "GET /cormun/servlet/trautorizarot? HTTP/1.1" 200 10854
192.168.10.96 - - [12/Nov/2021:08:32:55 -0300] "GET /cormun/servlet/trautorizarot? HTTP/1.1" 200 10854
192.168.10.96 - - [12/Nov/2021:08:33:02 -0300] "POST /cormun/servlet/trautorizarot?00f5d66d7540ee12be557c9e0a6e0fb9,,gx-no-cache=1636715926004 HTTP/1.1" 200 5345
190.171.142.10 - - [12/Nov/2021:08:34:01 -0300] "GET /cormun/servlet/hlogin HTTP/1.1" 200 1726
190.171.142.10 - - [12/Nov/2021:08:34:03 -0300] "GET /cormun/servlet/hlogin HTTP/1.1" 200 1737
190.171.142.10 - - [12/Nov/2021:08:34:14 -0300] "POST /cormun/servlet/hlogin?fe0c2c2d8f1b3d627a51589f870f4ddf,gx-no-cache=1636716134346 HTTP/1.1" 200 90
190.171.142.10 - - [12/Nov/2021:08:34:15 -0300] "GET /cormun/servlet/hpexe_link HTTP/1.1" 200 956
190.171.142.10 - - [12/Nov/2021:08:34:15 -0300] "GET /cormun/servlet/hhome HTTP/1.1" 200 3990
190.171.142.10 - - [12/Nov/2021:08:34:18 -0300] "GET /cormun/servlet/hhome HTTP/1.1" 200 3986
205.185.121.173 - - [12/Nov/2021:08:34:19 -0300] "GET /manager/html HTTP/1.1" 401 2474
190.171.142.10 - - [12/Nov/2021:08:34:22 -0300] "GET /cormun/servlet/trlicencias? HTTP/1.1" 200 12046
190.171.142.10 - - [12/Nov/2021:08:34:23 -0300] "GET /cormun/servlet/trlicencias? HTTP/1.1" 200 12043
192.168.10.96 - - [12/Nov/2021:08:36:26 -0300] "GET /cormun/servlet/trsolicitudgral? HTTP/1.1" 200 19317
192.168.10.96 - - [12/Nov/2021:08:36:26 -0300] "GET /cormun/servlet/trsolicitudgral? HTTP/1.1" 200 19317
192.168.10.96 - - [12/Nov/2021:08:36:39 -0300] "POST /cormun/servlet/trsolicitudgral?00f5d66d7540ee12be557c9e0a6e0fb9,,gx-no-cache=1636716143050 HTTP/1.1" 200 16344
205.185.121.173 - - [12/Nov/2021:08:36:41 -0300] "GET /manager/html HTTP/1.1" 401 2474
190.171.149.74 - - [12/Nov/2021:08:39:06 -0300] "GET /cormun/servlet/trpermisosgoce? HTTP/1.1" 200 15494
190.171.149.74 - - [12/Nov/2021:08:39:07 -0300] "GET /cormun/servlet/trpermisosgoce? HTTP/1.1" 200 15494
205.185.121.173 - - [12/Nov/2021:08:39:11 -0300] "GET /manager/html HTTP/1.1" 401 2474
190.171.149.74 - - [12/Nov/2021:08:39:19 -0300] "GET /cormun/static/menuarrow.gif HTTP/1.1" 404 1015
190.171.149.74 - - [12/Nov/2021:08:39:23 -0300] "POST /cormun/servlet/trpermisosgoce?9f5000abf1975703ecd1386487f14ab4,,gx-no-cache=1636720089508 HTTP/1.1" 200 16239
190.171.149.74 - - [12/Nov/2021:08:40:02 -0300] "GET /cormun/servlet/trpermisosadjuntos?9072136,20210928082643,P, HTTP/1.1" 200 6305
190.171.149.74 - - [12/Nov/2021:08:40:02 -0300] "GET /cormun/servlet/trpermisosadjuntos?9072136,20210928082643,P, HTTP/1.1" 200 6304
190.171.149.74 - - [12/Nov/2021:08:40:05 -0300] "GET /cormun/servlet/permisosadjuntos?INS,9072136,P,20210928082643,, HTTP/1.1" 200 5628
190.171.149.74 - - [12/Nov/2021:08:40:05 -0300] "GET /cormun/static/about:blank HTTP/1.1" 404 1011
190.171.149.74 - - [12/Nov/2021:08:40:05 -0300] "GET /cormun/servlet/permisosadjuntos?INS,9072136,P,20210928082643,, HTTP/1.1" 200 5618
190.171.149.74 - - [12/Nov/2021:08:40:28 -0300] "POST /cormun/servlet/permisosadjuntos?9f5000abf1975703ecd1386487f14ab4,INS,9072136,P,20210928082643,, HTTP/1.1" 200 116
190.171.149.74 - - [12/Nov/2021:08:40:28 -0300] "GET /cormun/servlet/hpexe_return? HTTP/1.1" 200 1042
190.171.149.74 - - [12/Nov/2021:08:40:29 -0300] "GET /cormun/servlet/trpermisosadjuntos?9072136,20210928082643,P, HTTP/1.1" 200 6784
190.171.149.74 - - [12/Nov/2021:08:40:29 -0300] "GET /cormun/servlet/trpermisosadjuntos?9072136,20210928082643,P, HTTP/1.1" 200 6781
190.171.149.74 - - [12/Nov/2021:08:40:44 -0300] "GET /cormun/PublicTempStorage/olguin_ricardo_27-09915282.pdf HTTP/1.1" 200 430280
190.171.149.74 - - [12/Nov/2021:08:41:02 -0300] "GET /cormun/servlet/hlogin HTTP/1.1" 200 1729
190.171.149.74 - - [12/Nov/2021:08:41:19 -0300] "POST /cormun/servlet/hlogin?9f5000abf1975703ecd1386487f14ab4,gx-no-cache=1636720205384 HTTP/1.1" 200 90
190.171.149.74 - - [12/Nov/2021:08:41:19 -0300] "GET /cormun/servlet/hpexe_link HTTP/1.1" 200 988
190.171.149.74 - - [12/Nov/2021:08:41:19 -0300] "GET /cormun/servlet/trpermisosadjuntos?9072136,20210928082643,P, HTTP/1.1" 200 6783
190.171.149.74 - - [12/Nov/2021:08:41:20 -0300] "GET /cormun/servlet/trpermisosadjuntos?9072136,20210928082643,P, HTTP/1.1" 200 6781
190.171.149.74 - - [12/Nov/2021:08:41:23 -0300] "GET /cormun/servlet/trpermisosgoce? HTTP/1.1" 200 18883
190.171.149.74 - - [12/Nov/2021:08:41:24 -0300] "GET /cormun/servlet/trpermisosgoce? HTTP/1.1" 200 18883
205.185.121.173 - - [12/Nov/2021:08:41:28 -0300] "GET /manager/html HTTP/1.1" 401 2474
190.171.149.74 - - [12/Nov/2021:08:42:10 -0300] "GET /cormun/servlet/trpermisosadjuntos?7469771,20210929081541,P, HTTP/1.1" 200 6298
190.171.149.74 - - [12/Nov/2021:08:42:10 -0300] "GET /cormun/servlet/trpermisosadjuntos?7469771,20210929081541,P, HTTP/1.1" 200 6298
190.171.149.74 - - [12/Nov/2021:08:42:12 -0300] "GET /cormun/servlet/permisosadjuntos?INS,7469771,P,20210929081541,, HTTP/1.1" 200 5624
190.171.149.74 - - [12/Nov/2021:08:42:12 -0300] "GET /cormun/static/about:blank HTTP/1.1" 404 1011
190.171.149.74 - - [12/Nov/2021:08:42:12 -0300] "GET /cormun/servlet/permisosadjuntos?INS,7469771,P,20210929081541,, HTTP/1.1" 200 5614
190.171.149.74 - - [12/Nov/2021:08:42:26 -0300] "POST /cormun/servlet/permisosadjuntos?9f5000abf1975703ecd1386487f14ab4,INS,7469771,P,20210929081541,, HTTP/1.1" 200 116
190.171.149.74 - - [12/Nov/2021:08:42:27 -0300] "GET /cormun/servlet/hpexe_return? HTTP/1.1" 200 1041
190.171.149.74 - - [12/Nov/2021:08:42:27 -0300] "GET /cormun/servlet/trpermisosadjuntos?7469771,20210929081541,P, HTTP/1.1" 200 6775
190.171.149.74 - - [12/Nov/2021:08:42:27 -0300] "GET /cormun/servlet/trpermisosadjuntos?7469771,20210929081541,P, HTTP/1.1" 200 6770
190.171.149.74 - - [12/Nov/2021:08:42:34 -0300] "GET /cormun/servlet/trpermisosgoce? HTTP/1.1" 200 18882
190.171.149.74 - - [12/Nov/2021:08:42:34 -0300] "GET /cormun/servlet/trpermisosgoce? HTTP/1.1" 200 18883
190.171.149.74 - - [12/Nov/2021:08:43:02 -0300] "GET /cormun/servlet/trpermisosadjuntos?17523103,20210924081459,P, HTTP/1.1" 200 6302
190.171.149.74 - - [12/Nov/2021:08:43:02 -0300] "GET /cormun/servlet/trpermisosadjuntos?17523103,20210924081459,P, HTTP/1.1" 200 6301
190.171.149.74 - - [12/Nov/2021:08:43:04 -0300] "GET /cormun/servlet/permisosadjuntos?INS,17523103,P,20210924081459,, HTTP/1.1" 200 5628
190.171.149.74 - - [12/Nov/2021:08:43:05 -0300] "GET /cormun/static/about:blank HTTP/1.1" 404 1011
190.171.149.74 - - [12/Nov/2021:08:43:05 -0300] "GET /cormun/servlet/permisosadjuntos?INS,17523103,P,20210924081459,, HTTP/1.1" 200 5618
190.171.149.74 - - [12/Nov/2021:08:43:22 -0300] "POST /cormun/servlet/permisosadjuntos?9f5000abf1975703ecd1386487f14ab4,INS,17523103,P,20210924081459,, HTTP/1.1" 200 116
190.171.149.74 - - [12/Nov/2021:08:43:22 -0300] "GET /cormun/servlet/hpexe_return? HTTP/1.1" 200 1043
190.171.149.74 - - [12/Nov/2021:08:43:22 -0300] "GET /cormun/servlet/trpermisosadjuntos?17523103,20210924081459,P, HTTP/1.1" 200 6786
190.171.149.74 - - [12/Nov/2021:08:43:22 -0300] "GET /cormun/servlet/trpermisosadjuntos?17523103,20210924081459,P, HTTP/1.1" 200 6783
205.185.121.173 - - [12/Nov/2021:08:43:37 -0300] "GET /manager/html HTTP/1.1" 401 2474
190.171.149.74 - - [12/Nov/2021:08:43:41 -0300] "GET /cormun/servlet/trpermisosgoce? HTTP/1.1" 200 18883
190.171.149.74 - - [12/Nov/2021:08:43:41 -0300] "GET /cormun/servlet/trpermisosgoce? HTTP/1.1" 200 18883
181.212.43.89 - - [12/Nov/2021:08:44:30 -0300] "GET /cormun/servlet/hlogin HTTP/1.1" 200 1722
181.212.43.89 - - [12/Nov/2021:08:44:38 -0300] "POST /cormun/servlet/hlogin?ee3119a2a95b366eb3c9700aea72408b,gx-no-cache=1636716762593 HTTP/1.1" 200 90
181.212.43.89 - - [12/Nov/2021:08:44:38 -0300] "GET /cormun/servlet/hpexe_link HTTP/1.1" 200 947
181.212.43.89 - - [12/Nov/2021:08:44:39 -0300] "GET /cormun/servlet/hhome HTTP/1.1" 200 4001
181.212.43.89 - - [12/Nov/2021:08:44:41 -0300] "GET /cormun/servlet/hhome HTTP/1.1" 200 3997
181.212.43.89 - - [12/Nov/2021:08:44:46 -0300] "GET /cormun/servlet/trlicencias? HTTP/1.1" 200 13233
181.212.43.89 - - [12/Nov/2021:08:44:47 -0300] "GET /cormun/servlet/trlicencias? HTTP/1.1" 200 13230
181.212.43.89 - - [12/Nov/2021:08:44:54 -0300] "GET /cormun/servlet/trlicencias? HTTP/1.1" 200 13230
181.212.43.89 - - [12/Nov/2021:08:44:54 -0300] "GET /cormun/servlet/trlicencias? HTTP/1.1" 200 13230
181.212.43.89 - - [12/Nov/2021:08:45:03 -0300] "GET /cormun/servlet/trsolicitudot? HTTP/1.1" 200 7221
181.212.43.89 - - [12/Nov/2021:08:45:04 -0300] "GET /cormun/servlet/trsolicitudot? HTTP/1.1" 200 7221
181.212.43.89 - - [12/Nov/2021:08:45:08 -0300] "GET /cormun/servlet/solicitudot?INS,0,0,false, HTTP/1.1" 200 15639
181.212.43.89 - - [12/Nov/2021:08:45:09 -0300] "GET /cormun/servlet/solicitudot?INS,0,0,false, HTTP/1.1" 200 15647
190.171.142.10 - - [12/Nov/2021:08:45:21 -0300] "GET /cormun/servlet/hlogin HTTP/1.1" 200 1729
190.171.142.10 - - [12/Nov/2021:08:45:23 -0300] "GET /cormun/servlet/hlogin HTTP/1.1" 200 1739
190.171.142.10 - - [12/Nov/2021:08:45:30 -0300] "POST /cormun/servlet/hlogin?f56243aead33c62458abb040e98de1ee,gx-no-cache=1636716814220 HTTP/1.1" 200 90
190.171.142.10 - - [12/Nov/2021:08:45:30 -0300] "GET /cormun/servlet/hpexe_link HTTP/1.1" 200 955
190.171.142.10 - - [12/Nov/2021:08:45:31 -0300] "GET /cormun/servlet/hhome HTTP/1.1" 200 3988
181.212.43.89 - - [12/Nov/2021:08:45:31 -0300] "POST /cormun/servlet/solicitudot?gx-no-cache=1636716815005 HTTP/1.1" 200 3779
181.212.43.89 - - [12/Nov/2021:08:45:31 -0300] "POST /cormun/servlet/solicitudot?ee3119a2a95b366eb3c9700aea72408b,INS,0,0,false,,gx-no-cache=1636716815350 HTTP/1.1" 200 12277
190.171.142.10 - - [12/Nov/2021:08:45:32 -0300] "GET /cormun/servlet/hhome HTTP/1.1" 200 3985
181.212.43.89 - - [12/Nov/2021:08:45:34 -0300] "GET /cormun/servlet/solicitudot?262d8a4eae62bc2384b965e5566c84775bc0b11514718cf87b73ff2c6f3e3c30a56015ff12a4e0dd45ce1a7ae6a60e36,gx-no-cache=1636716818058 HTTP/1.1" 200 30
190.171.142.10 - - [12/Nov/2021:08:45:38 -0300] "GET /cormun/servlet/trlicencias? HTTP/1.1" 200 12046
190.171.142.10 - - [12/Nov/2021:08:45:40 -0300] "GET /cormun/servlet/trlicencias? HTTP/1.1" 200 12044
190.171.142.10 - - [12/Nov/2021:08:45:42 -0300] "POST /cormun/servlet/trlicencias?f56243aead33c62458abb040e98de1ee,,gx-no-cache=1636716826413 HTTP/1.1" 200 9531
205.185.121.173 - - [12/Nov/2021:08:45:54 -0300] "GET /manager/html HTTP/1.1" 401 2474
190.171.149.74 - - [12/Nov/2021:08:46:08 -0300] "POST /cormun/servlet/trpermisosgoce?9f5000abf1975703ecd1386487f14ab4,,gx-no-cache=1636720494393 HTTP/1.1" 200 6443
190.171.149.74 - - [12/Nov/2021:08:46:08 -0300] "GET /cormun/static/Resources/PXToolsGridFirst.gif HTTP/1.1" 200 379
190.171.149.74 - - [12/Nov/2021:08:46:08 -0300] "GET /cormun/static/Resources/PXToolsGridPrevious.gif HTTP/1.1" 200 369
181.212.43.89 - - [12/Nov/2021:08:47:57 -0300] "GET /cormun/servlet/prbanco?,MD,,gxPopupLevel%3D0%3B HTTP/1.1" 200 6565
181.212.43.89 - - [12/Nov/2021:08:47:57 -0300] "GET /cormun/static/gxcfg.js?20201216131581 HTTP/1.1" 200 953
181.212.43.89 - - [12/Nov/2021:08:47:57 -0300] "GET /cormun/static/prbanco.js?20201216132311 HTTP/1.1" 200 10693
181.212.43.89 - - [12/Nov/2021:08:48:02 -0300] "GET /cormun/servlet/solicitudot?262d8a4eae62bc2384b965e5566c8477e814822ae9ad1cbf49ef96179b7014741912a3ca0904bbe0e392455d16a9f57ba56015ff12a4e0dd45ce1a7ae6a60e36,gx-no-cache=1636716966881 HTTP/1.1" 200 30
181.212.43.89 - - [12/Nov/2021:08:48:04 -0300] "GET /cormun/servlet/solicitudot?262d8a4eae62bc2384b965e5566c8477b6ede37ca467a3ad04ca2f7be5a2fd7e,gx-no-cache=1636716968945 HTTP/1.1" 200 53
205.185.121.173 - - [12/Nov/2021:08:48:08 -0300] "GET /manager/html HTTP/1.1" 401 2474
190.171.149.74 - - [12/Nov/2021:08:48:16 -0300] "GET /cormun/servlet/trpermisosadjuntos?5821441,20210923085944,P, HTTP/1.1" 200 6302
190.171.149.74 - - [12/Nov/2021:08:48:16 -0300] "GET /cormun/servlet/trpermisosadjuntos?5821441,20210923085944,P, HTTP/1.1" 200 6302
190.171.149.74 - - [12/Nov/2021:08:48:18 -0300] "GET /cormun/servlet/permisosadjuntos?INS,5821441,P,20210923085944,, HTTP/1.1" 200 5629
190.171.149.74 - - [12/Nov/2021:08:48:18 -0300] "GET /cormun/static/about:blank HTTP/1.1" 404 1011
190.171.149.74 - - [12/Nov/2021:08:48:18 -0300] "GET /cormun/servlet/permisosadjuntos?INS,5821441,P,20210923085944,, HTTP/1.1" 200 5619
190.171.142.10 - - [12/Nov/2021:08:48:21 -0300] "GET /cormun/servlet/hlogin HTTP/1.1" 200 1726
181.212.43.89 - - [12/Nov/2021:08:48:24 -0300] "POST /cormun/servlet/solicitudot?gx-no-cache=1636716988490 HTTP/1.1" 200 297
181.212.43.89 - - [12/Nov/2021:08:48:29 -0300] "GET /cormun/servlet/solicitudot?262d8a4eae62bc2384b965e5566c8477c83cf0d97eee3005c5a571ceb866f63c63e6916c3d5f94376ea17a8c45e3f81ce76b70078715909de75bd8300c73d4320b0323aa69d20356bef37750046187fe45592fa9749a71845d2f49db9cee06e48580abd9128dd5eef91c61e9a77269582ba1a5194ad9b2238d2169c2aa4482c991646a605200df8fa554a2790eb0e490b73cfb1ab5bd5faf62c613f6b34ac9843b020bd0cab6cc1386e2cbe3ed616038ee364968eb738d136238714cda422a426aa7968c17827bcf8f53e39910467526b65cd15a6e3de0b1c5f24d8e265bc3ada275282e84231dbe4801176d79644dccd3061964a8b00ca9230668cbc86ea55f17621a979fd072bd0fcb58a8afbacc976cbdff82c0c7f96fe53f9a6f2db3d20b6c5caf48a2956209f35d26c0da638a90dabb8c09c8392f91c68efb611e5cfa82a0110804a82268cdafcb25e9cd4862757bd8170549a72dab852eef1b688f255c0e05a96b61190f216cc4152bf50f78614e2387242c4989298a8a88a22552b5149fc6428137f6f95f6751d788171c8d9e,gx-no-cache=1636716993321 HTTP/1.1" 200 30
190.171.149.74 - - [12/Nov/2021:08:48:30 -0300] "POST /cormun/servlet/permisosadjuntos?9f5000abf1975703ecd1386487f14ab4,INS,5821441,P,20210923085944,, HTTP/1.1" 200 116
190.171.149.74 - - [12/Nov/2021:08:48:30 -0300] "GET /cormun/servlet/hpexe_return? HTTP/1.1" 200 1042
190.171.149.74 - - [12/Nov/2021:08:48:30 -0300] "GET /cormun/servlet/trpermisosadjuntos?5821441,20210923085944,P, HTTP/1.1" 200 6794
190.171.149.74 - - [12/Nov/2021:08:48:31 -0300] "GET /cormun/servlet/trpermisosadjuntos?5821441,20210923085944,P, HTTP/1.1" 200 6790
181.212.43.89 - - [12/Nov/2021:08:48:32 -0300] "POST /cormun/servlet/solicitudot?gx-no-cache=1636716996403 HTTP/1.1" 200 30
190.171.149.74 - - [12/Nov/2021:08:48:34 -0300] "GET /cormun/servlet/trpermisosgoce? HTTP/1.1" 200 9163
190.171.149.74 - - [12/Nov/2021:08:48:34 -0300] "GET /cormun/servlet/trpermisosgoce? HTTP/1.1" 200 9161
190.171.142.10 - - [12/Nov/2021:08:48:34 -0300] "POST /cormun/servlet/hlogin?fe0c2c2d8f1b3d627a51589f870f4ddf,gx-no-cache=1636716994202 HTTP/1.1" 200 90
190.171.142.10 - - [12/Nov/2021:08:48:34 -0300] "GET /cormun/servlet/hpexe_link HTTP/1.1" 200 960
190.171.142.10 - - [12/Nov/2021:08:48:35 -0300] "GET /cormun/servlet/trlicencias HTTP/1.1" 200 12045
190.171.142.10 - - [12/Nov/2021:08:48:35 -0300] "GET /cormun/servlet/trlicencias HTTP/1.1" 200 12043
181.212.43.89 - - [12/Nov/2021:08:49:03 -0300] "GET /cormun/servlet/prlicenciaspermisos?19854135,L,,MD,,gxPopupLevel%3D0%3B HTTP/1.1" 200 5618
181.212.43.89 - - [12/Nov/2021:08:49:03 -0300] "GET /cormun/static/gxcfg.js?2020121559567 HTTP/1.1" 200 953
181.212.43.89 - - [12/Nov/2021:08:49:03 -0300] "GET /cormun/static/prlicenciaspermisos.js?2020121559821 HTTP/1.1" 200 13379
181.212.43.89 - - [12/Nov/2021:08:49:09 -0300] "POST /cormun/servlet/solicitudot?gx-no-cache=1636717033410 HTTP/1.1" 200 1443
181.212.43.89 - - [12/Nov/2021:08:49:29 -0300] "POST /cormun/servlet/solicitudot?gx-no-cache=1636717053610 HTTP/1.1" 200 40
190.171.142.10 - - [12/Nov/2021:08:50:01 -0300] "GET /cormun/servlet/hlogin HTTP/1.1" 200 1726
190.171.142.10 - - [12/Nov/2021:08:50:10 -0300] "POST /cormun/servlet/hlogin?fe0c2c2d8f1b3d627a51589f870f4ddf,gx-no-cache=1636717090636 HTTP/1.1" 200 90
190.171.142.10 - - [12/Nov/2021:08:50:11 -0300] "GET /cormun/servlet/hpexe_link HTTP/1.1" 200 960
181.212.43.89 - - [12/Nov/2021:08:50:11 -0300] "GET /cormun/servlet/solicitudot?262d8a4eae62bc2384b965e5566c84771d49e74f79c6f2abc074853a74b05225f84bb2aa1b440b09ee202b40af36c181bea88f9f4540f38f1d09e50a06b85e1d965b00d8c4abd6336d0ebe52f04a35e7b20bb52accc7fb1e15767674f8b99d93d2b81f15635623de0522ce7bc27d1783,gx-no-cache=1636717095060 HTTP/1.1" 200 110
181.212.43.89 - - [12/Nov/2021:08:50:11 -0300] "POST /cormun/servlet/solicitudot?gx-no-cache=1636717095122 HTTP/1.1" 200 59
190.171.142.10 - - [12/Nov/2021:08:50:11 -0300] "GET /cormun/servlet/trlicencias HTTP/1.1" 200 12045
190.171.142.10 - - [12/Nov/2021:08:50:11 -0300] "GET /cormun/servlet/trlicencias HTTP/1.1" 200 12043
181.212.43.89 - - [12/Nov/2021:08:50:15 -0300] "GET /cormun/servlet/solicitudot?262d8a4eae62bc2384b965e5566c8477ddbe13eb7ae293abd4c73d20ee3c52e541201fa354404948f08fefbaedeb770f2cca415e2fe9d9656015beaad082f019f840f8235974efa74372a473f65f11c2dd1b3ae255be909d26508b08eb9018e5d29acfa7dc5ff7f7ad73713635e969ad,gx-no-cache=1636717099944 HTTP/1.1" 200 29
181.212.43.89 - - [12/Nov/2021:08:50:16 -0300] "GET /cormun/static/menuarrow.gif HTTP/1.1" 404 1015
181.212.43.89 - - [12/Nov/2021:08:50:19 -0300] "GET /cormun/servlet/solicitudot?262d8a4eae62bc2384b965e5566c847747e69902f51f31c5c909c634ff8f82a1c123b1df1b54e855f9e5b321184d7275,gx-no-cache=1636717103337 HTTP/1.1" 200 30
181.212.43.89 - - [12/Nov/2021:08:50:19 -0300] "POST /cormun/servlet/solicitudot?gx-no-cache=1636717103365 HTTP/1.1" 200 34
181.212.43.89 - - [12/Nov/2021:08:50:22 -0300] "POST /cormun/servlet/solicitudot?ee3119a2a95b366eb3c9700aea72408b,INS,0,0,false,,gx-no-cache=1636717106076 HTTP/1.1" 200 93
181.212.43.89 - - [12/Nov/2021:08:50:23 -0300] "GET /cormun/servlet/hpexe_return? HTTP/1.1" 200 1007
181.212.43.89 - - [12/Nov/2021:08:50:23 -0300] "GET /cormun/servlet/trsolicitudot HTTP/1.1" 200 8616
181.212.43.89 - - [12/Nov/2021:08:50:24 -0300] "GET /cormun/servlet/trsolicitudot HTTP/1.1" 200 8612
181.212.43.89 - - [12/Nov/2021:08:50:28 -0300] "POST /cormun/servlet/trsolicitudot?ee3119a2a95b366eb3c9700aea72408b,gx-no-cache=1636717112087 HTTP/1.1" 200 107
181.212.43.89 - - [12/Nov/2021:08:50:28 -0300] "GET /cormun/servlet/trsolicitudadjuntos?2021,17794, HTTP/1.1" 200 6106
181.212.43.89 - - [12/Nov/2021:08:50:28 -0300] "GET /cormun/static/gxcfg.js?20201215574222 HTTP/1.1" 200 953
181.212.43.89 - - [12/Nov/2021:08:50:28 -0300] "GET /cormun/static/Resources/PXToolsGridNew.png HTTP/1.1" 200 427
181.212.43.89 - - [12/Nov/2021:08:50:28 -0300] "GET /cormun/static/trsolicitudadjuntos.js?20201215574932 HTTP/1.1" 200 17922
205.185.121.173 - - [12/Nov/2021:08:50:28 -0300] "GET /manager/html HTTP/1.1" 401 2474
181.212.43.89 - - [12/Nov/2021:08:50:28 -0300] "GET /cormun/servlet/trsolicitudadjuntos?2021,17794, HTTP/1.1" 200 6106
181.212.43.89 - - [12/Nov/2021:08:50:31 -0300] "GET /cormun/servlet/solicitudotadjuntos?INS,2021,17794,,1, HTTP/1.1" 200 6051
181.212.43.89 - - [12/Nov/2021:08:50:31 -0300] "GET /cormun/static/gxcfg.js?202012157947 HTTP/1.1" 200 953
181.212.43.89 - - [12/Nov/2021:08:50:31 -0300] "GET /cormun/static/solicitudotadjuntos.js?202012157966 HTTP/1.1" 200 11771
181.212.43.89 - - [12/Nov/2021:08:50:31 -0300] "GET /cormun/static/about:blank HTTP/1.1" 404 1011
181.212.43.89 - - [12/Nov/2021:08:50:31 -0300] "GET /cormun/servlet/solicitudotadjuntos?INS,2021,17794,,1, HTTP/1.1" 200 6045
181.212.43.89 - - [12/Nov/2021:08:50:32 -0300] "GET /cormun/servlet/solicitudotadjuntos?262d8a4eae62bc2384b965e5566c8477aa4de1b9f6e5e6fa39b668b761eb5f03f0572603ec91eca181a7977c5a4e4648,gx-no-cache=1636717116315 HTTP/1.1" 200 30
181.212.43.89 - - [12/Nov/2021:08:50:32 -0300] "POST /cormun/servlet/solicitudotadjuntos?ee3119a2a95b366eb3c9700aea72408b,INS,2021,17794,,1,,gx-no-cache=1636717116356 HTTP/1.1" 200 3884
181.212.43.89 - - [12/Nov/2021:08:50:35 -0300] "POST /cormun/servlet/solicitudotadjuntos?gx-no-cache=1636717119373 HTTP/1.1" 200 26
181.212.43.89 - - [12/Nov/2021:08:51:04 -0300] "GET /cormun/servlet/solicitudotadjuntos?262d8a4eae62bc2384b965e5566c84772dd328be19bea64e56d0c97e6c94c27c,gx-no-cache=1636717148242 HTTP/1.1" 200 30
181.212.43.89 - - [12/Nov/2021:08:51:04 -0300] "GET /cormun/servlet/solicitudotadjuntos?262d8a4eae62bc2384b965e5566c84772dd328be19bea64e56d0c97e6c94c27c,gx-no-cache=1636717148303 HTTP/1.1" 200 30
181.212.43.89 - - [12/Nov/2021:08:51:04 -0300] "POST /cormun/servlet/solicitudotadjuntos?ee3119a2a95b366eb3c9700aea72408b,INS,2021,17794,,1, HTTP/1.1" 200 116
181.212.43.89 - - [12/Nov/2021:08:51:04 -0300] "GET /cormun/servlet/hpexe_return? HTTP/1.1" 200 1025
181.212.43.89 - - [12/Nov/2021:08:51:05 -0300] "GET /cormun/servlet/trsolicitudadjuntos?2021,17794, HTTP/1.1" 200 8927
181.212.43.89 - - [12/Nov/2021:08:51:06 -0300] "GET /cormun/servlet/trsolicitudadjuntos?2021,17794, HTTP/1.1" 200 8922
181.212.43.89 - - [12/Nov/2021:08:51:08 -0300] "GET /cormun/servlet/solicitudotadjuntos?INS,2021,17794,,1, HTTP/1.1" 200 6051
181.212.43.89 - - [12/Nov/2021:08:51:08 -0300] "GET /cormun/static/about:blank HTTP/1.1" 404 1011
181.212.43.89 - - [12/Nov/2021:08:51:09 -0300] "GET /cormun/servlet/solicitudotadjuntos?INS,2021,17794,,1, HTTP/1.1" 200 6045
181.212.43.89 - - [12/Nov/2021:08:51:09 -0300] "GET /cormun/servlet/solicitudotadjuntos?262d8a4eae62bc2384b965e5566c8477aa4de1b9f6e5e6fa39b668b761eb5f03f0572603ec91eca181a7977c5a4e4648,gx-no-cache=1636717153563 HTTP/1.1" 200 30
181.212.43.89 - - [12/Nov/2021:08:51:09 -0300] "POST /cormun/servlet/solicitudotadjuntos?ee3119a2a95b366eb3c9700aea72408b,INS,2021,17794,,1,,gx-no-cache=1636717153589 HTTP/1.1" 200 3884
181.212.43.89 - - [12/Nov/2021:08:51:11 -0300] "POST /cormun/servlet/solicitudotadjuntos?gx-no-cache=1636717155466 HTTP/1.1" 200 26
181.212.43.89 - - [12/Nov/2021:08:51:18 -0300] "GET /cormun/servlet/solicitudotadjuntos?262d8a4eae62bc2384b965e5566c84772dd328be19bea64e56d0c97e6c94c27c,gx-no-cache=1636717162648 HTTP/1.1" 200 30
181.212.43.89 - - [12/Nov/2021:08:51:18 -0300] "GET /cormun/servlet/solicitudotadjuntos?262d8a4eae62bc2384b965e5566c84772dd328be19bea64e56d0c97e6c94c27c,gx-no-cache=1636717162676 HTTP/1.1" 200 30
181.212.43.89 - - [12/Nov/2021:08:51:19 -0300] "POST /cormun/servlet/solicitudotadjuntos?ee3119a2a95b366eb3c9700aea72408b,INS,2021,17794,,1, HTTP/1.1" 200 116
181.212.43.89 - - [12/Nov/2021:08:51:19 -0300] "GET /cormun/servlet/hpexe_return? HTTP/1.1" 200 1025
181.212.43.89 - - [12/Nov/2021:08:51:19 -0300] "GET /cormun/servlet/trsolicitudadjuntos?2021,17794, HTTP/1.1" 200 9174
181.212.43.89 - - [12/Nov/2021:08:51:20 -0300] "GET /cormun/servlet/trsolicitudadjuntos?2021,17794, HTTP/1.1" 200 9170
181.212.43.89 - - [12/Nov/2021:08:51:21 -0300] "GET /cormun/servlet/solicitudotadjuntos?INS,2021,17794,,1, HTTP/1.1" 200 6050
181.212.43.89 - - [12/Nov/2021:08:51:22 -0300] "GET /cormun/static/about:blank HTTP/1.1" 404 1011
181.212.43.89 - - [12/Nov/2021:08:51:22 -0300] "GET /cormun/servlet/solicitudotadjuntos?INS,2021,17794,,1, HTTP/1.1" 200 6044
181.212.43.89 - - [12/Nov/2021:08:51:22 -0300] "GET /cormun/servlet/solicitudotadjuntos?262d8a4eae62bc2384b965e5566c8477aa4de1b9f6e5e6fa39b668b761eb5f03f0572603ec91eca181a7977c5a4e4648,gx-no-cache=1636717166606 HTTP/1.1" 200 30
181.212.43.89 - - [12/Nov/2021:08:51:22 -0300] "POST /cormun/servlet/solicitudotadjuntos?ee3119a2a95b366eb3c9700aea72408b,INS,2021,17794,,1,,gx-no-cache=1636717166633 HTTP/1.1" 200 3883
181.212.43.89 - - [12/Nov/2021:08:51:27 -0300] "POST /cormun/servlet/solicitudotadjuntos?gx-no-cache=1636717171215 HTTP/1.1" 200 26
181.212.43.89 - - [12/Nov/2021:08:51:36 -0300] "GET /cormun/servlet/solicitudotadjuntos?262d8a4eae62bc2384b965e5566c84772dd328be19bea64e56d0c97e6c94c27c,gx-no-cache=1636717180134 HTTP/1.1" 200 30
181.212.43.89 - - [12/Nov/2021:08:51:36 -0300] "GET /cormun/servlet/solicitudotadjuntos?262d8a4eae62bc2384b965e5566c84772dd328be19bea64e56d0c97e6c94c27c,gx-no-cache=1636717180155 HTTP/1.1" 200 30
181.212.43.89 - - [12/Nov/2021:08:51:36 -0300] "POST /cormun/servlet/solicitudotadjuntos?ee3119a2a95b366eb3c9700aea72408b,INS,2021,17794,,1, HTTP/1.1" 200 116
181.212.43.89 - - [12/Nov/2021:08:51:36 -0300] "GET /cormun/servlet/hpexe_return? HTTP/1.1" 200 1025
181.212.43.89 - - [12/Nov/2021:08:51:37 -0300] "GET /cormun/servlet/trsolicitudadjuntos?2021,17794, HTTP/1.1" 200 9346
181.212.43.89 - - [12/Nov/2021:08:51:37 -0300] "GET /cormun/servlet/trsolicitudadjuntos?2021,17794, HTTP/1.1" 200 9347
181.212.43.89 - - [12/Nov/2021:08:51:39 -0300] "GET /cormun/servlet/solicitudotadjuntos?INS,2021,17794,,1, HTTP/1.1" 200 6050
181.212.43.89 - - [12/Nov/2021:08:51:40 -0300] "GET /cormun/static/about:blank HTTP/1.1" 404 1011
181.212.43.89 - - [12/Nov/2021:08:51:40 -0300] "GET /cormun/servlet/solicitudotadjuntos?INS,2021,17794,,1, HTTP/1.1" 200 6044
181.212.43.89 - - [12/Nov/2021:08:51:40 -0300] "GET /cormun/servlet/solicitudotadjuntos?262d8a4eae62bc2384b965e5566c8477aa4de1b9f6e5e6fa39b668b761eb5f03f0572603ec91eca181a7977c5a4e4648,gx-no-cache=1636717184828 HTTP/1.1" 200 30
181.212.43.89 - - [12/Nov/2021:08:51:40 -0300] "POST /cormun/servlet/solicitudotadjuntos?ee3119a2a95b366eb3c9700aea72408b,INS,2021,17794,,1,,gx-no-cache=1636717184862 HTTP/1.1" 200 3883
181.212.43.89 - - [12/Nov/2021:08:51:43 -0300] "POST /cormun/servlet/solicitudotadjuntos?gx-no-cache=1636717187657 HTTP/1.1" 200 26
181.212.43.89 - - [12/Nov/2021:08:51:51 -0300] "GET /cormun/servlet/solicitudotadjuntos?262d8a4eae62bc2384b965e5566c84772dd328be19bea64e56d0c97e6c94c27c,gx-no-cache=1636717195862 HTTP/1.1" 200 30
181.212.43.89 - - [12/Nov/2021:08:51:51 -0300] "GET /cormun/servlet/solicitudotadjuntos?262d8a4eae62bc2384b965e5566c84772dd328be19bea64e56d0c97e6c94c27c,gx-no-cache=1636717195880 HTTP/1.1" 200 30
181.212.43.89 - - [12/Nov/2021:08:51:52 -0300] "POST /cormun/servlet/solicitudotadjuntos?ee3119a2a95b366eb3c9700aea72408b,INS,2021,17794,,1, HTTP/1.1" 200 116
181.212.43.89 - - [12/Nov/2021:08:51:52 -0300] "GET /cormun/servlet/hpexe_return? HTTP/1.1" 200 1025
181.212.43.89 - - [12/Nov/2021:08:51:53 -0300] "GET /cormun/servlet/trsolicitudadjuntos?2021,17794, HTTP/1.1" 200 9602
181.212.43.89 - - [12/Nov/2021:08:51:53 -0300] "GET /cormun/servlet/trsolicitudadjuntos?2021,17794, HTTP/1.1" 200 9597
181.212.43.89 - - [12/Nov/2021:08:51:55 -0300] "GET /cormun/servlet/solicitudotadjuntos?INS,2021,17794,,1, HTTP/1.1" 200 6050
181.212.43.89 - - [12/Nov/2021:08:51:55 -0300] "GET /cormun/static/about:blank HTTP/1.1" 404 1011
