190.171.144.234 - - [09/Nov/2021:10:14:50 -0300] "GET /cormun/servlet/solicitudot?e5458d0af8d97edb48d5ae5ff173a26536bacdda463e8cd391f7fc70952bb72eb8e97ebcce99d2181e00bbde6eb1e4172adaee497cd0e72b05a3d983384464fc9582a7b3c350cf7f4621270978b97aa4,gx-no-cache=1636462974686 HTTP/1.1" 200 30
190.171.144.234 - - [09/Nov/2021:10:14:52 -0300] "GET /cormun/servlet/solicitudot?e5458d0af8d97edb48d5ae5ff173a265bdcdfb91c8912a8aef7120c6c1e8a0cc,gx-no-cache=1636462976505 HTTP/1.1" 200 53
200.54.107.2 - - [09/Nov/2021:10:15:04 -0300] "GET /cormun/static/Resources/PXToolsActionDisabled.gif HTTP/1.1" 200 53
190.171.144.234 - - [09/Nov/2021:10:15:11 -0300] "POST /cormun/servlet/solicitudot?f6fe1df58ea48e537cf1e4ae2f9be0fd,INS,0,0,false,,gx-no-cache=1636462993990 HTTP/1.1" 200 12473
190.171.144.234 - - [09/Nov/2021:10:15:11 -0300] "GET /cormun/static/Shared/jqueryui/images/ui-bg_highlight-soft_100_c6c2c8_1x100.png HTTP/1.1" 404 1117
190.171.144.234 - - [09/Nov/2021:10:15:11 -0300] "GET /cormun/static/Shared/jqueryui/images/ui-icons_82798d_256x240.png HTTP/1.1" 404 1089
190.171.144.234 - - [09/Nov/2021:10:15:11 -0300] "GET /cormun/static/Shared/jqueryui/images/ui-bg_flat_55_fafafa_40x100.png HTTP/1.1" 404 1097
190.171.144.234 - - [09/Nov/2021:10:15:11 -0300] "GET /cormun/static/Shared/jqueryui/images/ui-icons_8d78a5_256x240.png HTTP/1.1" 404 1089
190.171.144.234 - - [09/Nov/2021:10:15:17 -0300] "GET /cormun/servlet/solicitudot?e5458d0af8d97edb48d5ae5ff173a26536bacdda463e8cd391f7fc70952bb72eb8e97ebcce99d2181e00bbde6eb1e4172adaee497cd0e72b05a3d983384464fc726758fb30025869140530cf018111cc,gx-no-cache=1636463001427 HTTP/1.1" 200 30
190.171.144.234 - - [09/Nov/2021:10:15:17 -0300] "GET /cormun/servlet/solicitudot?e5458d0af8d97edb48d5ae5ff173a26524f8d82a4f78622f89b6cd0072fcf80ce22d367c518b4b28a002c9629235ac9c844b3a18e7f677e1f98334b2eea64a05,gx-no-cache=1636463001462 HTTP/1.1" 200 53
190.171.144.234 - - [09/Nov/2021:10:15:19 -0300] "POST /cormun/servlet/solicitudot?gx-no-cache=1636463003807 HTTP/1.1" 200 255
190.171.144.234 - - [09/Nov/2021:10:15:23 -0300] "GET /cormun/servlet/solicitudot?e5458d0af8d97edb48d5ae5ff173a265400bcc7a68cc49b1a2d01bfb238f001785aeeb153bc5379cf68e87c7b9ee6cd0c7fd6a281917f75d703a74bfd9365ec1a278a498334486478747814a2f4914c1d65f54095449f6367c3a4b184029f70be382aa9e297b9151895d151f897bd22973a34ed7d34d57c8d8a34e2c7367e128d42918d0ce3c5b258b950bdb00fa79ca95225ac254de239c8293ac109f7faff1a20a4baf488839011296e0ecaa73e13273a4cb35b04cac2b9873e13b4d52225e966dd5cea3c6066cb5ce01ae447bbc297f70c8cff73e6ef5eb90e991c786474ec693325685e115c46fe940284360ea67c7eff9102fd2a29b241674dd577d1d5f739479b82e9b173b92bae35eaed5e833845b264ea98ea358178f55701d29805d848cd37c1e3d9002fb6dc4ba0fcecf970b81442aa8b49b71b5bec161e8daf753d39ae6d6e0e978781d17dcb4f1a608eb6a7896e43afb8cbe6b05d6f82c1e87cafab58f31f3237980bca11319978ecb64f18ea4f23f05460d4820a0566590aa2e,gx-no-cache=1636463007598 HTTP/1.1" 200 30
190.171.144.234 - - [09/Nov/2021:10:15:46 -0300] "POST /cormun/servlet/solicitudot?gx-no-cache=1636463031258 HTTP/1.1" 200 30
190.171.144.234 - - [09/Nov/2021:10:15:49 -0300] "POST /cormun/servlet/solicitudot?gx-no-cache=1636463034053 HTTP/1.1" 200 1438
190.171.144.234 - - [09/Nov/2021:10:15:49 -0300] "POST /cormun/servlet/solicitudot?gx-no-cache=1636463034122 HTTP/1.1" 200 38
190.171.142.10 - - [09/Nov/2021:10:15:54 -0300] "GET /cormun/servlet/hlogin HTTP/1.1" 200 1732
190.171.142.10 - - [09/Nov/2021:10:15:58 -0300] "POST /cormun/servlet/hlogin?5e6cba69dcf3031aaf60ba569c905106,gx-no-cache=1636463042950 HTTP/1.1" 200 90
190.171.142.10 - - [09/Nov/2021:10:15:58 -0300] "GET /cormun/servlet/hpexe_link HTTP/1.1" 200 966
205.185.121.173 - - [09/Nov/2021:10:16:27 -0300] "GET /manager/html HTTP/1.1" 401 2474
190.171.144.234 - - [09/Nov/2021:10:16:29 -0300] "GET /cormun/servlet/solicitudot?e5458d0af8d97edb48d5ae5ff173a265d0ae23d34f2cc105498f46c259e462f5d3690985a5bab4f916e5c46a60deed39d2bff88c346dcda9d4e9ff4161a6251bb545b365f763a50046d57ad174818f209e6dd6db6d74dc340947838265f9f898bc13c5abbf2bdfafa05297a10829f1d3,gx-no-cache=1636463074258 HTTP/1.1" 200 110
190.171.144.234 - - [09/Nov/2021:10:16:36 -0300] "POST /cormun/servlet/solicitudot?gx-no-cache=1636463081085 HTTP/1.1" 200 97
190.171.144.234 - - [09/Nov/2021:10:16:53 -0300] "GET /cormun/servlet/solicitudot?e5458d0af8d97edb48d5ae5ff173a2658d1437096ec8f49add45b048e839691793cdda4ba97c624598fae0050e7eb77d2bb2ebb7f8c532f86cc2adbaed5fbeeb5c0c2886afce6f56c439081ed1657ef71424692cd86d25c0f3015d1879f791a031aa096cc33452a7559f68c2495552d2,gx-no-cache=1636463097670 HTTP/1.1" 200 29
190.171.144.234 - - [09/Nov/2021:10:16:53 -0300] "GET /cormun/static/menuarrow.gif HTTP/1.1" 404 1015
190.171.144.234 - - [09/Nov/2021:10:17:01 -0300] "GET /cormun/servlet/solicitudot?e5458d0af8d97edb48d5ae5ff173a265ac2b14372280875be204410e57113910fe1f8a1293ec23de0881522ab2db68c1,gx-no-cache=1636463105730 HTTP/1.1" 200 30
190.171.144.234 - - [09/Nov/2021:10:17:05 -0300] "POST /cormun/servlet/solicitudot?gx-no-cache=1636463109914 HTTP/1.1" 200 30
190.171.144.234 - - [09/Nov/2021:10:17:28 -0300] "POST /cormun/servlet/solicitudot?f6fe1df58ea48e537cf1e4ae2f9be0fd,INS,0,0,false,,gx-no-cache=1636463131958 HTTP/1.1" 200 93
190.171.144.234 - - [09/Nov/2021:10:17:29 -0300] "GET /cormun/servlet/hpexe_return? HTTP/1.1" 200 1015
190.171.144.234 - - [09/Nov/2021:10:17:29 -0300] "GET /cormun/servlet/trsolicitudot HTTP/1.1" 200 8621
190.171.144.234 - - [09/Nov/2021:10:17:30 -0300] "GET /cormun//static/Resources/PXToolsActionView.png HTTP/1.1" 200 398
190.171.144.234 - - [09/Nov/2021:10:17:30 -0300] "GET /cormun//static/Resources/PXToolsRemoveAllAction.png HTTP/1.1" 200 487
190.171.144.234 - - [09/Nov/2021:10:17:30 -0300] "GET /cormun/servlet/trsolicitudot HTTP/1.1" 200 8617
190.171.144.234 - - [09/Nov/2021:10:17:33 -0300] "POST /cormun/servlet/trsolicitudot?f6fe1df58ea48e537cf1e4ae2f9be0fd,gx-no-cache=1636463138173 HTTP/1.1" 200 106
190.171.144.234 - - [09/Nov/2021:10:17:34 -0300] "GET /cormun/servlet/trsolicitudadjuntos?2021,17770, HTTP/1.1" 200 6097
190.171.144.234 - - [09/Nov/2021:10:17:34 -0300] "GET /cormun/static/gxcfg.js?20201215574222 HTTP/1.1" 200 953
190.171.144.234 - - [09/Nov/2021:10:17:34 -0300] "GET /cormun/static/Resources/PXToolsGridNew.png HTTP/1.1" 200 427
190.171.144.234 - - [09/Nov/2021:10:17:34 -0300] "GET /cormun/static/trsolicitudadjuntos.js?20201215574932 HTTP/1.1" 200 17922
190.171.144.234 - - [09/Nov/2021:10:17:34 -0300] "GET /cormun/servlet/trsolicitudadjuntos?2021,17770, HTTP/1.1" 200 6096
190.171.144.234 - - [09/Nov/2021:10:17:41 -0300] "GET /cormun/servlet/solicitudotadjuntos?INS,2021,17770,,2, HTTP/1.1" 200 6041
190.171.144.234 - - [09/Nov/2021:10:17:41 -0300] "GET /cormun/static/gxcfg.js?202012157947 HTTP/1.1" 200 953
190.171.144.234 - - [09/Nov/2021:10:17:41 -0300] "GET /cormun/static/solicitudotadjuntos.js?202012157966 HTTP/1.1" 200 11771
190.171.144.234 - - [09/Nov/2021:10:17:41 -0300] "GET /cormun/servlet/solicitudotadjuntos?INS,2021,17770,,2, HTTP/1.1" 200 6035
190.171.144.234 - - [09/Nov/2021:10:17:41 -0300] "GET /cormun/static/about:blank HTTP/1.1" 404 1011
190.171.144.234 - - [09/Nov/2021:10:17:42 -0300] "GET /cormun/servlet/solicitudotadjuntos?e5458d0af8d97edb48d5ae5ff173a265b6b9d1d8f2bdb268956fea5388f53d296b39a20e62db45099427838c3587d40d,gx-no-cache=1636463146705 HTTP/1.1" 200 30
190.171.144.234 - - [09/Nov/2021:10:17:42 -0300] "POST /cormun/servlet/solicitudotadjuntos?f6fe1df58ea48e537cf1e4ae2f9be0fd,INS,2021,17770,,2,,gx-no-cache=1636463146752 HTTP/1.1" 200 4048
190.171.143.82 - - [09/Nov/2021:10:17:53 -0300] "POST /cormun/servlet/trpermisosgoce?576db84954a4627ab45850478ed0079b,gx-no-cache=1636463157264 HTTP/1.1" 200 5301
190.171.144.234 - - [09/Nov/2021:10:17:58 -0300] "POST /cormun/servlet/solicitudotadjuntos?f6fe1df58ea48e537cf1e4ae2f9be0fd,INS,2021,17770,,2,,gx-no-cache=1636463163288 HTTP/1.1" 200 93
190.171.144.234 - - [09/Nov/2021:10:17:59 -0300] "GET /cormun/servlet/hpexe_return? HTTP/1.1" 200 1032
190.171.144.234 - - [09/Nov/2021:10:17:59 -0300] "GET /cormun/servlet/trsolicitudadjuntos?2021,17770, HTTP/1.1" 200 6100
190.171.144.234 - - [09/Nov/2021:10:17:59 -0300] "GET /cormun/servlet/trsolicitudadjuntos?2021,17770, HTTP/1.1" 200 6096
190.171.144.234 - - [09/Nov/2021:10:18:01 -0300] "GET /cormun/servlet/solicitudotadjuntos?INS,2021,17770,,1, HTTP/1.1" 200 6043
190.171.144.234 - - [09/Nov/2021:10:18:02 -0300] "GET /cormun/static/about:blank HTTP/1.1" 404 1011
190.171.144.234 - - [09/Nov/2021:10:18:02 -0300] "GET /cormun/servlet/solicitudotadjuntos?INS,2021,17770,,1, HTTP/1.1" 200 6038
190.171.144.234 - - [09/Nov/2021:10:18:02 -0300] "GET /cormun/servlet/solicitudotadjuntos?e5458d0af8d97edb48d5ae5ff173a265b6b9d1d8f2bdb268956fea5388f53d296b39a20e62db45099427838c3587d40d,gx-no-cache=1636463167130 HTTP/1.1" 200 30
190.171.144.234 - - [09/Nov/2021:10:18:02 -0300] "POST /cormun/servlet/solicitudotadjuntos?f6fe1df58ea48e537cf1e4ae2f9be0fd,INS,2021,17770,,1,,gx-no-cache=1636463167153 HTTP/1.1" 200 3903
190.171.144.234 - - [09/Nov/2021:10:18:13 -0300] "POST /cormun/servlet/solicitudotadjuntos?gx-no-cache=1636463177841 HTTP/1.1" 200 26
190.171.144.234 - - [09/Nov/2021:10:18:29 -0300] "GET /cormun/servlet/solicitudotadjuntos?e5458d0af8d97edb48d5ae5ff173a265be9e138e98e49e0dd63699a32c88da5e,gx-no-cache=1636463193325 HTTP/1.1" 200 30
190.171.144.234 - - [09/Nov/2021:10:18:29 -0300] "GET /cormun/servlet/solicitudotadjuntos?e5458d0af8d97edb48d5ae5ff173a265be9e138e98e49e0dd63699a32c88da5e,gx-no-cache=1636463193396 HTTP/1.1" 200 30
190.171.144.234 - - [09/Nov/2021:10:18:29 -0300] "POST /cormun/servlet/solicitudotadjuntos?f6fe1df58ea48e537cf1e4ae2f9be0fd,INS,2021,17770,,1, HTTP/1.1" 200 116
190.171.144.234 - - [09/Nov/2021:10:18:29 -0300] "GET /cormun/servlet/hpexe_return? HTTP/1.1" 200 1032
190.171.144.234 - - [09/Nov/2021:10:18:29 -0300] "GET /cormun/servlet/trsolicitudadjuntos?2021,17770, HTTP/1.1" 200 8860
190.171.144.234 - - [09/Nov/2021:10:18:30 -0300] "GET /cormun/servlet/trsolicitudadjuntos?2021,17770, HTTP/1.1" 200 8857
190.171.144.234 - - [09/Nov/2021:10:18:32 -0300] "GET /cormun/servlet/solicitudotadjuntos?INS,2021,17770,,1, HTTP/1.1" 200 6043
190.171.144.234 - - [09/Nov/2021:10:18:32 -0300] "GET /cormun/static/about:blank HTTP/1.1" 404 1011
190.171.144.234 - - [09/Nov/2021:10:18:32 -0300] "GET /cormun/servlet/solicitudotadjuntos?INS,2021,17770,,1, HTTP/1.1" 200 6038
190.171.144.234 - - [09/Nov/2021:10:18:33 -0300] "GET /cormun/servlet/solicitudotadjuntos?e5458d0af8d97edb48d5ae5ff173a265b6b9d1d8f2bdb268956fea5388f53d296b39a20e62db45099427838c3587d40d,gx-no-cache=1636463197705 HTTP/1.1" 200 30
190.171.144.234 - - [09/Nov/2021:10:18:33 -0300] "POST /cormun/servlet/solicitudotadjuntos?f6fe1df58ea48e537cf1e4ae2f9be0fd,INS,2021,17770,,1,,gx-no-cache=1636463197740 HTTP/1.1" 200 3903
190.171.144.234 - - [09/Nov/2021:10:18:38 -0300] "POST /cormun/servlet/solicitudotadjuntos?gx-no-cache=1636463202637 HTTP/1.1" 200 26
190.171.143.82 - - [09/Nov/2021:10:18:42 -0300] "POST /cormun/servlet/trpermisosgoce?576db84954a4627ab45850478ed0079b,gx-no-cache=1636463206539 HTTP/1.1" 200 16073
190.171.144.234 - - [09/Nov/2021:10:18:50 -0300] "GET /cormun/servlet/solicitudotadjuntos?e5458d0af8d97edb48d5ae5ff173a265be9e138e98e49e0dd63699a32c88da5e,gx-no-cache=1636463215059 HTTP/1.1" 200 30
190.171.144.234 - - [09/Nov/2021:10:18:50 -0300] "GET /cormun/servlet/solicitudotadjuntos?e5458d0af8d97edb48d5ae5ff173a265be9e138e98e49e0dd63699a32c88da5e,gx-no-cache=1636463215103 HTTP/1.1" 200 30
190.171.144.234 - - [09/Nov/2021:10:18:50 -0300] "POST /cormun/servlet/solicitudotadjuntos?f6fe1df58ea48e537cf1e4ae2f9be0fd,INS,2021,17770,,1, HTTP/1.1" 200 116
190.171.144.234 - - [09/Nov/2021:10:18:50 -0300] "GET /cormun/servlet/hpexe_return? HTTP/1.1" 200 1032
190.171.144.234 - - [09/Nov/2021:10:18:51 -0300] "GET /cormun/servlet/trsolicitudadjuntos?2021,17770, HTTP/1.1" 200 9087
190.171.144.234 - - [09/Nov/2021:10:18:51 -0300] "GET /cormun/servlet/trsolicitudadjuntos?2021,17770, HTTP/1.1" 200 9085
190.171.144.234 - - [09/Nov/2021:10:18:54 -0300] "GET /cormun/servlet/solicitudotadjuntos?INS,2021,17770,,1, HTTP/1.1" 200 6043
190.171.144.234 - - [09/Nov/2021:10:18:54 -0300] "GET /cormun/static/about:blank HTTP/1.1" 404 1011
190.171.144.234 - - [09/Nov/2021:10:18:55 -0300] "GET /cormun/servlet/solicitudotadjuntos?INS,2021,17770,,1, HTTP/1.1" 200 6038
190.171.144.234 - - [09/Nov/2021:10:18:55 -0300] "GET /cormun/servlet/solicitudotadjuntos?e5458d0af8d97edb48d5ae5ff173a265b6b9d1d8f2bdb268956fea5388f53d296b39a20e62db45099427838c3587d40d,gx-no-cache=1636463219854 HTTP/1.1" 200 30
190.171.144.234 - - [09/Nov/2021:10:18:55 -0300] "POST /cormun/servlet/solicitudotadjuntos?f6fe1df58ea48e537cf1e4ae2f9be0fd,INS,2021,17770,,1,,gx-no-cache=1636463219890 HTTP/1.1" 200 3903
190.171.144.234 - - [09/Nov/2021:10:18:59 -0300] "POST /cormun/servlet/solicitudotadjuntos?gx-no-cache=1636463223615 HTTP/1.1" 200 26
190.171.143.82 - - [09/Nov/2021:10:19:04 -0300] "POST /cormun/servlet/trpermisosgoce?576db84954a4627ab45850478ed0079b,gx-no-cache=1636463228370 HTTP/1.1" 200 5520
34.86.35.25 - - [09/Nov/2021:10:19:33 -0300] "GET / HTTP/1.1" 200 11217
190.171.142.10 - - [09/Nov/2021:10:19:39 -0300] "GET /cormun/servlet/trfichaempleado HTTP/1.1" 200 12854
190.171.144.234 - - [09/Nov/2021:10:19:42 -0300] "GET /cormun/servlet/solicitudotadjuntos?e5458d0af8d97edb48d5ae5ff173a265be9e138e98e49e0dd63699a32c88da5e,gx-no-cache=1636463266750 HTTP/1.1" 200 30
190.171.144.234 - - [09/Nov/2021:10:19:42 -0300] "GET /cormun/servlet/solicitudotadjuntos?e5458d0af8d97edb48d5ae5ff173a265be9e138e98e49e0dd63699a32c88da5e,gx-no-cache=1636463266876 HTTP/1.1" 200 30
190.171.144.234 - - [09/Nov/2021:10:19:42 -0300] "POST /cormun/servlet/solicitudotadjuntos?f6fe1df58ea48e537cf1e4ae2f9be0fd,INS,2021,17770,,1, HTTP/1.1" 200 116
190.171.144.234 - - [09/Nov/2021:10:19:42 -0300] "GET /cormun/servlet/hpexe_return? HTTP/1.1" 200 1032
190.171.144.234 - - [09/Nov/2021:10:19:43 -0300] "GET /cormun/servlet/trsolicitudadjuntos?2021,17770, HTTP/1.1" 200 9307
190.171.144.234 - - [09/Nov/2021:10:19:43 -0300] "GET /cormun/servlet/trsolicitudadjuntos?2021,17770, HTTP/1.1" 200 9306
190.171.144.234 - - [09/Nov/2021:10:19:47 -0300] "GET /cormun/servlet/solicitudotadjuntos?INS,2021,17770,,1, HTTP/1.1" 200 6043
190.171.144.234 - - [09/Nov/2021:10:19:47 -0300] "GET /cormun/static/about:blank HTTP/1.1" 404 1011
190.171.144.234 - - [09/Nov/2021:10:19:47 -0300] "GET /cormun/servlet/solicitudotadjuntos?INS,2021,17770,,1, HTTP/1.1" 200 6037
190.171.144.234 - - [09/Nov/2021:10:19:47 -0300] "GET /cormun/servlet/solicitudotadjuntos?e5458d0af8d97edb48d5ae5ff173a265b6b9d1d8f2bdb268956fea5388f53d296b39a20e62db45099427838c3587d40d,gx-no-cache=1636463272334 HTTP/1.1" 200 30
190.171.144.234 - - [09/Nov/2021:10:19:48 -0300] "POST /cormun/servlet/solicitudotadjuntos?f6fe1df58ea48e537cf1e4ae2f9be0fd,INS,2021,17770,,1,,gx-no-cache=1636463272357 HTTP/1.1" 200 3902
190.171.144.234 - - [09/Nov/2021:10:19:53 -0300] "POST /cormun/servlet/solicitudotadjuntos?gx-no-cache=1636463278065 HTTP/1.1" 200 26
190.171.143.82 - - [09/Nov/2021:10:19:57 -0300] "GET /cormun/servlet/trpermisosadjuntos?8671836,20211022130702,P, HTTP/1.1" 200 7204
190.171.143.82 - - [09/Nov/2021:10:20:00 -0300] "GET /cormun/servlet/trpermisosadjuntos?8671836,20211022130702,P, HTTP/1.1" 200 7202
190.171.143.82 - - [09/Nov/2021:10:20:00 -0300] "GET /cormun/servlet/trpermisosadjuntos?8671836,20211022130702,P, HTTP/1.1" 200 7202
190.171.144.234 - - [09/Nov/2021:10:20:02 -0300] "GET /cormun/servlet/solicitudotadjuntos?e5458d0af8d97edb48d5ae5ff173a265be9e138e98e49e0dd63699a32c88da5e,gx-no-cache=1636463286976 HTTP/1.1" 200 30
190.171.144.234 - - [09/Nov/2021:10:20:02 -0300] "GET /cormun/servlet/solicitudotadjuntos?e5458d0af8d97edb48d5ae5ff173a265be9e138e98e49e0dd63699a32c88da5e,gx-no-cache=1636463287008 HTTP/1.1" 200 30
190.171.143.82 - - [09/Nov/2021:10:20:02 -0300] "GET /cormun/servlet/trpermisosadjuntos?8671836,20211022130702,P, HTTP/1.1" 200 7200
190.171.144.234 - - [09/Nov/2021:10:20:02 -0300] "POST /cormun/servlet/solicitudotadjuntos?f6fe1df58ea48e537cf1e4ae2f9be0fd,INS,2021,17770,,1, HTTP/1.1" 200 116
190.171.144.234 - - [09/Nov/2021:10:20:02 -0300] "GET /cormun/servlet/hpexe_return? HTTP/1.1" 200 1032
190.171.144.234 - - [09/Nov/2021:10:20:03 -0300] "GET /cormun/servlet/trsolicitudadjuntos?2021,17770, HTTP/1.1" 200 9544
190.171.144.234 - - [09/Nov/2021:10:20:03 -0300] "GET /cormun/servlet/trsolicitudadjuntos?2021,17770, HTTP/1.1" 200 9544
190.171.144.234 - - [09/Nov/2021:10:20:06 -0300] "GET /cormun/servlet/solicitudotadjuntos?INS,2021,17770,,1, HTTP/1.1" 200 6043
190.171.144.234 - - [09/Nov/2021:10:20:06 -0300] "GET /cormun/static/about:blank HTTP/1.1" 404 1011
190.171.144.234 - - [09/Nov/2021:10:20:06 -0300] "GET /cormun/servlet/solicitudotadjuntos?INS,2021,17770,,1, HTTP/1.1" 200 6037
190.171.144.234 - - [09/Nov/2021:10:20:06 -0300] "GET /cormun/servlet/solicitudotadjuntos?e5458d0af8d97edb48d5ae5ff173a265b6b9d1d8f2bdb268956fea5388f53d296b39a20e62db45099427838c3587d40d,gx-no-cache=1636463291360 HTTP/1.1" 200 30
190.171.144.234 - - [09/Nov/2021:10:20:07 -0300] "POST /cormun/servlet/solicitudotadjuntos?f6fe1df58ea48e537cf1e4ae2f9be0fd,INS,2021,17770,,1,,gx-no-cache=1636463291384 HTTP/1.1" 200 3902
190.171.143.82 - - [09/Nov/2021:10:20:07 -0300] "GET /cormun/PublicTempStorage/sin_ti%B4tulo_1465417950.pdf HTTP/1.1" 200 2613867
190.171.144.234 - - [09/Nov/2021:10:20:11 -0300] "POST /cormun/servlet/solicitudotadjuntos?gx-no-cache=1636463295902 HTTP/1.1" 200 26
190.171.143.82 - - [09/Nov/2021:10:20:17 -0300] "GET /cormun/servlet/trpermisosadjuntos?8671836,20211022130702,P, HTTP/1.1" 200 7203
190.171.143.82 - - [09/Nov/2021:10:20:19 -0300] "GET /cormun/servlet/trpermisosadjuntos?8671836,20211022130702,P, HTTP/1.1" 200 7203
190.171.144.234 - - [09/Nov/2021:10:20:21 -0300] "GET /cormun/servlet/solicitudotadjuntos?e5458d0af8d97edb48d5ae5ff173a265be9e138e98e49e0dd63699a32c88da5e,gx-no-cache=1636463306034 HTTP/1.1" 200 30
190.171.144.234 - - [09/Nov/2021:10:20:21 -0300] "GET /cormun/servlet/solicitudotadjuntos?e5458d0af8d97edb48d5ae5ff173a265be9e138e98e49e0dd63699a32c88da5e,gx-no-cache=1636463306064 HTTP/1.1" 200 30
190.171.144.234 - - [09/Nov/2021:10:20:22 -0300] "POST /cormun/servlet/solicitudotadjuntos?f6fe1df58ea48e537cf1e4ae2f9be0fd,INS,2021,17770,,1, HTTP/1.1" 200 116
190.171.144.234 - - [09/Nov/2021:10:20:22 -0300] "GET /cormun/servlet/hpexe_return? HTTP/1.1" 200 1032
190.171.144.234 - - [09/Nov/2021:10:20:22 -0300] "GET /cormun/servlet/trsolicitudadjuntos?2021,17770, HTTP/1.1" 200 9851
190.171.144.234 - - [09/Nov/2021:10:20:23 -0300] "GET /cormun/servlet/trsolicitudadjuntos?2021,17770, HTTP/1.1" 200 9846
190.171.143.82 - - [09/Nov/2021:10:20:24 -0300] "GET /cormun/servlet/trpermisosgoce HTTP/1.1" 200 8367
190.171.144.234 - - [09/Nov/2021:10:20:25 -0300] "GET /cormun/servlet/solicitudotadjuntos?INS,2021,17770,,1, HTTP/1.1" 200 6044
190.171.144.234 - - [09/Nov/2021:10:20:25 -0300] "GET /cormun/static/about:blank HTTP/1.1" 404 1011
190.171.144.234 - - [09/Nov/2021:10:20:25 -0300] "GET /cormun/servlet/solicitudotadjuntos?INS,2021,17770,,1, HTTP/1.1" 200 6038
190.171.144.234 - - [09/Nov/2021:10:20:26 -0300] "GET /cormun/servlet/solicitudotadjuntos?e5458d0af8d97edb48d5ae5ff173a265b6b9d1d8f2bdb268956fea5388f53d296b39a20e62db45099427838c3587d40d,gx-no-cache=1636463310609 HTTP/1.1" 200 30
190.171.144.234 - - [09/Nov/2021:10:20:26 -0300] "POST /cormun/servlet/solicitudotadjuntos?f6fe1df58ea48e537cf1e4ae2f9be0fd,INS,2021,17770,,1,,gx-no-cache=1636463310637 HTTP/1.1" 200 3903
190.171.143.82 - - [09/Nov/2021:10:20:26 -0300] "GET /cormun/servlet/trpermisosgoce HTTP/1.1" 200 8366
190.171.144.234 - - [09/Nov/2021:10:20:29 -0300] "POST /cormun/servlet/solicitudotadjuntos?gx-no-cache=1636463314036 HTTP/1.1" 200 26
190.171.143.82 - - [09/Nov/2021:10:20:32 -0300] "GET /cormun/servlet/trpermisosadjuntos?8671836,20211022130702,P, HTTP/1.1" 200 7204
190.171.143.82 - - [09/Nov/2021:10:20:34 -0300] "GET /cormun/servlet/trpermisosadjuntos?8671836,20211022130702,P, HTTP/1.1" 200 7203
190.171.143.82 - - [09/Nov/2021:10:20:37 -0300] "GET /cormun/PublicTempStorage/sin_ti%B4tulo_1464914405.pdf HTTP/1.1" 200 2613867
190.171.143.82 - - [09/Nov/2021:10:20:59 -0300] "GET /cormun/servlet/trpermisosadjuntos?8671836,20211022130702,P, HTTP/1.1" 200 7204
190.171.143.82 - - [09/Nov/2021:10:21:01 -0300] "GET /cormun/servlet/trpermisosadjuntos?8671836,20211022130702,P, HTTP/1.1" 200 7203
190.171.143.82 - - [09/Nov/2021:10:21:04 -0300] "POST /cormun/servlet/trpermisosadjuntos?576db84954a4627ab45850478ed0079b,8671836,20211022130702,P,,gx-no-cache=1636463349063 HTTP/1.1" 200 90
190.171.143.82 - - [09/Nov/2021:10:21:04 -0300] "GET /cormun/servlet/hpexe_link HTTP/1.1" 200 980
190.171.143.82 - - [09/Nov/2021:10:21:05 -0300] "GET /cormun/servlet/trpermisosgoce HTTP/1.1" 200 8367
190.171.142.10 - - [09/Nov/2021:10:21:07 -0300] "GET /cormun/servlet/trfichaempleado HTTP/1.1" 200 13018
190.171.143.82 - - [09/Nov/2021:10:21:07 -0300] "GET /cormun/servlet/trpermisosgoce HTTP/1.1" 200 8366
190.171.142.10 - - [09/Nov/2021:10:21:07 -0300] "GET /cormun/static/gxui/gxui-all.css?110300 HTTP/1.1" 200 2179
190.171.142.10 - - [09/Nov/2021:10:21:07 -0300] "GET /cormun/static/gxcfg.js?201991420132062 HTTP/1.1" 200 953
190.171.142.10 - - [09/Nov/2021:10:21:07 -0300] "GET /cormun/static/Resources/Spanish/PXTools.css?19172979 HTTP/1.1" 200 100853
190.171.142.10 - - [09/Nov/2021:10:21:07 -0300] "GET /cormun/static/gxdec.js?85251 HTTP/1.1" 200 19579
190.171.142.10 - - [09/Nov/2021:10:21:07 -0300] "GET /cormun/static/trfichaempleado.js?201991420132430 HTTP/1.1" 200 22815
190.171.142.10 - - [09/Nov/2021:10:21:07 -0300] "GET /cormun/static/Shared/ext/resources/css/ext-all.css?205870 HTTP/1.1" 200 416045
190.171.142.10 - - [09/Nov/2021:10:21:08 -0300] "GET /cormun/static/Resources/PXToolsGridFirstDisabled.gif HTTP/1.1" 200 100
190.171.142.10 - - [09/Nov/2021:10:21:08 -0300] "GET /cormun/static/Resources/PXToolsGridNextDisabled.gif HTTP/1.1" 200 90
190.171.142.10 - - [09/Nov/2021:10:21:08 -0300] "GET /cormun/static/Resources/PXToolsGridPreviousDisabled.gif HTTP/1.1" 200 90
190.171.142.10 - - [09/Nov/2021:10:21:08 -0300] "GET /cormun/static/Resources/PXToolsGridLastDisabled.gif HTTP/1.1" 200 98
190.171.142.10 - - [09/Nov/2021:10:21:08 -0300] "GET /cormun/static/Resources/PXToolsGridPage.gif HTTP/1.1" 200 725
190.171.142.10 - - [09/Nov/2021:10:21:08 -0300] "GET /cormun/static/Resources/PXToolsDataSearch.png HTTP/1.1" 200 435
190.171.142.10 - - [09/Nov/2021:10:21:08 -0300] "GET /cormun/static/Resources/asc.gif HTTP/1.1" 200 67
190.171.142.10 - - [09/Nov/2021:10:21:08 -0300] "GET /cormun//static/Resources/PXToolsGridUpdate.png HTTP/1.1" 200 470
190.171.142.10 - - [09/Nov/2021:10:21:08 -0300] "GET /cormun/static/Resources/desc.gif HTTP/1.1" 200 65
190.171.142.10 - - [09/Nov/2021:10:21:09 -0300] "GET /cormun/static/Shared/ext/resources/themes/images/default/tools/tool-sprites.gif HTTP/1.1" 200 5434
190.171.142.10 - - [09/Nov/2021:10:21:09 -0300] "GET /cormun/static/Shared/ext/resources/themes/images/default/panel/bg-headersPanel.png HTTP/1.1" 200 255
190.171.143.82 - - [09/Nov/2021:10:21:11 -0300] "GET /cormun/servlet/trpermisosadjuntos?8671836,20211022130816,P, HTTP/1.1" 200 6664
200.54.107.2 - - [09/Nov/2021:10:21:11 -0300] "GET /cormun/servlet/trcontratounov2? HTTP/1.1" 200 17503
190.171.142.10 - - [09/Nov/2021:10:21:11 -0300] "POST /cormun/servlet/acontrolpreferencessavestate?None,GCONTRERAS,true HTTP/1.1" 200 35
200.54.107.2 - - [09/Nov/2021:10:21:11 -0300] "GET /cormun/static/gxcfg.js?2020121614367 HTTP/1.1" 200 953
200.54.107.2 - - [09/Nov/2021:10:21:11 -0300] "GET /cormun/static/trcontratounov2.js?20201216143065 HTTP/1.1" 200 38486
200.54.107.2 - - [09/Nov/2021:10:21:11 -0300] "GET /cormun/static/Resources/PXToolsAddSelectedAction.png HTTP/1.1" 200 523
200.54.107.2 - - [09/Nov/2021:10:21:12 -0300] "GET /cormun/servlet/trcontratounov2? HTTP/1.1" 200 17505
190.171.143.82 - - [09/Nov/2021:10:21:13 -0300] "GET /cormun/servlet/trpermisosadjuntos?8671836,20211022130816,P, HTTP/1.1" 200 6664
190.171.143.82 - - [09/Nov/2021:10:21:19 -0300] "POST /cormun/servlet/trpermisosadjuntos?576db84954a4627ab45850478ed0079b,8671836,20211022130816,P,,gx-no-cache=1636463364106 HTTP/1.1" 200 90
190.171.143.82 - - [09/Nov/2021:10:21:19 -0300] "GET /cormun/servlet/hpexe_link HTTP/1.1" 200 979
190.171.143.82 - - [09/Nov/2021:10:21:20 -0300] "GET /cormun/servlet/trpermisosgoce HTTP/1.1" 200 8367
190.171.143.82 - - [09/Nov/2021:10:21:22 -0300] "GET /cormun/servlet/trpermisosgoce HTTP/1.1" 200 8366
200.54.100.179 - - [09/Nov/2021:10:21:31 -0300] "GET /cormun/servlet/hlogin HTTP/1.1" 200 1726
200.54.107.2 - - [09/Nov/2021:10:21:31 -0300] "GET /cormun/servlet/trreportecargahoraria? HTTP/1.1" 200 9544
200.54.107.2 - - [09/Nov/2021:10:21:31 -0300] "GET /cormun/static/gxcfg.js?202012113393031 HTTP/1.1" 200 953
200.54.107.2 - - [09/Nov/2021:10:21:31 -0300] "GET /cormun/static/trreportecargahoraria.js?202012113393554 HTTP/1.1" 200 29376
200.54.107.2 - - [09/Nov/2021:10:21:32 -0300] "GET /cormun//static/Resources/PXToolsActionExcel.png HTTP/1.1" 200 727
200.54.107.2 - - [09/Nov/2021:10:21:32 -0300] "GET /cormun/servlet/trreportecargahoraria? HTTP/1.1" 200 9544
200.54.100.179 - - [09/Nov/2021:10:21:42 -0300] "POST /cormun/servlet/hlogin?eaa40a9d97fecdc20bda96941883b4c8,gx-no-cache=1636463387150 HTTP/1.1" 200 90
200.54.100.179 - - [09/Nov/2021:10:21:42 -0300] "GET /cormun/servlet/hpexe_link HTTP/1.1" 200 951
200.54.100.179 - - [09/Nov/2021:10:21:42 -0300] "GET /cormun/servlet/hhome HTTP/1.1" 200 4304
200.54.100.179 - - [09/Nov/2021:10:21:43 -0300] "GET /cormun/servlet/hhome HTTP/1.1" 200 4301
200.54.100.179 - - [09/Nov/2021:10:22:15 -0300] "GET /cormun/servlet/trsolicitudot? HTTP/1.1" 200 7522
200.54.100.179 - - [09/Nov/2021:10:22:15 -0300] "GET /cormun/static/gxui/gxui-all.css?110300 HTTP/1.1" 200 2179
200.54.100.179 - - [09/Nov/2021:10:22:15 -0300] "GET /cormun/static/calendar-system.css?75620 HTTP/1.1" 200 5572
200.54.100.179 - - [09/Nov/2021:10:22:15 -0300] "GET /cormun/static/gxcfg.js?201991910464971 HTTP/1.1" 200 953
200.54.100.179 - - [09/Nov/2021:10:22:15 -0300] "GET /cormun/static/Shared/ext/resources/css/ext-all.css?205870 HTTP/1.1" 200 416045
200.54.100.179 - - [09/Nov/2021:10:22:15 -0300] "GET /cormun/static/trsolicitudot.js?201991910465845 HTTP/1.1" 200 54041
200.54.100.179 - - [09/Nov/2021:10:22:16 -0300] "GET /cormun/servlet/trsolicitudot? HTTP/1.1" 200 7520
190.171.144.234 - - [09/Nov/2021:10:22:17 -0300] "GET /cormun/servlet/solicitudotadjuntos?e5458d0af8d97edb48d5ae5ff173a265be9e138e98e49e0dd63699a32c88da5e,gx-no-cache=1636463421321 HTTP/1.1" 200 30
190.171.144.234 - - [09/Nov/2021:10:22:17 -0300] "GET /cormun/servlet/solicitudotadjuntos?e5458d0af8d97edb48d5ae5ff173a265be9e138e98e49e0dd63699a32c88da5e,gx-no-cache=1636463421410 HTTP/1.1" 200 30
190.171.144.234 - - [09/Nov/2021:10:22:17 -0300] "POST /cormun/servlet/solicitudotadjuntos?f6fe1df58ea48e537cf1e4ae2f9be0fd,INS,2021,17770,,1, HTTP/1.1" 200 116
190.171.144.234 - - [09/Nov/2021:10:22:17 -0300] "GET /cormun/servlet/hpexe_return? HTTP/1.1" 200 1032
190.171.144.234 - - [09/Nov/2021:10:22:18 -0300] "GET /cormun/servlet/trsolicitudadjuntos?2021,17770, HTTP/1.1" 200 10024
190.171.144.234 - - [09/Nov/2021:10:22:18 -0300] "GET /cormun/servlet/trsolicitudadjuntos?2021,17770, HTTP/1.1" 200 10018
190.171.144.234 - - [09/Nov/2021:10:22:25 -0300] "GET /cormun/servlet/solicitudotadjuntos?INS,2021,17770,,1, HTTP/1.1" 200 6044
190.171.144.234 - - [09/Nov/2021:10:22:25 -0300] "GET /cormun/static/about:blank HTTP/1.1" 404 1011
190.171.144.234 - - [09/Nov/2021:10:22:26 -0300] "GET /cormun/servlet/solicitudotadjuntos?INS,2021,17770,,1, HTTP/1.1" 200 6038
190.171.144.234 - - [09/Nov/2021:10:22:26 -0300] "GET /cormun/servlet/solicitudotadjuntos?e5458d0af8d97edb48d5ae5ff173a265b6b9d1d8f2bdb268956fea5388f53d296b39a20e62db45099427838c3587d40d,gx-no-cache=1636463430840 HTTP/1.1" 200 30
190.171.144.234 - - [09/Nov/2021:10:22:26 -0300] "POST /cormun/servlet/solicitudotadjuntos?f6fe1df58ea48e537cf1e4ae2f9be0fd,INS,2021,17770,,1,,gx-no-cache=1636463430862 HTTP/1.1" 200 3903
190.171.143.82 - - [09/Nov/2021:10:22:26 -0300] "GET /cormun/servlet/trpermisosadjuntos?8671836,20211022130816,P, HTTP/1.1" 200 6664
190.171.143.82 - - [09/Nov/2021:10:22:29 -0300] "GET /cormun/servlet/trpermisosadjuntos?8671836,20211022130816,P, HTTP/1.1" 200 6664
190.171.144.234 - - [09/Nov/2021:10:22:32 -0300] "POST /cormun/servlet/solicitudotadjuntos?f6fe1df58ea48e537cf1e4ae2f9be0fd,INS,2021,17770,,1,,gx-no-cache=1636463436788 HTTP/1.1" 200 93
190.171.144.234 - - [09/Nov/2021:10:22:32 -0300] "GET /cormun/servlet/hpexe_return? HTTP/1.1" 200 1032
190.171.144.234 - - [09/Nov/2021:10:22:33 -0300] "GET /cormun/servlet/trsolicitudadjuntos?2021,17770, HTTP/1.1" 200 10022
190.171.144.234 - - [09/Nov/2021:10:22:34 -0300] "GET /cormun/servlet/trsolicitudadjuntos?2021,17770, HTTP/1.1" 200 10021
190.171.143.82 - - [09/Nov/2021:10:22:36 -0300] "GET /cormun/servlet/trpermisosgoce? HTTP/1.1" 200 8366
190.171.144.234 - - [09/Nov/2021:10:22:37 -0300] "GET /cormun/servlet/trsolicitudot? HTTP/1.1" 200 8624
190.171.144.234 - - [09/Nov/2021:10:22:38 -0300] "GET /cormun/servlet/trsolicitudot? HTTP/1.1" 200 8617
190.171.143.82 - - [09/Nov/2021:10:22:38 -0300] "GET /cormun/servlet/trpermisosgoce? HTTP/1.1" 200 8366
200.54.107.2 - - [09/Nov/2021:10:22:42 -0300] "GET /cormun/static/Resources/PXToolsGridDisplay.png HTTP/1.1" 200 525
200.54.107.2 - - [09/Nov/2021:10:22:42 -0300] "GET /cormun/static/Resources/PXToolsActionExcel.png HTTP/1.1" 200 727
190.171.143.98 - - [09/Nov/2021:10:22:49 -0300] "GET /cormun/servlet/hlogin HTTP/1.1" 200 1728
190.171.143.98 - - [09/Nov/2021:10:22:49 -0300] "GET /cormun/servlet/hlogin HTTP/1.1" 200 1738
190.171.144.234 - - [09/Nov/2021:10:22:53 -0300] "POST /cormun/servlet/trsolicitudot?f6fe1df58ea48e537cf1e4ae2f9be0fd,,gx-no-cache=1636463457546 HTTP/1.1" 200 4566
190.171.144.234 - - [09/Nov/2021:10:22:53 -0300] "GET /cormun/static/Shared/jqueryui/images/ui-bg_highlight-soft_100_c6c2c8_1x100.png HTTP/1.1" 404 1117
190.171.144.234 - - [09/Nov/2021:10:22:53 -0300] "GET /cormun/static/Shared/jqueryui/images/ui-icons_82798d_256x240.png HTTP/1.1" 404 1089
190.171.144.234 - - [09/Nov/2021:10:22:53 -0300] "GET /cormun/static/Shared/jqueryui/images/ui-icons_8d78a5_256x240.png HTTP/1.1" 404 1089
190.171.144.234 - - [09/Nov/2021:10:22:53 -0300] "GET /cormun/static/Shared/jqueryui/images/ui-bg_flat_55_fafafa_40x100.png HTTP/1.1" 404 1097
190.171.144.234 - - [09/Nov/2021:10:22:53 -0300] "POST /cormun/servlet/trsolicitudot?f6fe1df58ea48e537cf1e4ae2f9be0fd,,gx-no-cache=1636463457765 HTTP/1.1" 200 4345
205.185.121.173 - - [09/Nov/2021:10:22:54 -0300] "GET /manager/html HTTP/1.1" 401 2474
190.171.143.98 - - [09/Nov/2021:10:22:55 -0300] "POST /cormun/servlet/hlogin?3fa66035ad570b59e3d8d8e0813ae477,gx-no-cache=1636463462370 HTTP/1.1" 200 90
190.171.143.98 - - [09/Nov/2021:10:22:55 -0300] "GET /cormun/servlet/hpexe_link HTTP/1.1" 200 956
190.171.143.98 - - [09/Nov/2021:10:22:55 -0300] "GET /cormun/servlet/hhome HTTP/1.1" 200 4269
190.171.143.98 - - [09/Nov/2021:10:22:56 -0300] "GET /cormun/servlet/hhome HTTP/1.1" 200 4265
190.171.143.82 - - [09/Nov/2021:10:22:57 -0300] "GET /cormun/servlet/permisogoce?DSP,8671836,P,20211022130816, HTTP/1.1" 200 7097
190.171.143.82 - - [09/Nov/2021:10:22:59 -0300] "GET /cormun/servlet/permisogoce?DSP,8671836,P,20211022130816, HTTP/1.1" 200 7098
190.171.143.98 - - [09/Nov/2021:10:23:00 -0300] "GET /cormun/servlet/trlicencias? HTTP/1.1" 200 10008
190.171.143.98 - - [09/Nov/2021:10:23:01 -0300] "GET /cormun/servlet/trlicencias? HTTP/1.1" 200 10006
190.171.143.82 - - [09/Nov/2021:10:23:09 -0300] "POST /cormun/servlet/permisogoce?576db84954a4627ab45850478ed0079b,DSP,8671836,P,20211022130816,,gx-no-cache=1636463473582 HTTP/1.1" 200 93
190.171.143.82 - - [09/Nov/2021:10:23:09 -0300] "GET /cormun/servlet/hpexe_return? HTTP/1.1" 200 1025
190.171.143.82 - - [09/Nov/2021:10:23:09 -0300] "GET /cormun/servlet/trpermisosgoce HTTP/1.1" 200 8370
190.171.143.82 - - [09/Nov/2021:10:23:11 -0300] "GET /cormun/servlet/trpermisosgoce HTTP/1.1" 200 8366
200.54.100.179 - - [09/Nov/2021:10:23:13 -0300] "GET /cormun/static/menuarrow.gif HTTP/1.1" 404 1015
190.171.143.82 - - [09/Nov/2021:10:23:13 -0300] "GET /cormun/servlet/permisogoce?DSP,8671836,P,20211022130702, HTTP/1.1" 200 7094
190.171.143.82 - - [09/Nov/2021:10:23:15 -0300] "GET /cormun/servlet/permisogoce?DSP,8671836,P,20211022130702, HTTP/1.1" 200 7096
190.171.144.234 - - [09/Nov/2021:10:23:17 -0300] "GET /cormun/servlet/hlogin HTTP/1.1" 200 1732
190.171.143.82 - - [09/Nov/2021:10:23:20 -0300] "POST /cormun/servlet/permisogoce?576db84954a4627ab45850478ed0079b,DSP,8671836,P,20211022130702,,gx-no-cache=1636463484412 HTTP/1.1" 200 93
190.171.143.82 - - [09/Nov/2021:10:23:20 -0300] "GET /cormun/servlet/hpexe_return? HTTP/1.1" 200 1026
190.171.143.82 - - [09/Nov/2021:10:23:20 -0300] "GET /cormun/servlet/trpermisosgoce HTTP/1.1" 200 8370
190.171.143.82 - - [09/Nov/2021:10:23:22 -0300] "GET /cormun/servlet/trpermisosgoce HTTP/1.1" 200 8366
190.171.141.138 - - [09/Nov/2021:10:23:23 -0300] "GET /cormun/servlet/hlogin HTTP/1.1" 200 1730
190.171.141.138 - - [09/Nov/2021:10:23:26 -0300] "POST /cormun/servlet/hlogin?c086553af4a5e32e4019c503d7d47fba,gx-no-cache=1636463491661 HTTP/1.1" 200 90
190.171.141.138 - - [09/Nov/2021:10:23:26 -0300] "GET /cormun/servlet/hpexe_link HTTP/1.1" 200 956
190.171.141.138 - - [09/Nov/2021:10:23:26 -0300] "GET /cormun/servlet/hhome HTTP/1.1" 200 4474
190.171.141.138 - - [09/Nov/2021:10:23:27 -0300] "GET /cormun/servlet/hhome HTTP/1.1" 200 4471
190.171.144.234 - - [09/Nov/2021:10:23:30 -0300] "POST /cormun/servlet/hlogin?f6fe1df58ea48e537cf1e4ae2f9be0fd,gx-no-cache=1636463494940 HTTP/1.1" 200 90
190.171.144.234 - - [09/Nov/2021:10:23:30 -0300] "GET /cormun/servlet/hpexe_link HTTP/1.1" 200 958
190.171.144.234 - - [09/Nov/2021:10:23:31 -0300] "GET /cormun/servlet/hhome HTTP/1.1" 200 4113
190.171.144.234 - - [09/Nov/2021:10:23:31 -0300] "GET /cormun/servlet/hhome HTTP/1.1" 200 4112
190.171.144.234 - - [09/Nov/2021:10:23:36 -0300] "GET /cormun/servlet/trautorizarsolicitud? HTTP/1.1" 200 8616
190.171.144.234 - - [09/Nov/2021:10:23:36 -0300] "GET /cormun/static/gxcfg.js?201991422414522 HTTP/1.1" 200 953
190.171.144.234 - - [09/Nov/2021:10:23:36 -0300] "GET /cormun/static/trautorizarsolicitud.js?201991422415463 HTTP/1.1" 200 53910
190.171.144.234 - - [09/Nov/2021:10:23:37 -0300] "GET /cormun/servlet/trautorizarsolicitud? HTTP/1.1" 200 8614
190.171.144.234 - - [09/Nov/2021:10:23:44 -0300] "POST /cormun/servlet/trautorizarsolicitud?f6fe1df58ea48e537cf1e4ae2f9be0fd,,gx-no-cache=1636463509194 HTTP/1.1" 200 4761
190.171.144.234 - - [09/Nov/2021:10:23:45 -0300] "GET /cormun/static/Shared/jqueryui/images/ui-bg_highlight-soft_100_c6c2c8_1x100.png HTTP/1.1" 404 1117
190.171.144.234 - - [09/Nov/2021:10:23:45 -0300] "GET /cormun/static/Shared/jqueryui/images/ui-icons_82798d_256x240.png HTTP/1.1" 404 1089
190.171.144.234 - - [09/Nov/2021:10:23:45 -0300] "GET /cormun/static/Shared/jqueryui/images/ui-bg_flat_55_fafafa_40x100.png HTTP/1.1" 404 1097
190.171.144.234 - - [09/Nov/2021:10:23:45 -0300] "GET /cormun/static/Shared/jqueryui/images/ui-icons_8d78a5_256x240.png HTTP/1.1" 404 1089
190.171.144.234 - - [09/Nov/2021:10:23:45 -0300] "POST /cormun/servlet/trautorizarsolicitud?f6fe1df58ea48e537cf1e4ae2f9be0fd,,gx-no-cache=1636463509445 HTTP/1.1" 200 4538
190.171.143.98 - - [09/Nov/2021:10:23:45 -0300] "GET /cormun/servlet/trlicencias? HTTP/1.1" 200 10007
190.171.143.98 - - [09/Nov/2021:10:23:46 -0300] "GET /cormun/servlet/trlicencias? HTTP/1.1" 200 10006
190.171.143.98 - - [09/Nov/2021:10:23:53 -0300] "GET /cormun/servlet/trautorizarpermisogoce? HTTP/1.1" 200 7101
190.171.143.98 - - [09/Nov/2021:10:23:54 -0300] "GET /cormun/servlet/trautorizarpermisogoce? HTTP/1.1" 200 7101
200.54.100.179 - - [09/Nov/2021:10:24:07 -0300] "GET /cormun/servlet/solicitudot?INS,0,0,false, HTTP/1.1" 200 15925
200.54.100.179 - - [09/Nov/2021:10:24:07 -0300] "GET /cormun/static/gxcfg.js?20203414241232 HTTP/1.1" 200 953
200.54.100.179 - - [09/Nov/2021:10:24:07 -0300] "GET /cormun/static/Resources/prompt.gif HTTP/1.1" 200 902
200.54.100.179 - - [09/Nov/2021:10:24:07 -0300] "GET /cormun/static/solicitudot.js?20203414242792 HTTP/1.1" 200 74114
200.54.100.179 - - [09/Nov/2021:10:24:08 -0300] "GET /cormun/servlet/solicitudot?INS,0,0,false, HTTP/1.1" 200 15933
190.171.144.234 - - [09/Nov/2021:10:24:40 -0300] "GET /cormun/servlet/hlogin HTTP/1.1" 200 1724
200.54.100.179 - - [09/Nov/2021:10:25:45 -0300] "GET /cormun/servlet/trlicencias? HTTP/1.1" 200 11445
200.54.100.179 - - [09/Nov/2021:10:25:46 -0300] "GET /cormun/servlet/trlicencias? HTTP/1.1" 200 11428
200.54.100.179 - - [09/Nov/2021:10:26:05 -0300] "GET /cormun/servlet/trsolicitudot? HTTP/1.1" 200 7520
200.54.100.179 - - [09/Nov/2021:10:26:06 -0300] "GET /cormun/servlet/trsolicitudot? HTTP/1.1" 200 7520
200.54.100.179 - - [09/Nov/2021:10:26:15 -0300] "POST /cormun/servlet/trsolicitudot?eaa40a9d97fecdc20bda96941883b4c8,,gx-no-cache=1636463659580 HTTP/1.1" 200 103
200.54.100.179 - - [09/Nov/2021:10:26:15 -0300] "GET /cormun/SolicitudOT-6973.xls HTTP/1.1" 200 4608
200.54.100.179 - - [09/Nov/2021:10:26:18 -0300] "GET /cormun/servlet/solicitudot?INS,0,0,false, HTTP/1.1" 200 15925
200.54.100.179 - - [09/Nov/2021:10:26:18 -0300] "GET /cormun/servlet/solicitudot?INS,0,0,false, HTTP/1.1" 200 15933
200.54.100.179 - - [09/Nov/2021:10:26:57 -0300] "POST /cormun/servlet/solicitudot?gx-no-cache=1636463702492 HTTP/1.1" 200 3771
200.54.100.179 - - [09/Nov/2021:10:26:58 -0300] "POST /cormun/servlet/solicitudot?eaa40a9d97fecdc20bda96941883b4c8,INS,0,0,false,,gx-no-cache=1636463702691 HTTP/1.1" 200 12555
200.54.100.179 - - [09/Nov/2021:10:26:59 -0300] "GET /cormun/servlet/solicitudot?02998d67aa0ae5d42deffad65aa940bcc189176d6981a9a59b82f316ab067b96f81d27e70a4166db712f024673aae4da,gx-no-cache=1636463704666 HTTP/1.1" 200 30
190.171.144.234 - - [09/Nov/2021:10:27:03 -0300] "GET /cormun/servlet/hlogin HTTP/1.1" 200 1725
190.171.144.234 - - [09/Nov/2021:10:27:12 -0300] "POST /cormun/servlet/hlogin?88219b7061c6231f45fd36256d978678,gx-no-cache=1636463717141 HTTP/1.1" 200 90
190.171.144.234 - - [09/Nov/2021:10:27:13 -0300] "GET /cormun/servlet/hpexe_link HTTP/1.1" 200 952
190.171.144.234 - - [09/Nov/2021:10:27:14 -0300] "GET /cormun/servlet/hhome HTTP/1.1" 200 3984
190.171.144.234 - - [09/Nov/2021:10:27:14 -0300] "GET /cormun/servlet/hhome HTTP/1.1" 200 3980
190.171.144.234 - - [09/Nov/2021:10:27:17 -0300] "GET /cormun/servlet/trpermisosgoce? HTTP/1.1" 200 10195
190.171.144.234 - - [09/Nov/2021:10:27:18 -0300] "GET /cormun/servlet/trpermisosgoce? HTTP/1.1" 200 10193
190.171.144.234 - - [09/Nov/2021:10:27:39 -0300] "GET /cormun/servlet/permisogoce?INS,0,,, HTTP/1.1" 200 6846
190.171.144.234 - - [09/Nov/2021:10:27:40 -0300] "GET /cormun/servlet/permisogoce?INS,0,,, HTTP/1.1" 200 6845
190.171.144.234 - - [09/Nov/2021:10:27:46 -0300] "GET /cormun/servlet/permisogoce?2408e63b35350e73c3673e10f765a7517c7a12b19d5f58ba3e6e83dccf5f535173d77067b097e8297d1c49ec24a5b66efb146be7dd395d0285b32ba713c3f858,gx-no-cache=1636463750850 HTTP/1.1" 200 86
190.171.144.234 - - [09/Nov/2021:10:27:46 -0300] "GET /cormun/static/menuarrow.gif HTTP/1.1" 404 1015
190.171.142.10 - - [09/Nov/2021:10:27:53 -0300] "GET /cormun/servlet/trfichaempleado HTTP/1.1" 200 13017
190.171.144.234 - - [09/Nov/2021:10:28:01 -0300] "GET /cormun/servlet/permisogoce?2408e63b35350e73c3673e10f765a7517c7a12b19d5f58ba3e6e83dccf5f5351126209159f1676a10c997c85f69cf2c3072d6f8079d5b79aa30c7d49e0036380a58e4da5f830d0c7a3962764b18bacec7a2c3b898c6efcbf37383e61c389be35675e4e0121d400d5d0b23023e9209378,gx-no-cache=1636463765587 HTTP/1.1" 200 86
190.171.144.234 - - [09/Nov/2021:10:28:11 -0300] "GET /cormun/servlet/permisogoce?2408e63b35350e73c3673e10f765a75137c9662c648bfcc7de98c5ee0620df0b3b44f023d1303b7463b67ff724ce0072a8df640e10fc15a5788ab68e23df2302,gx-no-cache=1636463775421 HTTP/1.1" 200 46
190.171.144.234 - - [09/Nov/2021:10:28:32 -0300] "POST /cormun/servlet/permisogoce?88219b7061c6231f45fd36256d978678,INS,0,,,,gx-no-cache=1636463796465 HTTP/1.1" 200 93
190.171.144.234 - - [09/Nov/2021:10:28:32 -0300] "GET /cormun/servlet/hpexe_return? HTTP/1.1" 200 1009
190.171.144.234 - - [09/Nov/2021:10:28:33 -0300] "GET /cormun/servlet/trpermisosgoce HTTP/1.1" 200 10534
190.171.144.234 - - [09/Nov/2021:10:28:33 -0300] "GET /cormun/servlet/trpermisosgoce HTTP/1.1" 200 10529
190.171.144.234 - - [09/Nov/2021:10:28:45 -0300] "GET /cormun/servlet/apermisogoceprn?8383429,P,20211109101324,PU HTTP/1.1" 200 1657
190.171.149.74 - - [09/Nov/2021:10:28:47 -0300] "GET /cormun/servlet/trpermisosgoce? HTTP/1.1" 200 6029
190.171.149.74 - - [09/Nov/2021:10:28:47 -0300] "GET /cormun/servlet/hlogin HTTP/1.1" 200 1744
190.171.149.74 - - [09/Nov/2021:10:28:48 -0300] "GET /cormun/servlet/trpermisosgoce? HTTP/1.1" 200 6025
190.171.149.74 - - [09/Nov/2021:10:28:53 -0300] "POST /cormun/servlet/hlogin?c92a10602a35adef423061a30a2e9616,gx-no-cache=1636467458850 HTTP/1.1" 200 90
190.171.149.74 - - [09/Nov/2021:10:28:53 -0300] "GET /cormun/servlet/hpexe_link HTTP/1.1" 200 959
190.171.149.74 - - [09/Nov/2021:10:28:54 -0300] "GET /cormun/servlet/trpermisosgoce HTTP/1.1" 200 13255
190.171.149.74 - - [09/Nov/2021:10:28:54 -0300] "GET /cormun/servlet/trpermisosgoce HTTP/1.1" 200 13261
190.171.149.74 - - [09/Nov/2021:10:28:57 -0300] "GET /cormun/servlet/permisogoce?INS,0,,, HTTP/1.1" 200 6844
190.171.149.74 - - [09/Nov/2021:10:28:57 -0300] "GET /cormun/servlet/permisogoce?INS,0,,, HTTP/1.1" 200 6844
190.171.149.74 - - [09/Nov/2021:10:29:11 -0300] "GET /cormun/servlet/permisogoce?8422ca6bff3edc782d11d4f5207afd317ecf146f9c7e8ec9bd25592ad7ddd71d9d08abd25ad8ee22ca5160cbd526a55ba1ebd80352e52104f8c27dde4959fb36,gx-no-cache=1636467476415 HTTP/1.1" 200 79
200.54.100.179 - - [09/Nov/2021:10:29:13 -0300] "GET /cormun/servlet/solicitudot?02998d67aa0ae5d42deffad65aa940bcb36aaaed30ba9b2bbcae7269154eec37ff5eb18bc456d8338add253e27ae5d6703152ca653cbe676e82c17b923b0a76b,gx-no-cache=1636463838015 HTTP/1.1" 200 30
190.171.149.74 - - [09/Nov/2021:10:29:13 -0300] "GET /cormun/static/menuarrow.gif HTTP/1.1" 404 1015
200.54.100.179 - - [09/Nov/2021:10:29:16 -0300] "GET /cormun/static/Resources/resize.gif HTTP/1.1" 200 77
190.171.149.74 - - [09/Nov/2021:10:29:17 -0300] "GET /cormun/servlet/permisogoce?8422ca6bff3edc782d11d4f5207afd31abd741fdcbd1387b38c6d0a0bb68ac2630f38c44b8e08b59271562b7b5059c26d6157d706f5800300988f981c1fcb54f,gx-no-cache=1636467482466 HTTP/1.1" 200 47
205.185.121.173 - - [09/Nov/2021:10:29:18 -0300] "GET /manager/html HTTP/1.1" 401 2474
190.171.149.74 - - [09/Nov/2021:10:29:19 -0300] "POST /cormun/servlet/permisogoce?c92a10602a35adef423061a30a2e9616,INS,0,,,,gx-no-cache=1636467484322 HTTP/1.1" 200 93
190.171.149.74 - - [09/Nov/2021:10:29:19 -0300] "GET /cormun/servlet/hpexe_return? HTTP/1.1" 200 1010
190.171.149.74 - - [09/Nov/2021:10:29:20 -0300] "GET /cormun/servlet/trpermisosgoce HTTP/1.1" 200 13440
190.171.149.74 - - [09/Nov/2021:10:29:20 -0300] "GET /cormun/servlet/trpermisosgoce HTTP/1.1" 200 13436
190.171.149.74 - - [09/Nov/2021:10:29:22 -0300] "GET /cormun/servlet/apermisogoceprn?9569964,P,20211109101441,PU HTTP/1.1" 200 1647
200.54.100.179 - - [09/Nov/2021:10:29:23 -0300] "GET /cormun/static/Resources/PXTools/ClosePrompt.png HTTP/1.1" 200 1036
200.54.100.179 - - [09/Nov/2021:10:29:23 -0300] "GET /cormun/servlet/prbanco?,MD,,gxPopupLevel%3D0%3B HTTP/1.1" 200 6592
200.54.100.179 - - [09/Nov/2021:10:29:23 -0300] "GET /cormun/static/gxcfg.js?20201216131581 HTTP/1.1" 200 953
200.54.100.179 - - [09/Nov/2021:10:29:23 -0300] "GET /cormun/static/prbanco.js?20201216132311 HTTP/1.1" 200 10693
200.54.100.179 - - [09/Nov/2021:10:29:23 -0300] "GET /cormun/static/menusearch.js?20201214473581 HTTP/1.1" 200 1424
200.54.100.179 - - [09/Nov/2021:10:29:23 -0300] "GET /cormun/static/hmpwkw011.js?20201215495555 HTTP/1.1" 200 1968
200.54.100.179 - - [09/Nov/2021:10:29:23 -0300] "GET /cormun/static/Resources/PXToolsMenuSearch.png HTTP/1.1" 200 336
200.54.100.179 - - [09/Nov/2021:10:29:23 -0300] "GET /cormun/static/Resources/PXToolsMenuSearchCancel.png HTTP/1.1" 200 306
200.54.100.179 - - [09/Nov/2021:10:29:25 -0300] "GET /cormun/static/Resources/resize.gif HTTP/1.1" 200 77
190.171.149.74 - - [09/Nov/2021:10:29:35 -0300] "GET /cormun/servlet/trlicencias? HTTP/1.1" 200 9842
190.171.149.74 - - [09/Nov/2021:10:29:36 -0300] "GET /cormun/servlet/trlicencias? HTTP/1.1" 200 9838
190.171.149.74 - - [09/Nov/2021:10:29:39 -0300] "GET /cormun/static/menuarrow.gif HTTP/1.1" 404 1015
200.54.100.179 - - [09/Nov/2021:10:29:48 -0300] "GET /cormun/servlet/solicitudot?02998d67aa0ae5d42deffad65aa940bc30d35bf9243f56fbe517e60a16910d81,gx-no-cache=1636463873600 HTTP/1.1" 200 53
190.171.149.74 - - [09/Nov/2021:10:29:49 -0300] "POST /cormun/servlet/trlicencias?c92a10602a35adef423061a30a2e9616,,gx-no-cache=1636467513652 HTTP/1.1" 200 18040
190.171.149.74 - - [09/Nov/2021:10:29:55 -0300] "GET /cormun/servlet/trpermisosgoce? HTTP/1.1" 200 13436
190.171.149.74 - - [09/Nov/2021:10:29:56 -0300] "GET /cormun/servlet/trpermisosgoce? HTTP/1.1" 200 13436
51.254.49.109 - - [09/Nov/2021:10:30:20 -0300] "GET /favicon.ico HTTP/1.1" 200 21630
200.54.100.179 - - [09/Nov/2021:10:30:27 -0300] "POST /cormun/servlet/solicitudot?gx-no-cache=1636463912183 HTTP/1.1" 200 297
200.54.100.179 - - [09/Nov/2021:10:30:27 -0300] "GET /cormun/servlet/solicitudot?02998d67aa0ae5d42deffad65aa940bc90f158e8512a8894403cf4a1cfbff194d01943728170ceb0976a6103a8e4e27e5a1d6a980ff743d5104b2f64e62e933a4704cb82e38056d70b81971dbf96f60f763db10da82413fea9997d684473d05d4f523eb5a46dac2db16f0fd0586275b08342551e9d9cb9e2d77a7aae9cccb19e0846e518694e546feb53b1f53521432ccc8c891c8b1924f53402dcb23fcc86354cc7b40e92d95bf8211114abbd01aef63eca19b24d854e18149f3a06c900f0f368ca9605389906a8b374603776f64d878268ed372cd791917a3bb327e32f102cfd103115237b1f7cafbb65021e5090062f3dd64ee1cd7855abb6f3cbb61957d9871fa01cbeac1d1a25d8ff490522bd457af63069aacb5a4ac7afba075f5f111d6625736c2caef3183a26ab0f02607cc383ae200b692364426a9d73454f78fe62080c8d00cc5a13b94a9afcc529c975c458e5be2fa1137f189f0516adafc5f1236644492058fa9d1c08c15eab981bc0d63238d4b247cd15bb8911bf77b68becd204cafdcc0ab11f428d970507172a2fd6,gx-no-cache=1636463912241 HTTP/1.1" 200 30
190.171.149.74 - - [09/Nov/2021:10:30:31 -0300] "GET /cormun/servlet/permisogoce?INS,0,,, HTTP/1.1" 200 6843
190.171.149.74 - - [09/Nov/2021:10:30:31 -0300] "GET /cormun/servlet/permisogoce?INS,0,,, HTTP/1.1" 200 6843
190.171.149.74 - - [09/Nov/2021:10:30:38 -0300] "GET /cormun/servlet/permisogoce?8422ca6bff3edc782d11d4f5207afd3109e274e592d99edbdef68e21aa1a09db9d08abd25ad8ee22ca5160cbd526a55ba1ebd80352e52104f8c27dde4959fb36,gx-no-cache=1636467563782 HTTP/1.1" 200 77
190.171.149.74 - - [09/Nov/2021:10:30:40 -0300] "GET /cormun/static/menuarrow.gif HTTP/1.1" 404 1015
200.54.100.179 - - [09/Nov/2021:10:30:45 -0300] "POST /cormun/servlet/solicitudot?gx-no-cache=1636463929801 HTTP/1.1" 200 30
190.171.149.74 - - [09/Nov/2021:10:30:59 -0300] "GET /cormun/servlet/permisogoce?8422ca6bff3edc782d11d4f5207afd31140bd0bab86f279eeb695ce2ffc1cd25de95cfe20aae2c2ec4f0096481ce5449e0453da64cff881b4e7271c3f38f3b48,gx-no-cache=1636467584320 HTTP/1.1" 200 47
200.111.191.213 - - [09/Nov/2021:10:31:02 -0300] "GET /cormun/servlet/trpermisosgoce? HTTP/1.1" 200 6020
200.111.191.213 - - [09/Nov/2021:10:31:03 -0300] "GET /cormun/servlet/hlogin HTTP/1.1" 200 1741
200.111.191.213 - - [09/Nov/2021:10:31:03 -0300] "GET /cormun/servlet/trpermisosgoce? HTTP/1.1" 200 6020
200.111.191.213 - - [09/Nov/2021:10:31:03 -0300] "GET /cormun/servlet/trpermisosgoce? HTTP/1.1" 200 6020
190.171.149.74 - - [09/Nov/2021:10:31:03 -0300] "POST /cormun/servlet/permisogoce?c92a10602a35adef423061a30a2e9616,INS,0,,,,gx-no-cache=1636467588051 HTTP/1.1" 200 93
190.171.149.74 - - [09/Nov/2021:10:31:03 -0300] "GET /cormun/servlet/hpexe_return? HTTP/1.1" 200 1010
190.171.149.74 - - [09/Nov/2021:10:31:03 -0300] "GET /cormun/servlet/trpermisosgoce HTTP/1.1" 200 13670
190.171.149.74 - - [09/Nov/2021:10:31:04 -0300] "GET /cormun/servlet/trpermisosgoce HTTP/1.1" 200 13659
190.171.149.74 - - [09/Nov/2021:10:31:07 -0300] "GET /cormun/servlet/apermisogoceprn?7650750,P,20211109101616,PU HTTP/1.1" 200 1641
200.111.191.213 - - [09/Nov/2021:10:31:08 -0300] "POST /cormun/servlet/hlogin?5b3e790e6a93918d6c75a29deff5fb5f,gx-no-cache=1636464226139 HTTP/1.1" 200 90
200.111.191.213 - - [09/Nov/2021:10:31:08 -0300] "GET /cormun/servlet/hpexe_link HTTP/1.1" 200 955
200.111.191.213 - - [09/Nov/2021:10:31:08 -0300] "GET /cormun/servlet/trpermisosgoce HTTP/1.1" 200 15474
200.111.191.213 - - [09/Nov/2021:10:31:09 -0300] "GET /cormun/servlet/trpermisosgoce HTTP/1.1" 200 15494
200.111.191.213 - - [09/Nov/2021:10:31:12 -0300] "GET /cormun/servlet/permisogoce?INS,0,,, HTTP/1.1" 200 6825
200.111.191.213 - - [09/Nov/2021:10:31:12 -0300] "GET /cormun/servlet/permisogoce?INS,0,,, HTTP/1.1" 200 6825
200.111.191.213 - - [09/Nov/2021:10:31:18 -0300] "GET /cormun/servlet/permisogoce?80090dc0add806b64d6d8001b430c0d2cad784309d49cc883f2215b71217fb876ae80b8ab8117372feda2ae651d0badb0d484f2cbcc4f87b4d467a77a05ce480,gx-no-cache=1636464236687 HTTP/1.1" 200 85
190.171.149.74 - - [09/Nov/2021:10:31:30 -0300] "GET /cormun/servlet/trlicencias? HTTP/1.1" 200 19744
190.171.149.74 - - [09/Nov/2021:10:31:31 -0300] "GET /cormun/servlet/trlicencias? HTTP/1.1" 200 19749
190.171.149.74 - - [09/Nov/2021:10:31:32 -0300] "GET /cormun/static/menuarrow.gif HTTP/1.1" 404 1015
190.171.149.74 - - [09/Nov/2021:10:31:38 -0300] "POST /cormun/servlet/trlicencias?c92a10602a35adef423061a30a2e9616,,gx-no-cache=1636467622751 HTTP/1.1" 200 18049
200.54.100.179 - - [09/Nov/2021:10:34:27 -0300] "GET /cormun/servlet/prfichaempleado?,MD,,gxPopupLevel%3D0%3B HTTP/1.1" 200 9336
200.54.100.179 - - [09/Nov/2021:10:34:27 -0300] "GET /cormun/static/gxcfg.js?20201215571085 HTTP/1.1" 200 953
