200.54.103.162 - - [09/Nov/2021:12:21:30 -0300] "GET /cormun/static/Resources/PXToolsDataTitle.png HTTP/1.1" 200 1173
200.54.103.162 - - [09/Nov/2021:12:21:30 -0300] "GET /cormun/static/Resources/Llave.png HTTP/1.1" 200 1395
200.54.103.162 - - [09/Nov/2021:12:21:30 -0300] "GET /cormun/static/Shared/jquery/jquery-1.4.2.min.js HTTP/1.1" 200 72174
200.54.103.162 - - [09/Nov/2021:12:21:30 -0300] "GET /cormun/static/Resources/Logo2019_Small.png HTTP/1.1" 200 10855
200.54.103.162 - - [09/Nov/2021:12:21:30 -0300] "GET /cormun/static/Resources/ImgHome.png HTTP/1.1" 200 1364
200.54.103.162 - - [09/Nov/2021:12:21:30 -0300] "GET /cormun/static/SmoothNavMenu/resources/ddsmoothmenu.js HTTP/1.1" 200 12712
200.54.103.162 - - [09/Nov/2021:12:21:30 -0300] "GET /cormun/static/SmoothNavMenu/resources/SmoothNavMenuRender.js HTTP/1.1" 200 5951
200.54.103.162 - - [09/Nov/2021:12:21:30 -0300] "GET /cormun/static/scaMessage/js/jquery.pnotify.min.js HTTP/1.1" 200 13038
200.54.103.162 - - [09/Nov/2021:12:21:30 -0300] "GET /cormun/static/scaMessage/scaMessageRender.js HTTP/1.1" 200 11977
200.54.103.162 - - [09/Nov/2021:12:21:30 -0300] "GET /cormun/static/hmpwkw03.js?20201215501896 HTTP/1.1" 200 3973
200.54.103.162 - - [09/Nov/2021:12:21:31 -0300] "GET /cormun/static/Shared/jqueryui/jquery-ui.min.js HTTP/1.1" 200 240427
200.54.103.162 - - [09/Nov/2021:12:21:31 -0300] "GET /cormun/static/Shared/jquery/jquery-1.10.2.min.js HTTP/1.1" 200 273199
200.54.103.162 - - [09/Nov/2021:12:21:31 -0300] "GET /cormun/static/Shared/ext/ext-all.js HTTP/1.1" 200 1289687
200.54.103.162 - - [09/Nov/2021:12:21:31 -0300] "GET /cormun/servlet/hhome HTTP/1.1" 200 4339
200.54.103.162 - - [09/Nov/2021:12:21:31 -0300] "GET /cormun/static/SmoothNavMenu/resources/images/down.gif HTTP/1.1" 200 854
200.54.103.162 - - [09/Nov/2021:12:21:31 -0300] "GET /cormun/static/SmoothNavMenu/resources/images/right.gif HTTP/1.1" 200 860
200.54.103.162 - - [09/Nov/2021:12:21:36 -0300] "GET /cormun/servlet/trlicencias? HTTP/1.1" 200 12902
200.54.103.162 - - [09/Nov/2021:12:21:37 -0300] "GET /cormun/static/gxui/gxui-all.css?120300 HTTP/1.1" 200 2179
200.54.103.162 - - [09/Nov/2021:12:21:37 -0300] "GET /cormun/static/calendar-system.css?85620 HTTP/1.1" 200 5572
200.54.103.162 - - [09/Nov/2021:12:21:37 -0300] "GET /cormun/static/gxcfg.js?2020121613995 HTTP/1.1" 200 953
200.54.103.162 - - [09/Nov/2021:12:21:37 -0300] "GET /cormun/static/calendar-setup.js?85251 HTTP/1.1" 200 2588
200.54.103.162 - - [09/Nov/2021:12:21:37 -0300] "GET /cormun/static/calendar.js?85251 HTTP/1.1" 200 26246
200.54.103.162 - - [09/Nov/2021:12:21:37 -0300] "GET /cormun/static/calendar-es.js?85251 HTTP/1.1" 200 1901
200.54.103.162 - - [09/Nov/2021:12:21:37 -0300] "GET /cormun/static/Shared/ext/resources/css/ext-all.css?215870 HTTP/1.1" 200 416045
200.54.103.162 - - [09/Nov/2021:12:21:37 -0300] "GET /cormun/static/gxdec.js?85251 HTTP/1.1" 200 19579
200.54.103.162 - - [09/Nov/2021:12:21:37 -0300] "GET /cormun/static/trlicencias.js?202012162481 HTTP/1.1" 200 41883
200.54.103.162 - - [09/Nov/2021:12:21:37 -0300] "GET /cormun/static/Resources/PXToolsDataSearch.png HTTP/1.1" 200 435
200.54.103.162 - - [09/Nov/2021:12:21:37 -0300] "GET /cormun/static/Resources/PXTools/calendar.png HTTP/1.1" 200 1306
200.54.103.162 - - [09/Nov/2021:12:21:37 -0300] "GET /cormun/static/Resources/PXToolsGridFirstDisabled.gif HTTP/1.1" 200 100
200.54.103.162 - - [09/Nov/2021:12:21:37 -0300] "GET /cormun/static/Resources/PXToolsGridPreviousDisabled.gif HTTP/1.1" 200 90
200.54.103.162 - - [09/Nov/2021:12:21:37 -0300] "GET /cormun/static/Resources/PXToolsGridNextDisabled.gif HTTP/1.1" 200 90
200.54.103.162 - - [09/Nov/2021:12:21:37 -0300] "GET /cormun/static/Resources/PXToolsGridLastDisabled.gif HTTP/1.1" 200 98
200.54.103.162 - - [09/Nov/2021:12:21:37 -0300] "GET /cormun/static/Resources/PXToolsGridPage.gif HTTP/1.1" 200 725
200.54.103.162 - - [09/Nov/2021:12:21:37 -0300] "GET /cormun/static/Resources/PXToolsAddAllAction.png HTTP/1.1" 200 495
200.54.103.162 - - [09/Nov/2021:12:21:37 -0300] "GET /cormun/static/Resources/PXToolsActionExcel.png HTTP/1.1" 200 727
200.54.103.162 - - [09/Nov/2021:12:21:37 -0300] "GET /cormun/static/Resources/asc.gif HTTP/1.1" 200 67
200.54.103.162 - - [09/Nov/2021:12:21:37 -0300] "GET /cormun/static/Resources/desc.gif HTTP/1.1" 200 65
200.54.103.162 - - [09/Nov/2021:12:21:37 -0300] "GET /cormun//static/Resources/PXTools/ActionInsert.png HTTP/1.1" 200 1482
200.54.103.162 - - [09/Nov/2021:12:21:37 -0300] "GET /cormun//static/Resources/PXToolsActionDisabled.gif HTTP/1.1" 200 53
200.54.103.162 - - [09/Nov/2021:12:21:37 -0300] "GET /cormun//static/Resources/PXToolsGridDisplay.png HTTP/1.1" 200 525
200.54.103.162 - - [09/Nov/2021:12:21:37 -0300] "GET /cormun//static/Resources/PXToolsHeaderHelp.png HTTP/1.1" 200 1333
200.54.103.162 - - [09/Nov/2021:12:21:37 -0300] "GET /cormun//static/Resources/PXToolsHeaderFavorites.png HTTP/1.1" 200 1414
200.54.103.162 - - [09/Nov/2021:12:21:37 -0300] "GET /cormun//static/Resources/PXToolsActionPrint.png HTTP/1.1" 200 404
200.54.103.162 - - [09/Nov/2021:12:21:37 -0300] "GET /cormun/static/Shared/ext/resources/themes/images/default/tools/tool-sprites.gif HTTP/1.1" 200 5434
200.54.103.162 - - [09/Nov/2021:12:21:37 -0300] "GET /cormun/static/Shared/ext/resources/themes/images/default/panel/bg-headersPanel.png HTTP/1.1" 200 255
200.54.103.162 - - [09/Nov/2021:12:21:37 -0300] "GET /cormun/servlet/trlicencias? HTTP/1.1" 200 12888
190.171.141.90 - - [09/Nov/2021:12:21:44 -0300] "GET /cormun/servlet/prlicenciaspermisos?8623618,L,,MD,,gxPopupLevel%3D0%3B HTTP/1.1" 200 7684
190.171.141.90 - - [09/Nov/2021:12:21:51 -0300] "GET /cormun/servlet/solicitudot?1aac669fb878fd3faf7283a2167ba988dcc2459d51c6100283ec3456fa7ee7982d3503d56bb06be6570b11e2a58ffdb2ef686cff64bf3e3b6e2324a63049e5e630e7b3a93d79894cfbe27f2ce915384a27ae506a6a8f7738ceee277c75c189e64da9c14358a8f4ec12b34d64164b2c08a113f5bb20536070d915ec5708dba20d379012e1990536f63998f30d504d452c0f2620785a89d8474c1304d4fc822a479a0cf50afdc02c3093d61a1be3247bbbe2c2e1ce87362495cc2fdefe5d9db5972a47ac8bbcaa94b7d948d36f08d73e01ab620a187421b03fd765483242329d1e0b7011a1f8ac19b149a69e707a74eaa99ef9cd42cbadc051ce8fca8a7ff7898dcc9755bd1b28bd653042766d76eb85a921cfdac3d799606b9f84f6d3dcb5c99754971f35ed02c443c59dbd87570a3f63ea311f79f3781c8ac898fdd7cca920176118159af695ca423fa82931f65ec5b822295276e8c510807b49ae0f344cd843067300a43a55754e50c8ed5181119884cb9032702d895a904556bab834410d0c,gx-no-cache=1636470595902 HTTP/1.1" 200 30
190.171.141.90 - - [09/Nov/2021:12:21:51 -0300] "POST /cormun/servlet/solicitudot?gx-no-cache=1636470595924 HTTP/1.1" 200 30
190.171.141.90 - - [09/Nov/2021:12:21:51 -0300] "POST /cormun/servlet/solicitudot?gx-no-cache=1636470595954 HTTP/1.1" 200 1440
190.171.141.90 - - [09/Nov/2021:12:22:04 -0300] "POST /cormun/servlet/solicitudot?gx-no-cache=1636470609225 HTTP/1.1" 200 40
190.171.141.90 - - [09/Nov/2021:12:22:04 -0300] "GET /cormun/servlet/solicitudot?1aac669fb878fd3faf7283a2167ba988bbb1192d4e62d8e269df590721927d834819a0a5bad4457611f7ff48830f49c3b5d91c115782d189006b3bc34e469b94a39b850028a067345a0c93b7cb91c8f103d19ead48248ccdfba7c8da5bd4b0e13e1604cff9033039ba7868b413bbc671,gx-no-cache=1636470609250 HTTP/1.1" 200 110
190.171.141.90 - - [09/Nov/2021:12:22:04 -0300] "POST /cormun/servlet/solicitudot?gx-no-cache=1636470609274 HTTP/1.1" 200 97
190.171.141.90 - - [09/Nov/2021:12:22:04 -0300] "GET /cormun/servlet/solicitudot?1aac669fb878fd3faf7283a2167ba9884d04dbe0f0104a11b77ec57d43a7ad39dab5abbf31cf104ae2eb12563d3c21d0,gx-no-cache=1636470609304 HTTP/1.1" 200 30
190.171.141.90 - - [09/Nov/2021:12:22:05 -0300] "POST /cormun/servlet/solicitudot?gx-no-cache=1636470609327 HTTP/1.1" 200 34
190.171.141.90 - - [09/Nov/2021:12:22:05 -0300] "POST /cormun/servlet/solicitudot?6774244760a9ce9845d202f6e852a045,INS,0,0,false,,gx-no-cache=1636470609357 HTTP/1.1" 200 93
190.171.141.90 - - [09/Nov/2021:12:22:05 -0300] "GET /cormun/servlet/hpexe_return? HTTP/1.1" 200 1011
190.171.141.90 - - [09/Nov/2021:12:22:05 -0300] "GET /cormun/servlet/trsolicitudot HTTP/1.1" 200 8632
190.171.141.90 - - [09/Nov/2021:12:22:06 -0300] "GET /cormun/servlet/trsolicitudot HTTP/1.1" 200 8628
190.171.143.82 - - [09/Nov/2021:12:22:14 -0300] "GET /cormun/servlet/trpermisosgoce? HTTP/1.1" 200 9931
190.171.143.82 - - [09/Nov/2021:12:22:18 -0300] "GET /cormun/servlet/trpermisosgoce? HTTP/1.1" 200 9930
40.77.189.57 - - [09/Nov/2021:12:22:21 -0300] "GET /cormun/static/hpexe_messagepopupcomponent.js?2020121447232 HTTP/1.1" 200 605
40.77.189.215 - - [09/Nov/2021:12:22:22 -0300] "GET /cormun/static/Shared/jquery/jquery-1.4.2.min.js HTTP/1.1" 200 40960
190.171.143.82 - - [09/Nov/2021:12:22:43 -0300] "POST /cormun/servlet/trpermisosgoce?bf2a229b275399002799e4aef922560d,,gx-no-cache=1636470647019 HTTP/1.1" 200 15791
200.54.103.162 - - [09/Nov/2021:12:23:03 -0300] "GET /cormun/servlet/licenciaspermisos?DSP,15126448,L,20211105000000, HTTP/1.1" 200 7476
200.54.103.162 - - [09/Nov/2021:12:23:03 -0300] "GET /cormun/static/gxcfg.js?202012153173 HTTP/1.1" 200 953
200.54.103.162 - - [09/Nov/2021:12:23:03 -0300] "GET /cormun/static/Resources/prompt.gif HTTP/1.1" 200 902
200.54.103.162 - - [09/Nov/2021:12:23:03 -0300] "GET /cormun/static/licenciaspermisos.js?2020121532136 HTTP/1.1" 200 38824
200.54.103.162 - - [09/Nov/2021:12:23:04 -0300] "GET /cormun/servlet/licenciaspermisos?DSP,15126448,L,20211105000000, HTTP/1.1" 200 7495
200.54.103.162 - - [09/Nov/2021:12:23:14 -0300] "GET /cormun/servlet/hlogin HTTP/1.1" 200 1773
190.171.141.90 - - [09/Nov/2021:12:23:16 -0300] "POST /cormun/servlet/trsolicitudot?6774244760a9ce9845d202f6e852a045,gx-no-cache=1636470680198 HTTP/1.1" 200 4572
190.171.141.90 - - [09/Nov/2021:12:23:16 -0300] "GET /cormun/static/Shared/jqueryui/images/ui-bg_highlight-soft_100_c6c2c8_1x100.png HTTP/1.1" 404 1117
190.171.141.90 - - [09/Nov/2021:12:23:16 -0300] "GET /cormun/static/Shared/jqueryui/images/ui-icons_82798d_256x240.png HTTP/1.1" 404 1089
190.171.141.90 - - [09/Nov/2021:12:23:16 -0300] "GET /cormun/static/Shared/jqueryui/images/ui-bg_flat_55_fafafa_40x100.png HTTP/1.1" 404 1097
190.171.141.90 - - [09/Nov/2021:12:23:16 -0300] "GET /cormun/static/Shared/jqueryui/images/ui-icons_8d78a5_256x240.png HTTP/1.1" 404 1089
190.171.141.90 - - [09/Nov/2021:12:23:16 -0300] "POST /cormun/servlet/trsolicitudot?6774244760a9ce9845d202f6e852a045,gx-no-cache=1636470680523 HTTP/1.1" 200 4327
190.171.141.90 - - [09/Nov/2021:12:23:49 -0300] "GET /cormun/servlet/trsolicitudot? HTTP/1.1" 200 7194
190.171.141.90 - - [09/Nov/2021:12:23:49 -0300] "GET /cormun/servlet/trsolicitudot? HTTP/1.1" 200 7194
190.171.141.90 - - [09/Nov/2021:12:23:52 -0300] "GET /cormun/servlet/solicitudot?INS,0,0,false, HTTP/1.1" 200 15603
190.171.141.90 - - [09/Nov/2021:12:23:52 -0300] "GET /cormun/servlet/solicitudot?INS,0,0,false, HTTP/1.1" 200 15611
190.171.141.90 - - [09/Nov/2021:12:24:11 -0300] "POST /cormun/servlet/solicitudot?gx-no-cache=1636470735315 HTTP/1.1" 200 3778
190.171.141.90 - - [09/Nov/2021:12:24:11 -0300] "POST /cormun/servlet/solicitudot?6774244760a9ce9845d202f6e852a045,INS,0,0,false,,gx-no-cache=1636470735450 HTTP/1.1" 200 12284
190.171.141.90 - - [09/Nov/2021:12:24:13 -0300] "GET /cormun/servlet/solicitudot?1aac669fb878fd3faf7283a2167ba98827bb8503f3a141547afcbc554db794e8cffb573798884270f67787841cc46c43,gx-no-cache=1636470738231 HTTP/1.1" 200 30
190.171.143.82 - - [09/Nov/2021:12:25:27 -0300] "POST /cormun/servlet/trpermisosgoce?bf2a229b275399002799e4aef922560d,,gx-no-cache=1636470811332 HTTP/1.1" 200 5096
190.171.143.82 - - [09/Nov/2021:12:25:39 -0300] "GET /cormun/servlet/permisogoce?INS,0,,, HTTP/1.1" 200 7245
190.171.141.90 - - [09/Nov/2021:12:25:39 -0300] "GET /cormun/servlet/prbanco?,MD,,gxPopupLevel%3D0%3B HTTP/1.1" 200 6531
190.171.143.82 - - [09/Nov/2021:12:25:42 -0300] "GET /cormun/servlet/permisogoce?INS,0,,, HTTP/1.1" 200 7246
190.171.141.90 - - [09/Nov/2021:12:25:43 -0300] "GET /cormun/servlet/solicitudot?1aac669fb878fd3faf7283a2167ba988acb6bf321b6781a5960ca9dd17daef4703c92d9e34d96632c57cf19a3377d61ee658ed66338fa9408c05fcc9e0882fb4,gx-no-cache=1636470827705 HTTP/1.1" 200 30
190.171.141.90 - - [09/Nov/2021:12:25:44 -0300] "GET /cormun/servlet/solicitudot?1aac669fb878fd3faf7283a2167ba988356d9068b6903c5a565e3ecae18637cf,gx-no-cache=1636470829297 HTTP/1.1" 200 53
190.171.143.82 - - [09/Nov/2021:12:25:47 -0300] "GET /cormun/servlet/prfichaempleado?,MD,,gxPopupLevel%3D0%3B HTTP/1.1" 200 9403
190.171.143.82 - - [09/Nov/2021:12:25:57 -0300] "POST /cormun/servlet/prfichaempleado?bf2a229b275399002799e4aef922560d,,MD,,gxPopupLevel%3D0%3B,gx-no-cache=1636470842023 HTTP/1.1" 200 4721
190.171.141.90 - - [09/Nov/2021:12:25:58 -0300] "POST /cormun/servlet/solicitudot?gx-no-cache=1636470843298 HTTP/1.1" 200 240
190.171.141.90 - - [09/Nov/2021:12:26:16 -0300] "GET /cormun/servlet/solicitudot?1aac669fb878fd3faf7283a2167ba988dcc2459d51c6100283ec3456fa7ee7982d3503d56bb06be6570b11e2a58ffdb2ef686cff64bf3e3b6e2324a63049e5e630e7b3a93d79894cfbe27f2ce915384a27ae506a6a8f7738ceee277c75c189e64da9c14358a8f4ec12b34d64164b2c08a113f5bb20536070d915ec5708dba20d379012e1990536f63998f30d504d452c0f2620785a89d8474c1304d4fc822a479a0cf50afdc02c3093d61a1be3247bbbe2c2e1ce87362495cc2fdefe5d9db5972a47ac8bbcaa94b7d948d36f08d73e01ab620a187421b03fd765483242329d1e0b7011a1f8ac19b149a69e707a74eaa9d062998367d0f50a47520413b45bcd3acc9755bd1b28bd653042766d76eb85a921cfdac3d799606b9f84f6d3dcb5c99754971f35ed02c443c59dbd87570a3f63ea311f79f3781c8ac898fdd7cca920176118159af695ca423fa82931f65ec5b822295276e8c510807b49ae0f344cd843067300a43a55754e50c8ed51811198844fecd117482e04780467cb8262bcf38f,gx-no-cache=1636470860759 HTTP/1.1" 200 30
190.171.141.90 - - [09/Nov/2021:12:26:16 -0300] "POST /cormun/servlet/solicitudot?gx-no-cache=1636470860787 HTTP/1.1" 200 30
190.171.141.90 - - [09/Nov/2021:12:26:16 -0300] "POST /cormun/servlet/solicitudot?gx-no-cache=1636470860865 HTTP/1.1" 200 1440
190.171.141.90 - - [09/Nov/2021:12:26:16 -0300] "POST /cormun/servlet/solicitudot?gx-no-cache=1636470860896 HTTP/1.1" 200 38
190.171.143.82 - - [09/Nov/2021:12:26:18 -0300] "POST /cormun/servlet/permisogoce?bf2a229b275399002799e4aef922560d,INS,0,,,,gx-no-cache=1636470862212 HTTP/1.1" 200 93
190.171.143.82 - - [09/Nov/2021:12:26:18 -0300] "GET /cormun/servlet/hpexe_return? HTTP/1.1" 200 1011
190.171.143.82 - - [09/Nov/2021:12:26:18 -0300] "GET /cormun/servlet/trpermisosgoce? HTTP/1.1" 200 8015
190.171.143.82 - - [09/Nov/2021:12:26:21 -0300] "GET /cormun/servlet/trpermisosgoce? HTTP/1.1" 200 8011
190.171.143.82 - - [09/Nov/2021:12:26:29 -0300] "GET /cormun/servlet/permisogoce?INS,0,,, HTTP/1.1" 200 7243
190.171.143.82 - - [09/Nov/2021:12:26:31 -0300] "GET /cormun/servlet/permisogoce?INS,0,,, HTTP/1.1" 200 7243
190.171.143.82 - - [09/Nov/2021:12:26:38 -0300] "GET /cormun/servlet/permisogoce?7ee993f9e9a764580be7efa3d2217bb99ac1c73819b38c1c2e33bcdf6791179ac691325f19992dca6c8a740c50024f1d3bf345406c9efc13b35527fc08abfce7,gx-no-cache=1636470882324 HTTP/1.1" 200 79
200.111.191.213 - - [09/Nov/2021:12:26:39 -0300] "GET /cormun/servlet/permisogoce?INS,0,,, HTTP/1.1" 200 6826
200.111.191.213 - - [09/Nov/2021:12:26:39 -0300] "GET /cormun/servlet/permisogoce?INS,0,,, HTTP/1.1" 200 6825
200.111.191.213 - - [09/Nov/2021:12:26:41 -0300] "GET /cormun/servlet/prfichaempleado?,MD,,gxPopupLevel%3D0%3B HTTP/1.1" 200 9270
190.171.143.82 - - [09/Nov/2021:12:26:43 -0300] "GET /cormun/static/menuarrow.gif HTTP/1.1" 404 1015
200.111.191.213 - - [09/Nov/2021:12:26:47 -0300] "POST /cormun/servlet/prfichaempleado?b70edc2ec112a55c851a2516b12f1248,,MD,,gxPopupLevel%3D0%3B,gx-no-cache=1636471165370 HTTP/1.1" 200 3460
200.111.191.213 - - [09/Nov/2021:12:26:52 -0300] "GET /cormun/servlet/permisogoce?42b3718952b99d7a1a712be80da04e7516a13086d361c6cc958737f51bff5dba25c173c4902653f9af57d9e0e0c38e7a0a96430e050b0579ceb87a46a50701d3,gx-no-cache=1636471170336 HTTP/1.1" 200 79
200.111.191.213 - - [09/Nov/2021:12:26:52 -0300] "GET /cormun/static/menuarrow.gif HTTP/1.1" 404 1015
190.171.143.82 - - [09/Nov/2021:12:26:55 -0300] "GET /cormun/servlet/permisogoce?7ee993f9e9a764580be7efa3d2217bb91fb563134d7dd3af00eea775698861fe058e8812a024f84eea64187fd7a7e7acbbb867938bae75117577210b85375a3d,gx-no-cache=1636470899748 HTTP/1.1" 200 47
200.111.191.213 - - [09/Nov/2021:12:26:55 -0300] "GET /cormun/servlet/permisogoce?42b3718952b99d7a1a712be80da04e7559456426d4a31910e61fa6b59f592de33c983a7d3c2577e7db7109620911a4ef475ec97e425066c72ef8b16ade5e33d6,gx-no-cache=1636471173466 HTTP/1.1" 200 47
200.111.191.213 - - [09/Nov/2021:12:26:56 -0300] "POST /cormun/servlet/permisogoce?b70edc2ec112a55c851a2516b12f1248,INS,0,,,,gx-no-cache=1636471174388 HTTP/1.1" 200 93
200.111.191.213 - - [09/Nov/2021:12:26:56 -0300] "GET /cormun/servlet/hpexe_return? HTTP/1.1" 200 1013
200.111.191.213 - - [09/Nov/2021:12:26:57 -0300] "GET /cormun/servlet/trpermisosgoce HTTP/1.1" 200 16513
190.171.141.90 - - [09/Nov/2021:12:26:57 -0300] "POST /cormun/servlet/solicitudot?gx-no-cache=1636470901811 HTTP/1.1" 200 1440
190.171.141.90 - - [09/Nov/2021:12:26:57 -0300] "POST /cormun/servlet/solicitudot?gx-no-cache=1636470901891 HTTP/1.1" 200 38
200.111.191.213 - - [09/Nov/2021:12:26:57 -0300] "GET /cormun/servlet/trpermisosgoce HTTP/1.1" 200 16498
205.185.121.173 - - [09/Nov/2021:12:26:57 -0300] "GET /manager/html HTTP/1.1" 401 2474
200.111.191.213 - - [09/Nov/2021:12:27:00 -0300] "GET /cormun/servlet/apermisogoceprn?12103177,P,20211109114752,PU HTTP/1.1" 200 1645
190.171.141.90 - - [09/Nov/2021:12:27:13 -0300] "GET /cormun/servlet/solicitudot?1aac669fb878fd3faf7283a2167ba988bbb1192d4e62d8e269df590721927d834819a0a5bad4457611f7ff48830f49c3b5d91c115782d189006b3bc34e469b94a39b850028a067345a0c93b7cb91c8f103d19ead48248ccdfba7c8da5bd4b0e13e1604cff9033039ba7868b413bbc671,gx-no-cache=1636470917777 HTTP/1.1" 200 110
190.171.141.90 - - [09/Nov/2021:12:27:13 -0300] "POST /cormun/servlet/solicitudot?gx-no-cache=1636470917894 HTTP/1.1" 200 72
190.171.143.82 - - [09/Nov/2021:12:27:13 -0300] "POST /cormun/servlet/permisogoce?bf2a229b275399002799e4aef922560d,INS,0,,,,gx-no-cache=1636470917823 HTTP/1.1" 200 93
190.171.143.82 - - [09/Nov/2021:12:27:14 -0300] "GET /cormun/servlet/hpexe_return? HTTP/1.1" 200 1011
190.171.143.82 - - [09/Nov/2021:12:27:14 -0300] "GET /cormun/servlet/trpermisosgoce HTTP/1.1" 200 8313
190.171.143.82 - - [09/Nov/2021:12:27:16 -0300] "GET /cormun/servlet/trpermisosgoce HTTP/1.1" 200 8309
190.171.141.90 - - [09/Nov/2021:12:27:22 -0300] "POST /cormun/servlet/solicitudot?gx-no-cache=1636470926620 HTTP/1.1" 200 91
190.171.143.82 - - [09/Nov/2021:12:27:25 -0300] "GET /cormun/servlet/apermisogoceprn?17134240,P,20211109121213,PU HTTP/1.1" 200 1664
190.171.154.42 - - [09/Nov/2021:12:27:26 -0300] "GET /cormun/servlet/trlicencias HTTP/1.1" 200 6042
190.171.154.42 - - [09/Nov/2021:12:27:29 -0300] "GET /cormun/servlet/hlogin HTTP/1.1" 200 1741
190.171.154.42 - - [09/Nov/2021:12:27:29 -0300] "GET /cormun/servlet/trlicencias HTTP/1.1" 200 6039
190.171.154.42 - - [09/Nov/2021:12:27:34 -0300] "POST /cormun/servlet/hlogin?65bdb104c444782181f26c5d9a46f3d2,gx-no-cache=1636470936830 HTTP/1.1" 200 90
190.171.154.42 - - [09/Nov/2021:12:27:34 -0300] "GET /cormun/servlet/hpexe_link HTTP/1.1" 200 956
190.171.154.42 - - [09/Nov/2021:12:27:35 -0300] "GET /cormun/servlet/trlicencias HTTP/1.1" 200 12177
190.171.154.42 - - [09/Nov/2021:12:27:37 -0300] "GET /cormun/servlet/trlicencias HTTP/1.1" 200 12175
190.171.141.90 - - [09/Nov/2021:12:27:39 -0300] "GET /cormun/servlet/solicitudot?1aac669fb878fd3faf7283a2167ba988c84a729f7df85e9e992c6f8c751f37834bdbea3eee3d314a72cfa40b8e31ef87955e4106956fbb72aec4ffca55a6b7e62f6886add458f11250b3dcf9763677fc151c80f2cf2ced629de524f72c860061a797390c89847450f6686500522359ae,gx-no-cache=1636470943414 HTTP/1.1" 200 29
190.171.141.90 - - [09/Nov/2021:12:27:39 -0300] "GET /cormun/static/menuarrow.gif HTTP/1.1" 404 1015
190.171.154.42 - - [09/Nov/2021:12:27:49 -0300] "POST /cormun/servlet/trlicencias?65bdb104c444782181f26c5d9a46f3d2,gx-no-cache=1636470951891 HTTP/1.1" 200 11820
190.171.143.82 - - [09/Nov/2021:12:27:50 -0300] "POST /cormun/servlet/trpermisosgoce?bf2a229b275399002799e4aef922560d,gx-no-cache=1636470954926 HTTP/1.1" 200 5304
190.171.141.106 - - [09/Nov/2021:12:28:21 -0300] "GET /cormun/servlet/hlogin HTTP/1.1" 200 1736
190.171.141.106 - - [09/Nov/2021:12:28:22 -0300] "GET /cormun/servlet/hlogin HTTP/1.1" 200 1746
190.171.141.106 - - [09/Nov/2021:12:28:28 -0300] "POST /cormun/servlet/hlogin?54d28f8ddc1dbc8d8be7de042f292d04,gx-no-cache=1636470994037 HTTP/1.1" 200 90
190.171.141.106 - - [09/Nov/2021:12:28:28 -0300] "GET /cormun/servlet/hpexe_link HTTP/1.1" 200 959
190.171.141.106 - - [09/Nov/2021:12:28:29 -0300] "GET /cormun/servlet/hhome HTTP/1.1" 200 4234
190.171.141.106 - - [09/Nov/2021:12:28:30 -0300] "GET /cormun/servlet/hhome HTTP/1.1" 200 4230
190.171.141.90 - - [09/Nov/2021:12:28:32 -0300] "GET /cormun/servlet/solicitudot?1aac669fb878fd3faf7283a2167ba988dcc2459d51c6100283ec3456fa7ee7982d3503d56bb06be6570b11e2a58ffdb2ef686cff64bf3e3b6e2324a63049e5e630e7b3a93d79894cfbe27f2ce915384a27ae506a6a8f7738ceee277c75c189e64da9c14358a8f4ec12b34d64164b2c08a113f5bb20536070d915ec5708dba20d379012e1990536f63998f30d504d452c0f2620785a89d8474c1304d4fc822a479a0cf50afdc02c3093d61a1be3247bbbe2c2e1ce87362495cc2fdefe5d9db5972a47ac8bbcaa94b7d948d36f08d73e01ab620a187421b03fd765483242329d1e0b7011a1f8ac19b149a69e707a74eaa99ef9cd42cbadc051ce8fca8a7ff7898dcc9755bd1b28bd653042766d76eb85a921cfdac3d799606b9f84f6d3dcb5c99754971f35ed02c443c59dbd87570a3f63ea311f79f3781c8ac898fdd7cca920176118159af695ca423fa82931f65ec5b822295276e8c510807b49ae0f344cd843067300a43a55754e50c8ed5181119884cb9032702d895a904556bab834410d0c,gx-no-cache=1636470996318 HTTP/1.1" 200 30
190.171.141.106 - - [09/Nov/2021:12:28:35 -0300] "GET /cormun/servlet/trlicencias? HTTP/1.1" 200 11792
190.171.141.106 - - [09/Nov/2021:12:28:35 -0300] "GET /cormun/servlet/trlicencias? HTTP/1.1" 200 11770
190.171.143.82 - - [09/Nov/2021:12:28:38 -0300] "GET /cormun/servlet/trpermisosadjuntos?8671836,20211022130702,P, HTTP/1.1" 200 7209
190.171.143.82 - - [09/Nov/2021:12:28:40 -0300] "GET /cormun/servlet/trpermisosadjuntos?8671836,20211022130702,P, HTTP/1.1" 200 7207
190.171.143.82 - - [09/Nov/2021:12:28:45 -0300] "POST /cormun/servlet/trpermisosadjuntos?bf2a229b275399002799e4aef922560d,8671836,20211022130702,P,,gx-no-cache=1636471009351 HTTP/1.1" 200 90
190.171.143.82 - - [09/Nov/2021:12:28:45 -0300] "GET /cormun/servlet/hpexe_link HTTP/1.1" 200 1005
190.171.143.82 - - [09/Nov/2021:12:28:45 -0300] "GET /cormun/servlet/trpermisosgoce?gx-no-cache=1636470954926 HTTP/1.1" 200 8240
190.171.143.82 - - [09/Nov/2021:12:28:47 -0300] "GET /cormun/servlet/trpermisosgoce?gx-no-cache=1636470954926 HTTP/1.1" 200 8259
190.171.143.82 - - [09/Nov/2021:12:28:49 -0300] "GET /cormun/servlet/trpermisosadjuntos?8671836,20211022130816,P, HTTP/1.1" 200 6690
190.171.141.90 - - [09/Nov/2021:12:28:51 -0300] "POST /cormun/servlet/solicitudot?gx-no-cache=1636471015934 HTTP/1.1" 200 30
190.171.141.90 - - [09/Nov/2021:12:28:51 -0300] "POST /cormun/servlet/solicitudot?gx-no-cache=1636471016017 HTTP/1.1" 200 1440
190.171.141.90 - - [09/Nov/2021:12:28:51 -0300] "POST /cormun/servlet/solicitudot?gx-no-cache=1636471016109 HTTP/1.1" 200 38
190.171.141.90 - - [09/Nov/2021:12:28:51 -0300] "GET /cormun/servlet/solicitudot?1aac669fb878fd3faf7283a2167ba988bbb1192d4e62d8e269df590721927d834819a0a5bad4457611f7ff48830f49c3b5d91c115782d189006b3bc34e469b94a39b850028a067345a0c93b7cb91c8f103d19ead48248ccdfba7c8da5bd4b0e13e1604cff9033039ba7868b413bbc671,gx-no-cache=1636471016134 HTTP/1.1" 200 110
190.171.141.90 - - [09/Nov/2021:12:28:51 -0300] "POST /cormun/servlet/solicitudot?gx-no-cache=1636471016267 HTTP/1.1" 200 72
190.171.141.90 - - [09/Nov/2021:12:28:51 -0300] "GET /cormun/servlet/solicitudot?1aac669fb878fd3faf7283a2167ba9884d04dbe0f0104a11b77ec57d43a7ad39f13f90708a5f20e3daef7178bd164a88,gx-no-cache=1636471016292 HTTP/1.1" 200 30
190.171.143.82 - - [09/Nov/2021:12:28:52 -0300] "GET /cormun/servlet/trpermisosadjuntos?8671836,20211022130816,P, HTTP/1.1" 200 6669
190.171.141.90 - - [09/Nov/2021:12:28:55 -0300] "POST /cormun/servlet/solicitudot?gx-no-cache=1636471019438 HTTP/1.1" 200 30
190.171.141.90 - - [09/Nov/2021:12:28:55 -0300] "POST /cormun/servlet/solicitudot?gx-no-cache=1636471019486 HTTP/1.1" 200 1440
190.171.141.90 - - [09/Nov/2021:12:28:55 -0300] "POST /cormun/servlet/solicitudot?gx-no-cache=1636471019519 HTTP/1.1" 200 38
190.171.141.90 - - [09/Nov/2021:12:28:55 -0300] "GET /cormun/servlet/solicitudot?1aac669fb878fd3faf7283a2167ba988bbb1192d4e62d8e269df590721927d834819a0a5bad4457611f7ff48830f49c3b5d91c115782d189006b3bc34e469b94a39b850028a067345a0c93b7cb91c8f103d19ead48248ccdfba7c8da5bd4b0e13e1604cff9033039ba7868b413bbc671,gx-no-cache=1636471019543 HTTP/1.1" 200 110
190.171.141.90 - - [09/Nov/2021:12:28:55 -0300] "POST /cormun/servlet/solicitudot?gx-no-cache=1636471019641 HTTP/1.1" 200 67
190.171.143.82 - - [09/Nov/2021:12:28:55 -0300] "POST /cormun/servlet/trpermisosadjuntos?bf2a229b275399002799e4aef922560d,8671836,20211022130816,P,,gx-no-cache=1636471019702 HTTP/1.1" 200 90
190.171.143.82 - - [09/Nov/2021:12:28:55 -0300] "GET /cormun/servlet/hpexe_link HTTP/1.1" 200 1005
190.171.143.82 - - [09/Nov/2021:12:28:56 -0300] "GET /cormun/servlet/trpermisosgoce?gx-no-cache=1636470954926 HTTP/1.1" 200 8240
190.171.143.82 - - [09/Nov/2021:12:28:58 -0300] "GET /cormun/servlet/trpermisosgoce?gx-no-cache=1636470954926 HTTP/1.1" 200 8259
190.171.141.90 - - [09/Nov/2021:12:28:58 -0300] "POST /cormun/servlet/solicitudot?gx-no-cache=1636471022795 HTTP/1.1" 200 30
190.171.143.82 - - [09/Nov/2021:12:29:06 -0300] "POST /cormun/servlet/trpermisosgoce?bf2a229b275399002799e4aef922560d,gx-no-cache=1636470954926,gx-no-cache=1636471030819 HTTP/1.1" 200 5280
190.171.141.90 - - [09/Nov/2021:12:30:11 -0300] "GET /cormun/servlet/solicitudot?1aac669fb878fd3faf7283a2167ba9884d04dbe0f0104a11b77ec57d43a7ad39f13f90708a5f20e3daef7178bd164a88,gx-no-cache=1636471096086 HTTP/1.1" 200 30
190.171.141.90 - - [09/Nov/2021:12:30:11 -0300] "POST /cormun/servlet/solicitudot?gx-no-cache=1636471096117 HTTP/1.1" 200 30
190.171.141.90 - - [09/Nov/2021:12:30:12 -0300] "POST /cormun/servlet/solicitudot?6774244760a9ce9845d202f6e852a045,INS,0,0,false,,gx-no-cache=1636471096148 HTTP/1.1" 200 93
190.171.141.90 - - [09/Nov/2021:12:30:12 -0300] "GET /cormun/servlet/hpexe_return? HTTP/1.1" 200 1011
190.171.141.90 - - [09/Nov/2021:12:30:12 -0300] "GET /cormun/servlet/trsolicitudot HTTP/1.1" 200 8630
190.171.141.90 - - [09/Nov/2021:12:30:12 -0300] "GET /cormun/servlet/trsolicitudot HTTP/1.1" 200 8625
190.171.141.90 - - [09/Nov/2021:12:30:17 -0300] "POST /cormun/servlet/trsolicitudot?6774244760a9ce9845d202f6e852a045,gx-no-cache=1636471101748 HTTP/1.1" 200 4577
190.171.141.90 - - [09/Nov/2021:12:30:17 -0300] "GET /cormun/static/Shared/jqueryui/images/ui-bg_highlight-soft_100_c6c2c8_1x100.png HTTP/1.1" 404 1117
190.171.141.90 - - [09/Nov/2021:12:30:17 -0300] "GET /cormun/static/Shared/jqueryui/images/ui-icons_82798d_256x240.png HTTP/1.1" 404 1089
190.171.141.90 - - [09/Nov/2021:12:30:17 -0300] "GET /cormun/static/Shared/jqueryui/images/ui-bg_flat_55_fafafa_40x100.png HTTP/1.1" 404 1097
190.171.141.90 - - [09/Nov/2021:12:30:17 -0300] "GET /cormun/static/Shared/jqueryui/images/ui-icons_8d78a5_256x240.png HTTP/1.1" 404 1089
190.171.141.90 - - [09/Nov/2021:12:30:17 -0300] "POST /cormun/servlet/trsolicitudot?6774244760a9ce9845d202f6e852a045,gx-no-cache=1636471101910 HTTP/1.1" 200 4328
190.171.143.82 - - [09/Nov/2021:12:30:36 -0300] "GET /cormun/servlet/permisogoce?INS,0,,, HTTP/1.1" 200 7266
190.171.143.82 - - [09/Nov/2021:12:30:38 -0300] "GET /cormun/servlet/permisogoce?INS,0,,, HTTP/1.1" 200 7245
190.171.143.82 - - [09/Nov/2021:12:30:43 -0300] "POST /cormun/servlet/permisogoce?bf2a229b275399002799e4aef922560d,INS,0,,,,gx-no-cache=1636471127610 HTTP/1.1" 200 93
190.171.143.82 - - [09/Nov/2021:12:30:43 -0300] "GET /cormun/servlet/hpexe_return? HTTP/1.1" 200 1033
190.171.143.82 - - [09/Nov/2021:12:30:43 -0300] "GET /cormun/servlet/trpermisosgoce?gx-no-cache=1636470954926 HTTP/1.1" 200 8242
190.171.143.82 - - [09/Nov/2021:12:30:45 -0300] "GET /cormun/servlet/trpermisosgoce?gx-no-cache=1636470954926 HTTP/1.1" 200 8259
190.171.143.82 - - [09/Nov/2021:12:30:59 -0300] "GET /cormun/servlet/permisogoce?INS,0,,, HTTP/1.1" 200 7266
190.171.143.82 - - [09/Nov/2021:12:31:01 -0300] "GET /cormun/servlet/permisogoce?INS,0,,, HTTP/1.1" 200 7245
190.171.143.82 - - [09/Nov/2021:12:31:07 -0300] "GET /cormun/servlet/permisogoce?7ee993f9e9a764580be7efa3d2217bb99ac2fce3f0fff905f72d9d9e86275a0ef20354b5bfdb9e27b5c66fdbdf217fe86fe25197cf96850640a462d8098b8f17,gx-no-cache=1636471152002 HTTP/1.1" 200 80
190.171.143.82 - - [09/Nov/2021:12:31:12 -0300] "GET /cormun/static/menuarrow.gif HTTP/1.1" 404 1015
190.171.143.82 - - [09/Nov/2021:12:31:17 -0300] "GET /cormun/servlet/permisogoce?7ee993f9e9a764580be7efa3d2217bb968f2d3c993ac798adbc2ffc764ff9030e506eaa24e6422ec6e72fbe3f7c5bb2eef54636345ced76c96125de94c5a4532,gx-no-cache=1636471161315 HTTP/1.1" 200 46
190.171.143.82 - - [09/Nov/2021:12:31:19 -0300] "POST /cormun/servlet/permisogoce?bf2a229b275399002799e4aef922560d,INS,0,,,,gx-no-cache=1636471163644 HTTP/1.1" 200 93
190.171.143.82 - - [09/Nov/2021:12:31:19 -0300] "GET /cormun/servlet/hpexe_return? HTTP/1.1" 200 1033
190.171.143.82 - - [09/Nov/2021:12:31:20 -0300] "GET /cormun/servlet/trpermisosgoce?gx-no-cache=1636470954926 HTTP/1.1" 200 8472
190.171.143.82 - - [09/Nov/2021:12:31:23 -0300] "GET /cormun/servlet/trpermisosgoce?gx-no-cache=1636470954926 HTTP/1.1" 200 8490
190.171.143.82 - - [09/Nov/2021:12:31:29 -0300] "GET /cormun/servlet/apermisogoceprn?8671836,P,20211109121643,PU HTTP/1.1" 200 1652
190.171.143.82 - - [09/Nov/2021:12:31:47 -0300] "GET /cormun/servlet/trpermisosadjuntos?8671836,20211022130816,P, HTTP/1.1" 200 6690
190.171.143.82 - - [09/Nov/2021:12:31:49 -0300] "GET /cormun/servlet/trpermisosadjuntos?8671836,20211022130816,P, HTTP/1.1" 200 6669
190.171.143.82 - - [09/Nov/2021:12:31:52 -0300] "POST /cormun/servlet/trpermisosadjuntos?bf2a229b275399002799e4aef922560d,8671836,20211022130816,P,,gx-no-cache=1636471196832 HTTP/1.1" 200 90
190.171.143.82 - - [09/Nov/2021:12:31:52 -0300] "GET /cormun/servlet/hpexe_link HTTP/1.1" 200 1005
190.171.143.82 - - [09/Nov/2021:12:31:53 -0300] "GET /cormun/servlet/trpermisosgoce?gx-no-cache=1636470954926 HTTP/1.1" 200 8469
190.171.143.82 - - [09/Nov/2021:12:31:55 -0300] "GET /cormun/servlet/trpermisosgoce?gx-no-cache=1636470954926 HTTP/1.1" 200 8490
190.171.143.82 - - [09/Nov/2021:12:32:06 -0300] "POST /cormun/servlet/trpermisosgoce?bf2a229b275399002799e4aef922560d,gx-no-cache=1636470954926,gx-no-cache=1636471210408 HTTP/1.1" 200 5513
190.171.143.82 - - [09/Nov/2021:12:32:31 -0300] "POST /cormun/servlet/trpermisosgoce?bf2a229b275399002799e4aef922560d,gx-no-cache=1636470954926,gx-no-cache=1636471235335 HTTP/1.1" 200 4210
205.185.121.173 - - [09/Nov/2021:12:33:26 -0300] "GET /manager/html HTTP/1.1" 401 2474
190.171.143.82 - - [09/Nov/2021:12:34:17 -0300] "GET /cormun/servlet/permisogoce?INS,0,,, HTTP/1.1" 200 7267
190.171.143.82 - - [09/Nov/2021:12:34:19 -0300] "GET /cormun/servlet/permisogoce?INS,0,,, HTTP/1.1" 200 7245
190.171.143.82 - - [09/Nov/2021:12:34:27 -0300] "GET /cormun/servlet/permisogoce?7ee993f9e9a764580be7efa3d2217bb9dff88279730d977231ccf9adde5f933dc691325f19992dca6c8a740c50024f1d3bf345406c9efc13b35527fc08abfce7,gx-no-cache=1636471351446 HTTP/1.1" 200 80
190.171.143.82 - - [09/Nov/2021:12:34:31 -0300] "GET /cormun/static/menuarrow.gif HTTP/1.1" 404 1015
190.171.143.82 - - [09/Nov/2021:12:34:36 -0300] "GET /cormun/servlet/permisogoce?7ee993f9e9a764580be7efa3d2217bb9c262657584b6facb15a10100956b1fd102c006f4a94927d9905e1dd59dad026abbb867938bae75117577210b85375a3d,gx-no-cache=1636471361163 HTTP/1.1" 200 46
190.171.143.82 - - [09/Nov/2021:12:34:39 -0300] "POST /cormun/servlet/permisogoce?bf2a229b275399002799e4aef922560d,INS,0,,,,gx-no-cache=1636471362574 HTTP/1.1" 200 93
190.171.143.82 - - [09/Nov/2021:12:34:39 -0300] "GET /cormun/servlet/hpexe_return? HTTP/1.1" 200 1033
190.171.143.82 - - [09/Nov/2021:12:34:39 -0300] "GET /cormun/servlet/trpermisosgoce?gx-no-cache=1636470954926 HTTP/1.1" 200 8054
190.171.143.82 - - [09/Nov/2021:12:34:42 -0300] "GET /cormun/servlet/trpermisosgoce?gx-no-cache=1636470954926 HTTP/1.1" 200 8071
190.171.143.82 - - [09/Nov/2021:12:34:45 -0300] "GET /cormun/servlet/apermisogoceprn?19297747,P,20211109122001,PU HTTP/1.1" 200 1660
190.171.143.82 - - [09/Nov/2021:12:38:30 -0300] "POST /cormun/servlet/trpermisosgoce?bf2a229b275399002799e4aef922560d,gx-no-cache=1636470954926,gx-no-cache=1636471594702 HTTP/1.1" 200 5131
190.171.143.82 - - [09/Nov/2021:12:38:35 -0300] "POST /cormun/servlet/trpermisosgoce?bf2a229b275399002799e4aef922560d,gx-no-cache=1636470954926,gx-no-cache=1636471599121 HTTP/1.1" 200 15824
190.171.143.82 - - [09/Nov/2021:12:39:07 -0300] "POST /cormun/servlet/trpermisosgoce?bf2a229b275399002799e4aef922560d,gx-no-cache=1636470954926,gx-no-cache=1636471630781 HTTP/1.1" 200 104
190.171.143.82 - - [09/Nov/2021:12:39:07 -0300] "GET /cormun/PermisosGoce-5440.xls HTTP/1.1" 200 28160
205.185.121.173 - - [09/Nov/2021:12:39:56 -0300] "GET /manager/html HTTP/1.1" 401 2474
190.171.142.10 - - [09/Nov/2021:12:40:20 -0300] "GET /cormun/servlet/trpermisosgoce? HTTP/1.1" 200 6025
190.171.142.10 - - [09/Nov/2021:12:40:22 -0300] "GET /cormun/servlet/trpermisosgoce? HTTP/1.1" 200 6025
190.171.142.10 - - [09/Nov/2021:12:40:22 -0300] "GET /cormun/servlet/hlogin HTTP/1.1" 200 1748
190.171.142.10 - - [09/Nov/2021:12:41:04 -0300] "POST /cormun/servlet/hlogin?3a17a739970e17336844a1fd789d6c16,gx-no-cache=1636471748163 HTTP/1.1" 200 90
190.171.142.10 - - [09/Nov/2021:12:41:04 -0300] "GET /cormun/servlet/hpexe_link HTTP/1.1" 200 960
190.171.142.10 - - [09/Nov/2021:12:41:04 -0300] "GET /cormun/servlet/trpermisosgoce HTTP/1.1" 200 13492
190.171.142.10 - - [09/Nov/2021:12:41:07 -0300] "GET /cormun/servlet/trpermisosgoce HTTP/1.1" 200 13490
190.171.142.10 - - [09/Nov/2021:12:41:12 -0300] "GET /cormun/servlet/trpermisosgoce? HTTP/1.1" 200 13491
190.171.142.10 - - [09/Nov/2021:12:41:13 -0300] "GET /cormun/servlet/trpermisosgoce? HTTP/1.1" 200 13494
190.171.142.10 - - [09/Nov/2021:12:41:21 -0300] "GET /cormun/servlet/permisogoce?INS,0,,, HTTP/1.1" 200 7100
190.171.142.10 - - [09/Nov/2021:12:41:22 -0300] "GET /cormun/servlet/permisogoce?INS,0,,, HTTP/1.1" 200 7100
190.171.142.10 - - [09/Nov/2021:12:42:12 -0300] "GET /cormun/servlet/permisogoce?7b97a2f7b2872ba1a9911e6d152919dbdd0b0959551409b356864d1bd3839a168c81813dc9d1728c0602c5f7dc41893e603862ff73a6947633a6adeae0f93feb,gx-no-cache=1636471816684 HTTP/1.1" 200 86
190.171.141.90 - - [09/Nov/2021:12:42:44 -0300] "GET /cormun/servlet/trlicencias? HTTP/1.1" 200 18097
190.171.141.90 - - [09/Nov/2021:12:42:45 -0300] "GET /cormun/servlet/trlicencias? HTTP/1.1" 200 18090
190.171.142.10 - - [09/Nov/2021:12:42:54 -0300] "GET /cormun/static/menuarrow.gif HTTP/1.1" 404 1015
190.171.142.10 - - [09/Nov/2021:12:43:01 -0300] "GET /cormun/servlet/permisogoce?7b97a2f7b2872ba1a9911e6d152919dbc0653cad1dc99663ee35393f941608332bfb6615f2951e22030b5396d54f6faff29ebb05b1c7f52f22c98f2f2aa6afdf,gx-no-cache=1636471865577 HTTP/1.1" 200 47
190.171.142.10 - - [09/Nov/2021:12:43:24 -0300] "POST /cormun/servlet/permisogoce?3a17a739970e17336844a1fd789d6c16,INS,0,,,,gx-no-cache=1636471888014 HTTP/1.1" 200 93
190.171.142.10 - - [09/Nov/2021:12:43:24 -0300] "GET /cormun/servlet/hpexe_return? HTTP/1.1" 200 1012
190.171.142.10 - - [09/Nov/2021:12:43:25 -0300] "GET /cormun/servlet/trpermisosgoce HTTP/1.1" 200 13682
190.171.142.10 - - [09/Nov/2021:12:43:27 -0300] "GET /cormun/servlet/trpermisosgoce HTTP/1.1" 200 13677
190.171.142.10 - - [09/Nov/2021:12:43:31 -0300] "GET /cormun/servlet/permisogoce?INS,0,,, HTTP/1.1" 200 7100
190.171.142.10 - - [09/Nov/2021:12:43:32 -0300] "GET /cormun/servlet/permisogoce?INS,0,,, HTTP/1.1" 200 7100
190.171.142.10 - - [09/Nov/2021:12:43:49 -0300] "GET /cormun/servlet/trautorizarpermisogoce? HTTP/1.1" 200 7066
190.171.142.10 - - [09/Nov/2021:12:43:49 -0300] "GET /cormun/static/gxcfg.js?2020121645532 HTTP/1.1" 200 953
190.171.142.10 - - [09/Nov/2021:12:43:50 -0300] "GET /cormun/static/trautorizarpermisogoce.js?2020121651492 HTTP/1.1" 200 34948
190.171.142.10 - - [09/Nov/2021:12:43:51 -0300] "GET /cormun/servlet/trautorizarpermisogoce? HTTP/1.1" 200 7059
190.171.142.10 - - [09/Nov/2021:12:43:53 -0300] "POST /cormun/servlet/trautorizarpermisogoce?3a17a739970e17336844a1fd789d6c16,,gx-no-cache=1636471917553 HTTP/1.1" 200 4416
190.171.142.10 - - [09/Nov/2021:12:43:56 -0300] "POST /cormun/servlet/trautorizarpermisogoce?3a17a739970e17336844a1fd789d6c16,,gx-no-cache=1636471920926 HTTP/1.1" 200 4416
190.171.142.10 - - [09/Nov/2021:12:44:03 -0300] "GET /cormun/servlet/trpermisosgoce? HTTP/1.1" 200 13678
190.171.142.10 - - [09/Nov/2021:12:44:04 -0300] "GET /cormun/servlet/trpermisosgoce? HTTP/1.1" 200 13677
190.171.142.10 - - [09/Nov/2021:12:44:09 -0300] "POST /cormun/servlet/trpermisosgoce?3a17a739970e17336844a1fd789d6c16,,gx-no-cache=1636471932987 HTTP/1.1" 200 10805
190.171.142.10 - - [09/Nov/2021:12:44:14 -0300] "GET /cormun/servlet/apermisogoceprn?9874988,P,20211109122705,PU HTTP/1.1" 200 1682
190.171.149.74 - - [09/Nov/2021:12:45:40 -0300] "GET /cormun/servlet/trpermisosgoce? HTTP/1.1" 200 6023
190.171.149.74 - - [09/Nov/2021:12:45:40 -0300] "GET /cormun/servlet/hlogin HTTP/1.1" 200 1746
190.171.149.74 - - [09/Nov/2021:12:45:40 -0300] "GET /cormun/servlet/trpermisosgoce? HTTP/1.1" 200 6023
190.171.149.74 - - [09/Nov/2021:12:45:46 -0300] "POST /cormun/servlet/hlogin?efc09027a2d286ba61b37c075f066d8a,gx-no-cache=1636475671323 HTTP/1.1" 200 90
190.171.149.74 - - [09/Nov/2021:12:45:46 -0300] "GET /cormun/servlet/hpexe_link HTTP/1.1" 200 957
190.171.149.74 - - [09/Nov/2021:12:45:46 -0300] "GET /cormun/servlet/trpermisosgoce HTTP/1.1" 200 13659
190.171.149.74 - - [09/Nov/2021:12:45:47 -0300] "GET /cormun/servlet/trpermisosgoce HTTP/1.1" 200 13664
190.171.149.74 - - [09/Nov/2021:12:45:52 -0300] "GET /cormun/servlet/trpermisosgoce? HTTP/1.1" 200 13664
190.171.149.74 - - [09/Nov/2021:12:45:52 -0300] "GET /cormun/servlet/trpermisosgoce? HTTP/1.1" 200 13664
190.171.149.74 - - [09/Nov/2021:12:45:54 -0300] "GET /cormun/static/menuarrow.gif HTTP/1.1" 404 1015
190.171.149.74 - - [09/Nov/2021:12:46:06 -0300] "POST /cormun/servlet/trpermisosgoce?efc09027a2d286ba61b37c075f066d8a,,gx-no-cache=1636475690558 HTTP/1.1" 200 16072
190.171.149.74 - - [09/Nov/2021:12:46:21 -0300] "POST /cormun/servlet/trpermisosgoce?efc09027a2d286ba61b37c075f066d8a,,gx-no-cache=1636475706703 HTTP/1.1" 200 3927
205.185.121.173 - - [09/Nov/2021:12:46:27 -0300] "GET /manager/html HTTP/1.1" 401 2474
190.171.149.74 - - [09/Nov/2021:12:46:54 -0300] "POST /cormun/servlet/trpermisosgoce?efc09027a2d286ba61b37c075f066d8a,,gx-no-cache=1636475739747 HTTP/1.1" 200 4843
190.171.141.98 - - [09/Nov/2021:12:47:37 -0300] "GET /cormun/servlet/trsolicitudadjuntos?2021,17422, HTTP/1.1" 200 9103
190.171.141.98 - - [09/Nov/2021:12:47:38 -0300] "GET /cormun/servlet/trsolicitudadjuntos?2021,17422, HTTP/1.1" 200 9106
190.171.141.98 - - [09/Nov/2021:12:47:38 -0300] "GET /cormun/servlet/hlogin HTTP/1.1" 200 1757
190.171.141.98 - - [09/Nov/2021:12:47:39 -0300] "GET /cormun/servlet/trsolicitudadjuntos?2021,17422, HTTP/1.1" 200 9123
190.171.141.98 - - [09/Nov/2021:12:47:39 -0300] "GET /cormun/servlet/trsolicitudadjuntos?2021,17422, HTTP/1.1" 200 9122
190.171.141.98 - - [09/Nov/2021:12:47:42 -0300] "POST /cormun/servlet/hlogin?e578f6e2ea97fe7bc105d307cef75fa4,gx-no-cache=1636472146426 HTTP/1.1" 200 90
190.171.141.98 - - [09/Nov/2021:12:47:42 -0300] "GET /cormun/servlet/hpexe_link HTTP/1.1" 200 974
190.171.141.98 - - [09/Nov/2021:12:47:43 -0300] "GET /cormun/servlet/trsolicitudadjuntos?2021,17422, HTTP/1.1" 200 9702
190.171.141.98 - - [09/Nov/2021:12:47:44 -0300] "GET /cormun/servlet/trsolicitudadjuntos?2021,17422, HTTP/1.1" 200 9708
190.171.141.98 - - [09/Nov/2021:12:47:46 -0300] "GET /cormun/servlet/trsolicitudot? HTTP/1.1" 200 7116
190.171.141.98 - - [09/Nov/2021:12:47:47 -0300] "GET /cormun/static/gxui/gxui-all.css?110300 HTTP/1.1" 200 2179
190.171.141.98 - - [09/Nov/2021:12:47:47 -0300] "GET /cormun/static/calendar-system.css?75620 HTTP/1.1" 200 5572
190.171.141.98 - - [09/Nov/2021:12:47:47 -0300] "GET /cormun/static/gxcfg.js?201991910464971 HTTP/1.1" 200 953
190.171.141.98 - - [09/Nov/2021:12:47:47 -0300] "GET /cormun/static/trsolicitudot.js?201991910465845 HTTP/1.1" 200 54041
190.171.141.98 - - [09/Nov/2021:12:47:47 -0300] "GET /cormun/static/Shared/ext/resources/css/ext-all.css?205870 HTTP/1.1" 200 416045
190.171.141.98 - - [09/Nov/2021:12:47:47 -0300] "GET /cormun/servlet/trsolicitudot? HTTP/1.1" 200 7102
190.171.141.98 - - [09/Nov/2021:12:47:52 -0300] "GET /cormun/servlet/solicitudot?INS,0,0,false, HTTP/1.1" 200 15523
190.171.141.98 - - [09/Nov/2021:12:47:52 -0300] "GET /cormun/static/gxcfg.js?20203414241232 HTTP/1.1" 200 953
190.171.141.98 - - [09/Nov/2021:12:47:52 -0300] "GET /cormun/static/Resources/prompt.gif HTTP/1.1" 200 902
190.171.141.98 - - [09/Nov/2021:12:47:52 -0300] "GET /cormun/static/solicitudot.js?20203414242792 HTTP/1.1" 200 74114
190.171.141.98 - - [09/Nov/2021:12:47:52 -0300] "GET /cormun/servlet/solicitudot?INS,0,0,false, HTTP/1.1" 200 15530
190.171.149.74 - - [09/Nov/2021:12:48:42 -0300] "POST /cormun/servlet/trpermisosgoce?efc09027a2d286ba61b37c075f066d8a,,gx-no-cache=1636475847699 HTTP/1.1" 200 4840
190.171.149.74 - - [09/Nov/2021:12:49:30 -0300] "POST /cormun/servlet/trpermisosgoce?efc09027a2d286ba61b37c075f066d8a,,gx-no-cache=1636475895115 HTTP/1.1" 200 4851
190.171.149.74 - - [09/Nov/2021:12:50:22 -0300] "POST /cormun/servlet/trpermisosgoce?efc09027a2d286ba61b37c075f066d8a,,gx-no-cache=1636475947058 HTTP/1.1" 200 4825
190.171.149.74 - - [09/Nov/2021:12:50:41 -0300] "POST /cormun/servlet/trpermisosgoce?efc09027a2d286ba61b37c075f066d8a,,gx-no-cache=1636475966721 HTTP/1.1" 200 5096
190.171.141.98 - - [09/Nov/2021:12:51:04 -0300] "POST /cormun/servlet/solicitudot?gx-no-cache=1636472348229 HTTP/1.1" 200 3771
190.171.141.98 - - [09/Nov/2021:12:51:04 -0300] "POST /cormun/servlet/solicitudot?e578f6e2ea97fe7bc105d307cef75fa4,INS,0,0,false,,gx-no-cache=1636472348369 HTTP/1.1" 200 12281
190.171.141.98 - - [09/Nov/2021:12:51:07 -0300] "GET /cormun/servlet/solicitudot?a11e11b2b6eade561a251e88a80ca2defcd6288e8d28426313e9f26f8f9e763fcd84b349bdd7b3c7dfd0ecf232d4e9b8,gx-no-cache=1636472351359 HTTP/1.1" 200 30
190.171.149.74 - - [09/Nov/2021:12:51:08 -0300] "POST /cormun/servlet/trpermisosgoce?efc09027a2d286ba61b37c075f066d8a,,gx-no-cache=1636475993658 HTTP/1.1" 200 3925
190.171.149.74 - - [09/Nov/2021:12:51:23 -0300] "POST /cormun/servlet/trpermisosgoce?efc09027a2d286ba61b37c075f066d8a,,gx-no-cache=1636476007930 HTTP/1.1" 200 3927
190.171.149.74 - - [09/Nov/2021:12:51:37 -0300] "POST /cormun/servlet/trpermisosgoce?efc09027a2d286ba61b37c075f066d8a,,gx-no-cache=1636476022082 HTTP/1.1" 200 3928
191.116.190.67 - - [09/Nov/2021:12:51:45 -0300] "GET /cormun/servlet/hlogin HTTP/1.1" 200 1725
191.116.190.67 - - [09/Nov/2021:12:51:46 -0300] "GET /cormun/servlet/hlogin HTTP/1.1" 200 1736
191.116.190.67 - - [09/Nov/2021:12:51:46 -0300] "GET /favicon.ico HTTP/1.1" 200 21630
190.171.149.74 - - [09/Nov/2021:12:51:49 -0300] "POST /cormun/servlet/trpermisosgoce?efc09027a2d286ba61b37c075f066d8a,,gx-no-cache=1636476034594 HTTP/1.1" 200 3929
191.116.190.67 - - [09/Nov/2021:12:51:53 -0300] "POST /cormun/servlet/hlogin?a28695c4ef278d9808ea3b07ef885c47,gx-no-cache=1636483002779 HTTP/1.1" 200 90
191.116.190.67 - - [09/Nov/2021:12:51:53 -0300] "GET /cormun/servlet/hpexe_link HTTP/1.1" 200 950
191.116.190.67 - - [09/Nov/2021:12:51:53 -0300] "GET /cormun/servlet/hhome HTTP/1.1" 200 4056
191.116.190.67 - - [09/Nov/2021:12:51:53 -0300] "GET /cormun/static/gxcfg.js?20201215495537 HTTP/1.1" 200 953
191.116.190.67 - - [09/Nov/2021:12:51:53 -0300] "GET /cormun/static/hhome.js?20201215495544 HTTP/1.1" 200 777
191.116.190.67 - - [09/Nov/2021:12:51:54 -0300] "GET /cormun/static/Resources/Spanish/PXTools.css?14345360 HTTP/1.1" 200 100853
191.116.190.67 - - [09/Nov/2021:12:51:54 -0300] "GET /cormun/servlet/hhome HTTP/1.1" 200 4053
190.171.149.74 - - [09/Nov/2021:12:52:01 -0300] "POST /cormun/servlet/trpermisosgoce?efc09027a2d286ba61b37c075f066d8a,,gx-no-cache=1636476046306 HTTP/1.1" 200 4832
191.116.190.67 - - [09/Nov/2021:12:52:04 -0300] "GET /cormun/servlet/trautorizarsolicitud? HTTP/1.1" 200 9419
191.116.190.67 - - [09/Nov/2021:12:52:05 -0300] "GET /cormun/servlet/trautorizarsolicitud? HTTP/1.1" 200 9417
190.171.149.74 - - [09/Nov/2021:12:52:21 -0300] "POST /cormun/servlet/trpermisosgoce?efc09027a2d286ba61b37c075f066d8a,,gx-no-cache=1636476066282 HTTP/1.1" 200 4821
191.116.190.67 - - [09/Nov/2021:12:52:34 -0300] "POST /cormun/servlet/trautorizarsolicitud?a28695c4ef278d9808ea3b07ef885c47,,gx-no-cache=1636483043749 HTTP/1.1" 200 6491
191.116.190.67 - - [09/Nov/2021:12:52:35 -0300] "GET /cormun/static/Shared/jqueryui/images/ui-icons_82798d_256x240.png HTTP/1.1" 404 1089
191.116.190.67 - - [09/Nov/2021:12:52:35 -0300] "GET /cormun/static/Shared/jqueryui/images/ui-bg_highlight-soft_100_c6c2c8_1x100.png HTTP/1.1" 404 1117
191.116.190.67 - - [09/Nov/2021:12:52:35 -0300] "GET /cormun/static/Shared/jqueryui/images/ui-bg_flat_55_fafafa_40x100.png HTTP/1.1" 404 1097
191.116.190.67 - - [09/Nov/2021:12:52:35 -0300] "GET /cormun/static/Shared/jqueryui/images/ui-icons_8d78a5_256x240.png HTTP/1.1" 404 1089
191.116.190.67 - - [09/Nov/2021:12:52:35 -0300] "POST /cormun/servlet/trautorizarsolicitud?a28695c4ef278d9808ea3b07ef885c47,,gx-no-cache=1636483044861 HTTP/1.1" 200 6436
191.116.190.67 - - [09/Nov/2021:12:52:36 -0300] "POST /cormun/servlet/trautorizarsolicitud?a28695c4ef278d9808ea3b07ef885c47,,gx-no-cache=1636483046434 HTTP/1.1" 200 6009
191.116.190.67 - - [09/Nov/2021:12:52:37 -0300] "POST /cormun/servlet/trautorizarsolicitud?a28695c4ef278d9808ea3b07ef885c47,,gx-no-cache=1636483046693 HTTP/1.1" 200 5956
191.116.190.67 - - [09/Nov/2021:12:52:38 -0300] "POST /cormun/servlet/trautorizarsolicitud?a28695c4ef278d9808ea3b07ef885c47,,gx-no-cache=1636483048439 HTTP/1.1" 200 4779
191.116.190.67 - - [09/Nov/2021:12:52:39 -0300] "POST /cormun/servlet/trautorizarsolicitud?a28695c4ef278d9808ea3b07ef885c47,,gx-no-cache=1636483048661 HTTP/1.1" 200 4530
190.171.149.74 - - [09/Nov/2021:12:52:43 -0300] "POST /cormun/servlet/trpermisosgoce?efc09027a2d286ba61b37c075f066d8a,,gx-no-cache=1636476088282 HTTP/1.1" 200 3929
190.171.149.74 - - [09/Nov/2021:12:52:56 -0300] "POST /cormun/servlet/trpermisosgoce?efc09027a2d286ba61b37c075f066d8a,,gx-no-cache=1636476101683 HTTP/1.1" 200 4843
205.185.121.173 - - [09/Nov/2021:12:52:59 -0300] "GET /manager/html HTTP/1.1" 401 2474
190.171.141.98 - - [09/Nov/2021:12:53:16 -0300] "GET /cormun/servlet/solicitudot?a11e11b2b6eade561a251e88a80ca2de69ad7373966e472d17a23d48c20eca5583237a82f469f71b400143df73e2e238,gx-no-cache=1636472480604 HTTP/1.1" 200 30
190.171.141.98 - - [09/Nov/2021:12:53:16 -0300] "GET /cormun/servlet/solicitudot?a11e11b2b6eade561a251e88a80ca2de6c2b57fd8b519bd5982c5ccd71f0c371,gx-no-cache=1636472480660 HTTP/1.1" 200 29
190.171.141.98 - - [09/Nov/2021:12:53:17 -0300] "POST /cormun/servlet/solicitudot?gx-no-cache=1636472481927 HTTP/1.1" 200 255
190.171.149.74 - - [09/Nov/2021:12:53:19 -0300] "POST /cormun/servlet/trpermisosgoce?efc09027a2d286ba61b37c075f066d8a,,gx-no-cache=1636476124138 HTTP/1.1" 200 4837
190.171.141.98 - - [09/Nov/2021:12:53:20 -0300] "GET /cormun/servlet/solicitudot?a11e11b2b6eade561a251e88a80ca2dece52273d34c80d1a10a43e05de2a550e2d7215721a663e3b559954a08c02e648449e3ca6f65f63308d49d2c1d0415b57942472a4daec38321ebbab11f59516501cf29162c023ca5bbd776619a7c78a4a8ca053d14654b6755a111359b951a83533d7c4fa070c041be971eadae3921e6bce53b1334ca38d0f59e414d76cedaed3bd9397b418251337d5854f83f91b89108325839f1d3e732d8f1fc9dd3e74eee20b08648e164bd57337e278bdce4c3889f4bf7aa003e9b196801083908cc66a7b7c6554c02afe91093e970262283ad581b0b5acd413fec422641d5eacc4f35b308dd2320f966c5697b8174e9bc60863123fdf8c38e90099d1499f010bbee9cbf352deaed992e4f500225109b1d9afd93b1456711140daaecf2048dead398692de4e84f1db3bda12a5892739af6bb7ca520d6adad9f90f6a68df5e9f23a4987b0cb7189947f84ff406d6823c49dae8a511dbd1d245b518e388d90b2731e9062d81edc3835de9f960d49f2401e63e4d00ae,gx-no-cache=1636472484827 HTTP/1.1" 200 30
190.171.141.98 - - [09/Nov/2021:12:53:26 -0300] "POST /cormun/servlet/solicitudot?gx-no-cache=1636472490261 HTTP/1.1" 200 30
190.171.141.98 - - [09/Nov/2021:12:53:29 -0300] "POST /cormun/servlet/solicitudot?gx-no-cache=1636472494031 HTTP/1.1" 200 1438
190.171.141.98 - - [09/Nov/2021:12:53:29 -0300] "POST /cormun/servlet/solicitudot?gx-no-cache=1636472494064 HTTP/1.1" 200 38
190.171.149.74 - - [09/Nov/2021:12:53:39 -0300] "POST /cormun/servlet/trpermisosgoce?efc09027a2d286ba61b37c075f066d8a,,gx-no-cache=1636476143906 HTTP/1.1" 200 3928
190.171.143.82 - - [09/Nov/2021:12:53:41 -0300] "GET /cormun/servlet/permisogoce?INS,0,,, HTTP/1.1" 200 7266
190.171.143.82 - - [09/Nov/2021:12:53:45 -0300] "GET /cormun/servlet/permisogoce?INS,0,,, HTTP/1.1" 200 7246
190.171.143.82 - - [09/Nov/2021:12:53:51 -0300] "GET /cormun/servlet/permisogoce?7ee993f9e9a764580be7efa3d2217bb90caed4c6b7e82cc46e545c3200f8869cc691325f19992dca6c8a740c50024f1d3bf345406c9efc13b35527fc08abfce7,gx-no-cache=1636472515735 HTTP/1.1" 200 85
190.171.149.74 - - [09/Nov/2021:12:53:53 -0300] "POST /cormun/servlet/trpermisosgoce?efc09027a2d286ba61b37c075f066d8a,,gx-no-cache=1636476158658 HTTP/1.1" 200 5063
190.171.154.42 - - [09/Nov/2021:12:54:08 -0300] "POST /cormun/servlet/trlicencias?65bdb104c444782181f26c5d9a46f3d2,gx-no-cache=1636472530774 HTTP/1.1" 200 11819
190.171.143.82 - - [09/Nov/2021:12:54:09 -0300] "GET /cormun/static/menuarrow.gif HTTP/1.1" 404 1015
190.171.154.42 - - [09/Nov/2021:12:54:11 -0300] "POST /cormun/servlet/trlicencias?65bdb104c444782181f26c5d9a46f3d2,gx-no-cache=1636472534171 HTTP/1.1" 200 11817
