200.54.100.179 - - [09/Nov/2021:16:38:59 -0300] "POST /cormun/servlet/hlogin?096f96e2234df5ccf7ca4a8f18536f01,gx-no-cache=1636486023990 HTTP/1.1" 200 90
200.54.100.179 - - [09/Nov/2021:16:38:59 -0300] "GET /cormun/servlet/hpexe_link HTTP/1.1" 200 948
200.54.100.179 - - [09/Nov/2021:16:38:59 -0300] "GET /cormun/servlet/hhome HTTP/1.1" 200 4299
200.54.100.179 - - [09/Nov/2021:16:38:59 -0300] "GET /cormun/servlet/hhome HTTP/1.1" 200 4295
200.54.100.179 - - [09/Nov/2021:16:39:03 -0300] "GET /cormun/servlet/trsolicitudot? HTTP/1.1" 200 8933
200.54.100.179 - - [09/Nov/2021:16:39:03 -0300] "GET /cormun/servlet/trsolicitudot? HTTP/1.1" 200 8931
192.168.10.96 - - [09/Nov/2021:16:39:06 -0300] "POST /cormun/servlet/trsolicitudgral?5387abc4b653db6ee35f971af877e906,,gx-no-cache=1636485890820 HTTP/1.1" 200 6671
192.168.10.96 - - [09/Nov/2021:16:39:06 -0300] "POST /cormun/servlet/trsolicitudgral?5387abc4b653db6ee35f971af877e906,,gx-no-cache=1636485891019 HTTP/1.1" 200 6670
192.168.10.96 - - [09/Nov/2021:16:39:07 -0300] "POST /cormun/servlet/trsolicitudgral?5387abc4b653db6ee35f971af877e906,,gx-no-cache=1636485891209 HTTP/1.1" 200 6670
192.168.10.96 - - [09/Nov/2021:16:39:07 -0300] "POST /cormun/servlet/trsolicitudgral?5387abc4b653db6ee35f971af877e906,,gx-no-cache=1636485891427 HTTP/1.1" 200 6671
200.54.100.179 - - [09/Nov/2021:16:39:17 -0300] "GET /cormun/servlet/solicitudot?INS,0,0,false, HTTP/1.1" 200 15922
200.54.100.179 - - [09/Nov/2021:16:39:18 -0300] "GET /cormun/servlet/solicitudot?INS,0,0,false, HTTP/1.1" 200 15930
192.168.10.96 - - [09/Nov/2021:16:39:19 -0300] "POST /cormun/servlet/trsolicitudgral?5387abc4b653db6ee35f971af877e906,,gx-no-cache=1636485903170 HTTP/1.1" 200 6670
192.168.10.96 - - [09/Nov/2021:16:39:19 -0300] "POST /cormun/servlet/trsolicitudgral?5387abc4b653db6ee35f971af877e906,,gx-no-cache=1636485903345 HTTP/1.1" 200 6671
192.168.10.96 - - [09/Nov/2021:16:39:19 -0300] "POST /cormun/servlet/trsolicitudgral?5387abc4b653db6ee35f971af877e906,,gx-no-cache=1636485903529 HTTP/1.1" 200 6671
192.168.10.96 - - [09/Nov/2021:16:39:19 -0300] "POST /cormun/servlet/trsolicitudgral?5387abc4b653db6ee35f971af877e906,,gx-no-cache=1636485903875 HTTP/1.1" 200 6670
192.168.10.96 - - [09/Nov/2021:16:39:20 -0300] "POST /cormun/servlet/trsolicitudgral?5387abc4b653db6ee35f971af877e906,,gx-no-cache=1636485904114 HTTP/1.1" 200 6669
192.168.10.96 - - [09/Nov/2021:16:39:20 -0300] "POST /cormun/servlet/trsolicitudgral?5387abc4b653db6ee35f971af877e906,,gx-no-cache=1636485904346 HTTP/1.1" 200 6670
192.168.10.96 - - [09/Nov/2021:16:39:20 -0300] "POST /cormun/servlet/trsolicitudgral?5387abc4b653db6ee35f971af877e906,,gx-no-cache=1636485904529 HTTP/1.1" 200 6671
192.168.10.96 - - [09/Nov/2021:16:39:20 -0300] "POST /cormun/servlet/trsolicitudgral?5387abc4b653db6ee35f971af877e906,,gx-no-cache=1636485904705 HTTP/1.1" 200 6670
192.168.10.96 - - [09/Nov/2021:16:39:20 -0300] "POST /cormun/servlet/trsolicitudgral?5387abc4b653db6ee35f971af877e906,,gx-no-cache=1636485905011 HTTP/1.1" 200 6670
192.168.10.96 - - [09/Nov/2021:16:39:21 -0300] "POST /cormun/servlet/trsolicitudgral?5387abc4b653db6ee35f971af877e906,,gx-no-cache=1636485905225 HTTP/1.1" 200 6671
192.168.10.96 - - [09/Nov/2021:16:39:21 -0300] "POST /cormun/servlet/trsolicitudgral?5387abc4b653db6ee35f971af877e906,,gx-no-cache=1636485905425 HTTP/1.1" 200 6671
192.168.10.96 - - [09/Nov/2021:16:39:21 -0300] "POST /cormun/servlet/trsolicitudgral?5387abc4b653db6ee35f971af877e906,,gx-no-cache=1636485905650 HTTP/1.1" 200 6670
192.168.10.96 - - [09/Nov/2021:16:39:21 -0300] "POST /cormun/servlet/trsolicitudgral?5387abc4b653db6ee35f971af877e906,,gx-no-cache=1636485905849 HTTP/1.1" 200 6671
192.168.10.96 - - [09/Nov/2021:16:39:21 -0300] "POST /cormun/servlet/trsolicitudgral?5387abc4b653db6ee35f971af877e906,,gx-no-cache=1636485906044 HTTP/1.1" 200 6671
192.168.10.96 - - [09/Nov/2021:16:39:22 -0300] "POST /cormun/servlet/trsolicitudgral?5387abc4b653db6ee35f971af877e906,,gx-no-cache=1636485906233 HTTP/1.1" 200 6670
192.168.10.96 - - [09/Nov/2021:16:39:22 -0300] "POST /cormun/servlet/trsolicitudgral?5387abc4b653db6ee35f971af877e906,,gx-no-cache=1636485906433 HTTP/1.1" 200 6670
192.168.10.96 - - [09/Nov/2021:16:39:22 -0300] "POST /cormun/servlet/trsolicitudgral?5387abc4b653db6ee35f971af877e906,,gx-no-cache=1636485906617 HTTP/1.1" 200 6671
192.168.10.96 - - [09/Nov/2021:16:39:22 -0300] "POST /cormun/servlet/trsolicitudgral?5387abc4b653db6ee35f971af877e906,,gx-no-cache=1636485906792 HTTP/1.1" 200 6671
192.168.10.96 - - [09/Nov/2021:16:39:22 -0300] "POST /cormun/servlet/trsolicitudgral?5387abc4b653db6ee35f971af877e906,,gx-no-cache=1636485906977 HTTP/1.1" 200 6671
192.168.10.96 - - [09/Nov/2021:16:39:23 -0300] "POST /cormun/servlet/trsolicitudgral?5387abc4b653db6ee35f971af877e906,,gx-no-cache=1636485907161 HTTP/1.1" 200 6670
192.168.10.96 - - [09/Nov/2021:16:39:23 -0300] "POST /cormun/servlet/trsolicitudgral?5387abc4b653db6ee35f971af877e906,,gx-no-cache=1636485907361 HTTP/1.1" 200 6670
192.168.10.96 - - [09/Nov/2021:16:39:23 -0300] "POST /cormun/servlet/trsolicitudgral?5387abc4b653db6ee35f971af877e906,,gx-no-cache=1636485907553 HTTP/1.1" 200 6670
192.168.10.96 - - [09/Nov/2021:16:39:23 -0300] "POST /cormun/servlet/trsolicitudgral?5387abc4b653db6ee35f971af877e906,,gx-no-cache=1636485907769 HTTP/1.1" 200 6671
192.168.10.96 - - [09/Nov/2021:16:39:23 -0300] "POST /cormun/servlet/trsolicitudgral?5387abc4b653db6ee35f971af877e906,,gx-no-cache=1636485907985 HTTP/1.1" 200 6671
192.168.10.96 - - [09/Nov/2021:16:39:24 -0300] "POST /cormun/servlet/trsolicitudgral?5387abc4b653db6ee35f971af877e906,,gx-no-cache=1636485908185 HTTP/1.1" 200 6671
192.168.10.96 - - [09/Nov/2021:16:39:24 -0300] "POST /cormun/servlet/trsolicitudgral?5387abc4b653db6ee35f971af877e906,,gx-no-cache=1636485908393 HTTP/1.1" 200 6671
192.168.10.96 - - [09/Nov/2021:16:39:24 -0300] "POST /cormun/servlet/trsolicitudgral?5387abc4b653db6ee35f971af877e906,,gx-no-cache=1636485908593 HTTP/1.1" 200 6669
192.168.10.96 - - [09/Nov/2021:16:39:24 -0300] "POST /cormun/servlet/trsolicitudgral?5387abc4b653db6ee35f971af877e906,,gx-no-cache=1636485908794 HTTP/1.1" 200 6671
192.168.10.96 - - [09/Nov/2021:16:39:24 -0300] "POST /cormun/servlet/trsolicitudgral?5387abc4b653db6ee35f971af877e906,,gx-no-cache=1636485908985 HTTP/1.1" 200 6671
192.168.10.96 - - [09/Nov/2021:16:39:25 -0300] "POST /cormun/servlet/trsolicitudgral?5387abc4b653db6ee35f971af877e906,,gx-no-cache=1636485909177 HTTP/1.1" 200 6670
192.168.10.96 - - [09/Nov/2021:16:39:25 -0300] "POST /cormun/servlet/trsolicitudgral?5387abc4b653db6ee35f971af877e906,,gx-no-cache=1636485909383 HTTP/1.1" 200 6671
192.168.10.96 - - [09/Nov/2021:16:39:25 -0300] "POST /cormun/servlet/trsolicitudgral?5387abc4b653db6ee35f971af877e906,,gx-no-cache=1636485909593 HTTP/1.1" 200 6670
192.168.10.96 - - [09/Nov/2021:16:39:25 -0300] "POST /cormun/servlet/trsolicitudgral?5387abc4b653db6ee35f971af877e906,,gx-no-cache=1636485909787 HTTP/1.1" 200 6671
192.168.10.96 - - [09/Nov/2021:16:39:25 -0300] "POST /cormun/servlet/trsolicitudgral?5387abc4b653db6ee35f971af877e906,,gx-no-cache=1636485909979 HTTP/1.1" 200 6671
192.168.10.96 - - [09/Nov/2021:16:39:26 -0300] "POST /cormun/servlet/trsolicitudgral?5387abc4b653db6ee35f971af877e906,,gx-no-cache=1636485910194 HTTP/1.1" 200 6670
200.54.100.179 - - [09/Nov/2021:16:39:33 -0300] "GET /cormun/servlet/trsolicitudot? HTTP/1.1" 200 8933
200.54.100.179 - - [09/Nov/2021:16:39:33 -0300] "GET /cormun/servlet/trsolicitudot? HTTP/1.1" 200 8931
192.168.10.96 - - [09/Nov/2021:16:39:41 -0300] "GET /cormun/servlet/vesolicitudgral?2021,17771,, HTTP/1.1" 200 8335
192.168.10.96 - - [09/Nov/2021:16:39:41 -0300] "GET /cormun/pexe_scrolldiv.js HTTP/1.1" 404 1009
192.168.10.96 - - [09/Nov/2021:16:39:41 -0300] "GET /cormun/pexe_scrolldiv.js HTTP/1.1" 404 1009
192.168.10.96 - - [09/Nov/2021:16:39:41 -0300] "GET /cormun/servlet/vesolicitudgral?2021,17771,, HTTP/1.1" 200 8335
192.168.10.96 - - [09/Nov/2021:16:39:45 -0300] "GET /cormun/servlet/vesolicitudgral?2021,17771,,SolicitudOTAdjuntos HTTP/1.1" 200 10866
192.168.10.96 - - [09/Nov/2021:16:39:45 -0300] "GET /cormun/pexe_scrolldiv.js HTTP/1.1" 404 1009
192.168.10.96 - - [09/Nov/2021:16:39:45 -0300] "GET /cormun/servlet/vesolicitudgral?2021,17771,,SolicitudOTAdjuntos HTTP/1.1" 200 10866
192.168.10.96 - - [09/Nov/2021:16:39:46 -0300] "POST /cormun/servlet/acontrolpreferencessavestate?None,RRHH+DANIELA,true HTTP/1.1" 200 35
192.168.10.96 - - [09/Nov/2021:16:39:47 -0300] "POST /cormun/servlet/vesolicitudgral?5387abc4b653db6ee35f971af877e906,2021,17771,,SolicitudOTAdjuntos,gx-no-cache=1636485931888 HTTP/1.1" 200 90
192.168.10.96 - - [09/Nov/2021:16:39:47 -0300] "GET /cormun/servlet/hpexe_link HTTP/1.1" 200 982
192.168.10.96 - - [09/Nov/2021:16:39:47 -0300] "GET /cormun/servlet/trsolicitudgral? HTTP/1.1" 200 9694
192.168.10.96 - - [09/Nov/2021:16:39:48 -0300] "GET /cormun/servlet/trsolicitudgral? HTTP/1.1" 200 9692
192.168.10.96 - - [09/Nov/2021:16:39:50 -0300] "POST /cormun/servlet/trsolicitudgral?5387abc4b653db6ee35f971af877e906,,gx-no-cache=1636485934558 HTTP/1.1" 200 6672
192.168.10.96 - - [09/Nov/2021:16:39:50 -0300] "POST /cormun/servlet/trsolicitudgral?5387abc4b653db6ee35f971af877e906,,gx-no-cache=1636485934740 HTTP/1.1" 200 6672
192.168.10.96 - - [09/Nov/2021:16:39:50 -0300] "POST /cormun/servlet/trsolicitudgral?5387abc4b653db6ee35f971af877e906,,gx-no-cache=1636485934924 HTTP/1.1" 200 6672
192.168.10.96 - - [09/Nov/2021:16:39:51 -0300] "POST /cormun/servlet/trsolicitudgral?5387abc4b653db6ee35f971af877e906,,gx-no-cache=1636485935106 HTTP/1.1" 200 6671
192.168.10.96 - - [09/Nov/2021:16:39:51 -0300] "POST /cormun/servlet/trsolicitudgral?5387abc4b653db6ee35f971af877e906,,gx-no-cache=1636485935282 HTTP/1.1" 200 6672
192.168.10.96 - - [09/Nov/2021:16:39:51 -0300] "POST /cormun/servlet/trsolicitudgral?5387abc4b653db6ee35f971af877e906,,gx-no-cache=1636485935441 HTTP/1.1" 200 6672
192.168.10.96 - - [09/Nov/2021:16:39:51 -0300] "POST /cormun/servlet/trsolicitudgral?5387abc4b653db6ee35f971af877e906,,gx-no-cache=1636485935626 HTTP/1.1" 200 6672
192.168.10.96 - - [09/Nov/2021:16:39:57 -0300] "GET /cormun/servlet/hlogin HTTP/1.1" 200 1747
192.168.10.96 - - [09/Nov/2021:16:40:05 -0300] "POST /cormun/servlet/hlogin?5387abc4b653db6ee35f971af877e906,gx-no-cache=1636485949646 HTTP/1.1" 200 451
192.168.10.96 - - [09/Nov/2021:16:40:07 -0300] "POST /cormun/servlet/hlogin?5387abc4b653db6ee35f971af877e906,gx-no-cache=1636485951914 HTTP/1.1" 200 451
192.168.10.96 - - [09/Nov/2021:16:40:09 -0300] "POST /cormun/servlet/hlogin?5387abc4b653db6ee35f971af877e906,gx-no-cache=1636485953963 HTTP/1.1" 200 451
192.168.10.96 - - [09/Nov/2021:16:40:14 -0300] "POST /cormun/servlet/hlogin?5387abc4b653db6ee35f971af877e906,gx-no-cache=1636485958346 HTTP/1.1" 200 451
200.54.100.179 - - [09/Nov/2021:16:40:15 -0300] "GET /cormun/servlet/trautorizarsolicitud? HTTP/1.1" 200 7416
200.54.100.179 - - [09/Nov/2021:16:40:15 -0300] "GET /cormun/static/gxcfg.js?201991422414522 HTTP/1.1" 200 953
200.54.100.179 - - [09/Nov/2021:16:40:15 -0300] "GET /cormun/static/trautorizarsolicitud.js?201991422415463 HTTP/1.1" 200 53910
200.54.100.179 - - [09/Nov/2021:16:40:16 -0300] "GET /cormun/servlet/trautorizarsolicitud? HTTP/1.1" 200 7416
192.168.10.96 - - [09/Nov/2021:16:40:19 -0300] "POST /cormun/servlet/hlogin?5387abc4b653db6ee35f971af877e906,gx-no-cache=1636485963226 HTTP/1.1" 200 451
192.168.10.96 - - [09/Nov/2021:16:40:25 -0300] "POST /cormun/servlet/hlogin?5387abc4b653db6ee35f971af877e906,gx-no-cache=1636485969122 HTTP/1.1" 200 90
192.168.10.96 - - [09/Nov/2021:16:40:25 -0300] "GET /cormun/servlet/hpexe_link HTTP/1.1" 200 962
192.168.10.96 - - [09/Nov/2021:16:40:25 -0300] "GET /cormun/servlet/trsolicitudgral? HTTP/1.1" 200 9694
192.168.10.96 - - [09/Nov/2021:16:40:25 -0300] "GET /cormun/servlet/trsolicitudgral? HTTP/1.1" 200 9692
192.168.10.96 - - [09/Nov/2021:16:40:27 -0300] "POST /cormun/servlet/trsolicitudgral?5387abc4b653db6ee35f971af877e906,,gx-no-cache=1636485971671 HTTP/1.1" 200 6672
192.168.10.96 - - [09/Nov/2021:16:40:27 -0300] "POST /cormun/servlet/trsolicitudgral?5387abc4b653db6ee35f971af877e906,,gx-no-cache=1636485971835 HTTP/1.1" 200 6672
192.168.10.96 - - [09/Nov/2021:16:40:27 -0300] "POST /cormun/servlet/trsolicitudgral?5387abc4b653db6ee35f971af877e906,,gx-no-cache=1636485972028 HTTP/1.1" 200 6671
192.168.10.96 - - [09/Nov/2021:16:40:28 -0300] "POST /cormun/servlet/trsolicitudgral?5387abc4b653db6ee35f971af877e906,,gx-no-cache=1636485972235 HTTP/1.1" 200 6671
192.168.10.96 - - [09/Nov/2021:16:40:32 -0300] "POST /cormun/servlet/trsolicitudgral?5387abc4b653db6ee35f971af877e906,,gx-no-cache=1636485976386 HTTP/1.1" 200 6671
192.168.10.96 - - [09/Nov/2021:16:40:32 -0300] "POST /cormun/servlet/trsolicitudgral?5387abc4b653db6ee35f971af877e906,,gx-no-cache=1636485976578 HTTP/1.1" 200 6672
192.168.10.96 - - [09/Nov/2021:16:40:32 -0300] "POST /cormun/servlet/trsolicitudgral?5387abc4b653db6ee35f971af877e906,,gx-no-cache=1636485976787 HTTP/1.1" 200 6672
192.168.10.96 - - [09/Nov/2021:16:40:32 -0300] "POST /cormun/servlet/trsolicitudgral?5387abc4b653db6ee35f971af877e906,,gx-no-cache=1636485976970 HTTP/1.1" 200 6672
192.168.10.96 - - [09/Nov/2021:16:40:33 -0300] "POST /cormun/servlet/trsolicitudgral?5387abc4b653db6ee35f971af877e906,,gx-no-cache=1636485977178 HTTP/1.1" 200 6672
192.168.10.96 - - [09/Nov/2021:16:40:33 -0300] "POST /cormun/servlet/trsolicitudgral?5387abc4b653db6ee35f971af877e906,,gx-no-cache=1636485977390 HTTP/1.1" 200 6672
200.54.100.179 - - [09/Nov/2021:16:40:34 -0300] "GET /cormun/servlet/trsolicitudot? HTTP/1.1" 200 8933
200.54.100.179 - - [09/Nov/2021:16:40:35 -0300] "GET /cormun/servlet/trsolicitudot? HTTP/1.1" 200 8931
192.168.10.96 - - [09/Nov/2021:16:40:37 -0300] "POST /cormun/servlet/trsolicitudgral?5387abc4b653db6ee35f971af877e906,,gx-no-cache=1636485981275 HTTP/1.1" 200 6672
192.168.10.96 - - [09/Nov/2021:16:40:37 -0300] "POST /cormun/servlet/trsolicitudgral?5387abc4b653db6ee35f971af877e906,,gx-no-cache=1636485981482 HTTP/1.1" 200 6671
192.168.10.96 - - [09/Nov/2021:16:40:37 -0300] "POST /cormun/servlet/trsolicitudgral?5387abc4b653db6ee35f971af877e906,,gx-no-cache=1636485981698 HTTP/1.1" 200 6672
190.171.142.42 - - [09/Nov/2021:16:40:41 -0300] "GET /cormun/servlet/hlogin HTTP/1.1" 200 1724
190.171.142.42 - - [09/Nov/2021:16:40:42 -0300] "GET /cormun/servlet/hlogin HTTP/1.1" 200 1735
190.171.142.42 - - [09/Nov/2021:16:40:44 -0300] "POST /cormun/servlet/hlogin?aed63f1d88f5b5c51fe963f7c85b3171,gx-no-cache=1636486129917 HTTP/1.1" 200 90
190.171.142.42 - - [09/Nov/2021:16:40:44 -0300] "GET /cormun/servlet/hpexe_link HTTP/1.1" 200 952
190.171.142.42 - - [09/Nov/2021:16:40:44 -0300] "GET /cormun/servlet/hhome HTTP/1.1" 200 4271
190.171.142.42 - - [09/Nov/2021:16:40:45 -0300] "GET /cormun/servlet/hhome HTTP/1.1" 200 4267
192.168.10.96 - - [09/Nov/2021:16:40:59 -0300] "POST /cormun/servlet/trsolicitudgral?5387abc4b653db6ee35f971af877e906,,gx-no-cache=1636486003065 HTTP/1.1" 200 6671
192.168.10.96 - - [09/Nov/2021:16:40:59 -0300] "POST /cormun/servlet/trsolicitudgral?5387abc4b653db6ee35f971af877e906,,gx-no-cache=1636486003266 HTTP/1.1" 200 6670
192.168.10.96 - - [09/Nov/2021:16:40:59 -0300] "POST /cormun/servlet/trsolicitudgral?5387abc4b653db6ee35f971af877e906,,gx-no-cache=1636486003498 HTTP/1.1" 200 6672
192.168.10.96 - - [09/Nov/2021:16:40:59 -0300] "POST /cormun/servlet/trsolicitudgral?5387abc4b653db6ee35f971af877e906,,gx-no-cache=1636486003794 HTTP/1.1" 200 6671
192.168.10.96 - - [09/Nov/2021:16:41:00 -0300] "POST /cormun/servlet/trsolicitudgral?5387abc4b653db6ee35f971af877e906,,gx-no-cache=1636486004067 HTTP/1.1" 200 6671
192.168.10.96 - - [09/Nov/2021:16:41:00 -0300] "POST /cormun/servlet/trsolicitudgral?5387abc4b653db6ee35f971af877e906,,gx-no-cache=1636486004250 HTTP/1.1" 200 6671
192.168.10.96 - - [09/Nov/2021:16:41:00 -0300] "POST /cormun/servlet/trsolicitudgral?5387abc4b653db6ee35f971af877e906,,gx-no-cache=1636486004474 HTTP/1.1" 200 6671
192.168.10.96 - - [09/Nov/2021:16:41:00 -0300] "POST /cormun/servlet/trsolicitudgral?5387abc4b653db6ee35f971af877e906,,gx-no-cache=1636486004697 HTTP/1.1" 200 6672
192.168.10.96 - - [09/Nov/2021:16:41:00 -0300] "POST /cormun/servlet/trsolicitudgral?5387abc4b653db6ee35f971af877e906,,gx-no-cache=1636486004881 HTTP/1.1" 200 6671
192.168.10.96 - - [09/Nov/2021:16:41:01 -0300] "POST /cormun/servlet/trsolicitudgral?5387abc4b653db6ee35f971af877e906,,gx-no-cache=1636486005073 HTTP/1.1" 200 6671
192.168.10.96 - - [09/Nov/2021:16:41:01 -0300] "POST /cormun/servlet/trsolicitudgral?5387abc4b653db6ee35f971af877e906,,gx-no-cache=1636486005271 HTTP/1.1" 200 6671
192.168.10.96 - - [09/Nov/2021:16:41:05 -0300] "GET /cormun/servlet/hlogin HTTP/1.1" 200 1747
192.168.10.96 - - [09/Nov/2021:16:41:12 -0300] "POST /cormun/servlet/hlogin?5387abc4b653db6ee35f971af877e906,gx-no-cache=1636486016831 HTTP/1.1" 200 90
192.168.10.96 - - [09/Nov/2021:16:41:12 -0300] "GET /cormun/servlet/hpexe_link HTTP/1.1" 200 954
192.168.10.96 - - [09/Nov/2021:16:41:12 -0300] "GET /cormun/servlet/hhome HTTP/1.1" 200 4306
192.168.10.96 - - [09/Nov/2021:16:41:13 -0300] "GET /cormun/static/SmoothNavMenu/resources/images/right.gif HTTP/1.1" 200 860
192.168.10.96 - - [09/Nov/2021:16:41:13 -0300] "GET /cormun/servlet/hhome HTTP/1.1" 200 4302
192.168.10.96 - - [09/Nov/2021:16:41:16 -0300] "GET /cormun/servlet/trsolicitudot? HTTP/1.1" 200 8939
192.168.10.96 - - [09/Nov/2021:16:41:16 -0300] "GET /cormun/static/gxcfg.js?201991910464971 HTTP/1.1" 200 953
192.168.10.96 - - [09/Nov/2021:16:41:16 -0300] "GET /cormun/static/Resources/PXToolsAddAllAction.png HTTP/1.1" 200 495
192.168.10.96 - - [09/Nov/2021:16:41:16 -0300] "GET /cormun/static/trsolicitudot.js?201991910465845 HTTP/1.1" 200 54041
192.168.10.96 - - [09/Nov/2021:16:41:16 -0300] "GET /cormun//static/Resources/PXToolsActionView.png HTTP/1.1" 200 398
192.168.10.96 - - [09/Nov/2021:16:41:16 -0300] "GET /cormun//static/Resources/PXToolsRemoveAllAction.png HTTP/1.1" 200 487
192.168.10.96 - - [09/Nov/2021:16:41:16 -0300] "GET /cormun/servlet/trsolicitudot? HTTP/1.1" 200 8937
190.171.142.42 - - [09/Nov/2021:16:41:22 -0300] "GET /cormun/servlet/trlicencias? HTTP/1.1" 200 11851
190.171.142.42 - - [09/Nov/2021:16:41:22 -0300] "GET /cormun/servlet/trlicencias? HTTP/1.1" 200 11848
192.168.10.96 - - [09/Nov/2021:16:41:30 -0300] "GET /cormun/servlet/trsolicitudot? HTTP/1.1" 200 8937
192.168.10.96 - - [09/Nov/2021:16:41:30 -0300] "GET /cormun/servlet/trsolicitudot? HTTP/1.1" 200 8937
200.54.100.179 - - [09/Nov/2021:16:41:31 -0300] "GET /cormun/servlet/trsolicitudot? HTTP/1.1" 200 8931
200.54.100.179 - - [09/Nov/2021:16:41:32 -0300] "GET /cormun/servlet/trsolicitudot? HTTP/1.1" 200 8931
200.54.100.179 - - [09/Nov/2021:16:41:51 -0300] "POST /cormun/servlet/trsolicitudot?096f96e2234df5ccf7ca4a8f18536f01,,gx-no-cache=1636486195903 HTTP/1.1" 200 6112
200.54.100.179 - - [09/Nov/2021:16:41:51 -0300] "GET /cormun/static/Shared/jqueryui/images/ui-icons_82798d_256x240.png HTTP/1.1" 404 1089
200.54.100.179 - - [09/Nov/2021:16:41:51 -0300] "GET /cormun/static/Shared/jqueryui/images/ui-bg_highlight-soft_100_c6c2c8_1x100.png HTTP/1.1" 404 1117
200.54.100.179 - - [09/Nov/2021:16:41:51 -0300] "GET /cormun/static/Shared/jqueryui/images/ui-bg_flat_55_fafafa_40x100.png HTTP/1.1" 404 1097
200.54.100.179 - - [09/Nov/2021:16:41:51 -0300] "GET /cormun/static/Shared/jqueryui/images/ui-icons_8d78a5_256x240.png HTTP/1.1" 404 1089
200.54.100.179 - - [09/Nov/2021:16:41:53 -0300] "POST /cormun/servlet/trsolicitudot?096f96e2234df5ccf7ca4a8f18536f01,,gx-no-cache=1636486198202 HTTP/1.1" 200 6111
192.168.10.96 - - [09/Nov/2021:16:41:54 -0300] "POST /cormun/servlet/trsolicitudot?5387abc4b653db6ee35f971af877e906,,gx-no-cache=1636486058784 HTTP/1.1" 200 6040
200.54.100.179 - - [09/Nov/2021:16:41:54 -0300] "POST /cormun/servlet/trsolicitudot?096f96e2234df5ccf7ca4a8f18536f01,,gx-no-cache=1636486199409 HTTP/1.1" 200 6112
192.168.10.96 - - [09/Nov/2021:16:41:54 -0300] "POST /cormun/servlet/trsolicitudot?5387abc4b653db6ee35f971af877e906,,gx-no-cache=1636486058962 HTTP/1.1" 200 6040
192.168.10.96 - - [09/Nov/2021:16:41:55 -0300] "POST /cormun/servlet/trsolicitudot?5387abc4b653db6ee35f971af877e906,,gx-no-cache=1636486059171 HTTP/1.1" 200 6039
192.168.10.96 - - [09/Nov/2021:16:41:55 -0300] "POST /cormun/servlet/trsolicitudot?5387abc4b653db6ee35f971af877e906,,gx-no-cache=1636486059361 HTTP/1.1" 200 6040
192.168.10.96 - - [09/Nov/2021:16:41:55 -0300] "POST /cormun/servlet/trsolicitudot?5387abc4b653db6ee35f971af877e906,,gx-no-cache=1636486059530 HTTP/1.1" 200 6039
192.168.10.96 - - [09/Nov/2021:16:41:55 -0300] "POST /cormun/servlet/trsolicitudot?5387abc4b653db6ee35f971af877e906,,gx-no-cache=1636486059729 HTTP/1.1" 200 6039
192.168.10.96 - - [09/Nov/2021:16:41:56 -0300] "POST /cormun/servlet/trsolicitudot?5387abc4b653db6ee35f971af877e906,,gx-no-cache=1636486060253 HTTP/1.1" 200 6040
192.168.10.96 - - [09/Nov/2021:16:41:56 -0300] "POST /cormun/servlet/trsolicitudot?5387abc4b653db6ee35f971af877e906,,gx-no-cache=1636486060602 HTTP/1.1" 200 6038
192.168.10.96 - - [09/Nov/2021:16:41:56 -0300] "POST /cormun/servlet/trsolicitudot?5387abc4b653db6ee35f971af877e906,,gx-no-cache=1636486061026 HTTP/1.1" 200 6039
192.168.10.96 - - [09/Nov/2021:16:41:57 -0300] "POST /cormun/servlet/trsolicitudot?5387abc4b653db6ee35f971af877e906,,gx-no-cache=1636486061282 HTTP/1.1" 200 6040
192.168.10.96 - - [09/Nov/2021:16:41:57 -0300] "POST /cormun/servlet/trsolicitudot?5387abc4b653db6ee35f971af877e906,,gx-no-cache=1636486061481 HTTP/1.1" 200 6040
192.168.10.96 - - [09/Nov/2021:16:41:57 -0300] "POST /cormun/servlet/trsolicitudot?5387abc4b653db6ee35f971af877e906,,gx-no-cache=1636486061706 HTTP/1.1" 200 6039
192.168.10.96 - - [09/Nov/2021:16:41:57 -0300] "POST /cormun/servlet/trsolicitudot?5387abc4b653db6ee35f971af877e906,,gx-no-cache=1636486061913 HTTP/1.1" 200 6040
192.168.10.96 - - [09/Nov/2021:16:41:58 -0300] "POST /cormun/servlet/trsolicitudot?5387abc4b653db6ee35f971af877e906,,gx-no-cache=1636486062123 HTTP/1.1" 200 6040
192.168.10.96 - - [09/Nov/2021:16:41:58 -0300] "POST /cormun/servlet/trsolicitudot?5387abc4b653db6ee35f971af877e906,,gx-no-cache=1636486062330 HTTP/1.1" 200 6040
192.168.10.96 - - [09/Nov/2021:16:41:58 -0300] "POST /cormun/servlet/trsolicitudot?5387abc4b653db6ee35f971af877e906,,gx-no-cache=1636486062554 HTTP/1.1" 200 6040
192.168.10.96 - - [09/Nov/2021:16:41:58 -0300] "POST /cormun/servlet/trsolicitudot?5387abc4b653db6ee35f971af877e906,,gx-no-cache=1636486062753 HTTP/1.1" 200 6040
192.168.10.96 - - [09/Nov/2021:16:41:58 -0300] "POST /cormun/servlet/trsolicitudot?5387abc4b653db6ee35f971af877e906,,gx-no-cache=1636486062945 HTTP/1.1" 200 6040
192.168.10.96 - - [09/Nov/2021:16:41:59 -0300] "POST /cormun/servlet/trsolicitudot?5387abc4b653db6ee35f971af877e906,,gx-no-cache=1636486063226 HTTP/1.1" 200 6039
192.168.10.96 - - [09/Nov/2021:16:41:59 -0300] "POST /cormun/servlet/trsolicitudot?5387abc4b653db6ee35f971af877e906,,gx-no-cache=1636486063441 HTTP/1.1" 200 6040
192.168.10.96 - - [09/Nov/2021:16:41:59 -0300] "POST /cormun/servlet/trsolicitudot?5387abc4b653db6ee35f971af877e906,,gx-no-cache=1636486063653 HTTP/1.1" 200 6038
192.168.10.96 - - [09/Nov/2021:16:41:59 -0300] "POST /cormun/servlet/trsolicitudot?5387abc4b653db6ee35f971af877e906,,gx-no-cache=1636486063914 HTTP/1.1" 200 6040
192.168.10.96 - - [09/Nov/2021:16:42:00 -0300] "POST /cormun/servlet/trsolicitudot?5387abc4b653db6ee35f971af877e906,,gx-no-cache=1636486064121 HTTP/1.1" 200 6039
192.168.10.96 - - [09/Nov/2021:16:42:00 -0300] "POST /cormun/servlet/trsolicitudot?5387abc4b653db6ee35f971af877e906,,gx-no-cache=1636486064337 HTTP/1.1" 200 6040
192.168.10.96 - - [09/Nov/2021:16:42:00 -0300] "POST /cormun/servlet/trsolicitudot?5387abc4b653db6ee35f971af877e906,,gx-no-cache=1636486064552 HTTP/1.1" 200 6039
192.168.10.96 - - [09/Nov/2021:16:42:01 -0300] "POST /cormun/servlet/trsolicitudot?5387abc4b653db6ee35f971af877e906,,gx-no-cache=1636486065570 HTTP/1.1" 200 6040
192.168.10.96 - - [09/Nov/2021:16:42:01 -0300] "POST /cormun/servlet/trsolicitudot?5387abc4b653db6ee35f971af877e906,,gx-no-cache=1636486065866 HTTP/1.1" 200 6039
192.168.10.96 - - [09/Nov/2021:16:42:01 -0300] "POST /cormun/servlet/trsolicitudot?5387abc4b653db6ee35f971af877e906,,gx-no-cache=1636486066057 HTTP/1.1" 200 6039
192.168.10.96 - - [09/Nov/2021:16:42:02 -0300] "POST /cormun/servlet/trsolicitudot?5387abc4b653db6ee35f971af877e906,,gx-no-cache=1636486066257 HTTP/1.1" 200 6039
192.168.10.96 - - [09/Nov/2021:16:42:02 -0300] "POST /cormun/servlet/trsolicitudot?5387abc4b653db6ee35f971af877e906,,gx-no-cache=1636486066437 HTTP/1.1" 200 6039
192.168.10.96 - - [09/Nov/2021:16:42:02 -0300] "POST /cormun/servlet/trsolicitudot?5387abc4b653db6ee35f971af877e906,,gx-no-cache=1636486066617 HTTP/1.1" 200 6039
192.168.10.96 - - [09/Nov/2021:16:42:02 -0300] "POST /cormun/servlet/trsolicitudot?5387abc4b653db6ee35f971af877e906,,gx-no-cache=1636486066802 HTTP/1.1" 200 6039
192.168.10.96 - - [09/Nov/2021:16:42:02 -0300] "POST /cormun/servlet/trsolicitudot?5387abc4b653db6ee35f971af877e906,,gx-no-cache=1636486067010 HTTP/1.1" 200 6039
192.168.10.96 - - [09/Nov/2021:16:42:03 -0300] "POST /cormun/servlet/trsolicitudot?5387abc4b653db6ee35f971af877e906,,gx-no-cache=1636486067199 HTTP/1.1" 200 6040
205.185.121.173 - - [09/Nov/2021:16:42:06 -0300] "GET /manager/html HTTP/1.1" 401 2474
192.168.10.96 - - [09/Nov/2021:16:42:14 -0300] "POST /cormun/servlet/trsolicitudot?5387abc4b653db6ee35f971af877e906,,gx-no-cache=1636486078394 HTTP/1.1" 200 6040
200.54.100.179 - - [09/Nov/2021:16:42:14 -0300] "POST /cormun/servlet/trsolicitudot?096f96e2234df5ccf7ca4a8f18536f01,,gx-no-cache=1636486218979 HTTP/1.1" 200 6112
192.168.10.96 - - [09/Nov/2021:16:42:15 -0300] "POST /cormun/servlet/trsolicitudot?5387abc4b653db6ee35f971af877e906,,gx-no-cache=1636486079946 HTTP/1.1" 200 6040
200.54.100.179 - - [09/Nov/2021:16:42:15 -0300] "POST /cormun/servlet/trsolicitudot?096f96e2234df5ccf7ca4a8f18536f01,,gx-no-cache=1636486220541 HTTP/1.1" 200 6111
192.168.10.96 - - [09/Nov/2021:16:42:16 -0300] "POST /cormun/servlet/trsolicitudot?5387abc4b653db6ee35f971af877e906,,gx-no-cache=1636486080165 HTTP/1.1" 200 6040
192.168.10.96 - - [09/Nov/2021:16:42:16 -0300] "POST /cormun/servlet/trsolicitudot?5387abc4b653db6ee35f971af877e906,,gx-no-cache=1636486080666 HTTP/1.1" 200 6039
192.168.10.96 - - [09/Nov/2021:16:42:16 -0300] "POST /cormun/servlet/trsolicitudot?5387abc4b653db6ee35f971af877e906,,gx-no-cache=1636486080873 HTTP/1.1" 200 6040
192.168.10.96 - - [09/Nov/2021:16:42:17 -0300] "POST /cormun/servlet/trsolicitudot?5387abc4b653db6ee35f971af877e906,,gx-no-cache=1636486081145 HTTP/1.1" 200 6040
200.54.100.179 - - [09/Nov/2021:16:42:17 -0300] "POST /cormun/servlet/trsolicitudot?096f96e2234df5ccf7ca4a8f18536f01,,gx-no-cache=1636486222441 HTTP/1.1" 200 6111
200.54.100.179 - - [09/Nov/2021:16:42:18 -0300] "POST /cormun/servlet/trsolicitudot?096f96e2234df5ccf7ca4a8f18536f01,,gx-no-cache=1636486223519 HTTP/1.1" 200 6112
192.168.10.96 - - [09/Nov/2021:16:42:24 -0300] "POST /cormun/servlet/trsolicitudot?5387abc4b653db6ee35f971af877e906,,gx-no-cache=1636486088686 HTTP/1.1" 200 6117
192.168.10.96 - - [09/Nov/2021:16:42:24 -0300] "GET /cormun/static/Shared/jqueryui/images/ui-bg_highlight-soft_100_c6c2c8_1x100.png HTTP/1.1" 404 1117
192.168.10.96 - - [09/Nov/2021:16:42:24 -0300] "GET /cormun/static/Shared/jqueryui/images/ui-icons_82798d_256x240.png HTTP/1.1" 404 1089
192.168.10.96 - - [09/Nov/2021:16:42:24 -0300] "GET /cormun/static/Shared/jqueryui/images/ui-bg_flat_55_fafafa_40x100.png HTTP/1.1" 404 1097
192.168.10.96 - - [09/Nov/2021:16:42:24 -0300] "GET /cormun/static/Shared/jqueryui/images/ui-icons_8d78a5_256x240.png HTTP/1.1" 404 1089
200.54.100.179 - - [09/Nov/2021:16:42:31 -0300] "POST /cormun/servlet/trsolicitudot?096f96e2234df5ccf7ca4a8f18536f01,,gx-no-cache=1636486236173 HTTP/1.1" 200 6112
192.168.10.96 - - [09/Nov/2021:16:42:31 -0300] "POST /cormun/servlet/trsolicitudot?5387abc4b653db6ee35f971af877e906,,gx-no-cache=1636486095735 HTTP/1.1" 200 106
192.168.10.96 - - [09/Nov/2021:16:42:31 -0300] "GET /cormun/servlet/trsolicitudadjuntos?2021,17771, HTTP/1.1" 200 10382
192.168.10.96 - - [09/Nov/2021:16:42:31 -0300] "GET /cormun/static/gxcfg.js?20201215574222 HTTP/1.1" 200 953
192.168.10.96 - - [09/Nov/2021:16:42:31 -0300] "GET /cormun/static/Resources/PXToolsGridNew.png HTTP/1.1" 200 427
192.168.10.96 - - [09/Nov/2021:16:42:31 -0300] "GET /cormun/static/trsolicitudadjuntos.js?20201215574932 HTTP/1.1" 200 17922
192.168.10.96 - - [09/Nov/2021:16:42:32 -0300] "GET /cormun/servlet/trsolicitudadjuntos?2021,17771, HTTP/1.1" 200 10385
200.54.100.179 - - [09/Nov/2021:16:42:33 -0300] "POST /cormun/servlet/trsolicitudot?096f96e2234df5ccf7ca4a8f18536f01,,gx-no-cache=1636486238441 HTTP/1.1" 200 6112
200.54.100.179 - - [09/Nov/2021:16:42:40 -0300] "POST /cormun/servlet/trsolicitudot?096f96e2234df5ccf7ca4a8f18536f01,,gx-no-cache=1636486245129 HTTP/1.1" 200 6112
200.54.100.179 - - [09/Nov/2021:16:42:41 -0300] "POST /cormun/servlet/trsolicitudot?096f96e2234df5ccf7ca4a8f18536f01,,gx-no-cache=1636486246571 HTTP/1.1" 200 106
200.54.100.179 - - [09/Nov/2021:16:42:42 -0300] "GET /cormun/servlet/trsolicitudadjuntos?2021,17771, HTTP/1.1" 200 10371
200.54.100.179 - - [09/Nov/2021:16:42:42 -0300] "GET /cormun/servlet/trsolicitudadjuntos?2021,17771, HTTP/1.1" 200 10380
192.168.10.96 - - [09/Nov/2021:16:43:08 -0300] "GET /cormun/servlet/solicitudotadjuntos?INS,2021,17771,,1, HTTP/1.1" 200 6351
192.168.10.96 - - [09/Nov/2021:16:43:08 -0300] "GET /cormun/static/gxcfg.js?202012157947 HTTP/1.1" 200 953
192.168.10.96 - - [09/Nov/2021:16:43:08 -0300] "GET /cormun/static/solicitudotadjuntos.js?202012157966 HTTP/1.1" 200 11771
192.168.10.96 - - [09/Nov/2021:16:43:09 -0300] "GET /cormun/static/about:blank HTTP/1.1" 404 1011
192.168.10.96 - - [09/Nov/2021:16:43:09 -0300] "GET /cormun/servlet/solicitudotadjuntos?INS,2021,17771,,1, HTTP/1.1" 200 6345
192.168.10.96 - - [09/Nov/2021:16:43:09 -0300] "GET /cormun/servlet/solicitudotadjuntos?12adbe634d7af0edaae85b4faa272bae4669738c720e4395afee1febdffa9740b1e0ccd11751dcb55f077c5534649083,gx-no-cache=1636486133735 HTTP/1.1" 200 30
192.168.10.96 - - [09/Nov/2021:16:43:09 -0300] "POST /cormun/servlet/solicitudotadjuntos?5387abc4b653db6ee35f971af877e906,INS,2021,17771,,1,,gx-no-cache=1636486133759 HTTP/1.1" 200 4148
192.168.10.96 - - [09/Nov/2021:16:43:16 -0300] "POST /cormun/servlet/solicitudotadjuntos?5387abc4b653db6ee35f971af877e906,INS,2021,17771,,1,,gx-no-cache=1636486140332 HTTP/1.1" 200 90
192.168.10.96 - - [09/Nov/2021:16:43:16 -0300] "GET /cormun/servlet/hpexe_link HTTP/1.1" 200 984
192.168.10.96 - - [09/Nov/2021:16:43:16 -0300] "GET /cormun/servlet/trsolicitudadjuntos?2021,17771, HTTP/1.1" 200 10382
192.168.10.96 - - [09/Nov/2021:16:43:16 -0300] "GET /cormun/servlet/trsolicitudadjuntos?2021,17771, HTTP/1.1" 200 10384
192.168.10.96 - - [09/Nov/2021:16:43:18 -0300] "GET /cormun/PublicTempStorage/certificado_estudios_katerine_maldonado5966081.pdf HTTP/1.1" 200 217790
190.171.149.82 - - [09/Nov/2021:16:43:21 -0300] "GET /cormun/servlet/hlogin HTTP/1.1" 200 1730
190.171.149.82 - - [09/Nov/2021:16:43:22 -0300] "GET /cormun/servlet/hlogin HTTP/1.1" 200 1740
190.171.149.82 - - [09/Nov/2021:16:43:22 -0300] "GET /favicon.ico HTTP/1.1" 200 21630
190.171.149.82 - - [09/Nov/2021:16:43:25 -0300] "POST /cormun/servlet/hlogin?6db372855a61ca3c5dcc68f0c88f5186,gx-no-cache=1636486289402 HTTP/1.1" 200 90
190.171.149.82 - - [09/Nov/2021:16:43:25 -0300] "GET /cormun/servlet/hpexe_link HTTP/1.1" 200 954
190.171.149.82 - - [09/Nov/2021:16:43:25 -0300] "GET /cormun/servlet/hhome HTTP/1.1" 200 3829
190.171.149.82 - - [09/Nov/2021:16:43:26 -0300] "GET /cormun/servlet/hhome HTTP/1.1" 200 3826
190.171.149.82 - - [09/Nov/2021:16:43:30 -0300] "GET /cormun/servlet/trpermisosgoce? HTTP/1.1" 200 8125
192.168.10.96 - - [09/Nov/2021:16:43:30 -0300] "GET /cormun/servlet/hlogin HTTP/1.1" 200 1727
190.171.149.82 - - [09/Nov/2021:16:43:31 -0300] "GET /cormun/servlet/trpermisosgoce? HTTP/1.1" 200 8123
192.168.10.96 - - [09/Nov/2021:16:43:37 -0300] "POST /cormun/servlet/hlogin?5387abc4b653db6ee35f971af877e906,gx-no-cache=1636486161198 HTTP/1.1" 200 90
192.168.10.96 - - [09/Nov/2021:16:43:37 -0300] "GET /cormun/servlet/hpexe_link HTTP/1.1" 200 973
192.168.10.96 - - [09/Nov/2021:16:43:37 -0300] "GET /cormun/servlet/trsolicitudadjuntos?2021,17771, HTTP/1.1" 200 10379
192.168.10.96 - - [09/Nov/2021:16:43:37 -0300] "GET /cormun/servlet/trsolicitudadjuntos?2021,17771, HTTP/1.1" 200 10383
192.168.10.96 - - [09/Nov/2021:16:43:44 -0300] "GET /cormun/servlet/solicitudotadjuntos?INS,2021,17771,,1, HTTP/1.1" 200 6352
192.168.10.96 - - [09/Nov/2021:16:43:44 -0300] "GET /cormun/static/about:blank HTTP/1.1" 404 1011
192.168.10.96 - - [09/Nov/2021:16:43:44 -0300] "GET /cormun/servlet/solicitudotadjuntos?INS,2021,17771,,1, HTTP/1.1" 200 6346
192.168.10.96 - - [09/Nov/2021:16:43:44 -0300] "GET /cormun/servlet/solicitudotadjuntos?12adbe634d7af0edaae85b4faa272bae4669738c720e4395afee1febdffa9740b1e0ccd11751dcb55f077c5534649083,gx-no-cache=1636486169066 HTTP/1.1" 200 30
192.168.10.96 - - [09/Nov/2021:16:43:45 -0300] "POST /cormun/servlet/solicitudotadjuntos?5387abc4b653db6ee35f971af877e906,INS,2021,17771,,1,,gx-no-cache=1636486169086 HTTP/1.1" 200 4150
190.171.149.82 - - [09/Nov/2021:16:43:46 -0300] "GET /cormun/static/menuarrow.gif HTTP/1.1" 404 1015
192.168.10.96 - - [09/Nov/2021:16:43:48 -0300] "POST /cormun/servlet/solicitudotadjuntos?gx-no-cache=1636486172867 HTTP/1.1" 200 26
192.168.10.96 - - [09/Nov/2021:16:43:53 -0300] "GET /cormun/servlet/solicitudotadjuntos?12adbe634d7af0edaae85b4faa272baeb85c6eaf37787d7e3655164e6bf8b651,gx-no-cache=1636486177595 HTTP/1.1" 200 30
192.168.10.96 - - [09/Nov/2021:16:43:53 -0300] "GET /cormun/servlet/solicitudotadjuntos?12adbe634d7af0edaae85b4faa272baeb85c6eaf37787d7e3655164e6bf8b651,gx-no-cache=1636486177604 HTTP/1.1" 200 30
192.168.10.96 - - [09/Nov/2021:16:43:53 -0300] "POST /cormun/servlet/solicitudotadjuntos?5387abc4b653db6ee35f971af877e906,INS,2021,17771,,1, HTTP/1.1" 200 116
192.168.10.96 - - [09/Nov/2021:16:43:53 -0300] "GET /cormun/servlet/hpexe_return? HTTP/1.1" 200 1028
192.168.10.96 - - [09/Nov/2021:16:43:53 -0300] "GET /cormun/static/gxcfg.js?201991422392976 HTTP/1.1" 200 953
192.168.10.96 - - [09/Nov/2021:16:43:53 -0300] "GET /cormun/static/hpexe_return.js?201991422392984 HTTP/1.1" 200 1633
192.168.10.96 - - [09/Nov/2021:16:43:54 -0300] "GET /cormun/servlet/trsolicitudadjuntos?2021,17771, HTTP/1.1" 200 10558
192.168.10.96 - - [09/Nov/2021:16:43:54 -0300] "GET /cormun/servlet/trsolicitudadjuntos?2021,17771, HTTP/1.1" 200 10555
192.168.10.96 - - [09/Nov/2021:16:43:57 -0300] "GET /cormun/servlet/trsolicitudot? HTTP/1.1" 200 8944
192.168.10.96 - - [09/Nov/2021:16:43:57 -0300] "GET /cormun/servlet/trsolicitudot? HTTP/1.1" 200 8937
200.54.100.179 - - [09/Nov/2021:16:44:02 -0300] "GET /cormun/servlet/trsolicitudot? HTTP/1.1" 200 8938
200.54.100.179 - - [09/Nov/2021:16:44:03 -0300] "GET /cormun/servlet/trsolicitudot? HTTP/1.1" 200 8931
192.168.10.96 - - [09/Nov/2021:16:44:08 -0300] "POST /cormun/servlet/trsolicitudot?5387abc4b653db6ee35f971af877e906,,gx-no-cache=1636486192609 HTTP/1.1" 200 6049
192.168.10.96 - - [09/Nov/2021:16:44:08 -0300] "POST /cormun/servlet/trsolicitudot?5387abc4b653db6ee35f971af877e906,,gx-no-cache=1636486192836 HTTP/1.1" 200 6049
200.54.100.179 - - [09/Nov/2021:16:44:08 -0300] "POST /cormun/servlet/trsolicitudot?096f96e2234df5ccf7ca4a8f18536f01,,gx-no-cache=1636486333466 HTTP/1.1" 200 4874
200.54.100.179 - - [09/Nov/2021:16:44:08 -0300] "GET /cormun/static/Shared/jqueryui/images/ui-icons_82798d_256x240.png HTTP/1.1" 404 1089
200.54.100.179 - - [09/Nov/2021:16:44:08 -0300] "GET /cormun/static/Shared/jqueryui/images/ui-bg_highlight-soft_100_c6c2c8_1x100.png HTTP/1.1" 404 1117
200.54.100.179 - - [09/Nov/2021:16:44:09 -0300] "GET /cormun/static/Shared/jqueryui/images/ui-bg_flat_55_fafafa_40x100.png HTTP/1.1" 404 1097
200.54.100.179 - - [09/Nov/2021:16:44:09 -0300] "GET /cormun/static/Shared/jqueryui/images/ui-icons_8d78a5_256x240.png HTTP/1.1" 404 1089
190.171.149.82 - - [09/Nov/2021:16:44:09 -0300] "POST /cormun/servlet/trpermisosgoce?6db372855a61ca3c5dcc68f0c88f5186,,gx-no-cache=1636486332796 HTTP/1.1" 200 4189
192.168.10.96 - - [09/Nov/2021:16:44:09 -0300] "POST /cormun/servlet/trsolicitudot?5387abc4b653db6ee35f971af877e906,,gx-no-cache=1636486193131 HTTP/1.1" 200 4643
200.54.100.179 - - [09/Nov/2021:16:44:09 -0300] "POST /cormun/servlet/trsolicitudot?096f96e2234df5ccf7ca4a8f18536f01,,gx-no-cache=1636486333711 HTTP/1.1" 200 4619
192.168.10.96 - - [09/Nov/2021:16:44:09 -0300] "POST /cormun/servlet/trsolicitudot?5387abc4b653db6ee35f971af877e906,,gx-no-cache=1636486193571 HTTP/1.1" 200 4643
190.171.149.74 - - [09/Nov/2021:16:44:11 -0300] "GET /cormun/servlet/trpermisosadjuntos?13477280,20211109085821,P, HTTP/1.1" 200 5451
190.171.149.74 - - [09/Nov/2021:16:44:11 -0300] "GET /cormun/servlet/hlogin HTTP/1.1" 200 1768
190.171.149.74 - - [09/Nov/2021:16:44:11 -0300] "GET /cormun/servlet/trpermisosadjuntos?13477280,20211109085821,P, HTTP/1.1" 200 5443
190.171.149.82 - - [09/Nov/2021:16:44:12 -0300] "GET /cormun/servlet/permisogoce?INS,0,,, HTTP/1.1" 200 6691
190.171.149.82 - - [09/Nov/2021:16:44:12 -0300] "GET /cormun/servlet/permisogoce?INS,0,,, HTTP/1.1" 200 6691
192.168.10.96 - - [09/Nov/2021:16:44:15 -0300] "GET /cormun/servlet/trautorizarsolicitud? HTTP/1.1" 200 8826
192.168.10.96 - - [09/Nov/2021:16:44:15 -0300] "GET /cormun/static/gxcfg.js?201991422414522 HTTP/1.1" 200 953
192.168.10.96 - - [09/Nov/2021:16:44:15 -0300] "GET /cormun/static/trautorizarsolicitud.js?201991422415463 HTTP/1.1" 200 53910
192.168.10.96 - - [09/Nov/2021:16:44:15 -0300] "GET /cormun/servlet/trautorizarsolicitud? HTTP/1.1" 200 8826
190.171.149.74 - - [09/Nov/2021:16:44:16 -0300] "POST /cormun/servlet/hlogin?64d7ca2564393c3130590df444e3314e,gx-no-cache=1636489981497 HTTP/1.1" 200 90
190.171.149.74 - - [09/Nov/2021:16:44:16 -0300] "GET /cormun/servlet/hpexe_link HTTP/1.1" 200 984
190.171.149.74 - - [09/Nov/2021:16:44:16 -0300] "GET /cormun/servlet/trpermisosadjuntos?13477280,20211109085821,P, HTTP/1.1" 200 6125
190.171.149.74 - - [09/Nov/2021:16:44:17 -0300] "GET /cormun/servlet/trpermisosadjuntos?13477280,20211109085821,P, HTTP/1.1" 200 6122
190.171.149.82 - - [09/Nov/2021:16:44:22 -0300] "POST /cormun/servlet/permisogoce?6db372855a61ca3c5dcc68f0c88f5186,INS,0,,,,gx-no-cache=1636486346541 HTTP/1.1" 200 4483
190.171.149.82 - - [09/Nov/2021:16:44:22 -0300] "GET /cormun/static/Shared/jqueryui/images/ui-bg_highlight-soft_100_c6c2c8_1x100.png HTTP/1.1" 404 1117
190.171.149.82 - - [09/Nov/2021:16:44:22 -0300] "GET /cormun/static/Shared/jqueryui/images/ui-icons_82798d_256x240.png HTTP/1.1" 404 1089
190.171.149.82 - - [09/Nov/2021:16:44:22 -0300] "GET /cormun/static/Shared/jqueryui/images/ui-bg_flat_55_994d53_40x100.png HTTP/1.1" 404 1097
190.171.149.82 - - [09/Nov/2021:16:44:22 -0300] "GET /cormun/static/Shared/jqueryui/images/ui-icons_ebccce_256x240.png HTTP/1.1" 404 1089
190.171.149.74 - - [09/Nov/2021:16:44:22 -0300] "GET /cormun/servlet/trpermisosgoce? HTTP/1.1" 200 14087
190.171.149.74 - - [09/Nov/2021:16:44:23 -0300] "GET /cormun/servlet/trpermisosgoce? HTTP/1.1" 200 14073
190.171.149.82 - - [09/Nov/2021:16:44:24 -0300] "GET /cormun/servlet/permisogoce?62ee05cb6d967445b19e506f68f03adb1da19f5116509af19554c03744d00015f86f208bcbe7b675af2c4b3c191b6756681e58b2fbf6b7f4c3d3247e318287b9850ef3a2e1977604e97c4ca5ca48ef420f6559e3010234e6c5c4c17655970b0ec3765d3231de898a7f46e1a9fcff62fb0f6559e3010234e6c5c4c17655970b0e681e58b2fbf6b7f4c3d3247e318287b9d08778ed2041141d207fe9ac2c7ea14716db9b4aef8aeb112fa15b1918efc36969f062748ec55d1be68a01e8dba467b31f5168fe31024428f7461a1c4176bd1c,gx-no-cache=1636486348549 HTTP/1.1" 200 77
190.171.149.82 - - [09/Nov/2021:16:44:24 -0300] "GET /cormun/static/menuarrow.gif HTTP/1.1" 404 1015
192.168.10.96 - - [09/Nov/2021:16:44:26 -0300] "GET /cormun/servlet/trautorizarsolicitud? HTTP/1.1" 200 8826
192.168.10.96 - - [09/Nov/2021:16:44:27 -0300] "GET /cormun/servlet/trautorizarsolicitud? HTTP/1.1" 200 8826
200.54.100.179 - - [09/Nov/2021:16:44:27 -0300] "GET /cormun/servlet/trautorizarsolicitud? HTTP/1.1" 200 8821
200.54.100.179 - - [09/Nov/2021:16:44:27 -0300] "GET /cormun/servlet/trautorizarsolicitud? HTTP/1.1" 200 8821
190.171.149.74 - - [09/Nov/2021:16:44:30 -0300] "GET /cormun/servlet/trpermisosadjuntos?13477280,20211109085821,P, HTTP/1.1" 200 6122
190.171.149.74 - - [09/Nov/2021:16:44:30 -0300] "GET /cormun/servlet/trpermisosadjuntos?13477280,20211109085821,P, HTTP/1.1" 200 6122
190.171.149.74 - - [09/Nov/2021:16:44:33 -0300] "GET /cormun/servlet/permisosadjuntos?INS,13477280,P,20211109085821,, HTTP/1.1" 200 5624
190.171.149.74 - - [09/Nov/2021:16:44:33 -0300] "GET /cormun/static/about:blank HTTP/1.1" 404 1011
190.171.149.74 - - [09/Nov/2021:16:44:33 -0300] "GET /cormun/servlet/permisosadjuntos?INS,13477280,P,20211109085821,, HTTP/1.1" 200 5614
190.171.149.82 - - [09/Nov/2021:16:44:33 -0300] "GET /cormun/servlet/permisogoce?62ee05cb6d967445b19e506f68f03adba9477421ee8da9c1b148fd3a7ea61bbe7c50b2030af2634dfdf59860dc8c32cfac6c1ec73be513603e30e3849d78c4db,gx-no-cache=1636486357562 HTTP/1.1" 200 45
190.171.149.82 - - [09/Nov/2021:16:44:37 -0300] "GET /cormun/servlet/puconsultapgoce?17295959,MD,gxPopupLevel%3D0%3B HTTP/1.1" 200 3774
190.171.149.82 - - [09/Nov/2021:16:44:37 -0300] "GET /cormun/pexe_menus.js HTTP/1.1" 404 1001
190.171.149.82 - - [09/Nov/2021:16:44:37 -0300] "GET /cormun/pexe_layers.js HTTP/1.1" 404 1003
190.171.149.82 - - [09/Nov/2021:16:44:37 -0300] "GET /cormun/pexe_windows.js HTTP/1.1" 404 1005
190.171.149.82 - - [09/Nov/2021:16:44:37 -0300] "GET /cormun/pexe_treedivfix.js HTTP/1.1" 404 1011
190.171.149.82 - - [09/Nov/2021:16:44:37 -0300] "GET /cormun/pexe_picture.js HTTP/1.1" 404 1005
190.171.149.82 - - [09/Nov/2021:16:44:37 -0300] "GET /cormun/pexe_link.js HTTP/1.1" 404 999
190.171.149.82 - - [09/Nov/2021:16:44:37 -0300] "GET /cormun/pexe_cookies.js HTTP/1.1" 404 1005
190.171.149.82 - - [09/Nov/2021:16:44:37 -0300] "GET /cormun/pexe_grid.js HTTP/1.1" 404 999
190.171.149.82 - - [09/Nov/2021:16:44:37 -0300] "GET /cormun/pexe_griddivfix.js HTTP/1.1" 404 1011
190.171.149.82 - - [09/Nov/2021:16:44:37 -0300] "GET /cormun/pexe_autoreload.js HTTP/1.1" 404 1011
190.171.149.82 - - [09/Nov/2021:16:44:37 -0300] "GET /cormun/pexe_tabdivfix.js HTTP/1.1" 404 1009
190.171.149.82 - - [09/Nov/2021:16:44:37 -0300] "GET /cormun/pexe_menudivfix.js HTTP/1.1" 404 1011
192.168.10.96 - - [09/Nov/2021:16:44:37 -0300] "POST /cormun/servlet/trautorizarsolicitud?5387abc4b653db6ee35f971af877e906,,gx-no-cache=1636486222027 HTTP/1.1" 200 5964
190.171.149.82 - - [09/Nov/2021:16:44:37 -0300] "GET /cormun/pexe_picture.js HTTP/1.1" 404 1005
190.171.149.82 - - [09/Nov/2021:16:44:37 -0300] "GET /cormun/pexe_treedivfix.js HTTP/1.1" 404 1011
190.171.149.82 - - [09/Nov/2021:16:44:38 -0300] "GET /cormun/pexe_autoreload.js HTTP/1.1" 404 1011
190.171.149.82 - - [09/Nov/2021:16:44:38 -0300] "GET /cormun/pexe_menudivfix.js HTTP/1.1" 404 1011
190.171.149.82 - - [09/Nov/2021:16:44:38 -0300] "GET /cormun/pexe_tabdivfix.js HTTP/1.1" 404 1009
192.168.10.96 - - [09/Nov/2021:16:44:38 -0300] "POST /cormun/servlet/trautorizarsolicitud?5387abc4b653db6ee35f971af877e906,,gx-no-cache=1636486222834 HTTP/1.1" 200 5965
192.168.10.96 - - [09/Nov/2021:16:44:38 -0300] "POST /cormun/servlet/trautorizarsolicitud?5387abc4b653db6ee35f971af877e906,,gx-no-cache=1636486223042 HTTP/1.1" 200 5964
192.168.10.96 - - [09/Nov/2021:16:44:39 -0300] "POST /cormun/servlet/trautorizarsolicitud?5387abc4b653db6ee35f971af877e906,,gx-no-cache=1636486223233 HTTP/1.1" 200 5964
192.168.10.96 - - [09/Nov/2021:16:44:39 -0300] "POST /cormun/servlet/trautorizarsolicitud?5387abc4b653db6ee35f971af877e906,,gx-no-cache=1636486223417 HTTP/1.1" 200 5964
192.168.10.96 - - [09/Nov/2021:16:44:39 -0300] "POST /cormun/servlet/trautorizarsolicitud?5387abc4b653db6ee35f971af877e906,,gx-no-cache=1636486223608 HTTP/1.1" 200 5965
200.54.100.179 - - [09/Nov/2021:16:44:41 -0300] "GET /cormun/servlet/trautorizarsolicitud? HTTP/1.1" 200 8821
200.54.100.179 - - [09/Nov/2021:16:44:42 -0300] "GET /cormun/servlet/trautorizarsolicitud? HTTP/1.1" 200 8821
190.171.149.82 - - [09/Nov/2021:16:44:46 -0300] "POST /cormun/servlet/permisogoce?6db372855a61ca3c5dcc68f0c88f5186,INS,0,,,,gx-no-cache=1636486370347 HTTP/1.1" 200 93
190.171.149.82 - - [09/Nov/2021:16:44:46 -0300] "GET /cormun/servlet/hpexe_return? HTTP/1.1" 200 1012
190.171.149.82 - - [09/Nov/2021:16:44:47 -0300] "GET /cormun/servlet/trpermisosgoce? HTTP/1.1" 200 7622
190.171.149.82 - - [09/Nov/2021:16:44:47 -0300] "GET /cormun/servlet/trpermisosgoce? HTTP/1.1" 200 7619
200.54.100.179 - - [09/Nov/2021:16:44:48 -0300] "POST /cormun/servlet/trautorizarsolicitud?096f96e2234df5ccf7ca4a8f18536f01,,gx-no-cache=1636486373281 HTTP/1.1" 200 4787
200.54.100.179 - - [09/Nov/2021:16:44:48 -0300] "GET /cormun/static/Shared/jqueryui/images/ui-bg_highlight-soft_100_c6c2c8_1x100.png HTTP/1.1" 404 1117
200.54.100.179 - - [09/Nov/2021:16:44:48 -0300] "GET /cormun/static/Shared/jqueryui/images/ui-bg_flat_55_fafafa_40x100.png HTTP/1.1" 404 1097
200.54.100.179 - - [09/Nov/2021:16:44:48 -0300] "GET /cormun/static/Shared/jqueryui/images/ui-icons_8d78a5_256x240.png HTTP/1.1" 404 1089
200.54.100.179 - - [09/Nov/2021:16:44:48 -0300] "GET /cormun/static/Shared/jqueryui/images/ui-icons_82798d_256x240.png HTTP/1.1" 404 1089
200.54.100.179 - - [09/Nov/2021:16:44:48 -0300] "POST /cormun/servlet/trautorizarsolicitud?096f96e2234df5ccf7ca4a8f18536f01,,gx-no-cache=1636486373569 HTTP/1.1" 200 4534
192.168.10.96 - - [09/Nov/2021:16:44:52 -0300] "POST /cormun/servlet/trautorizarsolicitud?5387abc4b653db6ee35f971af877e906,,gx-no-cache=1636486236892 HTTP/1.1" 200 4557
192.168.10.96 - - [09/Nov/2021:16:44:53 -0300] "POST /cormun/servlet/trautorizarsolicitud?5387abc4b653db6ee35f971af877e906,,gx-no-cache=1636486237057 HTTP/1.1" 200 4556
192.168.10.96 - - [09/Nov/2021:16:44:53 -0300] "POST /cormun/servlet/trautorizarsolicitud?5387abc4b653db6ee35f971af877e906,,gx-no-cache=1636486237241 HTTP/1.1" 200 4556
190.171.149.74 - - [09/Nov/2021:16:44:53 -0300] "POST /cormun/servlet/permisosadjuntos?64d7ca2564393c3130590df444e3314e,INS,13477280,P,20211109085821,, HTTP/1.1" 200 116
190.171.149.74 - - [09/Nov/2021:16:44:53 -0300] "GET /cormun/servlet/hpexe_return? HTTP/1.1" 200 1037
190.171.149.74 - - [09/Nov/2021:16:44:53 -0300] "GET /cormun/servlet/trpermisosadjuntos?13477280,20211109085821,P, HTTP/1.1" 200 6662
190.171.149.74 - - [09/Nov/2021:16:44:54 -0300] "GET /cormun/servlet/trpermisosadjuntos?13477280,20211109085821,P, HTTP/1.1" 200 6658
190.171.149.82 - - [09/Nov/2021:16:44:55 -0300] "GET /cormun/servlet/apermisogoceprn?17295959,P,20211109162956,PU HTTP/1.1" 200 1654
192.168.10.96 - - [09/Nov/2021:16:44:55 -0300] "GET /cormun/servlet/hlogin HTTP/1.1" 200 1751
190.171.149.74 - - [09/Nov/2021:16:44:58 -0300] "GET /cormun/servlet/trpermisosgoce? HTTP/1.1" 200 14087
190.171.149.74 - - [09/Nov/2021:16:44:58 -0300] "GET /cormun/servlet/trpermisosgoce? HTTP/1.1" 200 14073
192.168.10.96 - - [09/Nov/2021:16:44:59 -0300] "POST /cormun/servlet/hlogin?5387abc4b653db6ee35f971af877e906,gx-no-cache=1636486243355 HTTP/1.1" 200 90
192.168.10.96 - - [09/Nov/2021:16:44:59 -0300] "GET /cormun/servlet/hpexe_link HTTP/1.1" 200 954
192.168.10.96 - - [09/Nov/2021:16:44:59 -0300] "GET /cormun/servlet/hhome HTTP/1.1" 200 3767
192.168.10.96 - - [09/Nov/2021:16:44:59 -0300] "GET /cormun/servlet/hhome HTTP/1.1" 200 3764
192.168.10.96 - - [09/Nov/2021:16:45:01 -0300] "GET /cormun/servlet/trsolicitudgral? HTTP/1.1" 200 8265
192.168.10.96 - - [09/Nov/2021:16:45:01 -0300] "GET /cormun/servlet/trsolicitudgral? HTTP/1.1" 200 8263
192.168.10.96 - - [09/Nov/2021:16:45:06 -0300] "POST /cormun/servlet/trsolicitudgral?5387abc4b653db6ee35f971af877e906,,gx-no-cache=1636486250478 HTTP/1.1" 200 6673
190.171.149.74 - - [09/Nov/2021:16:45:10 -0300] "POST /cormun/servlet/trpermisosgoce?64d7ca2564393c3130590df444e3314e,,gx-no-cache=1636490034835 HTTP/1.1" 200 11402
190.171.149.74 - - [09/Nov/2021:16:45:10 -0300] "GET /cormun/static/Shared/jqueryui/images/ui-icons_82798d_256x240.png HTTP/1.1" 404 1089
190.171.149.74 - - [09/Nov/2021:16:45:10 -0300] "GET /cormun/static/Shared/jqueryui/images/ui-bg_highlight-soft_100_c6c2c8_1x100.png HTTP/1.1" 404 1117
190.171.149.74 - - [09/Nov/2021:16:45:10 -0300] "GET /cormun/static/Shared/jqueryui/images/ui-icons_8d78a5_256x240.png HTTP/1.1" 404 1089
190.171.149.74 - - [09/Nov/2021:16:45:10 -0300] "GET /cormun/static/Shared/jqueryui/images/ui-bg_flat_55_fafafa_40x100.png HTTP/1.1" 404 1097
192.168.10.96 - - [09/Nov/2021:16:45:15 -0300] "POST /cormun/servlet/trsolicitudgral?5387abc4b653db6ee35f971af877e906,,gx-no-cache=1636486259582 HTTP/1.1" 200 23468
190.171.142.42 - - [09/Nov/2021:16:45:29 -0300] "POST /cormun/servlet/trlicencias?aed63f1d88f5b5c51fe963f7c85b3171,,gx-no-cache=1636486414003 HTTP/1.1" 200 9357
190.171.149.82 - - [09/Nov/2021:16:45:32 -0300] "GET /cormun/static/menuarrow.gif HTTP/1.1" 404 1015
190.171.142.42 - - [09/Nov/2021:16:45:49 -0300] "POST /cormun/servlet/trlicencias?aed63f1d88f5b5c51fe963f7c85b3171,,gx-no-cache=1636486434655 HTTP/1.1" 200 9357
190.171.149.74 - - [09/Nov/2021:16:46:13 -0300] "GET /cormun/servlet/trpermisosadjuntos?13477280,20211109085745,P, HTTP/1.1" 200 6124
190.171.149.74 - - [09/Nov/2021:16:46:14 -0300] "GET /cormun/servlet/trpermisosadjuntos?13477280,20211109085745,P, HTTP/1.1" 200 6124
190.171.149.74 - - [09/Nov/2021:16:46:16 -0300] "GET /cormun/servlet/permisosadjuntos?INS,13477280,P,20211109085745,, HTTP/1.1" 200 5622
190.171.149.74 - - [09/Nov/2021:16:46:16 -0300] "GET /cormun/static/about:blank HTTP/1.1" 404 1011
190.171.149.74 - - [09/Nov/2021:16:46:16 -0300] "GET /cormun/servlet/permisosadjuntos?INS,13477280,P,20211109085745,, HTTP/1.1" 200 5615
