190.171.149.74 - - [09/Nov/2021:12:54:12 -0300] "POST /cormun/servlet/trpermisosgoce?efc09027a2d286ba61b37c075f066d8a,,gx-no-cache=1636476176962 HTTP/1.1" 200 5479
190.171.143.82 - - [09/Nov/2021:12:54:25 -0300] "GET /cormun/servlet/permisogoce?7ee993f9e9a764580be7efa3d2217bb923c5edb3c4bbbca2d6a268ea8508144b98abd520730bfa0f9e6ed01ce44212f6bbb867938bae75117577210b85375a3d,gx-no-cache=1636472549330 HTTP/1.1" 200 46
190.171.149.74 - - [09/Nov/2021:12:54:33 -0300] "POST /cormun/servlet/trpermisosgoce?efc09027a2d286ba61b37c075f066d8a,,gx-no-cache=1636476198194 HTTP/1.1" 200 4837
190.171.141.98 - - [09/Nov/2021:12:54:35 -0300] "GET /cormun/servlet/solicitudot?a11e11b2b6eade561a251e88a80ca2dec326e1eb1bbc7da7d75fcf70d70dc9bce6bf66e4eb80758428183d2f99272021963d278dee519aa77eb5b3ab2334805e2be0453ce60ad0b9e9e03590079b1a66d43eec33b1ca2b8848396b18d96fc8991c992d36b3be6b8ba32249e91ab78db7,gx-no-cache=1636472559566 HTTP/1.1" 200 110
190.171.141.98 - - [09/Nov/2021:12:54:58 -0300] "POST /cormun/servlet/solicitudot?gx-no-cache=1636472582707 HTTP/1.1" 200 97
190.171.149.74 - - [09/Nov/2021:12:54:59 -0300] "POST /cormun/servlet/trpermisosgoce?efc09027a2d286ba61b37c075f066d8a,,gx-no-cache=1636476223970 HTTP/1.1" 200 3929
190.171.149.74 - - [09/Nov/2021:12:55:08 -0300] "POST /cormun/servlet/trpermisosgoce?efc09027a2d286ba61b37c075f066d8a,,gx-no-cache=1636476233793 HTTP/1.1" 200 3928
190.171.141.98 - - [09/Nov/2021:12:55:10 -0300] "GET /cormun/servlet/solicitudot?a11e11b2b6eade561a251e88a80ca2de95935f5dc3aeac981d9540f2640bb846f63dd60f1dc9c82e25c7cd21526c3bd3b2e6e66ab9033d37e0b3ae3c59d4ccb1d53bfbb0967898f3015aa01e52eac1bd56078904c8dec9f038938911c18f01275d469894b47700df72966a0b8ab768d3,gx-no-cache=1636472594519 HTTP/1.1" 200 29
190.171.141.98 - - [09/Nov/2021:12:55:10 -0300] "GET /cormun/static/menuarrow.gif HTTP/1.1" 404 1015
190.171.143.82 - - [09/Nov/2021:12:55:12 -0300] "GET /cormun/servlet/trpermisosgoce? HTTP/1.1" 200 18780
190.171.141.98 - - [09/Nov/2021:12:55:13 -0300] "GET /cormun/servlet/solicitudot?a11e11b2b6eade561a251e88a80ca2de90e7f0ec4808af0321d2115a56be624eb0fb919815f51f49ab8af433ad6e7f45,gx-no-cache=1636472598236 HTTP/1.1" 200 30
190.171.143.82 - - [09/Nov/2021:12:55:16 -0300] "GET /cormun/servlet/trpermisosgoce? HTTP/1.1" 200 18782
190.171.149.74 - - [09/Nov/2021:12:55:18 -0300] "POST /cormun/servlet/trpermisosgoce?efc09027a2d286ba61b37c075f066d8a,,gx-no-cache=1636476243594 HTTP/1.1" 200 4845
190.171.141.98 - - [09/Nov/2021:12:55:21 -0300] "POST /cormun/servlet/solicitudot?gx-no-cache=1636472605334 HTTP/1.1" 200 30
190.171.143.82 - - [09/Nov/2021:12:55:24 -0300] "POST /cormun/servlet/trpermisosgoce?bf2a229b275399002799e4aef922560d,,gx-no-cache=1636472608748 HTTP/1.1" 200 5349
190.171.143.82 - - [09/Nov/2021:12:55:34 -0300] "GET /cormun/servlet/permisogoce?INS,0,,, HTTP/1.1" 200 7246
190.171.149.74 - - [09/Nov/2021:12:55:36 -0300] "POST /cormun/servlet/trpermisosgoce?efc09027a2d286ba61b37c075f066d8a,,gx-no-cache=1636476261730 HTTP/1.1" 200 5266
190.171.143.82 - - [09/Nov/2021:12:55:38 -0300] "GET /cormun/servlet/permisogoce?INS,0,,, HTTP/1.1" 200 7245
190.171.143.82 - - [09/Nov/2021:12:55:43 -0300] "GET /cormun/servlet/permisogoce?7ee993f9e9a764580be7efa3d2217bb90caed4c6b7e82cc46e545c3200f8869cc691325f19992dca6c8a740c50024f1d3bf345406c9efc13b35527fc08abfce7,gx-no-cache=1636472627596 HTTP/1.1" 200 85
190.171.143.82 - - [09/Nov/2021:12:55:47 -0300] "GET /cormun/static/menuarrow.gif HTTP/1.1" 404 1015
190.171.143.82 - - [09/Nov/2021:12:55:52 -0300] "GET /cormun/servlet/permisogoce?7ee993f9e9a764580be7efa3d2217bb923c5edb3c4bbbca2d6a268ea8508144b98abd520730bfa0f9e6ed01ce44212f6bbb867938bae75117577210b85375a3d,gx-no-cache=1636472636346 HTTP/1.1" 200 46
190.171.143.82 - - [09/Nov/2021:12:55:54 -0300] "POST /cormun/servlet/permisogoce?bf2a229b275399002799e4aef922560d,INS,0,,,,gx-no-cache=1636472638696 HTTP/1.1" 200 93
190.171.143.82 - - [09/Nov/2021:12:55:55 -0300] "GET /cormun/servlet/hpexe_return? HTTP/1.1" 200 1011
190.171.143.82 - - [09/Nov/2021:12:55:55 -0300] "GET /cormun/servlet/trpermisosgoce? HTTP/1.1" 200 8536
190.171.143.82 - - [09/Nov/2021:12:55:59 -0300] "GET /cormun/servlet/trpermisosgoce? HTTP/1.1" 200 8533
190.171.149.74 - - [09/Nov/2021:12:56:00 -0300] "POST /cormun/servlet/trpermisosgoce?efc09027a2d286ba61b37c075f066d8a,,gx-no-cache=1636476285449 HTTP/1.1" 200 4842
190.171.143.82 - - [09/Nov/2021:12:56:06 -0300] "POST /cormun/servlet/trpermisosgoce?bf2a229b275399002799e4aef922560d,,gx-no-cache=1636472650672 HTTP/1.1" 200 15842
190.171.149.74 - - [09/Nov/2021:12:56:15 -0300] "POST /cormun/servlet/trpermisosgoce?efc09027a2d286ba61b37c075f066d8a,,gx-no-cache=1636476300521 HTTP/1.1" 200 3926
190.171.143.82 - - [09/Nov/2021:12:56:18 -0300] "GET /cormun/servlet/apermisogoceprn?17204627,P,20211109124118,PU HTTP/1.1" 200 1662
190.171.149.74 - - [09/Nov/2021:12:56:26 -0300] "POST /cormun/servlet/trpermisosgoce?efc09027a2d286ba61b37c075f066d8a,,gx-no-cache=1636476311185 HTTP/1.1" 200 3930
190.171.149.74 - - [09/Nov/2021:12:56:38 -0300] "POST /cormun/servlet/trpermisosgoce?efc09027a2d286ba61b37c075f066d8a,,gx-no-cache=1636476323129 HTTP/1.1" 200 5277
207.46.13.104 - - [09/Nov/2021:12:56:38 -0300] "GET /cormun/servlet/solicitudot?INS,0,0,false, HTTP/1.1" 200 14737
190.171.141.98 - - [09/Nov/2021:12:56:56 -0300] "POST /cormun/servlet/solicitudot?e578f6e2ea97fe7bc105d307cef75fa4,INS,0,0,false,,gx-no-cache=1636472700438 HTTP/1.1" 200 93
190.171.141.98 - - [09/Nov/2021:12:56:56 -0300] "GET /cormun/servlet/hpexe_return? HTTP/1.1" 200 1011
190.171.141.98 - - [09/Nov/2021:12:56:56 -0300] "GET /cormun/static/gxcfg.js?201991422392976 HTTP/1.1" 200 953
190.171.141.98 - - [09/Nov/2021:12:56:56 -0300] "GET /cormun/static/hpexe_return.js?201991422392984 HTTP/1.1" 200 1633
190.171.141.98 - - [09/Nov/2021:12:56:57 -0300] "GET /cormun/servlet/trsolicitudot HTTP/1.1" 200 8483
190.171.141.98 - - [09/Nov/2021:12:56:57 -0300] "GET /cormun//static/Resources/PXToolsActionView.png HTTP/1.1" 200 398
190.171.141.98 - - [09/Nov/2021:12:56:57 -0300] "GET /cormun//static/Resources/PXToolsRemoveAllAction.png HTTP/1.1" 200 487
190.171.141.98 - - [09/Nov/2021:12:56:57 -0300] "GET /cormun//static/Resources/PXToolsGridUpdate.png HTTP/1.1" 200 470
190.171.141.98 - - [09/Nov/2021:12:56:57 -0300] "GET /cormun//static/Resources/PXToolsGridDelete.png HTTP/1.1" 200 538
190.171.141.98 - - [09/Nov/2021:12:56:57 -0300] "GET /cormun/servlet/trsolicitudot HTTP/1.1" 200 8479
190.171.149.74 - - [09/Nov/2021:12:56:59 -0300] "POST /cormun/servlet/trpermisosgoce?efc09027a2d286ba61b37c075f066d8a,,gx-no-cache=1636476343729 HTTP/1.1" 200 3928
190.171.149.74 - - [09/Nov/2021:12:57:09 -0300] "POST /cormun/servlet/trpermisosgoce?efc09027a2d286ba61b37c075f066d8a,,gx-no-cache=1636476354313 HTTP/1.1" 200 3925
190.171.141.98 - - [09/Nov/2021:12:57:09 -0300] "POST /cormun/servlet/trsolicitudot?e578f6e2ea97fe7bc105d307cef75fa4,gx-no-cache=1636472714011 HTTP/1.1" 200 105
190.171.141.98 - - [09/Nov/2021:12:57:09 -0300] "GET /cormun/servlet/trsolicitudadjuntos?2021,17777, HTTP/1.1" 200 5813
190.171.141.98 - - [09/Nov/2021:12:57:10 -0300] "GET /cormun/servlet/trsolicitudadjuntos?2021,17777, HTTP/1.1" 200 5813
190.171.141.98 - - [09/Nov/2021:12:57:19 -0300] "GET /cormun/servlet/solicitudotadjuntos?INS,2021,17777,,1, HTTP/1.1" 200 5940
190.171.141.98 - - [09/Nov/2021:12:57:19 -0300] "GET /cormun/static/gxcfg.js?202012157947 HTTP/1.1" 200 953
190.171.141.98 - - [09/Nov/2021:12:57:19 -0300] "GET /cormun/static/solicitudotadjuntos.js?202012157966 HTTP/1.1" 200 11771
190.171.141.98 - - [09/Nov/2021:12:57:19 -0300] "GET /cormun/static/about:blank HTTP/1.1" 404 1011
190.171.141.98 - - [09/Nov/2021:12:57:19 -0300] "GET /cormun/servlet/solicitudotadjuntos?INS,2021,17777,,1, HTTP/1.1" 200 5933
190.171.141.98 - - [09/Nov/2021:12:57:20 -0300] "GET /cormun/servlet/solicitudotadjuntos?a11e11b2b6eade561a251e88a80ca2de0ae078a69522b1bb624ade42c72f5c8cb249a976a1cfe130097feda57f6eacef,gx-no-cache=1636472724356 HTTP/1.1" 200 30
190.171.141.98 - - [09/Nov/2021:12:57:20 -0300] "POST /cormun/servlet/solicitudotadjuntos?e578f6e2ea97fe7bc105d307cef75fa4,INS,2021,17777,,1,,gx-no-cache=1636472724388 HTTP/1.1" 200 3903
190.171.149.74 - - [09/Nov/2021:12:57:20 -0300] "POST /cormun/servlet/trpermisosgoce?efc09027a2d286ba61b37c075f066d8a,,gx-no-cache=1636476365649 HTTP/1.1" 200 5272
190.171.141.98 - - [09/Nov/2021:12:57:24 -0300] "POST /cormun/servlet/solicitudotadjuntos?gx-no-cache=1636472728795 HTTP/1.1" 200 26
190.171.141.98 - - [09/Nov/2021:12:57:33 -0300] "GET /cormun/servlet/solicitudotadjuntos?a11e11b2b6eade561a251e88a80ca2de12fba1364473d201f0eba94670c700a8,gx-no-cache=1636472737622 HTTP/1.1" 200 30
190.171.141.98 - - [09/Nov/2021:12:57:33 -0300] "GET /cormun/servlet/solicitudotadjuntos?a11e11b2b6eade561a251e88a80ca2de12fba1364473d201f0eba94670c700a8,gx-no-cache=1636472737682 HTTP/1.1" 200 30
190.171.141.98 - - [09/Nov/2021:12:57:34 -0300] "POST /cormun/servlet/solicitudotadjuntos?e578f6e2ea97fe7bc105d307cef75fa4,INS,2021,17777,,1, HTTP/1.1" 200 116
190.171.141.98 - - [09/Nov/2021:12:57:34 -0300] "GET /cormun/servlet/hpexe_return? HTTP/1.1" 200 1028
190.171.141.98 - - [09/Nov/2021:12:57:34 -0300] "GET /cormun/servlet/trsolicitudadjuntos?2021,17777, HTTP/1.1" 200 8640
190.171.143.82 - - [09/Nov/2021:12:57:34 -0300] "GET /cormun/servlet/apermisogoceprn?17204627,P,20211109124118,PU HTTP/1.1" 200 1667
190.171.141.98 - - [09/Nov/2021:12:57:34 -0300] "GET /cormun/servlet/trsolicitudadjuntos?2021,17777, HTTP/1.1" 200 8639
190.171.141.98 - - [09/Nov/2021:12:57:38 -0300] "GET /cormun/servlet/solicitudotadjuntos?INS,2021,17777,,1, HTTP/1.1" 200 5940
190.171.141.98 - - [09/Nov/2021:12:57:39 -0300] "GET /cormun/static/about:blank HTTP/1.1" 404 1011
190.171.141.98 - - [09/Nov/2021:12:57:39 -0300] "GET /cormun/servlet/solicitudotadjuntos?INS,2021,17777,,1, HTTP/1.1" 200 5933
190.171.141.98 - - [09/Nov/2021:12:57:39 -0300] "GET /cormun/servlet/solicitudotadjuntos?a11e11b2b6eade561a251e88a80ca2de0ae078a69522b1bb624ade42c72f5c8cb249a976a1cfe130097feda57f6eacef,gx-no-cache=1636472743798 HTTP/1.1" 200 30
190.171.141.98 - - [09/Nov/2021:12:57:39 -0300] "POST /cormun/servlet/solicitudotadjuntos?e578f6e2ea97fe7bc105d307cef75fa4,INS,2021,17777,,1,,gx-no-cache=1636472743816 HTTP/1.1" 200 3903
190.171.149.74 - - [09/Nov/2021:12:57:41 -0300] "POST /cormun/servlet/trpermisosgoce?efc09027a2d286ba61b37c075f066d8a,,gx-no-cache=1636476386393 HTTP/1.1" 200 5296
190.171.141.98 - - [09/Nov/2021:12:57:44 -0300] "POST /cormun/servlet/solicitudotadjuntos?gx-no-cache=1636472748368 HTTP/1.1" 200 26
190.171.141.98 - - [09/Nov/2021:12:57:52 -0300] "GET /cormun/servlet/solicitudotadjuntos?a11e11b2b6eade561a251e88a80ca2de12fba1364473d201f0eba94670c700a8,gx-no-cache=1636472756942 HTTP/1.1" 200 30
190.171.141.98 - - [09/Nov/2021:12:57:52 -0300] "GET /cormun/servlet/solicitudotadjuntos?a11e11b2b6eade561a251e88a80ca2de12fba1364473d201f0eba94670c700a8,gx-no-cache=1636472757030 HTTP/1.1" 200 30
190.171.141.98 - - [09/Nov/2021:12:57:53 -0300] "POST /cormun/servlet/solicitudotadjuntos?e578f6e2ea97fe7bc105d307cef75fa4,INS,2021,17777,,1, HTTP/1.1" 200 116
190.171.141.98 - - [09/Nov/2021:12:57:53 -0300] "GET /cormun/servlet/hpexe_return? HTTP/1.1" 200 1028
190.171.141.98 - - [09/Nov/2021:12:57:53 -0300] "GET /cormun/servlet/trsolicitudadjuntos?2021,17777, HTTP/1.1" 200 8904
190.171.141.98 - - [09/Nov/2021:12:57:53 -0300] "GET /cormun/servlet/trsolicitudadjuntos?2021,17777, HTTP/1.1" 200 8900
190.171.141.98 - - [09/Nov/2021:12:58:01 -0300] "GET /cormun/servlet/solicitudotadjuntos?INS,2021,17777,,1, HTTP/1.1" 200 5940
190.171.141.98 - - [09/Nov/2021:12:58:01 -0300] "GET /cormun/static/about:blank HTTP/1.1" 404 1011
190.171.141.98 - - [09/Nov/2021:12:58:01 -0300] "GET /cormun/servlet/solicitudotadjuntos?INS,2021,17777,,1, HTTP/1.1" 200 5933
190.171.141.98 - - [09/Nov/2021:12:58:01 -0300] "GET /cormun/servlet/solicitudotadjuntos?a11e11b2b6eade561a251e88a80ca2de0ae078a69522b1bb624ade42c72f5c8cb249a976a1cfe130097feda57f6eacef,gx-no-cache=1636472766193 HTTP/1.1" 200 30
190.171.141.98 - - [09/Nov/2021:12:58:02 -0300] "POST /cormun/servlet/solicitudotadjuntos?e578f6e2ea97fe7bc105d307cef75fa4,INS,2021,17777,,1,,gx-no-cache=1636472766213 HTTP/1.1" 200 3903
190.171.141.98 - - [09/Nov/2021:12:58:06 -0300] "POST /cormun/servlet/solicitudotadjuntos?gx-no-cache=1636472770307 HTTP/1.1" 200 26
190.171.141.98 - - [09/Nov/2021:12:58:14 -0300] "GET /cormun/servlet/solicitudotadjuntos?a11e11b2b6eade561a251e88a80ca2de12fba1364473d201f0eba94670c700a8,gx-no-cache=1636472778448 HTTP/1.1" 200 30
190.171.141.98 - - [09/Nov/2021:12:58:14 -0300] "GET /cormun/servlet/solicitudotadjuntos?a11e11b2b6eade561a251e88a80ca2de12fba1364473d201f0eba94670c700a8,gx-no-cache=1636472778464 HTTP/1.1" 200 30
190.171.141.98 - - [09/Nov/2021:12:58:14 -0300] "POST /cormun/servlet/solicitudotadjuntos?e578f6e2ea97fe7bc105d307cef75fa4,INS,2021,17777,,1, HTTP/1.1" 200 116
190.171.141.98 - - [09/Nov/2021:12:58:14 -0300] "GET /cormun/servlet/hpexe_return? HTTP/1.1" 200 1028
190.171.141.98 - - [09/Nov/2021:12:58:14 -0300] "GET /cormun/servlet/trsolicitudadjuntos?2021,17777, HTTP/1.1" 200 9093
190.171.141.98 - - [09/Nov/2021:12:58:14 -0300] "GET /cormun/servlet/trsolicitudadjuntos?2021,17777, HTTP/1.1" 200 9091
190.171.141.98 - - [09/Nov/2021:12:58:18 -0300] "GET /cormun/servlet/solicitudotadjuntos?INS,2021,17777,,1, HTTP/1.1" 200 5940
190.171.141.98 - - [09/Nov/2021:12:58:18 -0300] "GET /cormun/static/about:blank HTTP/1.1" 404 1011
190.171.141.98 - - [09/Nov/2021:12:58:18 -0300] "GET /cormun/servlet/solicitudotadjuntos?INS,2021,17777,,1, HTTP/1.1" 200 5933
190.171.141.98 - - [09/Nov/2021:12:58:19 -0300] "GET /cormun/servlet/solicitudotadjuntos?a11e11b2b6eade561a251e88a80ca2de0ae078a69522b1bb624ade42c72f5c8cb249a976a1cfe130097feda57f6eacef,gx-no-cache=1636472783277 HTTP/1.1" 200 30
190.171.141.98 - - [09/Nov/2021:12:58:19 -0300] "POST /cormun/servlet/solicitudotadjuntos?e578f6e2ea97fe7bc105d307cef75fa4,INS,2021,17777,,1,,gx-no-cache=1636472783296 HTTP/1.1" 200 3903
190.171.141.98 - - [09/Nov/2021:12:58:22 -0300] "POST /cormun/servlet/solicitudotadjuntos?gx-no-cache=1636472786542 HTTP/1.1" 200 26
190.171.141.98 - - [09/Nov/2021:12:58:28 -0300] "GET /cormun/servlet/solicitudotadjuntos?a11e11b2b6eade561a251e88a80ca2de12fba1364473d201f0eba94670c700a8,gx-no-cache=1636472793090 HTTP/1.1" 200 30
190.171.141.98 - - [09/Nov/2021:12:58:28 -0300] "GET /cormun/servlet/solicitudotadjuntos?a11e11b2b6eade561a251e88a80ca2de12fba1364473d201f0eba94670c700a8,gx-no-cache=1636472793105 HTTP/1.1" 200 30
190.171.141.98 - - [09/Nov/2021:12:58:28 -0300] "POST /cormun/servlet/solicitudotadjuntos?e578f6e2ea97fe7bc105d307cef75fa4,INS,2021,17777,,1, HTTP/1.1" 200 116
190.171.141.98 - - [09/Nov/2021:12:58:28 -0300] "GET /cormun/servlet/hpexe_return? HTTP/1.1" 200 1028
190.171.141.98 - - [09/Nov/2021:12:58:29 -0300] "GET /cormun/servlet/trsolicitudadjuntos?2021,17777, HTTP/1.1" 200 9384
190.171.141.98 - - [09/Nov/2021:12:58:29 -0300] "GET /cormun/servlet/trsolicitudadjuntos?2021,17777, HTTP/1.1" 200 9382
190.171.141.98 - - [09/Nov/2021:12:58:32 -0300] "GET /cormun/servlet/solicitudotadjuntos?INS,2021,17777,,1, HTTP/1.1" 200 5940
190.171.141.98 - - [09/Nov/2021:12:58:32 -0300] "GET /cormun/static/about:blank HTTP/1.1" 404 1011
190.171.141.98 - - [09/Nov/2021:12:58:32 -0300] "GET /cormun/servlet/solicitudotadjuntos?INS,2021,17777,,1, HTTP/1.1" 200 5933
190.171.141.98 - - [09/Nov/2021:12:58:32 -0300] "GET /cormun/servlet/solicitudotadjuntos?a11e11b2b6eade561a251e88a80ca2de0ae078a69522b1bb624ade42c72f5c8cb249a976a1cfe130097feda57f6eacef,gx-no-cache=1636472797034 HTTP/1.1" 200 30
190.171.141.98 - - [09/Nov/2021:12:58:32 -0300] "POST /cormun/servlet/solicitudotadjuntos?e578f6e2ea97fe7bc105d307cef75fa4,INS,2021,17777,,1,,gx-no-cache=1636472797054 HTTP/1.1" 200 3903
190.171.141.98 - - [09/Nov/2021:12:58:36 -0300] "POST /cormun/servlet/solicitudotadjuntos?gx-no-cache=1636472800998 HTTP/1.1" 200 26
190.171.141.98 - - [09/Nov/2021:12:58:43 -0300] "GET /cormun/servlet/solicitudotadjuntos?a11e11b2b6eade561a251e88a80ca2de12fba1364473d201f0eba94670c700a8,gx-no-cache=1636472807461 HTTP/1.1" 200 30
190.171.141.98 - - [09/Nov/2021:12:58:43 -0300] "GET /cormun/servlet/solicitudotadjuntos?a11e11b2b6eade561a251e88a80ca2de12fba1364473d201f0eba94670c700a8,gx-no-cache=1636472807512 HTTP/1.1" 200 30
190.171.141.98 - - [09/Nov/2021:12:58:43 -0300] "POST /cormun/servlet/solicitudotadjuntos?e578f6e2ea97fe7bc105d307cef75fa4,INS,2021,17777,,1, HTTP/1.1" 200 116
190.171.141.98 - - [09/Nov/2021:12:58:43 -0300] "GET /cormun/servlet/hpexe_return? HTTP/1.1" 200 1028
190.171.141.98 - - [09/Nov/2021:12:58:43 -0300] "GET /cormun/servlet/trsolicitudadjuntos?2021,17777, HTTP/1.1" 200 9653
190.171.141.98 - - [09/Nov/2021:12:58:44 -0300] "GET /cormun/servlet/trsolicitudadjuntos?2021,17777, HTTP/1.1" 200 9652
190.171.141.98 - - [09/Nov/2021:12:59:01 -0300] "GET /cormun/servlet/solicitudotadjuntos?INS,2021,17777,,1, HTTP/1.1" 200 5940
190.171.141.98 - - [09/Nov/2021:12:59:01 -0300] "GET /cormun/static/about:blank HTTP/1.1" 404 1011
190.171.141.98 - - [09/Nov/2021:12:59:01 -0300] "GET /cormun/servlet/solicitudotadjuntos?INS,2021,17777,,1, HTTP/1.1" 200 5933
190.171.141.98 - - [09/Nov/2021:12:59:02 -0300] "GET /cormun/servlet/solicitudotadjuntos?a11e11b2b6eade561a251e88a80ca2de0ae078a69522b1bb624ade42c72f5c8cb249a976a1cfe130097feda57f6eacef,gx-no-cache=1636472826674 HTTP/1.1" 200 30
190.171.141.98 - - [09/Nov/2021:12:59:02 -0300] "POST /cormun/servlet/solicitudotadjuntos?e578f6e2ea97fe7bc105d307cef75fa4,INS,2021,17777,,1,,gx-no-cache=1636472826695 HTTP/1.1" 200 3903
190.171.141.98 - - [09/Nov/2021:12:59:07 -0300] "POST /cormun/servlet/solicitudotadjuntos?gx-no-cache=1636472831802 HTTP/1.1" 200 26
190.171.141.98 - - [09/Nov/2021:12:59:23 -0300] "GET /cormun/servlet/solicitudotadjuntos?a11e11b2b6eade561a251e88a80ca2de12fba1364473d201f0eba94670c700a8,gx-no-cache=1636472847489 HTTP/1.1" 200 30
190.171.141.98 - - [09/Nov/2021:12:59:23 -0300] "GET /cormun/servlet/solicitudotadjuntos?a11e11b2b6eade561a251e88a80ca2de12fba1364473d201f0eba94670c700a8,gx-no-cache=1636472847505 HTTP/1.1" 200 30
190.171.141.98 - - [09/Nov/2021:12:59:23 -0300] "POST /cormun/servlet/solicitudotadjuntos?e578f6e2ea97fe7bc105d307cef75fa4,INS,2021,17777,,1, HTTP/1.1" 200 116
190.171.141.98 - - [09/Nov/2021:12:59:23 -0300] "GET /cormun/servlet/hpexe_return? HTTP/1.1" 200 1028
190.171.141.98 - - [09/Nov/2021:12:59:23 -0300] "GET /cormun/servlet/trsolicitudadjuntos?2021,17777, HTTP/1.1" 200 9828
190.171.141.98 - - [09/Nov/2021:12:59:24 -0300] "GET /cormun/servlet/trsolicitudadjuntos?2021,17777, HTTP/1.1" 200 9821
205.185.121.173 - - [09/Nov/2021:12:59:29 -0300] "GET /manager/html HTTP/1.1" 401 2474
190.171.143.82 - - [09/Nov/2021:12:59:55 -0300] "GET /cormun/servlet/apermisogoceprn?17204627,P,20211109124118,PU HTTP/1.1" 200 1669
190.171.141.98 - - [09/Nov/2021:13:00:03 -0300] "GET /cormun/servlet/trsolicitudot? HTTP/1.1" 200 8486
190.171.141.98 - - [09/Nov/2021:13:00:04 -0300] "GET /cormun/servlet/trsolicitudot? HTTP/1.1" 200 8479
190.171.141.98 - - [09/Nov/2021:13:00:35 -0300] "POST /cormun/servlet/trsolicitudot?e578f6e2ea97fe7bc105d307cef75fa4,,gx-no-cache=1636472919691 HTTP/1.1" 200 111
190.171.141.98 - - [09/Nov/2021:13:00:35 -0300] "GET /cormun/servlet/solicitudot?UPD,2021,17777,false, HTTP/1.1" 200 16053
190.171.141.98 - - [09/Nov/2021:13:00:36 -0300] "GET /cormun/servlet/solicitudot?UPD,2021,17777,false, HTTP/1.1" 200 16065
190.171.141.98 - - [09/Nov/2021:13:00:36 -0300] "POST /cormun/servlet/solicitudot?gx-no-cache=1636472920713 HTTP/1.1" 200 3833
190.171.141.98 - - [09/Nov/2021:13:00:36 -0300] "POST /cormun/servlet/solicitudot?e578f6e2ea97fe7bc105d307cef75fa4,UPD,2021,17777,false,,gx-no-cache=1636472920833 HTTP/1.1" 200 12437
190.171.141.98 - - [09/Nov/2021:13:00:36 -0300] "GET /cormun/servlet/solicitudot?a11e11b2b6eade561a251e88a80ca2defcd6288e8d28426313e9f26f8f9e763f7c2a165ef417c84d506a7edcfc6fc513,gx-no-cache=1636472920990 HTTP/1.1" 200 30
190.171.141.98 - - [09/Nov/2021:13:00:36 -0300] "GET /cormun/servlet/solicitudot?a11e11b2b6eade561a251e88a80ca2de69ad7373966e472d17a23d48c20eca55df2ece03aef547490286df02512ce700,gx-no-cache=1636472921016 HTTP/1.1" 200 30
190.171.141.98 - - [09/Nov/2021:13:00:36 -0300] "GET /cormun/servlet/solicitudot?a11e11b2b6eade561a251e88a80ca2de6c2b57fd8b519bd5982c5ccd71f0c371,gx-no-cache=1636472921037 HTTP/1.1" 200 29
190.171.141.98 - - [09/Nov/2021:13:00:36 -0300] "POST /cormun/servlet/solicitudot?gx-no-cache=1636472921062 HTTP/1.1" 200 254
190.171.141.98 - - [09/Nov/2021:13:00:36 -0300] "GET /cormun/servlet/solicitudot?a11e11b2b6eade561a251e88a80ca2dece52273d34c80d1a10a43e05de2a550e2d7215721a663e3b559954a08c02e648449e3ca6f65f63308d49d2c1d0415b57942472a4daec38321ebbab11f59516501cf29162c023ca5bbd776619a7c78a4a8ca053d14654b6755a111359b951a83533d7c4fa070c041be971eadae3921e6bce53b1334ca38d0f59e414d76cedaed3bd9397b418251337d5854f83f91b89108325839f1d3e732d8f1fc9dd3e74eee20b08648e164bd57337e278bdce4c3889f4bf7aa003e9b196801083908cc66a7b7c6554c02afe91093e970262283ad581b0b5acd413fec422641d5eacc4f35b308dd2320f966c5697b8174e9bc60863123fdf8c38e90099d1499f010bbee9cbf352deaed992e4f500225109b1d9afd93b1456711140daaecf2048dead398692de4e84f1db3bda12a5892739af6bb7ca520d6adad9f90f6a68df5e9f23a4987b0cb7189947f84ff406d6823c49dae8a511dbd1d245b518e388d90b2731e9062d81d0508589d9f57e7d152a011273f93c80,gx-no-cache=1636472921089 HTTP/1.1" 200 30
190.171.141.98 - - [09/Nov/2021:13:00:36 -0300] "POST /cormun/servlet/solicitudot?gx-no-cache=1636472921112 HTTP/1.1" 200 30
190.171.141.98 - - [09/Nov/2021:13:00:36 -0300] "POST /cormun/servlet/solicitudot?gx-no-cache=1636472921137 HTTP/1.1" 200 1441
190.171.141.98 - - [09/Nov/2021:13:00:36 -0300] "POST /cormun/servlet/solicitudot?gx-no-cache=1636472921168 HTTP/1.1" 200 41
190.171.141.98 - - [09/Nov/2021:13:00:43 -0300] "GET /cormun/servlet/solicitudot?a11e11b2b6eade561a251e88a80ca2dec326e1eb1bbc7da7d75fcf70d70dc9bce6bf66e4eb80758428183d2f99272021963d278dee519aa77eb5b3ab2334805e2be0453ce60ad0b9e9e03590079b1a66d43eec33b1ca2b8848396b18d96fc8991c992d36b3be6b8ba32249e91ab78db7,gx-no-cache=1636472927800 HTTP/1.1" 200 110
190.171.141.98 - - [09/Nov/2021:13:00:43 -0300] "POST /cormun/servlet/solicitudot?gx-no-cache=1636472927825 HTTP/1.1" 200 97
190.171.141.98 - - [09/Nov/2021:13:00:43 -0300] "GET /cormun/servlet/solicitudot?a11e11b2b6eade561a251e88a80ca2decd89e5227e3db0c94ac7ae2ed122cba35e4fdd6e4bf156a101bf8c6ee09038dbe8f9d427429a8465594432b01f6ef5b702bd061170ddec0267e1b6edbfb6004f7af2bf264dca32cda70a19ed17210aa30871e13d086b3e919a6d37bfa2f290bb9d851baed774624c1aa201b251f7fc391f58db5271bf761689167b6233b16b930b33979a4cff606986d5348b63b31a4e,gx-no-cache=1636472927852 HTTP/1.1" 200 29
190.171.141.98 - - [09/Nov/2021:13:00:43 -0300] "GET /cormun/servlet/solicitudot?a11e11b2b6eade561a251e88a80ca2de90e7f0ec4808af0321d2115a56be624eb0fb919815f51f49ab8af433ad6e7f45,gx-no-cache=1636472927873 HTTP/1.1" 200 30
190.171.141.98 - - [09/Nov/2021:13:00:43 -0300] "POST /cormun/servlet/solicitudot?gx-no-cache=1636472927896 HTTP/1.1" 200 30
190.171.141.98 - - [09/Nov/2021:13:00:43 -0300] "POST /cormun/servlet/solicitudot?e578f6e2ea97fe7bc105d307cef75fa4,UPD,2021,17777,false,,gx-no-cache=1636472927920 HTTP/1.1" 200 93
190.171.141.98 - - [09/Nov/2021:13:00:43 -0300] "GET /cormun/servlet/hpexe_return? HTTP/1.1" 200 1016
190.171.141.98 - - [09/Nov/2021:13:00:44 -0300] "GET /cormun/servlet/trsolicitudot HTTP/1.1" 200 8483
190.171.141.98 - - [09/Nov/2021:13:00:44 -0300] "GET /cormun/servlet/trsolicitudot HTTP/1.1" 200 8479
190.171.141.98 - - [09/Nov/2021:13:00:56 -0300] "POST /cormun/servlet/trsolicitudot?e578f6e2ea97fe7bc105d307cef75fa4,gx-no-cache=1636472941083 HTTP/1.1" 200 4551
190.171.141.98 - - [09/Nov/2021:13:00:56 -0300] "GET /cormun/static/Shared/jqueryui/images/ui-bg_highlight-soft_100_c6c2c8_1x100.png HTTP/1.1" 404 1117
190.171.141.98 - - [09/Nov/2021:13:00:56 -0300] "GET /cormun/static/Shared/jqueryui/images/ui-icons_82798d_256x240.png HTTP/1.1" 404 1089
190.171.141.98 - - [09/Nov/2021:13:00:56 -0300] "GET /cormun/static/Shared/jqueryui/images/ui-bg_flat_55_fafafa_40x100.png HTTP/1.1" 404 1097
190.171.141.98 - - [09/Nov/2021:13:00:56 -0300] "GET /cormun/static/Shared/jqueryui/images/ui-icons_8d78a5_256x240.png HTTP/1.1" 404 1089
190.171.141.98 - - [09/Nov/2021:13:00:57 -0300] "POST /cormun/servlet/trsolicitudot?e578f6e2ea97fe7bc105d307cef75fa4,gx-no-cache=1636472941259 HTTP/1.1" 200 4332
205.185.121.173 - - [09/Nov/2021:13:05:52 -0300] "GET /manager/html HTTP/1.1" 401 2474
190.171.143.82 - - [09/Nov/2021:13:06:26 -0300] "GET /cormun/servlet/trlicencias? HTTP/1.1" 200 9849
190.171.143.82 - - [09/Nov/2021:13:06:27 -0300] "GET /cormun/static/gxcfg.js?2020121613995 HTTP/1.1" 200 953
190.171.143.82 - - [09/Nov/2021:13:06:27 -0300] "GET /cormun/static/trlicencias.js?202012162481 HTTP/1.1" 200 41883
190.171.143.82 - - [09/Nov/2021:13:06:31 -0300] "GET /cormun/servlet/trlicencias? HTTP/1.1" 200 9846
190.171.141.90 - - [09/Nov/2021:13:08:48 -0300] "POST /cormun/servlet/trlicencias?e73143264fae1bf9113c11b24a594f06,,gx-no-cache=1636473412686 HTTP/1.1" 440 972
190.171.141.90 - - [09/Nov/2021:13:08:50 -0300] "GET /cormun/servlet/trlicencias? HTTP/1.1" 200 6036
190.171.141.90 - - [09/Nov/2021:13:08:55 -0300] "GET /cormun/servlet/hlogin HTTP/1.1" 200 1740
190.171.141.90 - - [09/Nov/2021:13:08:56 -0300] "GET /cormun/servlet/trlicencias? HTTP/1.1" 200 6036
205.185.121.173 - - [09/Nov/2021:13:12:14 -0300] "GET /manager/html HTTP/1.1" 401 2474
102.219.79.245 - - [09/Nov/2021:13:16:48 -0300] "GET / HTTP/1.1" 200 11217
205.185.121.173 - - [09/Nov/2021:13:18:31 -0300] "GET /manager/html HTTP/1.1" 401 2474
190.171.149.74 - - [09/Nov/2021:13:21:40 -0300] "POST /cormun/servlet/trpermisosgoce?efc09027a2d286ba61b37c075f066d8a,,gx-no-cache=1636477825375 HTTP/1.1" 200 3928
190.171.149.74 - - [09/Nov/2021:13:21:55 -0300] "POST /cormun/servlet/trpermisosgoce?efc09027a2d286ba61b37c075f066d8a,,gx-no-cache=1636477840304 HTTP/1.1" 200 4858
190.171.149.74 - - [09/Nov/2021:13:22:15 -0300] "POST /cormun/servlet/trpermisosgoce?efc09027a2d286ba61b37c075f066d8a,,gx-no-cache=1636477860711 HTTP/1.1" 200 4847
190.171.149.74 - - [09/Nov/2021:13:22:30 -0300] "POST /cormun/servlet/trpermisosgoce?efc09027a2d286ba61b37c075f066d8a,,gx-no-cache=1636477875126 HTTP/1.1" 200 5300
190.171.149.74 - - [09/Nov/2021:13:22:53 -0300] "POST /cormun/servlet/trpermisosgoce?efc09027a2d286ba61b37c075f066d8a,,gx-no-cache=1636477897984 HTTP/1.1" 200 3929
190.171.149.74 - - [09/Nov/2021:13:23:06 -0300] "POST /cormun/servlet/trpermisosgoce?efc09027a2d286ba61b37c075f066d8a,,gx-no-cache=1636477910847 HTTP/1.1" 200 3929
190.171.149.74 - - [09/Nov/2021:13:23:19 -0300] "POST /cormun/servlet/trpermisosgoce?efc09027a2d286ba61b37c075f066d8a,,gx-no-cache=1636477924630 HTTP/1.1" 200 3929
190.171.149.74 - - [09/Nov/2021:13:23:32 -0300] "POST /cormun/servlet/trpermisosgoce?efc09027a2d286ba61b37c075f066d8a,,gx-no-cache=1636477937126 HTTP/1.1" 200 5068
190.171.149.74 - - [09/Nov/2021:13:23:50 -0300] "POST /cormun/servlet/trpermisosgoce?efc09027a2d286ba61b37c075f066d8a,,gx-no-cache=1636477954951 HTTP/1.1" 200 3929
190.171.149.74 - - [09/Nov/2021:13:24:02 -0300] "POST /cormun/servlet/trpermisosgoce?efc09027a2d286ba61b37c075f066d8a,,gx-no-cache=1636477967439 HTTP/1.1" 200 3928
190.171.149.74 - - [09/Nov/2021:13:24:12 -0300] "POST /cormun/servlet/trpermisosgoce?efc09027a2d286ba61b37c075f066d8a,,gx-no-cache=1636477977606 HTTP/1.1" 200 4848
190.171.149.74 - - [09/Nov/2021:13:24:33 -0300] "POST /cormun/servlet/trpermisosgoce?efc09027a2d286ba61b37c075f066d8a,,gx-no-cache=1636477998085 HTTP/1.1" 200 3929
190.171.149.74 - - [09/Nov/2021:13:24:41 -0300] "POST /cormun/servlet/trpermisosgoce?efc09027a2d286ba61b37c075f066d8a,,gx-no-cache=1636478006542 HTTP/1.1" 200 5112
190.171.149.74 - - [09/Nov/2021:13:24:57 -0300] "POST /cormun/servlet/trpermisosgoce?efc09027a2d286ba61b37c075f066d8a,,gx-no-cache=1636478022318 HTTP/1.1" 200 4849
205.185.121.173 - - [09/Nov/2021:13:25:06 -0300] "GET /manager/html HTTP/1.1" 401 2474
190.171.149.74 - - [09/Nov/2021:13:25:13 -0300] "POST /cormun/servlet/trpermisosgoce?efc09027a2d286ba61b37c075f066d8a,,gx-no-cache=1636478038470 HTTP/1.1" 200 4839
190.171.149.74 - - [09/Nov/2021:13:25:29 -0300] "POST /cormun/servlet/trpermisosgoce?efc09027a2d286ba61b37c075f066d8a,,gx-no-cache=1636478054119 HTTP/1.1" 200 3930
190.171.149.74 - - [09/Nov/2021:13:25:41 -0300] "POST /cormun/servlet/trpermisosgoce?efc09027a2d286ba61b37c075f066d8a,,gx-no-cache=1636478066110 HTTP/1.1" 200 3928
190.171.149.74 - - [09/Nov/2021:13:25:51 -0300] "POST /cormun/servlet/trpermisosgoce?efc09027a2d286ba61b37c075f066d8a,,gx-no-cache=1636478075830 HTTP/1.1" 200 5258
190.171.149.74 - - [09/Nov/2021:13:26:12 -0300] "POST /cormun/servlet/trpermisosgoce?efc09027a2d286ba61b37c075f066d8a,,gx-no-cache=1636478097239 HTTP/1.1" 200 3928
190.171.149.74 - - [09/Nov/2021:13:26:22 -0300] "POST /cormun/servlet/trpermisosgoce?efc09027a2d286ba61b37c075f066d8a,,gx-no-cache=1636478107182 HTTP/1.1" 200 3927
190.171.149.74 - - [09/Nov/2021:13:26:32 -0300] "POST /cormun/servlet/trpermisosgoce?efc09027a2d286ba61b37c075f066d8a,,gx-no-cache=1636478117022 HTTP/1.1" 200 5068
190.171.149.74 - - [09/Nov/2021:13:26:47 -0300] "POST /cormun/servlet/trpermisosgoce?efc09027a2d286ba61b37c075f066d8a,,gx-no-cache=1636478132622 HTTP/1.1" 200 3930
190.171.149.74 - - [09/Nov/2021:13:27:00 -0300] "POST /cormun/servlet/trpermisosgoce?efc09027a2d286ba61b37c075f066d8a,,gx-no-cache=1636478145550 HTTP/1.1" 200 3927
190.171.149.74 - - [09/Nov/2021:13:27:10 -0300] "POST /cormun/servlet/trpermisosgoce?efc09027a2d286ba61b37c075f066d8a,,gx-no-cache=1636478155759 HTTP/1.1" 200 3928
190.171.149.74 - - [09/Nov/2021:13:27:22 -0300] "POST /cormun/servlet/trpermisosgoce?efc09027a2d286ba61b37c075f066d8a,,gx-no-cache=1636478167190 HTTP/1.1" 200 4855
190.171.149.74 - - [09/Nov/2021:13:27:40 -0300] "POST /cormun/servlet/trpermisosgoce?efc09027a2d286ba61b37c075f066d8a,,gx-no-cache=1636478185414 HTTP/1.1" 200 3927
190.171.149.74 - - [09/Nov/2021:13:27:49 -0300] "POST /cormun/servlet/trpermisosgoce?efc09027a2d286ba61b37c075f066d8a,,gx-no-cache=1636478194726 HTTP/1.1" 200 5051
190.171.149.74 - - [09/Nov/2021:13:28:06 -0300] "POST /cormun/servlet/trpermisosgoce?efc09027a2d286ba61b37c075f066d8a,,gx-no-cache=1636478211094 HTTP/1.1" 200 3928
190.171.149.74 - - [09/Nov/2021:13:28:15 -0300] "POST /cormun/servlet/trpermisosgoce?efc09027a2d286ba61b37c075f066d8a,,gx-no-cache=1636478220414 HTTP/1.1" 200 3928
190.171.149.74 - - [09/Nov/2021:13:28:17 -0300] "POST /cormun/servlet/trpermisosgoce?efc09027a2d286ba61b37c075f066d8a,,gx-no-cache=1636478221830 HTTP/1.1" 200 3928
190.171.154.42 - - [09/Nov/2021:13:31:43 -0300] "POST /cormun/servlet/trlicencias?65bdb104c444782181f26c5d9a46f3d2,gx-no-cache=1636474785629 HTTP/1.1" 440 972
205.185.121.173 - - [09/Nov/2021:13:31:44 -0300] "GET /manager/html HTTP/1.1" 401 2474
190.171.143.82 - - [09/Nov/2021:13:32:06 -0300] "GET /cormun/servlet/trpermisosgoce? HTTP/1.1" 200 18809
190.171.143.82 - - [09/Nov/2021:13:32:11 -0300] "GET /cormun/servlet/trpermisosgoce? HTTP/1.1" 200 18801
190.171.143.82 - - [09/Nov/2021:13:32:16 -0300] "GET /cormun/static/menuarrow.gif HTTP/1.1" 404 1015
190.171.143.82 - - [09/Nov/2021:13:32:23 -0300] "POST /cormun/servlet/trpermisosgoce?bf2a229b275399002799e4aef922560d,,gx-no-cache=1636474827215 HTTP/1.1" 200 6779
190.171.143.82 - - [09/Nov/2021:13:32:36 -0300] "GET /cormun/servlet/trpermisosadjuntos?13300012,20211102165148,P, HTTP/1.1" 200 6663
190.171.143.82 - - [09/Nov/2021:13:32:39 -0300] "GET /cormun/servlet/trpermisosadjuntos?13300012,20211102165148,P, HTTP/1.1" 200 6664
190.171.143.82 - - [09/Nov/2021:13:32:45 -0300] "GET /cormun/servlet/permisosadjuntos?INS,13300012,P,20211102165148,, HTTP/1.1" 200 5996
190.171.143.82 - - [09/Nov/2021:13:32:46 -0300] "GET /cormun/static/about:blank HTTP/1.1" 404 1011
190.171.143.82 - - [09/Nov/2021:13:32:48 -0300] "GET /cormun/servlet/permisosadjuntos?INS,13300012,P,20211102165148,, HTTP/1.1" 200 5986
190.171.143.82 - - [09/Nov/2021:13:33:10 -0300] "POST /cormun/servlet/permisosadjuntos?bf2a229b275399002799e4aef922560d,INS,13300012,P,20211102165148,, HTTP/1.1" 200 116
190.171.143.82 - - [09/Nov/2021:13:33:10 -0300] "GET /cormun/servlet/hpexe_return? HTTP/1.1" 200 1038
190.171.143.82 - - [09/Nov/2021:13:33:12 -0300] "GET /cormun/servlet/trpermisosadjuntos?13300012,20211102165148,P, HTTP/1.1" 200 7198
190.171.143.82 - - [09/Nov/2021:13:33:15 -0300] "GET /cormun/servlet/trpermisosadjuntos?13300012,20211102165148,P, HTTP/1.1" 200 7193
190.171.143.82 - - [09/Nov/2021:13:33:17 -0300] "POST /cormun/servlet/trpermisosadjuntos?bf2a229b275399002799e4aef922560d,13300012,20211102165148,P,,gx-no-cache=1636474881845 HTTP/1.1" 200 90
190.171.143.82 - - [09/Nov/2021:13:33:17 -0300] "GET /cormun/servlet/hpexe_link HTTP/1.1" 200 986
190.171.143.82 - - [09/Nov/2021:13:33:18 -0300] "GET /cormun/servlet/trpermisosgoce? HTTP/1.1" 200 9685
190.171.143.82 - - [09/Nov/2021:13:33:22 -0300] "GET /cormun/servlet/trpermisosgoce? HTTP/1.1" 200 9684
190.171.143.82 - - [09/Nov/2021:13:33:34 -0300] "POST /cormun/servlet/trpermisosgoce?bf2a229b275399002799e4aef922560d,,gx-no-cache=1636474898712 HTTP/1.1" 200 6777
190.171.143.82 - - [09/Nov/2021:13:33:45 -0300] "POST /cormun/servlet/trpermisosgoce?bf2a229b275399002799e4aef922560d,,gx-no-cache=1636474909705 HTTP/1.1" 200 6817
190.171.143.82 - - [09/Nov/2021:13:33:46 -0300] "GET /cormun/static/Shared/jqueryui/images/ui-bg_highlight-soft_100_c6c2c8_1x100.png HTTP/1.1" 404 1117
190.171.143.82 - - [09/Nov/2021:13:33:46 -0300] "GET /cormun/static/Shared/jqueryui/images/ui-icons_82798d_256x240.png HTTP/1.1" 404 1089
190.171.143.82 - - [09/Nov/2021:13:33:46 -0300] "GET /cormun/static/Shared/jqueryui/images/ui-bg_flat_55_fafafa_40x100.png HTTP/1.1" 404 1097
190.171.143.82 - - [09/Nov/2021:13:33:46 -0300] "GET /cormun/static/Shared/jqueryui/images/ui-icons_8d78a5_256x240.png HTTP/1.1" 404 1089
190.171.143.82 - - [09/Nov/2021:13:33:51 -0300] "GET /cormun/servlet/trautorizarpermisogoce? HTTP/1.1" 200 8031
190.171.143.82 - - [09/Nov/2021:13:33:55 -0300] "GET /cormun/servlet/trautorizarpermisogoce? HTTP/1.1" 200 8031
190.171.143.82 - - [09/Nov/2021:13:34:00 -0300] "POST /cormun/servlet/trautorizarpermisogoce?bf2a229b275399002799e4aef922560d,,gx-no-cache=1636474924778 HTTP/1.1" 200 4519
190.171.143.82 - - [09/Nov/2021:13:34:01 -0300] "GET /cormun/static/Shared/jqueryui/images/ui-bg_highlight-soft_100_c6c2c8_1x100.png HTTP/1.1" 404 1117
190.171.143.82 - - [09/Nov/2021:13:34:01 -0300] "GET /cormun/static/Shared/jqueryui/images/ui-icons_82798d_256x240.png HTTP/1.1" 404 1089
190.171.143.82 - - [09/Nov/2021:13:34:01 -0300] "GET /cormun/static/Shared/jqueryui/images/ui-bg_flat_55_fafafa_40x100.png HTTP/1.1" 404 1097
190.171.143.82 - - [09/Nov/2021:13:34:01 -0300] "GET /cormun/static/Shared/jqueryui/images/ui-icons_8d78a5_256x240.png HTTP/1.1" 404 1089
190.171.143.82 - - [09/Nov/2021:13:34:05 -0300] "GET /cormun/servlet/trpermisosgoce? HTTP/1.1" 200 9695
190.171.143.82 - - [09/Nov/2021:13:34:08 -0300] "GET /cormun/servlet/trpermisosgoce? HTTP/1.1" 200 9694
205.185.121.173 - - [09/Nov/2021:13:38:23 -0300] "GET /manager/html HTTP/1.1" 401 2474
190.171.141.138 - - [09/Nov/2021:13:43:17 -0300] "GET /cormun/servlet/hlogin HTTP/1.1" 200 1725
200.54.100.179 - - [09/Nov/2021:13:44:11 -0300] "GET /cormun/servlet/trvisualizadoreventos? HTTP/1.1" 200 5903
200.54.100.179 - - [09/Nov/2021:13:44:11 -0300] "GET /cormun/static/gxcfg.js?20199142243133 HTTP/1.1" 200 953
200.54.100.179 - - [09/Nov/2021:13:44:11 -0300] "GET /cormun/static/trvisualizadoreventos.js?201991422431650 HTTP/1.1" 200 19318
200.54.100.179 - - [09/Nov/2021:13:44:11 -0300] "GET /cormun/static/Resources/PXToolsActionPrint.png HTTP/1.1" 200 404
200.54.100.179 - - [09/Nov/2021:13:44:12 -0300] "GET /cormun/servlet/hlogin HTTP/1.1" 200 1750
200.54.100.179 - - [09/Nov/2021:13:44:12 -0300] "GET /cormun/servlet/trvisualizadoreventos? HTTP/1.1" 200 5882
205.185.121.173 - - [09/Nov/2021:13:44:52 -0300] "GET /manager/html HTTP/1.1" 401 2474
205.185.121.173 - - [09/Nov/2021:13:51:28 -0300] "GET /manager/html HTTP/1.1" 401 2474
192.168.10.96 - - [09/Nov/2021:13:54:41 -0300] "GET /cormun/servlet/hlogin HTTP/1.1" 200 1730
192.168.10.96 - - [09/Nov/2021:13:54:45 -0300] "POST /cormun/servlet/hlogin?dfb72c6288ec266d453ba6e726855d45,gx-no-cache=1636476029850 HTTP/1.1" 200 90
192.168.10.96 - - [09/Nov/2021:13:54:45 -0300] "GET /cormun/servlet/hpexe_link HTTP/1.1" 200 955
192.168.10.96 - - [09/Nov/2021:13:54:45 -0300] "GET /cormun/servlet/hhome HTTP/1.1" 200 3770
192.168.10.96 - - [09/Nov/2021:13:54:46 -0300] "GET /cormun/servlet/hhome HTTP/1.1" 200 3767
192.168.10.96 - - [09/Nov/2021:13:54:54 -0300] "GET /cormun/servlet/trsolicitudgral? HTTP/1.1" 200 24259
192.168.10.96 - - [09/Nov/2021:13:54:54 -0300] "GET /cormun/servlet/trsolicitudgral? HTTP/1.1" 200 24257
205.185.121.173 - - [09/Nov/2021:13:58:01 -0300] "GET /manager/html HTTP/1.1" 401 2474
205.185.121.173 - - [09/Nov/2021:14:04:32 -0300] "GET /manager/html HTTP/1.1" 401 2474
190.171.141.98 - - [09/Nov/2021:14:05:41 -0300] "GET /cormun/servlet/hlogin HTTP/1.1" 200 1725
190.171.141.98 - - [09/Nov/2021:14:05:42 -0300] "GET /cormun/static/gxtimezone.js?85251 HTTP/1.1" 200 5781
190.171.141.98 - - [09/Nov/2021:14:05:42 -0300] "GET /cormun/static/gxcfg.js?201910216285969 HTTP/1.1" 200 953
190.171.141.98 - - [09/Nov/2021:14:05:42 -0300] "GET /cormun/static/Resources/Spanish/PXTools.css?2294816 HTTP/1.1" 200 100853
190.171.141.98 - - [09/Nov/2021:14:05:42 -0300] "GET /cormun/static/messages.spa.js?85251 HTTP/1.1" 200 30736
190.171.141.98 - - [09/Nov/2021:14:05:42 -0300] "GET /cormun/static/hlogin.js?201910216285995 HTTP/1.1" 200 2136
190.171.141.98 - - [09/Nov/2021:14:05:42 -0300] "GET /cormun/static/Resources/Logo2019_Grande.png HTTP/1.1" 200 31733
190.171.141.98 - - [09/Nov/2021:14:05:43 -0300] "GET /cormun/static/gxgral.js?85251 HTTP/1.1" 200 384558
190.171.141.98 - - [09/Nov/2021:14:05:43 -0300] "GET /cormun/static/Resources/PXToolsLoginBackground.png HTTP/1.1" 200 1164
190.171.141.98 - - [09/Nov/2021:14:05:43 -0300] "GET /cormun/static/Resources/PXToolsLoginTop.png HTTP/1.1" 200 1337
190.171.141.98 - - [09/Nov/2021:14:05:43 -0300] "GET /cormun/static/Resources/PXToolsButtonRight.png HTTP/1.1" 200 1294
190.171.141.98 - - [09/Nov/2021:14:05:43 -0300] "GET /cormun/static/Resources/PXToolsButtonLeft.png HTTP/1.1" 200 1310
190.171.141.98 - - [09/Nov/2021:14:05:43 -0300] "GET /cormun/static/Resources/PXToolsButtonBackground.png HTTP/1.1" 200 1176
190.171.141.98 - - [09/Nov/2021:14:05:43 -0300] "GET /cormun/static/Resources/PXToolsLoginBottom.png HTTP/1.1" 200 1389
190.171.141.98 - - [09/Nov/2021:14:05:43 -0300] "GET /cormun/servlet/hlogin HTTP/1.1" 200 1735
190.171.141.98 - - [09/Nov/2021:14:05:43 -0300] "GET /cormun/static/Resources/indicator.gif HTTP/1.1" 200 1553
190.171.141.98 - - [09/Nov/2021:14:05:50 -0300] "POST /cormun/servlet/hlogin?9a8829fbac5f971ed2f83ef1644332e0,gx-no-cache=1636476833632 HTTP/1.1" 200 90
190.171.141.98 - - [09/Nov/2021:14:05:51 -0300] "GET /cormun/servlet/hpexe_link HTTP/1.1" 200 950
190.171.141.98 - - [09/Nov/2021:14:05:51 -0300] "GET /cormun/static/gxcfg.js?201991422392958 HTTP/1.1" 200 953
190.171.141.98 - - [09/Nov/2021:14:05:51 -0300] "GET /cormun/static/hpexe_link.js?201991422392963 HTTP/1.1" 200 625
190.171.141.98 - - [09/Nov/2021:14:05:51 -0300] "GET /cormun/servlet/hhome HTTP/1.1" 200 4200
190.171.141.98 - - [09/Nov/2021:14:05:52 -0300] "GET /cormun/static/gxcfg.js?20201215495537 HTTP/1.1" 200 953
190.171.141.98 - - [09/Nov/2021:14:05:52 -0300] "GET /cormun/static/PXToolsJavascripts/pexe_cookies.js HTTP/1.1" 200 792
190.171.141.98 - - [09/Nov/2021:14:05:52 -0300] "GET /cormun/static/PXToolsJavascripts/pexe_autoreload.js HTTP/1.1" 200 1762
190.171.141.98 - - [09/Nov/2021:14:05:52 -0300] "GET /cormun/static/PXToolsJavascripts/pexe_grid.js HTTP/1.1" 200 7559
190.171.141.98 - - [09/Nov/2021:14:05:52 -0300] "GET /cormun/static/PXToolsJavascripts/pexe_windows.js HTTP/1.1" 200 15207
190.171.141.98 - - [09/Nov/2021:14:05:52 -0300] "GET /cormun/static/PXToolsJavascripts/pexe_griddivfix.js HTTP/1.1" 200 6644
190.171.141.98 - - [09/Nov/2021:14:05:52 -0300] "GET /cormun/static/PXToolsJavascripts/pexe_link.js HTTP/1.1" 200 5671
190.171.141.98 - - [09/Nov/2021:14:05:52 -0300] "GET /cormun/static/PXToolsJavascripts/pexe_menus.js HTTP/1.1" 200 1286
190.171.141.98 - - [09/Nov/2021:14:05:52 -0300] "GET /cormun/static/PXToolsJavascripts/pexe_oav.js HTTP/1.1" 200 645
190.171.141.98 - - [09/Nov/2021:14:05:52 -0300] "GET /cormun/static/PXToolsJavascripts/pexe_menudivfix.js HTTP/1.1" 200 333
190.171.141.98 - - [09/Nov/2021:14:05:52 -0300] "GET /cormun/static/PXToolsJavascripts/pexe_layers.js HTTP/1.1" 200 4114
190.171.141.98 - - [09/Nov/2021:14:05:52 -0300] "GET /cormun/static/PXToolsJavascripts/pexe_picture.js HTTP/1.1" 200 689
190.171.141.98 - - [09/Nov/2021:14:05:52 -0300] "GET /cormun/static/PXToolsJavascripts/pexe_popup.js HTTP/1.1" 200 13458
190.171.141.98 - - [09/Nov/2021:14:05:52 -0300] "GET /cormun/static/PXToolsJavascripts/pexe_oavdivfix.js HTTP/1.1" 200 639
190.171.141.98 - - [09/Nov/2021:14:05:52 -0300] "GET /cormun/static/PXToolsJavascripts/pexe_tabs.js HTTP/1.1" 200 3748
190.171.141.98 - - [09/Nov/2021:14:05:52 -0300] "GET /cormun/static/PXToolsJavascripts/pexe_tabdivfix.js HTTP/1.1" 200 876
190.171.141.98 - - [09/Nov/2021:14:05:52 -0300] "GET /cormun/static/PXToolsJavascripts/pexe_scrolldiv.js HTTP/1.1" 200 4138
190.171.141.98 - - [09/Nov/2021:14:05:52 -0300] "GET /cormun/static/PXToolsJavascripts/pexe_upload.js HTTP/1.1" 200 1423
190.171.141.98 - - [09/Nov/2021:14:05:52 -0300] "GET /cormun/static/PXToolsJavascripts/PXToolsJavascriptsRender.js HTTP/1.1" 200 367
190.171.141.98 - - [09/Nov/2021:14:05:52 -0300] "GET /cormun/static/RunJS/RunJS.js HTTP/1.1" 200 288
190.171.141.98 - - [09/Nov/2021:14:05:52 -0300] "GET /cormun/static/hwchdr01.js?20201214473739 HTTP/1.1" 200 996
190.171.141.98 - - [09/Nov/2021:14:05:52 -0300] "GET /cormun/static/hhome.js?20201215495544 HTTP/1.1" 200 777
190.171.141.98 - - [09/Nov/2021:14:05:52 -0300] "GET /cormun/static/Shared/ext/locale/ext-lang-en.js HTTP/1.1" 200 10940
190.171.141.98 - - [09/Nov/2021:14:05:52 -0300] "GET /cormun/static/gxui/gxui-all.js HTTP/1.1" 200 107772
190.171.141.98 - - [09/Nov/2021:14:05:52 -0300] "GET /cormun/static/hpexe_recentlink.js?20201214471090 HTTP/1.1" 200 2144
190.171.141.98 - - [09/Nov/2021:14:05:52 -0300] "GET /cormun/static/hpexe_scripts.js?20201214471411 HTTP/1.1" 200 1544
190.171.141.98 - - [09/Nov/2021:14:05:52 -0300] "GET /cormun/static/hpexe_messagecontroller.js?201991422154126 HTTP/1.1" 200 870
190.171.141.98 - - [09/Nov/2021:14:05:52 -0300] "GET /cormun/static/Resources/PXToolsDataTitle.png HTTP/1.1" 200 1173
190.171.141.98 - - [09/Nov/2021:14:05:52 -0300] "GET /cormun/static/Resources/Logo2019_Small.png HTTP/1.1" 200 10855
190.171.141.98 - - [09/Nov/2021:14:05:52 -0300] "GET /cormun/static/Resources/ImgHome.png HTTP/1.1" 200 1364
190.171.141.98 - - [09/Nov/2021:14:05:52 -0300] "GET /cormun/static/Resources/ImgLogin.png HTTP/1.1" 200 1432
190.171.141.98 - - [09/Nov/2021:14:05:52 -0300] "GET /cormun/static/Resources/Llave.png HTTP/1.1" 200 1395
190.171.141.98 - - [09/Nov/2021:14:05:52 -0300] "GET /cormun/static/hpexe_messagepopupcomponent.js?2020121447232 HTTP/1.1" 200 605
190.171.141.98 - - [09/Nov/2021:14:05:52 -0300] "GET /cormun/static/hpexe_messagegenexuscomponent.js?2020121447173 HTTP/1.1" 200 587
190.171.141.98 - - [09/Nov/2021:14:05:52 -0300] "GET /cormun/static/cmcontrolpreferences.js?20199141926336 HTTP/1.1" 200 1375
190.171.141.98 - - [09/Nov/2021:14:05:52 -0300] "GET /cormun/static/SmoothNavMenu/resources/ddsmoothmenu.js HTTP/1.1" 200 12712
190.171.141.98 - - [09/Nov/2021:14:05:52 -0300] "GET /cormun/static/Shared/jquery/jquery-1.4.2.min.js HTTP/1.1" 200 72174
190.171.141.98 - - [09/Nov/2021:14:05:52 -0300] "GET /cormun/static/SmoothNavMenu/resources/SmoothNavMenuRender.js HTTP/1.1" 200 5951
190.171.141.98 - - [09/Nov/2021:14:05:52 -0300] "GET /cormun/static/scaMessage/js/jquery.pnotify.min.js HTTP/1.1" 200 13038
190.171.141.98 - - [09/Nov/2021:14:05:52 -0300] "GET /cormun/static/scaMessage/scaMessageRender.js HTTP/1.1" 200 11977
190.171.141.98 - - [09/Nov/2021:14:05:52 -0300] "GET /cormun/static/hmpwkw03.js?20201215501896 HTTP/1.1" 200 3973
190.171.141.98 - - [09/Nov/2021:14:05:52 -0300] "GET /cormun/static/Shared/jqueryui/jquery-ui.min.js HTTP/1.1" 200 240427
190.171.141.98 - - [09/Nov/2021:14:05:52 -0300] "GET /cormun/static/Shared/jquery/jquery-1.10.2.min.js HTTP/1.1" 200 273199
190.171.141.98 - - [09/Nov/2021:14:05:53 -0300] "GET /cormun/static/Shared/ext/ext-all.js HTTP/1.1" 200 1289687
190.171.141.98 - - [09/Nov/2021:14:05:53 -0300] "GET /cormun/servlet/hhome HTTP/1.1" 200 4196
190.171.141.98 - - [09/Nov/2021:14:05:53 -0300] "GET /cormun/static/SmoothNavMenu/resources/images/down.gif HTTP/1.1" 200 854
190.171.141.98 - - [09/Nov/2021:14:05:53 -0300] "GET /cormun/static/SmoothNavMenu/resources/images/right.gif HTTP/1.1" 200 860
190.171.141.138 - - [09/Nov/2021:14:06:43 -0300] "GET /cormun/servlet/hlogin HTTP/1.1" 200 1726
190.171.141.138 - - [09/Nov/2021:14:06:43 -0300] "GET /cormun/static/gxtimezone.js?85251 HTTP/1.1" 200 5781
190.171.141.138 - - [09/Nov/2021:14:06:43 -0300] "GET /cormun/static/gxcfg.js?201910216285969 HTTP/1.1" 200 953
190.171.141.138 - - [09/Nov/2021:14:06:43 -0300] "GET /cormun/static/Resources/Spanish/PXTools.css?2294816 HTTP/1.1" 200 100853
190.171.141.138 - - [09/Nov/2021:14:06:43 -0300] "GET /cormun/static/messages.spa.js?85251 HTTP/1.1" 200 30736
190.171.141.138 - - [09/Nov/2021:14:06:43 -0300] "GET /cormun/static/hlogin.js?201910216285995 HTTP/1.1" 200 2136
190.171.141.138 - - [09/Nov/2021:14:06:43 -0300] "GET /cormun/static/Resources/Logo2019_Grande.png HTTP/1.1" 200 31733
190.171.141.138 - - [09/Nov/2021:14:06:43 -0300] "GET /cormun/static/gxgral.js?85251 HTTP/1.1" 200 384558
190.171.141.138 - - [09/Nov/2021:14:06:43 -0300] "GET /cormun/static/Resources/PXToolsLoginTop.png HTTP/1.1" 200 1337
190.171.141.138 - - [09/Nov/2021:14:06:43 -0300] "GET /cormun/static/Resources/PXToolsLoginBackground.png HTTP/1.1" 200 1164
190.171.141.138 - - [09/Nov/2021:14:06:43 -0300] "GET /cormun/static/Resources/PXToolsButtonRight.png HTTP/1.1" 200 1294
190.171.141.138 - - [09/Nov/2021:14:06:43 -0300] "GET /cormun/static/Resources/PXToolsButtonLeft.png HTTP/1.1" 200 1310
190.171.141.138 - - [09/Nov/2021:14:06:43 -0300] "GET /cormun/static/Resources/PXToolsLoginBottom.png HTTP/1.1" 200 1389
190.171.141.138 - - [09/Nov/2021:14:06:43 -0300] "GET /cormun/static/Resources/PXToolsButtonBackground.png HTTP/1.1" 200 1176
190.171.141.138 - - [09/Nov/2021:14:06:43 -0300] "GET /cormun/static/Resources/indicator.gif HTTP/1.1" 200 1553
190.171.141.138 - - [09/Nov/2021:14:06:43 -0300] "GET /cormun/servlet/hlogin HTTP/1.1" 200 1736
190.171.141.138 - - [09/Nov/2021:14:06:43 -0300] "GET /favicon.ico HTTP/1.1" 200 21630
190.171.141.138 - - [09/Nov/2021:14:06:47 -0300] "POST /cormun/servlet/hlogin?421535468b60220a948a5bf56b65956d,gx-no-cache=1636476891819 HTTP/1.1" 200 90
190.171.141.138 - - [09/Nov/2021:14:06:47 -0300] "GET /cormun/servlet/hpexe_link HTTP/1.1" 200 951
190.171.141.138 - - [09/Nov/2021:14:06:47 -0300] "GET /cormun/static/gxcfg.js?201991422392958 HTTP/1.1" 200 953
190.171.141.138 - - [09/Nov/2021:14:06:47 -0300] "GET /cormun/static/hpexe_link.js?201991422392963 HTTP/1.1" 200 625
190.171.141.138 - - [09/Nov/2021:14:06:47 -0300] "GET /cormun/servlet/hhome HTTP/1.1" 200 4467
190.171.141.138 - - [09/Nov/2021:14:06:47 -0300] "GET /cormun/static/SmoothNavMenu/resources/ddsmoothmenu.css?1112540 HTTP/1.1" 200 2223
190.171.141.138 - - [09/Nov/2021:14:06:47 -0300] "GET /cormun/static/Shared/jqueryui/jquery-ui.min.css?1345370 HTTP/1.1" 200 30288
190.171.141.138 - - [09/Nov/2021:14:06:47 -0300] "GET /cormun/static/Resources/Spanish/PXTools.css?14345360 HTTP/1.1" 200 100853
190.171.141.138 - - [09/Nov/2021:14:06:47 -0300] "GET /cormun/static/SmoothNavMenu/resources/ddsmoothmenu-v.css?1112540 HTTP/1.1" 200 1188
190.171.141.138 - - [09/Nov/2021:14:06:47 -0300] "GET /cormun/static/gxcfg.js?20201215495537 HTTP/1.1" 200 953
190.171.141.138 - - [09/Nov/2021:14:06:47 -0300] "GET /cormun/static/PXToolsJavascripts/pexe_autoreload.js HTTP/1.1" 200 1762
190.171.141.138 - - [09/Nov/2021:14:06:47 -0300] "GET /cormun/static/scaMessage/css/jquery.pnotify.default.css?1816380 HTTP/1.1" 200 1707
190.171.141.138 - - [09/Nov/2021:14:06:47 -0300] "GET /cormun/static/PXToolsJavascripts/pexe_cookies.js HTTP/1.1" 200 792
190.171.141.138 - - [09/Nov/2021:14:06:47 -0300] "GET /cormun/static/PXToolsJavascripts/pexe_windows.js HTTP/1.1" 200 15207
190.171.141.138 - - [09/Nov/2021:14:06:47 -0300] "GET /cormun/static/PXToolsJavascripts/pexe_link.js HTTP/1.1" 200 5671
190.171.141.138 - - [09/Nov/2021:14:06:47 -0300] "GET /cormun/static/PXToolsJavascripts/pexe_griddivfix.js HTTP/1.1" 200 6644
190.171.141.138 - - [09/Nov/2021:14:06:47 -0300] "GET /cormun/static/PXToolsJavascripts/pexe_grid.js HTTP/1.1" 200 7559
190.171.141.138 - - [09/Nov/2021:14:06:47 -0300] "GET /cormun/static/PXToolsJavascripts/pexe_menudivfix.js HTTP/1.1" 200 333
190.171.141.138 - - [09/Nov/2021:14:06:47 -0300] "GET /cormun/static/PXToolsJavascripts/pexe_menus.js HTTP/1.1" 200 1286
190.171.141.138 - - [09/Nov/2021:14:06:47 -0300] "GET /cormun/static/PXToolsJavascripts/pexe_oav.js HTTP/1.1" 200 645
190.171.141.138 - - [09/Nov/2021:14:06:47 -0300] "GET /cormun/static/PXToolsJavascripts/pexe_oavdivfix.js HTTP/1.1" 200 639
190.171.141.138 - - [09/Nov/2021:14:06:47 -0300] "GET /cormun/static/PXToolsJavascripts/pexe_picture.js HTTP/1.1" 200 689
190.171.141.138 - - [09/Nov/2021:14:06:47 -0300] "GET /cormun/static/PXToolsJavascripts/pexe_layers.js HTTP/1.1" 200 4114
