190.171.141.90 - - [09/Nov/2021:11:24:58 -0300] "GET /cormun/static/Shared/jqueryui/images/ui-icons_82798d_256x240.png HTTP/1.1" 404 1089
190.171.141.90 - - [09/Nov/2021:11:24:58 -0300] "GET /cormun/static/Shared/jqueryui/images/ui-icons_8d78a5_256x240.png HTTP/1.1" 404 1089
190.171.141.90 - - [09/Nov/2021:11:24:58 -0300] "GET /cormun/static/Shared/jqueryui/images/ui-bg_flat_55_fafafa_40x100.png HTTP/1.1" 404 1097
190.171.141.90 - - [09/Nov/2021:11:24:59 -0300] "POST /cormun/servlet/trsolicitudot?6774244760a9ce9845d202f6e852a045,gx-no-cache=1636467183310 HTTP/1.1" 200 4325
190.171.141.138 - - [09/Nov/2021:11:25:03 -0300] "POST /cormun/servlet/trcontratosolicitud?b66fdc3b15f4a35b1949cbe01b003c6d,,gx-no-cache=1636467188002 HTTP/1.1" 200 5373
190.171.141.138 - - [09/Nov/2021:11:25:06 -0300] "POST /cormun/servlet/trcontratosolicitud?b66fdc3b15f4a35b1949cbe01b003c6d,,gx-no-cache=1636467191682 HTTP/1.1" 200 12603
190.171.141.90 - - [09/Nov/2021:11:25:14 -0300] "POST /cormun/servlet/trsolicitudot?6774244760a9ce9845d202f6e852a045,gx-no-cache=1636467199121 HTTP/1.1" 200 90
190.171.141.90 - - [09/Nov/2021:11:25:14 -0300] "GET /cormun/servlet/hpexe_link HTTP/1.1" 200 957
190.171.141.90 - - [09/Nov/2021:11:25:15 -0300] "GET /cormun/servlet/hhome HTTP/1.1" 200 3970
190.171.141.90 - - [09/Nov/2021:11:25:15 -0300] "GET /cormun/servlet/hhome HTTP/1.1" 200 3967
205.185.121.173 - - [09/Nov/2021:11:25:17 -0300] "GET /manager/html HTTP/1.1" 401 2474
190.171.141.90 - - [09/Nov/2021:11:25:22 -0300] "GET /cormun/servlet/trsolicitudot HTTP/1.1" 200 7196
190.171.141.90 - - [09/Nov/2021:11:25:22 -0300] "GET /cormun/servlet/trsolicitudot HTTP/1.1" 200 7194
190.171.141.90 - - [09/Nov/2021:11:25:27 -0300] "POST /cormun/servlet/trsolicitudot?6774244760a9ce9845d202f6e852a045,gx-no-cache=1636467211611 HTTP/1.1" 200 4344
190.171.141.90 - - [09/Nov/2021:11:25:43 -0300] "GET /cormun/servlet/trsolicitudot? HTTP/1.1" 200 7194
190.171.141.138 - - [09/Nov/2021:11:25:43 -0300] "POST /cormun/servlet/trcontratosolicitud?b66fdc3b15f4a35b1949cbe01b003c6d,,gx-no-cache=1636467227929 HTTP/1.1" 200 12534
190.171.141.90 - - [09/Nov/2021:11:25:43 -0300] "GET /cormun/servlet/trsolicitudot? HTTP/1.1" 200 7194
190.171.141.90 - - [09/Nov/2021:11:26:00 -0300] "POST /cormun/servlet/trsolicitudot?6774244760a9ce9845d202f6e852a045,,gx-no-cache=1636467244753 HTTP/1.1" 200 4344
190.171.141.138 - - [09/Nov/2021:11:26:08 -0300] "POST /cormun/servlet/trcontratosolicitud?b66fdc3b15f4a35b1949cbe01b003c6d,,gx-no-cache=1636467253433 HTTP/1.1" 200 12582
190.171.141.90 - - [09/Nov/2021:11:26:09 -0300] "GET /cormun/servlet/trvisualizadoreventos? HTTP/1.1" 200 6714
190.171.141.90 - - [09/Nov/2021:11:26:09 -0300] "GET /cormun/servlet/trvisualizadoreventos? HTTP/1.1" 200 6714
190.171.141.138 - - [09/Nov/2021:11:28:30 -0300] "GET /cormun/servlet/trlicencias? HTTP/1.1" 200 12627
190.171.141.138 - - [09/Nov/2021:11:28:33 -0300] "GET /cormun/servlet/trlicencias? HTTP/1.1" 200 12619
181.212.43.89 - - [09/Nov/2021:11:29:07 -0300] "GET /cormun/servlet/hlogin HTTP/1.1" 200 1729
190.171.149.90 - - [09/Nov/2021:11:29:18 -0300] "POST /cormun/servlet/solicitudot?30563fb238ea53d06a3352fef4435004,INS,0,0,false,,gx-no-cache=1636467443906 HTTP/1.1" 200 93
190.171.149.90 - - [09/Nov/2021:11:29:18 -0300] "GET /cormun/servlet/hpexe_return? HTTP/1.1" 200 1011
190.171.149.90 - - [09/Nov/2021:11:29:18 -0300] "GET /cormun/servlet/trsolicitudot HTTP/1.1" 200 7170
190.171.149.90 - - [09/Nov/2021:11:29:19 -0300] "GET /cormun/servlet/trsolicitudot HTTP/1.1" 200 7166
181.212.43.89 - - [09/Nov/2021:11:29:29 -0300] "POST /cormun/servlet/hlogin?94a075984cfe87e0e8f0df9dbf7ed2ff,gx-no-cache=1636467453614 HTTP/1.1" 200 90
181.212.43.89 - - [09/Nov/2021:11:29:29 -0300] "GET /cormun/servlet/hpexe_link HTTP/1.1" 200 957
181.212.43.89 - - [09/Nov/2021:11:29:29 -0300] "GET /cormun/servlet/trlicencias HTTP/1.1" 200 12991
181.212.43.89 - - [09/Nov/2021:11:29:30 -0300] "GET /cormun/servlet/trlicencias HTTP/1.1" 200 12990
181.212.43.89 - - [09/Nov/2021:11:29:33 -0300] "GET /cormun/servlet/trlicencias? HTTP/1.1" 200 13013
181.212.43.89 - - [09/Nov/2021:11:29:34 -0300] "GET /cormun/servlet/trlicencias? HTTP/1.1" 200 13000
181.212.43.89 - - [09/Nov/2021:11:29:43 -0300] "GET /cormun/static/menuarrow.gif HTTP/1.1" 404 1015
190.171.141.90 - - [09/Nov/2021:11:30:50 -0300] "POST /cormun/servlet/trvisualizadoreventos?6774244760a9ce9845d202f6e852a045,,gx-no-cache=1636467534225 HTTP/1.1" 200 4366
181.212.43.89 - - [09/Nov/2021:11:30:55 -0300] "POST /cormun/servlet/trlicencias?94a075984cfe87e0e8f0df9dbf7ed2ff,,gx-no-cache=1636467540093 HTTP/1.1" 200 6876
181.212.43.89 - - [09/Nov/2021:11:31:24 -0300] "GET /cormun/servlet/trlicencias? HTTP/1.1" 200 6043
181.212.43.89 - - [09/Nov/2021:11:31:25 -0300] "GET /cormun/servlet/hlogin HTTP/1.1" 200 1741
181.212.43.89 - - [09/Nov/2021:11:31:25 -0300] "GET /cormun/servlet/trlicencias? HTTP/1.1" 200 6037
181.212.43.89 - - [09/Nov/2021:11:31:25 -0300] "GET /cormun/servlet/trlicencias? HTTP/1.1" 200 6037
181.212.43.89 - - [09/Nov/2021:11:31:32 -0300] "POST /cormun/servlet/hlogin?ecf667dbb798cb3ed22e59e49c772825,gx-no-cache=1636467577842 HTTP/1.1" 200 90
181.212.43.89 - - [09/Nov/2021:11:31:32 -0300] "GET /cormun/servlet/hpexe_link HTTP/1.1" 200 954
181.212.43.89 - - [09/Nov/2021:11:31:32 -0300] "GET /cormun/servlet/trlicencias HTTP/1.1" 200 13028
181.212.43.89 - - [09/Nov/2021:11:31:33 -0300] "GET /cormun/servlet/trlicencias HTTP/1.1" 200 13025
181.212.43.89 - - [09/Nov/2021:11:31:36 -0300] "GET /cormun/servlet/trlicencias HTTP/1.1" 200 13041
181.212.43.89 - - [09/Nov/2021:11:31:36 -0300] "GET /cormun/servlet/trlicencias HTTP/1.1" 200 13030
181.212.43.89 - - [09/Nov/2021:11:31:43 -0300] "GET /cormun/static/menuarrow.gif HTTP/1.1" 404 1015
181.212.43.89 - - [09/Nov/2021:11:32:12 -0300] "POST /cormun/servlet/trlicencias?ecf667dbb798cb3ed22e59e49c772825,gx-no-cache=1636467617492 HTTP/1.1" 200 18046
205.185.121.173 - - [09/Nov/2021:11:32:17 -0300] "GET /manager/html HTTP/1.1" 401 2474
200.54.100.179 - - [09/Nov/2021:11:33:08 -0300] "POST /cormun/servlet/solicitudotadjuntos?gx-no-cache=1636467673649 HTTP/1.1" 440 972
200.54.100.179 - - [09/Nov/2021:11:33:13 -0300] "GET /cormun/servlet/solicitudotadjuntos?INS,2021,17771,,2, HTTP/1.1" 200 5205
200.54.100.179 - - [09/Nov/2021:11:33:13 -0300] "GET /cormun/static/about:blank HTTP/1.1" 404 1011
200.54.100.179 - - [09/Nov/2021:11:33:13 -0300] "GET /cormun/servlet/hlogin HTTP/1.1" 200 1758
200.54.100.179 - - [09/Nov/2021:11:33:13 -0300] "GET /cormun/servlet/solicitudotadjuntos?INS,2021,17771,,2, HTTP/1.1" 200 5205
200.54.100.179 - - [09/Nov/2021:11:33:20 -0300] "POST /cormun/servlet/hlogin?de427881f6acb0b580bed953580523ef,gx-no-cache=1636467685229 HTTP/1.1" 200 90
200.54.100.179 - - [09/Nov/2021:11:33:20 -0300] "GET /cormun/servlet/hpexe_link HTTP/1.1" 200 973
200.54.100.179 - - [09/Nov/2021:11:33:20 -0300] "GET /cormun/servlet/solicitudotadjuntos?INS,2021,17771,,2, HTTP/1.1" 200 6173
200.54.100.179 - - [09/Nov/2021:11:33:20 -0300] "GET /cormun/static/about:blank HTTP/1.1" 404 1011
200.54.100.179 - - [09/Nov/2021:11:33:21 -0300] "GET /cormun/servlet/solicitudotadjuntos?INS,2021,17771,,2, HTTP/1.1" 200 6171
200.54.100.179 - - [09/Nov/2021:11:33:21 -0300] "GET /cormun/servlet/solicitudotadjuntos?a5fc8aba10b8f8517a05e6ba7e3627d3c5791b598173726ed43e597fb027fc34b32f2509c95bfcdfe90ad2cc1a54f822,gx-no-cache=1636467686365 HTTP/1.1" 200 30
200.54.100.179 - - [09/Nov/2021:11:33:22 -0300] "POST /cormun/servlet/solicitudotadjuntos?de427881f6acb0b580bed953580523ef,INS,2021,17771,,2,,gx-no-cache=1636467686393 HTTP/1.1" 200 4088
200.54.100.179 - - [09/Nov/2021:11:33:26 -0300] "POST /cormun/servlet/solicitudotadjuntos?gx-no-cache=1636467690912 HTTP/1.1" 200 26
200.54.100.179 - - [09/Nov/2021:11:33:36 -0300] "GET /cormun/servlet/solicitudotadjuntos?a5fc8aba10b8f8517a05e6ba7e3627d36a22b48e3d1245f81c20d3897e11e46c,gx-no-cache=1636467701244 HTTP/1.1" 200 30
200.54.100.179 - - [09/Nov/2021:11:33:36 -0300] "GET /cormun/servlet/solicitudotadjuntos?a5fc8aba10b8f8517a05e6ba7e3627d36a22b48e3d1245f81c20d3897e11e46c,gx-no-cache=1636467701258 HTTP/1.1" 200 30
200.54.100.179 - - [09/Nov/2021:11:33:36 -0300] "POST /cormun/servlet/solicitudotadjuntos?de427881f6acb0b580bed953580523ef,INS,2021,17771,,2, HTTP/1.1" 200 116
200.54.100.179 - - [09/Nov/2021:11:33:36 -0300] "GET /cormun/servlet/hpexe_return? HTTP/1.1" 200 1016
200.54.100.179 - - [09/Nov/2021:11:33:36 -0300] "GET /cormun/static/gxcfg.js?201991422392976 HTTP/1.1" 200 953
200.54.100.179 - - [09/Nov/2021:11:33:36 -0300] "GET /cormun/static/hpexe_return.js?201991422392984 HTTP/1.1" 200 1633
200.54.100.179 - - [09/Nov/2021:11:33:37 -0300] "GET /cormun/servlet/hhome HTTP/1.1" 200 4300
200.54.100.179 - - [09/Nov/2021:11:33:37 -0300] "GET /cormun/servlet/hhome HTTP/1.1" 200 4295
181.212.43.89 - - [09/Nov/2021:11:33:51 -0300] "POST /cormun/servlet/trlicencias?ecf667dbb798cb3ed22e59e49c772825,gx-no-cache=1636467716122 HTTP/1.1" 200 101
181.212.43.89 - - [09/Nov/2021:11:33:51 -0300] "GET /cormun/Licencias-8187.xls HTTP/1.1" 200 46592
200.54.100.179 - - [09/Nov/2021:11:34:03 -0300] "GET /cormun/servlet/trsolicitudot? HTTP/1.1" 200 8933
200.54.100.179 - - [09/Nov/2021:11:34:04 -0300] "GET /cormun//static/Resources/PXToolsActionView.png HTTP/1.1" 200 398
200.54.100.179 - - [09/Nov/2021:11:34:04 -0300] "GET /cormun//static/Resources/PXToolsGridUpdate.png HTTP/1.1" 200 470
200.54.100.179 - - [09/Nov/2021:11:34:04 -0300] "GET /cormun//static/Resources/PXToolsRemoveAllAction.png HTTP/1.1" 200 487
200.54.100.179 - - [09/Nov/2021:11:34:04 -0300] "GET /cormun//static/Resources/PXToolsGridDelete.png HTTP/1.1" 200 538
200.54.100.179 - - [09/Nov/2021:11:34:04 -0300] "GET /cormun/servlet/trsolicitudot? HTTP/1.1" 200 8929
200.54.100.179 - - [09/Nov/2021:11:34:10 -0300] "POST /cormun/servlet/trsolicitudot?de427881f6acb0b580bed953580523ef,,gx-no-cache=1636467735322 HTTP/1.1" 200 106
200.54.100.179 - - [09/Nov/2021:11:34:10 -0300] "GET /cormun/servlet/trsolicitudadjuntos?2021,17771, HTTP/1.1" 200 9213
200.54.100.179 - - [09/Nov/2021:11:34:10 -0300] "GET /cormun/static/gxcfg.js?20201215574222 HTTP/1.1" 200 953
200.54.100.179 - - [09/Nov/2021:11:34:10 -0300] "GET /cormun/static/Resources/PXToolsGridNew.png HTTP/1.1" 200 427
200.54.100.179 - - [09/Nov/2021:11:34:10 -0300] "GET /cormun/static/trsolicitudadjuntos.js?20201215574932 HTTP/1.1" 200 17922
200.54.100.179 - - [09/Nov/2021:11:34:11 -0300] "GET /cormun/servlet/trsolicitudadjuntos?2021,17771, HTTP/1.1" 200 9214
200.54.100.179 - - [09/Nov/2021:11:34:19 -0300] "GET /cormun/servlet/solicitudotadjuntos?INS,2021,17771,,2, HTTP/1.1" 200 6344
200.54.100.179 - - [09/Nov/2021:11:34:19 -0300] "GET /cormun/static/gxcfg.js?202012157947 HTTP/1.1" 200 953
200.54.100.179 - - [09/Nov/2021:11:34:19 -0300] "GET /cormun/static/solicitudotadjuntos.js?202012157966 HTTP/1.1" 200 11771
200.54.100.179 - - [09/Nov/2021:11:34:19 -0300] "GET /cormun/static/about:blank HTTP/1.1" 404 1011
200.54.100.179 - - [09/Nov/2021:11:34:20 -0300] "GET /cormun/servlet/solicitudotadjuntos?INS,2021,17771,,2, HTTP/1.1" 200 6337
200.54.100.179 - - [09/Nov/2021:11:34:20 -0300] "GET /cormun/servlet/solicitudotadjuntos?a5fc8aba10b8f8517a05e6ba7e3627d3c5791b598173726ed43e597fb027fc34b32f2509c95bfcdfe90ad2cc1a54f822,gx-no-cache=1636467745242 HTTP/1.1" 200 30
200.54.100.179 - - [09/Nov/2021:11:34:20 -0300] "POST /cormun/servlet/solicitudotadjuntos?de427881f6acb0b580bed953580523ef,INS,2021,17771,,2,,gx-no-cache=1636467745271 HTTP/1.1" 200 4356
200.54.100.179 - - [09/Nov/2021:11:34:52 -0300] "POST /cormun/servlet/solicitudotadjuntos?gx-no-cache=1636467777148 HTTP/1.1" 200 26
190.171.142.10 - - [09/Nov/2021:11:36:48 -0300] "GET /cormun/servlet/hlogin HTTP/1.1" 200 1727
190.171.142.10 - - [09/Nov/2021:11:36:49 -0300] "GET /cormun/static/gxtimezone.js?85251 HTTP/1.1" 200 5781
190.171.142.10 - - [09/Nov/2021:11:36:49 -0300] "GET /cormun/static/Resources/Spanish/PXTools.css?2294816 HTTP/1.1" 200 100853
190.171.142.10 - - [09/Nov/2021:11:36:49 -0300] "GET /cormun/static/gxcfg.js?201910216285969 HTTP/1.1" 200 953
190.171.142.10 - - [09/Nov/2021:11:36:49 -0300] "GET /cormun/static/messages.spa.js?85251 HTTP/1.1" 200 30736
190.171.142.10 - - [09/Nov/2021:11:36:49 -0300] "GET /cormun/static/gxgral.js?85251 HTTP/1.1" 200 384558
190.171.142.10 - - [09/Nov/2021:11:36:50 -0300] "GET /cormun/static/hlogin.js?201910216285995 HTTP/1.1" 200 2136
190.171.142.10 - - [09/Nov/2021:11:36:50 -0300] "GET /cormun/static/Resources/Logo2019_Grande.png HTTP/1.1" 200 31733
190.171.142.10 - - [09/Nov/2021:11:36:50 -0300] "GET /cormun/static/Resources/PXToolsLoginTop.png HTTP/1.1" 200 1337
190.171.142.10 - - [09/Nov/2021:11:36:50 -0300] "GET /cormun/static/Resources/PXToolsLoginBackground.png HTTP/1.1" 200 1164
190.171.142.10 - - [09/Nov/2021:11:36:50 -0300] "GET /cormun/static/Resources/PXToolsButtonLeft.png HTTP/1.1" 200 1310
190.171.142.10 - - [09/Nov/2021:11:36:50 -0300] "GET /cormun/static/Resources/PXToolsButtonRight.png HTTP/1.1" 200 1294
190.171.142.10 - - [09/Nov/2021:11:36:50 -0300] "GET /cormun/static/Resources/PXToolsLoginBottom.png HTTP/1.1" 200 1389
190.171.142.10 - - [09/Nov/2021:11:36:50 -0300] "GET /cormun/static/Resources/PXToolsButtonBackground.png HTTP/1.1" 200 1176
190.171.142.10 - - [09/Nov/2021:11:36:50 -0300] "GET /cormun/servlet/hlogin HTTP/1.1" 200 1737
190.171.142.10 - - [09/Nov/2021:11:36:50 -0300] "GET /cormun/static/Resources/indicator.gif HTTP/1.1" 200 1553
190.171.142.10 - - [09/Nov/2021:11:36:50 -0300] "GET /cormun/static/Resources/PXToolsButtonRight.png HTTP/1.1" 200 1294
190.171.142.10 - - [09/Nov/2021:11:36:50 -0300] "GET /cormun/static/Resources/PXToolsButtonBackground.png HTTP/1.1" 200 1176
190.171.142.10 - - [09/Nov/2021:11:36:50 -0300] "GET /cormun/static/Resources/PXToolsLoginBottom.png HTTP/1.1" 200 1389
190.171.142.10 - - [09/Nov/2021:11:36:50 -0300] "GET /cormun/static/Resources/indicator.gif HTTP/1.1" 200 1553
190.171.142.10 - - [09/Nov/2021:11:36:50 -0300] "GET /favicon.ico HTTP/1.1" 200 21630
190.171.142.10 - - [09/Nov/2021:11:37:04 -0300] "POST /cormun/servlet/hlogin?9a2402065ef0d47deadb2bcf4632792e,gx-no-cache=1636467908769 HTTP/1.1" 200 439
190.171.142.10 - - [09/Nov/2021:11:37:39 -0300] "POST /cormun/servlet/hlogin?9a2402065ef0d47deadb2bcf4632792e,gx-no-cache=1636467944102 HTTP/1.1" 200 440
190.171.142.10 - - [09/Nov/2021:11:37:50 -0300] "POST /cormun/servlet/hlogin?9a2402065ef0d47deadb2bcf4632792e,gx-no-cache=1636467954526 HTTP/1.1" 200 440
190.171.142.10 - - [09/Nov/2021:11:38:04 -0300] "POST /cormun/servlet/hlogin?9a2402065ef0d47deadb2bcf4632792e,gx-no-cache=1636467968691 HTTP/1.1" 200 440
190.171.142.10 - - [09/Nov/2021:11:38:16 -0300] "GET /cormun/servlet/hlogin HTTP/1.1" 200 1727
190.171.142.10 - - [09/Nov/2021:11:38:44 -0300] "POST /cormun/servlet/hlogin?9a2402065ef0d47deadb2bcf4632792e,gx-no-cache=1636468008995 HTTP/1.1" 200 422
181.212.43.89 - - [09/Nov/2021:11:38:56 -0300] "POST /cormun/servlet/trlicencias?94a075984cfe87e0e8f0df9dbf7ed2ff,,gx-no-cache=1636468020403 HTTP/1.1" 200 6720
190.171.141.138 - - [09/Nov/2021:11:38:59 -0300] "POST /cormun/servlet/trcontratosolicitud?b66fdc3b15f4a35b1949cbe01b003c6d,,gx-no-cache=1636468024489 HTTP/1.1" 200 12540
205.185.121.173 - - [09/Nov/2021:11:39:34 -0300] "GET /manager/html HTTP/1.1" 401 2474
190.171.141.90 - - [09/Nov/2021:11:39:46 -0300] "GET /cormun/servlet/trsolicitudot? HTTP/1.1" 200 7195
190.171.141.90 - - [09/Nov/2021:11:39:47 -0300] "GET /cormun/servlet/trsolicitudot? HTTP/1.1" 200 7194
200.54.100.179 - - [09/Nov/2021:11:39:51 -0300] "GET /cormun/servlet/solicitudotadjuntos?a5fc8aba10b8f8517a05e6ba7e3627d36a22b48e3d1245f81c20d3897e11e46c,gx-no-cache=1636468076631 HTTP/1.1" 200 30
200.54.100.179 - - [09/Nov/2021:11:39:51 -0300] "GET /cormun/servlet/solicitudotadjuntos?a5fc8aba10b8f8517a05e6ba7e3627d36a22b48e3d1245f81c20d3897e11e46c,gx-no-cache=1636468076651 HTTP/1.1" 200 30
200.54.100.179 - - [09/Nov/2021:11:39:52 -0300] "POST /cormun/servlet/solicitudotadjuntos?de427881f6acb0b580bed953580523ef,INS,2021,17771,,2, HTTP/1.1" 200 6781
200.54.100.179 - - [09/Nov/2021:11:39:52 -0300] "GET /cormun/static/Shared/jqueryui/images/ui-bg_highlight-soft_100_c6c2c8_1x100.png HTTP/1.1" 404 1117
200.54.100.179 - - [09/Nov/2021:11:39:52 -0300] "GET /cormun/static/Shared/jqueryui/images/ui-icons_82798d_256x240.png HTTP/1.1" 404 1089
200.54.100.179 - - [09/Nov/2021:11:39:52 -0300] "GET /cormun/static/Shared/jqueryui/images/ui-bg_flat_55_994d53_40x100.png HTTP/1.1" 404 1097
200.54.100.179 - - [09/Nov/2021:11:39:52 -0300] "GET /cormun/static/Shared/jqueryui/images/ui-icons_ebccce_256x240.png HTTP/1.1" 404 1089
200.54.100.179 - - [09/Nov/2021:11:39:52 -0300] "GET /cormun/PrivateTempStorage/upload_00001071.pdf HTTP/1.1" 200 160143
200.54.100.179 - - [09/Nov/2021:11:39:55 -0300] "GET /cormun/servlet/solicitudotadjuntos?a5fc8aba10b8f8517a05e6ba7e3627d3a22ecfd753fb0c15ecc46fef91b5d41a6e66aa08983e74b509cc1bcc930568e2,gx-no-cache=1636468080137 HTTP/1.1" 200 30
200.54.100.179 - - [09/Nov/2021:11:39:55 -0300] "POST /cormun/servlet/solicitudotadjuntos?de427881f6acb0b580bed953580523ef,INS,2021,17771,,2, HTTP/1.1" 200 6782
200.54.100.179 - - [09/Nov/2021:11:39:55 -0300] "GET /cormun/PrivateTempStorage/upload_00001083.pdf HTTP/1.1" 200 160143
190.171.141.90 - - [09/Nov/2021:11:40:01 -0300] "GET /cormun/servlet/solicitudot?INS,0,0,false, HTTP/1.1" 200 15603
190.171.141.90 - - [09/Nov/2021:11:40:02 -0300] "GET /cormun/servlet/solicitudot?INS,0,0,false, HTTP/1.1" 200 15611
200.54.100.179 - - [09/Nov/2021:11:40:08 -0300] "GET /cormun/servlet/solicitudotadjuntos?a5fc8aba10b8f8517a05e6ba7e3627d3b12aab6a80190041f38c270866b901ae6e66aa08983e74b509cc1bcc930568e2,gx-no-cache=1636468093496 HTTP/1.1" 200 30
200.54.100.179 - - [09/Nov/2021:11:40:08 -0300] "GET /cormun/servlet/solicitudotadjuntos?a5fc8aba10b8f8517a05e6ba7e3627d3b12aab6a80190041f38c270866b901ae6e66aa08983e74b509cc1bcc930568e2,gx-no-cache=1636468093510 HTTP/1.1" 200 30
200.54.100.179 - - [09/Nov/2021:11:40:08 -0300] "POST /cormun/servlet/solicitudotadjuntos?de427881f6acb0b580bed953580523ef,INS,2021,17771,,2, HTTP/1.1" 200 6781
200.54.100.179 - - [09/Nov/2021:11:40:09 -0300] "GET /cormun/PrivateTempStorage/upload_00001095.pdf HTTP/1.1" 200 160143
200.54.100.179 - - [09/Nov/2021:11:40:18 -0300] "POST /cormun/servlet/solicitudotadjuntos?de427881f6acb0b580bed953580523ef,INS,2021,17771,,2, HTTP/1.1" 200 116
200.54.100.179 - - [09/Nov/2021:11:40:18 -0300] "GET /cormun/servlet/hpexe_return? HTTP/1.1" 200 1021
200.54.100.179 - - [09/Nov/2021:11:40:18 -0300] "GET /cormun/servlet/trsolicitudadjuntos?2021,17771, HTTP/1.1" 200 9217
200.54.100.179 - - [09/Nov/2021:11:40:19 -0300] "GET /cormun/servlet/trsolicitudadjuntos?2021,17771, HTTP/1.1" 200 9215
200.54.100.179 - - [09/Nov/2021:11:40:26 -0300] "GET /cormun/servlet/solicitudotadjuntos?INS,2021,17771,,1, HTTP/1.1" 200 6344
200.54.100.179 - - [09/Nov/2021:11:40:26 -0300] "GET /cormun/static/about:blank HTTP/1.1" 404 1011
200.54.100.179 - - [09/Nov/2021:11:40:27 -0300] "GET /cormun/servlet/solicitudotadjuntos?INS,2021,17771,,1, HTTP/1.1" 200 6337
200.54.100.179 - - [09/Nov/2021:11:40:27 -0300] "GET /cormun/servlet/solicitudotadjuntos?a5fc8aba10b8f8517a05e6ba7e3627d3c5791b598173726ed43e597fb027fc34b32f2509c95bfcdfe90ad2cc1a54f822,gx-no-cache=1636468112327 HTTP/1.1" 200 30
200.54.100.179 - - [09/Nov/2021:11:40:27 -0300] "POST /cormun/servlet/solicitudotadjuntos?de427881f6acb0b580bed953580523ef,INS,2021,17771,,1,,gx-no-cache=1636468112361 HTTP/1.1" 200 4144
200.54.100.179 - - [09/Nov/2021:11:40:31 -0300] "POST /cormun/servlet/solicitudotadjuntos?gx-no-cache=1636468115958 HTTP/1.1" 200 26
190.171.141.90 - - [09/Nov/2021:11:40:42 -0300] "GET /cormun/servlet/trvisualizadoreventos? HTTP/1.1" 200 7082
190.171.141.90 - - [09/Nov/2021:11:40:42 -0300] "GET /cormun/servlet/trvisualizadoreventos? HTTP/1.1" 200 7075
200.54.100.179 - - [09/Nov/2021:11:40:47 -0300] "GET /cormun/servlet/solicitudotadjuntos?a5fc8aba10b8f8517a05e6ba7e3627d36a22b48e3d1245f81c20d3897e11e46c,gx-no-cache=1636468131785 HTTP/1.1" 200 30
200.54.100.179 - - [09/Nov/2021:11:40:47 -0300] "GET /cormun/servlet/solicitudotadjuntos?a5fc8aba10b8f8517a05e6ba7e3627d36a22b48e3d1245f81c20d3897e11e46c,gx-no-cache=1636468131799 HTTP/1.1" 200 30
200.54.100.179 - - [09/Nov/2021:11:40:47 -0300] "POST /cormun/servlet/solicitudotadjuntos?de427881f6acb0b580bed953580523ef,INS,2021,17771,,1, HTTP/1.1" 200 116
200.54.100.179 - - [09/Nov/2021:11:40:47 -0300] "GET /cormun/servlet/hpexe_return? HTTP/1.1" 200 1021
200.54.100.179 - - [09/Nov/2021:11:40:47 -0300] "GET /cormun/servlet/trsolicitudadjuntos?2021,17771, HTTP/1.1" 200 9464
200.54.100.179 - - [09/Nov/2021:11:40:47 -0300] "GET /cormun/servlet/trsolicitudadjuntos?2021,17771, HTTP/1.1" 200 9462
200.54.100.179 - - [09/Nov/2021:11:40:50 -0300] "GET /cormun/servlet/solicitudotadjuntos?INS,2021,17771,,1, HTTP/1.1" 200 6344
200.54.100.179 - - [09/Nov/2021:11:40:51 -0300] "GET /cormun/static/about:blank HTTP/1.1" 404 1011
190.171.141.90 - - [09/Nov/2021:11:40:51 -0300] "POST /cormun/servlet/trvisualizadoreventos?6774244760a9ce9845d202f6e852a045,,gx-no-cache=1636468135439 HTTP/1.1" 200 4015
200.54.100.179 - - [09/Nov/2021:11:40:51 -0300] "GET /cormun/servlet/solicitudotadjuntos?INS,2021,17771,,1, HTTP/1.1" 200 6337
200.54.100.179 - - [09/Nov/2021:11:40:51 -0300] "GET /cormun/servlet/solicitudotadjuntos?a5fc8aba10b8f8517a05e6ba7e3627d3c5791b598173726ed43e597fb027fc34b32f2509c95bfcdfe90ad2cc1a54f822,gx-no-cache=1636468136534 HTTP/1.1" 200 30
200.54.100.179 - - [09/Nov/2021:11:40:51 -0300] "POST /cormun/servlet/solicitudotadjuntos?de427881f6acb0b580bed953580523ef,INS,2021,17771,,1,,gx-no-cache=1636468136554 HTTP/1.1" 200 4144
190.171.141.90 - - [09/Nov/2021:11:40:53 -0300] "POST /cormun/servlet/trvisualizadoreventos?6774244760a9ce9845d202f6e852a045,,gx-no-cache=1636468137835 HTTP/1.1" 200 4015
190.171.141.90 - - [09/Nov/2021:11:40:58 -0300] "GET /cormun/static/menuarrow.gif HTTP/1.1" 404 1015
200.54.100.179 - - [09/Nov/2021:11:40:59 -0300] "POST /cormun/servlet/solicitudotadjuntos?gx-no-cache=1636468144627 HTTP/1.1" 200 26
190.171.141.90 - - [09/Nov/2021:11:41:03 -0300] "POST /cormun/servlet/trvisualizadoreventos?6774244760a9ce9845d202f6e852a045,,gx-no-cache=1636468147539 HTTP/1.1" 200 4020
190.171.141.90 - - [09/Nov/2021:11:41:06 -0300] "GET /cormun/servlet/trvisualizadoreventos? HTTP/1.1" 200 6717
190.171.141.90 - - [09/Nov/2021:11:41:07 -0300] "GET /cormun/servlet/trvisualizadoreventos? HTTP/1.1" 200 6717
190.171.141.90 - - [09/Nov/2021:11:41:09 -0300] "POST /cormun/servlet/trvisualizadoreventos?6774244760a9ce9845d202f6e852a045,,gx-no-cache=1636468153342 HTTP/1.1" 200 4012
190.171.141.90 - - [09/Nov/2021:11:41:12 -0300] "POST /cormun/servlet/trvisualizadoreventos?6774244760a9ce9845d202f6e852a045,,gx-no-cache=1636468157172 HTTP/1.1" 200 4012
181.212.43.89 - - [09/Nov/2021:11:41:20 -0300] "POST /cormun/servlet/trlicencias?94a075984cfe87e0e8f0df9dbf7ed2ff,,gx-no-cache=1636468165008 HTTP/1.1" 200 4201
190.171.141.90 - - [09/Nov/2021:11:41:21 -0300] "GET /cormun/servlet/trvisualizadoreventos? HTTP/1.1" 200 6717
190.171.141.90 - - [09/Nov/2021:11:41:21 -0300] "GET /cormun/servlet/trvisualizadoreventos? HTTP/1.1" 200 6717
200.54.100.179 - - [09/Nov/2021:11:41:21 -0300] "GET /cormun/servlet/solicitudotadjuntos?a5fc8aba10b8f8517a05e6ba7e3627d36a22b48e3d1245f81c20d3897e11e46c,gx-no-cache=1636468166182 HTTP/1.1" 200 30
200.54.100.179 - - [09/Nov/2021:11:41:21 -0300] "GET /cormun/servlet/solicitudotadjuntos?a5fc8aba10b8f8517a05e6ba7e3627d36a22b48e3d1245f81c20d3897e11e46c,gx-no-cache=1636468166202 HTTP/1.1" 200 30
200.54.100.179 - - [09/Nov/2021:11:41:21 -0300] "POST /cormun/servlet/solicitudotadjuntos?de427881f6acb0b580bed953580523ef,INS,2021,17771,,1, HTTP/1.1" 200 116
200.54.100.179 - - [09/Nov/2021:11:41:21 -0300] "GET /cormun/servlet/hpexe_return? HTTP/1.1" 200 1021
200.54.100.179 - - [09/Nov/2021:11:41:21 -0300] "GET /cormun/servlet/trsolicitudadjuntos?2021,17771, HTTP/1.1" 200 9708
200.54.100.179 - - [09/Nov/2021:11:41:22 -0300] "GET /cormun/servlet/trsolicitudadjuntos?2021,17771, HTTP/1.1" 200 9704
200.54.100.179 - - [09/Nov/2021:11:41:26 -0300] "GET /cormun/servlet/solicitudotadjuntos?INS,2021,17771,,1, HTTP/1.1" 200 6344
200.54.100.179 - - [09/Nov/2021:11:41:26 -0300] "GET /cormun/static/about:blank HTTP/1.1" 404 1011
200.54.100.179 - - [09/Nov/2021:11:41:26 -0300] "GET /cormun/servlet/solicitudotadjuntos?INS,2021,17771,,1, HTTP/1.1" 200 6337
200.54.100.179 - - [09/Nov/2021:11:41:27 -0300] "GET /cormun/servlet/solicitudotadjuntos?a5fc8aba10b8f8517a05e6ba7e3627d3c5791b598173726ed43e597fb027fc34b32f2509c95bfcdfe90ad2cc1a54f822,gx-no-cache=1636468172100 HTTP/1.1" 200 30
200.54.100.179 - - [09/Nov/2021:11:41:27 -0300] "POST /cormun/servlet/solicitudotadjuntos?de427881f6acb0b580bed953580523ef,INS,2021,17771,,1,,gx-no-cache=1636468172123 HTTP/1.1" 200 4144
200.54.100.179 - - [09/Nov/2021:11:41:34 -0300] "POST /cormun/servlet/solicitudotadjuntos?gx-no-cache=1636468179009 HTTP/1.1" 200 26
66.249.85.97 - - [09/Nov/2021:11:41:44 -0300] "GET /cormun/static/Resources/Logo2019_Grande.png HTTP/1.1" 200 31733
200.54.100.179 - - [09/Nov/2021:11:42:06 -0300] "GET /cormun/servlet/solicitudotadjuntos?a5fc8aba10b8f8517a05e6ba7e3627d36a22b48e3d1245f81c20d3897e11e46c,gx-no-cache=1636468210861 HTTP/1.1" 200 30
200.54.100.179 - - [09/Nov/2021:11:42:06 -0300] "GET /cormun/servlet/solicitudotadjuntos?a5fc8aba10b8f8517a05e6ba7e3627d36a22b48e3d1245f81c20d3897e11e46c,gx-no-cache=1636468210880 HTTP/1.1" 200 30
200.54.100.179 - - [09/Nov/2021:11:42:06 -0300] "POST /cormun/servlet/solicitudotadjuntos?de427881f6acb0b580bed953580523ef,INS,2021,17771,,1, HTTP/1.1" 200 116
200.54.100.179 - - [09/Nov/2021:11:42:06 -0300] "GET /cormun/servlet/hpexe_return? HTTP/1.1" 200 1021
200.54.100.179 - - [09/Nov/2021:11:42:06 -0300] "GET /cormun/servlet/trsolicitudadjuntos?2021,17771, HTTP/1.1" 200 9940
200.54.100.179 - - [09/Nov/2021:11:42:07 -0300] "GET /cormun/servlet/trsolicitudadjuntos?2021,17771, HTTP/1.1" 200 9940
200.54.100.179 - - [09/Nov/2021:11:42:09 -0300] "GET /cormun/servlet/solicitudotadjuntos?INS,2021,17771,,1, HTTP/1.1" 200 6344
200.54.100.179 - - [09/Nov/2021:11:42:09 -0300] "GET /cormun/static/about:blank HTTP/1.1" 404 1011
200.54.100.179 - - [09/Nov/2021:11:42:09 -0300] "GET /cormun/servlet/solicitudotadjuntos?INS,2021,17771,,1, HTTP/1.1" 200 6337
200.54.100.179 - - [09/Nov/2021:11:42:10 -0300] "GET /cormun/servlet/solicitudotadjuntos?a5fc8aba10b8f8517a05e6ba7e3627d3c5791b598173726ed43e597fb027fc34b32f2509c95bfcdfe90ad2cc1a54f822,gx-no-cache=1636468215122 HTTP/1.1" 200 30
200.54.100.179 - - [09/Nov/2021:11:42:10 -0300] "POST /cormun/servlet/solicitudotadjuntos?de427881f6acb0b580bed953580523ef,INS,2021,17771,,1,,gx-no-cache=1636468215146 HTTP/1.1" 200 4144
181.212.43.89 - - [09/Nov/2021:11:42:10 -0300] "POST /cormun/servlet/trlicencias?94a075984cfe87e0e8f0df9dbf7ed2ff,,gx-no-cache=1636468215151 HTTP/1.1" 200 5965
200.54.100.179 - - [09/Nov/2021:11:42:22 -0300] "POST /cormun/servlet/solicitudotadjuntos?gx-no-cache=1636468227135 HTTP/1.1" 200 26
200.54.100.179 - - [09/Nov/2021:11:42:36 -0300] "GET /cormun/servlet/solicitudotadjuntos?a5fc8aba10b8f8517a05e6ba7e3627d36a22b48e3d1245f81c20d3897e11e46c,gx-no-cache=1636468240745 HTTP/1.1" 200 30
200.54.100.179 - - [09/Nov/2021:11:42:36 -0300] "GET /cormun/servlet/solicitudotadjuntos?a5fc8aba10b8f8517a05e6ba7e3627d36a22b48e3d1245f81c20d3897e11e46c,gx-no-cache=1636468240759 HTTP/1.1" 200 30
200.54.100.179 - - [09/Nov/2021:11:42:36 -0300] "POST /cormun/servlet/solicitudotadjuntos?de427881f6acb0b580bed953580523ef,INS,2021,17771,,1, HTTP/1.1" 200 116
200.54.100.179 - - [09/Nov/2021:11:42:36 -0300] "GET /cormun/servlet/hpexe_return? HTTP/1.1" 200 1021
200.54.100.179 - - [09/Nov/2021:11:42:37 -0300] "GET /cormun/servlet/trsolicitudadjuntos?2021,17771, HTTP/1.1" 200 10211
200.54.100.179 - - [09/Nov/2021:11:42:37 -0300] "GET /cormun/servlet/trsolicitudadjuntos?2021,17771, HTTP/1.1" 200 10211
200.54.100.179 - - [09/Nov/2021:11:42:43 -0300] "GET /cormun/servlet/solicitudotadjuntos?INS,2021,17771,,1, HTTP/1.1" 200 6343
200.54.100.179 - - [09/Nov/2021:11:42:43 -0300] "GET /cormun/static/about:blank HTTP/1.1" 404 1011
200.54.100.179 - - [09/Nov/2021:11:42:44 -0300] "GET /cormun/servlet/solicitudotadjuntos?INS,2021,17771,,1, HTTP/1.1" 200 6336
200.54.100.179 - - [09/Nov/2021:11:42:44 -0300] "GET /cormun/servlet/solicitudotadjuntos?a5fc8aba10b8f8517a05e6ba7e3627d3c5791b598173726ed43e597fb027fc34b32f2509c95bfcdfe90ad2cc1a54f822,gx-no-cache=1636468249367 HTTP/1.1" 200 30
200.54.100.179 - - [09/Nov/2021:11:42:44 -0300] "POST /cormun/servlet/solicitudotadjuntos?de427881f6acb0b580bed953580523ef,INS,2021,17771,,1,,gx-no-cache=1636468249394 HTTP/1.1" 200 4142
200.54.100.179 - - [09/Nov/2021:11:42:48 -0300] "POST /cormun/servlet/solicitudotadjuntos?gx-no-cache=1636468252730 HTTP/1.1" 200 26
200.54.100.179 - - [09/Nov/2021:11:43:09 -0300] "GET /cormun/servlet/solicitudotadjuntos?a5fc8aba10b8f8517a05e6ba7e3627d36a22b48e3d1245f81c20d3897e11e46c,gx-no-cache=1636468273781 HTTP/1.1" 200 30
200.54.100.179 - - [09/Nov/2021:11:43:09 -0300] "GET /cormun/servlet/solicitudotadjuntos?a5fc8aba10b8f8517a05e6ba7e3627d36a22b48e3d1245f81c20d3897e11e46c,gx-no-cache=1636468273800 HTTP/1.1" 200 30
200.54.100.179 - - [09/Nov/2021:11:43:09 -0300] "POST /cormun/servlet/solicitudotadjuntos?de427881f6acb0b580bed953580523ef,INS,2021,17771,,1, HTTP/1.1" 200 116
200.54.100.179 - - [09/Nov/2021:11:43:09 -0300] "GET /cormun/servlet/hpexe_return? HTTP/1.1" 200 1021
200.54.100.179 - - [09/Nov/2021:11:43:09 -0300] "GET /cormun/servlet/trsolicitudadjuntos?2021,17771, HTTP/1.1" 200 10377
200.54.100.179 - - [09/Nov/2021:11:43:10 -0300] "GET /cormun/servlet/trsolicitudadjuntos?2021,17771, HTTP/1.1" 200 10377
181.212.43.89 - - [09/Nov/2021:11:43:22 -0300] "POST /cormun/servlet/trlicencias?94a075984cfe87e0e8f0df9dbf7ed2ff,,gx-no-cache=1636468287097 HTTP/1.1" 200 9784
200.54.100.179 - - [09/Nov/2021:11:43:33 -0300] "GET /cormun/servlet/solicitudotadjuntos?INS,2021,17771,,1, HTTP/1.1" 200 6344
200.54.100.179 - - [09/Nov/2021:11:43:34 -0300] "GET /cormun/static/about:blank HTTP/1.1" 404 1011
200.54.100.179 - - [09/Nov/2021:11:43:34 -0300] "GET /cormun/servlet/solicitudotadjuntos?INS,2021,17771,,1, HTTP/1.1" 200 6337
200.54.100.179 - - [09/Nov/2021:11:43:34 -0300] "GET /cormun/servlet/solicitudotadjuntos?a5fc8aba10b8f8517a05e6ba7e3627d3c5791b598173726ed43e597fb027fc34b32f2509c95bfcdfe90ad2cc1a54f822,gx-no-cache=1636468299512 HTTP/1.1" 200 30
200.54.100.179 - - [09/Nov/2021:11:43:34 -0300] "POST /cormun/servlet/solicitudotadjuntos?de427881f6acb0b580bed953580523ef,INS,2021,17771,,1,,gx-no-cache=1636468299542 HTTP/1.1" 200 4144
205.185.121.173 - - [09/Nov/2021:11:46:38 -0300] "GET /manager/html HTTP/1.1" 401 2474
181.212.43.89 - - [09/Nov/2021:11:49:27 -0300] "POST /cormun/servlet/trlicencias?94a075984cfe87e0e8f0df9dbf7ed2ff,,gx-no-cache=1636468651547 HTTP/1.1" 200 7178
40.77.167.97 - - [09/Nov/2021:11:51:00 -0300] "GET /robots.txt HTTP/1.1" 404 981
157.55.39.156 - - [09/Nov/2021:11:51:04 -0300] "GET /cormun/servlet/hpexe_return?_escaped_fragment_= HTTP/1.1" 200 985
157.55.39.53 - - [09/Nov/2021:11:51:23 -0300] "GET /cormun/static/hwchdr01.js?20201214473739 HTTP/1.1" 200 996
157.55.39.61 - - [09/Nov/2021:11:51:28 -0300] "GET /cormun/static/PXToolsJavascripts/pexe_cookies.js HTTP/1.1" 200 792
181.212.43.89 - - [09/Nov/2021:11:53:26 -0300] "POST /cormun/servlet/trlicencias?94a075984cfe87e0e8f0df9dbf7ed2ff,,gx-no-cache=1636468891302 HTTP/1.1" 200 5965
205.185.121.173 - - [09/Nov/2021:11:53:30 -0300] "GET /manager/html HTTP/1.1" 401 2474
181.212.43.89 - - [09/Nov/2021:11:54:07 -0300] "POST /cormun/servlet/trlicencias?94a075984cfe87e0e8f0df9dbf7ed2ff,,gx-no-cache=1636468931943 HTTP/1.1" 200 6695
190.171.143.82 - - [09/Nov/2021:11:57:50 -0300] "GET /cormun/servlet/trpermisosgoce? HTTP/1.1" 200 6026
190.171.143.82 - - [09/Nov/2021:11:57:53 -0300] "GET /cormun/servlet/hlogin HTTP/1.1" 200 1747
190.171.143.82 - - [09/Nov/2021:11:57:53 -0300] "GET /cormun/servlet/trpermisosgoce? HTTP/1.1" 200 6026
190.171.143.82 - - [09/Nov/2021:11:58:11 -0300] "POST /cormun/servlet/hlogin?bf2a229b275399002799e4aef922560d,gx-no-cache=1636469175941 HTTP/1.1" 200 90
190.171.143.82 - - [09/Nov/2021:11:58:11 -0300] "GET /cormun/servlet/hpexe_link HTTP/1.1" 200 959
190.171.143.82 - - [09/Nov/2021:11:58:12 -0300] "GET /cormun/servlet/trpermisosgoce HTTP/1.1" 200 13202
190.171.143.82 - - [09/Nov/2021:11:58:14 -0300] "GET /cormun/servlet/trpermisosgoce HTTP/1.1" 200 13213
190.171.143.82 - - [09/Nov/2021:11:58:19 -0300] "GET /cormun/static/menuarrow.gif HTTP/1.1" 404 1015
190.171.143.82 - - [09/Nov/2021:11:58:34 -0300] "POST /cormun/servlet/trpermisosgoce?bf2a229b275399002799e4aef922560d,gx-no-cache=1636469198687 HTTP/1.1" 200 6993
190.171.143.82 - - [09/Nov/2021:11:59:27 -0300] "GET /cormun/servlet/trpermisosingoce? HTTP/1.1" 200 7306
190.171.143.82 - - [09/Nov/2021:11:59:28 -0300] "GET /cormun/static/gxcfg.js?2020121653066 HTTP/1.1" 200 953
190.171.143.82 - - [09/Nov/2021:11:59:28 -0300] "GET /cormun/static/trpermisosingoce.js?2020121655097 HTTP/1.1" 200 34472
190.171.143.82 - - [09/Nov/2021:11:59:30 -0300] "GET /cormun/servlet/trpermisosingoce? HTTP/1.1" 200 7306
190.171.143.82 - - [09/Nov/2021:11:59:34 -0300] "GET /cormun/static/menuarrow.gif HTTP/1.1" 404 1015
190.171.143.82 - - [09/Nov/2021:11:59:39 -0300] "POST /cormun/servlet/trpermisosingoce?bf2a229b275399002799e4aef922560d,,gx-no-cache=1636469263568 HTTP/1.1" 200 5990
205.185.121.173 - - [09/Nov/2021:12:00:29 -0300] "GET /manager/html HTTP/1.1" 401 2474
190.171.143.82 - - [09/Nov/2021:12:00:33 -0300] "POST /cormun/servlet/trpermisosingoce?bf2a229b275399002799e4aef922560d,,gx-no-cache=1636469317646 HTTP/1.1" 200 106
190.171.143.82 - - [09/Nov/2021:12:00:33 -0300] "GET /cormun/PermisoSinGoce-9388.xls HTTP/1.1" 200 5632
200.111.191.213 - - [09/Nov/2021:12:00:37 -0300] "GET /cormun/servlet/licenciaspermisos?INS,0,,, HTTP/1.1" 200 6760
200.111.191.213 - - [09/Nov/2021:12:00:38 -0300] "GET /cormun/servlet/hlogin HTTP/1.1" 200 1755
200.111.191.213 - - [09/Nov/2021:12:00:38 -0300] "GET /cormun/servlet/licenciaspermisos?INS,0,,, HTTP/1.1" 200 6773
200.111.191.213 - - [09/Nov/2021:12:00:43 -0300] "POST /cormun/servlet/hlogin?b70edc2ec112a55c851a2516b12f1248,gx-no-cache=1636469601850 HTTP/1.1" 200 90
200.111.191.213 - - [09/Nov/2021:12:00:43 -0300] "GET /cormun/servlet/hpexe_link HTTP/1.1" 200 972
200.111.191.213 - - [09/Nov/2021:12:00:44 -0300] "GET /cormun/servlet/licenciaspermisos?INS,0,,, HTTP/1.1" 200 7414
200.111.191.213 - - [09/Nov/2021:12:00:44 -0300] "GET /cormun/servlet/licenciaspermisos?INS,0,,, HTTP/1.1" 200 7410
200.111.191.213 - - [09/Nov/2021:12:00:47 -0300] "GET /cormun/servlet/trpermisosgoce? HTTP/1.1" 200 15650
200.111.191.213 - - [09/Nov/2021:12:00:47 -0300] "GET /cormun/servlet/trpermisosgoce? HTTP/1.1" 200 15661
200.111.191.213 - - [09/Nov/2021:12:00:49 -0300] "GET /cormun/servlet/permisogoce?INS,0,,, HTTP/1.1" 200 6826
200.111.191.213 - - [09/Nov/2021:12:00:50 -0300] "GET /cormun/servlet/permisogoce?INS,0,,, HTTP/1.1" 200 6827
200.111.191.213 - - [09/Nov/2021:12:00:51 -0300] "GET /cormun/servlet/prfichaempleado?,MD,,gxPopupLevel%3D0%3B HTTP/1.1" 200 9270
200.111.191.213 - - [09/Nov/2021:12:00:56 -0300] "POST /cormun/servlet/prfichaempleado?b70edc2ec112a55c851a2516b12f1248,,MD,,gxPopupLevel%3D0%3B,gx-no-cache=1636469614036 HTTP/1.1" 200 4473
200.111.191.213 - - [09/Nov/2021:12:01:07 -0300] "POST /cormun/servlet/prfichaempleado?b70edc2ec112a55c851a2516b12f1248,,MD,,gxPopupLevel%3D0%3B,gx-no-cache=1636469624978 HTTP/1.1" 200 3400
200.111.191.213 - - [09/Nov/2021:12:01:09 -0300] "GET /cormun/servlet/permisogoce?42b3718952b99d7a1a712be80da04e75e6aa155140fccb12f242f5c612ac27e025c173c4902653f9af57d9e0e0c38e7a0a96430e050b0579ceb87a46a50701d3,gx-no-cache=1636469627800 HTTP/1.1" 200 80
200.111.191.213 - - [09/Nov/2021:12:01:10 -0300] "GET /cormun/static/menuarrow.gif HTTP/1.1" 404 1015
200.111.191.213 - - [09/Nov/2021:12:01:14 -0300] "GET /cormun/servlet/permisogoce?42b3718952b99d7a1a712be80da04e75566fb904b9ffbbbf73e549590c0df1ce98210d95193412618e103311ecf03a2a475ec97e425066c72ef8b16ade5e33d6,gx-no-cache=1636469632176 HTTP/1.1" 200 47
200.111.191.213 - - [09/Nov/2021:12:01:15 -0300] "POST /cormun/servlet/permisogoce?b70edc2ec112a55c851a2516b12f1248,INS,0,,,,gx-no-cache=1636469633271 HTTP/1.1" 200 93
200.111.191.213 - - [09/Nov/2021:12:01:15 -0300] "GET /cormun/servlet/hpexe_return? HTTP/1.1" 200 1013
200.111.191.213 - - [09/Nov/2021:12:01:16 -0300] "GET /cormun/servlet/trpermisosgoce HTTP/1.1" 200 15913
200.111.191.213 - - [09/Nov/2021:12:01:16 -0300] "GET /cormun/servlet/trpermisosgoce HTTP/1.1" 200 15909
200.111.191.213 - - [09/Nov/2021:12:01:18 -0300] "GET /cormun/servlet/apermisogoceprn?12914099,P,20211109114633,PU HTTP/1.1" 200 1652
200.111.191.213 - - [09/Nov/2021:12:01:25 -0300] "GET /cormun/servlet/permisogoce?INS,0,,, HTTP/1.1" 200 6827
200.111.191.213 - - [09/Nov/2021:12:01:25 -0300] "GET /cormun/servlet/permisogoce?INS,0,,, HTTP/1.1" 200 6827
200.111.191.213 - - [09/Nov/2021:12:01:28 -0300] "GET /cormun/servlet/prfichaempleado?,MD,,gxPopupLevel%3D0%3B HTTP/1.1" 200 9270
200.111.191.213 - - [09/Nov/2021:12:01:37 -0300] "POST /cormun/servlet/prfichaempleado?b70edc2ec112a55c851a2516b12f1248,,MD,,gxPopupLevel%3D0%3B,gx-no-cache=1636469655296 HTTP/1.1" 200 3455
200.111.191.213 - - [09/Nov/2021:12:01:40 -0300] "GET /cormun/servlet/permisogoce?42b3718952b99d7a1a712be80da04e7546997bd5ab0b485b84155491872d32b625c173c4902653f9af57d9e0e0c38e7a0a96430e050b0579ceb87a46a50701d3,gx-no-cache=1636469658257 HTTP/1.1" 200 76
200.111.191.213 - - [09/Nov/2021:12:01:41 -0300] "GET /cormun/static/menuarrow.gif HTTP/1.1" 404 1015
200.111.191.213 - - [09/Nov/2021:12:01:44 -0300] "GET /cormun/servlet/permisogoce?42b3718952b99d7a1a712be80da04e75ba104a53b326feb64f84f16e6f2b06e08ee2939b43de7cf3dd114235724c39c8475ec97e425066c72ef8b16ade5e33d6,gx-no-cache=1636469662612 HTTP/1.1" 200 47
200.111.191.213 - - [09/Nov/2021:12:01:46 -0300] "POST /cormun/servlet/permisogoce?b70edc2ec112a55c851a2516b12f1248,INS,0,,,,gx-no-cache=1636469663660 HTTP/1.1" 200 93
200.111.191.213 - - [09/Nov/2021:12:01:46 -0300] "GET /cormun/servlet/hpexe_return? HTTP/1.1" 200 1013
200.111.191.213 - - [09/Nov/2021:12:01:46 -0300] "GET /cormun/servlet/trpermisosgoce HTTP/1.1" 200 16125
200.111.191.213 - - [09/Nov/2021:12:01:46 -0300] "GET /cormun/servlet/trpermisosgoce HTTP/1.1" 200 16115
200.111.191.213 - - [09/Nov/2021:12:01:49 -0300] "GET /cormun/servlet/apermisogoceprn?18645771,P,20211109114709,PU HTTP/1.1" 200 1652
200.111.191.213 - - [09/Nov/2021:12:02:08 -0300] "GET /cormun/servlet/permisogoce?INS,0,,, HTTP/1.1" 200 6827
200.111.191.213 - - [09/Nov/2021:12:02:09 -0300] "GET /cormun/servlet/permisogoce?INS,0,,, HTTP/1.1" 200 6827
200.111.191.213 - - [09/Nov/2021:12:02:11 -0300] "GET /cormun/servlet/prfichaempleado?,MD,,gxPopupLevel%3D0%3B HTTP/1.1" 200 9270
200.111.191.213 - - [09/Nov/2021:12:02:18 -0300] "POST /cormun/servlet/prfichaempleado?b70edc2ec112a55c851a2516b12f1248,,MD,,gxPopupLevel%3D0%3B,gx-no-cache=1636469696760 HTTP/1.1" 200 3460
200.111.191.213 - - [09/Nov/2021:12:02:22 -0300] "GET /cormun/servlet/permisogoce?42b3718952b99d7a1a712be80da04e7516a13086d361c6cc958737f51bff5dba25c173c4902653f9af57d9e0e0c38e7a0a96430e050b0579ceb87a46a50701d3,gx-no-cache=1636469700077 HTTP/1.1" 200 84
200.111.191.213 - - [09/Nov/2021:12:02:22 -0300] "GET /cormun/static/menuarrow.gif HTTP/1.1" 404 1015
200.111.191.213 - - [09/Nov/2021:12:02:26 -0300] "GET /cormun/servlet/permisogoce?42b3718952b99d7a1a712be80da04e7559456426d4a31910e61fa6b59f592de33c983a7d3c2577e7db7109620911a4ef475ec97e425066c72ef8b16ade5e33d6,gx-no-cache=1636469704482 HTTP/1.1" 200 47
200.111.191.213 - - [09/Nov/2021:12:02:28 -0300] "POST /cormun/servlet/permisogoce?b70edc2ec112a55c851a2516b12f1248,INS,0,,,,gx-no-cache=1636469705868 HTTP/1.1" 200 93
200.111.191.213 - - [09/Nov/2021:12:02:28 -0300] "GET /cormun/servlet/hpexe_return? HTTP/1.1" 200 1013
200.111.191.213 - - [09/Nov/2021:12:02:28 -0300] "GET /cormun/servlet/trpermisosgoce HTTP/1.1" 200 16348
200.111.191.213 - - [09/Nov/2021:12:02:29 -0300] "GET /cormun/servlet/trpermisosgoce HTTP/1.1" 200 16330
190.171.141.138 - - [09/Nov/2021:12:03:44 -0300] "GET /cormun/servlet/hlogin HTTP/1.1" 200 1722
190.171.141.138 - - [09/Nov/2021:12:03:47 -0300] "POST /cormun/servlet/hlogin?86e9463887475410e33534fb43a4bd95,gx-no-cache=1636469512866 HTTP/1.1" 200 90
190.171.141.138 - - [09/Nov/2021:12:03:48 -0300] "GET /cormun/servlet/hpexe_link HTTP/1.1" 200 949
190.171.141.138 - - [09/Nov/2021:12:03:48 -0300] "GET /cormun/servlet/hhome HTTP/1.1" 200 4466
190.171.141.138 - - [09/Nov/2021:12:03:49 -0300] "GET /cormun/servlet/hhome HTTP/1.1" 200 4462
190.171.141.138 - - [09/Nov/2021:12:03:55 -0300] "GET /cormun/servlet/trpermisosgoce? HTTP/1.1" 200 13212
190.171.141.138 - - [09/Nov/2021:12:03:56 -0300] "GET /cormun/servlet/trpermisosgoce? HTTP/1.1" 200 13209
190.171.141.138 - - [09/Nov/2021:12:03:58 -0300] "GET /cormun/servlet/permisogoce?INS,0,,, HTTP/1.1" 200 7363
190.171.141.138 - - [09/Nov/2021:12:03:59 -0300] "GET /cormun/servlet/permisogoce?INS,0,,, HTTP/1.1" 200 7363
190.171.141.138 - - [09/Nov/2021:12:04:14 -0300] "GET /cormun/servlet/permisogoce?24de9a70dd90d091aa60b995a783ff0c78f218a6a9066beea5618448ccc4de159f32740d29a02dce8c596bc477c6da20ba242a8b655d6caa6a3a58ee3a1db78e,gx-no-cache=1636469539106 HTTP/1.1" 200 77
190.171.141.138 - - [09/Nov/2021:12:04:14 -0300] "GET /cormun/static/menuarrow.gif HTTP/1.1" 404 1015
190.171.141.138 - - [09/Nov/2021:12:04:19 -0300] "GET /cormun/servlet/permisogoce?24de9a70dd90d091aa60b995a783ff0c0bebbbf2a652cffeeeb8da570bbe4437b70672226a0faa8633d6668fb7fea08521f693dcde2997053ec162c03b2609a0,gx-no-cache=1636469544394 HTTP/1.1" 200 46
190.171.141.138 - - [09/Nov/2021:12:04:19 -0300] "POST /cormun/servlet/permisogoce?86e9463887475410e33534fb43a4bd95,INS,0,,,,gx-no-cache=1636469544439 HTTP/1.1" 200 93
190.171.141.138 - - [09/Nov/2021:12:04:19 -0300] "GET /cormun/servlet/hpexe_return? HTTP/1.1" 200 1006
190.171.141.138 - - [09/Nov/2021:12:04:20 -0300] "GET /cormun/servlet/trpermisosgoce HTTP/1.1" 200 13515
190.171.141.138 - - [09/Nov/2021:12:04:21 -0300] "GET /cormun/servlet/trpermisosgoce HTTP/1.1" 200 13510
190.171.141.138 - - [09/Nov/2021:12:04:25 -0300] "GET /cormun/servlet/apermisogoceprn?14203755,P,20211109114942,PU HTTP/1.1" 200 1658
190.171.149.74 - - [09/Nov/2021:12:06:16 -0300] "GET /cormun/servlet/trsolicitudot? HTTP/1.1" 200 6324
190.171.149.74 - - [09/Nov/2021:12:06:16 -0300] "GET /cormun/static/gxui/gxui-all.css?110300 HTTP/1.1" 200 2179
190.171.149.74 - - [09/Nov/2021:12:06:16 -0300] "GET /cormun/static/calendar-system.css?75620 HTTP/1.1" 200 5572
190.171.149.74 - - [09/Nov/2021:12:06:16 -0300] "GET /cormun/static/gxcfg.js?201991910464971 HTTP/1.1" 200 953
190.171.149.74 - - [09/Nov/2021:12:06:16 -0300] "GET /cormun/static/trsolicitudot.js?201991910465845 HTTP/1.1" 200 54041
190.171.149.74 - - [09/Nov/2021:12:06:16 -0300] "GET /cormun/static/Shared/ext/resources/css/ext-all.css?205870 HTTP/1.1" 200 416045
190.171.149.74 - - [09/Nov/2021:12:06:16 -0300] "GET /cormun/servlet/hlogin HTTP/1.1" 200 1749
190.171.149.74 - - [09/Nov/2021:12:06:16 -0300] "GET /cormun/servlet/trsolicitudot? HTTP/1.1" 200 6321
190.171.149.74 - - [09/Nov/2021:12:06:25 -0300] "POST /cormun/servlet/hlogin?fd7d7b8face8ff876609c23a4e9df32b,gx-no-cache=1636473310071 HTTP/1.1" 200 90
190.171.149.74 - - [09/Nov/2021:12:06:25 -0300] "GET /cormun/servlet/hpexe_link HTTP/1.1" 200 961
190.171.149.74 - - [09/Nov/2021:12:06:25 -0300] "GET /cormun/servlet/trsolicitudot HTTP/1.1" 200 7024
190.171.149.74 - - [09/Nov/2021:12:06:25 -0300] "GET /cormun/servlet/trsolicitudot HTTP/1.1" 200 7023
190.171.149.74 - - [09/Nov/2021:12:06:28 -0300] "GET /cormun/servlet/trsolicitudot? HTTP/1.1" 200 7023
190.171.149.74 - - [09/Nov/2021:12:06:28 -0300] "GET /cormun/servlet/trsolicitudot? HTTP/1.1" 200 7023
190.171.149.74 - - [09/Nov/2021:12:06:31 -0300] "GET /cormun/servlet/solicitudot?INS,0,0,false, HTTP/1.1" 200 15608
190.171.149.74 - - [09/Nov/2021:12:06:31 -0300] "GET /cormun/static/gxcfg.js?20203414241232 HTTP/1.1" 200 953
190.171.149.74 - - [09/Nov/2021:12:06:32 -0300] "GET /cormun/static/solicitudot.js?20203414242792 HTTP/1.1" 200 74114
190.171.149.74 - - [09/Nov/2021:12:06:32 -0300] "GET /cormun/servlet/solicitudot?INS,0,0,false, HTTP/1.1" 200 15615
205.185.121.173 - - [09/Nov/2021:12:07:08 -0300] "GET /manager/html HTTP/1.1" 401 2474
190.171.141.90 - - [09/Nov/2021:12:07:19 -0300] "GET /cormun/servlet/hlogin HTTP/1.1" 200 1727
190.171.141.90 - - [09/Nov/2021:12:07:20 -0300] "GET /cormun/servlet/hlogin HTTP/1.1" 200 1738
190.171.149.74 - - [09/Nov/2021:12:07:21 -0300] "POST /cormun/servlet/solicitudot?gx-no-cache=1636473365964 HTTP/1.1" 200 3880
190.171.149.74 - - [09/Nov/2021:12:07:21 -0300] "POST /cormun/servlet/solicitudot?fd7d7b8face8ff876609c23a4e9df32b,INS,0,0,false,,gx-no-cache=1636473366162 HTTP/1.1" 200 12386
190.171.149.74 - - [09/Nov/2021:12:07:26 -0300] "GET /cormun/servlet/solicitudot?b467feb46c99e049c09c95413d1555949c21bbb2b519022ffb568237f246aea40e0618b3684b7a88b18a6741118392a0,gx-no-cache=1636473371779 HTTP/1.1" 200 30
190.171.149.74 - - [09/Nov/2021:12:07:26 -0300] "GET /cormun/servlet/solicitudot?b467feb46c99e049c09c95413d155594d8ccb8262230b4051e4c8e14925900361acccb1da116d2eb52d8c2a8671ad43e44046ef1dd6937f2e9f7d83ddf862caf,gx-no-cache=1636473371851 HTTP/1.1" 200 30
190.171.149.74 - - [09/Nov/2021:12:07:26 -0300] "GET /cormun/servlet/solicitudot?b467feb46c99e049c09c95413d155594995411424f04564f171e75281d6aff52,gx-no-cache=1636473371877 HTTP/1.1" 200 60
190.171.149.74 - - [09/Nov/2021:12:07:27 -0300] "POST /cormun/servlet/solicitudot?gx-no-cache=1636473371909 HTTP/1.1" 200 255
190.171.149.74 - - [09/Nov/2021:12:07:27 -0300] "GET /cormun/servlet/solicitudot?b467feb46c99e049c09c95413d155594458ca13b94109d966d666e66ee2a18cdaec6a7ecc737b84e11b94fc9ecca5b8b4c942b3354036c9d8ec1b933d7bbc6476e3ea12dc90fc8c572178b642648423603330f7be926c82e9469eb205aea6c9d889c43e7e2c361437f526cfc4e0d99fae3325b5ecd19ce9d8b1232117f72eaf7514ae6a2ea6f5d36e60142c347ad96f87d6424cd7da967111aa81fe88d951f3f4377ade3a3056aa81407c42504f6b0bf89d1746474e9ced1f63181a644d7d2adc3cdea005a736e27be5b88f8af1c2c0ff1f1dd488f91da85223baed14bd5158503ea3ab6b89ae413fad801a03104c32e6866584c44542fc352bc2c74f7eadb244af2dc7ce1545c3cf96ff0a19a3f50c1317286da530ba5c0cb1d9e440327371cc1713a165c1ee7095a7b4d9f7748ab819b4cba649dc8d25bf4f2fe48cdf1b0a74045cb81d11c6a7bfd9f8feb4446a604122e8606949ba499bdac2a4319abbc5c4b187f07bad3dee86d1d7a80c360ffece907e023a8b2e74a828d17f05137a9b3,gx-no-cache=1636473371939 HTTP/1.1" 200 30
190.171.141.90 - - [09/Nov/2021:12:07:28 -0300] "POST /cormun/servlet/hlogin?e73143264fae1bf9113c11b24a594f06,gx-no-cache=1636469732075 HTTP/1.1" 200 90
190.171.141.90 - - [09/Nov/2021:12:07:28 -0300] "GET /cormun/servlet/hpexe_link HTTP/1.1" 200 955
190.171.141.90 - - [09/Nov/2021:12:07:28 -0300] "GET /cormun/servlet/hhome HTTP/1.1" 200 3974
190.171.141.90 - - [09/Nov/2021:12:07:28 -0300] "GET /cormun/servlet/hhome HTTP/1.1" 200 3970
190.171.149.74 - - [09/Nov/2021:12:07:31 -0300] "POST /cormun/servlet/solicitudot?gx-no-cache=1636473376543 HTTP/1.1" 200 30
190.171.141.90 - - [09/Nov/2021:12:07:32 -0300] "GET /cormun/servlet/trlicencias? HTTP/1.1" 200 18067
190.171.141.90 - - [09/Nov/2021:12:07:33 -0300] "GET /cormun/servlet/trlicencias? HTTP/1.1" 200 18057
190.171.149.74 - - [09/Nov/2021:12:07:37 -0300] "GET /cormun/static/Resources/resize.gif HTTP/1.1" 200 77
190.171.149.74 - - [09/Nov/2021:12:07:37 -0300] "GET /cormun/static/Resources/PXTools/ClosePrompt.png HTTP/1.1" 200 1036
190.171.149.74 - - [09/Nov/2021:12:07:37 -0300] "GET /cormun/servlet/prcontratosol?18015602,,,,,MD,,gxPopupLevel%3D0%3B HTTP/1.1" 200 8121
190.171.149.74 - - [09/Nov/2021:12:07:37 -0300] "GET /cormun/static/gxcfg.js?2019914201458 HTTP/1.1" 200 953
190.171.149.74 - - [09/Nov/2021:12:07:37 -0300] "GET /cormun/static/Resources/Spanish/PXTools.css?19172979 HTTP/1.1" 200 100853
190.171.149.74 - - [09/Nov/2021:12:07:37 -0300] "GET /cormun/static/menusearch.js?20201214473581 HTTP/1.1" 200 1424
190.171.149.74 - - [09/Nov/2021:12:07:37 -0300] "GET /cormun/static/prcontratosol.js?20199142014772 HTTP/1.1" 200 15806
190.171.149.74 - - [09/Nov/2021:12:07:37 -0300] "GET /cormun/static/hmpwkw011.js?20201215495555 HTTP/1.1" 200 1968
190.171.149.74 - - [09/Nov/2021:12:07:37 -0300] "GET /cormun/static/Resources/PXToolsMenuSearch.png HTTP/1.1" 200 336
190.171.149.74 - - [09/Nov/2021:12:07:37 -0300] "GET /cormun/static/Resources/PXToolsMenuSearchCancel.png HTTP/1.1" 200 306
190.171.141.90 - - [09/Nov/2021:12:07:38 -0300] "GET /cormun/servlet/licenciaspermisos?DSP,15430732,L,20211108000000, HTTP/1.1" 200 7077
190.171.141.90 - - [09/Nov/2021:12:07:39 -0300] "GET /cormun/servlet/licenciaspermisos?DSP,15430732,L,20211108000000, HTTP/1.1" 200 7076
190.171.149.74 - - [09/Nov/2021:12:07:44 -0300] "POST /cormun/servlet/solicitudot?gx-no-cache=1636473389612 HTTP/1.1" 200 1441
190.171.149.74 - - [09/Nov/2021:12:07:44 -0300] "POST /cormun/servlet/solicitudot?gx-no-cache=1636473389643 HTTP/1.1" 200 38
190.171.149.74 - - [09/Nov/2021:12:07:44 -0300] "GET /cormun/servlet/solicitudot?b467feb46c99e049c09c95413d155594704dcd4dc9a8ff3471fe2d58499f367dc15376795e6f71a301b5611c05ce90a0efb67905c37816e968bd90eb69976cc6bb68ee813a56dba445bacbba1b21fe458805d6e1eabea9107c74e29dcde36019e3b0b0f5480973a39d9d5aef7aaca674,gx-no-cache=1636473389662 HTTP/1.1" 200 110
190.171.149.74 - - [09/Nov/2021:12:07:44 -0300] "POST /cormun/servlet/solicitudot?gx-no-cache=1636473389690 HTTP/1.1" 200 97
