200.54.107.2 - - [08/Nov/2021:11:52:25 -0300] "GET /cormun/servlet/hlogin HTTP/1.1" 200 1749
200.54.107.2 - - [08/Nov/2021:11:52:25 -0300] "GET /cormun/static/gxcfg.js?201910216285969 HTTP/1.1" 200 953
200.54.107.2 - - [08/Nov/2021:11:52:25 -0300] "GET /cormun/static/hlogin.js?201910216285995 HTTP/1.1" 200 2136
200.54.107.2 - - [08/Nov/2021:11:52:25 -0300] "GET /cormun/servlet/trpermisosgoce HTTP/1.1" 200 6027
200.54.107.2 - - [08/Nov/2021:11:52:25 -0300] "GET /cormun/static/Resources/Logo2019_Grande.png HTTP/1.1" 200 31733
200.54.107.2 - - [08/Nov/2021:11:52:25 -0300] "GET /cormun/static/Resources/PXToolsLoginTop.png HTTP/1.1" 200 1337
200.54.107.2 - - [08/Nov/2021:11:52:25 -0300] "GET /cormun/static/Resources/PXToolsLoginBackground.png HTTP/1.1" 200 1164
200.54.107.2 - - [08/Nov/2021:11:52:26 -0300] "GET /cormun/static/Resources/PXToolsLoginBottom.png HTTP/1.1" 200 1389
181.212.43.89 - - [08/Nov/2021:11:52:27 -0300] "POST /cormun/servlet/permisosadjuntos?e36d00d3670186fffcf1807ef8986680,INS,7727562,P,20211108113715,, HTTP/1.1" 200 116
181.212.43.89 - - [08/Nov/2021:11:52:27 -0300] "GET /cormun/servlet/hpexe_return? HTTP/1.1" 200 1037
181.212.43.89 - - [08/Nov/2021:11:52:27 -0300] "GET /cormun/servlet/trpermisosadjuntos?7727562,20211108113715,P, HTTP/1.1" 200 6804
181.212.43.89 - - [08/Nov/2021:11:52:28 -0300] "GET /cormun/servlet/trpermisosadjuntos?7727562,20211108113715,P, HTTP/1.1" 200 6800
190.171.143.82 - - [08/Nov/2021:11:52:30 -0300] "POST /cormun/servlet/trpermisosgoce?a7a2d062901770f15d3fa9ebeea9468d,,gx-no-cache=1636382434917 HTTP/1.1" 200 4209
181.212.43.89 - - [08/Nov/2021:11:52:31 -0300] "POST /cormun/servlet/trpermisosadjuntos?e36d00d3670186fffcf1807ef8986680,7727562,20211108113715,P,,gx-no-cache=1636382436371 HTTP/1.1" 200 90
181.212.43.89 - - [08/Nov/2021:11:52:31 -0300] "GET /cormun/servlet/hpexe_link HTTP/1.1" 200 983
181.212.43.89 - - [08/Nov/2021:11:52:32 -0300] "GET /cormun/servlet/trpermisosgoce HTTP/1.1" 200 10654
181.212.43.89 - - [08/Nov/2021:11:52:32 -0300] "GET /cormun/servlet/trpermisosgoce HTTP/1.1" 200 10671
190.171.143.82 - - [08/Nov/2021:11:52:33 -0300] "GET /cormun/static/menuarrow.gif HTTP/1.1" 404 1015
181.212.43.89 - - [08/Nov/2021:11:52:35 -0300] "POST /cormun/servlet/trpermisosgoce?e36d00d3670186fffcf1807ef8986680,gx-no-cache=1636382440060 HTTP/1.1" 200 7903
181.212.43.89 - - [08/Nov/2021:11:52:35 -0300] "GET /cormun/static/Shared/jqueryui/images/ui-bg_highlight-soft_100_c6c2c8_1x100.png HTTP/1.1" 404 1117
181.212.43.89 - - [08/Nov/2021:11:52:35 -0300] "GET /cormun/static/Shared/jqueryui/images/ui-icons_82798d_256x240.png HTTP/1.1" 404 1089
181.212.43.89 - - [08/Nov/2021:11:52:35 -0300] "GET /cormun/static/Shared/jqueryui/images/ui-bg_flat_55_fafafa_40x100.png HTTP/1.1" 404 1097
181.212.43.89 - - [08/Nov/2021:11:52:35 -0300] "GET /cormun/static/Shared/jqueryui/images/ui-icons_8d78a5_256x240.png HTTP/1.1" 404 1089
200.54.107.2 - - [08/Nov/2021:11:52:36 -0300] "POST /cormun/servlet/hlogin?47b1305697142caed1dfe1828e75bd2f,gx-no-cache=1636382440901 HTTP/1.1" 200 90
200.54.107.2 - - [08/Nov/2021:11:52:36 -0300] "GET /cormun/servlet/hpexe_link HTTP/1.1" 200 960
200.54.107.2 - - [08/Nov/2021:11:52:36 -0300] "GET /cormun/static/gxcfg.js?201991422392958 HTTP/1.1" 200 953
200.54.107.2 - - [08/Nov/2021:11:52:36 -0300] "GET /cormun/static/hpexe_link.js?201991422392963 HTTP/1.1" 200 625
200.54.107.2 - - [08/Nov/2021:11:52:36 -0300] "GET /cormun/servlet/trpermisosgoce HTTP/1.1" 200 11977
200.54.107.2 - - [08/Nov/2021:11:52:37 -0300] "GET /cormun/servlet/trpermisosgoce HTTP/1.1" 200 11980
186.67.172.234 - - [08/Nov/2021:11:52:39 -0300] "POST /cormun/servlet/trlicencias?bcf14dcee2a1f93cfffd436f11442d64,,gx-no-cache=1636382444113 HTTP/1.1" 440 972
186.67.172.234 - - [08/Nov/2021:11:52:42 -0300] "GET /cormun/servlet/trlicencias? HTTP/1.1" 200 6041
186.67.172.234 - - [08/Nov/2021:11:52:42 -0300] "GET /cormun/servlet/hlogin HTTP/1.1" 200 1745
186.67.172.234 - - [08/Nov/2021:11:52:42 -0300] "GET /cormun/servlet/trlicencias? HTTP/1.1" 200 6041
190.171.143.82 - - [08/Nov/2021:11:52:43 -0300] "POST /cormun/servlet/trpermisosgoce?a7a2d062901770f15d3fa9ebeea9468d,,gx-no-cache=1636382448190 HTTP/1.1" 200 4211
190.171.143.82 - - [08/Nov/2021:11:52:46 -0300] "POST /cormun/servlet/trpermisosgoce?a7a2d062901770f15d3fa9ebeea9468d,,gx-no-cache=1636382451160 HTTP/1.1" 200 4210
200.54.107.2 - - [08/Nov/2021:11:52:47 -0300] "POST /cormun/servlet/trpermisosgoce?47b1305697142caed1dfe1828e75bd2f,gx-no-cache=1636382451921 HTTP/1.1" 200 13827
186.67.172.234 - - [08/Nov/2021:11:52:48 -0300] "POST /cormun/servlet/hlogin?9576305f6b89cb03e7d3ea6cd253543a,gx-no-cache=1636382453240 HTTP/1.1" 200 90
186.67.172.234 - - [08/Nov/2021:11:52:48 -0300] "GET /cormun/servlet/hpexe_link HTTP/1.1" 200 960
186.67.172.234 - - [08/Nov/2021:11:52:49 -0300] "GET /cormun/servlet/trlicencias HTTP/1.1" 200 16616
186.67.172.234 - - [08/Nov/2021:11:52:49 -0300] "GET /cormun/servlet/trlicencias HTTP/1.1" 200 16645
200.54.107.2 - - [08/Nov/2021:11:52:51 -0300] "POST /cormun/servlet/trpermisosgoce?47b1305697142caed1dfe1828e75bd2f,gx-no-cache=1636382455873 HTTP/1.1" 200 104
200.54.107.2 - - [08/Nov/2021:11:52:51 -0300] "GET /cormun/PermisosGoce-7085.xls HTTP/1.1" 200 12800
186.67.172.234 - - [08/Nov/2021:11:52:52 -0300] "POST /cormun/servlet/trlicencias?9576305f6b89cb03e7d3ea6cd253543a,gx-no-cache=1636382457022 HTTP/1.1" 200 14413
186.67.172.234 - - [08/Nov/2021:11:52:59 -0300] "POST /cormun/servlet/trlicencias?9576305f6b89cb03e7d3ea6cd253543a,gx-no-cache=1636382463849 HTTP/1.1" 200 14417
186.67.172.234 - - [08/Nov/2021:11:53:01 -0300] "POST /cormun/servlet/trlicencias?9576305f6b89cb03e7d3ea6cd253543a,gx-no-cache=1636382465377 HTTP/1.1" 200 14454
190.171.143.82 - - [08/Nov/2021:11:53:19 -0300] "GET /cormun/servlet/trsolicitudot? HTTP/1.1" 200 7569
190.171.143.82 - - [08/Nov/2021:11:53:21 -0300] "GET /cormun/servlet/trsolicitudot? HTTP/1.1" 200 7568
190.171.143.82 - - [08/Nov/2021:11:53:31 -0300] "GET /cormun/static/menuarrow.gif HTTP/1.1" 404 1015
190.171.143.82 - - [08/Nov/2021:11:53:36 -0300] "POST /cormun/servlet/trsolicitudot?a7a2d062901770f15d3fa9ebeea9468d,,gx-no-cache=1636382501390 HTTP/1.1" 200 4632
190.171.143.82 - - [08/Nov/2021:11:53:46 -0300] "POST /cormun/servlet/trsolicitudot?a7a2d062901770f15d3fa9ebeea9468d,,gx-no-cache=1636382510814 HTTP/1.1" 200 4635
190.171.141.90 - - [08/Nov/2021:11:55:15 -0300] "POST /cormun/servlet/solicitudot?gx-no-cache=1636382600092 HTTP/1.1" 440 972
190.171.141.90 - - [08/Nov/2021:11:55:18 -0300] "POST /cormun/servlet/solicitudot?d94af5e81dced0f635907eb737c31884,INS,0,0,false,,gx-no-cache=1636382602801 HTTP/1.1" 440 972
190.171.141.90 - - [08/Nov/2021:11:55:18 -0300] "GET /cormun/servlet/solicitudot?INS,0,0,false, HTTP/1.1" 200 14769
190.171.141.90 - - [08/Nov/2021:11:55:19 -0300] "GET /cormun/servlet/solicitudot?INS,0,0,false, HTTP/1.1" 200 14769
190.171.141.90 - - [08/Nov/2021:11:55:19 -0300] "GET /cormun/servlet/hlogin HTTP/1.1" 200 1755
190.171.141.90 - - [08/Nov/2021:11:55:19 -0300] "GET /cormun/servlet/solicitudot?INS,0,0,false, HTTP/1.1" 200 14769
190.171.141.90 - - [08/Nov/2021:11:55:23 -0300] "POST /cormun/servlet/hlogin?259473e3a1eeccf9aac5ce90c5668c7a,gx-no-cache=1636382607410 HTTP/1.1" 200 90
190.171.141.90 - - [08/Nov/2021:11:55:23 -0300] "GET /cormun/servlet/hpexe_link HTTP/1.1" 200 970
190.171.141.90 - - [08/Nov/2021:11:55:23 -0300] "GET /cormun/servlet/solicitudot?INS,0,0,false, HTTP/1.1" 200 15440
190.171.141.90 - - [08/Nov/2021:11:55:23 -0300] "GET /cormun/servlet/solicitudot?INS,0,0,false, HTTP/1.1" 200 15447
190.171.141.90 - - [08/Nov/2021:11:55:34 -0300] "POST /cormun/servlet/solicitudot?gx-no-cache=1636382618553 HTTP/1.1" 200 3778
190.171.141.90 - - [08/Nov/2021:11:55:34 -0300] "POST /cormun/servlet/solicitudot?259473e3a1eeccf9aac5ce90c5668c7a,INS,0,0,false,,gx-no-cache=1636382618727 HTTP/1.1" 200 12015
190.171.141.90 - - [08/Nov/2021:11:55:37 -0300] "GET /cormun/servlet/solicitudot?bad17746cb5a310fdcdfcfaeeb72d69db86943e4881eac1bcc55298566715ace3ab21d6f41ac3e60889529b795e0c736,gx-no-cache=1636382622026 HTTP/1.1" 200 30
205.185.121.173 - - [08/Nov/2021:11:56:13 -0300] "GET /manager/html HTTP/1.1" 401 2474
190.171.143.82 - - [08/Nov/2021:11:56:43 -0300] "GET /cormun/servlet/trfichaempleado? HTTP/1.1" 200 13569
190.171.143.82 - - [08/Nov/2021:11:58:10 -0300] "GET /cormun/servlet/trpermisosgoce? HTTP/1.1" 200 7116
190.171.143.82 - - [08/Nov/2021:11:58:13 -0300] "GET /cormun/servlet/trpermisosgoce? HTTP/1.1" 200 7115
190.171.143.82 - - [08/Nov/2021:11:58:15 -0300] "GET /cormun/servlet/permisogoce?INS,0,,, HTTP/1.1" 200 7241
190.171.143.82 - - [08/Nov/2021:11:58:17 -0300] "GET /cormun/servlet/permisogoce?INS,0,,, HTTP/1.1" 200 7242
190.171.143.82 - - [08/Nov/2021:11:58:23 -0300] "GET /cormun/servlet/permisogoce?b278e0b87eb9012f22fce24c1d5478e47f2168866e34da1d1606b8ffe8d0c374408b0cb967897acc80e05644699d1b78ba75e2de0d2ec179281e23e51106e50e,gx-no-cache=1636382787733 HTTP/1.1" 200 76
190.171.143.82 - - [08/Nov/2021:12:01:08 -0300] "GET /cormun/static/menuarrow.gif HTTP/1.1" 404 1015
190.171.143.82 - - [08/Nov/2021:12:01:11 -0300] "GET /cormun/servlet/permisogoce?b278e0b87eb9012f22fce24c1d5478e441f458404b8c517bb235c18c598e85920e635547916eb5937a2d315647d8939530a8f1f945275633c2815ef5180e7e54,gx-no-cache=1636382956422 HTTP/1.1" 200 45
190.171.143.82 - - [08/Nov/2021:12:01:13 -0300] "POST /cormun/servlet/permisogoce?a7a2d062901770f15d3fa9ebeea9468d,INS,0,,,,gx-no-cache=1636382957768 HTTP/1.1" 200 93
190.171.143.82 - - [08/Nov/2021:12:01:13 -0300] "GET /cormun/servlet/hpexe_return? HTTP/1.1" 200 1008
190.171.143.82 - - [08/Nov/2021:12:01:14 -0300] "GET /cormun/servlet/trpermisosgoce HTTP/1.1" 200 8043
190.171.143.82 - - [08/Nov/2021:12:01:16 -0300] "GET /cormun/servlet/trpermisosgoce HTTP/1.1" 200 8040
190.171.143.82 - - [08/Nov/2021:12:01:20 -0300] "GET /cormun/servlet/apermisogoceprn?20442069,P,20211108114400,PU HTTP/1.1" 200 1663
192.168.10.96 - - [08/Nov/2021:12:02:03 -0300] "GET /cormun/servlet/trsolicitudgral? HTTP/1.1" 500 10
192.168.10.96 - - [08/Nov/2021:12:02:07 -0300] "GET /cormun/servlet/hlogin HTTP/1.1" 200 1728
200.111.191.213 - - [08/Nov/2021:12:02:08 -0300] "GET /cormun/servlet/trsolicitudot? HTTP/1.1" 200 6312
200.111.191.213 - - [08/Nov/2021:12:02:08 -0300] "GET /cormun/servlet/hlogin HTTP/1.1" 200 1736
200.111.191.213 - - [08/Nov/2021:12:02:08 -0300] "GET /cormun/servlet/trsolicitudot? HTTP/1.1" 200 6310
192.168.10.96 - - [08/Nov/2021:12:02:09 -0300] "POST /cormun/servlet/hlogin?dc8897ff8983805771cd1bc2f972904f,gx-no-cache=1636382874176 HTTP/1.1" 200 90
192.168.10.96 - - [08/Nov/2021:12:02:09 -0300] "GET /cormun/servlet/hpexe_link HTTP/1.1" 200 956
192.168.10.96 - - [08/Nov/2021:12:02:09 -0300] "GET /cormun/servlet/hhome HTTP/1.1" 200 3766
192.168.10.96 - - [08/Nov/2021:12:02:10 -0300] "GET /cormun/servlet/hhome HTTP/1.1" 200 3763
192.168.10.96 - - [08/Nov/2021:12:02:12 -0300] "GET /cormun/servlet/trsolicitudgral? HTTP/1.1" 200 20725
192.168.10.96 - - [08/Nov/2021:12:02:13 -0300] "GET /cormun/servlet/trsolicitudgral? HTTP/1.1" 200 20723
200.111.191.213 - - [08/Nov/2021:12:02:13 -0300] "POST /cormun/servlet/hlogin?f23c5e659fdb5176318eaecd5087cdb1,gx-no-cache=1636383289703 HTTP/1.1" 200 90
200.111.191.213 - - [08/Nov/2021:12:02:13 -0300] "GET /cormun/servlet/hpexe_link HTTP/1.1" 200 952
200.111.191.213 - - [08/Nov/2021:12:02:13 -0300] "GET /cormun/servlet/trsolicitudot HTTP/1.1" 200 7003
200.111.191.213 - - [08/Nov/2021:12:02:13 -0300] "GET /cormun/servlet/trsolicitudot HTTP/1.1" 200 7002
200.111.191.213 - - [08/Nov/2021:12:02:16 -0300] "GET /cormun/static/menuarrow.gif HTTP/1.1" 404 1015
192.168.10.96 - - [08/Nov/2021:12:02:17 -0300] "POST /cormun/servlet/trsolicitudgral?dc8897ff8983805771cd1bc2f972904f,,gx-no-cache=1636382882156 HTTP/1.1" 200 7127
192.168.10.96 - - [08/Nov/2021:12:02:21 -0300] "POST /cormun/servlet/trsolicitudgral?dc8897ff8983805771cd1bc2f972904f,,gx-no-cache=1636382885967 HTTP/1.1" 200 5252
192.168.10.96 - - [08/Nov/2021:12:02:25 -0300] "POST /cormun/servlet/trsolicitudgral?dc8897ff8983805771cd1bc2f972904f,,gx-no-cache=1636382889896 HTTP/1.1" 200 5250
200.111.191.213 - - [08/Nov/2021:12:02:31 -0300] "POST /cormun/servlet/trsolicitudot?f23c5e659fdb5176318eaecd5087cdb1,gx-no-cache=1636383307636 HTTP/1.1" 200 5545
192.168.10.96 - - [08/Nov/2021:12:02:32 -0300] "POST /cormun/servlet/trsolicitudgral?dc8897ff8983805771cd1bc2f972904f,,gx-no-cache=1636382896945 HTTP/1.1" 200 10721
205.185.121.173 - - [08/Nov/2021:12:03:36 -0300] "GET /manager/html HTTP/1.1" 401 2474
190.171.141.90 - - [08/Nov/2021:12:06:30 -0300] "GET /cormun/servlet/prbanco?,MD,,gxPopupLevel%3D0%3B HTTP/1.1" 200 6538
190.171.141.90 - - [08/Nov/2021:12:06:30 -0300] "GET /cormun/static/gxcfg.js?20201216131581 HTTP/1.1" 200 953
190.171.141.90 - - [08/Nov/2021:12:06:30 -0300] "GET /cormun/static/prbanco.js?20201216132311 HTTP/1.1" 200 10693
190.171.141.90 - - [08/Nov/2021:12:06:39 -0300] "GET /cormun/servlet/solicitudot?bad17746cb5a310fdcdfcfaeeb72d69d047d346e56ea8e9c5eff09f7126ed9eea7743224f24675cf792ac742acae4fabdd7761ba42c2323e2b52b7a601f7691c,gx-no-cache=1636383284017 HTTP/1.1" 200 30
190.171.141.90 - - [08/Nov/2021:12:06:42 -0300] "GET /cormun/servlet/solicitudot?bad17746cb5a310fdcdfcfaeeb72d69dca3a5fe49e45b39a9ca020f9ef5bde68,gx-no-cache=1636383287241 HTTP/1.1" 200 45
190.171.141.90 - - [08/Nov/2021:12:07:04 -0300] "POST /cormun/servlet/solicitudot?gx-no-cache=1636383309285 HTTP/1.1" 200 255
190.171.141.90 - - [08/Nov/2021:12:07:09 -0300] "GET /cormun/servlet/solicitudot?bad17746cb5a310fdcdfcfaeeb72d69d027240c4ed91ba43c40c2367f71989c69e823968779b9202c58afabd79a6823c4c2162c20e9b80cc89a4cf14ec998eebf3ad0d663b6c667d5d48fd31f2368a23a8ff4945c61053bfd64e4cada1e4bacc0e810a2f9939c99b717c19c8a17a0fba8a25610b4587db70ea994917a914e796a619342cfd404a15cd91eea52c4b2d08442b678ba811fb0080beda12847822a397803a94aa60aca33b1622e44d0407c34c1dd31b9a2554ad8348c23d7be777c2732b9fe1815bccaa2af12dd71d38d0aa8cc5d8ef64bf15b5643f9aa0c0b2cfdaf957ce2d4d374f1bbb156612654fff5dd750213c4f90ea7a476a3bf73f11cd335ce183484ab772b359f19863189e7b48ba4a4d286286db83f968832866e32638d1c4b61bfe4220c13a8f07a0755f6ab007bd3517160ca5247f3c3cde3391cf6967740b94e4149e5fc0e9ca541806b9afaaa4f4d97aa0dfa17b1ec150fe486e97f34b710e96289214ac70c11d56c57775170d46675007e3b2f35d8d83660ec0ee,gx-no-cache=1636383313894 HTTP/1.1" 200 30
190.171.141.90 - - [08/Nov/2021:12:07:46 -0300] "POST /cormun/servlet/solicitudot?gx-no-cache=1636383350611 HTTP/1.1" 200 298
190.171.141.90 - - [08/Nov/2021:12:07:50 -0300] "GET /cormun/servlet/solicitudot?bad17746cb5a310fdcdfcfaeeb72d69d027240c4ed91ba43c40c2367f71989c6c755c47abbb52e7bd2206b4e2b4ab0654c2162c20e9b80cc89a4cf14ec998eebf3ad0d663b6c667d5d48fd31f2368a23a8ff4945c61053bfd64e4cada1e4bacc0e810a2f9939c99b717c19c8a17a0fba8a25610b4587db70ea994917a914e796a619342cfd404a15cd91eea52c4b2d08442b678ba811fb0080beda12847822a397803a94aa60aca33b1622e44d0407c34c1dd31b9a2554ad8348c23d7be777c2732b9fe1815bccaa2af12dd71d38d0aa8cc5d8ef64bf15b5643f9aa0c0b2cfdaf957ce2d4d374f1bbb156612654fff5d2084ca962cf323aed0bb43e6eb4e9b745ce183484ab772b359f19863189e7b482860e42a2d5d25ae889aa35a157ef706b970b7804f0673d64e4c028720218dc6633be44cbab0d8dd0efe12d4cd718f8ecae8aeb1aede6edfdc2ddd101a7d205ace0ad626265a9166580606ef98945ee3fd3fc4a3820f17c92c8d22b21c22a946b9d72076cecaf90ac28d7dd2511e247dbc4e8e520d79230dd09d06dd044d75a8,gx-no-cache=1636383355367 HTTP/1.1" 200 30
190.171.141.90 - - [08/Nov/2021:12:07:54 -0300] "POST /cormun/servlet/solicitudot?gx-no-cache=1636383359267 HTTP/1.1" 200 30
190.171.152.138 - - [08/Nov/2021:12:08:31 -0300] "GET /cormun/servlet/hlogin HTTP/1.1" 200 1733
190.171.152.138 - - [08/Nov/2021:12:08:43 -0300] "POST /cormun/servlet/hlogin?14133cc10f67f1ff3f954957b39a47eb,gx-no-cache=1636383408008 HTTP/1.1" 200 90
190.171.152.138 - - [08/Nov/2021:12:08:43 -0300] "GET /cormun/servlet/hpexe_link HTTP/1.1" 200 956
190.171.152.138 - - [08/Nov/2021:12:08:43 -0300] "GET /cormun/servlet/hhome HTTP/1.1" 200 3860
190.171.152.138 - - [08/Nov/2021:12:08:44 -0300] "GET /cormun/servlet/hhome HTTP/1.1" 200 3857
190.171.152.138 - - [08/Nov/2021:12:08:47 -0300] "GET /cormun/servlet/trlicencias? HTTP/1.1" 200 10960
190.171.152.138 - - [08/Nov/2021:12:08:47 -0300] "GET /cormun/servlet/trlicencias? HTTP/1.1" 200 10957
205.185.121.173 - - [08/Nov/2021:12:10:56 -0300] "GET /manager/html HTTP/1.1" 401 2474
190.171.141.90 - - [08/Nov/2021:12:11:17 -0300] "POST /cormun/servlet/solicitudot?gx-no-cache=1636383562442 HTTP/1.1" 200 255
190.171.141.90 - - [08/Nov/2021:12:11:24 -0300] "GET /cormun/servlet/solicitudot?bad17746cb5a310fdcdfcfaeeb72d69d027240c4ed91ba43c40c2367f71989c69e823968779b9202c58afabd79a6823c4c2162c20e9b80cc89a4cf14ec998eebf3ad0d663b6c667d5d48fd31f2368a23a8ff4945c61053bfd64e4cada1e4bacc0e810a2f9939c99b717c19c8a17a0fba8a25610b4587db70ea994917a914e796a619342cfd404a15cd91eea52c4b2d08442b678ba811fb0080beda12847822a397803a94aa60aca33b1622e44d0407c34c1dd31b9a2554ad8348c23d7be777c2732b9fe1815bccaa2af12dd71d38d0aa8cc5d8ef64bf15b5643f9aa0c0b2cfdaf957ce2d4d374f1bbb156612654fff5dd750213c4f90ea7a476a3bf73f11cd335ce183484ab772b359f19863189e7b48ba4a4d286286db83f968832866e32638d1c4b61bfe4220c13a8f07a0755f6ab007bd3517160ca5247f3c3cde3391cf6967740b94e4149e5fc0e9ca541806b9afaaa4f4d97aa0dfa17b1ec150fe486e97f34b710e96289214ac70c11d56c57775c8b3e482d898a4092aedcdf1c87d920e,gx-no-cache=1636383568625 HTTP/1.1" 200 30
190.171.149.74 - - [08/Nov/2021:12:12:57 -0300] "GET /cormun/servlet/hlogin HTTP/1.1" 200 1729
190.171.149.74 - - [08/Nov/2021:12:13:02 -0300] "POST /cormun/servlet/hlogin?6168b6858316d8551271a26a7456a4e2,gx-no-cache=1636387307339 HTTP/1.1" 200 90
190.171.149.74 - - [08/Nov/2021:12:13:02 -0300] "GET /cormun/servlet/hpexe_link HTTP/1.1" 200 956
190.171.149.74 - - [08/Nov/2021:12:13:02 -0300] "GET /cormun/servlet/hhome HTTP/1.1" 200 3983
190.171.149.74 - - [08/Nov/2021:12:13:03 -0300] "GET /cormun/servlet/hhome HTTP/1.1" 200 3979
190.171.149.74 - - [08/Nov/2021:12:13:05 -0300] "GET /cormun/servlet/trpermisosgoce? HTTP/1.1" 200 12469
190.171.149.74 - - [08/Nov/2021:12:13:06 -0300] "GET /cormun/servlet/trpermisosgoce? HTTP/1.1" 200 12467
190.171.149.74 - - [08/Nov/2021:12:13:08 -0300] "GET /cormun/servlet/permisogoce?INS,0,,, HTTP/1.1" 200 6846
190.171.149.74 - - [08/Nov/2021:12:13:09 -0300] "GET /cormun/servlet/permisogoce?INS,0,,, HTTP/1.1" 200 6846
190.171.141.90 - - [08/Nov/2021:12:13:45 -0300] "POST /cormun/servlet/solicitudot?gx-no-cache=1636383709916 HTTP/1.1" 200 30
190.171.141.90 - - [08/Nov/2021:12:13:45 -0300] "POST /cormun/servlet/solicitudot?gx-no-cache=1636383710060 HTTP/1.1" 200 1440
190.171.141.90 - - [08/Nov/2021:12:13:45 -0300] "POST /cormun/servlet/solicitudot?gx-no-cache=1636383710118 HTTP/1.1" 200 38
190.171.141.90 - - [08/Nov/2021:12:13:45 -0300] "GET /cormun/servlet/solicitudot?bad17746cb5a310fdcdfcfaeeb72d69d384e7fe51d26857df5cf4e2329a3acfe29d19385333a55017ddd64fc50bb7856943de2fbae0b3bd9d90a386252d5aa13f4b90d829cf781adf7f9a2ef81f697c4cf120b2fcdadb77e391bec622f990489e186d712b30e25ff98444475c2636338,gx-no-cache=1636383710168 HTTP/1.1" 200 110
190.171.141.90 - - [08/Nov/2021:12:13:46 -0300] "POST /cormun/servlet/solicitudot?gx-no-cache=1636383710527 HTTP/1.1" 200 97
190.171.149.74 - - [08/Nov/2021:12:13:49 -0300] "GET /cormun/servlet/permisogoce?ebf7c9900f3870a9bb62bebbb3783de5b84e66c3bf0f504b4cc99d7e37f9ede45a22f52a9636d380f0a4dffaa0c9c27aad3c0a55e9f0d14ddfb5f2a42661a26c,gx-no-cache=1636387353693 HTTP/1.1" 200 73
190.171.149.74 - - [08/Nov/2021:12:13:51 -0300] "GET /cormun/static/menuarrow.gif HTTP/1.1" 404 1015
190.171.149.74 - - [08/Nov/2021:12:13:56 -0300] "GET /cormun/servlet/permisogoce?ebf7c9900f3870a9bb62bebbb3783de506e4d75ba18ca54f98afbe4c54232063400e821e7e61d130dd0a2252e5cb49c39178e6374dc120a17c8f34f0c4d3f01d,gx-no-cache=1636387360902 HTTP/1.1" 200 47
190.171.141.90 - - [08/Nov/2021:12:14:03 -0300] "POST /cormun/servlet/solicitudot?gx-no-cache=1636383727662 HTTP/1.1" 200 240
190.171.141.90 - - [08/Nov/2021:12:14:05 -0300] "GET /cormun/servlet/solicitudot?bad17746cb5a310fdcdfcfaeeb72d69d027240c4ed91ba43c40c2367f71989c679a2a431c4e849aa7eff6ebf2f2e38624c2162c20e9b80cc89a4cf14ec998eebf3ad0d663b6c667d5d48fd31f2368a23a8ff4945c61053bfd64e4cada1e4bacc0e810a2f9939c99b717c19c8a17a0fba8a25610b4587db70ea994917a914e796a619342cfd404a15cd91eea52c4b2d08442b678ba811fb0080beda12847822a397803a94aa60aca33b1622e44d0407c34c1dd31b9a2554ad8348c23d7be777c2732b9fe1815bccaa2af12dd71d38d0aa8cc5d8ef64bf15b5643f9aa0c0b2cfdaf957ce2d4d374f1bbb156612654fff5dd750213c4f90ea7a476a3bf73f11cd335ce183484ab772b359f19863189e7b482860e42a2d5d25ae889aa35a157ef706b970b7804f0673d64e4c028720218dc6633be44cbab0d8dd0efe12d4cd718f8e5af756f12e72898f5e5da556905eb2e92f363cb9b55786d612057deeb981b53647a7534fd454e5ed8331bddaf7851cf24cbdb8b7fba143aa4bf411b1eb9a80bb,gx-no-cache=1636383730012 HTTP/1.1" 200 30
190.171.149.74 - - [08/Nov/2021:12:14:10 -0300] "POST /cormun/servlet/permisogoce?6168b6858316d8551271a26a7456a4e2,INS,0,,,,gx-no-cache=1636387374891 HTTP/1.1" 200 93
190.171.149.74 - - [08/Nov/2021:12:14:10 -0300] "GET /cormun/servlet/hpexe_return? HTTP/1.1" 200 1014
190.171.149.74 - - [08/Nov/2021:12:14:11 -0300] "GET /cormun/servlet/trpermisosgoce HTTP/1.1" 200 12793
190.171.149.74 - - [08/Nov/2021:12:14:11 -0300] "GET /cormun/servlet/trpermisosgoce HTTP/1.1" 200 12788
190.171.149.74 - - [08/Nov/2021:12:14:13 -0300] "GET /cormun/servlet/apermisogoceprn?14049072,P,20211108115853,PU HTTP/1.1" 200 1644
190.171.141.90 - - [08/Nov/2021:12:14:17 -0300] "POST /cormun/servlet/solicitudot?gx-no-cache=1636383742452 HTTP/1.1" 200 30
190.171.141.90 - - [08/Nov/2021:12:14:51 -0300] "GET /cormun/servlet/prlicenciaspermisos?9525565,L,,MD,,gxPopupLevel%3D0%3B HTTP/1.1" 200 5690
190.171.141.90 - - [08/Nov/2021:12:14:55 -0300] "POST /cormun/servlet/solicitudot?gx-no-cache=1636383780235 HTTP/1.1" 200 1440
190.171.141.90 - - [08/Nov/2021:12:15:00 -0300] "POST /cormun/servlet/solicitudot?gx-no-cache=1636383784852 HTTP/1.1" 200 40
190.171.141.90 - - [08/Nov/2021:12:15:26 -0300] "GET /cormun/servlet/solicitudot?bad17746cb5a310fdcdfcfaeeb72d69d384e7fe51d26857df5cf4e2329a3acfe29d19385333a55017ddd64fc50bb7856943de2fbae0b3bd9d90a386252d5aa13f4b90d829cf781adf7f9a2ef81f697c4cf120b2fcdadb77e391bec622f990489e186d712b30e25ff98444475c2636338,gx-no-cache=1636383810949 HTTP/1.1" 200 110
190.171.141.90 - - [08/Nov/2021:12:15:26 -0300] "POST /cormun/servlet/solicitudot?gx-no-cache=1636383811099 HTTP/1.1" 200 97
190.171.141.90 - - [08/Nov/2021:12:15:39 -0300] "GET /cormun/servlet/solicitudot?bad17746cb5a310fdcdfcfaeeb72d69de00382365fe573a46910fab5454813f2e6706d9cbd7f2bf8f3a873a926823dbeb4f23710186d853425335a9a705952f899e86f0336c5a2539da9d566eea46206e7d2ecbb43876289b38d79f7e2201fa8a1f0af2b4f8a6ec02e6120e08c40b0a0,gx-no-cache=1636383823946 HTTP/1.1" 200 29
190.171.141.90 - - [08/Nov/2021:12:15:39 -0300] "GET /cormun/static/menuarrow.gif HTTP/1.1" 404 1015
190.171.152.138 - - [08/Nov/2021:12:15:49 -0300] "GET /cormun/servlet/hlogin HTTP/1.1" 200 1749
190.171.152.138 - - [08/Nov/2021:12:15:53 -0300] "GET /cormun/servlet/trlicencias? HTTP/1.1" 200 6222
190.171.152.138 - - [08/Nov/2021:12:15:53 -0300] "GET /cormun/servlet/hlogin HTTP/1.1" 200 1749
190.171.152.138 - - [08/Nov/2021:12:15:53 -0300] "GET /cormun/servlet/trlicencias? HTTP/1.1" 200 6221
190.171.143.82 - - [08/Nov/2021:12:15:54 -0300] "POST /cormun/servlet/trpermisosgoce?a7a2d062901770f15d3fa9ebeea9468d,gx-no-cache=1636383838580 HTTP/1.1" 200 15778
190.171.143.82 - - [08/Nov/2021:12:15:55 -0300] "GET /cormun/static/Resources/PXToolsGridNext.gif HTTP/1.1" 200 369
190.171.143.82 - - [08/Nov/2021:12:15:55 -0300] "GET /cormun/static/Resources/PXToolsGridLast.gif HTTP/1.1" 200 370
190.171.141.90 - - [08/Nov/2021:12:16:00 -0300] "GET /cormun/servlet/solicitudot?bad17746cb5a310fdcdfcfaeeb72d69d63cd6ae03f66847af76f8815e7506b91e22708f9b55c9bb46ae9effeb7ecee8b,gx-no-cache=1636383845197 HTTP/1.1" 200 30
190.171.141.90 - - [08/Nov/2021:12:16:00 -0300] "POST /cormun/servlet/solicitudot?gx-no-cache=1636383845360 HTTP/1.1" 200 34
186.67.172.234 - - [08/Nov/2021:12:16:18 -0300] "POST /cormun/servlet/trlicencias?9576305f6b89cb03e7d3ea6cd253543a,gx-no-cache=1636383862587 HTTP/1.1" 200 14435
190.171.141.90 - - [08/Nov/2021:12:16:33 -0300] "POST /cormun/servlet/solicitudot?259473e3a1eeccf9aac5ce90c5668c7a,INS,0,0,false,,gx-no-cache=1636383877215 HTTP/1.1" 200 93
190.171.141.90 - - [08/Nov/2021:12:16:33 -0300] "GET /cormun/servlet/hpexe_return? HTTP/1.1" 200 1013
190.171.141.90 - - [08/Nov/2021:12:16:33 -0300] "GET /cormun/servlet/hhome HTTP/1.1" 200 3980
190.171.141.90 - - [08/Nov/2021:12:16:33 -0300] "GET /cormun/servlet/hhome HTTP/1.1" 200 3974
190.171.141.90 - - [08/Nov/2021:12:16:47 -0300] "GET /cormun/servlet/trvisualizadoreventos? HTTP/1.1" 200 6712
190.171.141.90 - - [08/Nov/2021:12:16:48 -0300] "GET /cormun/servlet/trvisualizadoreventos? HTTP/1.1" 200 6711
190.171.141.90 - - [08/Nov/2021:12:16:57 -0300] "GET /cormun/servlet/trvisualizadoreventos? HTTP/1.1" 200 6711
190.171.141.90 - - [08/Nov/2021:12:16:58 -0300] "GET /cormun/servlet/trvisualizadoreventos? HTTP/1.1" 200 6711
190.171.141.90 - - [08/Nov/2021:12:16:59 -0300] "POST /cormun/servlet/trvisualizadoreventos?259473e3a1eeccf9aac5ce90c5668c7a,,gx-no-cache=1636383904024 HTTP/1.1" 200 111
190.171.141.90 - - [08/Nov/2021:12:16:59 -0300] "GET /cormun/VisualizadorEventos-5531.xls HTTP/1.1" 200 4096
190.171.141.90 - - [08/Nov/2021:12:17:30 -0300] "POST /cormun/servlet/acontrolpreferencessavestate?None,CD-07,true HTTP/1.1" 200 35
190.171.141.90 - - [08/Nov/2021:12:17:36 -0300] "POST /cormun/servlet/trvisualizadoreventos?259473e3a1eeccf9aac5ce90c5668c7a,,gx-no-cache=1636383941172 HTTP/1.1" 200 3999
190.171.141.90 - - [08/Nov/2021:12:17:43 -0300] "POST /cormun/servlet/trvisualizadoreventos?259473e3a1eeccf9aac5ce90c5668c7a,,gx-no-cache=1636383948236 HTTP/1.1" 200 4001
190.171.141.90 - - [08/Nov/2021:12:17:44 -0300] "POST /cormun/servlet/trvisualizadoreventos?259473e3a1eeccf9aac5ce90c5668c7a,,gx-no-cache=1636383949259 HTTP/1.1" 200 4001
190.171.141.90 - - [08/Nov/2021:12:17:47 -0300] "POST /cormun/servlet/trvisualizadoreventos?259473e3a1eeccf9aac5ce90c5668c7a,,gx-no-cache=1636383951820 HTTP/1.1" 200 111
190.171.141.90 - - [08/Nov/2021:12:17:47 -0300] "POST /cormun/servlet/trvisualizadoreventos?259473e3a1eeccf9aac5ce90c5668c7a,,gx-no-cache=1636383951975 HTTP/1.1" 200 3981
190.171.141.90 - - [08/Nov/2021:12:17:47 -0300] "GET /cormun/VisualizadorEventos-4198.xls HTTP/1.1" 200 4096
190.171.142.50 - - [08/Nov/2021:12:17:49 -0300] "GET /cormun/servlet/hlogin HTTP/1.1" 200 1729
205.185.121.173 - - [08/Nov/2021:12:17:55 -0300] "GET /manager/html HTTP/1.1" 401 2474
190.171.142.50 - - [08/Nov/2021:12:17:58 -0300] "POST /cormun/servlet/hlogin?60a88ae37abec43ef446f33123c4fc00,gx-no-cache=1636382946934 HTTP/1.1" 200 90
190.171.142.50 - - [08/Nov/2021:12:17:58 -0300] "GET /cormun/servlet/hpexe_link HTTP/1.1" 200 957
190.171.142.50 - - [08/Nov/2021:12:17:59 -0300] "GET /cormun/servlet/hhome HTTP/1.1" 200 3949
190.171.142.50 - - [08/Nov/2021:12:17:59 -0300] "GET /cormun/servlet/hhome HTTP/1.1" 200 3945
190.171.142.50 - - [08/Nov/2021:12:18:01 -0300] "GET /cormun/servlet/trlicencias? HTTP/1.1" 200 10806
190.171.142.50 - - [08/Nov/2021:12:18:02 -0300] "GET /cormun/servlet/trlicencias? HTTP/1.1" 200 10803
190.171.141.90 - - [08/Nov/2021:12:18:07 -0300] "POST /cormun/servlet/trvisualizadoreventos?259473e3a1eeccf9aac5ce90c5668c7a,,gx-no-cache=1636383972356 HTTP/1.1" 200 4002
190.171.141.90 - - [08/Nov/2021:12:18:08 -0300] "POST /cormun/servlet/trvisualizadoreventos?259473e3a1eeccf9aac5ce90c5668c7a,,gx-no-cache=1636383973355 HTTP/1.1" 200 4002
190.171.141.90 - - [08/Nov/2021:12:18:16 -0300] "GET /cormun/servlet/trsolicitudot? HTTP/1.1" 200 8631
190.171.141.90 - - [08/Nov/2021:12:18:17 -0300] "GET /cormun/servlet/trsolicitudot? HTTP/1.1" 200 8630
190.171.141.90 - - [08/Nov/2021:12:18:42 -0300] "POST /cormun/servlet/trsolicitudot?259473e3a1eeccf9aac5ce90c5668c7a,,gx-no-cache=1636384007165 HTTP/1.1" 200 4587
190.171.141.90 - - [08/Nov/2021:12:18:42 -0300] "GET /cormun/static/Shared/jqueryui/images/ui-bg_highlight-soft_100_c6c2c8_1x100.png HTTP/1.1" 404 1117
190.171.141.90 - - [08/Nov/2021:12:18:43 -0300] "GET /cormun/static/Shared/jqueryui/images/ui-icons_82798d_256x240.png HTTP/1.1" 404 1089
190.171.141.90 - - [08/Nov/2021:12:18:43 -0300] "GET /cormun/static/Shared/jqueryui/images/ui-icons_8d78a5_256x240.png HTTP/1.1" 404 1089
190.171.141.90 - - [08/Nov/2021:12:18:43 -0300] "GET /cormun/static/Shared/jqueryui/images/ui-bg_flat_55_fafafa_40x100.png HTTP/1.1" 404 1097
190.171.141.90 - - [08/Nov/2021:12:18:43 -0300] "POST /cormun/servlet/trsolicitudot?259473e3a1eeccf9aac5ce90c5668c7a,,gx-no-cache=1636384007736 HTTP/1.1" 200 4332
190.171.141.90 - - [08/Nov/2021:12:18:54 -0300] "POST /cormun/servlet/trsolicitudot?259473e3a1eeccf9aac5ce90c5668c7a,,gx-no-cache=1636384019172 HTTP/1.1" 200 5782
200.111.191.213 - - [08/Nov/2021:12:20:45 -0300] "GET /cormun/servlet/trlicencias? HTTP/1.1" 200 14269
200.111.191.213 - - [08/Nov/2021:12:20:46 -0300] "GET /cormun/servlet/trlicencias? HTTP/1.1" 200 14272
190.171.142.50 - - [08/Nov/2021:12:20:48 -0300] "GET /cormun/static/menuarrow.gif HTTP/1.1" 404 1015
190.171.142.50 - - [08/Nov/2021:12:20:57 -0300] "POST /cormun/servlet/trlicencias?60a88ae37abec43ef446f33123c4fc00,,gx-no-cache=1636383125223 HTTP/1.1" 200 18053
114.119.132.173 - - [08/Nov/2021:12:22:04 -0300] "GET /cormun/servlet/hlogin HTTP/1.1" 200 1727
191.116.14.198 - - [08/Nov/2021:12:23:16 -0300] "GET /cormun/servlet/hlogin HTTP/1.1" 200 1733
191.116.14.198 - - [08/Nov/2021:12:23:16 -0300] "GET /cormun/servlet/hlogin HTTP/1.1" 200 1743
191.116.14.198 - - [08/Nov/2021:12:23:16 -0300] "GET /favicon.ico HTTP/1.1" 200 21630
190.171.143.98 - - [08/Nov/2021:12:23:19 -0300] "GET /cormun/servlet/hlogin HTTP/1.1" 200 1731
191.116.14.198 - - [08/Nov/2021:12:23:20 -0300] "POST /cormun/servlet/hlogin?a15f95568d3996c3766167284624febd,gx-no-cache=1636394891223 HTTP/1.1" 200 90
191.116.14.198 - - [08/Nov/2021:12:23:21 -0300] "GET /cormun/servlet/hpexe_link HTTP/1.1" 200 957
191.116.14.198 - - [08/Nov/2021:12:23:21 -0300] "GET /cormun/servlet/hhome HTTP/1.1" 200 4068
191.116.14.198 - - [08/Nov/2021:12:23:21 -0300] "GET /cormun/static/gxcfg.js?20201215495537 HTTP/1.1" 200 953
191.116.14.198 - - [08/Nov/2021:12:23:21 -0300] "GET /cormun/static/hhome.js?20201215495544 HTTP/1.1" 200 777
191.116.14.198 - - [08/Nov/2021:12:23:21 -0300] "GET /cormun/static/Resources/Spanish/PXTools.css?14345360 HTTP/1.1" 200 100853
191.116.14.198 - - [08/Nov/2021:12:23:22 -0300] "GET /cormun/servlet/hhome HTTP/1.1" 200 4064
190.171.143.98 - - [08/Nov/2021:12:23:27 -0300] "POST /cormun/servlet/hlogin?e554d10ec30ec9575eea122bd7ca78fb,gx-no-cache=1636384291612 HTTP/1.1" 200 90
190.171.143.98 - - [08/Nov/2021:12:23:27 -0300] "GET /cormun/servlet/hpexe_link HTTP/1.1" 200 957
190.171.143.98 - - [08/Nov/2021:12:23:27 -0300] "GET /cormun/servlet/hhome HTTP/1.1" 200 4271
190.171.143.98 - - [08/Nov/2021:12:23:28 -0300] "GET /cormun/servlet/hhome HTTP/1.1" 200 4267
190.171.143.98 - - [08/Nov/2021:12:23:33 -0300] "GET /cormun/servlet/trcontratosolicitud? HTTP/1.1" 200 14634
190.171.143.98 - - [08/Nov/2021:12:23:33 -0300] "GET /cormun/static/gxcfg.js?20199142011887 HTTP/1.1" 200 953
190.171.143.98 - - [08/Nov/2021:12:23:34 -0300] "GET /cormun/static/trcontratosolicitud.js?201991420111348 HTTP/1.1" 200 28237
190.171.143.98 - - [08/Nov/2021:12:23:34 -0300] "GET /cormun//static/Resources/PXToolsGridNew.png HTTP/1.1" 200 427
190.171.143.98 - - [08/Nov/2021:12:23:34 -0300] "GET /cormun/servlet/trcontratosolicitud? HTTP/1.1" 200 14644
192.168.10.96 - - [08/Nov/2021:12:23:49 -0300] "GET /cormun/servlet/trsolicitudgral? HTTP/1.1" 200 13833
192.168.10.96 - - [08/Nov/2021:12:23:49 -0300] "GET /cormun/servlet/trsolicitudgral? HTTP/1.1" 200 13833
205.185.121.173 - - [08/Nov/2021:12:24:48 -0300] "GET /manager/html HTTP/1.1" 401 2474
190.171.143.98 - - [08/Nov/2021:12:25:06 -0300] "GET /cormun/servlet/trreportecargahoraria? HTTP/1.1" 200 10603
190.171.143.98 - - [08/Nov/2021:12:25:07 -0300] "GET /cormun/servlet/trreportecargahoraria? HTTP/1.1" 200 10602
190.171.143.98 - - [08/Nov/2021:12:26:32 -0300] "GET /cormun/servlet/trcargahoraria? HTTP/1.1" 200 7277
190.171.143.98 - - [08/Nov/2021:12:26:32 -0300] "GET /cormun/static/gxcfg.js?202012113392337 HTTP/1.1" 200 953
190.171.143.98 - - [08/Nov/2021:12:26:32 -0300] "GET /cormun/static/trcargahoraria.js?202012113392783 HTTP/1.1" 200 28768
190.171.143.98 - - [08/Nov/2021:12:26:33 -0300] "GET /cormun/servlet/trcargahoraria? HTTP/1.1" 200 7276
190.171.143.98 - - [08/Nov/2021:12:26:38 -0300] "GET /cormun/servlet/trreportecargahoraria? HTTP/1.1" 200 10603
190.171.143.98 - - [08/Nov/2021:12:26:38 -0300] "GET /cormun/servlet/trreportecargahoraria? HTTP/1.1" 200 10602
190.171.149.74 - - [08/Nov/2021:12:27:10 -0300] "GET /cormun/servlet/trpermisosgoce? HTTP/1.1" 200 12788
190.171.149.74 - - [08/Nov/2021:12:27:10 -0300] "GET /cormun/servlet/trpermisosgoce? HTTP/1.1" 200 12788
190.171.149.74 - - [08/Nov/2021:12:27:12 -0300] "GET /cormun/servlet/permisogoce?INS,0,,, HTTP/1.1" 200 6846
190.171.149.74 - - [08/Nov/2021:12:27:12 -0300] "GET /cormun/servlet/permisogoce?INS,0,,, HTTP/1.1" 200 6845
190.171.149.74 - - [08/Nov/2021:12:27:19 -0300] "GET /cormun/servlet/permisogoce?ebf7c9900f3870a9bb62bebbb3783de523688b5e558be8d4107b57a7f2a2cab35a22f52a9636d380f0a4dffaa0c9c27aad3c0a55e9f0d14ddfb5f2a42661a26c,gx-no-cache=1636388163735 HTTP/1.1" 200 82
190.171.149.74 - - [08/Nov/2021:12:27:21 -0300] "GET /cormun/static/menuarrow.gif HTTP/1.1" 404 1015
190.171.149.74 - - [08/Nov/2021:12:27:26 -0300] "GET /cormun/servlet/permisogoce?ebf7c9900f3870a9bb62bebbb3783de5b0a901688c98e539a416863181f7ba7f7cf5b938c2ec3fcc24f8358d5a5817699486b4957a1b2a925a410389ec50864e,gx-no-cache=1636388170528 HTTP/1.1" 200 46
190.171.149.74 - - [08/Nov/2021:12:27:32 -0300] "POST /cormun/servlet/permisogoce?6168b6858316d8551271a26a7456a4e2,INS,0,,,,gx-no-cache=1636388176824 HTTP/1.1" 200 93
190.171.149.74 - - [08/Nov/2021:12:27:32 -0300] "GET /cormun/servlet/hpexe_return? HTTP/1.1" 200 1014
190.171.149.74 - - [08/Nov/2021:12:27:32 -0300] "GET /cormun/servlet/trpermisosgoce HTTP/1.1" 200 12999
190.171.149.74 - - [08/Nov/2021:12:27:33 -0300] "GET /cormun/servlet/trpermisosgoce HTTP/1.1" 200 12988
190.171.149.74 - - [08/Nov/2021:12:27:36 -0300] "GET /cormun/servlet/apermisogoceprn?13945167,P,20211108121256,PU HTTP/1.1" 200 1651
190.171.143.98 - - [08/Nov/2021:12:30:09 -0300] "GET /cormun/static/Resources/PXToolsGridDisplay.png HTTP/1.1" 200 525
190.171.143.98 - - [08/Nov/2021:12:30:09 -0300] "GET /cormun/static/Resources/PXToolsActionExcel.png HTTP/1.1" 200 727
191.116.14.198 - - [08/Nov/2021:12:31:27 -0300] "GET /cormun/servlet/trautorizarsolicitud? HTTP/1.1" 200 8591
191.116.14.198 - - [08/Nov/2021:12:31:27 -0300] "GET /cormun/servlet/trautorizarsolicitud? HTTP/1.1" 200 8591
23.251.102.74 - - [08/Nov/2021:12:31:37 -0300] "GET / HTTP/1.1" 200 11217
190.171.143.98 - - [08/Nov/2021:12:31:43 -0300] "POST /cormun/servlet/trreportecargahoraria?e554d10ec30ec9575eea122bd7ca78fb,,gx-no-cache=1636384787919 HTTP/1.1" 200 111
190.171.143.98 - - [08/Nov/2021:12:31:43 -0300] "GET /cormun/ReporteCargaHoraria-5648.xls HTTP/1.1" 200 8704
205.185.121.173 - - [08/Nov/2021:12:31:49 -0300] "GET /manager/html HTTP/1.1" 401 2474
186.67.172.234 - - [08/Nov/2021:12:32:08 -0300] "POST /cormun/servlet/trlicencias?9576305f6b89cb03e7d3ea6cd253543a,gx-no-cache=1636384813076 HTTP/1.1" 200 14428
190.171.141.90 - - [08/Nov/2021:12:32:39 -0300] "GET /cormun/servlet/hlogin HTTP/1.1" 200 1729
190.171.141.90 - - [08/Nov/2021:12:32:46 -0300] "POST /cormun/servlet/hlogin?04acfa50afa932d20acb7abeb487e089,gx-no-cache=1636384853506 HTTP/1.1" 200 90
190.171.141.90 - - [08/Nov/2021:12:32:46 -0300] "GET /cormun/servlet/hpexe_link HTTP/1.1" 200 955
190.171.141.90 - - [08/Nov/2021:12:32:46 -0300] "GET /cormun/servlet/hhome HTTP/1.1" 200 3974
190.171.141.90 - - [08/Nov/2021:12:32:47 -0300] "GET /cormun/servlet/hhome HTTP/1.1" 200 3970
190.171.141.90 - - [08/Nov/2021:12:32:49 -0300] "GET /cormun/servlet/trlicencias? HTTP/1.1" 200 17466
190.171.141.90 - - [08/Nov/2021:12:32:50 -0300] "GET /cormun/servlet/trlicencias? HTTP/1.1" 200 17470
191.116.14.198 - - [08/Nov/2021:12:33:46 -0300] "POST /cormun/servlet/trautorizarsolicitud?a15f95568d3996c3766167284624febd,,gx-no-cache=1636395517176 HTTP/1.1" 200 4801
191.116.14.198 - - [08/Nov/2021:12:33:47 -0300] "GET /cormun/static/Shared/jqueryui/images/ui-bg_highlight-soft_100_c6c2c8_1x100.png HTTP/1.1" 404 1117
191.116.14.198 - - [08/Nov/2021:12:33:47 -0300] "GET /cormun/static/Shared/jqueryui/images/ui-icons_82798d_256x240.png HTTP/1.1" 404 1089
191.116.14.198 - - [08/Nov/2021:12:33:47 -0300] "GET /cormun/static/Shared/jqueryui/images/ui-bg_flat_55_fafafa_40x100.png HTTP/1.1" 404 1097
191.116.14.198 - - [08/Nov/2021:12:33:47 -0300] "GET /cormun/static/Shared/jqueryui/images/ui-icons_8d78a5_256x240.png HTTP/1.1" 404 1089
191.116.14.198 - - [08/Nov/2021:12:33:47 -0300] "POST /cormun/servlet/trautorizarsolicitud?a15f95568d3996c3766167284624febd,,gx-no-cache=1636395517534 HTTP/1.1" 200 4541
207.46.13.190 - - [08/Nov/2021:12:36:00 -0300] "GET /cormun/servlet/trlicenciaspermisoslog?17793934,L,20210412000000,_escaped_fragment_%3D&_escaped_fragment_= HTTP/1.1" 200 5250
207.46.13.104 - - [08/Nov/2021:12:36:12 -0300] "GET /cormun/servlet/trlicenciaspermisoslog?17793934,L,20210412000000,_escaped_fragment_%3D HTTP/1.1" 200 5244
207.46.13.104 - - [08/Nov/2021:12:36:12 -0300] "GET /cormun/static/PXToolsJavascripts/PXToolsJavascriptsRender.js HTTP/1.1" 200 367
207.46.13.104 - - [08/Nov/2021:12:36:13 -0300] "GET /cormun/static/PXToolsJavascripts/pexe_oav.js HTTP/1.1" 200 645
207.46.13.104 - - [08/Nov/2021:12:36:13 -0300] "GET /cormun/static/PXToolsJavascripts/pexe_popup.js HTTP/1.1" 200 13458
207.46.13.104 - - [08/Nov/2021:12:36:13 -0300] "GET /cormun/static/PXToolsJavascripts/pexe_tabdivfix.js HTTP/1.1" 200 876
207.46.13.104 - - [08/Nov/2021:12:36:13 -0300] "GET /cormun/servlet/trlicenciaspermisoslog?17793934,L,20210412000000,_escaped_fragment_%3D HTTP/1.1" 200 5244
207.46.13.104 - - [08/Nov/2021:12:36:14 -0300] "GET /cormun/static/PXToolsJavascripts/PXToolsJavascriptsRender.js HTTP/1.1" 200 367
40.77.167.1 - - [08/Nov/2021:12:36:17 -0300] "GET /cormun/static/PXToolsJavascripts/pexe_picture.js HTTP/1.1" 200 689
157.55.39.53 - - [08/Nov/2021:12:36:17 -0300] "GET /cormun/static/hmpwkw03.js?20201215501896 HTTP/1.1" 200 3973
157.55.39.4 - - [08/Nov/2021:12:36:18 -0300] "GET /cormun/static/Shared/jquery/jquery-1.4.2.min.js HTTP/1.1" 200 72174
157.55.39.4 - - [08/Nov/2021:12:36:19 -0300] "GET /cormun/static/gxui/gxui-all.js HTTP/1.1" 200 107772
157.55.39.4 - - [08/Nov/2021:12:36:19 -0300] "GET /cormun/static/hpexe_messagegenexuscomponent.js?2020121447173 HTTP/1.1" 200 587
157.55.39.4 - - [08/Nov/2021:12:36:19 -0300] "GET /cormun/static/Shared/jquery/jquery-1.4.2.min.js HTTP/1.1" 200 72174
157.55.39.4 - - [08/Nov/2021:12:36:20 -0300] "GET /cormun/static/gxui/gxui-all.js HTTP/1.1" 200 107772
157.55.39.4 - - [08/Nov/2021:12:36:20 -0300] "GET /cormun/static/hpexe_messagegenexuscomponent.js?2020121447173 HTTP/1.1" 200 587
207.46.13.104 - - [08/Nov/2021:12:36:21 -0300] "GET /cormun/static/PXToolsJavascripts/pexe_oav.js HTTP/1.1" 200 645
207.46.13.190 - - [08/Nov/2021:12:36:25 -0300] "GET /cormun/static/PXToolsJavascripts/pexe_menus.js HTTP/1.1" 200 1286
207.46.13.152 - - [08/Nov/2021:12:36:26 -0300] "GET /cormun/static/Shared/ext/ext-all.js HTTP/1.1" 200 1289687
207.46.13.190 - - [08/Nov/2021:12:36:26 -0300] "GET /cormun/static/Shared/jqueryui/jquery-ui.min.js HTTP/1.1" 200 240427
207.46.13.190 - - [08/Nov/2021:12:36:26 -0300] "GET /cormun/static/scaMessage/scaMessageRender.js HTTP/1.1" 200 11977
207.46.13.190 - - [08/Nov/2021:12:36:27 -0300] "GET /cormun/static/PXToolsJavascripts/pexe_menus.js HTTP/1.1" 200 1286
207.46.13.190 - - [08/Nov/2021:12:36:28 -0300] "GET /cormun/static/Shared/jqueryui/jquery-ui.min.js HTTP/1.1" 200 240427
157.55.39.61 - - [08/Nov/2021:12:36:29 -0300] "GET /cormun/static/PXToolsJavascripts/pexe_cookies.js HTTP/1.1" 200 792
157.55.39.61 - - [08/Nov/2021:12:36:30 -0300] "GET /cormun/static/PXToolsJavascripts/pexe_layers.js HTTP/1.1" 200 4114
157.55.39.61 - - [08/Nov/2021:12:36:30 -0300] "GET /cormun/static/scaMessage/js/jquery.pnotify.min.js HTTP/1.1" 200 13038
157.55.39.61 - - [08/Nov/2021:12:36:30 -0300] "GET /cormun/static/trlicenciaspermisoslog.js?201991422452676 HTTP/1.1" 200 20074
157.55.39.61 - - [08/Nov/2021:12:36:30 -0300] "GET /cormun/static/PXToolsJavascripts/pexe_cookies.js HTTP/1.1" 200 792
157.55.39.61 - - [08/Nov/2021:12:36:30 -0300] "GET /cormun/static/PXToolsJavascripts/pexe_layers.js HTTP/1.1" 200 4114
157.55.39.61 - - [08/Nov/2021:12:36:31 -0300] "GET /cormun/static/scaMessage/js/jquery.pnotify.min.js HTTP/1.1" 200 13038
157.55.39.61 - - [08/Nov/2021:12:36:31 -0300] "GET /cormun/static/trlicenciaspermisoslog.js?201991422452676 HTTP/1.1" 200 20074
40.77.167.1 - - [08/Nov/2021:12:36:36 -0300] "GET /cormun/static/RunJS/RunJS.js HTTP/1.1" 200 288
157.55.39.53 - - [08/Nov/2021:12:36:37 -0300] "GET /cormun/static/hwchdr01.js?20201214473739 HTTP/1.1" 200 996
157.55.39.51 - - [08/Nov/2021:12:36:37 -0300] "GET /cormun/static/PXToolsJavascripts/pexe_tabs.js HTTP/1.1" 200 3748
157.55.39.51 - - [08/Nov/2021:12:36:38 -0300] "GET /cormun/static/calendar.js?85251 HTTP/1.1" 200 26246
157.55.39.51 - - [08/Nov/2021:12:36:38 -0300] "GET /cormun/static/hpexe_recentlink.js?20201214471090 HTTP/1.1" 200 2144
157.55.39.51 - - [08/Nov/2021:12:36:38 -0300] "GET /cormun/static/PXToolsJavascripts/pexe_tabs.js HTTP/1.1" 200 3748
157.55.39.51 - - [08/Nov/2021:12:36:38 -0300] "GET /cormun/static/calendar.js?85251 HTTP/1.1" 200 26246
157.55.39.51 - - [08/Nov/2021:12:36:39 -0300] "GET /cormun/static/hpexe_recentlink.js?20201214471090 HTTP/1.1" 200 2144
207.46.13.104 - - [08/Nov/2021:12:36:44 -0300] "GET /cormun/static/PXToolsJavascripts/pexe_popup.js HTTP/1.1" 200 13458
207.46.13.104 - - [08/Nov/2021:12:36:44 -0300] "GET /cormun/static/PXToolsJavascripts/pexe_tabdivfix.js HTTP/1.1" 200 876
40.77.167.1 - - [08/Nov/2021:12:36:49 -0300] "GET /cormun/static/PXToolsJavascripts/pexe_picture.js HTTP/1.1" 200 689
40.77.167.1 - - [08/Nov/2021:12:36:49 -0300] "GET /cormun/static/RunJS/RunJS.js HTTP/1.1" 200 288
157.55.39.53 - - [08/Nov/2021:12:36:57 -0300] "GET /cormun/static/hmpwkw03.js?20201215501896 HTTP/1.1" 200 3973
157.55.39.53 - - [08/Nov/2021:12:36:57 -0300] "GET /cormun/static/hwchdr01.js?20201214473739 HTTP/1.1" 200 996
205.185.121.173 - - [08/Nov/2021:12:38:40 -0300] "GET /manager/html HTTP/1.1" 401 2474
192.168.10.96 - - [08/Nov/2021:12:40:33 -0300] "GET /cormun/servlet/trsolicitudgral? HTTP/1.1" 200 13833
192.168.10.96 - - [08/Nov/2021:12:40:33 -0300] "GET /cormun/servlet/trsolicitudgral? HTTP/1.1" 200 13833
192.168.10.96 - - [08/Nov/2021:12:40:38 -0300] "GET /cormun/servlet/trsolicitudgral? HTTP/1.1" 200 13833
192.168.10.96 - - [08/Nov/2021:12:40:39 -0300] "GET /cormun/servlet/trsolicitudgral? HTTP/1.1" 200 13833
190.171.149.82 - - [08/Nov/2021:12:40:57 -0300] "üI"è*ßô  " 400 -
190.171.149.82 - - [08/Nov/2021:12:40:58 -0300] "üÇïš3Â9r"%às/Ã6Û'\Ppè6ÜæÞDß7ñ ²þC«Çô•‰õÊ&_y,%t!zTÅŸ0¿í˜JÈ[f ÚŲ̩́À+À/À,À0ÀÀœ/5“zzservicios.cormun.clÿ" 400 -
66.249.85.97 - - [08/Nov/2021:12:40:58 -0300] "GET /cormun/static/Resources/Logo2019_Grande.png HTTP/1.1" 200 31733
190.171.141.90 - - [08/Nov/2021:12:41:02 -0300] "GET /cormun/servlet/licenciaspermisos?DSP,10607785,L,20211104000000, HTTP/1.1" 200 7093
190.171.141.90 - - [08/Nov/2021:12:41:04 -0300] "GET /cormun/servlet/licenciaspermisos?DSP,10607785,L,20211104000000, HTTP/1.1" 200 7093
190.171.141.90 - - [08/Nov/2021:12:41:27 -0300] "GET /cormun/servlet/hlogin HTTP/1.1" 200 1729
190.171.141.90 - - [08/Nov/2021:12:41:30 -0300] "POST /cormun/servlet/hlogin?259473e3a1eeccf9aac5ce90c5668c7a,gx-no-cache=1636385374726 HTTP/1.1" 200 90
190.171.141.90 - - [08/Nov/2021:12:41:30 -0300] "GET /cormun/servlet/hpexe_link HTTP/1.1" 200 963
190.171.141.90 - - [08/Nov/2021:12:41:30 -0300] "GET /cormun/servlet/trsolicitudot? HTTP/1.1" 200 7196
190.171.141.90 - - [08/Nov/2021:12:41:31 -0300] "GET /cormun/servlet/trsolicitudot? HTTP/1.1" 200 7195
190.171.141.90 - - [08/Nov/2021:12:41:38 -0300] "GET /cormun/servlet/trlicencias? HTTP/1.1" 200 17494
190.171.141.90 - - [08/Nov/2021:12:41:38 -0300] "GET /cormun/servlet/trlicencias? HTTP/1.1" 200 17475
190.171.141.90 - - [08/Nov/2021:12:42:33 -0300] "GET /cormun/servlet/licenciaspermisos?DSP,13720781,L,20211104000000, HTTP/1.1" 200 7083
190.171.141.90 - - [08/Nov/2021:12:42:34 -0300] "GET /cormun/servlet/licenciaspermisos?DSP,13720781,L,20211104000000, HTTP/1.1" 200 7083
190.171.141.90 - - [08/Nov/2021:12:42:46 -0300] "GET /cormun/servlet/trlicencias? HTTP/1.1" 200 17469
190.171.141.90 - - [08/Nov/2021:12:42:48 -0300] "GET /cormun/servlet/trlicencias? HTTP/1.1" 200 17458
190.171.141.90 - - [08/Nov/2021:12:43:26 -0300] "GET /cormun/servlet/licenciaspermisos?DSP,7847845,L,20211012000000, HTTP/1.1" 200 7067
190.171.141.90 - - [08/Nov/2021:12:43:27 -0300] "GET /cormun/servlet/licenciaspermisos?DSP,7847845,L,20211012000000, HTTP/1.1" 200 7068
190.171.141.90 - - [08/Nov/2021:12:43:30 -0300] "GET /cormun/servlet/trlicencias? HTTP/1.1" 200 17452
190.171.141.90 - - [08/Nov/2021:12:43:31 -0300] "GET /cormun/servlet/trlicencias? HTTP/1.1" 200 17460
190.171.141.90 - - [08/Nov/2021:12:43:34 -0300] "GET /cormun/static/menuarrow.gif HTTP/1.1" 404 1015
190.171.141.90 - - [08/Nov/2021:12:43:38 -0300] "POST /cormun/servlet/trlicencias?04acfa50afa932d20acb7abeb487e089,,gx-no-cache=1636385505111 HTTP/1.1" 200 18593
192.168.10.96 - - [08/Nov/2021:12:43:38 -0300] "GET /cormun/servlet/trsolicitudgral? HTTP/1.1" 200 13833
192.168.10.96 - - [08/Nov/2021:12:43:39 -0300] "GET /cormun/servlet/trsolicitudgral? HTTP/1.1" 200 13833
190.171.141.90 - - [08/Nov/2021:12:43:44 -0300] "GET /cormun/servlet/licenciaspermisos?DSP,11278133,L,20211022000000, HTTP/1.1" 200 7075
190.171.141.90 - - [08/Nov/2021:12:43:45 -0300] "GET /cormun/servlet/licenciaspermisos?DSP,11278133,L,20211022000000, HTTP/1.1" 200 7076
192.168.10.96 - - [08/Nov/2021:12:43:47 -0300] "POST /cormun/servlet/trsolicitudgral?dc8897ff8983805771cd1bc2f972904f,,gx-no-cache=1636385371832 HTTP/1.1" 200 6652
192.168.10.96 - - [08/Nov/2021:12:43:48 -0300] "POST /cormun/servlet/trsolicitudgral?dc8897ff8983805771cd1bc2f972904f,,gx-no-cache=1636385372803 HTTP/1.1" 200 6652
192.168.10.96 - - [08/Nov/2021:12:43:48 -0300] "POST /cormun/servlet/trsolicitudgral?dc8897ff8983805771cd1bc2f972904f,,gx-no-cache=1636385373018 HTTP/1.1" 200 6650
192.168.10.96 - - [08/Nov/2021:12:44:17 -0300] "POST /cormun/servlet/trsolicitudgral?dc8897ff8983805771cd1bc2f972904f,,gx-no-cache=1636385399804 HTTP/1.1" 200 27165
192.168.10.96 - - [08/Nov/2021:12:44:17 -0300] "GET /cormun/static/Resources/PXToolsGridNext.gif HTTP/1.1" 200 369
192.168.10.96 - - [08/Nov/2021:12:44:17 -0300] "GET /cormun/static/Resources/PXToolsGridLast.gif HTTP/1.1" 200 370
192.168.10.96 - - [08/Nov/2021:12:44:22 -0300] "POST /cormun/servlet/trsolicitudgral?dc8897ff8983805771cd1bc2f972904f,,gx-no-cache=1636385406069 HTTP/1.1" 200 18156
192.168.10.96 - - [08/Nov/2021:12:44:32 -0300] "GET /cormun/servlet/trsolicitudgral? HTTP/1.1" 200 21124
192.168.10.96 - - [08/Nov/2021:12:44:32 -0300] "GET /cormun/servlet/trsolicitudgral? HTTP/1.1" 200 21124
192.168.10.96 - - [08/Nov/2021:12:45:03 -0300] "GET /cormun/servlet/trautorizarot? HTTP/1.1" 200 11360
192.168.10.96 - - [08/Nov/2021:12:45:03 -0300] "GET /cormun/servlet/trautorizarot? HTTP/1.1" 200 11360
192.168.10.96 - - [08/Nov/2021:12:45:09 -0300] "POST /cormun/servlet/trautorizarot?dc8897ff8983805771cd1bc2f972904f,,gx-no-cache=1636385453504 HTTP/1.1" 200 8845
192.168.10.96 - - [08/Nov/2021:12:45:11 -0300] "GET /cormun/servlet/veautorizarot?2021,17574,, HTTP/1.1" 200 8305
192.168.10.96 - - [08/Nov/2021:12:45:11 -0300] "GET /cormun/pexe_scrolldiv.js HTTP/1.1" 404 1009
192.168.10.96 - - [08/Nov/2021:12:45:11 -0300] "GET /cormun/pexe_scrolldiv.js HTTP/1.1" 404 1009
192.168.10.96 - - [08/Nov/2021:12:45:11 -0300] "GET /cormun/servlet/veautorizarot?2021,17574,, HTTP/1.1" 200 8305
192.168.10.96 - - [08/Nov/2021:12:45:13 -0300] "GET /cormun/servlet/veautorizarot?2021,17574,,SolicitudOTAdjuntos HTTP/1.1" 200 10823
192.168.10.96 - - [08/Nov/2021:12:45:13 -0300] "GET /cormun/pexe_scrolldiv.js HTTP/1.1" 404 1009
192.168.10.96 - - [08/Nov/2021:12:45:13 -0300] "GET /cormun/pexe_scrolldiv.js HTTP/1.1" 404 1009
192.168.10.96 - - [08/Nov/2021:12:45:13 -0300] "GET /cormun/servlet/veautorizarot?2021,17574,,SolicitudOTAdjuntos HTTP/1.1" 200 10828
192.168.10.96 - - [08/Nov/2021:12:45:14 -0300] "POST /cormun/servlet/acontrolpreferencessavestate?None,RRHH+DANIELA,true HTTP/1.1" 200 35
192.168.10.96 - - [08/Nov/2021:12:45:20 -0300] "GET /cormun/PublicTempStorage/certificado_de_antecedentes7154184.pdf HTTP/1.1" 200 34214
205.185.121.173 - - [08/Nov/2021:12:45:30 -0300] "GET /manager/html HTTP/1.1" 401 2474
192.168.10.96 - - [08/Nov/2021:12:45:31 -0300] "GET /cormun/servlet/veautorizarot?2021,17574,,SolicitudOTAdjuntos HTTP/1.1" 200 10826
192.168.10.96 - - [08/Nov/2021:12:45:31 -0300] "GET /cormun/servlet/veautorizarot?2021,17574,,SolicitudOTAdjuntos HTTP/1.1" 200 10829
192.168.10.96 - - [08/Nov/2021:12:45:32 -0300] "POST /cormun/servlet/acontrolpreferencessavestate?None,RRHH+DANIELA,true HTTP/1.1" 200 35
192.168.10.96 - - [08/Nov/2021:12:45:34 -0300] "GET /cormun/servlet/veautorizarot?2021,17574,,General HTTP/1.1" 200 8309
192.168.10.96 - - [08/Nov/2021:12:45:34 -0300] "GET /cormun/pexe_scrolldiv.js HTTP/1.1" 404 1009
192.168.10.96 - - [08/Nov/2021:12:45:34 -0300] "GET /cormun/pexe_scrolldiv.js HTTP/1.1" 404 1009
192.168.10.96 - - [08/Nov/2021:12:45:34 -0300] "GET /cormun/servlet/veautorizarot?2021,17574,,General HTTP/1.1" 200 8309
