110.45.209.61 - - [07/Nov/2021:00:00:09 -0300] "GET /manager/html HTTP/1.1" 401 2474
205.185.121.173 - - [07/Nov/2021:00:00:23 -0300] "GET /manager/html HTTP/1.1" 401 2474
186.11.2.27 - - [07/Nov/2021:00:00:51 -0300] "GET /cormun/servlet/hlogin HTTP/1.1" 200 1757
110.45.209.61 - - [07/Nov/2021:00:04:29 -0300] "GET /manager/html HTTP/1.1" 401 2474
157.55.39.61 - - [07/Nov/2021:00:04:46 -0300] "GET /cormun/servlet/trlicenciaspermisoslog?16988200,L,20211006000000,_escaped_fragment_%3D HTTP/1.1" 200 5238
110.45.209.61 - - [07/Nov/2021:00:08:49 -0300] "GET /manager/html HTTP/1.1" 401 2474
110.45.209.61 - - [07/Nov/2021:00:13:10 -0300] "GET /manager/html HTTP/1.1" 401 2474
205.185.121.173 - - [07/Nov/2021:00:13:38 -0300] "GET /manager/html HTTP/1.1" 401 2474
110.45.209.61 - - [07/Nov/2021:00:17:31 -0300] "GET /manager/html HTTP/1.1" 401 2474
147.182.156.54 - - [07/Nov/2021:00:17:49 -0300] "-" 400 -
110.45.209.61 - - [07/Nov/2021:00:22:12 -0300] "GET /manager/html HTTP/1.1" 401 2474
205.185.121.173 - - [07/Nov/2021:00:25:06 -0300] "GET /manager/html HTTP/1.1" 401 2474
110.45.209.61 - - [07/Nov/2021:00:26:38 -0300] "GET /manager/html HTTP/1.1" 401 2474
110.45.209.61 - - [07/Nov/2021:00:31:13 -0300] "GET /manager/html HTTP/1.1" 401 2474
207.46.13.190 - - [07/Nov/2021:00:33:25 -0300] "GET /cormun/servlet/hpexe_link HTTP/1.1" 200 925
110.45.209.61 - - [07/Nov/2021:00:35:45 -0300] "GET /manager/html HTTP/1.1" 401 2474
46.174.191.28 - - [07/Nov/2021:00:36:07 -0300] "GET / HTTP/1.0" 200 11197
205.185.121.173 - - [07/Nov/2021:00:36:08 -0300] "GET /manager/html HTTP/1.1" 401 2474
110.45.209.61 - - [07/Nov/2021:00:40:06 -0300] "GET /manager/html HTTP/1.1" 401 2474
110.45.209.61 - - [07/Nov/2021:00:44:31 -0300] "GET /manager/html HTTP/1.1" 401 2474
205.185.121.173 - - [07/Nov/2021:00:47:21 -0300] "GET /manager/html HTTP/1.1" 401 2474
207.46.13.128 - - [07/Nov/2021:00:48:43 -0300] "GET /cormun/servlet/licenciaspermisos?DSP,18834102,L,20190415000000,_escaped_fragment_%3D&_escaped_fragment_= HTTP/1.1" 200 6092
157.55.39.53 - - [07/Nov/2021:00:48:56 -0300] "GET /cormun/static/hwchdr01.js?20201214473739 HTTP/1.1" 200 996
157.55.39.53 - - [07/Nov/2021:00:48:56 -0300] "GET /cormun/static/hwchdr01.js?20201214473739 HTTP/1.1" 200 996
207.46.13.104 - - [07/Nov/2021:00:48:58 -0300] "GET /cormun/static/gxcfg.js?202012153173 HTTP/1.1" 200 953
157.55.39.61 - - [07/Nov/2021:00:48:59 -0300] "GET /cormun/static/PXToolsJavascripts/pexe_cookies.js HTTP/1.1" 200 792
207.46.13.190 - - [07/Nov/2021:00:49:00 -0300] "GET /cormun/servlet/licenciaspermisos?DSP,18834102,L,20190415000000,_escaped_fragment_%3D HTTP/1.1" 200 6070
207.46.13.190 - - [07/Nov/2021:00:49:01 -0300] "GET /cormun/static/licenciaspermisos.js?2020121532136 HTTP/1.1" 200 38824
207.46.13.190 - - [07/Nov/2021:00:49:01 -0300] "GET /cormun/servlet/licenciaspermisos?DSP,18834102,L,20190415000000,_escaped_fragment_%3D HTTP/1.1" 200 6071
40.77.167.1 - - [07/Nov/2021:00:49:01 -0300] "GET /cormun/static/RunJS/RunJS.js HTTP/1.1" 200 288
207.46.13.190 - - [07/Nov/2021:00:49:01 -0300] "GET /cormun/static/licenciaspermisos.js?2020121532136 HTTP/1.1" 200 38824
207.46.13.153 - - [07/Nov/2021:00:49:05 -0300] "GET /cormun/static/gxdec.js?85251 HTTP/1.1" 200 19579
207.46.13.153 - - [07/Nov/2021:00:49:05 -0300] "GET /cormun/static/gxdec.js?85251 HTTP/1.1" 200 19579
110.45.209.61 - - [07/Nov/2021:00:49:06 -0300] "GET /manager/html HTTP/1.1" 401 2474
207.46.13.104 - - [07/Nov/2021:00:49:11 -0300] "GET /cormun/static/gxcfg.js?202012153173 HTTP/1.1" 200 953
157.55.39.61 - - [07/Nov/2021:00:49:19 -0300] "GET /cormun/static/PXToolsJavascripts/pexe_cookies.js HTTP/1.1" 200 792
40.77.167.1 - - [07/Nov/2021:00:49:24 -0300] "GET /cormun/static/RunJS/RunJS.js HTTP/1.1" 200 288
110.45.209.61 - - [07/Nov/2021:00:53:55 -0300] "GET /manager/html HTTP/1.1" 401 2474
110.45.209.61 - - [07/Nov/2021:00:58:23 -0300] "GET /manager/html HTTP/1.1" 401 2474
205.185.121.173 - - [07/Nov/2021:00:59:21 -0300] "GET /manager/html HTTP/1.1" 401 2474
207.46.13.128 - - [07/Nov/2021:00:59:46 -0300] "GET /cormun/servlet/licenciaspermisos?DSP,17793934,L,20210412000000,_escaped_fragment_%3D HTTP/1.1" 200 6082
110.45.209.61 - - [07/Nov/2021:01:02:44 -0300] "GET /manager/html HTTP/1.1" 401 2474
110.45.209.61 - - [07/Nov/2021:01:07:04 -0300] "GET /manager/html HTTP/1.1" 401 2474
207.46.13.128 - - [07/Nov/2021:01:07:40 -0300] "GET /cormun/servlet/hpexe_return HTTP/1.1" 200 974
205.185.121.173 - - [07/Nov/2021:01:11:03 -0300] "GET /manager/html HTTP/1.1" 401 2474
110.45.209.61 - - [07/Nov/2021:01:11:24 -0300] "GET /manager/html HTTP/1.1" 401 2474
110.45.209.61 - - [07/Nov/2021:01:15:55 -0300] "GET /manager/html HTTP/1.1" 401 2474
110.45.209.61 - - [07/Nov/2021:01:20:17 -0300] "GET /manager/html HTTP/1.1" 401 2474
205.185.121.173 - - [07/Nov/2021:01:23:46 -0300] "GET /manager/html HTTP/1.1" 401 2474
110.45.209.61 - - [07/Nov/2021:01:24:38 -0300] "GET /manager/html HTTP/1.1" 401 2474
110.45.209.61 - - [07/Nov/2021:01:28:59 -0300] "GET /manager/html HTTP/1.1" 401 2474
110.45.209.61 - - [07/Nov/2021:01:33:21 -0300] "GET /manager/html HTTP/1.1" 401 2474
205.185.121.173 - - [07/Nov/2021:01:35:33 -0300] "GET /manager/html HTTP/1.1" 401 2474
110.45.209.61 - - [07/Nov/2021:01:37:43 -0300] "GET /manager/html HTTP/1.1" 401 2474
205.185.119.40 - - [07/Nov/2021:01:40:33 -0300] "GET /config/getuser?index=0 HTTP/1.1" 404 989
110.45.209.61 - - [07/Nov/2021:01:42:25 -0300] "GET /manager/html HTTP/1.1" 401 2474
205.185.121.173 - - [07/Nov/2021:01:46:41 -0300] "GET /manager/html HTTP/1.1" 401 2474
110.45.209.61 - - [07/Nov/2021:01:46:55 -0300] "GET /manager/html HTTP/1.1" 401 2474
110.45.209.61 - - [07/Nov/2021:01:51:35 -0300] "GET /manager/html HTTP/1.1" 401 2474
110.45.209.61 - - [07/Nov/2021:01:56:27 -0300] "GET /manager/html HTTP/1.1" 401 2474
205.185.121.173 - - [07/Nov/2021:01:57:51 -0300] "GET /manager/html HTTP/1.1" 401 2474
110.45.209.61 - - [07/Nov/2021:02:01:23 -0300] "GET /manager/html HTTP/1.1" 401 2474
110.45.209.61 - - [07/Nov/2021:02:06:08 -0300] "GET /manager/html HTTP/1.1" 401 2474
205.185.121.173 - - [07/Nov/2021:02:08:49 -0300] "GET /manager/html HTTP/1.1" 401 2474
110.45.209.61 - - [07/Nov/2021:02:10:40 -0300] "GET /manager/html HTTP/1.1" 401 2474
114.119.142.127 - - [07/Nov/2021:02:13:28 -0300] "GET /robots.txt HTTP/1.1" 404 981
110.45.209.61 - - [07/Nov/2021:02:15:17 -0300] "GET /manager/html HTTP/1.1" 401 2474
110.45.209.61 - - [07/Nov/2021:02:19:59 -0300] "GET /manager/html HTTP/1.1" 401 2474
205.185.121.173 - - [07/Nov/2021:02:20:07 -0300] "GET /manager/html HTTP/1.1" 401 2474
110.45.209.61 - - [07/Nov/2021:02:24:59 -0300] "GET /manager/html HTTP/1.1" 401 2474
110.45.209.61 - - [07/Nov/2021:02:29:57 -0300] "GET /manager/html HTTP/1.1" 401 2474
205.185.121.173 - - [07/Nov/2021:02:30:52 -0300] "GET /manager/html HTTP/1.1" 401 2474
43.131.22.119 - - [07/Nov/2021:02:31:46 -0300] "GET / HTTP/1.1" 200 11217
110.45.209.61 - - [07/Nov/2021:02:34:20 -0300] "GET /manager/html HTTP/1.1" 401 2474
110.45.209.61 - - [07/Nov/2021:02:39:04 -0300] "GET /manager/html HTTP/1.1" 401 2474
205.185.121.173 - - [07/Nov/2021:02:41:55 -0300] "GET /manager/html HTTP/1.1" 401 2474
110.45.209.61 - - [07/Nov/2021:02:43:48 -0300] "GET /manager/html HTTP/1.1" 401 2474
64.62.197.92 - - [07/Nov/2021:02:46:04 -0300] "GET / HTTP/1.1" 200 11217
110.45.209.61 - - [07/Nov/2021:02:48:25 -0300] "GET /manager/html HTTP/1.1" 401 2474
110.45.209.61 - - [07/Nov/2021:02:53:08 -0300] "GET /manager/html HTTP/1.1" 401 2474
205.185.121.173 - - [07/Nov/2021:02:53:20 -0300] "GET /manager/html HTTP/1.1" 401 2474
110.45.209.61 - - [07/Nov/2021:02:57:55 -0300] "GET /manager/html HTTP/1.1" 401 2474
59.99.137.183 - - [07/Nov/2021:03:01:27 -0300] "GET /boaform/admin/formLogin?username=ec8&psd=ec8 HTTP/1.0" 404 1007
110.45.209.61 - - [07/Nov/2021:03:02:30 -0300] "GET /manager/html HTTP/1.1" 401 2474
205.185.121.173 - - [07/Nov/2021:03:04:26 -0300] "GET /manager/html HTTP/1.1" 401 2474
157.55.39.61 - - [07/Nov/2021:03:06:02 -0300] "GET /cormun/static/trpermisosgoce.js?2020121633681 HTTP/1.1" 200 35904
110.45.209.61 - - [07/Nov/2021:03:06:59 -0300] "GET /manager/html HTTP/1.1" 401 2474
110.45.209.61 - - [07/Nov/2021:03:11:24 -0300] "GET /manager/html HTTP/1.1" 401 2474
205.185.121.173 - - [07/Nov/2021:03:15:51 -0300] "GET /manager/html HTTP/1.1" 401 2474
205.185.121.173 - - [07/Nov/2021:03:27:30 -0300] "GET /manager/html HTTP/1.1" 401 2474
157.55.39.53 - - [07/Nov/2021:03:31:37 -0300] "GET /cormun/static/gxcfg.js?20201215124560 HTTP/1.1" 200 953
87.250.224.194 - - [07/Nov/2021:03:32:57 -0300] "GET /robots.txt HTTP/1.1" 404 981
87.250.224.194 - - [07/Nov/2021:03:33:01 -0300] "GET /examples/jsp/tagplugin/choose.jsp.html HTTP/1.1" 200 1765
205.185.121.173 - - [07/Nov/2021:03:39:00 -0300] "GET /manager/html HTTP/1.1" 401 2474
205.185.121.173 - - [07/Nov/2021:03:49:50 -0300] "GET /manager/html HTTP/1.1" 401 2474
205.185.121.173 - - [07/Nov/2021:04:00:54 -0300] "GET /manager/html HTTP/1.1" 401 2474
185.220.100.253 - - [07/Nov/2021:04:06:24 -0300] "GET / HTTP/1.1" 200 11217
185.220.101.34 - - [07/Nov/2021:04:06:25 -0300] "GET /favicon.ico HTTP/1.1" 200 21630
205.185.121.173 - - [07/Nov/2021:04:11:24 -0300] "GET /manager/html HTTP/1.1" 401 2474
205.185.121.173 - - [07/Nov/2021:04:25:23 -0300] "GET /manager/html HTTP/1.1" 401 2474
183.136.225.9 - - [07/Nov/2021:04:35:27 -0300] "GET / HTTP/1.1" 200 11217
183.136.225.9 - - [07/Nov/2021:04:35:29 -0300] "GET /favicon.ico HTTP/1.1" 200 21630
205.185.121.173 - - [07/Nov/2021:04:38:36 -0300] "GET /manager/html HTTP/1.1" 401 2474
205.185.121.173 - - [07/Nov/2021:04:49:53 -0300] "GET /manager/html HTTP/1.1" 401 2474
207.46.13.190 - - [07/Nov/2021:04:58:19 -0300] "GET /cormun/servlet/hpexe_link HTTP/1.1" 200 929
205.185.121.173 - - [07/Nov/2021:05:01:19 -0300] "GET /manager/html HTTP/1.1" 401 2474
205.185.121.173 - - [07/Nov/2021:05:13:34 -0300] "GET /manager/html HTTP/1.1" 401 2474
190.19.17.225 - - [07/Nov/2021:05:13:41 -0300] "GET / HTTP/1.0" 200 11197
207.46.13.104 - - [07/Nov/2021:05:14:10 -0300] "GET /cormun/servlet/trpermisosgoce HTTP/1.1" 200 6011
205.185.121.173 - - [07/Nov/2021:05:25:12 -0300] "GET /manager/html HTTP/1.1" 401 2474
205.185.121.173 - - [07/Nov/2021:05:36:25 -0300] "GET /manager/html HTTP/1.1" 401 2474
193.46.255.252 - - [07/Nov/2021:05:41:31 -0300] "GET / HTTP/1.1" 200 11217
205.185.121.173 - - [07/Nov/2021:05:47:23 -0300] "GET /manager/html HTTP/1.1" 401 2474
186.33.82.131 - - [07/Nov/2021:05:48:58 -0300] "GET / HTTP/1.1" 200 11217
205.185.121.173 - - [07/Nov/2021:05:58:14 -0300] "GET /manager/html HTTP/1.1" 401 2474
207.46.13.104 - - [07/Nov/2021:06:08:17 -0300] "GET /cormun/static/gxcfg.js?2020121614367 HTTP/1.1" 200 953
205.185.121.173 - - [07/Nov/2021:06:08:52 -0300] "GET /manager/html HTTP/1.1" 401 2474
205.185.121.173 - - [07/Nov/2021:06:19:34 -0300] "GET /manager/html HTTP/1.1" 401 2474
205.185.121.173 - - [07/Nov/2021:06:30:29 -0300] "GET /manager/html HTTP/1.1" 401 2474
207.46.13.128 - - [07/Nov/2021:06:30:50 -0300] "GET /cormun/servlet/hpexe_return HTTP/1.1" 200 972
205.185.121.173 - - [07/Nov/2021:06:41:40 -0300] "GET /manager/html HTTP/1.1" 401 2474
205.185.121.173 - - [07/Nov/2021:06:52:04 -0300] "GET /manager/html HTTP/1.1" 401 2474
45.155.126.210 - - [07/Nov/2021:06:57:28 -0300] "GET / HTTP/1.1" 200 11217
103.207.37.243 - - [07/Nov/2021:06:58:17 -0300] "HEAD / HTTP/1.1" 200 -
103.207.37.243 - - [07/Nov/2021:06:58:18 -0300] "GET / HTTP/1.1" 200 11217
157.55.39.53 - - [07/Nov/2021:07:00:10 -0300] "GET /cormun/static/gxcfg.js?20201215584657 HTTP/1.1" 200 953
205.185.121.173 - - [07/Nov/2021:07:03:04 -0300] "GET /manager/html HTTP/1.1" 401 2474
205.185.121.173 - - [07/Nov/2021:07:13:54 -0300] "GET /manager/html HTTP/1.1" 401 2474
205.185.119.40 - - [07/Nov/2021:07:24:30 -0300] "GET /config/getuser?index=0 HTTP/1.1" 404 989
205.185.121.173 - - [07/Nov/2021:07:24:37 -0300] "GET /manager/html HTTP/1.1" 401 2474
45.5.171.250 - - [07/Nov/2021:07:31:38 -0300] "GET / HTTP/1.1" 200 11217
205.185.121.173 - - [07/Nov/2021:07:36:05 -0300] "GET /manager/html HTTP/1.1" 401 2474
205.185.121.173 - - [07/Nov/2021:07:46:45 -0300] "GET /manager/html HTTP/1.1" 401 2474
207.46.13.128 - - [07/Nov/2021:07:52:32 -0300] "GET /cormun/servlet/trvisualizadoreventos HTTP/1.1" 200 5864
157.55.39.53 - - [07/Nov/2021:07:52:48 -0300] "GET /cormun/static/hwchdr01.js?20201214473739 HTTP/1.1" 200 996
207.46.13.128 - - [07/Nov/2021:07:52:52 -0300] "GET /cormun/static/Shared/ext/resources/css/ext-all.css?205870 HTTP/1.1" 200 416045
207.46.13.104 - - [07/Nov/2021:07:52:52 -0300] "GET /cormun/static/gxui/gxui-all.css?110300 HTTP/1.1" 200 2179
207.46.13.149 - - [07/Nov/2021:07:52:53 -0300] "GET /cormun/static/calendar-system.css?75620 HTTP/1.1" 200 5572
157.55.39.61 - - [07/Nov/2021:07:52:53 -0300] "GET /cormun/static/PXToolsJavascripts/pexe_cookies.js HTTP/1.1" 200 792
40.77.167.1 - - [07/Nov/2021:07:52:57 -0300] "GET /cormun/static/RunJS/RunJS.js HTTP/1.1" 200 288
207.46.13.128 - - [07/Nov/2021:07:53:03 -0300] "GET /cormun/static/gxcfg.js?20199142243133 HTTP/1.1" 200 953
157.55.39.61 - - [07/Nov/2021:07:53:07 -0300] "GET /cormun/static/trvisualizadoreventos.js?201991422431650 HTTP/1.1" 200 19318
205.185.121.173 - - [07/Nov/2021:07:58:12 -0300] "GET /manager/html HTTP/1.1" 401 2474
192.241.203.84 - - [07/Nov/2021:08:07:13 -0300] "GET / HTTP/1.1" 200 11217
205.185.121.173 - - [07/Nov/2021:08:08:47 -0300] "GET /manager/html HTTP/1.1" 401 2474
205.185.121.173 - - [07/Nov/2021:08:20:29 -0300] "GET /manager/html HTTP/1.1" 401 2474
205.185.121.173 - - [07/Nov/2021:08:31:32 -0300] "GET /manager/html HTTP/1.1" 401 2474
207.46.13.149 - - [07/Nov/2021:08:36:47 -0300] "GET /cormun/servlet/trlicenciaspermisosadjuntos?22037391,20190711000000,L,_escaped_fragment_%3D&_escaped_fragment_= HTTP/1.1" 200 5348
205.185.121.173 - - [07/Nov/2021:08:42:47 -0300] "GET /manager/html HTTP/1.1" 401 2474
205.185.121.173 - - [07/Nov/2021:08:53:40 -0300] "GET /manager/html HTTP/1.1" 401 2474
205.185.121.173 - - [07/Nov/2021:09:04:37 -0300] "GET /manager/html HTTP/1.1" 401 2474
176.111.173.223 - - [07/Nov/2021:09:06:44 -0300] "CONNECT www.google.com:443 HTTP/1.1" 400 -
205.185.121.173 - - [07/Nov/2021:09:15:41 -0300] "GET /manager/html HTTP/1.1" 401 2474
205.185.121.173 - - [07/Nov/2021:09:26:57 -0300] "GET /manager/html HTTP/1.1" 401 2474
207.46.13.128 - - [07/Nov/2021:09:28:44 -0300] "GET /cormun/servlet/hhome?_escaped_fragment_= HTTP/1.1" 200 3141
205.185.121.173 - - [07/Nov/2021:09:38:01 -0300] "GET /manager/html HTTP/1.1" 401 2474
207.46.13.128 - - [07/Nov/2021:09:44:00 -0300] "GET /cormun/servlet/licenciaspermisosadjuntos?INS,12693069,L,20211013000000,, HTTP/1.1" 200 4786
205.185.121.173 - - [07/Nov/2021:09:48:58 -0300] "GET /manager/html HTTP/1.1" 401 2474
40.77.167.43 - - [07/Nov/2021:09:57:18 -0300] "GET /robots.txt HTTP/1.1" 404 981
205.185.121.173 - - [07/Nov/2021:09:59:47 -0300] "GET /manager/html HTTP/1.1" 401 2474
167.248.133.41 - - [07/Nov/2021:10:00:06 -0300] "GET / HTTP/1.1" 200 11217
167.248.133.41 - - [07/Nov/2021:10:00:06 -0300] "GET / HTTP/1.1" 200 11217
31.217.219.155 - - [07/Nov/2021:10:10:31 -0300] "GET / HTTP/1.1" 200 11217
205.185.121.173 - - [07/Nov/2021:10:10:35 -0300] "GET /manager/html HTTP/1.1" 401 2474
193.93.62.7 - - [07/Nov/2021:10:20:00 -0300] "/*àCookie: mstshash=Administr " 400 -
205.185.121.173 - - [07/Nov/2021:10:21:16 -0300] "GET /manager/html HTTP/1.1" 401 2474
209.141.44.174 - - [07/Nov/2021:10:29:02 -0300] "GET /manager/html HTTP/1.1" 401 2474
209.141.44.174 - - [07/Nov/2021:10:29:02 -0300] "GET /manager/html HTTP/1.1" 401 2474
209.141.44.174 - - [07/Nov/2021:10:29:02 -0300] "GET /manager/html HTTP/1.1" 401 2474
209.141.44.174 - - [07/Nov/2021:10:29:02 -0300] "GET /manager/html HTTP/1.1" 401 2474
209.141.44.174 - - [07/Nov/2021:10:29:03 -0300] "GET /manager/html HTTP/1.1" 401 2474
209.141.44.174 - - [07/Nov/2021:10:29:03 -0300] "GET /manager/html HTTP/1.1" 401 2474
209.141.44.174 - - [07/Nov/2021:10:29:03 -0300] "GET /manager/html HTTP/1.1" 401 2474
209.141.44.174 - - [07/Nov/2021:10:29:03 -0300] "GET /manager/html HTTP/1.1" 401 2474
209.141.44.174 - - [07/Nov/2021:10:29:03 -0300] "GET /manager/html HTTP/1.1" 401 2474
209.141.44.174 - - [07/Nov/2021:10:29:04 -0300] "GET /manager/html HTTP/1.1" 401 2474
209.141.44.174 - - [07/Nov/2021:10:29:04 -0300] "GET /manager/html HTTP/1.1" 401 2474
209.141.44.174 - - [07/Nov/2021:10:29:04 -0300] "GET /manager/html HTTP/1.1" 401 2474
209.141.44.174 - - [07/Nov/2021:10:29:04 -0300] "GET /manager/html HTTP/1.1" 401 2474
209.141.44.174 - - [07/Nov/2021:10:29:05 -0300] "GET /manager/html HTTP/1.1" 401 2474
209.141.44.174 - - [07/Nov/2021:10:29:05 -0300] "GET /manager/html HTTP/1.1" 401 2474
209.141.44.174 - - [07/Nov/2021:10:29:05 -0300] "GET /manager/html HTTP/1.1" 401 2474
209.141.44.174 - - [07/Nov/2021:10:29:05 -0300] "GET /manager/html HTTP/1.1" 401 2474
209.141.44.174 - - [07/Nov/2021:10:29:06 -0300] "GET /manager/html HTTP/1.1" 401 2474
209.141.44.174 - - [07/Nov/2021:10:29:06 -0300] "GET /manager/html HTTP/1.1" 401 2474
209.141.44.174 - - [07/Nov/2021:10:29:06 -0300] "GET /manager/html HTTP/1.1" 401 2474
209.141.44.174 - - [07/Nov/2021:10:29:06 -0300] "GET /manager/html HTTP/1.1" 401 2474
209.141.44.174 - - [07/Nov/2021:10:29:07 -0300] "GET /manager/html HTTP/1.1" 401 2474
209.141.44.174 - - [07/Nov/2021:10:29:07 -0300] "GET /manager/html HTTP/1.1" 401 2474
209.141.44.174 - - [07/Nov/2021:10:29:07 -0300] "GET /manager/html HTTP/1.1" 401 2474
209.141.44.174 - - [07/Nov/2021:10:29:07 -0300] "GET /manager/html HTTP/1.1" 401 2474
209.141.44.174 - - [07/Nov/2021:10:29:07 -0300] "GET /manager/html HTTP/1.1" 401 2474
209.141.44.174 - - [07/Nov/2021:10:29:08 -0300] "GET /manager/html HTTP/1.1" 401 2474
209.141.44.174 - - [07/Nov/2021:10:29:08 -0300] "GET /manager/html HTTP/1.1" 401 2474
209.141.44.174 - - [07/Nov/2021:10:29:08 -0300] "GET /manager/html HTTP/1.1" 401 2474
209.141.44.174 - - [07/Nov/2021:10:29:08 -0300] "GET /manager/html HTTP/1.1" 401 2474
209.141.44.174 - - [07/Nov/2021:10:29:09 -0300] "GET /manager/html HTTP/1.1" 401 2474
209.141.44.174 - - [07/Nov/2021:10:29:09 -0300] "GET /manager/html HTTP/1.1" 401 2474
209.141.44.174 - - [07/Nov/2021:10:29:09 -0300] "GET /manager/html HTTP/1.1" 401 2474
209.141.44.174 - - [07/Nov/2021:10:29:09 -0300] "GET /manager/html HTTP/1.1" 401 2474
209.141.44.174 - - [07/Nov/2021:10:29:10 -0300] "GET /manager/html HTTP/1.1" 401 2474
209.141.44.174 - - [07/Nov/2021:10:29:10 -0300] "GET /manager/html HTTP/1.1" 401 2474
209.141.44.174 - - [07/Nov/2021:10:29:10 -0300] "GET /manager/html HTTP/1.1" 401 2474
209.141.44.174 - - [07/Nov/2021:10:29:10 -0300] "GET /manager/html HTTP/1.1" 401 2474
209.141.44.174 - - [07/Nov/2021:10:29:11 -0300] "GET /manager/html HTTP/1.1" 401 2474
209.141.44.174 - - [07/Nov/2021:10:29:11 -0300] "GET /manager/html HTTP/1.1" 401 2474
209.141.44.174 - - [07/Nov/2021:10:29:11 -0300] "GET /manager/html HTTP/1.1" 401 2474
209.141.44.174 - - [07/Nov/2021:10:29:11 -0300] "GET /manager/html HTTP/1.1" 401 2474
209.141.44.174 - - [07/Nov/2021:10:29:11 -0300] "GET /manager/html HTTP/1.1" 401 2474
209.141.44.174 - - [07/Nov/2021:10:29:12 -0300] "GET /manager/html HTTP/1.1" 401 2474
209.141.44.174 - - [07/Nov/2021:10:29:12 -0300] "GET /manager/html HTTP/1.1" 401 2474
209.141.44.174 - - [07/Nov/2021:10:29:12 -0300] "GET /manager/html HTTP/1.1" 401 2474
209.141.44.174 - - [07/Nov/2021:10:29:12 -0300] "GET /manager/html HTTP/1.1" 401 2474
209.141.44.174 - - [07/Nov/2021:10:29:13 -0300] "GET /manager/html HTTP/1.1" 401 2474
209.141.44.174 - - [07/Nov/2021:10:29:13 -0300] "GET /manager/html HTTP/1.1" 401 2474
209.141.44.174 - - [07/Nov/2021:10:29:13 -0300] "GET /manager/html HTTP/1.1" 401 2474
209.141.44.174 - - [07/Nov/2021:10:29:13 -0300] "GET /manager/html HTTP/1.1" 401 2474
209.141.44.174 - - [07/Nov/2021:10:29:14 -0300] "GET /manager/html HTTP/1.1" 401 2474
209.141.44.174 - - [07/Nov/2021:10:29:14 -0300] "GET /manager/html HTTP/1.1" 401 2474
209.141.44.174 - - [07/Nov/2021:10:29:14 -0300] "GET /manager/html HTTP/1.1" 401 2474
209.141.44.174 - - [07/Nov/2021:10:29:14 -0300] "GET /manager/html HTTP/1.1" 401 2474
209.141.44.174 - - [07/Nov/2021:10:29:15 -0300] "GET /manager/html HTTP/1.1" 401 2474
209.141.44.174 - - [07/Nov/2021:10:29:15 -0300] "GET /manager/html HTTP/1.1" 401 2474
209.141.44.174 - - [07/Nov/2021:10:29:15 -0300] "GET /manager/html HTTP/1.1" 401 2474
209.141.44.174 - - [07/Nov/2021:10:29:15 -0300] "GET /manager/html HTTP/1.1" 401 2474
209.141.44.174 - - [07/Nov/2021:10:29:15 -0300] "GET /manager/html HTTP/1.1" 401 2474
209.141.44.174 - - [07/Nov/2021:10:29:16 -0300] "GET /manager/html HTTP/1.1" 401 2474
209.141.44.174 - - [07/Nov/2021:10:29:16 -0300] "GET /manager/html HTTP/1.1" 401 2474
209.141.44.174 - - [07/Nov/2021:10:29:16 -0300] "GET /manager/html HTTP/1.1" 401 2474
209.141.44.174 - - [07/Nov/2021:10:29:16 -0300] "GET /manager/html HTTP/1.1" 401 2474
209.141.44.174 - - [07/Nov/2021:10:29:17 -0300] "GET /manager/html HTTP/1.1" 401 2474
209.141.44.174 - - [07/Nov/2021:10:29:17 -0300] "GET /manager/html HTTP/1.1" 401 2474
209.141.44.174 - - [07/Nov/2021:10:29:17 -0300] "GET /manager/html HTTP/1.1" 401 2474
209.141.44.174 - - [07/Nov/2021:10:29:17 -0300] "GET /manager/html HTTP/1.1" 401 2474
209.141.44.174 - - [07/Nov/2021:10:29:18 -0300] "GET /manager/html HTTP/1.1" 401 2474
209.141.44.174 - - [07/Nov/2021:10:29:18 -0300] "GET /manager/html HTTP/1.1" 401 2474
209.141.44.174 - - [07/Nov/2021:10:29:18 -0300] "GET /manager/html HTTP/1.1" 401 2474
209.141.44.174 - - [07/Nov/2021:10:29:18 -0300] "GET /manager/html HTTP/1.1" 401 2474
209.141.44.174 - - [07/Nov/2021:10:29:19 -0300] "GET /manager/html HTTP/1.1" 401 2474
209.141.44.174 - - [07/Nov/2021:10:29:19 -0300] "GET /manager/html HTTP/1.1" 401 2474
209.141.44.174 - - [07/Nov/2021:10:29:19 -0300] "GET /manager/html HTTP/1.1" 401 2474
209.141.44.174 - - [07/Nov/2021:10:29:19 -0300] "GET /manager/html HTTP/1.1" 401 2474
209.141.44.174 - - [07/Nov/2021:10:29:19 -0300] "GET /manager/html HTTP/1.1" 401 2474
209.141.44.174 - - [07/Nov/2021:10:29:20 -0300] "GET /manager/html HTTP/1.1" 401 2474
209.141.44.174 - - [07/Nov/2021:10:29:20 -0300] "GET /manager/html HTTP/1.1" 401 2474
209.141.44.174 - - [07/Nov/2021:10:29:20 -0300] "GET /manager/html HTTP/1.1" 401 2474
209.141.44.174 - - [07/Nov/2021:10:29:20 -0300] "GET /manager/html HTTP/1.1" 401 2474
209.141.44.174 - - [07/Nov/2021:10:29:21 -0300] "GET /manager/html HTTP/1.1" 401 2474
209.141.44.174 - - [07/Nov/2021:10:29:21 -0300] "GET /manager/html HTTP/1.1" 401 2474
209.141.44.174 - - [07/Nov/2021:10:29:21 -0300] "GET /manager/html HTTP/1.1" 401 2474
209.141.44.174 - - [07/Nov/2021:10:29:21 -0300] "GET /manager/html HTTP/1.1" 401 2474
209.141.44.174 - - [07/Nov/2021:10:29:22 -0300] "GET /manager/html HTTP/1.1" 401 2474
209.141.44.174 - - [07/Nov/2021:10:29:22 -0300] "GET /manager/html HTTP/1.1" 401 2474
209.141.44.174 - - [07/Nov/2021:10:29:22 -0300] "GET /manager/html HTTP/1.1" 401 2474
209.141.44.174 - - [07/Nov/2021:10:29:22 -0300] "GET /manager/html HTTP/1.1" 401 2474
209.141.44.174 - - [07/Nov/2021:10:29:22 -0300] "GET /manager/html HTTP/1.1" 401 2474
209.141.44.174 - - [07/Nov/2021:10:29:23 -0300] "GET /manager/html HTTP/1.1" 401 2474
209.141.44.174 - - [07/Nov/2021:10:29:23 -0300] "GET /manager/html HTTP/1.1" 401 2474
209.141.44.174 - - [07/Nov/2021:10:29:23 -0300] "GET /manager/html HTTP/1.1" 401 2474
209.141.44.174 - - [07/Nov/2021:10:29:23 -0300] "GET /manager/html HTTP/1.1" 401 2474
209.141.44.174 - - [07/Nov/2021:10:29:24 -0300] "GET /manager/html HTTP/1.1" 401 2474
209.141.44.174 - - [07/Nov/2021:10:29:24 -0300] "GET /manager/html HTTP/1.1" 401 2474
209.141.44.174 - - [07/Nov/2021:10:29:24 -0300] "GET /manager/html HTTP/1.1" 401 2474
209.141.44.174 - - [07/Nov/2021:10:29:24 -0300] "GET /manager/html HTTP/1.1" 401 2474
209.141.44.174 - - [07/Nov/2021:10:29:25 -0300] "GET /manager/html HTTP/1.1" 401 2474
209.141.44.174 - - [07/Nov/2021:10:29:25 -0300] "GET /manager/html HTTP/1.1" 401 2474
205.185.121.173 - - [07/Nov/2021:10:32:33 -0300] "GET /manager/html HTTP/1.1" 401 2474
103.75.167.6 - - [07/Nov/2021:10:39:14 -0300] "GET / HTTP/1.1" 200 11217
205.185.121.173 - - [07/Nov/2021:10:43:27 -0300] "GET /manager/html HTTP/1.1" 401 2474
193.118.53.210 - - [07/Nov/2021:10:51:12 -0300] "GET / HTTP/1.1" 200 11217
205.185.121.173 - - [07/Nov/2021:10:54:12 -0300] "GET /manager/html HTTP/1.1" 401 2474
205.185.121.173 - - [07/Nov/2021:11:05:20 -0300] "GET /manager/html HTTP/1.1" 401 2474
205.185.119.40 - - [07/Nov/2021:11:07:55 -0300] "GET /config/getuser?index=0 HTTP/1.1" 404 989
157.55.39.61 - - [07/Nov/2021:11:08:56 -0300] "GET /cormun/servlet/trlicencias HTTP/1.1" 200 6025
187.45.116.162 - - [07/Nov/2021:11:13:11 -0300] "GET / HTTP/1.1" 200 11217
187.45.116.162 - - [07/Nov/2021:11:13:20 -0300] "POST / HTTP/1.1" 200 11217
187.45.116.162 - - [07/Nov/2021:11:13:25 -0300] "POST /index.action HTTP/1.1" 404 985
187.45.116.162 - - [07/Nov/2021:11:13:29 -0300] "POST /login.action HTTP/1.1" 404 985
187.45.116.162 - - [07/Nov/2021:11:13:34 -0300] "POST /index.do HTTP/1.1" 404 977
187.45.116.162 - - [07/Nov/2021:11:13:38 -0300] "POST /index.jsp HTTP/1.1" 200 11217
187.45.116.162 - - [07/Nov/2021:11:13:43 -0300] "POST /login.do HTTP/1.1" 404 977
187.45.116.162 - - [07/Nov/2021:11:13:47 -0300] "POST /login.jsp HTTP/1.1" 404 979
187.45.116.162 - - [07/Nov/2021:11:13:51 -0300] "POST /main.jsp HTTP/1.1" 404 977
187.45.116.162 - - [07/Nov/2021:11:13:55 -0300] "POST /default.jsp HTTP/1.1" 404 983
187.45.116.162 - - [07/Nov/2021:11:14:00 -0300] "POST /register.jsp HTTP/1.1" 404 985
187.45.116.162 - - [07/Nov/2021:11:14:04 -0300] "POST /login/login.jsp HTTP/1.1" 404 991
187.45.116.162 - - [07/Nov/2021:11:14:09 -0300] "POST /login/indexAction.action HTTP/1.1" 404 1009
187.45.116.162 - - [07/Nov/2021:11:14:13 -0300] "POST /indexAction.action HTTP/1.1" 404 997
187.45.116.162 - - [07/Nov/2021:11:14:17 -0300] "POST / HTTP/1.1" 200 11217
187.45.116.162 - - [07/Nov/2021:11:14:21 -0300] "POST /index.action HTTP/1.1" 404 985
187.45.116.162 - - [07/Nov/2021:11:14:24 -0300] "POST /login.action HTTP/1.1" 404 985
187.45.116.162 - - [07/Nov/2021:11:14:27 -0300] "POST /index.do HTTP/1.1" 404 977
187.45.116.162 - - [07/Nov/2021:11:14:30 -0300] "POST /index.jsp HTTP/1.1" 200 11217
187.45.116.162 - - [07/Nov/2021:11:14:32 -0300] "POST /login.do HTTP/1.1" 404 977
187.45.116.162 - - [07/Nov/2021:11:14:35 -0300] "POST /login.jsp HTTP/1.1" 404 979
187.45.116.162 - - [07/Nov/2021:11:14:37 -0300] "POST /main.jsp HTTP/1.1" 404 977
187.45.116.162 - - [07/Nov/2021:11:14:38 -0300] "POST /default.jsp HTTP/1.1" 404 983
187.45.116.162 - - [07/Nov/2021:11:14:39 -0300] "POST /register.jsp HTTP/1.1" 404 985
187.45.116.162 - - [07/Nov/2021:11:14:52 -0300] "POST /login/login.jsp HTTP/1.1" 404 991
187.45.116.162 - - [07/Nov/2021:11:14:52 -0300] "POST /login/indexAction.action HTTP/1.1" 404 1009
187.45.116.162 - - [07/Nov/2021:11:14:53 -0300] "POST /indexAction.action HTTP/1.1" 404 997
187.45.116.162 - - [07/Nov/2021:11:14:53 -0300] "POST / HTTP/1.1" 200 11217
187.45.116.162 - - [07/Nov/2021:11:15:03 -0300] "POST /index.action HTTP/1.1" 404 985
187.45.116.162 - - [07/Nov/2021:11:15:06 -0300] "POST /login.action HTTP/1.1" 404 985
187.45.116.162 - - [07/Nov/2021:11:15:08 -0300] "POST /index.do HTTP/1.1" 404 977
187.45.116.162 - - [07/Nov/2021:11:15:10 -0300] "POST /index.jsp HTTP/1.1" 200 11217
187.45.116.162 - - [07/Nov/2021:11:15:11 -0300] "POST /login.do HTTP/1.1" 404 977
187.45.116.162 - - [07/Nov/2021:11:15:12 -0300] "POST /login.jsp HTTP/1.1" 404 979
187.45.116.162 - - [07/Nov/2021:11:15:13 -0300] "POST /main.jsp HTTP/1.1" 404 977
187.45.116.162 - - [07/Nov/2021:11:15:23 -0300] "POST /default.jsp HTTP/1.1" 404 983
187.45.116.162 - - [07/Nov/2021:11:15:23 -0300] "POST /register.jsp HTTP/1.1" 404 985
187.45.116.162 - - [07/Nov/2021:11:15:23 -0300] "POST /login/login.jsp HTTP/1.1" 404 991
187.45.116.162 - - [07/Nov/2021:11:15:24 -0300] "POST /login/indexAction.action HTTP/1.1" 404 1009
187.45.116.162 - - [07/Nov/2021:11:15:25 -0300] "POST /indexAction.action HTTP/1.1" 404 997
187.45.116.162 - - [07/Nov/2021:11:15:37 -0300] "POST / HTTP/1.1" 200 11217
187.45.116.162 - - [07/Nov/2021:11:15:40 -0300] "POST /index.action HTTP/1.1" 404 985
187.45.116.162 - - [07/Nov/2021:11:15:42 -0300] "POST /login.action HTTP/1.1" 404 985
187.45.116.162 - - [07/Nov/2021:11:15:44 -0300] "POST /index.do HTTP/1.1" 404 977
187.45.116.162 - - [07/Nov/2021:11:15:55 -0300] "POST /index.jsp HTTP/1.1" 200 11217
187.45.116.162 - - [07/Nov/2021:11:15:59 -0300] "POST /login.do HTTP/1.1" 404 977
205.185.121.173 - - [07/Nov/2021:11:16:00 -0300] "GET /manager/html HTTP/1.1" 401 2474
187.45.116.162 - - [07/Nov/2021:11:16:02 -0300] "POST /login.jsp HTTP/1.1" 404 979
187.45.116.162 - - [07/Nov/2021:11:16:07 -0300] "POST /main.jsp HTTP/1.1" 404 977
187.45.116.162 - - [07/Nov/2021:11:16:11 -0300] "POST /default.jsp HTTP/1.1" 404 983
187.45.116.162 - - [07/Nov/2021:11:16:15 -0300] "POST /register.jsp HTTP/1.1" 404 985
187.45.116.162 - - [07/Nov/2021:11:16:21 -0300] "POST /login/login.jsp HTTP/1.1" 404 991
187.45.116.162 - - [07/Nov/2021:11:16:25 -0300] "POST /login/indexAction.action HTTP/1.1" 404 1009
187.45.116.162 - - [07/Nov/2021:11:16:29 -0300] "POST /indexAction.action HTTP/1.1" 404 997
187.45.116.162 - - [07/Nov/2021:11:16:32 -0300] "GET //%28%23_memberAccess%3d@ognl.OgnlContext@DEFAULT_MEMBER_ACCESS%29%3f(%23req%3d%40org.apache.struts2.ServletActionContext%40getRequest(),%23wr%3d%23context%5b%23parameters.obj%5b0%5d%5d.getWriter(),%23wr.println(%23req.getRealPath(%23parameters.pp%5B0%5D)),%23wr.flush(),%23wr.close()):xx.toString.json?&obj=com.opensymphony.xwork2.dispatcher.HttpServletResponse&pp=%2f HTTP/1.1" 404 1563
187.45.116.162 - - [07/Nov/2021:11:16:35 -0300] "GET /index.action/%28%23_memberAccess%3d@ognl.OgnlContext@DEFAULT_MEMBER_ACCESS%29%3f(%23req%3d%40org.apache.struts2.ServletActionContext%40getRequest(),%23wr%3d%23context%5b%23parameters.obj%5b0%5d%5d.getWriter(),%23wr.println(%23req.getRealPath(%23parameters.pp%5B0%5D)),%23wr.flush(),%23wr.close()):xx.toString.json?&obj=com.opensymphony.xwork2.dispatcher.HttpServletResponse&pp=%2f HTTP/1.1" 404 1587
187.45.116.162 - - [07/Nov/2021:11:16:38 -0300] "GET /login.action/%28%23_memberAccess%3d@ognl.OgnlContext@DEFAULT_MEMBER_ACCESS%29%3f(%23req%3d%40org.apache.struts2.ServletActionContext%40getRequest(),%23wr%3d%23context%5b%23parameters.obj%5b0%5d%5d.getWriter(),%23wr.println(%23req.getRealPath(%23parameters.pp%5B0%5D)),%23wr.flush(),%23wr.close()):xx.toString.json?&obj=com.opensymphony.xwork2.dispatcher.HttpServletResponse&pp=%2f HTTP/1.1" 404 1587
187.45.116.162 - - [07/Nov/2021:11:16:41 -0300] "GET /index.do/%28%23_memberAccess%3d@ognl.OgnlContext@DEFAULT_MEMBER_ACCESS%29%3f(%23req%3d%40org.apache.struts2.ServletActionContext%40getRequest(),%23wr%3d%23context%5b%23parameters.obj%5b0%5d%5d.getWriter(),%23wr.println(%23req.getRealPath(%23parameters.pp%5B0%5D)),%23wr.flush(),%23wr.close()):xx.toString.json?&obj=com.opensymphony.xwork2.dispatcher.HttpServletResponse&pp=%2f HTTP/1.1" 404 1579
187.45.116.162 - - [07/Nov/2021:11:16:44 -0300] "GET /index.jsp/%28%23_memberAccess%3d@ognl.OgnlContext@DEFAULT_MEMBER_ACCESS%29%3f(%23req%3d%40org.apache.struts2.ServletActionContext%40getRequest(),%23wr%3d%23context%5b%23parameters.obj%5b0%5d%5d.getWriter(),%23wr.println(%23req.getRealPath(%23parameters.pp%5B0%5D)),%23wr.flush(),%23wr.close()):xx.toString.json?&obj=com.opensymphony.xwork2.dispatcher.HttpServletResponse&pp=%2f HTTP/1.1" 404 1581
187.45.116.162 - - [07/Nov/2021:11:16:47 -0300] "GET /login.do/%28%23_memberAccess%3d@ognl.OgnlContext@DEFAULT_MEMBER_ACCESS%29%3f(%23req%3d%40org.apache.struts2.ServletActionContext%40getRequest(),%23wr%3d%23context%5b%23parameters.obj%5b0%5d%5d.getWriter(),%23wr.println(%23req.getRealPath(%23parameters.pp%5B0%5D)),%23wr.flush(),%23wr.close()):xx.toString.json?&obj=com.opensymphony.xwork2.dispatcher.HttpServletResponse&pp=%2f HTTP/1.1" 404 1579
187.45.116.162 - - [07/Nov/2021:11:16:50 -0300] "GET /login.jsp/%28%23_memberAccess%3d@ognl.OgnlContext@DEFAULT_MEMBER_ACCESS%29%3f(%23req%3d%40org.apache.struts2.ServletActionContext%40getRequest(),%23wr%3d%23context%5b%23parameters.obj%5b0%5d%5d.getWriter(),%23wr.println(%23req.getRealPath(%23parameters.pp%5B0%5D)),%23wr.flush(),%23wr.close()):xx.toString.json?&obj=com.opensymphony.xwork2.dispatcher.HttpServletResponse&pp=%2f HTTP/1.1" 404 1581
187.45.116.162 - - [07/Nov/2021:11:16:53 -0300] "GET /main.jsp/%28%23_memberAccess%3d@ognl.OgnlContext@DEFAULT_MEMBER_ACCESS%29%3f(%23req%3d%40org.apache.struts2.ServletActionContext%40getRequest(),%23wr%3d%23context%5b%23parameters.obj%5b0%5d%5d.getWriter(),%23wr.println(%23req.getRealPath(%23parameters.pp%5B0%5D)),%23wr.flush(),%23wr.close()):xx.toString.json?&obj=com.opensymphony.xwork2.dispatcher.HttpServletResponse&pp=%2f HTTP/1.1" 404 1579
187.45.116.162 - - [07/Nov/2021:11:16:57 -0300] "GET /default.jsp/%28%23_memberAccess%3d@ognl.OgnlContext@DEFAULT_MEMBER_ACCESS%29%3f(%23req%3d%40org.apache.struts2.ServletActionContext%40getRequest(),%23wr%3d%23context%5b%23parameters.obj%5b0%5d%5d.getWriter(),%23wr.println(%23req.getRealPath(%23parameters.pp%5B0%5D)),%23wr.flush(),%23wr.close()):xx.toString.json?&obj=com.opensymphony.xwork2.dispatcher.HttpServletResponse&pp=%2f HTTP/1.1" 404 1585
187.45.116.162 - - [07/Nov/2021:11:16:59 -0300] "GET /register.jsp/%28%23_memberAccess%3d@ognl.OgnlContext@DEFAULT_MEMBER_ACCESS%29%3f(%23req%3d%40org.apache.struts2.ServletActionContext%40getRequest(),%23wr%3d%23context%5b%23parameters.obj%5b0%5d%5d.getWriter(),%23wr.println(%23req.getRealPath(%23parameters.pp%5B0%5D)),%23wr.flush(),%23wr.close()):xx.toString.json?&obj=com.opensymphony.xwork2.dispatcher.HttpServletResponse&pp=%2f HTTP/1.1" 404 1587
187.45.116.162 - - [07/Nov/2021:11:17:02 -0300] "GET /login/login.jsp/%28%23_memberAccess%3d@ognl.OgnlContext@DEFAULT_MEMBER_ACCESS%29%3f(%23req%3d%40org.apache.struts2.ServletActionContext%40getRequest(),%23wr%3d%23context%5b%23parameters.obj%5b0%5d%5d.getWriter(),%23wr.println(%23req.getRealPath(%23parameters.pp%5B0%5D)),%23wr.flush(),%23wr.close()):xx.toString.json?&obj=com.opensymphony.xwork2.dispatcher.HttpServletResponse&pp=%2f HTTP/1.1" 404 1593
187.45.116.162 - - [07/Nov/2021:11:17:05 -0300] "GET /login/indexAction.action/%28%23_memberAccess%3d@ognl.OgnlContext@DEFAULT_MEMBER_ACCESS%29%3f(%23req%3d%40org.apache.struts2.ServletActionContext%40getRequest(),%23wr%3d%23context%5b%23parameters.obj%5b0%5d%5d.getWriter(),%23wr.println(%23req.getRealPath(%23parameters.pp%5B0%5D)),%23wr.flush(),%23wr.close()):xx.toString.json?&obj=com.opensymphony.xwork2.dispatcher.HttpServletResponse&pp=%2f HTTP/1.1" 404 1611
187.45.116.162 - - [07/Nov/2021:11:17:08 -0300] "GET /indexAction.action/%28%23_memberAccess%3d@ognl.OgnlContext@DEFAULT_MEMBER_ACCESS%29%3f(%23req%3d%40org.apache.struts2.ServletActionContext%40getRequest(),%23wr%3d%23context%5b%23parameters.obj%5b0%5d%5d.getWriter(),%23wr.println(%23req.getRealPath(%23parameters.pp%5B0%5D)),%23wr.flush(),%23wr.close()):xx.toString.json?&obj=com.opensymphony.xwork2.dispatcher.HttpServletResponse&pp=%2f HTTP/1.1" 404 1599
187.45.116.162 - - [07/Nov/2021:11:17:11 -0300] "POST / HTTP/1.1" 200 11217
187.45.116.162 - - [07/Nov/2021:11:17:13 -0300] "POST /index.action HTTP/1.1" 404 985
187.45.116.162 - - [07/Nov/2021:11:17:16 -0300] "POST /login.action HTTP/1.1" 404 985
187.45.116.162 - - [07/Nov/2021:11:17:19 -0300] "POST /index.do HTTP/1.1" 404 977
187.45.116.162 - - [07/Nov/2021:11:17:22 -0300] "POST /index.jsp HTTP/1.1" 200 11217
187.45.116.162 - - [07/Nov/2021:11:17:26 -0300] "POST /login.do HTTP/1.1" 404 977
187.45.116.162 - - [07/Nov/2021:11:17:28 -0300] "POST /login.jsp HTTP/1.1" 404 979
187.45.116.162 - - [07/Nov/2021:11:17:31 -0300] "POST /main.jsp HTTP/1.1" 404 977
187.45.116.162 - - [07/Nov/2021:11:17:34 -0300] "POST /default.jsp HTTP/1.1" 404 983
187.45.116.162 - - [07/Nov/2021:11:17:37 -0300] "POST /register.jsp HTTP/1.1" 404 985
187.45.116.162 - - [07/Nov/2021:11:17:39 -0300] "POST /login/login.jsp HTTP/1.1" 404 991
187.45.116.162 - - [07/Nov/2021:11:17:42 -0300] "POST /login/indexAction.action HTTP/1.1" 404 1009
187.45.116.162 - - [07/Nov/2021:11:17:45 -0300] "POST /indexAction.action HTTP/1.1" 404 997
187.45.116.162 - - [07/Nov/2021:11:17:47 -0300] "GET /?debug=browser&object=(%23_memberAccess=@ognl.OgnlContext@DEFAULT_MEMBER_ACCESS)%3f(%23context%5B%23parameters.rpsobj%5B0%5D%5D.getWriter().println(%23context%5B%23parameters.reqobj%5B0%5D%5D.getRealPath(%23parameters.pp%5B0%5D))):sb.toString.json&rpsobj=com.opensymphony.xwork2.dispatcher.HttpServletResponse&command=Is-Struts2-Vul-URL&pp=%2f&reqobj=com.opensymphony.xwork2.dispatcher.HttpServletRequest HTTP/1.1" 200 11217
187.45.116.162 - - [07/Nov/2021:11:17:50 -0300] "GET /index.action?debug=browser&object=(%23_memberAccess=@ognl.OgnlContext@DEFAULT_MEMBER_ACCESS)%3f(%23context%5B%23parameters.rpsobj%5B0%5D%5D.getWriter().println(%23context%5B%23parameters.reqobj%5B0%5D%5D.getRealPath(%23parameters.pp%5B0%5D))):sb.toString.json&rpsobj=com.opensymphony.xwork2.dispatcher.HttpServletResponse&command=Is-Struts2-Vul-URL&pp=%2f&reqobj=com.opensymphony.xwork2.dispatcher.HttpServletRequest HTTP/1.1" 404 985
187.45.116.162 - - [07/Nov/2021:11:17:52 -0300] "GET /login.action?debug=browser&object=(%23_memberAccess=@ognl.OgnlContext@DEFAULT_MEMBER_ACCESS)%3f(%23context%5B%23parameters.rpsobj%5B0%5D%5D.getWriter().println(%23context%5B%23parameters.reqobj%5B0%5D%5D.getRealPath(%23parameters.pp%5B0%5D))):sb.toString.json&rpsobj=com.opensymphony.xwork2.dispatcher.HttpServletResponse&command=Is-Struts2-Vul-URL&pp=%2f&reqobj=com.opensymphony.xwork2.dispatcher.HttpServletRequest HTTP/1.1" 404 985
187.45.116.162 - - [07/Nov/2021:11:17:55 -0300] "GET /index.do?debug=browser&object=(%23_memberAccess=@ognl.OgnlContext@DEFAULT_MEMBER_ACCESS)%3f(%23context%5B%23parameters.rpsobj%5B0%5D%5D.getWriter().println(%23context%5B%23parameters.reqobj%5B0%5D%5D.getRealPath(%23parameters.pp%5B0%5D))):sb.toString.json&rpsobj=com.opensymphony.xwork2.dispatcher.HttpServletResponse&command=Is-Struts2-Vul-URL&pp=%2f&reqobj=com.opensymphony.xwork2.dispatcher.HttpServletRequest HTTP/1.1" 404 977
187.45.116.162 - - [07/Nov/2021:11:17:58 -0300] "GET /index.jsp?debug=browser&object=(%23_memberAccess=@ognl.OgnlContext@DEFAULT_MEMBER_ACCESS)%3f(%23context%5B%23parameters.rpsobj%5B0%5D%5D.getWriter().println(%23context%5B%23parameters.reqobj%5B0%5D%5D.getRealPath(%23parameters.pp%5B0%5D))):sb.toString.json&rpsobj=com.opensymphony.xwork2.dispatcher.HttpServletResponse&command=Is-Struts2-Vul-URL&pp=%2f&reqobj=com.opensymphony.xwork2.dispatcher.HttpServletRequest HTTP/1.1" 200 11217
187.45.116.162 - - [07/Nov/2021:11:18:00 -0300] "GET /login.do?debug=browser&object=(%23_memberAccess=@ognl.OgnlContext@DEFAULT_MEMBER_ACCESS)%3f(%23context%5B%23parameters.rpsobj%5B0%5D%5D.getWriter().println(%23context%5B%23parameters.reqobj%5B0%5D%5D.getRealPath(%23parameters.pp%5B0%5D))):sb.toString.json&rpsobj=com.opensymphony.xwork2.dispatcher.HttpServletResponse&command=Is-Struts2-Vul-URL&pp=%2f&reqobj=com.opensymphony.xwork2.dispatcher.HttpServletRequest HTTP/1.1" 404 977
187.45.116.162 - - [07/Nov/2021:11:18:03 -0300] "GET /login.jsp?debug=browser&object=(%23_memberAccess=@ognl.OgnlContext@DEFAULT_MEMBER_ACCESS)%3f(%23context%5B%23parameters.rpsobj%5B0%5D%5D.getWriter().println(%23context%5B%23parameters.reqobj%5B0%5D%5D.getRealPath(%23parameters.pp%5B0%5D))):sb.toString.json&rpsobj=com.opensymphony.xwork2.dispatcher.HttpServletResponse&command=Is-Struts2-Vul-URL&pp=%2f&reqobj=com.opensymphony.xwork2.dispatcher.HttpServletRequest HTTP/1.1" 404 979
187.45.116.162 - - [07/Nov/2021:11:18:05 -0300] "GET /main.jsp?debug=browser&object=(%23_memberAccess=@ognl.OgnlContext@DEFAULT_MEMBER_ACCESS)%3f(%23context%5B%23parameters.rpsobj%5B0%5D%5D.getWriter().println(%23context%5B%23parameters.reqobj%5B0%5D%5D.getRealPath(%23parameters.pp%5B0%5D))):sb.toString.json&rpsobj=com.opensymphony.xwork2.dispatcher.HttpServletResponse&command=Is-Struts2-Vul-URL&pp=%2f&reqobj=com.opensymphony.xwork2.dispatcher.HttpServletRequest HTTP/1.1" 404 977
187.45.116.162 - - [07/Nov/2021:11:18:08 -0300] "GET /default.jsp?debug=browser&object=(%23_memberAccess=@ognl.OgnlContext@DEFAULT_MEMBER_ACCESS)%3f(%23context%5B%23parameters.rpsobj%5B0%5D%5D.getWriter().println(%23context%5B%23parameters.reqobj%5B0%5D%5D.getRealPath(%23parameters.pp%5B0%5D))):sb.toString.json&rpsobj=com.opensymphony.xwork2.dispatcher.HttpServletResponse&command=Is-Struts2-Vul-URL&pp=%2f&reqobj=com.opensymphony.xwork2.dispatcher.HttpServletRequest HTTP/1.1" 404 983
187.45.116.162 - - [07/Nov/2021:11:18:10 -0300] "GET /register.jsp?debug=browser&object=(%23_memberAccess=@ognl.OgnlContext@DEFAULT_MEMBER_ACCESS)%3f(%23context%5B%23parameters.rpsobj%5B0%5D%5D.getWriter().println(%23context%5B%23parameters.reqobj%5B0%5D%5D.getRealPath(%23parameters.pp%5B0%5D))):sb.toString.json&rpsobj=com.opensymphony.xwork2.dispatcher.HttpServletResponse&command=Is-Struts2-Vul-URL&pp=%2f&reqobj=com.opensymphony.xwork2.dispatcher.HttpServletRequest HTTP/1.1" 404 985
187.45.116.162 - - [07/Nov/2021:11:18:13 -0300] "GET /login/login.jsp?debug=browser&object=(%23_memberAccess=@ognl.OgnlContext@DEFAULT_MEMBER_ACCESS)%3f(%23context%5B%23parameters.rpsobj%5B0%5D%5D.getWriter().println(%23context%5B%23parameters.reqobj%5B0%5D%5D.getRealPath(%23parameters.pp%5B0%5D))):sb.toString.json&rpsobj=com.opensymphony.xwork2.dispatcher.HttpServletResponse&command=Is-Struts2-Vul-URL&pp=%2f&reqobj=com.opensymphony.xwork2.dispatcher.HttpServletRequest HTTP/1.1" 404 991
187.45.116.162 - - [07/Nov/2021:11:18:16 -0300] "GET /login/indexAction.action?debug=browser&object=(%23_memberAccess=@ognl.OgnlContext@DEFAULT_MEMBER_ACCESS)%3f(%23context%5B%23parameters.rpsobj%5B0%5D%5D.getWriter().println(%23context%5B%23parameters.reqobj%5B0%5D%5D.getRealPath(%23parameters.pp%5B0%5D))):sb.toString.json&rpsobj=com.opensymphony.xwork2.dispatcher.HttpServletResponse&command=Is-Struts2-Vul-URL&pp=%2f&reqobj=com.opensymphony.xwork2.dispatcher.HttpServletRequest HTTP/1.1" 404 1009
187.45.116.162 - - [07/Nov/2021:11:18:18 -0300] "GET /indexAction.action?debug=browser&object=(%23_memberAccess=@ognl.OgnlContext@DEFAULT_MEMBER_ACCESS)%3f(%23context%5B%23parameters.rpsobj%5B0%5D%5D.getWriter().println(%23context%5B%23parameters.reqobj%5B0%5D%5D.getRealPath(%23parameters.pp%5B0%5D))):sb.toString.json&rpsobj=com.opensymphony.xwork2.dispatcher.HttpServletResponse&command=Is-Struts2-Vul-URL&pp=%2f&reqobj=com.opensymphony.xwork2.dispatcher.HttpServletRequest HTTP/1.1" 404 997
205.185.121.173 - - [07/Nov/2021:11:27:35 -0300] "GET /manager/html HTTP/1.1" 401 2474
207.46.13.128 - - [07/Nov/2021:11:29:45 -0300] "GET /cormun/servlet/hpexe_return HTTP/1.1" 200 974
66.249.85.97 - - [07/Nov/2021:11:35:08 -0300] "GET /cormun/static/Resources/Logo2019_Grande.png HTTP/1.1" 200 31733
209.141.62.185 - - [07/Nov/2021:11:35:34 -0300] "GET /config/getuser?index=0 HTTP/1.1" 404 989
205.185.121.173 - - [07/Nov/2021:11:39:07 -0300] "GET /manager/html HTTP/1.1" 401 2474
167.94.138.59 - - [07/Nov/2021:11:40:42 -0300] "GET / HTTP/1.1" 200 11217
167.94.138.59 - - [07/Nov/2021:11:40:42 -0300] "GET / HTTP/1.1" 200 11217
205.185.121.173 - - [07/Nov/2021:11:52:32 -0300] "GET /manager/html HTTP/1.1" 401 2474
205.185.121.173 - - [07/Nov/2021:12:04:53 -0300] "GET /manager/html HTTP/1.1" 401 2474
205.185.121.173 - - [07/Nov/2021:12:17:05 -0300] "GET /manager/html HTTP/1.1" 401 2474
207.46.13.190 - - [07/Nov/2021:12:22:31 -0300] "GET /cormun/servlet/hpexe_link HTTP/1.1" 200 927
205.185.121.173 - - [07/Nov/2021:12:29:23 -0300] "GET /manager/html HTTP/1.1" 401 2474
205.185.121.173 - - [07/Nov/2021:12:40:45 -0300] "GET /manager/html HTTP/1.1" 401 2474
205.185.121.173 - - [07/Nov/2021:12:52:23 -0300] "GET /manager/html HTTP/1.1" 401 2474
186.33.83.22 - - [07/Nov/2021:13:00:12 -0300] "GET / HTTP/1.1" 200 11217
205.185.121.173 - - [07/Nov/2021:13:04:17 -0300] "GET /manager/html HTTP/1.1" 401 2474
205.185.121.173 - - [07/Nov/2021:13:16:05 -0300] "GET /manager/html HTTP/1.1" 401 2474
205.185.121.173 - - [07/Nov/2021:13:28:07 -0300] "GET /manager/html HTTP/1.1" 401 2474
207.46.13.128 - - [07/Nov/2021:13:29:14 -0300] "GET /cormun/servlet/hhome?_escaped_fragment_= HTTP/1.1" 200 3134
207.46.13.153 - - [07/Nov/2021:13:29:34 -0300] "GET /cormun/static/gxcfg.js?20201215495537 HTTP/1.1" 200 953
207.46.13.149 - - [07/Nov/2021:13:29:36 -0300] "GET /cormun/servlet/hhome HTTP/1.1" 200 3306
157.55.39.61 - - [07/Nov/2021:13:29:38 -0300] "GET /cormun/static/PXToolsJavascripts/pexe_cookies.js HTTP/1.1" 200 792
157.55.39.4 - - [07/Nov/2021:13:29:39 -0300] "GET /cormun/static/messages.spa.js?85251 HTTP/1.1" 200 30736
40.77.167.1 - - [07/Nov/2021:13:29:39 -0300] "GET /cormun/static/RunJS/RunJS.js HTTP/1.1" 200 288
157.55.39.53 - - [07/Nov/2021:13:29:43 -0300] "GET /cormun/static/hwchdr01.js?20201214473739 HTTP/1.1" 200 996
40.77.167.1 - - [07/Nov/2021:13:29:49 -0300] "GET /cormun/static/hhome.js?20201215495544 HTTP/1.1" 200 777
139.59.168.11 - - [07/Nov/2021:13:36:11 -0300] "GET / HTTP/1.0" 200 11197
205.185.119.40 - - [07/Nov/2021:13:38:01 -0300] "GET /config/getuser?index=0 HTTP/1.1" 404 989
205.185.121.173 - - [07/Nov/2021:13:39:52 -0300] "GET /manager/html HTTP/1.1" 401 2474
205.185.121.173 - - [07/Nov/2021:13:52:01 -0300] "GET /manager/html HTTP/1.1" 401 2474
209.141.62.185 - - [07/Nov/2021:13:54:50 -0300] "GET /config/getuser?index=0 HTTP/1.1" 404 989
205.185.121.173 - - [07/Nov/2021:14:04:12 -0300] "GET /manager/html HTTP/1.1" 401 2474
128.1.248.42 - - [07/Nov/2021:14:08:37 -0300] "GET / HTTP/1.1" 200 11217
128.1.248.42 - - [07/Nov/2021:14:08:38 -0300] "GET /webfig/ HTTP/1.1" 404 975
172.104.35.186 - - [07/Nov/2021:14:10:17 -0300] "GET / HTTP/1.1" 200 11217
172.104.35.186 - - [07/Nov/2021:14:10:18 -0300] "-" 400 -
205.185.121.173 - - [07/Nov/2021:14:16:02 -0300] "GET /manager/html HTTP/1.1" 401 2474
207.46.13.190 - - [07/Nov/2021:14:21:33 -0300] "GET /cormun/servlet/hpexe_link HTTP/1.1" 200 930
205.185.121.173 - - [07/Nov/2021:14:27:08 -0300] "GET /manager/html HTTP/1.1" 401 2474
162.142.125.194 - - [07/Nov/2021:14:32:37 -0300] "GET / HTTP/1.1" 200 11217
162.142.125.194 - - [07/Nov/2021:14:32:38 -0300] "GET / HTTP/1.1" 200 11217
89.248.165.52 - - [07/Nov/2021:14:37:10 -0300] "CONNECT hotmail-com.olc.protection.outlook.com:25 HTTP/1.1" 400 -
205.185.121.173 - - [07/Nov/2021:14:39:03 -0300] "GET /manager/html HTTP/1.1" 401 2474
205.185.121.173 - - [07/Nov/2021:14:51:04 -0300] "GET /manager/html HTTP/1.1" 401 2474
205.185.121.173 - - [07/Nov/2021:15:02:46 -0300] "GET /manager/html HTTP/1.1" 401 2474
205.185.121.173 - - [07/Nov/2021:15:14:16 -0300] "GET /manager/html HTTP/1.1" 401 2474
193.93.62.7 - - [07/Nov/2021:15:24:51 -0300] "/*àCookie: mstshash=Administr " 400 -
205.185.121.173 - - [07/Nov/2021:15:25:32 -0300] "GET /manager/html HTTP/1.1" 401 2474
205.185.121.173 - - [07/Nov/2021:15:37:30 -0300] "GET /manager/html HTTP/1.1" 401 2474
205.185.121.173 - - [07/Nov/2021:15:48:57 -0300] "GET /manager/html HTTP/1.1" 401 2474
207.46.13.128 - - [07/Nov/2021:15:50:27 -0300] "GET /cormun/servlet/hpexe_return HTTP/1.1" 200 976
89.248.165.52 - - [07/Nov/2021:16:00:52 -0300] "CONNECT 85.206.160.115:80 HTTP/1.1" 400 -
205.185.121.173 - - [07/Nov/2021:16:01:02 -0300] "GET /manager/html HTTP/1.1" 401 2474
205.185.121.173 - - [07/Nov/2021:16:13:13 -0300] "GET /manager/html HTTP/1.1" 401 2474
207.46.13.153 - - [07/Nov/2021:16:16:32 -0300] "GET /cormun/static/gxcfg.js?2020121613995 HTTP/1.1" 200 953
205.185.121.173 - - [07/Nov/2021:16:24:49 -0300] "GET /manager/html HTTP/1.1" 401 2474
205.185.121.173 - - [07/Nov/2021:16:36:58 -0300] "GET /manager/html HTTP/1.1" 401 2474
157.55.39.61 - - [07/Nov/2021:16:38:22 -0300] "GET /cormun/servlet/licenciaspermisos?INS,0,,,&_escaped_fragment_= HTTP/1.1" 200 6583
207.46.13.128 - - [07/Nov/2021:16:42:17 -0300] "GET /cormun/servlet/trlicencias?_escaped_fragment_= HTTP/1.1" 200 5919
205.185.121.173 - - [07/Nov/2021:16:48:40 -0300] "GET /manager/html HTTP/1.1" 401 2474
205.185.121.173 - - [07/Nov/2021:16:59:38 -0300] "GET /manager/html HTTP/1.1" 401 2474
5.202.68.33 - - [07/Nov/2021:17:04:32 -0300] "GET / HTTP/1.1" 200 11217
205.185.121.173 - - [07/Nov/2021:17:11:01 -0300] "GET /manager/html HTTP/1.1" 401 2474
205.185.121.173 - - [07/Nov/2021:17:22:21 -0300] "GET /manager/html HTTP/1.1" 401 2474
205.185.121.173 - - [07/Nov/2021:17:33:48 -0300] "GET /manager/html HTTP/1.1" 401 2474
186.33.81.199 - - [07/Nov/2021:17:41:04 -0300] "GET / HTTP/1.1" 200 11217
205.185.121.173 - - [07/Nov/2021:17:45:13 -0300] "GET /manager/html HTTP/1.1" 401 2474
185.21.223.120 - - [07/Nov/2021:17:49:27 -0300] "GET / HTTP/1.1" 200 11217
205.185.121.173 - - [07/Nov/2021:17:56:40 -0300] "GET /manager/html HTTP/1.1" 401 2474
46.174.191.28 - - [07/Nov/2021:18:00:22 -0300] "GET / HTTP/1.0" 200 11197
205.185.121.173 - - [07/Nov/2021:18:08:37 -0300] "GET /manager/html HTTP/1.1" 401 2474
205.185.119.40 - - [07/Nov/2021:18:13:54 -0300] "GET /config/getuser?index=0 HTTP/1.1" 404 989
205.185.121.173 - - [07/Nov/2021:18:20:24 -0300] "GET /manager/html HTTP/1.1" 401 2474
66.249.70.117 - - [07/Nov/2021:18:27:12 -0300] "GET /robots.txt HTTP/1.1" 404 981
66.249.70.117 - - [07/Nov/2021:18:27:12 -0300] "GET /cormun/static/gxtimezone.js?85251 HTTP/1.1" 200 5781
66.249.70.117 - - [07/Nov/2021:18:27:13 -0300] "GET /cormun/static/Resources/Spanish/PXTools.css?2294816 HTTP/1.1" 200 100853
66.249.70.113 - - [07/Nov/2021:18:27:14 -0300] "GET /cormun/static/gxgral.js?85251 HTTP/1.1" 200 384558
66.249.70.117 - - [07/Nov/2021:18:27:14 -0300] "GET /cormun/static/messages.spa.js?85251 HTTP/1.1" 200 30736
205.185.121.173 - - [07/Nov/2021:18:32:11 -0300] "GET /manager/html HTTP/1.1" 401 2474
80.66.88.100 - - [07/Nov/2021:18:36:03 -0300] "GET / HTTP/1.1" 200 11217
205.185.121.173 - - [07/Nov/2021:18:44:47 -0300] "GET /manager/html HTTP/1.1" 401 2474
