190.171.143.90 - - [05/Nov/2021:12:29:08 -0300] "GET /cormun/static/Shared/ext/resources/themes/images/default/panel/bg-headersPanel.png HTTP/1.1" 200 255
200.60.27.131 - - [05/Nov/2021:12:30:13 -0300] "GET /manager/html HTTP/1.1" 401 2474
205.185.121.173 - - [05/Nov/2021:12:30:25 -0300] "GET /manager/html HTTP/1.1" 401 2474
110.45.209.61 - - [05/Nov/2021:12:31:50 -0300] "GET /manager/html HTTP/1.1" 401 2474
200.60.27.131 - - [05/Nov/2021:12:33:27 -0300] "GET /manager/html HTTP/1.1" 401 2474
110.45.209.61 - - [05/Nov/2021:12:36:16 -0300] "GET /manager/html HTTP/1.1" 401 2474
200.60.27.131 - - [05/Nov/2021:12:36:28 -0300] "GET /manager/html HTTP/1.1" 401 2474
190.171.144.234 - - [05/Nov/2021:12:37:54 -0300] "GET /cormun/servlet/hlogin HTTP/1.1" 200 1724
190.171.144.234 - - [05/Nov/2021:12:37:55 -0300] "GET /cormun/servlet/hlogin HTTP/1.1" 200 1735
190.171.144.234 - - [05/Nov/2021:12:38:04 -0300] "POST /cormun/servlet/hlogin?d45d33a301499bbd39004468fb47809a,gx-no-cache=1636125969945 HTTP/1.1" 200 90
190.171.144.234 - - [05/Nov/2021:12:38:04 -0300] "GET /cormun/servlet/hpexe_link HTTP/1.1" 200 952
190.171.144.234 - - [05/Nov/2021:12:38:05 -0300] "GET /cormun/servlet/hhome HTTP/1.1" 200 3985
190.171.144.234 - - [05/Nov/2021:12:38:06 -0300] "GET /cormun/servlet/hhome HTTP/1.1" 200 3981
190.171.144.234 - - [05/Nov/2021:12:38:09 -0300] "GET /cormun/servlet/trpermisosgoce? HTTP/1.1" 200 10185
190.171.144.234 - - [05/Nov/2021:12:38:09 -0300] "GET /cormun/servlet/trpermisosgoce? HTTP/1.1" 200 10183
190.171.144.234 - - [05/Nov/2021:12:38:12 -0300] "GET /cormun/servlet/permisogoce?INS,0,,, HTTP/1.1" 200 6848
190.171.144.234 - - [05/Nov/2021:12:38:13 -0300] "GET /cormun/servlet/permisogoce?INS,0,,, HTTP/1.1" 200 6846
190.171.144.234 - - [05/Nov/2021:12:38:20 -0300] "GET /cormun/servlet/permisogoce?2342a133db68539b9cf9b06e071236ca31d036c97e618fdcdf30b9c75c462847b3e7f26fc2a8bcfec4aa5a8af9489cbd7de495f98e6a5b199b565e55d4284478,gx-no-cache=1636125986176 HTTP/1.1" 200 74
190.171.144.234 - - [05/Nov/2021:12:38:20 -0300] "GET /cormun/static/menuarrow.gif HTTP/1.1" 404 1015
190.171.144.234 - - [05/Nov/2021:12:38:35 -0300] "GET /cormun/servlet/permisogoce?2342a133db68539b9cf9b06e071236cab4ab95c91d75f617b00f2b61b48a9e561f69564a285bf9af9d659020b22289fe447cd9241c83f9964609f8d85a6f431f,gx-no-cache=1636126000590 HTTP/1.1" 200 46
190.171.144.234 - - [05/Nov/2021:12:38:40 -0300] "POST /cormun/servlet/permisogoce?d45d33a301499bbd39004468fb47809a,INS,0,,,,gx-no-cache=1636126005121 HTTP/1.1" 200 93
190.171.144.234 - - [05/Nov/2021:12:38:40 -0300] "GET /cormun/servlet/hpexe_return? HTTP/1.1" 200 1009
190.171.144.234 - - [05/Nov/2021:12:38:40 -0300] "GET /cormun/servlet/trpermisosgoce HTTP/1.1" 200 10465
190.171.144.234 - - [05/Nov/2021:12:38:41 -0300] "GET /cormun/servlet/trpermisosgoce HTTP/1.1" 200 10460
190.171.144.234 - - [05/Nov/2021:12:38:45 -0300] "GET /cormun/servlet/apermisogoceprn?15492873,P,20211105122357,PU HTTP/1.1" 200 1661
200.60.27.131 - - [05/Nov/2021:12:39:43 -0300] "GET /manager/html HTTP/1.1" 401 2474
110.45.209.61 - - [05/Nov/2021:12:40:48 -0300] "GET /manager/html HTTP/1.1" 401 2474
200.54.237.82 - - [05/Nov/2021:12:42:34 -0300] "GET /cormun/servlet/trcontratounov2? HTTP/1.1" 200 5901
200.54.237.82 - - [05/Nov/2021:12:42:34 -0300] "GET /cormun/static/gxui/gxui-all.css?120300 HTTP/1.1" 200 2179
200.54.237.82 - - [05/Nov/2021:12:42:34 -0300] "GET /cormun/static/calendar-system.css?85620 HTTP/1.1" 200 5572
200.54.237.82 - - [05/Nov/2021:12:42:34 -0300] "GET /cormun/static/SmoothNavMenu/resources/ddsmoothmenu.css?1112540 HTTP/1.1" 200 2223
200.54.237.82 - - [05/Nov/2021:12:42:34 -0300] "GET /cormun/static/SmoothNavMenu/resources/ddsmoothmenu-v.css?1112540 HTTP/1.1" 200 1188
200.54.237.82 - - [05/Nov/2021:12:42:34 -0300] "GET /cormun/static/scaMessage/css/jquery.pnotify.default.css?1816380 HTTP/1.1" 200 1707
200.54.237.82 - - [05/Nov/2021:12:42:34 -0300] "GET /cormun/static/Shared/jqueryui/jquery-ui.min.css?1345370 HTTP/1.1" 200 30288
200.54.237.82 - - [05/Nov/2021:12:42:34 -0300] "GET /cormun/static/gxtimezone.js?85251 HTTP/1.1" 200 5781
200.54.237.82 - - [05/Nov/2021:12:42:34 -0300] "GET /cormun/static/gxcfg.js?2020121614367 HTTP/1.1" 200 953
200.54.237.82 - - [05/Nov/2021:12:42:34 -0300] "GET /cormun/static/Resources/Spanish/PXTools.css?14345360 HTTP/1.1" 200 100853
200.54.237.82 - - [05/Nov/2021:12:42:34 -0300] "GET /cormun/static/calendar-setup.js?85251 HTTP/1.1" 200 2588
200.54.237.82 - - [05/Nov/2021:12:42:34 -0300] "GET /cormun/static/calendar-es.js?85251 HTTP/1.1" 200 1901
200.54.237.82 - - [05/Nov/2021:12:42:34 -0300] "GET /cormun/static/calendar.js?85251 HTTP/1.1" 200 26246
200.54.237.82 - - [05/Nov/2021:12:42:34 -0300] "GET /cormun/static/RunJS/RunJS.js HTTP/1.1" 200 288
200.54.237.82 - - [05/Nov/2021:12:42:34 -0300] "GET /cormun/static/PXToolsJavascripts/pexe_autoreload.js HTTP/1.1" 200 1762
200.54.237.82 - - [05/Nov/2021:12:42:34 -0300] "GET /cormun/static/PXToolsJavascripts/pexe_cookies.js HTTP/1.1" 200 792
200.54.237.82 - - [05/Nov/2021:12:42:34 -0300] "GET /cormun/static/PXToolsJavascripts/pexe_windows.js HTTP/1.1" 200 15207
200.54.237.82 - - [05/Nov/2021:12:42:34 -0300] "GET /cormun/static/gxui/gxui-all.js HTTP/1.1" 200 107772
200.54.237.82 - - [05/Nov/2021:12:42:34 -0300] "GET /cormun/static/Shared/ext/resources/css/ext-all.css?215870 HTTP/1.1" 200 416045
200.54.237.82 - - [05/Nov/2021:12:42:34 -0300] "GET /cormun/static/PXToolsJavascripts/pexe_grid.js HTTP/1.1" 200 7559
200.54.237.82 - - [05/Nov/2021:12:42:34 -0300] "GET /cormun/static/PXToolsJavascripts/pexe_griddivfix.js HTTP/1.1" 200 6644
200.54.237.82 - - [05/Nov/2021:12:42:34 -0300] "GET /cormun/static/PXToolsJavascripts/pexe_link.js HTTP/1.1" 200 5671
200.54.237.82 - - [05/Nov/2021:12:42:34 -0300] "GET /cormun/static/PXToolsJavascripts/pexe_menudivfix.js HTTP/1.1" 200 333
200.54.237.82 - - [05/Nov/2021:12:42:34 -0300] "GET /cormun/static/PXToolsJavascripts/pexe_menus.js HTTP/1.1" 200 1286
200.54.237.82 - - [05/Nov/2021:12:42:34 -0300] "GET /cormun/static/PXToolsJavascripts/pexe_layers.js HTTP/1.1" 200 4114
200.54.237.82 - - [05/Nov/2021:12:42:34 -0300] "GET /cormun/static/PXToolsJavascripts/pexe_oav.js HTTP/1.1" 200 645
200.54.237.82 - - [05/Nov/2021:12:42:34 -0300] "GET /cormun/static/PXToolsJavascripts/pexe_oavdivfix.js HTTP/1.1" 200 639
200.54.237.82 - - [05/Nov/2021:12:42:34 -0300] "GET /cormun/static/PXToolsJavascripts/pexe_picture.js HTTP/1.1" 200 689
200.54.237.82 - - [05/Nov/2021:12:42:34 -0300] "GET /cormun/static/PXToolsJavascripts/pexe_popup.js HTTP/1.1" 200 13458
200.54.237.82 - - [05/Nov/2021:12:42:34 -0300] "GET /cormun/static/PXToolsJavascripts/pexe_scrolldiv.js HTTP/1.1" 200 4138
200.54.237.82 - - [05/Nov/2021:12:42:34 -0300] "GET /cormun/static/PXToolsJavascripts/pexe_tabdivfix.js HTTP/1.1" 200 876
200.54.237.82 - - [05/Nov/2021:12:42:34 -0300] "GET /cormun/static/PXToolsJavascripts/pexe_tabs.js HTTP/1.1" 200 3748
200.54.237.82 - - [05/Nov/2021:12:42:34 -0300] "GET /cormun/static/PXToolsJavascripts/pexe_upload.js HTTP/1.1" 200 1423
200.54.237.82 - - [05/Nov/2021:12:42:34 -0300] "GET /cormun/static/PXToolsJavascripts/PXToolsJavascriptsRender.js HTTP/1.1" 200 367
200.54.237.82 - - [05/Nov/2021:12:42:35 -0300] "GET /cormun/static/gxgral.js?85251 HTTP/1.1" 200 384558
200.54.237.82 - - [05/Nov/2021:12:42:35 -0300] "GET /cormun/static/Shared/ext/locale/ext-lang-en.js HTTP/1.1" 200 10940
200.54.237.82 - - [05/Nov/2021:12:42:35 -0300] "GET /cormun/static/messages.spa.js?85251 HTTP/1.1" 200 30736
200.54.237.82 - - [05/Nov/2021:12:42:35 -0300] "GET /cormun/static/gxdec.js?85251 HTTP/1.1" 200 19579
200.54.237.82 - - [05/Nov/2021:12:42:35 -0300] "GET /cormun/static/Shared/ext/ext-all.js HTTP/1.1" 200 1289687
200.54.237.82 - - [05/Nov/2021:12:42:35 -0300] "GET /cormun/static/trcontratounov2.js?20201216143065 HTTP/1.1" 200 38486
200.54.237.82 - - [05/Nov/2021:12:42:35 -0300] "GET /cormun/static/hwchdr01.js?20201214473739 HTTP/1.1" 200 996
200.54.237.82 - - [05/Nov/2021:12:42:35 -0300] "GET /cormun/static/hpexe_recentlink.js?20201214471090 HTTP/1.1" 200 2144
200.54.237.82 - - [05/Nov/2021:12:42:35 -0300] "GET /cormun/static/hpexe_scripts.js?20201214471411 HTTP/1.1" 200 1544
200.54.237.82 - - [05/Nov/2021:12:42:35 -0300] "GET /cormun/static/hpexe_messagecontroller.js?201991422154126 HTTP/1.1" 200 870
200.54.237.82 - - [05/Nov/2021:12:42:35 -0300] "GET /cormun/static/hpexe_messagepopupcomponent.js?2020121447232 HTTP/1.1" 200 605
200.54.237.82 - - [05/Nov/2021:12:42:35 -0300] "GET /cormun/static/hpexe_messagegenexuscomponent.js?2020121447173 HTTP/1.1" 200 587
200.54.237.82 - - [05/Nov/2021:12:42:35 -0300] "GET /cormun/static/cmcontrolpreferences.js?20199141926336 HTTP/1.1" 200 1375
200.54.237.82 - - [05/Nov/2021:12:42:35 -0300] "GET /cormun/static/Shared/jquery/jquery-1.4.2.min.js HTTP/1.1" 200 72174
200.54.237.82 - - [05/Nov/2021:12:42:35 -0300] "GET /cormun/static/Shared/jquery/jquery-1.10.2.min.js HTTP/1.1" 200 273199
200.54.237.82 - - [05/Nov/2021:12:42:35 -0300] "GET /cormun/static/SmoothNavMenu/resources/ddsmoothmenu.js HTTP/1.1" 200 12712
200.54.237.82 - - [05/Nov/2021:12:42:35 -0300] "GET /cormun/static/SmoothNavMenu/resources/SmoothNavMenuRender.js HTTP/1.1" 200 5951
200.54.237.82 - - [05/Nov/2021:12:42:35 -0300] "GET /cormun/static/scaMessage/js/jquery.pnotify.min.js HTTP/1.1" 200 13038
200.54.237.82 - - [05/Nov/2021:12:42:35 -0300] "GET /cormun/static/scaMessage/scaMessageRender.js HTTP/1.1" 200 11977
200.54.237.82 - - [05/Nov/2021:12:42:35 -0300] "GET /cormun/static/hmpwkw03.js?20201215501896 HTTP/1.1" 200 3973
200.54.237.82 - - [05/Nov/2021:12:42:35 -0300] "GET /cormun/static/Resources/Logo2019_Small.png HTTP/1.1" 200 10855
200.54.237.82 - - [05/Nov/2021:12:42:35 -0300] "GET /cormun/static/Resources/ImgHome.png HTTP/1.1" 200 1364
200.54.237.82 - - [05/Nov/2021:12:42:35 -0300] "GET /cormun/static/Resources/ImgLogin.png HTTP/1.1" 200 1432
200.54.237.82 - - [05/Nov/2021:12:42:35 -0300] "GET /cormun/static/Resources/PXToolsDataSearch.png HTTP/1.1" 200 435
200.54.237.82 - - [05/Nov/2021:12:42:35 -0300] "GET /cormun/static/Resources/PXToolsGridFirstDisabled.gif HTTP/1.1" 200 100
200.54.237.82 - - [05/Nov/2021:12:42:35 -0300] "GET /cormun/static/Resources/Llave.png HTTP/1.1" 200 1395
200.54.237.82 - - [05/Nov/2021:12:42:35 -0300] "GET /cormun/static/Resources/PXToolsGridPreviousDisabled.gif HTTP/1.1" 200 90
200.54.237.82 - - [05/Nov/2021:12:42:35 -0300] "GET /cormun/static/Resources/PXToolsGridNextDisabled.gif HTTP/1.1" 200 90
200.54.237.82 - - [05/Nov/2021:12:42:35 -0300] "GET /cormun/static/Shared/jqueryui/jquery-ui.min.js HTTP/1.1" 200 240427
200.54.237.82 - - [05/Nov/2021:12:42:35 -0300] "GET /cormun/static/Resources/PXToolsGridLastDisabled.gif HTTP/1.1" 200 98
200.54.237.82 - - [05/Nov/2021:12:42:35 -0300] "GET /cormun/static/Resources/PXToolsGridPage.gif HTTP/1.1" 200 725
200.54.237.82 - - [05/Nov/2021:12:42:35 -0300] "GET /cormun/static/Resources/PXToolsActionExcel.png HTTP/1.1" 200 727
200.54.237.82 - - [05/Nov/2021:12:42:35 -0300] "GET /cormun/static/Resources/PXToolsDataTitle.png HTTP/1.1" 200 1173
200.54.237.82 - - [05/Nov/2021:12:42:35 -0300] "GET /cormun/static/Resources/PXToolsAddSelectedAction.png HTTP/1.1" 200 523
200.54.237.82 - - [05/Nov/2021:12:42:35 -0300] "GET /cormun/static/Resources/PXToolsButtonRight.png HTTP/1.1" 200 1294
200.54.237.82 - - [05/Nov/2021:12:42:35 -0300] "GET /cormun/static/Resources/PXToolsButtonLeft.png HTTP/1.1" 200 1310
200.54.237.82 - - [05/Nov/2021:12:42:35 -0300] "GET /cormun/static/Resources/PXToolsButtonBackground.png HTTP/1.1" 200 1176
200.54.237.82 - - [05/Nov/2021:12:42:35 -0300] "GET /cormun/static/Resources/PXToolsAddAllAction.png HTTP/1.1" 200 495
200.54.237.82 - - [05/Nov/2021:12:42:35 -0300] "GET /cormun/static/Resources/asc.gif HTTP/1.1" 200 67
200.54.237.82 - - [05/Nov/2021:12:42:35 -0300] "GET /cormun/static/Resources/indicator.gif HTTP/1.1" 200 1553
200.54.237.82 - - [05/Nov/2021:12:42:35 -0300] "GET /cormun/static/Resources/desc.gif HTTP/1.1" 200 65
200.54.237.82 - - [05/Nov/2021:12:42:35 -0300] "GET /cormun/servlet/trcontratounov2? HTTP/1.1" 200 5912
200.54.237.82 - - [05/Nov/2021:12:42:35 -0300] "GET /cormun/static/Shared/ext/resources/themes/images/default/panel/bg-headersPanel.png HTTP/1.1" 200 255
200.54.237.82 - - [05/Nov/2021:12:42:35 -0300] "GET /cormun/static/Shared/ext/resources/themes/images/default/tools/tool-sprites.gif HTTP/1.1" 200 5434
200.54.237.82 - - [05/Nov/2021:12:42:35 -0300] "GET /cormun/servlet/trcontratounov2? HTTP/1.1" 200 5912
200.54.237.82 - - [05/Nov/2021:12:42:35 -0300] "GET /cormun/servlet/hlogin HTTP/1.1" 200 1745
200.54.237.82 - - [05/Nov/2021:12:42:36 -0300] "GET /cormun/static/gxcfg.js?201910216285969 HTTP/1.1" 200 953
200.54.237.82 - - [05/Nov/2021:12:42:36 -0300] "GET /cormun/static/Resources/Spanish/PXTools.css?2294816 HTTP/1.1" 200 100853
200.54.237.82 - - [05/Nov/2021:12:42:36 -0300] "GET /cormun/static/hlogin.js?201910216285995 HTTP/1.1" 200 2136
200.54.237.82 - - [05/Nov/2021:12:42:36 -0300] "GET /cormun/static/Resources/Logo2019_Grande.png HTTP/1.1" 200 31733
200.54.237.82 - - [05/Nov/2021:12:42:36 -0300] "GET /cormun/static/Resources/PXToolsLoginBackground.png HTTP/1.1" 200 1164
200.54.237.82 - - [05/Nov/2021:12:42:36 -0300] "GET /cormun/static/Resources/PXToolsLoginBottom.png HTTP/1.1" 200 1389
200.54.237.82 - - [05/Nov/2021:12:42:36 -0300] "GET /cormun/static/Resources/PXToolsLoginTop.png HTTP/1.1" 200 1337
200.54.237.82 - - [05/Nov/2021:12:42:36 -0300] "GET /favicon.ico HTTP/1.1" 200 21630
200.54.237.82 - - [05/Nov/2021:12:42:39 -0300] "POST /cormun/servlet/hlogin?ce6d2d335a54d0b59d9395e5c6008d68,gx-no-cache=1636126244373 HTTP/1.1" 200 90
200.54.237.82 - - [05/Nov/2021:12:42:39 -0300] "GET /cormun/servlet/hpexe_link HTTP/1.1" 200 957
200.54.237.82 - - [05/Nov/2021:12:42:39 -0300] "GET /cormun/static/gxcfg.js?201991422392958 HTTP/1.1" 200 953
200.54.237.82 - - [05/Nov/2021:12:42:39 -0300] "GET /cormun/static/hpexe_link.js?201991422392963 HTTP/1.1" 200 625
200.54.237.82 - - [05/Nov/2021:12:42:40 -0300] "GET /cormun/servlet/trcontratounov2 HTTP/1.1" 200 17255
200.54.237.82 - - [05/Nov/2021:12:42:40 -0300] "GET /cormun//static/Resources/PXToolsActionDisabled.gif HTTP/1.1" 200 53
200.54.237.82 - - [05/Nov/2021:12:42:40 -0300] "GET /cormun/static/SmoothNavMenu/resources/images/right.gif HTTP/1.1" 200 860
200.54.237.82 - - [05/Nov/2021:12:42:40 -0300] "GET /cormun/static/SmoothNavMenu/resources/images/down.gif HTTP/1.1" 200 854
200.54.237.82 - - [05/Nov/2021:12:42:40 -0300] "GET /cormun/servlet/trcontratounov2 HTTP/1.1" 200 17244
200.54.237.82 - - [05/Nov/2021:12:42:43 -0300] "GET /cormun/servlet/trlicencias? HTTP/1.1" 200 9280
200.54.237.82 - - [05/Nov/2021:12:42:43 -0300] "GET /cormun/static/gxcfg.js?2020121613995 HTTP/1.1" 200 953
200.54.237.82 - - [05/Nov/2021:12:42:43 -0300] "GET /cormun/static/Resources/PXTools/calendar.png HTTP/1.1" 200 1306
200.54.237.82 - - [05/Nov/2021:12:42:43 -0300] "GET /cormun/static/trlicencias.js?202012162481 HTTP/1.1" 200 41883
200.54.237.82 - - [05/Nov/2021:12:42:43 -0300] "GET /cormun//static/Resources/PXTools/ActionInsert.png HTTP/1.1" 200 1482
200.54.237.82 - - [05/Nov/2021:12:42:43 -0300] "GET /cormun//static/Resources/PXToolsGridDisplay.png HTTP/1.1" 200 525
200.54.237.82 - - [05/Nov/2021:12:42:43 -0300] "GET /cormun//static/Resources/PXToolsActionPrint.png HTTP/1.1" 200 404
200.54.237.82 - - [05/Nov/2021:12:42:43 -0300] "GET /cormun//static/Resources/PXToolsHeaderFavorites.png HTTP/1.1" 200 1414
200.54.237.82 - - [05/Nov/2021:12:42:43 -0300] "GET /cormun//static/Resources/PXToolsHeaderHelp.png HTTP/1.1" 200 1333
200.54.237.82 - - [05/Nov/2021:12:42:43 -0300] "GET /cormun/servlet/trlicencias? HTTP/1.1" 200 9279
205.185.121.173 - - [05/Nov/2021:12:42:48 -0300] "GET /manager/html HTTP/1.1" 401 2474
200.60.27.131 - - [05/Nov/2021:12:42:50 -0300] "GET /manager/html HTTP/1.1" 401 2474
110.45.209.61 - - [05/Nov/2021:12:45:04 -0300] "GET /manager/html HTTP/1.1" 401 2474
190.171.143.90 - - [05/Nov/2021:12:45:53 -0300] "GET /cormun/servlet/alicenciaprn?12693069,L,20211012000000,PU HTTP/1.1" 200 1542
200.60.27.131 - - [05/Nov/2021:12:46:01 -0300] "GET /manager/html HTTP/1.1" 401 2474
190.171.143.90 - - [05/Nov/2021:12:46:03 -0300] "GET /cormun/servlet/trlicencias? HTTP/1.1" 200 11651
190.171.143.90 - - [05/Nov/2021:12:46:04 -0300] "GET /cormun/servlet/trlicencias? HTTP/1.1" 200 11651
190.171.143.90 - - [05/Nov/2021:12:46:14 -0300] "GET /cormun/servlet/licenciaspermisos?INS,0,,, HTTP/1.1" 200 7910
190.171.143.90 - - [05/Nov/2021:12:46:14 -0300] "GET /cormun/static/gxcfg.js?202012153173 HTTP/1.1" 200 953
190.171.143.90 - - [05/Nov/2021:12:46:14 -0300] "GET /cormun/static/licenciaspermisos.js?2020121532136 HTTP/1.1" 200 38824
190.171.143.90 - - [05/Nov/2021:12:46:14 -0300] "GET /cormun/servlet/licenciaspermisos?INS,0,,, HTTP/1.1" 200 7918
190.171.144.234 - - [05/Nov/2021:12:46:21 -0300] "GET /cormun/servlet/trpermisosadjuntos?15492873,20211105122357,P, HTTP/1.1" 200 6305
190.171.144.234 - - [05/Nov/2021:12:46:21 -0300] "GET /cormun/servlet/trpermisosadjuntos?15492873,20211105122357,P, HTTP/1.1" 200 6305
190.171.144.234 - - [05/Nov/2021:12:46:27 -0300] "GET /cormun/servlet/permisosadjuntos?INS,15492873,P,20211105122357,, HTTP/1.1" 200 5623
190.171.144.234 - - [05/Nov/2021:12:46:27 -0300] "GET /cormun/servlet/permisosadjuntos?INS,15492873,P,20211105122357,, HTTP/1.1" 200 5613
190.171.144.234 - - [05/Nov/2021:12:46:27 -0300] "GET /cormun/static/about:blank HTTP/1.1" 404 1011
190.171.144.234 - - [05/Nov/2021:12:46:38 -0300] "POST /cormun/servlet/permisosadjuntos?d45d33a301499bbd39004468fb47809a,INS,15492873,P,20211105122357,, HTTP/1.1" 200 116
190.171.144.234 - - [05/Nov/2021:12:46:38 -0300] "GET /cormun/servlet/hpexe_return? HTTP/1.1" 200 1037
190.171.144.234 - - [05/Nov/2021:12:46:39 -0300] "GET /cormun/servlet/trpermisosadjuntos?15492873,20211105122357,P, HTTP/1.1" 200 6761
190.171.144.234 - - [05/Nov/2021:12:46:39 -0300] "GET /cormun/servlet/trpermisosadjuntos?15492873,20211105122357,P, HTTP/1.1" 200 6757
190.171.144.234 - - [05/Nov/2021:12:46:44 -0300] "GET /cormun/servlet/trpermisosgoce? HTTP/1.1" 200 10461
190.171.144.234 - - [05/Nov/2021:12:46:44 -0300] "GET /cormun/servlet/trpermisosgoce? HTTP/1.1" 200 10460
190.171.143.90 - - [05/Nov/2021:12:46:49 -0300] "GET /cormun/servlet/prfichaempleado?,MD,,gxPopupLevel%3D0%3B HTTP/1.1" 200 9337
190.171.143.90 - - [05/Nov/2021:12:46:49 -0300] "GET /cormun/static/gxcfg.js?20201215571085 HTTP/1.1" 200 953
190.171.143.90 - - [05/Nov/2021:12:46:49 -0300] "GET /cormun/static/prfichaempleado.js?20201215572193 HTTP/1.1" 200 16006
190.171.144.234 - - [05/Nov/2021:12:46:51 -0300] "POST /cormun/servlet/trpermisosgoce?d45d33a301499bbd39004468fb47809a,,gx-no-cache=1636126496940 HTTP/1.1" 200 7715
190.171.144.234 - - [05/Nov/2021:12:46:51 -0300] "GET /cormun/static/Shared/jqueryui/images/ui-bg_highlight-soft_100_c6c2c8_1x100.png HTTP/1.1" 404 1117
190.171.144.234 - - [05/Nov/2021:12:46:51 -0300] "GET /cormun/static/Shared/jqueryui/images/ui-icons_82798d_256x240.png HTTP/1.1" 404 1089
190.171.144.234 - - [05/Nov/2021:12:46:51 -0300] "GET /cormun/static/Shared/jqueryui/images/ui-icons_8d78a5_256x240.png HTTP/1.1" 404 1089
190.171.144.234 - - [05/Nov/2021:12:46:51 -0300] "GET /cormun/static/Shared/jqueryui/images/ui-bg_flat_55_fafafa_40x100.png HTTP/1.1" 404 1097
190.171.143.90 - - [05/Nov/2021:12:46:57 -0300] "GET /cormun/servlet/licenciaspermisos?9bae9076d0e7e8ad2a2d5487e918f610a09ad4f2053011a2d1323fbebc7fe9b3dc073f2182880ab92169589f165d911f185811815a55353298cffea54bb2b58f,gx-no-cache=1636126502455 HTTP/1.1" 200 97
190.171.143.90 - - [05/Nov/2021:12:46:57 -0300] "POST /cormun/servlet/licenciaspermisos?801691b099431814ce5dc1aceb82c52e,INS,0,,,,gx-no-cache=1636126502489 HTTP/1.1" 200 5105
190.171.144.234 - - [05/Nov/2021:12:47:44 -0300] "GET /cormun/servlet/hlogin HTTP/1.1" 200 1716
190.171.144.234 - - [05/Nov/2021:12:47:59 -0300] "POST /cormun/servlet/hlogin?417ed09c98e95551b5cabf8ca26e26a6,gx-no-cache=1636126564457 HTTP/1.1" 200 90
190.171.144.234 - - [05/Nov/2021:12:47:59 -0300] "GET /cormun/servlet/hpexe_link HTTP/1.1" 200 945
190.171.144.234 - - [05/Nov/2021:12:47:59 -0300] "GET /cormun/servlet/hhome HTTP/1.1" 200 4102
190.171.144.234 - - [05/Nov/2021:12:48:00 -0300] "GET /cormun/servlet/hhome HTTP/1.1" 200 4101
190.171.144.234 - - [05/Nov/2021:12:48:06 -0300] "GET /cormun/servlet/trautorizarpermisogoce? HTTP/1.1" 200 7782
190.171.144.234 - - [05/Nov/2021:12:48:06 -0300] "GET /cormun/servlet/trautorizarpermisogoce? HTTP/1.1" 200 7780
190.171.144.234 - - [05/Nov/2021:12:48:11 -0300] "POST /cormun/servlet/trautorizarpermisogoce?417ed09c98e95551b5cabf8ca26e26a6,,gx-no-cache=1636126576461 HTTP/1.1" 200 4515
190.171.144.234 - - [05/Nov/2021:12:48:11 -0300] "GET /cormun/static/Shared/jqueryui/images/ui-bg_highlight-soft_100_c6c2c8_1x100.png HTTP/1.1" 404 1117
190.171.144.234 - - [05/Nov/2021:12:48:11 -0300] "GET /cormun/static/Shared/jqueryui/images/ui-icons_82798d_256x240.png HTTP/1.1" 404 1089
190.171.144.234 - - [05/Nov/2021:12:48:11 -0300] "GET /cormun/static/Shared/jqueryui/images/ui-bg_flat_55_fafafa_40x100.png HTTP/1.1" 404 1097
190.171.144.234 - - [05/Nov/2021:12:48:11 -0300] "GET /cormun/static/Shared/jqueryui/images/ui-icons_8d78a5_256x240.png HTTP/1.1" 404 1089
200.60.27.131 - - [05/Nov/2021:12:49:08 -0300] "GET /manager/html HTTP/1.1" 401 2474
110.45.209.61 - - [05/Nov/2021:12:49:22 -0300] "GET /manager/html HTTP/1.1" 401 2474
200.60.27.131 - - [05/Nov/2021:12:52:22 -0300] "GET /manager/html HTTP/1.1" 401 2474
190.171.141.114 - - [05/Nov/2021:12:53:37 -0300] "GET /cormun/servlet/solicitudot?4195edc385ec24d53d47943dc85e64edf4e9a9978a44ed67cafcf5fbb9896f6e,gx-no-cache=1636126915926 HTTP/1.1" 440 972
190.171.141.114 - - [05/Nov/2021:12:53:39 -0300] "GET /cormun/servlet/solicitudot?4195edc385ec24d53d47943dc85e64ed9921289dc86e93f57fe4420de38acfd0,gx-no-cache=1636126918501 HTTP/1.1" 440 972
190.171.141.114 - - [05/Nov/2021:12:53:39 -0300] "GET /cormun/servlet/solicitudot?INS,0,0,false, HTTP/1.1" 200 14770
110.45.209.61 - - [05/Nov/2021:12:53:51 -0300] "GET /manager/html HTTP/1.1" 401 2474
190.171.141.114 - - [05/Nov/2021:12:54:02 -0300] "POST /cormun/servlet/solicitudot?gx-no-cache=1636126941181 HTTP/1.1" 440 972
190.171.141.114 - - [05/Nov/2021:12:54:02 -0300] "GET /cormun/servlet/solicitudot?INS,0,0,false, HTTP/1.1" 200 14770
192.168.10.96 - - [05/Nov/2021:12:54:12 -0300] "GET /cormun/servlet/trsolicitudgral? HTTP/1.1" 500 10
190.171.141.114 - - [05/Nov/2021:12:54:21 -0300] "GET /cormun/servlet/solicitudot?INS,0,0,false, HTTP/1.1" 200 14768
190.171.141.114 - - [05/Nov/2021:12:54:23 -0300] "GET /cormun/servlet/solicitudot?INS,0,0,false, HTTP/1.1" 200 14768
190.171.141.114 - - [05/Nov/2021:12:54:23 -0300] "GET /cormun/servlet/hlogin HTTP/1.1" 200 1753
190.171.141.114 - - [05/Nov/2021:12:54:23 -0300] "GET /cormun/servlet/solicitudot?INS,0,0,false, HTTP/1.1" 200 14768
192.168.10.96 - - [05/Nov/2021:12:54:30 -0300] "GET /cormun/servlet/hlogin HTTP/1.1" 200 1730
192.168.10.96 - - [05/Nov/2021:12:54:30 -0300] "GET /cormun/servlet/hlogin HTTP/1.1" 200 1740
192.168.10.96 - - [05/Nov/2021:12:54:35 -0300] "POST /cormun/servlet/hlogin?9896104bfd355ed4a4ee68fa795e3af6,gx-no-cache=1636126820687 HTTP/1.1" 200 90
192.168.10.96 - - [05/Nov/2021:12:54:35 -0300] "GET /cormun/servlet/hpexe_link HTTP/1.1" 200 955
192.168.10.96 - - [05/Nov/2021:12:54:35 -0300] "GET /cormun/servlet/hhome HTTP/1.1" 200 3767
192.168.10.96 - - [05/Nov/2021:12:54:36 -0300] "GET /cormun/servlet/hhome HTTP/1.1" 200 3764
192.168.10.96 - - [05/Nov/2021:12:54:38 -0300] "GET /cormun/servlet/trsolicitudgral? HTTP/1.1" 200 18599
192.168.10.96 - - [05/Nov/2021:12:54:39 -0300] "GET /cormun/servlet/trsolicitudgral? HTTP/1.1" 200 18596
190.171.141.114 - - [05/Nov/2021:12:54:39 -0300] "POST /cormun/servlet/hlogin?ca3651f22c387058f0f6fadb10024988,gx-no-cache=1636126978224 HTTP/1.1" 200 90
190.171.141.114 - - [05/Nov/2021:12:54:39 -0300] "GET /cormun/servlet/hpexe_link HTTP/1.1" 200 969
190.171.141.114 - - [05/Nov/2021:12:54:39 -0300] "GET /cormun/servlet/solicitudot?INS,0,0,false, HTTP/1.1" 200 15461
190.171.141.114 - - [05/Nov/2021:12:54:42 -0300] "GET /cormun/servlet/solicitudot?INS,0,0,false, HTTP/1.1" 200 15468
192.168.10.96 - - [05/Nov/2021:12:55:03 -0300] "POST /cormun/servlet/trsolicitudgral?9896104bfd355ed4a4ee68fa795e3af6,,gx-no-cache=1636126847899 HTTP/1.1" 200 18796
192.168.10.96 - - [05/Nov/2021:12:55:07 -0300] "POST /cormun/servlet/trsolicitudgral?9896104bfd355ed4a4ee68fa795e3af6,,gx-no-cache=1636126852372 HTTP/1.1" 200 5251
192.168.10.96 - - [05/Nov/2021:12:55:08 -0300] "POST /cormun/servlet/trsolicitudgral?9896104bfd355ed4a4ee68fa795e3af6,,gx-no-cache=1636126853518 HTTP/1.1" 200 5251
192.168.10.96 - - [05/Nov/2021:12:55:08 -0300] "POST /cormun/servlet/trsolicitudgral?9896104bfd355ed4a4ee68fa795e3af6,,gx-no-cache=1636126853718 HTTP/1.1" 200 5251
192.168.10.96 - - [05/Nov/2021:12:55:08 -0300] "POST /cormun/servlet/trsolicitudgral?9896104bfd355ed4a4ee68fa795e3af6,,gx-no-cache=1636126853893 HTTP/1.1" 200 5251
192.168.10.96 - - [05/Nov/2021:12:55:13 -0300] "POST /cormun/servlet/trsolicitudgral?9896104bfd355ed4a4ee68fa795e3af6,,gx-no-cache=1636126858278 HTTP/1.1" 200 7418
192.168.10.96 - - [05/Nov/2021:12:55:18 -0300] "GET /cormun/servlet/vesolicitudgral?2021,16587,, HTTP/1.1" 200 8331
192.168.10.96 - - [05/Nov/2021:12:55:18 -0300] "GET /cormun/pexe_scrolldiv.js HTTP/1.1" 404 1009
192.168.10.96 - - [05/Nov/2021:12:55:19 -0300] "GET /cormun/servlet/vesolicitudgral?2021,16587,, HTTP/1.1" 200 8331
192.168.10.96 - - [05/Nov/2021:12:55:24 -0300] "POST /cormun/servlet/vesolicitudgral?9896104bfd355ed4a4ee68fa795e3af6,2021,16587,,,gx-no-cache=1636126869622 HTTP/1.1" 200 90
192.168.10.96 - - [05/Nov/2021:12:55:24 -0300] "GET /cormun/servlet/hpexe_link HTTP/1.1" 200 973
192.168.10.96 - - [05/Nov/2021:12:55:24 -0300] "GET /cormun/servlet/trsolicitudgral? HTTP/1.1" 200 10408
192.168.10.96 - - [05/Nov/2021:12:55:25 -0300] "GET /cormun/servlet/trsolicitudgral? HTTP/1.1" 200 10407
200.60.27.131 - - [05/Nov/2021:12:55:34 -0300] "GET /manager/html HTTP/1.1" 401 2474
205.185.121.173 - - [05/Nov/2021:12:55:37 -0300] "GET /manager/html HTTP/1.1" 401 2474
190.171.154.42 - - [05/Nov/2021:12:56:05 -0300] "GET /cormun/servlet/trlicencias? HTTP/1.1" 200 7223
190.171.154.42 - - [05/Nov/2021:12:56:08 -0300] "GET /cormun/servlet/hlogin HTTP/1.1" 200 1746
190.171.154.42 - - [05/Nov/2021:12:56:08 -0300] "GET /cormun/servlet/trlicencias? HTTP/1.1" 200 7223
190.171.154.42 - - [05/Nov/2021:12:56:12 -0300] "POST /cormun/servlet/hlogin?e0b3ce9b8851a1979b7353ce8a2c6c6b,gx-no-cache=1636127056075 HTTP/1.1" 200 90
190.171.154.42 - - [05/Nov/2021:12:56:12 -0300] "GET /cormun/servlet/hpexe_link HTTP/1.1" 200 960
190.171.154.42 - - [05/Nov/2021:12:56:13 -0300] "GET /cormun/servlet/trlicencias HTTP/1.1" 200 12357
190.171.154.42 - - [05/Nov/2021:12:56:15 -0300] "GET /cormun/servlet/trlicencias HTTP/1.1" 200 12354
190.171.154.42 - - [05/Nov/2021:12:56:19 -0300] "POST /cormun/servlet/trlicencias?e0b3ce9b8851a1979b7353ce8a2c6c6b,gx-no-cache=1636127062696 HTTP/1.1" 200 9761
190.171.154.42 - - [05/Nov/2021:12:56:30 -0300] "POST /cormun/servlet/trlicencias?e0b3ce9b8851a1979b7353ce8a2c6c6b,gx-no-cache=1636127073836 HTTP/1.1" 200 5480
192.168.10.96 - - [05/Nov/2021:12:56:44 -0300] "GET /cormun/servlet/vesolicitudgral?2021,16662,, HTTP/1.1" 200 8337
192.168.10.96 - - [05/Nov/2021:12:56:44 -0300] "GET /cormun/pexe_scrolldiv.js HTTP/1.1" 404 1009
192.168.10.96 - - [05/Nov/2021:12:56:44 -0300] "GET /cormun/pexe_scrolldiv.js HTTP/1.1" 404 1009
192.168.10.96 - - [05/Nov/2021:12:56:44 -0300] "GET /cormun/servlet/vesolicitudgral?2021,16662,, HTTP/1.1" 200 8336
192.168.10.96 - - [05/Nov/2021:12:56:46 -0300] "POST /cormun/servlet/vesolicitudgral?9896104bfd355ed4a4ee68fa795e3af6,2021,16662,,,gx-no-cache=1636126951610 HTTP/1.1" 200 90
192.168.10.96 - - [05/Nov/2021:12:56:46 -0300] "GET /cormun/servlet/hpexe_link HTTP/1.1" 200 973
192.168.10.96 - - [05/Nov/2021:12:56:46 -0300] "GET /cormun/servlet/trsolicitudgral HTTP/1.1" 200 10408
192.168.10.96 - - [05/Nov/2021:12:56:47 -0300] "GET /cormun/servlet/trsolicitudgral HTTP/1.1" 200 10407
192.168.10.96 - - [05/Nov/2021:12:56:48 -0300] "GET /cormun/servlet/vesolicitudgral?2021,17155,, HTTP/1.1" 200 8364
192.168.10.96 - - [05/Nov/2021:12:56:48 -0300] "GET /cormun/pexe_scrolldiv.js HTTP/1.1" 404 1009
192.168.10.96 - - [05/Nov/2021:12:56:48 -0300] "GET /cormun/pexe_scrolldiv.js HTTP/1.1" 404 1009
192.168.10.96 - - [05/Nov/2021:12:56:49 -0300] "GET /cormun/servlet/vesolicitudgral?2021,17155,, HTTP/1.1" 200 8363
190.171.141.114 - - [05/Nov/2021:12:57:46 -0300] "POST /cormun/servlet/solicitudot?gx-no-cache=1636127164935 HTTP/1.1" 200 3778
190.171.141.114 - - [05/Nov/2021:12:57:46 -0300] "POST /cormun/servlet/solicitudot?ca3651f22c387058f0f6fadb10024988,INS,0,0,false,,gx-no-cache=1636127165152 HTTP/1.1" 200 12017
190.171.143.90 - - [05/Nov/2021:12:58:17 -0300] "GET /cormun/static/menuarrow.gif HTTP/1.1" 404 1015
110.45.209.61 - - [05/Nov/2021:12:58:17 -0300] "GET /manager/html HTTP/1.1" 401 2474
190.171.141.114 - - [05/Nov/2021:12:58:20 -0300] "GET /cormun/servlet/solicitudot?cd0fbf2330397bb3dc517d49db499dc011c4e60d780938018084b9e2f1ce907cf9549dd594f57ac52352d46ebde064ec,gx-no-cache=1636127199267 HTTP/1.1" 200 30
200.54.100.179 - - [05/Nov/2021:12:58:34 -0300] "GET /cormun/servlet/hlogin HTTP/1.1" 200 1724
200.54.100.179 - - [05/Nov/2021:12:58:34 -0300] "GET /cormun/servlet/hlogin HTTP/1.1" 200 1735
200.54.100.179 - - [05/Nov/2021:12:58:34 -0300] "GET /favicon.ico HTTP/1.1" 200 21630
200.54.100.179 - - [05/Nov/2021:12:58:41 -0300] "POST /cormun/servlet/hlogin?263ac31294b19555189dcbc99c94e333,gx-no-cache=1636127206848 HTTP/1.1" 200 90
200.54.100.179 - - [05/Nov/2021:12:58:41 -0300] "GET /cormun/servlet/hpexe_link HTTP/1.1" 200 952
200.54.100.179 - - [05/Nov/2021:12:58:41 -0300] "GET /cormun/servlet/hhome HTTP/1.1" 200 4304
200.60.27.131 - - [05/Nov/2021:12:58:42 -0300] "GET /manager/html HTTP/1.1" 401 2474
200.54.100.179 - - [05/Nov/2021:12:58:42 -0300] "GET /cormun/servlet/hhome HTTP/1.1" 200 4300
200.54.100.179 - - [05/Nov/2021:12:58:45 -0300] "GET /cormun/servlet/trlicencias? HTTP/1.1" 200 11414
200.54.100.179 - - [05/Nov/2021:12:58:46 -0300] "GET /cormun/servlet/trlicencias? HTTP/1.1" 200 11409
190.171.141.114 - - [05/Nov/2021:12:59:03 -0300] "GET /cormun/servlet/hlogin HTTP/1.1" 200 1753
190.171.141.114 - - [05/Nov/2021:12:59:09 -0300] "POST /cormun/servlet/hlogin?ca3651f22c387058f0f6fadb10024988,gx-no-cache=1636127248184 HTTP/1.1" 200 90
190.171.141.114 - - [05/Nov/2021:12:59:09 -0300] "GET /cormun/servlet/hpexe_link HTTP/1.1" 200 969
190.171.141.114 - - [05/Nov/2021:12:59:09 -0300] "GET /cormun/servlet/solicitudot?INS,0,0,false, HTTP/1.1" 200 15462
190.171.141.114 - - [05/Nov/2021:12:59:11 -0300] "GET /cormun/servlet/solicitudot?INS,0,0,false, HTTP/1.1" 200 15469
190.171.141.114 - - [05/Nov/2021:13:00:07 -0300] "POST /cormun/servlet/solicitudot?gx-no-cache=1636127306068 HTTP/1.1" 200 3778
190.171.141.114 - - [05/Nov/2021:13:00:07 -0300] "POST /cormun/servlet/solicitudot?ca3651f22c387058f0f6fadb10024988,INS,0,0,false,,gx-no-cache=1636127306277 HTTP/1.1" 200 12018
190.171.141.114 - - [05/Nov/2021:13:00:15 -0300] "GET /cormun/servlet/solicitudot?cd0fbf2330397bb3dc517d49db499dc011c4e60d780938018084b9e2f1ce907cf9549dd594f57ac52352d46ebde064ec,gx-no-cache=1636127314446 HTTP/1.1" 200 30
192.168.10.96 - - [05/Nov/2021:13:00:38 -0300] "GET /cormun/servlet/trsolicitudgral? HTTP/1.1" 200 10408
192.168.10.96 - - [05/Nov/2021:13:00:39 -0300] "GET /cormun/servlet/trsolicitudgral? HTTP/1.1" 200 10407
192.168.10.96 - - [05/Nov/2021:13:00:47 -0300] "POST /cormun/servlet/trsolicitudgral?9896104bfd355ed4a4ee68fa795e3af6,,gx-no-cache=1636127192472 HTTP/1.1" 200 7394
190.171.141.114 - - [05/Nov/2021:13:01:04 -0300] "GET /cormun/servlet/solicitudot?cd0fbf2330397bb3dc517d49db499dc0358567866202a329bc2912e72f29df3b,gx-no-cache=1636127363554 HTTP/1.1" 200 94
190.171.141.114 - - [05/Nov/2021:13:01:04 -0300] "GET /cormun/static/Shared/jqueryui/images/ui-bg_highlight-soft_100_c6c2c8_1x100.png HTTP/1.1" 404 1117
190.171.141.114 - - [05/Nov/2021:13:01:04 -0300] "GET /cormun/static/Shared/jqueryui/images/ui-icons_82798d_256x240.png HTTP/1.1" 404 1089
190.171.141.114 - - [05/Nov/2021:13:01:04 -0300] "GET /cormun/static/Shared/jqueryui/images/ui-bg_flat_55_994d53_40x100.png HTTP/1.1" 404 1097
190.171.141.114 - - [05/Nov/2021:13:01:04 -0300] "GET /cormun/static/Shared/jqueryui/images/ui-icons_ebccce_256x240.png HTTP/1.1" 404 1089
190.171.141.114 - - [05/Nov/2021:13:01:05 -0300] "GET /cormun/servlet/solicitudot?cd0fbf2330397bb3dc517d49db499dc0b19f47d5b17c8c6a4987caed8ef8ccde,gx-no-cache=1636127363764 HTTP/1.1" 200 29
192.168.10.96 - - [05/Nov/2021:13:01:05 -0300] "GET /cormun/servlet/vesolicitudgral?2021,17504,, HTTP/1.1" 200 8350
192.168.10.96 - - [05/Nov/2021:13:01:05 -0300] "GET /cormun/pexe_scrolldiv.js HTTP/1.1" 404 1009
192.168.10.96 - - [05/Nov/2021:13:01:05 -0300] "GET /cormun/pexe_scrolldiv.js HTTP/1.1" 404 1009
192.168.10.96 - - [05/Nov/2021:13:01:05 -0300] "GET /cormun/servlet/vesolicitudgral?2021,17504,, HTTP/1.1" 200 8350
192.168.10.96 - - [05/Nov/2021:13:01:06 -0300] "GET /cormun/servlet/vesolicitudgral?2021,17504,,SolicitudOTLog HTTP/1.1" 200 9791
192.168.10.96 - - [05/Nov/2021:13:01:07 -0300] "GET /cormun/pexe_scrolldiv.js HTTP/1.1" 404 1009
192.168.10.96 - - [05/Nov/2021:13:01:07 -0300] "GET /cormun/pexe_scrolldiv.js HTTP/1.1" 404 1009
192.168.10.96 - - [05/Nov/2021:13:01:07 -0300] "GET /cormun/servlet/vesolicitudgral?2021,17504,,SolicitudOTLog HTTP/1.1" 200 9792
192.168.10.96 - - [05/Nov/2021:13:01:08 -0300] "POST /cormun/servlet/acontrolpreferencessavestate?None,RRHH+DANIELA,true HTTP/1.1" 200 35
190.171.141.114 - - [05/Nov/2021:13:01:10 -0300] "POST /cormun/servlet/solicitudot?gx-no-cache=1636127369064 HTTP/1.1" 200 240
192.168.10.96 - - [05/Nov/2021:13:01:10 -0300] "POST /cormun/servlet/vesolicitudgral?9896104bfd355ed4a4ee68fa795e3af6,2021,17504,,SolicitudOTLog,gx-no-cache=1636127215472 HTTP/1.1" 200 90
192.168.10.96 - - [05/Nov/2021:13:01:10 -0300] "GET /cormun/servlet/hpexe_link HTTP/1.1" 200 981
192.168.10.96 - - [05/Nov/2021:13:01:10 -0300] "GET /cormun/servlet/trsolicitudgral? HTTP/1.1" 200 10384
192.168.10.96 - - [05/Nov/2021:13:01:10 -0300] "GET /cormun/servlet/trsolicitudgral? HTTP/1.1" 200 10383
190.171.141.114 - - [05/Nov/2021:13:01:13 -0300] "GET /cormun/servlet/solicitudot?cd0fbf2330397bb3dc517d49db499dc042881c700b1ef19e29d692a655983bb3d2e29262bcf20587ddbda9e97eb06f8677b4f7d428d477bd08cd9f44d094b6b2696b5533c370dc6e89a812e9e84bfe87daec77d350a1f216ee21130748b0307234856f12222c4dca316b4945b2b310c745a63408f491cf1ae7802ed0cd0ca898be9bd25db1851944c760a9566e8155b38515f77f6cbba005e3b3b0854a57aaf29f3992db3eb7a89cce983584f565c4744a8055bab8658f82c42d5d571ff044d9681da4af5d728f6747617f5628725783d4063683b80c2f2ad078c35d93f2f3eb37621b247650def6bb0c23a5df46f51e2208d94eccefbcc6b6968078f8fc2d19a97fa525f33a6ed6e10217243c6c7325895ed24dd54a5c0bd310fab130f8a4ed7d7c2ad44be046610cfbb52dd6c79c4f4f5bde3acbd38f7b65218b6056462d456b8667fd6e7236c764ac5c4be03e847e3c7a9a9dba64eaf1d2deaaa04a3dbfb9246f62b2bc7cf1c689543885235104e5e5ed3e066cc9fe1f92105d81d8a48a6c,gx-no-cache=1636127372078 HTTP/1.1" 200 30
190.171.141.114 - - [05/Nov/2021:13:01:20 -0300] "POST /cormun/servlet/solicitudot?gx-no-cache=1636127379687 HTTP/1.1" 200 30
190.171.141.114 - - [05/Nov/2021:13:01:24 -0300] "GET /cormun/servlet/prfichaempleado?,MD,,gxPopupLevel%3D0%3B HTTP/1.1" 200 9302
190.171.141.114 - - [05/Nov/2021:13:01:59 -0300] "POST /cormun/servlet/prfichaempleado?ca3651f22c387058f0f6fadb10024988,,MD,,gxPopupLevel%3D0%3B,gx-no-cache=1636127418432 HTTP/1.1" 200 3410
200.60.27.131 - - [05/Nov/2021:13:02:02 -0300] "GET /manager/html HTTP/1.1" 401 2474
190.171.141.114 - - [05/Nov/2021:13:02:32 -0300] "POST /cormun/servlet/solicitudot?gx-no-cache=1636127451402 HTTP/1.1" 200 1441
190.171.141.114 - - [05/Nov/2021:13:02:32 -0300] "GET /cormun/static/menuarrow.gif HTTP/1.1" 404 1015
190.171.141.114 - - [05/Nov/2021:13:02:37 -0300] "POST /cormun/servlet/solicitudot?gx-no-cache=1636127456693 HTTP/1.1" 200 40
190.171.143.90 - - [05/Nov/2021:13:02:42 -0300] "GET /cormun/servlet/licenciaspermisos?9bae9076d0e7e8ad2a2d5487e918f610492a580661b490e56d4d229bfb0443489eaf2fc1f86399c911274fb0de83444b0d490cbbeb6b553ec2cbe2f2b44b91db8f04cf50c5cc871b704fa8757af1b5c60aa39cc682b10a810f06d6132e6be18439febdac3b166881b8bb6f24baadbad8a37f7e58893c0b15b797cf1971379f189d2044541e294f83247fc782d519e105ee1793d1f773d24f6c5f4ba4058a8a329c16eb9cfa53418c4592099785f38bb5,gx-no-cache=1636127447187 HTTP/1.1" 200 30
110.45.209.61 - - [05/Nov/2021:13:02:42 -0300] "GET /manager/html HTTP/1.1" 401 2474
190.171.143.90 - - [05/Nov/2021:13:02:42 -0300] "POST /cormun/servlet/licenciaspermisos?801691b099431814ce5dc1aceb82c52e,INS,0,,,,gx-no-cache=1636127447279 HTTP/1.1" 200 5198
200.83.224.3 - - [05/Nov/2021:13:03:35 -0300] "GET /cormun/servlet/hlogin HTTP/1.1" 200 1726
200.83.224.3 - - [05/Nov/2021:13:03:52 -0300] "GET /cormun/servlet/hlogin HTTP/1.1" 200 1737
190.171.141.114 - - [05/Nov/2021:13:03:55 -0300] "GET /cormun/servlet/solicitudot?cd0fbf2330397bb3dc517d49db499dc0b9e3951c6a6118bc5776b58e5ac224e335090540c5aaef4000302419d7545c3303d109c039a1e4523b2199f3cea9fddec47fec17a1b5ab37722741fc0d917509f6ce1965c12a2a61f289a9e97255c865d780318a791d588878aa14158359a5f7,gx-no-cache=1636127534351 HTTP/1.1" 200 110
190.171.141.114 - - [05/Nov/2021:13:03:55 -0300] "POST /cormun/servlet/solicitudot?gx-no-cache=1636127534422 HTTP/1.1" 200 110
200.83.224.3 - - [05/Nov/2021:13:03:56 -0300] "POST /cormun/servlet/hlogin?ca432c25356477f1b6beea9c8901a1b8,gx-no-cache=1636127523253 HTTP/1.1" 200 90
200.83.224.3 - - [05/Nov/2021:13:03:56 -0300] "GET /cormun/servlet/hpexe_link HTTP/1.1" 200 953
200.83.224.3 - - [05/Nov/2021:13:03:57 -0300] "GET /cormun/servlet/hhome HTTP/1.1" 200 4304
200.83.224.3 - - [05/Nov/2021:13:04:03 -0300] "GET /cormun/servlet/hhome HTTP/1.1" 200 4300
200.83.224.3 - - [05/Nov/2021:13:04:09 -0300] "GET /cormun/servlet/trlicencias? HTTP/1.1" 200 11412
200.83.224.3 - - [05/Nov/2021:13:04:15 -0300] "GET /cormun/servlet/trlicencias? HTTP/1.1" 200 11410
200.83.224.3 - - [05/Nov/2021:13:04:31 -0300] "GET /cormun/servlet/trlicencias? HTTP/1.1" 200 11408
200.83.224.3 - - [05/Nov/2021:13:04:37 -0300] "GET /cormun/servlet/trlicencias? HTTP/1.1" 200 11402
200.60.27.131 - - [05/Nov/2021:13:05:15 -0300] "GET /manager/html HTTP/1.1" 401 2474
190.171.141.90 - - [05/Nov/2021:13:05:49 -0300] "GET /cormun/servlet/hlogin HTTP/1.1" 200 1730
190.171.141.90 - - [05/Nov/2021:13:05:52 -0300] "POST /cormun/servlet/hlogin?fa9f3fe39f778b126b2edaf4d2fd6330,gx-no-cache=1636127637588 HTTP/1.1" 200 90
190.171.141.90 - - [05/Nov/2021:13:05:52 -0300] "GET /cormun/servlet/hpexe_link HTTP/1.1" 200 956
190.171.141.90 - - [05/Nov/2021:13:05:52 -0300] "GET /cormun/servlet/hhome HTTP/1.1" 200 3978
190.171.141.90 - - [05/Nov/2021:13:05:52 -0300] "GET /cormun/servlet/hhome HTTP/1.1" 200 3975
190.171.141.90 - - [05/Nov/2021:13:05:55 -0300] "GET /cormun/servlet/trsolicitudot? HTTP/1.1" 200 7203
190.171.141.90 - - [05/Nov/2021:13:05:55 -0300] "GET /cormun/servlet/trsolicitudot? HTTP/1.1" 200 7203
190.171.141.90 - - [05/Nov/2021:13:06:01 -0300] "GET /cormun/static/menuarrow.gif HTTP/1.1" 404 1015
190.171.141.90 - - [05/Nov/2021:13:06:19 -0300] "POST /cormun/servlet/trsolicitudot?fa9f3fe39f778b126b2edaf4d2fd6330,,gx-no-cache=1636127664817 HTTP/1.1" 200 20759
190.171.143.90 - - [05/Nov/2021:13:06:40 -0300] "GET /cormun/servlet/licenciaspermisos?9bae9076d0e7e8ad2a2d5487e918f6105de87854e2dcac74ca9cbae17b804e8ff025a41fada59279dcf6de92710258b06e8e7f03317be269f5940f43f64cd21ef51c79693cf97ca83272040c84d60f654d620c6d53eb279ada5b1486979f9e52807b7778409ff7c2e8b692c1046b000ff30e56be9d79bd0129322c26cb09c2c93360360eae26658bc18e8e7b0effc079405264372a8e1100cef568dcd787df450dc5fe536139a53c3bc532df7730541202b42769dfc49e7fa0f61a74bbfeb954f868efe7d0d2f0fc708cc692bfeeaa4f8fed40c869c4a960d7c998b5e0f24afb5f11d0a7b7badb0db74324ea5fd7a99a,gx-no-cache=1636127685104 HTTP/1.1" 200 61
190.171.143.90 - - [05/Nov/2021:13:06:40 -0300] "POST /cormun/servlet/licenciaspermisos?801691b099431814ce5dc1aceb82c52e,INS,0,,,,gx-no-cache=1636127685221 HTTP/1.1" 200 93
190.171.143.90 - - [05/Nov/2021:13:06:40 -0300] "GET /cormun/servlet/hpexe_return? HTTP/1.1" 200 1010
190.171.143.90 - - [05/Nov/2021:13:06:40 -0300] "GET /cormun/servlet/trlicencias HTTP/1.1" 200 12278
190.171.143.90 - - [05/Nov/2021:13:06:41 -0300] "GET /cormun//static/Resources/PXToolsGridUpdate.png HTTP/1.1" 200 470
190.171.143.90 - - [05/Nov/2021:13:06:41 -0300] "GET /cormun//static/Resources/PXToolsGridDelete.png HTTP/1.1" 200 538
190.171.143.90 - - [05/Nov/2021:13:06:41 -0300] "GET /cormun/servlet/trlicencias HTTP/1.1" 200 12274
190.171.141.82 - - [05/Nov/2021:13:06:57 -0300] "GET /cormun/servlet/trlicencias? HTTP/1.1" 200 7224
190.171.141.82 - - [05/Nov/2021:13:07:00 -0300] "GET /cormun/servlet/trlicencias? HTTP/1.1" 200 7224
190.171.141.82 - - [05/Nov/2021:13:07:00 -0300] "GET /cormun/servlet/hlogin HTTP/1.1" 200 1746
190.171.141.82 - - [05/Nov/2021:13:07:00 -0300] "GET /cormun/servlet/trlicencias? HTTP/1.1" 200 7224
110.45.209.61 - - [05/Nov/2021:13:07:04 -0300] "GET /manager/html HTTP/1.1" 401 2474
190.171.141.82 - - [05/Nov/2021:13:07:08 -0300] "POST /cormun/servlet/hlogin?c5772501c2987faa15f936e1d484e294,gx-no-cache=1636127712477 HTTP/1.1" 200 90
190.171.141.82 - - [05/Nov/2021:13:07:09 -0300] "GET /cormun/servlet/hpexe_link HTTP/1.1" 200 962
190.171.141.82 - - [05/Nov/2021:13:07:09 -0300] "GET /cormun/servlet/trlicencias HTTP/1.1" 200 12146
190.171.141.82 - - [05/Nov/2021:13:07:11 -0300] "GET /cormun/servlet/trlicencias HTTP/1.1" 200 12144
190.171.143.90 - - [05/Nov/2021:13:07:28 -0300] "GET /cormun/servlet/trlicenciaspermisosadjuntos?13082722,20211105000000,L, HTTP/1.1" 200 6653
190.171.143.90 - - [05/Nov/2021:13:07:29 -0300] "GET /cormun/static/gxcfg.js?201991422445549 HTTP/1.1" 200 953
190.171.143.90 - - [05/Nov/2021:13:07:29 -0300] "GET /cormun/static/trlicenciaspermisosadjuntos.js?20199142244593 HTTP/1.1" 200 21036
190.171.143.90 - - [05/Nov/2021:13:07:29 -0300] "GET /cormun/servlet/trlicenciaspermisosadjuntos?13082722,20211105000000,L, HTTP/1.1" 200 6653
190.171.143.90 - - [05/Nov/2021:13:07:33 -0300] "GET /cormun/servlet/licenciaspermisosadjuntos?INS,13082722,L,20211105000000,, HTTP/1.1" 200 5951
190.171.143.90 - - [05/Nov/2021:13:07:33 -0300] "GET /cormun/static/gxcfg.js?20201215114875 HTTP/1.1" 200 953
190.171.143.90 - - [05/Nov/2021:13:07:33 -0300] "GET /cormun/static/licenciaspermisosadjuntos.js?20201215114932 HTTP/1.1" 200 8760
190.171.143.90 - - [05/Nov/2021:13:07:33 -0300] "GET /cormun/static/about:blank HTTP/1.1" 404 1011
190.171.143.90 - - [05/Nov/2021:13:07:33 -0300] "GET /cormun/servlet/licenciaspermisosadjuntos?INS,13082722,L,20211105000000,, HTTP/1.1" 200 5941
190.171.143.90 - - [05/Nov/2021:13:07:45 -0300] "POST /cormun/servlet/licenciaspermisosadjuntos?801691b099431814ce5dc1aceb82c52e,INS,13082722,L,20211105000000,, HTTP/1.1" 200 116
190.171.143.90 - - [05/Nov/2021:13:07:46 -0300] "GET /cormun/servlet/hpexe_return? HTTP/1.1" 200 1040
190.171.143.90 - - [05/Nov/2021:13:07:46 -0300] "GET /cormun/servlet/trlicenciaspermisosadjuntos?13082722,20211105000000,L, HTTP/1.1" 200 7215
190.171.143.90 - - [05/Nov/2021:13:07:46 -0300] "GET /cormun/servlet/trlicenciaspermisosadjuntos?13082722,20211105000000,L, HTTP/1.1" 200 7213
190.171.143.90 - - [05/Nov/2021:13:08:15 -0300] "GET /cormun/servlet/trlicencias? HTTP/1.1" 200 12275
190.171.143.90 - - [05/Nov/2021:13:08:15 -0300] "GET /cormun/servlet/trlicencias? HTTP/1.1" 200 12274
190.171.143.90 - - [05/Nov/2021:13:08:19 -0300] "GET /cormun/servlet/alicenciaprn?13082722,L,20211105000000,PU HTTP/1.1" 200 1587
200.60.27.131 - - [05/Nov/2021:13:08:28 -0300] "GET /manager/html HTTP/1.1" 401 2474
205.185.121.173 - - [05/Nov/2021:13:08:39 -0300] "GET /manager/html HTTP/1.1" 401 2474
190.171.141.114 - - [05/Nov/2021:13:09:08 -0300] "GET /cormun/servlet/solicitudot?cd0fbf2330397bb3dc517d49db499dc0c49410c0e44c315b2bf8a864817bfa3199a8acb5aaa66c7f59f62381c34e6305b82fc757218876be17fc5d8c51ac9b71429111ea7f0ac022e58aa12592ab3e7b0ae2b1618a214deb298ced0075bf0f28f127d350bff7622b428faea646c0a459,gx-no-cache=1636127847353 HTTP/1.1" 200 29
190.171.141.114 - - [05/Nov/2021:13:09:12 -0300] "GET /cormun/servlet/solicitudot?cd0fbf2330397bb3dc517d49db499dc04baa0f1c25f710a0b594644950300ccb73e2258fba2a4b7ff5f40cb8856e8e08,gx-no-cache=1636127851036 HTTP/1.1" 200 30
190.171.141.114 - - [05/Nov/2021:13:09:26 -0300] "POST /cormun/servlet/solicitudot?gx-no-cache=1636127865429 HTTP/1.1" 200 34
191.116.190.189 - - [05/Nov/2021:13:09:30 -0300] "GET /cormun/servlet/hlogin HTTP/1.1" 200 1729
191.116.190.189 - - [05/Nov/2021:13:09:30 -0300] "GET /cormun/servlet/hlogin HTTP/1.1" 200 1740
191.116.190.189 - - [05/Nov/2021:13:09:31 -0300] "GET /favicon.ico HTTP/1.1" 200 21630
191.116.190.189 - - [05/Nov/2021:13:09:34 -0300] "POST /cormun/servlet/hlogin?b15a791f9e5bd86f0ddb6c410b129f00,gx-no-cache=1636138599783 HTTP/1.1" 200 90
191.116.190.189 - - [05/Nov/2021:13:09:34 -0300] "GET /cormun/servlet/hpexe_link HTTP/1.1" 200 956
191.116.190.189 - - [05/Nov/2021:13:09:34 -0300] "GET /cormun/servlet/hhome HTTP/1.1" 200 3978
191.116.190.189 - - [05/Nov/2021:13:09:35 -0300] "GET /cormun/servlet/hhome HTTP/1.1" 200 3974
191.116.190.189 - - [05/Nov/2021:13:09:37 -0300] "GET /cormun/servlet/trlicencias? HTTP/1.1" 200 12354
191.116.190.189 - - [05/Nov/2021:13:09:37 -0300] "GET /cormun/servlet/trlicencias? HTTP/1.1" 200 12350
110.45.209.61 - - [05/Nov/2021:13:11:25 -0300] "GET /manager/html HTTP/1.1" 401 2474
200.60.27.131 - - [05/Nov/2021:13:11:41 -0300] "GET /manager/html HTTP/1.1" 401 2474
190.171.141.114 - - [05/Nov/2021:13:12:26 -0300] "GET /cormun/servlet/solicitudot?cd0fbf2330397bb3dc517d49db499dc01c4ca6e84a2d7e990b30b25a76f3a9b2263b987955b249f80fd2a0e059d0650601e178b49d5a1dd5b127a413748eeac1,gx-no-cache=1636128045018 HTTP/1.1" 200 30
190.171.141.114 - - [05/Nov/2021:13:12:26 -0300] "GET /cormun/servlet/solicitudot?cd0fbf2330397bb3dc517d49db499dc042881c700b1ef19e29d692a655983bb3d2e29262bcf20587ddbda9e97eb06f8677b4f7d428d477bd08cd9f44d094b6b2696b5533c370dc6e89a812e9e84bfe87daec77d350a1f216ee21130748b0307234856f12222c4dca316b4945b2b310c745a63408f491cf1ae7802ed0cd0ca898be9bd25db1851944c760a9566e8155b38515f77f6cbba005e3b3b0854a57aaf29f3992db3eb7a89cce983584f565c4744a8055bab8658f82c42d5d571ff044d9681da4af5d728f6747617f5628725783d4063683b80c2f2ad078c35d93f2f3eb37621b247650def6bb0c23a5df46f51e2208d94eccefbcc6b6968078f8fc2d19a97fa525f33a6ed6e10217243c6c7325895ed24dd54a5c0bd310fab130f8a4ed7d7c2ad44be046610cfbb52dd6c79c4f4f5bde3acbd38f7b65218b6056462d456b8667fd6e7236c764ac5c4be03e847e3c7a9a9dba64eaf1d2deaaa04a3dbfb9246f62b2bc7cf1c689543885235104e5e71e0495508995f485700bf6f79d2a17,gx-no-cache=1636128045075 HTTP/1.1" 200 30
190.171.141.114 - - [05/Nov/2021:13:12:26 -0300] "POST /cormun/servlet/solicitudot?gx-no-cache=1636128045122 HTTP/1.1" 200 30
190.171.141.114 - - [05/Nov/2021:13:12:26 -0300] "POST /cormun/servlet/solicitudot?gx-no-cache=1636128045175 HTTP/1.1" 200 1441
190.171.141.114 - - [05/Nov/2021:13:12:26 -0300] "POST /cormun/servlet/solicitudot?gx-no-cache=1636128045271 HTTP/1.1" 200 40
190.171.141.114 - - [05/Nov/2021:13:12:26 -0300] "GET /cormun/servlet/solicitudot?cd0fbf2330397bb3dc517d49db499dc0b9e3951c6a6118bc5776b58e5ac224e335090540c5aaef4000302419d7545c3303d109c039a1e4523b2199f3cea9fddec47fec17a1b5ab37722741fc0d917509f6ce1965c12a2a61f289a9e97255c865d780318a791d588878aa14158359a5f7,gx-no-cache=1636128045310 HTTP/1.1" 200 110
190.171.141.114 - - [05/Nov/2021:13:12:26 -0300] "POST /cormun/servlet/solicitudot?gx-no-cache=1636128045358 HTTP/1.1" 200 109
190.171.141.114 - - [05/Nov/2021:13:12:26 -0300] "GET /cormun/servlet/solicitudot?cd0fbf2330397bb3dc517d49db499dc04baa0f1c25f710a0b594644950300ccb73e2258fba2a4b7ff5f40cb8856e8e08,gx-no-cache=1636128045400 HTTP/1.1" 200 30
190.171.141.114 - - [05/Nov/2021:13:12:26 -0300] "POST /cormun/servlet/solicitudot?gx-no-cache=1636128045441 HTTP/1.1" 200 34
190.171.141.114 - - [05/Nov/2021:13:12:27 -0300] "POST /cormun/servlet/solicitudot?ca3651f22c387058f0f6fadb10024988,INS,0,0,false,,gx-no-cache=1636128045496 HTTP/1.1" 200 93
190.171.141.114 - - [05/Nov/2021:13:12:27 -0300] "GET /cormun/servlet/hpexe_return? HTTP/1.1" 200 1012
190.171.141.114 - - [05/Nov/2021:13:12:27 -0300] "GET /cormun/servlet/hhome HTTP/1.1" 200 4001
190.171.141.114 - - [05/Nov/2021:13:12:28 -0300] "GET /cormun/servlet/hhome HTTP/1.1" 200 3995
190.171.141.114 - - [05/Nov/2021:13:12:37 -0300] "GET /cormun/servlet/trsolicitudot? HTTP/1.1" 200 8665
190.171.141.114 - - [05/Nov/2021:13:12:38 -0300] "GET /cormun//static/Resources/PXToolsActionView.png HTTP/1.1" 200 398
190.171.141.114 - - [05/Nov/2021:13:12:38 -0300] "GET /cormun/servlet/trsolicitudot? HTTP/1.1" 200 8663
190.171.141.114 - - [05/Nov/2021:13:12:38 -0300] "GET /cormun//static/Resources/PXToolsRemoveAllAction.png HTTP/1.1" 200 487
190.171.141.114 - - [05/Nov/2021:13:13:07 -0300] "POST /cormun/servlet/trsolicitudot?ca3651f22c387058f0f6fadb10024988,,gx-no-cache=1636128086347 HTTP/1.1" 200 5798
190.171.141.114 - - [05/Nov/2021:13:13:34 -0300] "POST /cormun/servlet/trsolicitudot?ca3651f22c387058f0f6fadb10024988,,gx-no-cache=1636128113517 HTTP/1.1" 200 4593
190.171.141.114 - - [05/Nov/2021:13:13:35 -0300] "GET /cormun/static/Shared/jqueryui/images/ui-bg_highlight-soft_100_c6c2c8_1x100.png HTTP/1.1" 404 1117
190.171.141.114 - - [05/Nov/2021:13:13:35 -0300] "GET /cormun/static/Shared/jqueryui/images/ui-icons_82798d_256x240.png HTTP/1.1" 404 1089
190.171.141.114 - - [05/Nov/2021:13:13:35 -0300] "GET /cormun/static/Shared/jqueryui/images/ui-bg_flat_55_fafafa_40x100.png HTTP/1.1" 404 1097
190.171.141.114 - - [05/Nov/2021:13:13:35 -0300] "GET /cormun/static/Shared/jqueryui/images/ui-icons_8d78a5_256x240.png HTTP/1.1" 404 1089
