186.67.172.234 - - [05/Nov/2021:09:45:34 -0300] "GET /cormun/static/hmpwkw011.js?20201215495555 HTTP/1.1" 200 1968
186.67.172.234 - - [05/Nov/2021:09:45:47 -0300] "GET /cormun/servlet/solicitudot?bdaf848c94ee9b6deee718d4fc2ebe3842b26264b865aa6776e10f3e4445a9137127c3794909683720f10757ba2d1551d2bd262406aaf503c998347fb1856ccc,gx-no-cache=1636115632440 HTTP/1.1" 200 30
186.67.172.234 - - [05/Nov/2021:09:45:49 -0300] "GET /cormun/servlet/prbanco?,MD,,gxPopupLevel%3D0%3B HTTP/1.1" 200 6674
186.67.172.234 - - [05/Nov/2021:09:45:54 -0300] "GET /cormun/servlet/solicitudot?bdaf848c94ee9b6deee718d4fc2ebe38e870a1facfa320028e1452de6046d3e2,gx-no-cache=1636115639557 HTTP/1.1" 200 55
186.67.172.234 - - [05/Nov/2021:09:46:12 -0300] "POST /cormun/servlet/solicitudot?gx-no-cache=1636115657049 HTTP/1.1" 200 240
186.67.172.234 - - [05/Nov/2021:09:46:13 -0300] "GET /cormun/servlet/solicitudot?bdaf848c94ee9b6deee718d4fc2ebe389b67ceac58a6fd11ee065fd312f2b7c7de277353228db4ec8903cce0c8dce13f03a893f1e8529efad6fa1ae235ef1bcd136b212a6b1371edc0df0a15c516a666b6bf3ac42f59db819da8d12cbf9cc4814f63a016bf4603b8ed5623de86b7b6d02dd6eacff2f0d6a8369bcf84acde07310d8d39296d46466e6fd2aa4a8fd541b778ac7f126acf12f891fb766f08d87a7823f75f7684c5972ca7ec3bcb10bdc2024332e69cfcee46429faa12a3efc1dd5acae1ac907273ef4c4e9d91d06ec20fcf1698e0b399015b17a45b6a1234e95c0f44de4df9d045ff2451d269842d26a95aa80b2a661271fb2286608ec89f1256132121e358ac9eb1a78f9d52e9733a27a29254cf914ddb1d162c7ac5f9d369e415d0eb718acac73671fcaffc6a4154b80c7c8341d2f9daa0d16120a70768c416d1c7e58772745f1d34f423f983541d5594e2f98b08916add519c7d9a46b01f8b23ef926152ba30a289602a84107d206e1133bd33013f32698c6f5515112bcda72d,gx-no-cache=1636115658428 HTTP/1.1" 200 30
186.67.172.234 - - [05/Nov/2021:09:46:16 -0300] "POST /cormun/servlet/solicitudot?gx-no-cache=1636115661729 HTTP/1.1" 200 30
200.60.27.131 - - [05/Nov/2021:09:46:34 -0300] "GET /manager/html HTTP/1.1" 401 2474
190.171.141.138 - - [05/Nov/2021:09:46:52 -0300] "GET /cormun/servlet/trlicencias? HTTP/1.1" 200 12970
190.171.141.138 - - [05/Nov/2021:09:46:56 -0300] "GET /cormun/servlet/trlicencias? HTTP/1.1" 200 12973
110.45.209.61 - - [05/Nov/2021:09:47:01 -0300] "GET /manager/html HTTP/1.1" 401 2474
190.171.141.138 - - [05/Nov/2021:09:47:11 -0300] "POST /cormun/servlet/trlicencias?415283e52e9cff86d90caa6af51c0ba6,,gx-no-cache=1636115718402 HTTP/1.1" 200 5688
190.171.141.138 - - [05/Nov/2021:09:47:24 -0300] "POST /cormun/servlet/trlicencias?415283e52e9cff86d90caa6af51c0ba6,,gx-no-cache=1636115731102 HTTP/1.1" 200 5686
190.171.141.138 - - [05/Nov/2021:09:47:26 -0300] "POST /cormun/servlet/trlicencias?415283e52e9cff86d90caa6af51c0ba6,,gx-no-cache=1636115732925 HTTP/1.1" 200 5686
205.185.119.40 - - [05/Nov/2021:09:47:39 -0300] "GET /config/getuser?index=0 HTTP/1.1" 404 989
190.171.141.138 - - [05/Nov/2021:09:47:47 -0300] "GET /cormun/static/menuarrow.gif HTTP/1.1" 404 1015
190.171.141.138 - - [05/Nov/2021:09:47:51 -0300] "POST /cormun/servlet/trlicencias?415283e52e9cff86d90caa6af51c0ba6,,gx-no-cache=1636115758162 HTTP/1.1" 200 6234
190.171.141.138 - - [05/Nov/2021:09:48:07 -0300] "GET /cormun/servlet/trcontratounov2? HTTP/1.1" 200 18365
190.171.141.138 - - [05/Nov/2021:09:48:08 -0300] "GET /cormun/static/gxcfg.js?2020121614367 HTTP/1.1" 200 953
190.171.141.138 - - [05/Nov/2021:09:48:08 -0300] "GET /cormun/static/Resources/PXToolsAddSelectedAction.png HTTP/1.1" 200 523
190.171.141.138 - - [05/Nov/2021:09:48:08 -0300] "GET /cormun/static/trcontratounov2.js?20201216143065 HTTP/1.1" 200 38486
190.171.154.42 - - [05/Nov/2021:09:48:08 -0300] "GET /cormun/servlet/trlicencias HTTP/1.1" 200 7218
190.171.141.138 - - [05/Nov/2021:09:48:09 -0300] "GET /cormun/servlet/trcontratounov2? HTTP/1.1" 200 18359
190.171.154.42 - - [05/Nov/2021:09:48:12 -0300] "GET /cormun/servlet/hlogin HTTP/1.1" 200 1739
190.171.154.42 - - [05/Nov/2021:09:48:12 -0300] "GET /cormun/servlet/trlicencias HTTP/1.1" 200 7216
190.171.141.138 - - [05/Nov/2021:09:48:16 -0300] "POST /cormun/servlet/trcontratounov2?415283e52e9cff86d90caa6af51c0ba6,,gx-no-cache=1636115782714 HTTP/1.1" 200 7779
190.171.141.138 - - [05/Nov/2021:09:48:23 -0300] "GET /cormun/servlet/trlicencias? HTTP/1.1" 200 9065
190.171.141.138 - - [05/Nov/2021:09:48:25 -0300] "GET /cormun/servlet/trlicencias? HTTP/1.1" 200 9064
190.171.141.138 - - [05/Nov/2021:09:48:29 -0300] "POST /cormun/servlet/trlicencias?415283e52e9cff86d90caa6af51c0ba6,,gx-no-cache=1636115796003 HTTP/1.1" 200 15339
205.185.121.173 - - [05/Nov/2021:09:48:30 -0300] "GET /manager/html HTTP/1.1" 401 2474
186.67.172.234 - - [05/Nov/2021:09:48:41 -0300] "GET /cormun/servlet/prlicenciaspermisos?16840648,L,,MD,,gxPopupLevel%3D0%3B HTTP/1.1" 200 5722
186.67.172.234 - - [05/Nov/2021:09:48:41 -0300] "GET /cormun/static/gxcfg.js?2020121559567 HTTP/1.1" 200 953
186.67.172.234 - - [05/Nov/2021:09:48:41 -0300] "GET /cormun/static/prlicenciaspermisos.js?2020121559821 HTTP/1.1" 200 13379
186.67.172.234 - - [05/Nov/2021:09:48:44 -0300] "POST /cormun/servlet/solicitudot?gx-no-cache=1636115809909 HTTP/1.1" 200 1443
186.67.172.234 - - [05/Nov/2021:09:48:56 -0300] "POST /cormun/servlet/solicitudot?gx-no-cache=1636115821395 HTTP/1.1" 200 40
186.67.172.234 - - [05/Nov/2021:09:49:04 -0300] "GET /cormun/servlet/solicitudot?bdaf848c94ee9b6deee718d4fc2ebe38198db4b2dc9ab99904912d5dbb55bc7ee729d364d4a65a711aba72322f3888b0b0463a105ad258d74dee017e361eeb89b8ff05e8c6f4da548edbe0ab2ba431c391872e94b56ece9a77d05f9dfac3653270e39d8ba2d108707678553f9c606dc3,gx-no-cache=1636115829860 HTTP/1.1" 200 110
186.67.172.234 - - [05/Nov/2021:09:49:07 -0300] "POST /cormun/servlet/solicitudot?gx-no-cache=1636115832282 HTTP/1.1" 200 97
200.60.27.131 - - [05/Nov/2021:09:49:14 -0300] "GET /manager/html HTTP/1.1" 401 2474
186.67.172.234 - - [05/Nov/2021:09:50:26 -0300] "GET /cormun/servlet/solicitudot?bdaf848c94ee9b6deee718d4fc2ebe38a0666d184e22eaea8aab393c0fb73c41badd978ea10d56fef0f4ffbafacc9c719005aa113dea6140b5503e615134208a12955a20c95773cb0cc918742c814126ed3387919915b7de4d1ec1db3073293652eebb27de800af28c902ccc33b21a74,gx-no-cache=1636115911202 HTTP/1.1" 200 29
186.67.172.234 - - [05/Nov/2021:09:50:26 -0300] "GET /cormun/static/menuarrow.gif HTTP/1.1" 404 1015
186.67.172.234 - - [05/Nov/2021:09:50:28 -0300] "GET /cormun/servlet/solicitudot?bdaf848c94ee9b6deee718d4fc2ebe38e1b85f8dd84d8574cab3c25bbb5d06afb4d84d40dfd109c3af985e1d2cf538a9,gx-no-cache=1636115913365 HTTP/1.1" 200 30
186.67.172.234 - - [05/Nov/2021:09:50:28 -0300] "POST /cormun/servlet/solicitudot?gx-no-cache=1636115913388 HTTP/1.1" 200 34
186.67.172.234 - - [05/Nov/2021:09:50:49 -0300] "POST /cormun/servlet/solicitudot?83bc1c7003544bf309cc2f9fe353d7e0,INS,0,0,false,,gx-no-cache=1636115933676 HTTP/1.1" 200 93
186.67.172.234 - - [05/Nov/2021:09:50:49 -0300] "GET /cormun/servlet/hpexe_return? HTTP/1.1" 200 1012
186.67.172.234 - - [05/Nov/2021:09:50:49 -0300] "GET /cormun/servlet/trsolicitudot HTTP/1.1" 200 8918
186.67.172.234 - - [05/Nov/2021:09:50:49 -0300] "GET /cormun//static/Resources/PXToolsActionView.png HTTP/1.1" 200 398
186.67.172.234 - - [05/Nov/2021:09:50:49 -0300] "GET /cormun//static/Resources/PXToolsRemoveAllAction.png HTTP/1.1" 200 487
186.67.172.234 - - [05/Nov/2021:09:50:49 -0300] "GET /cormun/servlet/trsolicitudot HTTP/1.1" 200 8914
110.45.209.61 - - [05/Nov/2021:09:51:29 -0300] "GET /manager/html HTTP/1.1" 401 2474
200.60.27.131 - - [05/Nov/2021:09:52:01 -0300] "GET /manager/html HTTP/1.1" 401 2474
186.103.156.166 - - [05/Nov/2021:09:52:11 -0300] "GET /cormun/servlet/hlogin HTTP/1.1" 200 1727
186.103.156.166 - - [05/Nov/2021:09:52:23 -0300] "POST /cormun/servlet/hlogin?87b2271073be1a116bf9158099bb2b0d,gx-no-cache=1636116029459 HTTP/1.1" 200 90
186.103.156.166 - - [05/Nov/2021:09:52:23 -0300] "GET /cormun/servlet/hpexe_link HTTP/1.1" 200 954
186.103.156.166 - - [05/Nov/2021:09:52:23 -0300] "GET /cormun/static/gxcfg.js?201991422392958 HTTP/1.1" 200 953
186.103.156.166 - - [05/Nov/2021:09:52:23 -0300] "GET /cormun/static/hpexe_link.js?201991422392963 HTTP/1.1" 200 625
186.103.156.166 - - [05/Nov/2021:09:52:23 -0300] "GET /cormun/servlet/hhome HTTP/1.1" 200 3856
186.103.156.166 - - [05/Nov/2021:09:52:24 -0300] "GET /cormun/static/gxcfg.js?20201215495537 HTTP/1.1" 200 953
186.103.156.166 - - [05/Nov/2021:09:52:24 -0300] "GET /cormun/static/hhome.js?20201215495544 HTTP/1.1" 200 777
186.103.156.166 - - [05/Nov/2021:09:52:24 -0300] "GET /cormun/servlet/hhome HTTP/1.1" 200 3852
186.103.156.166 - - [05/Nov/2021:09:52:28 -0300] "GET /cormun/servlet/trpermisosgoce? HTTP/1.1" 200 9314
186.103.156.166 - - [05/Nov/2021:09:52:28 -0300] "GET /cormun/static/gxcfg.js?2020121631564 HTTP/1.1" 200 953
186.103.156.166 - - [05/Nov/2021:09:52:28 -0300] "GET /cormun/static/trpermisosgoce.js?2020121633681 HTTP/1.1" 200 35904
186.103.156.166 - - [05/Nov/2021:09:52:29 -0300] "GET /cormun//static/Resources/PXToolsGridUpdate.png HTTP/1.1" 200 470
186.103.156.166 - - [05/Nov/2021:09:52:29 -0300] "GET /cormun//static/Resources/PXToolsGridDelete.png HTTP/1.1" 200 538
186.103.156.166 - - [05/Nov/2021:09:52:29 -0300] "GET /cormun/servlet/trpermisosgoce? HTTP/1.1" 200 9311
186.103.156.166 - - [05/Nov/2021:09:52:31 -0300] "GET /cormun/servlet/permisogoce?INS,0,,, HTTP/1.1" 200 6718
186.103.156.166 - - [05/Nov/2021:09:52:31 -0300] "GET /cormun/static/gxcfg.js?20201215124560 HTTP/1.1" 200 953
186.103.156.166 - - [05/Nov/2021:09:52:31 -0300] "GET /cormun/static/Resources/prompt.gif HTTP/1.1" 200 902
186.103.156.166 - - [05/Nov/2021:09:52:31 -0300] "GET /cormun/static/permisogoce.js?20201215124939 HTTP/1.1" 200 27919
186.103.156.166 - - [05/Nov/2021:09:52:31 -0300] "GET /cormun/servlet/permisogoce?INS,0,,, HTTP/1.1" 200 6717
190.171.144.234 - - [05/Nov/2021:09:52:40 -0300] "GET /cormun/servlet/hlogin HTTP/1.1" 200 1730
186.103.156.166 - - [05/Nov/2021:09:52:44 -0300] "GET /cormun/servlet/permisogoce?942b3a70e3576cecc67269527291244f16985df30b43df9a62c5b71ded6ccbdd2c4b6220906e101b5be635f9d0f3b8e3a2bd3372905e280117acce4224ec38fc,gx-no-cache=1636116050490 HTTP/1.1" 200 79
186.103.156.166 - - [05/Nov/2021:09:52:48 -0300] "GET /cormun/static/menuarrow.gif HTTP/1.1" 404 1015
190.171.144.234 - - [05/Nov/2021:09:52:49 -0300] "POST /cormun/servlet/hlogin?da63d408f82bfc36c1283fd03de08ed2,gx-no-cache=1636116055194 HTTP/1.1" 200 90
190.171.144.234 - - [05/Nov/2021:09:52:50 -0300] "GET /cormun/servlet/hpexe_link HTTP/1.1" 200 956
190.171.144.234 - - [05/Nov/2021:09:52:51 -0300] "GET /cormun/servlet/hhome HTTP/1.1" 200 3990
190.171.144.234 - - [05/Nov/2021:09:52:51 -0300] "GET /cormun/servlet/hhome HTTP/1.1" 200 3986
190.171.144.234 - - [05/Nov/2021:09:52:55 -0300] "GET /cormun/servlet/trpermisosgoce? HTTP/1.1" 200 10193
190.171.144.234 - - [05/Nov/2021:09:52:56 -0300] "GET /cormun/servlet/trpermisosgoce? HTTP/1.1" 200 10190
186.103.156.166 - - [05/Nov/2021:09:52:57 -0300] "GET /cormun/servlet/permisogoce?942b3a70e3576cecc67269527291244f49d1e3117ab9f24403d11ba57f73ad9e8a71c4b2bc98345ddd02e8fede29e2f03e4aca805a77e8908954ab943e3e1aa5,gx-no-cache=1636116063058 HTTP/1.1" 200 46
186.103.156.166 - - [05/Nov/2021:09:53:02 -0300] "POST /cormun/servlet/permisogoce?87b2271073be1a116bf9158099bb2b0d,INS,0,,,,gx-no-cache=1636116068014 HTTP/1.1" 200 93
186.103.156.166 - - [05/Nov/2021:09:53:02 -0300] "GET /cormun/servlet/hpexe_return? HTTP/1.1" 200 1012
186.103.156.166 - - [05/Nov/2021:09:53:02 -0300] "GET /cormun/static/gxcfg.js?201991422392976 HTTP/1.1" 200 953
186.103.156.166 - - [05/Nov/2021:09:53:02 -0300] "GET /cormun/static/hpexe_return.js?201991422392984 HTTP/1.1" 200 1633
186.103.156.166 - - [05/Nov/2021:09:53:03 -0300] "GET /cormun/servlet/trpermisosgoce HTTP/1.1" 200 9570
186.103.156.166 - - [05/Nov/2021:09:53:03 -0300] "GET /cormun/servlet/trpermisosgoce HTTP/1.1" 200 9565
186.103.156.166 - - [05/Nov/2021:09:53:07 -0300] "GET /cormun/servlet/apermisogoceprn?10453079,P,20211105093816,PU HTTP/1.1" 200 1656
190.171.144.234 - - [05/Nov/2021:09:53:37 -0300] "GET /cormun/servlet/trpermisosgoce? HTTP/1.1" 200 10190
190.171.144.234 - - [05/Nov/2021:09:53:37 -0300] "GET /cormun/servlet/trpermisosgoce? HTTP/1.1" 200 10190
190.171.144.234 - - [05/Nov/2021:09:53:42 -0300] "GET /cormun/servlet/permisogoce?INS,0,,, HTTP/1.1" 200 6854
190.171.144.234 - - [05/Nov/2021:09:53:42 -0300] "GET /cormun/servlet/permisogoce?INS,0,,, HTTP/1.1" 200 6854
190.171.141.90 - - [05/Nov/2021:09:54:27 -0300] "GET /cormun/servlet/hlogin HTTP/1.1" 200 1728
190.171.144.234 - - [05/Nov/2021:09:54:32 -0300] "GET /cormun/servlet/permisogoce?32e54c48880a468df50908812cfef950c128cef6c638a844891f62b1e2fa0de199235200a2619a909dbd1ab50ecfee16e3894010da3f895619416e9e2125a821,gx-no-cache=1636116157405 HTTP/1.1" 200 74
190.171.144.234 - - [05/Nov/2021:09:54:32 -0300] "GET /cormun/static/menuarrow.gif HTTP/1.1" 404 1015
200.60.27.131 - - [05/Nov/2021:09:54:43 -0300] "GET /manager/html HTTP/1.1" 401 2474
190.171.141.90 - - [05/Nov/2021:09:54:44 -0300] "POST /cormun/servlet/hlogin?d4caaed4aae2dd7b749c188cad0b0985,gx-no-cache=1636116170487 HTTP/1.1" 200 90
190.171.141.90 - - [05/Nov/2021:09:54:44 -0300] "GET /cormun/servlet/hpexe_link HTTP/1.1" 200 955
190.171.141.90 - - [05/Nov/2021:09:54:45 -0300] "GET /cormun/servlet/hhome HTTP/1.1" 200 3978
190.171.141.90 - - [05/Nov/2021:09:54:46 -0300] "GET /cormun/servlet/hhome HTTP/1.1" 200 3974
190.171.141.90 - - [05/Nov/2021:09:54:50 -0300] "GET /cormun/servlet/trlicencias? HTTP/1.1" 200 17436
190.171.141.90 - - [05/Nov/2021:09:54:51 -0300] "GET /cormun/servlet/trlicencias? HTTP/1.1" 200 17491
190.171.141.90 - - [05/Nov/2021:09:55:00 -0300] "POST /cormun/servlet/trlicencias?d4caaed4aae2dd7b749c188cad0b0985,,gx-no-cache=1636116185289 HTTP/1.1" 200 101
190.171.141.90 - - [05/Nov/2021:09:55:00 -0300] "GET /cormun/Licencias-5109.xls HTTP/1.1" 200 17408
190.171.144.234 - - [05/Nov/2021:09:55:21 -0300] "GET /cormun/servlet/permisogoce?32e54c48880a468df50908812cfef950d6ccdfda495ddfa2b00beacfce0880d59407cf4669626946d6ad6da7022ac83bad7548f260099ec2b3969f75b61732dce38bb43d2d0c30269400eae8733eea3f1e2c777d6762b25063f2e153945b127d,gx-no-cache=1636116206674 HTTP/1.1" 200 83
190.171.144.234 - - [05/Nov/2021:09:55:56 -0300] "GET /cormun/servlet/permisogoce?32e54c48880a468df50908812cfef9504cd09e29d61cf302b050a1b6a21d7802371df7d147d7e0d035f34c9457e25baa44bc59f2dfe758b3cf39ef0c81ce21077e112375bc703aa9b03cadef5dc10f4f0037bb3eea053c23d7708e46468e6792b5362f98a0a6f1b6e1a803cb54824243,gx-no-cache=1636116241819 HTTP/1.1" 200 76
110.45.209.61 - - [05/Nov/2021:09:56:00 -0300] "GET /manager/html HTTP/1.1" 401 2474
190.171.149.74 - - [05/Nov/2021:09:56:19 -0300] "GET /cormun/servlet/trlicencias? HTTP/1.1" 200 7222
190.171.149.74 - - [05/Nov/2021:09:56:20 -0300] "GET /cormun/servlet/hlogin HTTP/1.1" 200 1745
190.171.149.74 - - [05/Nov/2021:09:56:20 -0300] "GET /cormun/servlet/trlicencias? HTTP/1.1" 200 7222
190.171.149.74 - - [05/Nov/2021:09:56:28 -0300] "POST /cormun/servlet/hlogin?2bd2bb460b41b3cd84cd2eabcc7433f3,gx-no-cache=1636119911621 HTTP/1.1" 200 90
190.171.149.74 - - [05/Nov/2021:09:56:28 -0300] "GET /cormun/servlet/hpexe_link HTTP/1.1" 200 958
190.171.149.74 - - [05/Nov/2021:09:56:29 -0300] "GET /cormun/servlet/trlicencias HTTP/1.1" 200 9464
190.171.149.74 - - [05/Nov/2021:09:56:29 -0300] "GET /cormun/servlet/trlicencias HTTP/1.1" 200 9463
190.171.144.234 - - [05/Nov/2021:09:56:31 -0300] "GET /cormun/servlet/permisogoce?32e54c48880a468df50908812cfef9503eab1afbd6f5bfb2b48e2e7f3cffabc39672006deb9c9c47033d0e6f928a7068b51327df5652163f28524fe7989867b894d4632852bc97a702e094901a34018057cf7d8c71332bee9616a419a57db86d,gx-no-cache=1636116276703 HTTP/1.1" 200 76
190.171.144.234 - - [05/Nov/2021:09:57:10 -0300] "GET /cormun/servlet/permisogoce?32e54c48880a468df50908812cfef9503a5c4f83090af2e719e301b2e5b429fbf8e3032e511aeaaf9bb01e87f0d288cd2e5e1f86bd487b898cd2740d983d1bae624138290ad30ded0c293ee4d7aee0c862e24196928c6a236a819b964afcee76b5362f98a0a6f1b6e1a803cb54824243,gx-no-cache=1636116315807 HTTP/1.1" 200 82
200.60.27.131 - - [05/Nov/2021:09:57:30 -0300] "GET /manager/html HTTP/1.1" 401 2474
205.185.121.173 - - [05/Nov/2021:09:58:31 -0300] "GET /manager/html HTTP/1.1" 401 2474
200.60.27.131 - - [05/Nov/2021:10:00:17 -0300] "GET /manager/html HTTP/1.1" 401 2474
190.171.144.234 - - [05/Nov/2021:10:00:25 -0300] "GET /cormun/servlet/permisogoce?32e54c48880a468df50908812cfef9509b490554b63dd4faf5db849795942f76883fcd98dc7589ff3aa16f916246c9e5464b163e78994cafec77372b1557f6f0d82ca584e495ad4e466a768ebb489c3c4eac2e68cfc136a040d6fb6d873063c3ae6f0ba4561da0672ef66ea060844558,gx-no-cache=1636116511040 HTTP/1.1" 200 73
110.45.209.61 - - [05/Nov/2021:10:00:38 -0300] "GET /manager/html HTTP/1.1" 401 2474
190.171.144.234 - - [05/Nov/2021:10:00:45 -0300] "POST /cormun/servlet/permisogoce?da63d408f82bfc36c1283fd03de08ed2,INS,0,,,,gx-no-cache=1636116530709 HTTP/1.1" 200 93
190.171.144.234 - - [05/Nov/2021:10:00:45 -0300] "GET /cormun/servlet/hpexe_return? HTTP/1.1" 200 1015
190.171.144.234 - - [05/Nov/2021:10:00:46 -0300] "GET /cormun/servlet/trpermisosgoce HTTP/1.1" 200 10195
190.171.144.234 - - [05/Nov/2021:10:00:46 -0300] "GET /cormun/servlet/trpermisosgoce HTTP/1.1" 200 10190
200.60.27.131 - - [05/Nov/2021:10:03:03 -0300] "GET /manager/html HTTP/1.1" 401 2474
110.45.209.61 - - [05/Nov/2021:10:05:08 -0300] "GET /manager/html HTTP/1.1" 401 2474
190.171.152.242 - - [05/Nov/2021:10:05:49 -0300] "GET /cormun/servlet/hlogin HTTP/1.1" 200 1721
200.60.27.131 - - [05/Nov/2021:10:05:51 -0300] "GET /manager/html HTTP/1.1" 401 2474
190.171.152.242 - - [05/Nov/2021:10:06:08 -0300] "POST /cormun/servlet/hlogin?d82a88b6d3c79c87a300645d0f2d5153,gx-no-cache=1636116855047 HTTP/1.1" 200 90
190.171.152.242 - - [05/Nov/2021:10:06:08 -0300] "GET /cormun/servlet/hpexe_link HTTP/1.1" 200 947
190.171.152.242 - - [05/Nov/2021:10:06:09 -0300] "GET /cormun/servlet/hhome HTTP/1.1" 200 3993
190.171.152.242 - - [05/Nov/2021:10:06:09 -0300] "GET /cormun/servlet/hhome HTTP/1.1" 200 3989
190.171.152.242 - - [05/Nov/2021:10:06:37 -0300] "GET /cormun/servlet/trsolicitudot? HTTP/1.1" 200 8624
190.171.152.242 - - [05/Nov/2021:10:06:37 -0300] "GET /cormun/static/gxui/gxui-all.css?110300 HTTP/1.1" 200 2179
190.171.152.242 - - [05/Nov/2021:10:06:37 -0300] "GET /cormun/static/calendar-system.css?75620 HTTP/1.1" 200 5572
190.171.152.242 - - [05/Nov/2021:10:06:37 -0300] "GET /cormun/static/gxcfg.js?201991910464971 HTTP/1.1" 200 953
190.171.152.242 - - [05/Nov/2021:10:06:37 -0300] "GET /cormun/static/Shared/ext/resources/css/ext-all.css?205870 HTTP/1.1" 200 416045
190.171.152.242 - - [05/Nov/2021:10:06:37 -0300] "GET /cormun/static/trsolicitudot.js?201991910465845 HTTP/1.1" 200 54041
190.171.152.242 - - [05/Nov/2021:10:06:38 -0300] "GET /cormun//static/Resources/PXToolsActionView.png HTTP/1.1" 200 398
190.171.152.242 - - [05/Nov/2021:10:06:38 -0300] "GET /cormun//static/Resources/PXToolsGridUpdate.png HTTP/1.1" 200 470
190.171.152.242 - - [05/Nov/2021:10:06:38 -0300] "GET /cormun//static/Resources/PXToolsGridDelete.png HTTP/1.1" 200 538
190.171.152.242 - - [05/Nov/2021:10:06:38 -0300] "GET /cormun//static/Resources/PXToolsRemoveAllAction.png HTTP/1.1" 200 487
190.171.152.242 - - [05/Nov/2021:10:06:38 -0300] "GET /cormun/servlet/trsolicitudot? HTTP/1.1" 200 8622
190.171.152.242 - - [05/Nov/2021:10:07:57 -0300] "POST /cormun/servlet/trsolicitudot?d82a88b6d3c79c87a300645d0f2d5153,,gx-no-cache=1636116963250 HTTP/1.1" 200 4574
190.171.152.242 - - [05/Nov/2021:10:07:57 -0300] "GET /cormun/static/Shared/jqueryui/images/ui-bg_highlight-soft_100_c6c2c8_1x100.png HTTP/1.1" 404 1117
190.171.152.242 - - [05/Nov/2021:10:07:57 -0300] "GET /cormun/static/Shared/jqueryui/images/ui-icons_82798d_256x240.png HTTP/1.1" 404 1089
190.171.152.242 - - [05/Nov/2021:10:07:57 -0300] "GET /cormun/static/Shared/jqueryui/images/ui-bg_flat_55_fafafa_40x100.png HTTP/1.1" 404 1097
190.171.152.242 - - [05/Nov/2021:10:07:57 -0300] "GET /cormun/static/Shared/jqueryui/images/ui-icons_8d78a5_256x240.png HTTP/1.1" 404 1089
190.171.152.242 - - [05/Nov/2021:10:07:57 -0300] "POST /cormun/servlet/trsolicitudot?d82a88b6d3c79c87a300645d0f2d5153,,gx-no-cache=1636116963515 HTTP/1.1" 200 4333
190.171.152.242 - - [05/Nov/2021:10:08:05 -0300] "GET /cormun/servlet/trsolicitudot? HTTP/1.1" 200 7216
190.171.152.242 - - [05/Nov/2021:10:08:05 -0300] "GET /cormun/servlet/trsolicitudot? HTTP/1.1" 200 7216
190.171.152.242 - - [05/Nov/2021:10:08:09 -0300] "GET /cormun/servlet/solicitudot?INS,0,0,false, HTTP/1.1" 200 15615
190.171.152.242 - - [05/Nov/2021:10:08:09 -0300] "GET /cormun/static/gxcfg.js?20203414241232 HTTP/1.1" 200 953
190.171.152.242 - - [05/Nov/2021:10:08:09 -0300] "GET /cormun/static/solicitudot.js?20203414242792 HTTP/1.1" 200 74114
190.171.152.242 - - [05/Nov/2021:10:08:09 -0300] "GET /cormun/static/Resources/prompt.gif HTTP/1.1" 200 902
190.171.152.242 - - [05/Nov/2021:10:08:10 -0300] "GET /cormun/servlet/solicitudot?INS,0,0,false, HTTP/1.1" 200 15623
200.60.27.131 - - [05/Nov/2021:10:08:37 -0300] "GET /manager/html HTTP/1.1" 401 2474
205.185.121.173 - - [05/Nov/2021:10:08:41 -0300] "GET /manager/html HTTP/1.1" 401 2474
110.45.209.61 - - [05/Nov/2021:10:09:39 -0300] "GET /manager/html HTTP/1.1" 401 2474
192.168.10.96 - - [05/Nov/2021:10:10:03 -0300] "GET /cormun/servlet/trsolicitudgral? HTTP/1.1" 500 10
192.168.10.96 - - [05/Nov/2021:10:10:06 -0300] "GET /cormun/servlet/hlogin HTTP/1.1" 200 1731
192.168.10.96 - - [05/Nov/2021:10:10:09 -0300] "POST /cormun/servlet/hlogin?bca416113d75255043e2df34af3cdc35,gx-no-cache=1636116953968 HTTP/1.1" 200 90
192.168.10.96 - - [05/Nov/2021:10:10:09 -0300] "GET /cormun/servlet/hpexe_link HTTP/1.1" 200 959
192.168.10.96 - - [05/Nov/2021:10:10:09 -0300] "GET /cormun/servlet/hhome HTTP/1.1" 200 3771
192.168.10.96 - - [05/Nov/2021:10:10:09 -0300] "GET /cormun/servlet/hhome HTTP/1.1" 200 3768
192.168.10.96 - - [05/Nov/2021:10:10:10 -0300] "GET /cormun/servlet/trsolicitudgral? HTTP/1.1" 200 17253
192.168.10.96 - - [05/Nov/2021:10:10:11 -0300] "GET /cormun/servlet/trsolicitudgral? HTTP/1.1" 200 17251
192.168.10.96 - - [05/Nov/2021:10:10:30 -0300] "POST /cormun/servlet/trsolicitudgral?bca416113d75255043e2df34af3cdc35,,gx-no-cache=1636116975853 HTTP/1.1" 200 5254
192.168.10.96 - - [05/Nov/2021:10:10:37 -0300] "POST /cormun/servlet/trsolicitudgral?bca416113d75255043e2df34af3cdc35,,gx-no-cache=1636116982337 HTTP/1.1" 200 5254
192.168.10.96 - - [05/Nov/2021:10:10:39 -0300] "POST /cormun/servlet/trsolicitudgral?bca416113d75255043e2df34af3cdc35,,gx-no-cache=1636116984912 HTTP/1.1" 200 5254
192.168.10.96 - - [05/Nov/2021:10:10:40 -0300] "POST /cormun/servlet/trsolicitudgral?bca416113d75255043e2df34af3cdc35,,gx-no-cache=1636116985542 HTTP/1.1" 200 5254
192.168.10.96 - - [05/Nov/2021:10:10:40 -0300] "POST /cormun/servlet/trsolicitudgral?bca416113d75255043e2df34af3cdc35,,gx-no-cache=1636116985742 HTTP/1.1" 200 5254
192.168.10.96 - - [05/Nov/2021:10:10:40 -0300] "POST /cormun/servlet/trsolicitudgral?bca416113d75255043e2df34af3cdc35,,gx-no-cache=1636116985916 HTTP/1.1" 200 5255
192.168.10.96 - - [05/Nov/2021:10:10:41 -0300] "POST /cormun/servlet/trsolicitudgral?bca416113d75255043e2df34af3cdc35,,gx-no-cache=1636116986118 HTTP/1.1" 200 5254
192.168.10.96 - - [05/Nov/2021:10:10:41 -0300] "POST /cormun/servlet/trsolicitudgral?bca416113d75255043e2df34af3cdc35,,gx-no-cache=1636116986276 HTTP/1.1" 200 5254
192.168.10.96 - - [05/Nov/2021:10:10:46 -0300] "POST /cormun/servlet/trsolicitudgral?bca416113d75255043e2df34af3cdc35,,gx-no-cache=1636116991535 HTTP/1.1" 200 6646
192.168.10.96 - - [05/Nov/2021:10:10:46 -0300] "POST /cormun/servlet/trsolicitudgral?bca416113d75255043e2df34af3cdc35,,gx-no-cache=1636116991717 HTTP/1.1" 200 6646
192.168.10.96 - - [05/Nov/2021:10:10:46 -0300] "POST /cormun/servlet/trsolicitudgral?bca416113d75255043e2df34af3cdc35,,gx-no-cache=1636116991909 HTTP/1.1" 200 6647
192.168.10.96 - - [05/Nov/2021:10:10:47 -0300] "POST /cormun/servlet/trsolicitudgral?bca416113d75255043e2df34af3cdc35,,gx-no-cache=1636116992092 HTTP/1.1" 200 6647
192.168.10.96 - - [05/Nov/2021:10:11:04 -0300] "GET /cormun/servlet/vesolicitudgral?2021,17581,, HTTP/1.1" 200 8392
192.168.10.96 - - [05/Nov/2021:10:11:04 -0300] "GET /cormun/pexe_scrolldiv.js HTTP/1.1" 404 1009
192.168.10.96 - - [05/Nov/2021:10:11:04 -0300] "GET /cormun/servlet/vesolicitudgral?2021,17581,, HTTP/1.1" 200 8389
192.168.10.96 - - [05/Nov/2021:10:11:05 -0300] "GET /cormun/servlet/vesolicitudgral?2021,17581,,SolicitudOTLog HTTP/1.1" 200 9809
192.168.10.96 - - [05/Nov/2021:10:11:05 -0300] "GET /cormun/pexe_scrolldiv.js HTTP/1.1" 404 1009
192.168.10.96 - - [05/Nov/2021:10:11:05 -0300] "GET /cormun/pexe_scrolldiv.js HTTP/1.1" 404 1009
192.168.10.96 - - [05/Nov/2021:10:11:06 -0300] "GET /cormun/servlet/vesolicitudgral?2021,17581,,SolicitudOTLog HTTP/1.1" 200 9811
192.168.10.96 - - [05/Nov/2021:10:11:07 -0300] "POST /cormun/servlet/acontrolpreferencessavestate?None,RRHH+DANIELA,true HTTP/1.1" 200 35
200.60.27.131 - - [05/Nov/2021:10:11:27 -0300] "GET /manager/html HTTP/1.1" 401 2474
110.45.209.61 - - [05/Nov/2021:10:14:10 -0300] "GET /manager/html HTTP/1.1" 401 2474
200.60.27.131 - - [05/Nov/2021:10:14:16 -0300] "GET /manager/html HTTP/1.1" 401 2474
190.171.152.242 - - [05/Nov/2021:10:14:23 -0300] "POST /cormun/servlet/solicitudot?gx-no-cache=1636117347658 HTTP/1.1" 200 3771
190.171.152.242 - - [05/Nov/2021:10:14:23 -0300] "POST /cormun/servlet/solicitudot?d82a88b6d3c79c87a300645d0f2d5153,INS,0,0,false,,gx-no-cache=1636117349799 HTTP/1.1" 200 12276
190.171.152.242 - - [05/Nov/2021:10:14:25 -0300] "GET /cormun/servlet/solicitudot?3cbe0d866591d5376dcf1bb19925af4fc331f8511dca1bff77124fcaab4f2a60da6d21e1e8491fdaf40c724ce363cedf,gx-no-cache=1636117351797 HTTP/1.1" 200 30
190.171.152.242 - - [05/Nov/2021:10:15:50 -0300] "GET /cormun/static/Resources/PXTools/ClosePrompt.png HTTP/1.1" 200 1036
190.171.152.242 - - [05/Nov/2021:10:15:50 -0300] "GET /cormun/static/Resources/resize.gif HTTP/1.1" 200 77
190.171.152.242 - - [05/Nov/2021:10:15:50 -0300] "GET /cormun/servlet/prbanco?,MD,,gxPopupLevel%3D0%3B HTTP/1.1" 200 6548
190.171.152.242 - - [05/Nov/2021:10:15:50 -0300] "GET /cormun/static/gxcfg.js?20201216131581 HTTP/1.1" 200 953
190.171.152.242 - - [05/Nov/2021:10:15:50 -0300] "GET /cormun/static/prbanco.js?20201216132311 HTTP/1.1" 200 10693
190.171.152.242 - - [05/Nov/2021:10:15:50 -0300] "GET /cormun/static/menusearch.js?20201214473581 HTTP/1.1" 200 1424
190.171.152.242 - - [05/Nov/2021:10:15:50 -0300] "GET /cormun/static/hmpwkw011.js?20201215495555 HTTP/1.1" 200 1968
190.171.152.242 - - [05/Nov/2021:10:15:50 -0300] "GET /cormun/static/Resources/PXToolsMenuSearchCancel.png HTTP/1.1" 200 306
190.171.152.242 - - [05/Nov/2021:10:15:50 -0300] "GET /cormun/static/Resources/PXToolsMenuSearch.png HTTP/1.1" 200 336
190.171.152.242 - - [05/Nov/2021:10:16:05 -0300] "GET /cormun/servlet/solicitudot?3cbe0d866591d5376dcf1bb19925af4f8b2b309f226c5fb1124d6570922c07bfab8791f288e20b5c4872f169fba7dbd215f0c077c52d225a7efd64c6df606cc1bde9a640882e2d1b913b524393405c4e,gx-no-cache=1636117451700 HTTP/1.1" 200 30
190.171.152.242 - - [05/Nov/2021:10:16:06 -0300] "GET /cormun/servlet/solicitudot?3cbe0d866591d5376dcf1bb19925af4f24b5820c1492de19d8650e00b22efb8e,gx-no-cache=1636117452672 HTTP/1.1" 200 53
186.103.156.166 - - [05/Nov/2021:10:16:08 -0300] "GET /cormun/servlet/apermisogoceprn?10453079,P,20211105093816,PU HTTP/1.1" 200 1663
186.103.156.166 - - [05/Nov/2021:10:16:19 -0300] "GET /cormun/servlet/trpermisosadjuntos?10453079,20211105093816,P, HTTP/1.1" 200 6179
186.103.156.166 - - [05/Nov/2021:10:16:19 -0300] "GET /cormun/static/gxcfg.js?2020121641683 HTTP/1.1" 200 953
186.103.156.166 - - [05/Nov/2021:10:16:19 -0300] "GET /cormun/static/trpermisosadjuntos.js?2020121642996 HTTP/1.1" 200 20158
186.103.156.166 - - [05/Nov/2021:10:16:20 -0300] "GET /cormun/servlet/trpermisosadjuntos?10453079,20211105093816,P, HTTP/1.1" 200 6180
190.171.152.242 - - [05/Nov/2021:10:16:21 -0300] "POST /cormun/servlet/solicitudot?gx-no-cache=1636117467975 HTTP/1.1" 200 240
186.103.156.166 - - [05/Nov/2021:10:16:22 -0300] "GET /cormun/servlet/permisosadjuntos?INS,10453079,P,20211105093816,, HTTP/1.1" 200 5497
186.103.156.166 - - [05/Nov/2021:10:16:23 -0300] "GET /cormun/static/gxcfg.js?20201215134212 HTTP/1.1" 200 953
186.103.156.166 - - [05/Nov/2021:10:16:23 -0300] "GET /cormun/static/permisosadjuntos.js?20201215134285 HTTP/1.1" 200 8724
186.103.156.166 - - [05/Nov/2021:10:16:23 -0300] "GET /cormun/static/about:blank HTTP/1.1" 404 1011
186.103.156.166 - - [05/Nov/2021:10:16:23 -0300] "GET /cormun/servlet/permisosadjuntos?INS,10453079,P,20211105093816,, HTTP/1.1" 200 5487
190.171.152.242 - - [05/Nov/2021:10:16:24 -0300] "GET /cormun/servlet/solicitudot?3cbe0d866591d5376dcf1bb19925af4f41e8c26b666f8afd66f21d288ee879d0855a37edbd56c6b19ad7db31af8cadcc8aa08d9056049135c99a645c8be252c1b9e41ce8480e9eefb967b90c59eb29a2a0491a2cbb52d02602009347cd2f3decdae092cc791441d9e078ded1ab0954b3ac693593185b61353cf3d2771e77c6a08e45004847367ebd5a54a9ec6e9a7eda9912d9b14c9e80bed088537eb81f5ca4ff8934a6134636d615794636aaf6ba747727ca715a4b7229c93fd60bed0e46d733453cb9685b1e495fb6005e955cf53882ce54db412a8c48de0960acd528e7793b2cd61a46cca1ef6c7eb3033c2f15c4ac3640fd499bd4d73b1f1cacda5d0711d46b353cfb12c666c1133787ca4427c1622befb44c737bcce36a4e3ebdf059e1660113234daeb0de64b8b34a7d7683a80db95297bebcf474cbdec489634e6e6f549067adbf24b347720aed72f5cde48e0a8261f85726634f0a11889eab8648d7e86840ff60b6d1b590ee1433850e2b5bff627a0c66ea182cae20b6162edf4473,gx-no-cache=1636117470795 HTTP/1.1" 200 30
190.171.152.242 - - [05/Nov/2021:10:16:28 -0300] "POST /cormun/servlet/solicitudot?gx-no-cache=1636117474951 HTTP/1.1" 200 30
190.171.152.242 - - [05/Nov/2021:10:16:32 -0300] "GET /cormun/servlet/prfichaempleado?,MD,,gxPopupLevel%3D0%3B HTTP/1.1" 200 9296
190.171.152.242 - - [05/Nov/2021:10:16:32 -0300] "GET /cormun/static/gxcfg.js?20201215571085 HTTP/1.1" 200 953
190.171.152.242 - - [05/Nov/2021:10:16:32 -0300] "GET /cormun/static/prfichaempleado.js?20201215572193 HTTP/1.1" 200 16006
190.171.152.242 - - [05/Nov/2021:10:16:44 -0300] "POST /cormun/servlet/prfichaempleado?d82a88b6d3c79c87a300645d0f2d5153,,MD,,gxPopupLevel%3D0%3B,gx-no-cache=1636117490457 HTTP/1.1" 200 3398
190.171.152.242 - - [05/Nov/2021:10:16:49 -0300] "POST /cormun/servlet/solicitudot?gx-no-cache=1636117495239 HTTP/1.1" 200 1442
190.171.152.242 - - [05/Nov/2021:10:16:49 -0300] "GET /cormun/static/menuarrow.gif HTTP/1.1" 404 1015
190.171.152.242 - - [05/Nov/2021:10:16:58 -0300] "POST /cormun/servlet/solicitudot?gx-no-cache=1636117504389 HTTP/1.1" 200 40
200.60.27.131 - - [05/Nov/2021:10:17:06 -0300] "GET /manager/html HTTP/1.1" 401 2474
190.171.152.242 - - [05/Nov/2021:10:17:12 -0300] "GET /cormun/servlet/solicitudot?3cbe0d866591d5376dcf1bb19925af4f0dcc5df993a0446f4d741e1e443e929dfc6ef8ca4b95507a887f3f773bf6193d5b83073cc3846f9c2d8d2594c5cbbd12e83c3450e7b9bf826b1b1d321a2a5192373ebf7b35ef22c4f0868ad683833389f8463e13a20f663a10a7e2c25af558ae,gx-no-cache=1636117519009 HTTP/1.1" 200 110
190.171.152.242 - - [05/Nov/2021:10:17:12 -0300] "POST /cormun/servlet/solicitudot?gx-no-cache=1636117519045 HTTP/1.1" 200 97
190.171.152.242 - - [05/Nov/2021:10:17:16 -0300] "GET /cormun/servlet/solicitudot?3cbe0d866591d5376dcf1bb19925af4f5024f1c33192861f9e2990942fddc09f6195bcd0bcc6e88046a6306fcc77b7c6e5eb52d11d99a727a4cb69a2a07a59cc1d5551c896ef40ab95d53b03555eb86fe1705ed11b1f4dc79413a467af9d6690829d3a082fd3f7d2af03f45d203cf29c,gx-no-cache=1636117522990 HTTP/1.1" 200 29
190.171.152.242 - - [05/Nov/2021:10:17:20 -0300] "GET /cormun/servlet/solicitudot?3cbe0d866591d5376dcf1bb19925af4f207aacb44a45d62ef2ce15c20199c4ef0faaed2d6c5e04352afde5a4635f0b50,gx-no-cache=1636117526931 HTTP/1.1" 200 30
190.171.152.242 - - [05/Nov/2021:10:17:20 -0300] "POST /cormun/servlet/solicitudot?gx-no-cache=1636117526959 HTTP/1.1" 200 34
205.185.121.173 - - [05/Nov/2021:10:17:42 -0300] "GET /manager/html HTTP/1.1" 401 2474
190.171.152.242 - - [05/Nov/2021:10:17:55 -0300] "POST /cormun/servlet/solicitudot?d82a88b6d3c79c87a300645d0f2d5153,INS,0,0,false,,gx-no-cache=1636117561185 HTTP/1.1" 200 93
190.171.152.242 - - [05/Nov/2021:10:17:55 -0300] "GET /cormun/servlet/hpexe_return? HTTP/1.1" 200 1005
190.171.152.242 - - [05/Nov/2021:10:17:55 -0300] "GET /cormun/static/gxcfg.js?201991422392976 HTTP/1.1" 200 953
190.171.152.242 - - [05/Nov/2021:10:17:55 -0300] "GET /cormun/static/hpexe_return.js?201991422392984 HTTP/1.1" 200 1633
190.171.152.242 - - [05/Nov/2021:10:17:55 -0300] "GET /cormun/servlet/trsolicitudot HTTP/1.1" 200 8654
190.171.152.242 - - [05/Nov/2021:10:17:56 -0300] "GET /cormun/servlet/trsolicitudot HTTP/1.1" 200 8650
190.171.152.242 - - [05/Nov/2021:10:17:58 -0300] "POST /cormun/servlet/trsolicitudot?d82a88b6d3c79c87a300645d0f2d5153,gx-no-cache=1636117564722 HTTP/1.1" 200 6028
190.171.152.242 - - [05/Nov/2021:10:17:58 -0300] "GET /cormun/static/Shared/jqueryui/images/ui-icons_82798d_256x240.png HTTP/1.1" 404 1089
190.171.152.242 - - [05/Nov/2021:10:17:58 -0300] "GET /cormun/static/Shared/jqueryui/images/ui-bg_highlight-soft_100_c6c2c8_1x100.png HTTP/1.1" 404 1117
190.171.152.242 - - [05/Nov/2021:10:17:58 -0300] "GET /cormun/static/Shared/jqueryui/images/ui-bg_flat_55_fafafa_40x100.png HTTP/1.1" 404 1097
190.171.152.242 - - [05/Nov/2021:10:17:58 -0300] "GET /cormun/static/Shared/jqueryui/images/ui-icons_8d78a5_256x240.png HTTP/1.1" 404 1089
110.45.209.61 - - [05/Nov/2021:10:18:34 -0300] "GET /manager/html HTTP/1.1" 401 2474
186.103.156.166 - - [05/Nov/2021:10:19:55 -0300] "POST /cormun/servlet/permisosadjuntos?87b2271073be1a116bf9158099bb2b0d,INS,10453079,P,20211105093816,, HTTP/1.1" 200 116
186.103.156.166 - - [05/Nov/2021:10:19:55 -0300] "GET /cormun/servlet/hpexe_return? HTTP/1.1" 200 1040
186.103.156.166 - - [05/Nov/2021:10:19:55 -0300] "GET /cormun/servlet/hpexe_return? HTTP/1.1" 200 1028
186.103.156.166 - - [05/Nov/2021:10:19:55 -0300] "GET /cormun/servlet/trpermisosadjuntos?10453079,20211105093816,P, HTTP/1.1" 200 6659
186.103.156.166 - - [05/Nov/2021:10:19:55 -0300] "GET /cormun/servlet/trpermisosadjuntos?10453079,20211105093816,P, HTTP/1.1" 200 6655
186.103.156.166 - - [05/Nov/2021:10:19:58 -0300] "POST /cormun/servlet/trpermisosadjuntos?87b2271073be1a116bf9158099bb2b0d,10453079,20211105093816,P,,gx-no-cache=1636117683941 HTTP/1.1" 200 90
186.103.156.166 - - [05/Nov/2021:10:19:58 -0300] "GET /cormun/servlet/hpexe_link HTTP/1.1" 200 985
186.103.156.166 - - [05/Nov/2021:10:19:58 -0300] "GET /cormun/servlet/trpermisosgoce HTTP/1.1" 200 9567
186.103.156.166 - - [05/Nov/2021:10:19:59 -0300] "GET /cormun/servlet/trpermisosgoce HTTP/1.1" 200 9565
200.60.27.131 - - [05/Nov/2021:10:19:59 -0300] "GET /manager/html HTTP/1.1" 401 2474
186.103.156.166 - - [05/Nov/2021:10:20:16 -0300] "POST /cormun/servlet/trpermisosgoce?87b2271073be1a116bf9158099bb2b0d,gx-no-cache=1636117702339 HTTP/1.1" 200 6955
186.103.156.166 - - [05/Nov/2021:10:20:17 -0300] "GET /cormun/static/Shared/jqueryui/images/ui-bg_highlight-soft_100_c6c2c8_1x100.png HTTP/1.1" 404 1117
186.103.156.166 - - [05/Nov/2021:10:20:17 -0300] "GET /cormun/static/Shared/jqueryui/images/ui-icons_82798d_256x240.png HTTP/1.1" 404 1089
186.103.156.166 - - [05/Nov/2021:10:20:17 -0300] "GET /cormun/static/Shared/jqueryui/images/ui-bg_flat_55_fafafa_40x100.png HTTP/1.1" 404 1097
186.103.156.166 - - [05/Nov/2021:10:20:17 -0300] "GET /cormun/static/Shared/jqueryui/images/ui-icons_8d78a5_256x240.png HTTP/1.1" 404 1089
186.103.156.166 - - [05/Nov/2021:10:20:45 -0300] "GET /cormun/servlet/hlogin HTTP/1.1" 200 1745
190.171.143.98 - - [05/Nov/2021:10:21:29 -0300] "GET /cormun/servlet/hlogin HTTP/1.1" 200 1723
190.171.143.98 - - [05/Nov/2021:10:21:29 -0300] "GET /favicon.ico HTTP/1.1" 200 21630
190.171.143.98 - - [05/Nov/2021:10:21:39 -0300] "POST /cormun/servlet/hlogin?3b875e77e01f910fce51208fa8161f1a,gx-no-cache=1636117785759 HTTP/1.1" 200 90
190.171.143.98 - - [05/Nov/2021:10:21:39 -0300] "GET /cormun/servlet/hpexe_link HTTP/1.1" 200 951
190.171.143.98 - - [05/Nov/2021:10:21:39 -0300] "GET /cormun/servlet/hhome HTTP/1.1" 200 4262
190.171.143.98 - - [05/Nov/2021:10:21:40 -0300] "GET /cormun/servlet/hhome HTTP/1.1" 200 4258
190.171.143.98 - - [05/Nov/2021:10:22:03 -0300] "GET /cormun/servlet/trsolicitudot? HTTP/1.1" 200 7483
190.171.143.98 - - [05/Nov/2021:10:22:03 -0300] "GET /cormun/static/gxcfg.js?201991910464971 HTTP/1.1" 200 953
190.171.143.98 - - [05/Nov/2021:10:22:03 -0300] "GET /cormun/static/trsolicitudot.js?201991910465845 HTTP/1.1" 200 54041
190.171.143.98 - - [05/Nov/2021:10:22:04 -0300] "GET /cormun/servlet/trsolicitudot? HTTP/1.1" 200 7482
190.171.143.98 - - [05/Nov/2021:10:22:06 -0300] "POST /cormun/servlet/trsolicitudot?3b875e77e01f910fce51208fa8161f1a,,gx-no-cache=1636117812497 HTTP/1.1" 200 4627
190.171.143.98 - - [05/Nov/2021:10:22:09 -0300] "GET /cormun/servlet/solicitudot?INS,0,0,false, HTTP/1.1" 200 15888
190.171.143.98 - - [05/Nov/2021:10:22:09 -0300] "GET /cormun/static/gxcfg.js?20203414241232 HTTP/1.1" 200 953
190.171.143.98 - - [05/Nov/2021:10:22:09 -0300] "GET /cormun/static/solicitudot.js?20203414242792 HTTP/1.1" 200 74114
190.171.143.98 - - [05/Nov/2021:10:22:09 -0300] "GET /cormun/servlet/solicitudot?INS,0,0,false, HTTP/1.1" 200 15895
190.171.143.98 - - [05/Nov/2021:10:22:30 -0300] "GET /cormun/servlet/prfichaempleado?,MD,,gxPopupLevel%3D0%3B HTTP/1.1" 200 9286
190.171.143.98 - - [05/Nov/2021:10:22:48 -0300] "POST /cormun/servlet/prfichaempleado?3b875e77e01f910fce51208fa8161f1a,,MD,,gxPopupLevel%3D0%3B,gx-no-cache=1636117855041 HTTP/1.1" 200 3407
190.171.143.98 - - [05/Nov/2021:10:22:53 -0300] "POST /cormun/servlet/solicitudot?gx-no-cache=1636117859837 HTTP/1.1" 200 3905
190.171.143.98 - - [05/Nov/2021:10:22:53 -0300] "POST /cormun/servlet/solicitudot?3b875e77e01f910fce51208fa8161f1a,INS,0,0,false,,gx-no-cache=1636117860025 HTTP/1.1" 200 12704
200.60.27.131 - - [05/Nov/2021:10:22:56 -0300] "GET /manager/html HTTP/1.1" 401 2474
190.171.143.98 - - [05/Nov/2021:10:23:00 -0300] "GET /cormun/servlet/solicitudot?1a8c6c2341c2315dd18aee9912ea268d5bd287533e7ca4838eb694f1d32aa1295c9e97ef80a52ae92321cebe94537773,gx-no-cache=1636117867103 HTTP/1.1" 200 30
190.171.143.98 - - [05/Nov/2021:10:23:00 -0300] "GET /cormun/servlet/solicitudot?1a8c6c2341c2315dd18aee9912ea268d6a56f726d5270fe8666cb94b42d9997b4b7a3df86993bd7297b6d6cc06cf4490626b1437ef5e28bc58c1110f0875dfb1,gx-no-cache=1636117867162 HTTP/1.1" 200 30
190.171.143.98 - - [05/Nov/2021:10:23:00 -0300] "GET /cormun/servlet/solicitudot?1a8c6c2341c2315dd18aee9912ea268de3f2de49679f68ae5d6f8689b1bedfde,gx-no-cache=1636117867187 HTTP/1.1" 200 53
190.171.143.98 - - [05/Nov/2021:10:23:00 -0300] "POST /cormun/servlet/solicitudot?gx-no-cache=1636117867216 HTTP/1.1" 200 297
190.171.143.98 - - [05/Nov/2021:10:23:00 -0300] "GET /cormun/servlet/solicitudot?1a8c6c2341c2315dd18aee9912ea268dd781475e655189033510f1f59dfba539f73d464f677da55b554382cac03397565f3ace0305f84605a33941014ef64cb7aa95aac52acb98eb219c2a22572ae391ef894674194f4e1c99cd832b1706060cb45c62b7336e6c9e37d8539b3c107eaaab182e14bc4ed1a16ac340928c889e66b7100dcdbfd73c550f39e71d6697a6aaf41f30b3c8a7be9784928c033bb7f29c0bd6f8ea187ce91d5eab4992811cbace1da0bfa65f61043f789c3082b170460d918b3ecc84f1f9dba73a1a09adf77fd5b4f4411c75419bb9b212eaaeec8f6f90bbdb6435bf424cf27a922e20a430dcabd1a0a50f7c85a009e3f2fbe09afb671a9e4f16baa1862d803199e70299b51b492af02d26599688db8f5997596a33c8f3d4dc2c3f288e4c0df7ea71b5edc8f84b1a183285a5263443a8f41e270e02c3b5f5f8ce96dbf28b58c90782ef1db0c01f42e3d07ebb60028c7b8e120edd12db783aad003d69edc35b0b0b3525ea4f26022922b0cbbfba40e2ccd7622a172ed94e168aaf3a938855bf1a995b1c89622e68,gx-no-cache=1636117867252 HTTP/1.1" 200 30
190.171.143.98 - - [05/Nov/2021:10:23:00 -0300] "POST /cormun/servlet/solicitudot?gx-no-cache=1636117867275 HTTP/1.1" 200 30
190.171.143.98 - - [05/Nov/2021:10:23:00 -0300] "POST /cormun/servlet/solicitudot?gx-no-cache=1636117867299 HTTP/1.1" 200 1440
190.171.143.98 - - [05/Nov/2021:10:23:00 -0300] "POST /cormun/servlet/solicitudot?gx-no-cache=1636117867331 HTTP/1.1" 200 38
190.171.143.98 - - [05/Nov/2021:10:23:00 -0300] "GET /cormun/servlet/solicitudot?1a8c6c2341c2315dd18aee9912ea268d85aed1fb93db0572620dac3d2943b3a7e063401a87d4d68352ac946926d537c30085ad76034b6d0446ac54893cc38998545d169cff9d61e8b93b44fdc4029f7b59361c27f4b91532a95a7d885253ffabb84108bb2d4cf55ead8ba85561088a19,gx-no-cache=1636117867353 HTTP/1.1" 200 110
110.45.209.61 - - [05/Nov/2021:10:23:06 -0300] "GET /manager/html HTTP/1.1" 401 2474
190.171.143.98 - - [05/Nov/2021:10:23:13 -0300] "POST /cormun/servlet/solicitudot?gx-no-cache=1636117879922 HTTP/1.1" 200 30
190.171.143.98 - - [05/Nov/2021:10:23:23 -0300] "POST /cormun/servlet/solicitudot?gx-no-cache=1636117890276 HTTP/1.1" 200 1440
190.171.143.98 - - [05/Nov/2021:10:23:23 -0300] "POST /cormun/servlet/solicitudot?gx-no-cache=1636117890342 HTTP/1.1" 200 38
190.171.143.98 - - [05/Nov/2021:10:23:23 -0300] "GET /cormun/servlet/solicitudot?1a8c6c2341c2315dd18aee9912ea268d85aed1fb93db0572620dac3d2943b3a7e063401a87d4d68352ac946926d537c30085ad76034b6d0446ac54893cc38998545d169cff9d61e8b93b44fdc4029f7b59361c27f4b91532a95a7d885253ffabb84108bb2d4cf55ead8ba85561088a19,gx-no-cache=1636117890372 HTTP/1.1" 200 110
190.171.143.98 - - [05/Nov/2021:10:23:23 -0300] "POST /cormun/servlet/solicitudot?gx-no-cache=1636117890421 HTTP/1.1" 200 110
190.171.143.98 - - [05/Nov/2021:10:23:35 -0300] "GET /cormun/servlet/prcontratosol?18057676,,,,,MD,,gxPopupLevel%3D0%3B HTTP/1.1" 200 8130
190.171.143.98 - - [05/Nov/2021:10:23:35 -0300] "GET /cormun/static/gxcfg.js?2019914201458 HTTP/1.1" 200 953
190.171.143.98 - - [05/Nov/2021:10:23:35 -0300] "GET /cormun/static/prcontratosol.js?20199142014772 HTTP/1.1" 200 15806
190.171.143.98 - - [05/Nov/2021:10:23:35 -0300] "GET /cormun/static/Resources/Spanish/PXTools.css?19172979 HTTP/1.1" 200 100853
190.171.143.98 - - [05/Nov/2021:10:23:35 -0300] "GET /cormun/servlet/prcontratosol?18057676,,,,,MD,,gxPopupLevel%3D0%3B,gxPopupLevel%3D0%3B HTTP/1.1" 200 8142
190.171.143.98 - - [05/Nov/2021:10:23:50 -0300] "POST /cormun/servlet/solicitudot?gx-no-cache=1636117917156 HTTP/1.1" 200 1440
190.171.143.98 - - [05/Nov/2021:10:23:50 -0300] "POST /cormun/servlet/solicitudot?gx-no-cache=1636117917191 HTTP/1.1" 200 38
190.171.143.98 - - [05/Nov/2021:10:23:50 -0300] "GET /cormun/servlet/solicitudot?1a8c6c2341c2315dd18aee9912ea268d85aed1fb93db0572620dac3d2943b3a7e063401a87d4d68352ac946926d537c30085ad76034b6d0446ac54893cc38998545d169cff9d61e8b93b44fdc4029f7b59361c27f4b91532a95a7d885253ffabb84108bb2d4cf55ead8ba85561088a19,gx-no-cache=1636117917217 HTTP/1.1" 200 110
190.171.143.98 - - [05/Nov/2021:10:23:50 -0300] "POST /cormun/servlet/solicitudot?gx-no-cache=1636117917247 HTTP/1.1" 200 109
190.171.143.98 - - [05/Nov/2021:10:23:50 -0300] "GET /cormun/servlet/solicitudot?1a8c6c2341c2315dd18aee9912ea268d5e7088c4029997e72dc2c49d857d7bc0fa01b48b307397eaaa9bfc81664af0350ce4c3829f1da759a88338d8aae1712991ddf034976e1b543772046e075c63dc428f76e76bd32b931bedd9c02005f3d43cc295093520f9ae8a69f4acb29b767a,gx-no-cache=1636117917287 HTTP/1.1" 200 29
190.171.143.98 - - [05/Nov/2021:10:23:50 -0300] "GET /cormun/servlet/solicitudot?1a8c6c2341c2315dd18aee9912ea268d962b01348c204532202b0188dcda36dc33f3033f7528af135f88f1d5b767675e,gx-no-cache=1636117917313 HTTP/1.1" 200 134
190.171.143.98 - - [05/Nov/2021:10:23:50 -0300] "GET /cormun/static/Shared/jqueryui/images/ui-bg_highlight-soft_100_c6c2c8_1x100.png HTTP/1.1" 404 1117
190.171.143.98 - - [05/Nov/2021:10:23:50 -0300] "GET /cormun/static/Shared/jqueryui/images/ui-icons_82798d_256x240.png HTTP/1.1" 404 1089
190.171.143.98 - - [05/Nov/2021:10:23:50 -0300] "GET /cormun/static/Shared/jqueryui/images/ui-bg_flat_55_994d53_40x100.png HTTP/1.1" 404 1097
190.171.143.98 - - [05/Nov/2021:10:23:50 -0300] "GET /cormun/static/Shared/jqueryui/images/ui-icons_ebccce_256x240.png HTTP/1.1" 404 1089
186.103.156.166 - - [05/Nov/2021:10:23:56 -0300] "GET /cormun/servlet/hlogin HTTP/1.1" 200 1727
190.171.143.98 - - [05/Nov/2021:10:23:57 -0300] "GET /cormun/servlet/prcontratosol?18057676,,,,,MD,,gxPopupLevel%3D0%3B HTTP/1.1" 200 8130
190.171.143.98 - - [05/Nov/2021:10:24:16 -0300] "POST /cormun/servlet/solicitudot?gx-no-cache=1636117943160 HTTP/1.1" 200 1440
190.171.143.98 - - [05/Nov/2021:10:24:16 -0300] "POST /cormun/servlet/solicitudot?gx-no-cache=1636117943190 HTTP/1.1" 200 41
190.171.143.98 - - [05/Nov/2021:10:24:16 -0300] "GET /cormun/servlet/solicitudot?1a8c6c2341c2315dd18aee9912ea268d85aed1fb93db0572620dac3d2943b3a7e063401a87d4d68352ac946926d537c30085ad76034b6d0446ac54893cc38998545d169cff9d61e8b93b44fdc4029f7b59361c27f4b91532a95a7d885253ffabb84108bb2d4cf55ead8ba85561088a19,gx-no-cache=1636117943211 HTTP/1.1" 200 110
190.171.143.98 - - [05/Nov/2021:10:24:16 -0300] "POST /cormun/servlet/solicitudot?gx-no-cache=1636117943241 HTTP/1.1" 200 109
190.171.143.98 - - [05/Nov/2021:10:24:16 -0300] "GET /cormun/servlet/solicitudot?1a8c6c2341c2315dd18aee9912ea268d962b01348c204532202b0188dcda36dc33f3033f7528af135f88f1d5b767675e,gx-no-cache=1636117943274 HTTP/1.1" 200 134
186.103.156.166 - - [05/Nov/2021:10:24:17 -0300] "POST /cormun/servlet/hlogin?87b2271073be1a116bf9158099bb2b0d,gx-no-cache=1636117943522 HTTP/1.1" 200 90
186.103.156.166 - - [05/Nov/2021:10:24:17 -0300] "GET /cormun/servlet/hpexe_link HTTP/1.1" 200 954
186.103.156.166 - - [05/Nov/2021:10:24:18 -0300] "GET /cormun/servlet/hhome HTTP/1.1" 200 4319
186.103.156.166 - - [05/Nov/2021:10:24:18 -0300] "GET /cormun/static/SmoothNavMenu/resources/images/right.gif HTTP/1.1" 200 860
186.103.156.166 - - [05/Nov/2021:10:24:18 -0300] "GET /cormun/servlet/hhome HTTP/1.1" 200 4315
190.171.143.98 - - [05/Nov/2021:10:24:22 -0300] "GET /cormun/static/menuarrow.gif HTTP/1.1" 404 1015
186.103.156.166 - - [05/Nov/2021:10:24:26 -0300] "GET /cormun/servlet/trpermisosingoceautorizar? HTTP/1.1" 200 7108
186.103.156.166 - - [05/Nov/2021:10:24:26 -0300] "GET /cormun/static/gxui/gxui-all.css?110300 HTTP/1.1" 200 2179
186.103.156.166 - - [05/Nov/2021:10:24:26 -0300] "GET /cormun/static/calendar-system.css?75620 HTTP/1.1" 200 5572
186.103.156.166 - - [05/Nov/2021:10:24:26 -0300] "GET /cormun/static/gxcfg.js?20199142052090 HTTP/1.1" 200 953
186.103.156.166 - - [05/Nov/2021:10:24:26 -0300] "GET /cormun/static/Resources/Spanish/PXTools.css?19172979 HTTP/1.1" 200 100853
186.103.156.166 - - [05/Nov/2021:10:24:27 -0300] "GET /cormun/static/trpermisosingoceautorizar.js?20199142052670 HTTP/1.1" 200 32551
186.103.156.166 - - [05/Nov/2021:10:24:27 -0300] "GET /cormun/static/Shared/ext/resources/css/ext-all.css?205870 HTTP/1.1" 200 416045
186.103.156.166 - - [05/Nov/2021:10:24:27 -0300] "GET /cormun/servlet/trpermisosingoceautorizar? HTTP/1.1" 200 7107
186.103.156.166 - - [05/Nov/2021:10:24:42 -0300] "GET /cormun/servlet/trautorizarpermisogoce? HTTP/1.1" 200 8008
186.103.156.166 - - [05/Nov/2021:10:24:42 -0300] "GET /cormun/static/gxcfg.js?2020121645532 HTTP/1.1" 200 953
186.103.156.166 - - [05/Nov/2021:10:24:42 -0300] "GET /cormun/static/trautorizarpermisogoce.js?2020121651492 HTTP/1.1" 200 34948
186.103.156.166 - - [05/Nov/2021:10:24:42 -0300] "GET /cormun/servlet/trautorizarpermisogoce? HTTP/1.1" 200 8008
190.171.143.98 - - [05/Nov/2021:10:24:48 -0300] "GET /cormun/servlet/solicitudot?1a8c6c2341c2315dd18aee9912ea268d8c6fd6cf4500043b741e56715c27eb746cce2b79d6444690cbbd08445467bd49,gx-no-cache=1636117974944 HTTP/1.1" 200 30
186.103.156.166 - - [05/Nov/2021:10:24:54 -0300] "POST /cormun/servlet/trautorizarpermisogoce?87b2271073be1a116bf9158099bb2b0d,,gx-no-cache=1636117980202 HTTP/1.1" 200 4528
186.103.156.166 - - [05/Nov/2021:10:24:54 -0300] "GET /cormun/static/Shared/jqueryui/images/ui-bg_highlight-soft_100_c6c2c8_1x100.png HTTP/1.1" 404 1117
186.103.156.166 - - [05/Nov/2021:10:24:54 -0300] "GET /cormun/static/Shared/jqueryui/images/ui-icons_82798d_256x240.png HTTP/1.1" 404 1089
186.103.156.166 - - [05/Nov/2021:10:24:54 -0300] "GET /cormun/static/Shared/jqueryui/images/ui-bg_flat_55_fafafa_40x100.png HTTP/1.1" 404 1097
186.103.156.166 - - [05/Nov/2021:10:24:54 -0300] "GET /cormun/static/Shared/jqueryui/images/ui-icons_8d78a5_256x240.png HTTP/1.1" 404 1089
186.103.156.166 - - [05/Nov/2021:10:25:06 -0300] "GET /cormun/servlet/hlogin HTTP/1.1" 200 1753
190.171.143.98 - - [05/Nov/2021:10:25:13 -0300] "POST /cormun/servlet/solicitudot?gx-no-cache=1636117999737 HTTP/1.1" 200 137
200.60.27.131 - - [05/Nov/2021:10:25:49 -0300] "GET /manager/html HTTP/1.1" 401 2474
190.171.143.98 - - [05/Nov/2021:10:25:50 -0300] "POST /cormun/servlet/solicitudot?gx-no-cache=1636118037463 HTTP/1.1" 200 33
190.171.143.98 - - [05/Nov/2021:10:25:51 -0300] "POST /cormun/servlet/solicitudot?3b875e77e01f910fce51208fa8161f1a,INS,0,0,false,,gx-no-cache=1636118037554 HTTP/1.1" 200 93
190.171.143.98 - - [05/Nov/2021:10:25:51 -0300] "GET /cormun/servlet/hpexe_return? HTTP/1.1" 200 1008
190.171.143.98 - - [05/Nov/2021:10:25:51 -0300] "GET /cormun/servlet/trsolicitudot? HTTP/1.1" 200 8909
190.171.143.98 - - [05/Nov/2021:10:25:51 -0300] "GET /cormun//static/Resources/PXToolsActionView.png HTTP/1.1" 200 398
190.171.143.98 - - [05/Nov/2021:10:25:51 -0300] "GET /cormun//static/Resources/PXToolsRemoveAllAction.png HTTP/1.1" 200 487
190.171.143.98 - - [05/Nov/2021:10:25:52 -0300] "GET /cormun/servlet/trsolicitudot? HTTP/1.1" 200 8907
190.171.143.98 - - [05/Nov/2021:10:26:00 -0300] "POST /cormun/servlet/trsolicitudot?3b875e77e01f910fce51208fa8161f1a,,gx-no-cache=1636118046963 HTTP/1.1" 200 4868
190.171.143.98 - - [05/Nov/2021:10:26:00 -0300] "GET /cormun/static/Shared/jqueryui/images/ui-bg_highlight-soft_100_c6c2c8_1x100.png HTTP/1.1" 404 1117
190.171.143.98 - - [05/Nov/2021:10:26:00 -0300] "GET /cormun/static/Shared/jqueryui/images/ui-icons_82798d_256x240.png HTTP/1.1" 404 1089
190.171.143.98 - - [05/Nov/2021:10:26:00 -0300] "GET /cormun/static/Shared/jqueryui/images/ui-bg_flat_55_fafafa_40x100.png HTTP/1.1" 404 1097
190.171.143.98 - - [05/Nov/2021:10:26:00 -0300] "GET /cormun/static/Shared/jqueryui/images/ui-icons_8d78a5_256x240.png HTTP/1.1" 404 1089
190.171.143.98 - - [05/Nov/2021:10:26:00 -0300] "POST /cormun/servlet/trsolicitudot?3b875e77e01f910fce51208fa8161f1a,,gx-no-cache=1636118047175 HTTP/1.1" 200 4612
