186.67.172.234 - - [04/Nov/2021:12:21:55 -0300] "GET /cormun/servlet/hpexe_link HTTP/1.1" 200 1011
186.67.172.234 - - [04/Nov/2021:12:21:55 -0300] "GET /cormun/servlet/trpermisosgoce?gx-no-cache=1636038457366 HTTP/1.1" 200 17379
186.67.172.234 - - [04/Nov/2021:12:21:56 -0300] "GET /cormun/servlet/trpermisosgoce?gx-no-cache=1636038457366 HTTP/1.1" 200 17396
186.67.172.234 - - [04/Nov/2021:12:21:58 -0300] "POST /cormun/servlet/trpermisosgoce?e6998e6c7c13ad3570008fc5bd5e0e10,gx-no-cache=1636038457366,gx-no-cache=1636038603119 HTTP/1.1" 200 14502
186.67.172.234 - - [04/Nov/2021:12:21:58 -0300] "GET /cormun/static/Shared/jqueryui/images/ui-bg_highlight-soft_100_c6c2c8_1x100.png HTTP/1.1" 404 1117
186.67.172.234 - - [04/Nov/2021:12:21:58 -0300] "GET /cormun/static/Shared/jqueryui/images/ui-icons_82798d_256x240.png HTTP/1.1" 404 1089
186.67.172.234 - - [04/Nov/2021:12:21:58 -0300] "GET /cormun/static/Shared/jqueryui/images/ui-bg_flat_55_fafafa_40x100.png HTTP/1.1" 404 1097
186.67.172.234 - - [04/Nov/2021:12:21:58 -0300] "GET /cormun/static/Shared/jqueryui/images/ui-icons_8d78a5_256x240.png HTTP/1.1" 404 1089
200.60.27.131 - - [04/Nov/2021:12:22:05 -0300] "GET /manager/html HTTP/1.1" 401 2474
186.67.172.234 - - [04/Nov/2021:12:22:10 -0300] "GET /cormun/servlet/permisogoce?INS,0,,, HTTP/1.1" 200 7293
186.67.172.234 - - [04/Nov/2021:12:22:10 -0300] "GET /cormun/servlet/permisogoce?INS,0,,, HTTP/1.1" 200 7271
186.67.172.234 - - [04/Nov/2021:12:22:18 -0300] "GET /cormun/servlet/permisogoce?a15935a3f5ddd1e8e1c841ec280131d538f67038ef45d28f44437e61c9b37287217e1fb3c0de649784cff9c166ce38ac552206dd06fd53fb690872e9c0ccc035,gx-no-cache=1636038623718 HTTP/1.1" 200 78
186.67.172.234 - - [04/Nov/2021:12:22:18 -0300] "GET /cormun/static/menuarrow.gif HTTP/1.1" 404 1015
186.67.172.234 - - [04/Nov/2021:12:22:24 -0300] "GET /cormun/servlet/permisogoce?a15935a3f5ddd1e8e1c841ec280131d5ed1d47ec1015dc61290de2d448c30233460bc56b7ffbf3b99a81f81a614687e3d0698d2dfc4fc6ee56ae45f283268e2b,gx-no-cache=1636038629235 HTTP/1.1" 200 46
186.67.172.234 - - [04/Nov/2021:12:22:39 -0300] "POST /cormun/servlet/permisogoce?e6998e6c7c13ad3570008fc5bd5e0e10,INS,0,,,,gx-no-cache=1636038644506 HTTP/1.1" 200 93
186.67.172.234 - - [04/Nov/2021:12:22:39 -0300] "GET /cormun/servlet/hpexe_return? HTTP/1.1" 200 1039
186.67.172.234 - - [04/Nov/2021:12:22:40 -0300] "GET /cormun/servlet/trpermisosgoce?gx-no-cache=1636038457366 HTTP/1.1" 200 17618
186.67.172.234 - - [04/Nov/2021:12:22:40 -0300] "GET /cormun/servlet/trpermisosgoce?gx-no-cache=1636038457366 HTTP/1.1" 200 17624
186.67.172.234 - - [04/Nov/2021:12:22:44 -0300] "GET /cormun/servlet/trpermisosadjuntos?11887843,20211104120755,P, HTTP/1.1" 200 6707
186.67.172.234 - - [04/Nov/2021:12:22:44 -0300] "GET /cormun/servlet/trpermisosadjuntos?11887843,20211104120755,P, HTTP/1.1" 200 6685
186.67.172.234 - - [04/Nov/2021:12:22:47 -0300] "GET /cormun/servlet/permisosadjuntos?INS,11887843,P,20211104120755,, HTTP/1.1" 200 6015
186.67.172.234 - - [04/Nov/2021:12:22:47 -0300] "GET /cormun/static/about:blank HTTP/1.1" 404 1011
186.67.172.234 - - [04/Nov/2021:12:22:47 -0300] "GET /cormun/servlet/permisosadjuntos?INS,11887843,P,20211104120755,, HTTP/1.1" 200 6004
186.67.172.234 - - [04/Nov/2021:12:22:59 -0300] "POST /cormun/servlet/permisosadjuntos?e6998e6c7c13ad3570008fc5bd5e0e10,INS,11887843,P,20211104120755,, HTTP/1.1" 200 116
186.67.172.234 - - [04/Nov/2021:12:22:59 -0300] "GET /cormun/servlet/hpexe_return? HTTP/1.1" 200 1044
186.67.172.234 - - [04/Nov/2021:12:22:59 -0300] "GET /cormun/servlet/trpermisosadjuntos?11887843,20211104120755,P, HTTP/1.1" 200 7217
186.67.172.234 - - [04/Nov/2021:12:23:00 -0300] "GET /cormun/servlet/trpermisosadjuntos?11887843,20211104120755,P, HTTP/1.1" 200 7214
186.67.172.234 - - [04/Nov/2021:12:23:01 -0300] "POST /cormun/servlet/trpermisosadjuntos?e6998e6c7c13ad3570008fc5bd5e0e10,11887843,20211104120755,P,,gx-no-cache=1636038666988 HTTP/1.1" 200 90
186.67.172.234 - - [04/Nov/2021:12:23:01 -0300] "GET /cormun/servlet/hpexe_link HTTP/1.1" 200 1012
186.67.172.234 - - [04/Nov/2021:12:23:02 -0300] "GET /cormun/servlet/trpermisosgoce?gx-no-cache=1636038457366 HTTP/1.1" 200 17614
186.67.172.234 - - [04/Nov/2021:12:23:02 -0300] "GET /cormun/servlet/trpermisosgoce?gx-no-cache=1636038457366 HTTP/1.1" 200 17624
186.67.172.234 - - [04/Nov/2021:12:23:14 -0300] "POST /cormun/servlet/trpermisosgoce?e6998e6c7c13ad3570008fc5bd5e0e10,gx-no-cache=1636038457366,gx-no-cache=1636038678850 HTTP/1.1" 200 14722
186.67.172.234 - - [04/Nov/2021:12:23:14 -0300] "GET /cormun/static/Shared/jqueryui/images/ui-bg_highlight-soft_100_c6c2c8_1x100.png HTTP/1.1" 404 1117
186.67.172.234 - - [04/Nov/2021:12:23:14 -0300] "GET /cormun/static/Shared/jqueryui/images/ui-icons_82798d_256x240.png HTTP/1.1" 404 1089
186.67.172.234 - - [04/Nov/2021:12:23:14 -0300] "GET /cormun/static/Shared/jqueryui/images/ui-bg_flat_55_fafafa_40x100.png HTTP/1.1" 404 1097
186.67.172.234 - - [04/Nov/2021:12:23:14 -0300] "GET /cormun/static/Shared/jqueryui/images/ui-icons_8d78a5_256x240.png HTTP/1.1" 404 1089
110.45.209.61 - - [04/Nov/2021:12:23:27 -0300] "GET /manager/html HTTP/1.1" 401 2474
186.67.172.234 - - [04/Nov/2021:12:23:30 -0300] "GET /cormun/servlet/permisogoce?INS,0,,, HTTP/1.1" 200 7292
186.67.172.234 - - [04/Nov/2021:12:23:30 -0300] "GET /cormun/servlet/permisogoce?INS,0,,, HTTP/1.1" 200 7271
186.67.172.234 - - [04/Nov/2021:12:23:39 -0300] "GET /cormun/servlet/permisogoce?a15935a3f5ddd1e8e1c841ec280131d507955b074d79c5becb6e5ef9d11a7b00ca5dac1bf7b7a4d1ebd063d5aae0975a4ed029b6738a70d660631152e05409fa,gx-no-cache=1636038704865 HTTP/1.1" 200 85
186.67.172.234 - - [04/Nov/2021:12:23:39 -0300] "GET /cormun/static/menuarrow.gif HTTP/1.1" 404 1015
186.67.172.234 - - [04/Nov/2021:12:23:48 -0300] "GET /cormun/servlet/permisogoce?a15935a3f5ddd1e8e1c841ec280131d5eb2e81d5b216f0a25198faa27b3813668b4d965791ede0b48a2a994676ca922e46302aa1d1df8a454f811e19c6aed077,gx-no-cache=1636038713824 HTTP/1.1" 200 46
186.67.172.234 - - [04/Nov/2021:12:23:57 -0300] "POST /cormun/servlet/permisogoce?e6998e6c7c13ad3570008fc5bd5e0e10,INS,0,,,,gx-no-cache=1636038721842 HTTP/1.1" 200 93
186.67.172.234 - - [04/Nov/2021:12:23:57 -0300] "GET /cormun/servlet/hpexe_return? HTTP/1.1" 200 1039
186.67.172.234 - - [04/Nov/2021:12:23:57 -0300] "GET /cormun/servlet/trpermisosgoce?gx-no-cache=1636038457366 HTTP/1.1" 200 17795
186.67.172.234 - - [04/Nov/2021:12:23:58 -0300] "GET /cormun/servlet/trpermisosgoce?gx-no-cache=1636038457366 HTTP/1.1" 200 17815
186.67.172.234 - - [04/Nov/2021:12:24:07 -0300] "GET /cormun/servlet/trpermisosadjuntos?5957158,20211104120915,P, HTTP/1.1" 200 6718
186.67.172.234 - - [04/Nov/2021:12:24:07 -0300] "GET /cormun/servlet/trpermisosadjuntos?5957158,20211104120915,P, HTTP/1.1" 200 6696
186.67.172.234 - - [04/Nov/2021:12:24:09 -0300] "GET /cormun/servlet/permisosadjuntos?INS,5957158,P,20211104120915,, HTTP/1.1" 200 6022
186.67.172.234 - - [04/Nov/2021:12:24:09 -0300] "GET /cormun/static/about:blank HTTP/1.1" 404 1011
186.67.172.234 - - [04/Nov/2021:12:24:09 -0300] "GET /cormun/servlet/permisosadjuntos?INS,5957158,P,20211104120915,, HTTP/1.1" 200 6012
186.67.172.234 - - [04/Nov/2021:12:24:16 -0300] "POST /cormun/servlet/permisosadjuntos?e6998e6c7c13ad3570008fc5bd5e0e10,INS,5957158,P,20211104120915,, HTTP/1.1" 200 116
186.67.172.234 - - [04/Nov/2021:12:24:16 -0300] "GET /cormun/servlet/hpexe_return? HTTP/1.1" 200 1042
186.67.172.234 - - [04/Nov/2021:12:24:17 -0300] "GET /cormun/servlet/trpermisosadjuntos?5957158,20211104120915,P, HTTP/1.1" 200 7218
186.67.172.234 - - [04/Nov/2021:12:24:17 -0300] "GET /cormun/servlet/trpermisosadjuntos?5957158,20211104120915,P, HTTP/1.1" 200 7215
186.67.172.234 - - [04/Nov/2021:12:24:19 -0300] "POST /cormun/servlet/trpermisosadjuntos?e6998e6c7c13ad3570008fc5bd5e0e10,5957158,20211104120915,P,,gx-no-cache=1636038744388 HTTP/1.1" 200 90
186.67.172.234 - - [04/Nov/2021:12:24:19 -0300] "GET /cormun/servlet/hpexe_link HTTP/1.1" 200 1011
186.67.172.234 - - [04/Nov/2021:12:24:19 -0300] "GET /cormun/servlet/trpermisosgoce?gx-no-cache=1636038457366 HTTP/1.1" 200 17796
186.67.172.234 - - [04/Nov/2021:12:24:20 -0300] "GET /cormun/servlet/trpermisosgoce?gx-no-cache=1636038457366 HTTP/1.1" 200 17822
186.67.172.234 - - [04/Nov/2021:12:24:23 -0300] "POST /cormun/servlet/trpermisosgoce?e6998e6c7c13ad3570008fc5bd5e0e10,gx-no-cache=1636038457366,gx-no-cache=1636038748294 HTTP/1.1" 200 14943
186.67.172.234 - - [04/Nov/2021:12:24:23 -0300] "GET /cormun/static/Shared/jqueryui/images/ui-bg_highlight-soft_100_c6c2c8_1x100.png HTTP/1.1" 404 1117
186.67.172.234 - - [04/Nov/2021:12:24:23 -0300] "GET /cormun/static/Shared/jqueryui/images/ui-icons_82798d_256x240.png HTTP/1.1" 404 1089
186.67.172.234 - - [04/Nov/2021:12:24:23 -0300] "GET /cormun/static/Shared/jqueryui/images/ui-bg_flat_55_fafafa_40x100.png HTTP/1.1" 404 1097
186.67.172.234 - - [04/Nov/2021:12:24:23 -0300] "GET /cormun/static/Shared/jqueryui/images/ui-icons_8d78a5_256x240.png HTTP/1.1" 404 1089
205.185.121.173 - - [04/Nov/2021:12:24:50 -0300] "GET /manager/html HTTP/1.1" 401 2474
200.60.27.131 - - [04/Nov/2021:12:25:06 -0300] "GET /manager/html HTTP/1.1" 401 2474
186.67.172.234 - - [04/Nov/2021:12:26:55 -0300] "GET /cormun/servlet/trautorizarpermisogoce? HTTP/1.1" 200 9306
186.67.172.234 - - [04/Nov/2021:12:26:56 -0300] "GET /cormun/servlet/trautorizarpermisogoce? HTTP/1.1" 200 9284
186.67.172.234 - - [04/Nov/2021:12:26:58 -0300] "POST /cormun/servlet/trautorizarpermisogoce?e6998e6c7c13ad3570008fc5bd5e0e10,,gx-no-cache=1636038903757 HTTP/1.1" 200 6276
186.67.172.234 - - [04/Nov/2021:12:26:58 -0300] "GET /cormun/static/Shared/jqueryui/images/ui-bg_highlight-soft_100_c6c2c8_1x100.png HTTP/1.1" 404 1117
186.67.172.234 - - [04/Nov/2021:12:26:58 -0300] "GET /cormun/static/Shared/jqueryui/images/ui-icons_82798d_256x240.png HTTP/1.1" 404 1089
186.67.172.234 - - [04/Nov/2021:12:26:58 -0300] "GET /cormun/static/Shared/jqueryui/images/ui-bg_flat_55_fafafa_40x100.png HTTP/1.1" 404 1097
186.67.172.234 - - [04/Nov/2021:12:26:58 -0300] "GET /cormun/static/Shared/jqueryui/images/ui-icons_8d78a5_256x240.png HTTP/1.1" 404 1089
186.67.172.234 - - [04/Nov/2021:12:26:59 -0300] "POST /cormun/servlet/trautorizarpermisogoce?e6998e6c7c13ad3570008fc5bd5e0e10,,gx-no-cache=1636038904528 HTTP/1.1" 200 6042
186.67.172.234 - - [04/Nov/2021:12:27:00 -0300] "POST /cormun/servlet/trautorizarpermisogoce?e6998e6c7c13ad3570008fc5bd5e0e10,,gx-no-cache=1636038905257 HTTP/1.1" 200 5822
186.67.172.234 - - [04/Nov/2021:12:27:01 -0300] "POST /cormun/servlet/trautorizarpermisogoce?e6998e6c7c13ad3570008fc5bd5e0e10,,gx-no-cache=1636038905977 HTTP/1.1" 200 5606
186.67.172.234 - - [04/Nov/2021:12:27:01 -0300] "POST /cormun/servlet/trautorizarpermisogoce?e6998e6c7c13ad3570008fc5bd5e0e10,,gx-no-cache=1636038906648 HTTP/1.1" 200 5300
186.67.172.234 - - [04/Nov/2021:12:27:02 -0300] "POST /cormun/servlet/trautorizarpermisogoce?e6998e6c7c13ad3570008fc5bd5e0e10,,gx-no-cache=1636038907360 HTTP/1.1" 200 4543
186.67.172.234 - - [04/Nov/2021:12:27:05 -0300] "GET /cormun/servlet/trlicencias? HTTP/1.1" 200 17725
186.67.172.234 - - [04/Nov/2021:12:27:06 -0300] "GET /cormun/servlet/trlicencias? HTTP/1.1" 200 17739
186.67.172.234 - - [04/Nov/2021:12:27:28 -0300] "POST /cormun/servlet/trlicencias?e6998e6c7c13ad3570008fc5bd5e0e10,,gx-no-cache=1636038933090 HTTP/1.1" 200 101
186.67.172.234 - - [04/Nov/2021:12:27:28 -0300] "GET /cormun/Licencias-6681.xls HTTP/1.1" 200 16896
110.45.209.61 - - [04/Nov/2021:12:27:57 -0300] "GET /manager/html HTTP/1.1" 401 2474
200.60.27.131 - - [04/Nov/2021:12:28:08 -0300] "GET /manager/html HTTP/1.1" 401 2474
186.67.172.234 - - [04/Nov/2021:12:28:14 -0300] "POST /cormun/servlet/trlicencias?e6998e6c7c13ad3570008fc5bd5e0e10,,gx-no-cache=1636038979339 HTTP/1.1" 200 15833
200.54.107.2 - - [04/Nov/2021:12:28:32 -0300] "GET /cormun/servlet/trpermisosadjuntos?19881705,20211104105232,P, HTTP/1.1" 200 5451
200.54.107.2 - - [04/Nov/2021:12:28:32 -0300] "GET /cormun/servlet/hlogin HTTP/1.1" 200 1771
200.54.107.2 - - [04/Nov/2021:12:28:32 -0300] "GET /cormun/servlet/trpermisosadjuntos?19881705,20211104105232,P, HTTP/1.1" 200 5445
200.54.107.2 - - [04/Nov/2021:12:28:48 -0300] "POST /cormun/servlet/hlogin?2de66dff6e086f6a2a34a23253997724,gx-no-cache=1636039013037 HTTP/1.1" 200 90
200.54.107.2 - - [04/Nov/2021:12:28:48 -0300] "GET /cormun/servlet/hpexe_link HTTP/1.1" 200 986
200.54.107.2 - - [04/Nov/2021:12:28:48 -0300] "GET /cormun/servlet/trpermisosadjuntos?19881705,20211104105232,P, HTTP/1.1" 200 6495
200.54.107.2 - - [04/Nov/2021:12:28:49 -0300] "GET /cormun/servlet/trpermisosadjuntos?19881705,20211104105232,P, HTTP/1.1" 200 6493
200.54.107.2 - - [04/Nov/2021:12:29:40 -0300] "GET /cormun/servlet/permisosadjuntos?INS,19881705,P,20211104105232,, HTTP/1.1" 200 5997
200.54.107.2 - - [04/Nov/2021:12:29:40 -0300] "GET /cormun/static/about:blank HTTP/1.1" 404 1011
200.54.107.2 - - [04/Nov/2021:12:29:40 -0300] "GET /cormun/servlet/permisosadjuntos?INS,19881705,P,20211104105232,, HTTP/1.1" 200 5987
200.54.107.2 - - [04/Nov/2021:12:29:59 -0300] "POST /cormun/servlet/permisosadjuntos?2de66dff6e086f6a2a34a23253997724,INS,19881705,P,20211104105232,, HTTP/1.1" 200 116
200.54.107.2 - - [04/Nov/2021:12:29:59 -0300] "GET /cormun/servlet/hpexe_return? HTTP/1.1" 200 1040
200.54.107.2 - - [04/Nov/2021:12:29:59 -0300] "GET /cormun/servlet/trpermisosadjuntos?19881705,20211104105232,P, HTTP/1.1" 200 7087
200.54.107.2 - - [04/Nov/2021:12:29:59 -0300] "GET /cormun/servlet/trpermisosadjuntos?19881705,20211104105232,P, HTTP/1.1" 200 7082
200.54.107.2 - - [04/Nov/2021:12:30:04 -0300] "GET /cormun/servlet/trpermisosgoce? HTTP/1.1" 200 11616
200.54.107.2 - - [04/Nov/2021:12:30:04 -0300] "GET /cormun/servlet/trpermisosgoce? HTTP/1.1" 200 11628
200.54.107.2 - - [04/Nov/2021:12:30:09 -0300] "POST /cormun/servlet/trpermisosgoce?2de66dff6e086f6a2a34a23253997724,,gx-no-cache=1636039094164 HTTP/1.1" 200 8831
200.54.107.2 - - [04/Nov/2021:12:30:10 -0300] "GET /cormun/static/Shared/jqueryui/images/ui-bg_highlight-soft_100_c6c2c8_1x100.png HTTP/1.1" 404 1117
200.54.107.2 - - [04/Nov/2021:12:30:10 -0300] "GET /cormun/static/Shared/jqueryui/images/ui-icons_82798d_256x240.png HTTP/1.1" 404 1089
200.54.107.2 - - [04/Nov/2021:12:30:10 -0300] "GET /cormun/static/Shared/jqueryui/images/ui-bg_flat_55_fafafa_40x100.png HTTP/1.1" 404 1097
200.54.107.2 - - [04/Nov/2021:12:30:10 -0300] "GET /cormun/static/Shared/jqueryui/images/ui-icons_8d78a5_256x240.png HTTP/1.1" 404 1089
200.60.27.131 - - [04/Nov/2021:12:31:12 -0300] "GET /manager/html HTTP/1.1" 401 2474
103.120.202.53 - - [04/Nov/2021:12:31:40 -0300] "GET / HTTP/1.1" 200 11217
110.45.209.61 - - [04/Nov/2021:12:32:12 -0300] "GET /manager/html HTTP/1.1" 401 2474
200.60.27.131 - - [04/Nov/2021:12:34:18 -0300] "GET /manager/html HTTP/1.1" 401 2474
181.212.43.89 - - [04/Nov/2021:12:35:50 -0300] "GET /cormun/servlet/trlicencias HTTP/1.1" 200 7220
181.212.43.89 - - [04/Nov/2021:12:35:50 -0300] "GET /cormun/servlet/hlogin HTTP/1.1" 200 1742
181.212.43.89 - - [04/Nov/2021:12:35:50 -0300] "GET /cormun/servlet/trlicencias HTTP/1.1" 200 7218
181.212.43.89 - - [04/Nov/2021:12:35:57 -0300] "POST /cormun/servlet/hlogin?3092091d272aa1a8fb982aa159979e68,gx-no-cache=1636039443403 HTTP/1.1" 200 446
181.212.43.89 - - [04/Nov/2021:12:36:02 -0300] "POST /cormun/servlet/hlogin?3092091d272aa1a8fb982aa159979e68,gx-no-cache=1636039448124 HTTP/1.1" 200 446
181.212.43.89 - - [04/Nov/2021:12:36:17 -0300] "POST /cormun/servlet/hlogin?3092091d272aa1a8fb982aa159979e68,gx-no-cache=1636039463051 HTTP/1.1" 200 446
110.45.209.61 - - [04/Nov/2021:12:36:20 -0300] "GET /manager/html HTTP/1.1" 401 2474
181.212.43.89 - - [04/Nov/2021:12:36:27 -0300] "POST /cormun/servlet/hlogin?3092091d272aa1a8fb982aa159979e68,gx-no-cache=1636039473225 HTTP/1.1" 200 90
181.212.43.89 - - [04/Nov/2021:12:36:27 -0300] "GET /cormun/servlet/hpexe_link HTTP/1.1" 200 956
181.212.43.89 - - [04/Nov/2021:12:36:27 -0300] "GET /cormun/servlet/trlicencias HTTP/1.1" 200 14137
181.212.43.89 - - [04/Nov/2021:12:36:28 -0300] "GET /cormun/servlet/trlicencias HTTP/1.1" 200 14135
200.60.27.131 - - [04/Nov/2021:12:37:18 -0300] "GET /manager/html HTTP/1.1" 401 2474
205.185.121.173 - - [04/Nov/2021:12:38:16 -0300] "GET /manager/html HTTP/1.1" 401 2474
190.171.141.90 - - [04/Nov/2021:12:38:58 -0300] "GET /cormun/servlet/treventos?2021,17754, HTTP/1.1" 200 7452
190.171.141.90 - - [04/Nov/2021:12:38:58 -0300] "GET /cormun/static/gxcfg.js?20201215584657 HTTP/1.1" 200 953
190.171.141.90 - - [04/Nov/2021:12:38:58 -0300] "GET /cormun/static/treventos.js?2020121558506 HTTP/1.1" 200 16064
190.171.141.90 - - [04/Nov/2021:12:38:58 -0300] "GET /cormun/servlet/hlogin HTTP/1.1" 200 1749
190.171.141.90 - - [04/Nov/2021:12:38:58 -0300] "GET /cormun/servlet/treventos?2021,17754, HTTP/1.1" 200 7425
190.171.141.90 - - [04/Nov/2021:12:39:03 -0300] "POST /cormun/servlet/hlogin?d2664046c64ca8491fff8409bd613abd,gx-no-cache=1636039626333 HTTP/1.1" 200 90
190.171.141.90 - - [04/Nov/2021:12:39:03 -0300] "GET /cormun/servlet/hpexe_link HTTP/1.1" 200 965
190.171.141.90 - - [04/Nov/2021:12:39:03 -0300] "GET /cormun/servlet/treventos?2021,17754, HTTP/1.1" 200 8106
190.171.141.90 - - [04/Nov/2021:12:39:04 -0300] "GET /cormun/servlet/treventos?2021,17754, HTTP/1.1" 200 8111
190.171.141.90 - - [04/Nov/2021:12:39:17 -0300] "GET /cormun/servlet/trlicencias? HTTP/1.1" 200 17009
190.171.141.90 - - [04/Nov/2021:12:39:17 -0300] "GET /cormun/servlet/trlicencias? HTTP/1.1" 200 17009
110.45.209.61 - - [04/Nov/2021:12:40:27 -0300] "GET /manager/html HTTP/1.1" 401 2474
200.60.27.131 - - [04/Nov/2021:12:40:27 -0300] "GET /manager/html HTTP/1.1" 401 2474
200.30.252.117 - - [04/Nov/2021:12:41:34 -0300] "GET /cormun/servlet/hlogin HTTP/1.1" 200 1729
200.30.252.117 - - [04/Nov/2021:12:41:38 -0300] "POST /cormun/servlet/hlogin?dd1c6c10fa85c488b8cc16202095bb85,gx-no-cache=1636050524274 HTTP/1.1" 200 90
200.30.252.117 - - [04/Nov/2021:12:41:38 -0300] "GET /cormun/servlet/hpexe_link HTTP/1.1" 200 954
200.30.252.117 - - [04/Nov/2021:12:41:38 -0300] "GET /cormun/servlet/hhome HTTP/1.1" 200 3973
200.30.252.117 - - [04/Nov/2021:12:41:40 -0300] "GET /cormun/servlet/hhome HTTP/1.1" 200 3969
200.30.252.117 - - [04/Nov/2021:12:41:44 -0300] "GET /cormun/servlet/trlicencias? HTTP/1.1" 200 12817
200.30.252.117 - - [04/Nov/2021:12:41:45 -0300] "GET /cormun/servlet/trlicencias? HTTP/1.1" 200 12813
190.171.141.138 - - [04/Nov/2021:12:41:58 -0300] "GET /cormun/servlet/hlogin HTTP/1.1" 200 1728
190.171.141.138 - - [04/Nov/2021:12:41:58 -0300] "GET /cormun/servlet/hlogin HTTP/1.1" 200 1739
190.171.141.138 - - [04/Nov/2021:12:42:01 -0300] "POST /cormun/servlet/hlogin?bbcae398079d48ef8e812469abd5e96f,gx-no-cache=1636039807870 HTTP/1.1" 200 90
190.171.141.138 - - [04/Nov/2021:12:42:01 -0300] "GET /cormun/servlet/hpexe_link HTTP/1.1" 200 956
190.171.141.138 - - [04/Nov/2021:12:42:01 -0300] "GET /cormun/servlet/hhome HTTP/1.1" 200 4474
190.171.141.138 - - [04/Nov/2021:12:42:03 -0300] "GET /cormun/servlet/hhome HTTP/1.1" 200 4470
190.171.141.138 - - [04/Nov/2021:12:42:07 -0300] "GET /cormun/servlet/trpermisosgoce? HTTP/1.1" 200 13684
190.171.141.138 - - [04/Nov/2021:12:42:08 -0300] "GET /cormun/servlet/trpermisosgoce? HTTP/1.1" 200 13682
190.171.141.138 - - [04/Nov/2021:12:42:12 -0300] "POST /cormun/servlet/trpermisosgoce?bbcae398079d48ef8e812469abd5e96f,,gx-no-cache=1636039819688 HTTP/1.1" 200 4484
190.171.141.138 - - [04/Nov/2021:12:42:17 -0300] "GET /cormun/servlet/permisogoce?INS,0,,, HTTP/1.1" 200 7372
190.171.141.138 - - [04/Nov/2021:12:42:18 -0300] "GET /cormun/servlet/permisogoce?INS,0,,, HTTP/1.1" 200 7371
190.171.141.138 - - [04/Nov/2021:12:42:23 -0300] "GET /cormun/servlet/permisogoce?1d270e23211b6bfb3e18c6726c0fbd38579adedb568259a8cd268ce9279a3037f51219b15c700964c65321eeb9be43accb7f4d842345a61c59828de6891d8cd9,gx-no-cache=1636039830514 HTTP/1.1" 200 85
190.171.141.138 - - [04/Nov/2021:12:42:25 -0300] "GET /cormun/static/menuarrow.gif HTTP/1.1" 404 1015
190.171.141.138 - - [04/Nov/2021:12:42:27 -0300] "GET /cormun/servlet/permisogoce?1d270e23211b6bfb3e18c6726c0fbd38ac36452612e9327bf89ad7763a2d8f77861e6fb052f9540ffc76d0a9d1da6b7db65940295c2630f46699e903e85f779b,gx-no-cache=1636039834369 HTTP/1.1" 200 46
190.171.141.138 - - [04/Nov/2021:12:42:32 -0300] "POST /cormun/servlet/permisogoce?bbcae398079d48ef8e812469abd5e96f,INS,0,,,,gx-no-cache=1636039838796 HTTP/1.1" 200 93
190.171.141.138 - - [04/Nov/2021:12:42:32 -0300] "GET /cormun/servlet/hpexe_return? HTTP/1.1" 200 1015
190.171.141.138 - - [04/Nov/2021:12:42:33 -0300] "GET /cormun/servlet/trpermisosgoce? HTTP/1.1" 200 8307
190.171.141.138 - - [04/Nov/2021:12:42:34 -0300] "GET /cormun/servlet/trpermisosgoce? HTTP/1.1" 200 8302
190.171.141.138 - - [04/Nov/2021:12:42:37 -0300] "GET /cormun/servlet/apermisogoceprn?8721654,P,20211104122802,PU HTTP/1.1" 200 1655
200.30.252.117 - - [04/Nov/2021:12:42:38 -0300] "GET /cormun/static/menuarrow.gif HTTP/1.1" 404 1015
200.30.252.117 - - [04/Nov/2021:12:42:44 -0300] "POST /cormun/servlet/trlicencias?dd1c6c10fa85c488b8cc16202095bb85,,gx-no-cache=1636050589424 HTTP/1.1" 200 13618
190.171.152.114 - - [04/Nov/2021:12:42:46 -0300] "GET /cormun/servlet/hlogin HTTP/1.1" 200 1728
190.171.152.114 - - [04/Nov/2021:12:42:46 -0300] "GET /cormun/servlet/hlogin HTTP/1.1" 200 1738
190.171.141.138 - - [04/Nov/2021:12:42:49 -0300] "POST /cormun/servlet/trpermisosgoce?bbcae398079d48ef8e812469abd5e96f,,gx-no-cache=1636039856384 HTTP/1.1" 200 11053
190.171.141.114 - - [04/Nov/2021:12:42:50 -0300] "GET /cormun/servlet/hlogin HTTP/1.1" 200 1723
190.171.141.114 - - [04/Nov/2021:12:42:54 -0300] "GET /cormun/servlet/hlogin HTTP/1.1" 200 1732
190.171.141.138 - - [04/Nov/2021:12:42:56 -0300] "GET /cormun/servlet/permisogoce?INS,0,,, HTTP/1.1" 200 7371
190.171.141.138 - - [04/Nov/2021:12:42:57 -0300] "GET /cormun/servlet/permisogoce?INS,0,,, HTTP/1.1" 200 7371
190.171.141.138 - - [04/Nov/2021:12:43:07 -0300] "GET /cormun/servlet/permisogoce?1d270e23211b6bfb3e18c6726c0fbd38c2f40d32aff2aed6dc057dfb32065181135caf671a2b627c0f1a424f194237c71c2dc8321e50fc5c891151fe197e6fd1,gx-no-cache=1636039874517 HTTP/1.1" 200 79
190.171.141.138 - - [04/Nov/2021:12:43:07 -0300] "GET /cormun/static/menuarrow.gif HTTP/1.1" 404 1015
190.171.152.114 - - [04/Nov/2021:12:43:08 -0300] "POST /cormun/servlet/hlogin?9b5222fc04796f7e22aff38446da785b,gx-no-cache=1636039873419 HTTP/1.1" 200 441
190.171.141.138 - - [04/Nov/2021:12:43:10 -0300] "GET /cormun/servlet/permisogoce?1d270e23211b6bfb3e18c6726c0fbd384cbda68cc9056863d9ed7c88b75ed649341aca5044559c955b420634ae0207f4710a5fa5ee1bae8142c8a3c97bfd6b94,gx-no-cache=1636039876925 HTTP/1.1" 200 46
190.171.141.138 - - [04/Nov/2021:12:43:17 -0300] "POST /cormun/servlet/permisogoce?bbcae398079d48ef8e812469abd5e96f,INS,0,,,,gx-no-cache=1636039883589 HTTP/1.1" 200 93
190.171.141.138 - - [04/Nov/2021:12:43:17 -0300] "GET /cormun/servlet/hpexe_return? HTTP/1.1" 200 1015
190.171.141.138 - - [04/Nov/2021:12:43:17 -0300] "GET /cormun/servlet/trpermisosgoce? HTTP/1.1" 200 14175
190.171.141.138 - - [04/Nov/2021:12:43:18 -0300] "GET /cormun/servlet/trpermisosgoce? HTTP/1.1" 200 14183
190.171.152.114 - - [04/Nov/2021:12:43:19 -0300] "POST /cormun/servlet/hlogin?9b5222fc04796f7e22aff38446da785b,gx-no-cache=1636039884545 HTTP/1.1" 200 90
190.171.152.114 - - [04/Nov/2021:12:43:19 -0300] "GET /cormun/servlet/hpexe_link HTTP/1.1" 200 952
190.171.152.114 - - [04/Nov/2021:12:43:19 -0300] "GET /cormun/servlet/hhome HTTP/1.1" 200 4303
190.171.152.114 - - [04/Nov/2021:12:43:19 -0300] "GET /cormun/servlet/hhome HTTP/1.1" 200 4300
190.171.141.138 - - [04/Nov/2021:12:43:20 -0300] "GET /cormun/servlet/apermisogoceprn?8721654,P,20211104122802,PU HTTP/1.1" 200 1656
190.171.141.138 - - [04/Nov/2021:12:43:24 -0300] "GET /cormun/servlet/apermisogoceprn?8721654,P,20211104122802,PU HTTP/1.1" 200 1656
190.171.152.114 - - [04/Nov/2021:12:43:24 -0300] "GET /cormun/servlet/trsolicitudot? HTTP/1.1" 200 7521
190.171.152.114 - - [04/Nov/2021:12:43:25 -0300] "GET /cormun/servlet/trsolicitudot? HTTP/1.1" 200 7520
190.171.152.114 - - [04/Nov/2021:12:43:28 -0300] "GET /cormun/servlet/solicitudot?INS,0,0,false, HTTP/1.1" 200 15921
190.171.152.114 - - [04/Nov/2021:12:43:28 -0300] "GET /cormun/static/gxcfg.js?20203414241232 HTTP/1.1" 200 953
190.171.152.114 - - [04/Nov/2021:12:43:28 -0300] "GET /cormun/static/Resources/prompt.gif HTTP/1.1" 200 902
190.171.152.114 - - [04/Nov/2021:12:43:28 -0300] "GET /cormun/static/solicitudot.js?20203414242792 HTTP/1.1" 200 74114
190.171.152.114 - - [04/Nov/2021:12:43:28 -0300] "GET /cormun/servlet/solicitudot?INS,0,0,false, HTTP/1.1" 200 15928
190.171.141.138 - - [04/Nov/2021:12:44:08 -0300] "GET /cormun/servlet/trpermisosadjuntos?14449188,20211102153644,P, HTTP/1.1" 200 6814
190.171.141.138 - - [04/Nov/2021:12:44:09 -0300] "GET /cormun/servlet/trpermisosadjuntos?14449188,20211102153644,P, HTTP/1.1" 200 6814
190.171.141.138 - - [04/Nov/2021:12:44:10 -0300] "GET /cormun/servlet/permisosadjuntos?INS,14449188,P,20211102153644,, HTTP/1.1" 200 6115
190.171.141.138 - - [04/Nov/2021:12:44:11 -0300] "GET /cormun/servlet/permisosadjuntos?INS,14449188,P,20211102153644,, HTTP/1.1" 200 6104
190.171.141.138 - - [04/Nov/2021:12:44:11 -0300] "GET /cormun/static/about:blank HTTP/1.1" 404 1011
190.171.141.138 - - [04/Nov/2021:12:44:21 -0300] "POST /cormun/servlet/permisosadjuntos?bbcae398079d48ef8e812469abd5e96f,INS,14449188,P,20211102153644,, HTTP/1.1" 200 116
190.171.141.138 - - [04/Nov/2021:12:44:21 -0300] "GET /cormun/servlet/hpexe_return? HTTP/1.1" 200 1043
190.171.141.138 - - [04/Nov/2021:12:44:22 -0300] "GET /cormun/servlet/trpermisosadjuntos?14449188,20211102153644,P, HTTP/1.1" 200 7332
190.171.141.138 - - [04/Nov/2021:12:44:22 -0300] "GET /cormun/servlet/trpermisosadjuntos?14449188,20211102153644,P, HTTP/1.1" 200 7328
190.171.141.138 - - [04/Nov/2021:12:44:25 -0300] "POST /cormun/servlet/trpermisosadjuntos?bbcae398079d48ef8e812469abd5e96f,14449188,20211102153644,P,,gx-no-cache=1636039952013 HTTP/1.1" 200 90
190.171.141.138 - - [04/Nov/2021:12:44:25 -0300] "GET /cormun/servlet/hpexe_link HTTP/1.1" 200 989
190.171.141.138 - - [04/Nov/2021:12:44:25 -0300] "GET /cormun/servlet/trpermisosgoce HTTP/1.1" 200 14180
190.171.141.138 - - [04/Nov/2021:12:44:26 -0300] "GET /cormun/servlet/trpermisosgoce HTTP/1.1" 200 14183
190.171.141.138 - - [04/Nov/2021:12:44:29 -0300] "POST /cormun/servlet/trpermisosgoce?bbcae398079d48ef8e812469abd5e96f,gx-no-cache=1636039956239 HTTP/1.1" 200 11283
190.171.141.138 - - [04/Nov/2021:12:44:29 -0300] "GET /cormun/static/Shared/jqueryui/images/ui-bg_highlight-soft_100_c6c2c8_1x100.png HTTP/1.1" 404 1117
190.171.141.138 - - [04/Nov/2021:12:44:29 -0300] "GET /cormun/static/Shared/jqueryui/images/ui-icons_82798d_256x240.png HTTP/1.1" 404 1089
190.171.141.138 - - [04/Nov/2021:12:44:30 -0300] "GET /cormun/static/Shared/jqueryui/images/ui-bg_flat_55_fafafa_40x100.png HTTP/1.1" 404 1097
190.171.141.138 - - [04/Nov/2021:12:44:30 -0300] "GET /cormun/static/Shared/jqueryui/images/ui-icons_8d78a5_256x240.png HTTP/1.1" 404 1089
110.45.209.61 - - [04/Nov/2021:12:44:35 -0300] "GET /manager/html HTTP/1.1" 401 2474
157.55.39.75 - - [04/Nov/2021:12:44:49 -0300] "GET /cormun/servlet/hhome HTTP/1.1" 200 3302
40.77.167.1 - - [04/Nov/2021:12:45:04 -0300] "GET /cormun/static/RunJS/RunJS.js HTTP/1.1" 200 288
40.77.167.1 - - [04/Nov/2021:12:45:04 -0300] "GET /cormun/static/gxtimezone.js?85251 HTTP/1.1" 200 5781
40.77.167.1 - - [04/Nov/2021:12:45:05 -0300] "GET /cormun/static/hhome.js?20201215495544 HTTP/1.1" 200 777
157.55.39.72 - - [04/Nov/2021:12:45:06 -0300] "GET /cormun/static/PXToolsJavascripts/pexe_scrolldiv.js HTTP/1.1" 200 4138
157.55.39.58 - - [04/Nov/2021:12:45:08 -0300] "GET /cormun/static/PXToolsJavascripts/pexe_cookies.js HTTP/1.1" 200 792
157.55.39.4 - - [04/Nov/2021:12:45:08 -0300] "GET /cormun/static/scaMessage/css/jquery.pnotify.default.css?1816380 HTTP/1.1" 200 1707
157.55.39.53 - - [04/Nov/2021:12:45:09 -0300] "GET /cormun/static/PXToolsJavascripts/pexe_menudivfix.js HTTP/1.1" 200 333
157.55.39.53 - - [04/Nov/2021:12:45:09 -0300] "GET /cormun/static/hpexe_scripts.js?20201214471411 HTTP/1.1" 200 1544
207.46.13.104 - - [04/Nov/2021:12:45:09 -0300] "GET /cormun/static/Shared/jqueryui/jquery-ui.min.css?1345370 HTTP/1.1" 200 30288
157.55.39.53 - - [04/Nov/2021:12:45:09 -0300] "GET /cormun/static/hwchdr01.js?20201214473739 HTTP/1.1" 200 996
157.55.39.53 - - [04/Nov/2021:12:45:09 -0300] "GET /cormun/static/PXToolsJavascripts/pexe_link.js HTTP/1.1" 200 5671
157.55.39.75 - - [04/Nov/2021:12:45:09 -0300] "GET /cormun/static/PXToolsJavascripts/pexe_windows.js HTTP/1.1" 200 15207
157.55.39.35 - - [04/Nov/2021:12:45:14 -0300] "GET /cormun/static/PXToolsJavascripts/pexe_oavdivfix.js HTTP/1.1" 200 639
157.55.39.72 - - [04/Nov/2021:12:45:19 -0300] "GET /cormun/static/PXToolsJavascripts/pexe_tabs.js HTTP/1.1" 200 3748
157.55.39.72 - - [04/Nov/2021:12:45:19 -0300] "GET /cormun/static/PXToolsJavascripts/pexe_upload.js HTTP/1.1" 200 1423
157.55.39.72 - - [04/Nov/2021:12:45:19 -0300] "GET /cormun/static/hpexe_messagecontroller.js?201991422154126 HTTP/1.1" 200 870
207.46.13.104 - - [04/Nov/2021:12:45:28 -0300] "GET /cormun/static/SmoothNavMenu/resources/ddsmoothmenu-v.css?1112540 HTTP/1.1" 200 1188
157.55.39.53 - - [04/Nov/2021:12:45:29 -0300] "GET /cormun/static/SmoothNavMenu/resources/ddsmoothmenu.css?1112540 HTTP/1.1" 200 2223
157.55.39.58 - - [04/Nov/2021:12:45:34 -0300] "GET /cormun/static/Shared/jquery/jquery-1.10.2.min.js HTTP/1.1" 200 273199
157.55.39.53 - - [04/Nov/2021:12:45:40 -0300] "GET /cormun/static/gxcfg.js?20201215495537 HTTP/1.1" 200 953
200.60.27.131 - - [04/Nov/2021:12:46:35 -0300] "GET /manager/html HTTP/1.1" 401 2474
181.212.43.89 - - [04/Nov/2021:12:47:52 -0300] "GET /cormun/servlet/hlogin HTTP/1.1" 200 1727
181.212.43.89 - - [04/Nov/2021:12:47:52 -0300] "GET /cormun/static/gxtimezone.js?85251 HTTP/1.1" 200 5781
181.212.43.89 - - [04/Nov/2021:12:47:52 -0300] "GET /cormun/static/messages.spa.js?85251 HTTP/1.1" 200 30736
181.212.43.89 - - [04/Nov/2021:12:47:52 -0300] "GET /cormun/static/gxgral.js?85251 HTTP/1.1" 200 384558
181.212.43.89 - - [04/Nov/2021:12:48:01 -0300] "GET /cormun/servlet/trautorizarsolicitud? HTTP/1.1" 200 6396
181.212.43.89 - - [04/Nov/2021:12:48:01 -0300] "GET /cormun/static/gxui/gxui-all.css?110300 HTTP/1.1" 200 2179
181.212.43.89 - - [04/Nov/2021:12:48:01 -0300] "GET /cormun/static/calendar-system.css?75620 HTTP/1.1" 200 5572
181.212.43.89 - - [04/Nov/2021:12:48:01 -0300] "GET /cormun/static/gxcfg.js?201991422414522 HTTP/1.1" 200 953
181.212.43.89 - - [04/Nov/2021:12:48:01 -0300] "GET /cormun/static/trautorizarsolicitud.js?201991422415463 HTTP/1.1" 200 53910
181.212.43.89 - - [04/Nov/2021:12:48:01 -0300] "GET /cormun/static/Shared/ext/resources/css/ext-all.css?205870 HTTP/1.1" 200 416045
181.212.43.89 - - [04/Nov/2021:12:48:02 -0300] "GET /cormun/servlet/hlogin HTTP/1.1" 200 1749
181.212.43.89 - - [04/Nov/2021:12:48:02 -0300] "GET /cormun/servlet/trautorizarsolicitud? HTTP/1.1" 200 6394
190.171.141.114 - - [04/Nov/2021:12:48:08 -0300] "POST /cormun/servlet/hlogin?f0bcec0ac3f7968c35de8b18241e67a9,gx-no-cache=1636040173874 HTTP/1.1" 200 90
190.171.141.114 - - [04/Nov/2021:12:48:08 -0300] "GET /cormun/servlet/hpexe_link HTTP/1.1" 200 949
181.212.43.89 - - [04/Nov/2021:12:48:09 -0300] "POST /cormun/servlet/hlogin?3092091d272aa1a8fb982aa159979e68,gx-no-cache=1636040175104 HTTP/1.1" 200 90
181.212.43.89 - - [04/Nov/2021:12:48:09 -0300] "GET /cormun/servlet/hpexe_link HTTP/1.1" 200 963
190.171.141.114 - - [04/Nov/2021:12:48:09 -0300] "GET /cormun/servlet/hhome HTTP/1.1" 200 3993
181.212.43.89 - - [04/Nov/2021:12:48:09 -0300] "GET /cormun/servlet/trautorizarsolicitud HTTP/1.1" 200 8696
181.212.43.89 - - [04/Nov/2021:12:48:09 -0300] "GET /cormun//static/Resources/PXToolsRemoveAllAction.png HTTP/1.1" 200 487
181.212.43.89 - - [04/Nov/2021:12:48:09 -0300] "GET /cormun//static/Resources/PXToolsActionView.png HTTP/1.1" 200 398
181.212.43.89 - - [04/Nov/2021:12:48:10 -0300] "GET /cormun/servlet/trautorizarsolicitud HTTP/1.1" 200 8695
181.212.43.89 - - [04/Nov/2021:12:48:10 -0300] "GET /cormun//static/Resources/PXToolsGridDelete.png HTTP/1.1" 200 538
181.212.43.89 - - [04/Nov/2021:12:48:10 -0300] "GET /cormun//static/Resources/PXToolsGridUpdate.png HTTP/1.1" 200 470
190.171.141.114 - - [04/Nov/2021:12:48:13 -0300] "GET /cormun/servlet/hhome HTTP/1.1" 200 3989
190.171.141.114 - - [04/Nov/2021:12:48:18 -0300] "GET /cormun/servlet/trpermisosgoce? HTTP/1.1" 200 11263
190.171.141.114 - - [04/Nov/2021:12:48:21 -0300] "GET /cormun/servlet/trpermisosgoce? HTTP/1.1" 200 11263
190.171.141.114 - - [04/Nov/2021:12:48:34 -0300] "POST /cormun/servlet/trpermisosgoce?f0bcec0ac3f7968c35de8b18241e67a9,,gx-no-cache=1636040200171 HTTP/1.1" 200 8543
110.45.209.61 - - [04/Nov/2021:12:48:43 -0300] "GET /manager/html HTTP/1.1" 401 2474
181.162.136.174 - - [04/Nov/2021:12:48:57 -0300] "GET /cormun/servlet/hlogin HTTP/1.1" 200 1733
181.212.43.89 - - [04/Nov/2021:12:49:11 -0300] "POST /cormun/servlet/trautorizarsolicitud?3092091d272aa1a8fb982aa159979e68,gx-no-cache=1636040237424 HTTP/1.1" 200 4785
181.212.43.89 - - [04/Nov/2021:12:49:11 -0300] "GET /cormun/static/Shared/jqueryui/images/ui-bg_highlight-soft_100_c6c2c8_1x100.png HTTP/1.1" 404 1117
181.212.43.89 - - [04/Nov/2021:12:49:11 -0300] "GET /cormun/static/Shared/jqueryui/images/ui-icons_8d78a5_256x240.png HTTP/1.1" 404 1089
181.212.43.89 - - [04/Nov/2021:12:49:11 -0300] "GET /cormun/static/Shared/jqueryui/images/ui-bg_flat_55_fafafa_40x100.png HTTP/1.1" 404 1097
181.212.43.89 - - [04/Nov/2021:12:49:11 -0300] "GET /cormun/static/Shared/jqueryui/images/ui-icons_82798d_256x240.png HTTP/1.1" 404 1089
181.212.43.89 - - [04/Nov/2021:12:49:12 -0300] "POST /cormun/servlet/trautorizarsolicitud?3092091d272aa1a8fb982aa159979e68,gx-no-cache=1636040237755 HTTP/1.1" 200 4542
190.171.152.114 - - [04/Nov/2021:12:49:23 -0300] "POST /cormun/servlet/solicitudot?gx-no-cache=1636040248304 HTTP/1.1" 200 3906
190.171.152.114 - - [04/Nov/2021:12:49:23 -0300] "POST /cormun/servlet/solicitudot?9b5222fc04796f7e22aff38446da785b,INS,0,0,false,,gx-no-cache=1636040248456 HTTP/1.1" 200 12658
190.171.152.114 - - [04/Nov/2021:12:49:39 -0300] "GET /cormun/servlet/solicitudot?8eab13b21e86314c2ccd04ea8189d351b89d0ff32bf0c9ead97d22d58c96a18313f262235adc60a492b96f3540d60548,gx-no-cache=1636040264297 HTTP/1.1" 200 30
190.171.152.114 - - [04/Nov/2021:12:49:39 -0300] "GET /cormun/servlet/solicitudot?8eab13b21e86314c2ccd04ea8189d35179f4642f5f093ee94565a5f098b89e015145ea104e3c69b773dec3a226481ab792e843b406002a34ceb0141d031e686a,gx-no-cache=1636040264363 HTTP/1.1" 200 30
190.171.152.114 - - [04/Nov/2021:12:49:39 -0300] "GET /cormun/servlet/solicitudot?8eab13b21e86314c2ccd04ea8189d35172f9f2e1751bab610ff360d8a5479d03,gx-no-cache=1636040264442 HTTP/1.1" 200 53
190.171.152.114 - - [04/Nov/2021:12:49:39 -0300] "POST /cormun/servlet/solicitudot?gx-no-cache=1636040264535 HTTP/1.1" 200 240
190.171.152.114 - - [04/Nov/2021:12:49:39 -0300] "GET /cormun/servlet/solicitudot?8eab13b21e86314c2ccd04ea8189d35156ac7c0912042150216ccc180d6171342b2609643269ad0d00b0dbaeacbf0721744c0af09e2e64a9c6bdf6f9d9f2f6f808669069750e779f34a6c483e9bbcafd970bdc24dd6378916073403c3ca6e7b68eceff403135cf3548f7b14c769d2eff81d7c7ee75dc0465ed1c566da3af88e1b62dd0b46894e32e47abb39d368cd71ec0a704205a409711ea100ce7167c15a708bb63171b1e3b1ed10048963e179406137e9af88afd99a4f128cc740554245ce89031ad590e3b3836e5d43a7cbabfa81c9410a705e2864d45b14a41e7a5357316cbafa32b82345603e263b50ea4082ec7aef01a4f13c82ad37032f989bfe34a70de4be5125ea2e2615c824fdfa5a06fb5ac8d191c9eb8d245ac78582061a4091560d9c478aace6638650ef19a955099a1b069698740200838120fd14265ad1c55a3c7c7cee426929b2e06e95b565f077faa213cb3fa334e7c212dc8da14246c687aadf26cf59c4d584a2992aff74ed5e88e4570013ed33f1427b535019716e4,gx-no-cache=1636040264668 HTTP/1.1" 200 30
200.60.27.131 - - [04/Nov/2021:12:49:43 -0300] "GET /manager/html HTTP/1.1" 401 2474
190.171.152.114 - - [04/Nov/2021:12:49:44 -0300] "POST /cormun/servlet/solicitudot?gx-no-cache=1636040270026 HTTP/1.1" 200 30
181.212.43.89 - - [04/Nov/2021:12:50:05 -0300] "GET /cormun/servlet/hlogin HTTP/1.1" 200 1749
200.30.252.117 - - [04/Nov/2021:12:50:16 -0300] "GET /cormun/servlet/hlogin HTTP/1.1" 200 1729
200.30.252.117 - - [04/Nov/2021:12:50:19 -0300] "POST /cormun/servlet/hlogin?dd1c6c10fa85c488b8cc16202095bb85,gx-no-cache=1636051045383 HTTP/1.1" 200 90
200.30.252.117 - - [04/Nov/2021:12:50:19 -0300] "GET /cormun/servlet/hpexe_link HTTP/1.1" 200 959
200.30.252.117 - - [04/Nov/2021:12:50:20 -0300] "GET /cormun/servlet/trlicencias? HTTP/1.1" 200 15678
200.30.252.117 - - [04/Nov/2021:12:50:20 -0300] "GET /cormun/servlet/trlicencias? HTTP/1.1" 200 15675
200.30.252.117 - - [04/Nov/2021:12:50:24 -0300] "GET /cormun/servlet/trsolicitudot? HTTP/1.1" 200 7188
200.30.252.117 - - [04/Nov/2021:12:50:26 -0300] "GET /cormun/servlet/trsolicitudot? HTTP/1.1" 200 7188
200.30.252.117 - - [04/Nov/2021:12:50:33 -0300] "POST /cormun/servlet/trsolicitudot?dd1c6c10fa85c488b8cc16202095bb85,,gx-no-cache=1636051059329 HTTP/1.1" 200 6802
157.55.39.35 - - [04/Nov/2021:12:51:03 -0300] "GET /cormun/servlet/hpexe_link HTTP/1.1" 200 931
190.171.141.138 - - [04/Nov/2021:12:51:05 -0300] "GET /cormun/servlet/trlicencias? HTTP/1.1" 200 13229
190.171.141.138 - - [04/Nov/2021:12:51:36 -0300] "GET /cormun/servlet/trlicencias? HTTP/1.1" 200 13227
205.185.121.173 - - [04/Nov/2021:12:51:39 -0300] "GET /manager/html HTTP/1.1" 401 2474
190.171.152.114 - - [04/Nov/2021:12:51:58 -0300] "POST /cormun/servlet/solicitudot?gx-no-cache=1636040403998 HTTP/1.1" 200 1442
190.171.152.114 - - [04/Nov/2021:12:52:03 -0300] "GET /cormun/static/menuarrow.gif HTTP/1.1" 404 1015
190.171.152.114 - - [04/Nov/2021:12:52:09 -0300] "GET /cormun/static/Resources/resize.gif HTTP/1.1" 200 77
190.171.152.114 - - [04/Nov/2021:12:52:09 -0300] "GET /cormun/static/Resources/PXTools/ClosePrompt.png HTTP/1.1" 200 1036
190.171.152.114 - - [04/Nov/2021:12:52:09 -0300] "GET /cormun/servlet/prlicenciaspermisos?11274563,L,,MD,,gxPopupLevel%3D0%3B HTTP/1.1" 200 6633
190.171.152.114 - - [04/Nov/2021:12:52:09 -0300] "GET /cormun/static/gxcfg.js?2020121559567 HTTP/1.1" 200 953
190.171.152.114 - - [04/Nov/2021:12:52:09 -0300] "GET /cormun/static/prlicenciaspermisos.js?2020121559821 HTTP/1.1" 200 13379
190.171.152.114 - - [04/Nov/2021:12:52:09 -0300] "GET /cormun/static/menusearch.js?20201214473581 HTTP/1.1" 200 1424
190.171.152.114 - - [04/Nov/2021:12:52:09 -0300] "GET /cormun/static/hmpwkw011.js?20201215495555 HTTP/1.1" 200 1968
190.171.152.114 - - [04/Nov/2021:12:52:09 -0300] "GET /cormun/static/Resources/PXToolsMenuSearch.png HTTP/1.1" 200 336
190.171.152.114 - - [04/Nov/2021:12:52:09 -0300] "GET /cormun/static/Resources/PXToolsMenuSearchCancel.png HTTP/1.1" 200 306
190.171.141.114 - - [04/Nov/2021:12:52:24 -0300] "GET /cormun/servlet/trvisualizadoreventos? HTTP/1.1" 200 5866
190.171.141.114 - - [04/Nov/2021:12:52:27 -0300] "GET /cormun/servlet/trvisualizadoreventos? HTTP/1.1" 200 5877
190.171.141.114 - - [04/Nov/2021:12:52:27 -0300] "GET /cormun/servlet/hlogin HTTP/1.1" 200 1745
190.171.141.114 - - [04/Nov/2021:12:52:27 -0300] "GET /cormun/servlet/trvisualizadoreventos? HTTP/1.1" 200 5877
200.60.27.131 - - [04/Nov/2021:12:52:53 -0300] "GET /manager/html HTTP/1.1" 401 2474
110.45.209.61 - - [04/Nov/2021:12:52:55 -0300] "GET /manager/html HTTP/1.1" 401 2474
190.171.141.82 - - [04/Nov/2021:12:53:23 -0300] "GET /cormun/servlet/hlogin HTTP/1.1" 200 1729
190.171.141.114 - - [04/Nov/2021:12:53:24 -0300] "POST /cormun/servlet/hlogin?b1b20318313f17da921eeab027651bc7,gx-no-cache=1636040502984 HTTP/1.1" 200 449
190.171.141.82 - - [04/Nov/2021:12:53:25 -0300] "GET /cormun/servlet/hlogin HTTP/1.1" 200 1740
190.171.141.114 - - [04/Nov/2021:12:53:31 -0300] "POST /cormun/servlet/hlogin?b1b20318313f17da921eeab027651bc7,gx-no-cache=1636040510004 HTTP/1.1" 200 90
190.171.141.114 - - [04/Nov/2021:12:53:31 -0300] "GET /cormun/servlet/hpexe_link HTTP/1.1" 200 958
190.171.141.114 - - [04/Nov/2021:12:53:32 -0300] "GET /cormun/servlet/trvisualizadoreventos HTTP/1.1" 200 6549
190.171.141.82 - - [04/Nov/2021:12:53:32 -0300] "POST /cormun/servlet/hlogin?97693e0b7d7e6818b0bde380444ed76d,gx-no-cache=1636040496578 HTTP/1.1" 200 90
190.171.141.82 - - [04/Nov/2021:12:53:32 -0300] "GET /cormun/servlet/hpexe_link HTTP/1.1" 200 956
190.171.141.82 - - [04/Nov/2021:12:53:33 -0300] "GET /cormun/servlet/hhome HTTP/1.1" 200 3957
190.171.141.114 - - [04/Nov/2021:12:53:34 -0300] "GET /cormun/servlet/trvisualizadoreventos HTTP/1.1" 200 6547
190.171.141.82 - - [04/Nov/2021:12:53:35 -0300] "GET /cormun/servlet/hhome HTTP/1.1" 200 3954
190.171.141.82 - - [04/Nov/2021:12:53:41 -0300] "GET /cormun/servlet/trsolicitudot? HTTP/1.1" 200 8608
190.171.141.82 - - [04/Nov/2021:12:53:43 -0300] "GET /cormun/servlet/trsolicitudot? HTTP/1.1" 200 8606
190.171.141.82 - - [04/Nov/2021:12:53:48 -0300] "GET /cormun/servlet/vesolicitudot?2021,17748,, HTTP/1.1" 200 8314
190.171.141.82 - - [04/Nov/2021:12:53:48 -0300] "GET /cormun/pexe_scrolldiv.js HTTP/1.1" 404 1009
190.171.141.82 - - [04/Nov/2021:12:53:50 -0300] "GET /cormun/servlet/vesolicitudot?2021,17748,, HTTP/1.1" 200 8314
190.171.141.82 - - [04/Nov/2021:12:53:59 -0300] "GET /cormun/servlet/vesolicitudot?2021,17748,,SolicitudOTAdjuntos HTTP/1.1" 200 11061
190.171.141.82 - - [04/Nov/2021:12:54:00 -0300] "GET /cormun/pexe_scrolldiv.js HTTP/1.1" 404 1009
190.171.141.82 - - [04/Nov/2021:12:54:01 -0300] "GET /cormun/servlet/vesolicitudot?2021,17748,,SolicitudOTAdjuntos HTTP/1.1" 200 11060
190.171.141.82 - - [04/Nov/2021:12:54:02 -0300] "POST /cormun/servlet/acontrolpreferencessavestate?None,CD-06,true HTTP/1.1" 200 35
190.171.141.82 - - [04/Nov/2021:12:54:04 -0300] "GET /cormun/servlet/solicitudotadjuntos?INS,2021,17748,,1, HTTP/1.1" 200 6021
190.171.141.82 - - [04/Nov/2021:12:54:05 -0300] "GET /cormun/static/about:blank HTTP/1.1" 404 1011
190.171.141.82 - - [04/Nov/2021:12:54:06 -0300] "GET /cormun/servlet/solicitudotadjuntos?INS,2021,17748,,1, HTTP/1.1" 200 6014
190.171.141.82 - - [04/Nov/2021:12:54:06 -0300] "GET /cormun/servlet/solicitudotadjuntos?8454e7cd2c8c501309e53d9ec122fc6f1e6fa50d967dc7cde5f5a29432ebdb049d0298af7eb57e24daa28b0c599893c0,gx-no-cache=1636040530367 HTTP/1.1" 200 30
190.171.141.82 - - [04/Nov/2021:12:54:06 -0300] "POST /cormun/servlet/solicitudotadjuntos?97693e0b7d7e6818b0bde380444ed76d,INS,2021,17748,,1,,gx-no-cache=1636040530418 HTTP/1.1" 200 3885
190.171.141.82 - - [04/Nov/2021:12:54:12 -0300] "POST /cormun/servlet/solicitudotadjuntos?gx-no-cache=1636040536526 HTTP/1.1" 200 26
190.171.141.82 - - [04/Nov/2021:12:54:24 -0300] "GET /cormun/servlet/solicitudotadjuntos?8454e7cd2c8c501309e53d9ec122fc6f2ebdfea52009ed42f710905abf19f0f6,gx-no-cache=1636040548572 HTTP/1.1" 200 30
190.171.141.82 - - [04/Nov/2021:12:54:24 -0300] "GET /cormun/servlet/solicitudotadjuntos?8454e7cd2c8c501309e53d9ec122fc6f2ebdfea52009ed42f710905abf19f0f6,gx-no-cache=1636040548636 HTTP/1.1" 200 30
190.171.141.82 - - [04/Nov/2021:12:54:25 -0300] "POST /cormun/servlet/solicitudotadjuntos?97693e0b7d7e6818b0bde380444ed76d,INS,2021,17748,,1, HTTP/1.1" 200 116
190.171.141.82 - - [04/Nov/2021:12:54:25 -0300] "GET /cormun/servlet/hpexe_return? HTTP/1.1" 200 1038
190.171.141.82 - - [04/Nov/2021:12:54:26 -0300] "GET /cormun/servlet/vesolicitudot?2021,17748,,SolicitudOTAdjuntos HTTP/1.1" 200 11223
190.171.141.82 - - [04/Nov/2021:12:54:27 -0300] "GET /cormun/pexe_scrolldiv.js HTTP/1.1" 404 1009
190.171.141.82 - - [04/Nov/2021:12:54:28 -0300] "GET /cormun/servlet/vesolicitudot?2021,17748,,SolicitudOTAdjuntos HTTP/1.1" 200 11223
190.171.141.82 - - [04/Nov/2021:12:54:28 -0300] "POST /cormun/servlet/acontrolpreferencessavestate?None,CD-06,true HTTP/1.1" 200 35
190.171.141.82 - - [04/Nov/2021:12:54:36 -0300] "GET /cormun/servlet/trsolicitudot? HTTP/1.1" 200 8613
190.171.141.82 - - [04/Nov/2021:12:54:37 -0300] "GET /cormun/servlet/trsolicitudot? HTTP/1.1" 200 8606
186.67.172.234 - - [04/Nov/2021:12:55:05 -0300] "POST /cormun/servlet/trlicencias?e6998e6c7c13ad3570008fc5bd5e0e10,,gx-no-cache=1636040590493 HTTP/1.1" 200 16116
200.30.252.117 - - [04/Nov/2021:12:55:41 -0300] "GET /cormun/servlet/solicitudot?INS,0,0,false, HTTP/1.1" 200 15604
200.30.252.117 - - [04/Nov/2021:12:55:41 -0300] "GET /cormun/static/gxcfg.js?20203414241232 HTTP/1.1" 200 953
200.30.252.117 - - [04/Nov/2021:12:55:41 -0300] "GET /cormun/static/solicitudot.js?20203414242792 HTTP/1.1" 200 74114
200.30.252.117 - - [04/Nov/2021:12:55:42 -0300] "GET /cormun/servlet/solicitudot?INS,0,0,false, HTTP/1.1" 200 15611
190.171.152.114 - - [04/Nov/2021:12:55:49 -0300] "POST /cormun/servlet/solicitudot?gx-no-cache=1636040634825 HTTP/1.1" 200 40
190.171.152.114 - - [04/Nov/2021:12:55:49 -0300] "GET /cormun/servlet/solicitudot?8eab13b21e86314c2ccd04ea8189d3512f0a5b75fde3688ba502d2c2d070c838a2e163415fd0d612f615d3d0cb5244c957fcbae01d7b4697f2880b1093aef6b59d8c3d0f74e29aa6711d687483be7cd0be2f2e7eebabc7c32c3b9e0f843d54009a878d97951966047b25725302bdf222,gx-no-cache=1636040634962 HTTP/1.1" 200 110
190.171.152.114 - - [04/Nov/2021:12:55:50 -0300] "POST /cormun/servlet/solicitudot?gx-no-cache=1636040635079 HTTP/1.1" 200 79
190.171.141.82 - - [04/Nov/2021:12:55:50 -0300] "POST /cormun/servlet/trsolicitudot?97693e0b7d7e6818b0bde380444ed76d,,gx-no-cache=1636040633560 HTTP/1.1" 200 4617
190.171.141.82 - - [04/Nov/2021:12:55:50 -0300] "GET /cormun/static/Shared/jqueryui/images/ui-icons_82798d_256x240.png HTTP/1.1" 404 1089
190.171.141.82 - - [04/Nov/2021:12:55:50 -0300] "GET /cormun/static/Shared/jqueryui/images/ui-bg_flat_55_fafafa_40x100.png HTTP/1.1" 404 1097
190.171.141.82 - - [04/Nov/2021:12:55:50 -0300] "GET /cormun/static/Shared/jqueryui/images/ui-bg_highlight-soft_100_c6c2c8_1x100.png HTTP/1.1" 404 1117
190.171.141.82 - - [04/Nov/2021:12:55:50 -0300] "GET /cormun/static/Shared/jqueryui/images/ui-icons_8d78a5_256x240.png HTTP/1.1" 404 1089
190.171.141.82 - - [04/Nov/2021:12:55:50 -0300] "POST /cormun/servlet/trsolicitudot?97693e0b7d7e6818b0bde380444ed76d,,gx-no-cache=1636040634196 HTTP/1.1" 200 4353
190.171.152.114 - - [04/Nov/2021:12:56:03 -0300] "GET /cormun/servlet/solicitudot?8eab13b21e86314c2ccd04ea8189d351d474829cef682dbaea87f172d2b3638d0059a280998bb501103b7cbe22c51d799804c4aff6ed152f1a22bc80e4139e6318525850657c6f3d34cd31580ed5128e9777bfc69f250f6b76d99eee51633c1980a7917f47a8fe070bf39800a2a67bed,gx-no-cache=1636040648235 HTTP/1.1" 200 29
200.60.27.131 - - [04/Nov/2021:12:56:03 -0300] "GET /manager/html HTTP/1.1" 401 2474
190.171.152.114 - - [04/Nov/2021:12:56:05 -0300] "GET /cormun/servlet/solicitudot?8eab13b21e86314c2ccd04ea8189d351200feac5d0ab72c2cb9efe4646eb3c9bebcc387624dad73f62b26c904823d000,gx-no-cache=1636040650966 HTTP/1.1" 200 30
190.171.152.114 - - [04/Nov/2021:12:56:05 -0300] "POST /cormun/servlet/solicitudot?gx-no-cache=1636040650988 HTTP/1.1" 200 34
200.30.252.117 - - [04/Nov/2021:12:56:33 -0300] "POST /cormun/servlet/solicitudot?gx-no-cache=1636051419272 HTTP/1.1" 200 3778
200.30.252.117 - - [04/Nov/2021:12:56:34 -0300] "POST /cormun/servlet/solicitudot?dd1c6c10fa85c488b8cc16202095bb85,INS,0,0,false,,gx-no-cache=1636051419542 HTTP/1.1" 200 12281
200.30.252.117 - - [04/Nov/2021:12:56:47 -0300] "GET /cormun/servlet/solicitudot?5d91280e07b299bf79c024f72dd27d6cd9bd3e297c0d69ef26c5777465702f082f4c6afe8f8575e3087051e9140a6db5,gx-no-cache=1636051432904 HTTP/1.1" 200 30
110.45.209.61 - - [04/Nov/2021:12:57:03 -0300] "GET /manager/html HTTP/1.1" 401 2474
190.171.152.114 - - [04/Nov/2021:12:57:04 -0300] "POST /cormun/servlet/solicitudot?9b5222fc04796f7e22aff38446da785b,INS,0,0,false,,gx-no-cache=1636040709215 HTTP/1.1" 200 93
190.171.152.114 - - [04/Nov/2021:12:57:04 -0300] "GET /cormun/servlet/hpexe_return? HTTP/1.1" 200 1010
190.171.152.114 - - [04/Nov/2021:12:57:04 -0300] "GET /cormun/servlet/trsolicitudot HTTP/1.1" 200 8938
190.171.152.114 - - [04/Nov/2021:12:57:04 -0300] "GET /cormun//static/Resources/PXToolsActionView.png HTTP/1.1" 200 398
190.171.152.114 - - [04/Nov/2021:12:57:04 -0300] "GET /cormun//static/Resources/PXToolsRemoveAllAction.png HTTP/1.1" 200 487
190.171.152.114 - - [04/Nov/2021:12:57:04 -0300] "GET /cormun//static/Resources/PXToolsGridUpdate.png HTTP/1.1" 200 470
190.171.152.114 - - [04/Nov/2021:12:57:05 -0300] "GET /cormun/servlet/trsolicitudot HTTP/1.1" 200 8934
190.171.152.114 - - [04/Nov/2021:12:57:12 -0300] "POST /cormun/servlet/trsolicitudot?9b5222fc04796f7e22aff38446da785b,gx-no-cache=1636040717940 HTTP/1.1" 200 107
190.171.152.114 - - [04/Nov/2021:12:57:12 -0300] "GET /cormun/servlet/trsolicitudadjuntos?2021,17755, HTTP/1.1" 200 6405
190.171.152.114 - - [04/Nov/2021:12:57:12 -0300] "GET /cormun/static/gxcfg.js?20201215574222 HTTP/1.1" 200 953
190.171.152.114 - - [04/Nov/2021:12:57:12 -0300] "GET /cormun/static/Resources/PXToolsGridNew.png HTTP/1.1" 200 427
190.171.152.114 - - [04/Nov/2021:12:57:12 -0300] "GET /cormun/static/trsolicitudadjuntos.js?20201215574932 HTTP/1.1" 200 17922
190.171.152.114 - - [04/Nov/2021:12:57:13 -0300] "GET /cormun/servlet/trsolicitudadjuntos?2021,17755, HTTP/1.1" 200 6405
190.171.141.114 - - [04/Nov/2021:12:57:25 -0300] "GET /cormun/servlet/trpermisosgoce? HTTP/1.1" 200 11248
190.171.141.114 - - [04/Nov/2021:12:57:25 -0300] "GET /cormun/servlet/trpermisosgoce? HTTP/1.1" 200 11256
190.171.141.114 - - [04/Nov/2021:12:57:27 -0300] "GET /cormun/servlet/trpermisosgoce? HTTP/1.1" 200 11250
190.171.141.114 - - [04/Nov/2021:12:57:29 -0300] "POST /cormun/servlet/trpermisosgoce?b1b20318313f17da921eeab027651bc7,,gx-no-cache=1636040747990 HTTP/1.1" 200 8533
190.171.141.114 - - [04/Nov/2021:12:57:41 -0300] "GET /cormun/servlet/permisogoce?DSP,9106330,P,20211027123254, HTTP/1.1" 200 6728
190.171.141.106 - - [04/Nov/2021:12:57:42 -0300] "GET /cormun/servlet/hlogin HTTP/1.1" 200 1727
190.171.141.114 - - [04/Nov/2021:12:57:42 -0300] "GET /cormun/servlet/permisogoce?DSP,9106330,P,20211027123254, HTTP/1.1" 200 6728
190.171.141.106 - - [04/Nov/2021:12:57:42 -0300] "GET /cormun/static/gxtimezone.js?85251 HTTP/1.1" 200 5781
